Aug 08 05:23:11.042357 np0000188243 devstack@neutron-api.service[101464]: DEBUG neutron.api.extensions [None req-34fc6c1d-d5dc-43e1-a21e-b960d33e0cae None None] Ext name="RBAC Policies" alias="rbac-policies" description="Allows creation and modification of policies that control project access to resources." updated="2015-06-17T12:15:12-00:00" {{(pid=101464) _check_extension /opt/stack/neutron/neutron/api/extensions.py:415}}
Aug 08 05:23:11.042479 np0000188243 devstack@neutron-api.service[101465]: DEBUG neutron.api.v2.resource_helper [None req-5f4399cf-b39c-438e-af78-244accc3044a None None] Service L3_ROUTER_NAT assigned prefix: {{(pid=101465) build_resource_info /opt/stack/neutron/neutron/api/v2/resource_helper.py:77}}
Aug 08 05:23:11.042573 np0000188243 devstack@neutron-api.service[101464]: INFO neutron.api.extensions [None req-34fc6c1d-d5dc-43e1-a21e-b960d33e0cae None None] Loaded extension: rbac-policies
Aug 08 05:23:11.042672 np0000188243 devstack@neutron-api.service[101466]: DEBUG neutron_lib.callbacks.manager [None req-4e29221a-e6b6-4b07-a31e-eeec0b650c81 None None] Subscribe: > port_forwarding_plugin after_init 55550000, False {{(pid=101466) subscribe /opt/stack/data/venv/lib/python3.12/site-packages/neutron_lib/callbacks/manager.py:52}}
Aug 08 05:23:11.042770 np0000188243 devstack@neutron-api.service[101465]: INFO neutron.quota.resource_registry [None req-5f4399cf-b39c-438e-af78-244accc3044a None None] Creating instance of TrackedResource for resource:router
Aug 08 05:23:11.042853 np0000188243 devstack@neutron-api.service[101464]: DEBUG neutron.api.extensions [None req-34fc6c1d-d5dc-43e1-a21e-b960d33e0cae None None] Loading extension file: rbac_address_group.py {{(pid=101464) _load_all_extensions_from_path /opt/stack/neutron/neutron/api/extensions.py:449}}
Aug 08 05:23:11.042934 np0000188243 devstack@neutron-api.service[101465]: WARNING neutron.quota.resource_registry [None req-5f4399cf-b39c-438e-af78-244accc3044a None None] router is already registered
Aug 08 05:23:11.043024 np0000188243 devstack@neutron-api.service[101466]: DEBUG neutron_lib.callbacks.manager [None req-4e29221a-e6b6-4b07-a31e-eeec0b650c81 None None] Subscribe: > router before_create 55550100, False {{(pid=101466) subscribe /opt/stack/data/venv/lib/python3.12/site-packages/neutron_lib/callbacks/manager.py:52}}
Aug 08 05:23:11.043024 np0000188243 devstack@neutron-api.service[101466]: DEBUG neutron_lib.callbacks.manager [None req-4e29221a-e6b6-4b07-a31e-eeec0b650c81 None None] Subscribe: > router precommit_delete 55550100, False {{(pid=101466) subscribe /opt/stack/data/venv/lib/python3.12/site-packages/neutron_lib/callbacks/manager.py:52}}
Aug 08 05:23:11.043140 np0000188243 devstack@neutron-api.service[101464]: DEBUG neutron.api.extensions [None req-34fc6c1d-d5dc-43e1-a21e-b960d33e0cae None None] Ext name="Add address_group type to RBAC" alias="rbac-address-group" description="Add address_group type to network RBAC" updated="2021-01-20T00:00:00-00:00" {{(pid=101464) _check_extension /opt/stack/neutron/neutron/api/extensions.py:415}}
Aug 08 05:23:11.043234 np0000188243 devstack@neutron-api.service[101466]: DEBUG neutron_lib.callbacks.manager [None req-4e29221a-e6b6-4b07-a31e-eeec0b650c81 None None] Subscribe: > router precommit_create 55550100, False {{(pid=101466) subscribe /opt/stack/data/venv/lib/python3.12/site-packages/neutron_lib/callbacks/manager.py:52}}
Aug 08 05:23:11.043317 np0000188243 devstack@neutron-api.service[101464]: INFO neutron.api.extensions [None req-34fc6c1d-d5dc-43e1-a21e-b960d33e0cae None None] Extension rbac-address-group not supported by any of loaded plugins
Aug 08 05:23:11.043408 np0000188243 devstack@neutron-api.service[101466]: DEBUG neutron_lib.callbacks.manager [None req-4e29221a-e6b6-4b07-a31e-eeec0b650c81 None None] Subscribe: > router precommit_update 55550100, False {{(pid=101466) subscribe /opt/stack/data/venv/lib/python3.12/site-packages/neutron_lib/callbacks/manager.py:52}}
Aug 08 05:23:11.043494 np0000188243 devstack@neutron-api.service[101465]: INFO neutron.quota.resource_registry [None req-5f4399cf-b39c-438e-af78-244accc3044a None None] Creating instance of TrackedResource for resource:floatingip
Aug 08 05:23:11.043574 np0000188243 devstack@neutron-api.service[101464]: DEBUG neutron.api.extensions [None req-34fc6c1d-d5dc-43e1-a21e-b960d33e0cae None None] Loading extension file: rbac_address_scope.py {{(pid=101464) _load_all_extensions_from_path /opt/stack/neutron/neutron/api/extensions.py:449}}
Aug 08 05:23:11.043659 np0000188243 devstack@neutron-api.service[101465]: WARNING neutron.quota.resource_registry [None req-5f4399cf-b39c-438e-af78-244accc3044a None None] floatingip is already registered
Aug 08 05:23:11.043763 np0000188243 devstack@neutron-api.service[101464]: DEBUG neutron.api.extensions [None req-34fc6c1d-d5dc-43e1-a21e-b960d33e0cae None None] Ext name="Add address_scope type to RBAC" alias="rbac-address-scope" description="Add address_scope type to RBAC" updated="2020-02-12T00:00:00-00:00" {{(pid=101464) _check_extension /opt/stack/neutron/neutron/api/extensions.py:415}}
Aug 08 05:23:11.043763 np0000188243 devstack@neutron-api.service[101464]: INFO neutron.api.extensions [None req-34fc6c1d-d5dc-43e1-a21e-b960d33e0cae None None] Loaded extension: rbac-address-scope
Aug 08 05:23:11.043763 np0000188243 devstack@neutron-api.service[101464]: DEBUG neutron.api.extensions [None req-34fc6c1d-d5dc-43e1-a21e-b960d33e0cae None None] Loading extension file: rbac_security_groups.py {{(pid=101464) _load_all_extensions_from_path /opt/stack/neutron/neutron/api/extensions.py:449}}
Aug 08 05:23:11.043763 np0000188243 devstack@neutron-api.service[101464]: DEBUG neutron.api.extensions [None req-34fc6c1d-d5dc-43e1-a21e-b960d33e0cae None None] Ext name="Add security_group type to network RBAC" alias="rbac-security-groups" description="Add security_group type to network RBAC" updated="2019-02-14T00:00:00-00:00" {{(pid=101464) _check_extension /opt/stack/neutron/neutron/api/extensions.py:415}}
Aug 08 05:23:11.043763 np0000188243 devstack@neutron-api.service[101464]: INFO neutron.api.extensions [None req-34fc6c1d-d5dc-43e1-a21e-b960d33e0cae None None] Loaded extension: rbac-security-groups
Aug 08 05:23:11.043763 np0000188243 devstack@neutron-api.service[101464]: DEBUG neutron.api.extensions [None req-34fc6c1d-d5dc-43e1-a21e-b960d33e0cae None None] Loading extension file: rbac_subnetpool.py {{(pid=101464) _load_all_extensions_from_path /opt/stack/neutron/neutron/api/extensions.py:449}}
Aug 08 05:23:11.043952 np0000188243 devstack@neutron-api.service[101465]: INFO neutron.quota.resource_registry [None req-5f4399cf-b39c-438e-af78-244accc3044a None None] Creating instance of CountableResource for resource:rbac_policy
Aug 08 05:23:11.044216 np0000188243 devstack@neutron-api.service[101464]: DEBUG neutron.api.extensions [None req-34fc6c1d-d5dc-43e1-a21e-b960d33e0cae None None] Ext name="Add subnetpool type to RBAC" alias="rbac-subnetpool" description="Add subnetpool type to RBAC" updated="2020-02-05T00:00:00-00:00" {{(pid=101464) _check_extension /opt/stack/neutron/neutron/api/extensions.py:415}}
Aug 08 05:23:11.044413 np0000188243 devstack@neutron-api.service[101465]: WARNING neutron.quota.resource_registry [None req-5f4399cf-b39c-438e-af78-244accc3044a None None] rbac_policy is already registered
Aug 08 05:23:11.044502 np0000188243 devstack@neutron-api.service[101464]: INFO neutron.api.extensions [None req-34fc6c1d-d5dc-43e1-a21e-b960d33e0cae None None] Extension rbac-subnetpool not supported by any of loaded plugins
Aug 08 05:23:11.044502 np0000188243 devstack@neutron-api.service[101464]: DEBUG neutron.api.extensions [None req-34fc6c1d-d5dc-43e1-a21e-b960d33e0cae None None] Loading extension file: revisionifmatch.py {{(pid=101464) _load_all_extensions_from_path /opt/stack/neutron/neutron/api/extensions.py:449}}
Aug 08 05:23:11.044502 np0000188243 devstack@neutron-api.service[101464]: DEBUG neutron.api.extensions [None req-34fc6c1d-d5dc-43e1-a21e-b960d33e0cae None None] Ext name="If-Match constraints based on revision_number" alias="revision-if-match" description="Extension indicating that If-Match based on revision_number is supported." updated="2016-12-11T00:00:00-00:00" {{(pid=101464) _check_extension /opt/stack/neutron/neutron/api/extensions.py:415}}
Aug 08 05:23:11.044502 np0000188243 devstack@neutron-api.service[101464]: INFO neutron.api.extensions [None req-34fc6c1d-d5dc-43e1-a21e-b960d33e0cae None None] Loaded extension: revision-if-match
Aug 08 05:23:11.044502 np0000188243 devstack@neutron-api.service[101464]: DEBUG neutron.api.extensions [None req-34fc6c1d-d5dc-43e1-a21e-b960d33e0cae None None] Loading extension file: revisions.py {{(pid=101464) _load_all_extensions_from_path /opt/stack/neutron/neutron/api/extensions.py:449}}
Aug 08 05:23:11.044791 np0000188243 devstack@neutron-api.service[101465]: INFO neutron.quota.resource_registry [None req-5f4399cf-b39c-438e-af78-244accc3044a None None] Creating instance of TrackedResource for resource:security_group
Aug 08 05:23:11.044791 np0000188243 devstack@neutron-api.service[101465]: WARNING neutron.quota.resource_registry [None req-5f4399cf-b39c-438e-af78-244accc3044a None None] security_group is already registered
Aug 08 05:23:11.044906 np0000188243 devstack@neutron-api.service[101464]: DEBUG neutron.api.extensions [None req-34fc6c1d-d5dc-43e1-a21e-b960d33e0cae None None] Ext name="Resource revision numbers" alias="standard-attr-revisions" description="This extension will display the revision number of neutron resources." updated="2016-04-11T10:00:00-00:00" {{(pid=101464) _check_extension /opt/stack/neutron/neutron/api/extensions.py:415}}
Aug 08 05:23:11.044906 np0000188243 devstack@neutron-api.service[101464]: INFO neutron.api.extensions [None req-34fc6c1d-d5dc-43e1-a21e-b960d33e0cae None None] Loaded extension: standard-attr-revisions
Aug 08 05:23:11.044906 np0000188243 devstack@neutron-api.service[101464]: DEBUG neutron.api.extensions [None req-34fc6c1d-d5dc-43e1-a21e-b960d33e0cae None None] Loading extension file: router_availability_zone.py {{(pid=101464) _load_all_extensions_from_path /opt/stack/neutron/neutron/api/extensions.py:449}}
Aug 08 05:23:11.045215 np0000188243 devstack@neutron-api.service[101465]: INFO neutron.quota.resource_registry [None req-5f4399cf-b39c-438e-af78-244accc3044a None None] Creating instance of TrackedResource for resource:security_group_rule
Aug 08 05:23:11.045215 np0000188243 devstack@neutron-api.service[101465]: WARNING neutron.quota.resource_registry [None req-5f4399cf-b39c-438e-af78-244accc3044a None None] security_group_rule is already registered
Aug 08 05:23:11.045340 np0000188243 devstack@neutron-api.service[101464]: DEBUG neutron.api.extensions [None req-34fc6c1d-d5dc-43e1-a21e-b960d33e0cae None None] Ext name="Router Availability Zone" alias="router_availability_zone" description="Availability zone support for router." updated="2015-01-01T10:00:00-00:00" {{(pid=101464) _check_extension /opt/stack/neutron/neutron/api/extensions.py:415}}
Aug 08 05:23:11.045340 np0000188243 devstack@neutron-api.service[101464]: INFO neutron.api.extensions [None req-34fc6c1d-d5dc-43e1-a21e-b960d33e0cae None None] Loaded extension: router_availability_zone
Aug 08 05:23:11.045340 np0000188243 devstack@neutron-api.service[101464]: DEBUG neutron.api.extensions [None req-34fc6c1d-d5dc-43e1-a21e-b960d33e0cae None None] Loading extension file: router_enable_snat.py {{(pid=101464) _load_all_extensions_from_path /opt/stack/neutron/neutron/api/extensions.py:449}}
Aug 08 05:23:11.045624 np0000188243 devstack@neutron-api.service[101465]: DEBUG neutron.api.v2.resource_helper [None req-5f4399cf-b39c-438e-af78-244accc3044a None None] Service CORE assigned prefix: {{(pid=101465) build_resource_info /opt/stack/neutron/neutron/api/v2/resource_helper.py:77}}
Aug 08 05:23:11.045722 np0000188243 devstack@neutron-api.service[101464]: DEBUG neutron.api.extensions [None req-34fc6c1d-d5dc-43e1-a21e-b960d33e0cae None None] Ext name="Exposes the router "enable_snat" read-only configuration flag" alias="router-enable-snat" description="Exposes the router "enable_snat" read-only configuration flag" updated="2025-09-18T18:00:00-00:00" {{(pid=101464) _check_extension /opt/stack/neutron/neutron/api/extensions.py:415}}
Aug 08 05:23:11.046116 np0000188243 devstack@neutron-api.service[101465]: INFO neutron.quota.resource_registry [None req-5f4399cf-b39c-438e-af78-244accc3044a None None] Creating instance of TrackedResource for resource:subnetpool
Aug 08 05:23:11.046357 np0000188243 devstack@neutron-api.service[101464]: INFO neutron.api.extensions [None req-34fc6c1d-d5dc-43e1-a21e-b960d33e0cae None None] Loaded extension: router-enable-snat
Aug 08 05:23:11.046654 np0000188243 devstack@neutron-api.service[101465]: WARNING neutron.quota.resource_registry [None req-5f4399cf-b39c-438e-af78-244accc3044a None None] subnetpool is already registered
Aug 08 05:23:11.046918 np0000188243 devstack@neutron-api.service[101466]: DEBUG neutron.services.provider_configuration [None req-4e29221a-e6b6-4b07-a31e-eeec0b650c81 None None] Service providers = [] {{(pid=101466) parse_service_provider_opt /opt/stack/neutron/neutron/services/provider_configuration.py:170}}
Aug 08 05:23:11.047215 np0000188243 devstack@neutron-api.service[101464]: DEBUG neutron.api.extensions [None req-34fc6c1d-d5dc-43e1-a21e-b960d33e0cae None None] Loading extension file: routerservicetype.py {{(pid=101464) _load_all_extensions_from_path /opt/stack/neutron/neutron/api/extensions.py:449}}
Aug 08 05:23:11.047554 np0000188243 devstack@neutron-api.service[101466]: DEBUG neutron.db.servicetype_db [None req-4e29221a-e6b6-4b07-a31e-eeec0b650c81 None None] Adding provider configuration for service L3_ROUTER_NAT {{(pid=101466) add_provider_configuration /opt/stack/neutron/neutron/db/servicetype_db.py:45}}
Aug 08 05:23:11.047998 np0000188243 devstack@neutron-api.service[101464]: DEBUG neutron.api.extensions [None req-34fc6c1d-d5dc-43e1-a21e-b960d33e0cae None None] Ext name="Router Service Type" alias="router-service-type" description="Provides router service type" updated="2013-01-29T00:00:00-00:00" {{(pid=101464) _check_extension /opt/stack/neutron/neutron/api/extensions.py:415}}
Aug 08 05:23:11.048115 np0000188243 devstack@neutron-api.service[101465]: DEBUG neutron.api.v2.resource_helper [None req-5f4399cf-b39c-438e-af78-244accc3044a None None] Service CORE assigned prefix: {{(pid=101465) build_resource_info /opt/stack/neutron/neutron/api/v2/resource_helper.py:77}}
Aug 08 05:23:11.048386 np0000188243 devstack@neutron-api.service[101464]: INFO neutron.api.extensions [None req-34fc6c1d-d5dc-43e1-a21e-b960d33e0cae None None] Extension router-service-type not supported by any of loaded plugins
Aug 08 05:23:11.048653 np0000188243 devstack@neutron-api.service[101465]: INFO neutron.quota.resource_registry [None req-5f4399cf-b39c-438e-af78-244accc3044a None None] Creating instance of TrackedResource for resource:subnetpool
Aug 08 05:23:11.048913 np0000188243 devstack@neutron-api.service[101464]: DEBUG neutron.api.extensions [None req-34fc6c1d-d5dc-43e1-a21e-b960d33e0cae None None] Loading extension file: security_groups_default_rules.py {{(pid=101464) _load_all_extensions_from_path /opt/stack/neutron/neutron/api/extensions.py:449}}
Aug 08 05:23:11.049244 np0000188243 devstack@neutron-api.service[101465]: WARNING neutron.quota.resource_registry [None req-5f4399cf-b39c-438e-af78-244accc3044a None None] subnetpool is already registered
Aug 08 05:23:11.049522 np0000188243 devstack@neutron-api.service[101464]: DEBUG neutron.api.extensions [None req-34fc6c1d-d5dc-43e1-a21e-b960d33e0cae None None] Ext name="Default rules for security groups" alias="security-groups-default-rules" description="Configure set of security group rules used as default rules for every new security group" updated="2022-12-19T10:00:00-00:00" {{(pid=101464) _check_extension /opt/stack/neutron/neutron/api/extensions.py:415}}
Aug 08 05:23:11.049721 np0000188243 devstack@neutron-api.service[101465]: DEBUG neutron.api.extensions [None req-5f4399cf-b39c-438e-af78-244accc3044a None None] Extended resource: extensions {{(pid=101465) __init__ /opt/stack/neutron/neutron/api/extensions.py:156}}
Aug 08 05:23:11.049816 np0000188243 devstack@neutron-api.service[101464]: INFO neutron.api.extensions [None req-34fc6c1d-d5dc-43e1-a21e-b960d33e0cae None None] Loaded extension: security-groups-default-rules
Aug 08 05:23:11.049816 np0000188243 devstack@neutron-api.service[101464]: DEBUG neutron.api.extensions [None req-34fc6c1d-d5dc-43e1-a21e-b960d33e0cae None None] Loading extension file: security_groups_default_statefulness.py {{(pid=101464) _load_all_extensions_from_path /opt/stack/neutron/neutron/api/extensions.py:449}}
Aug 08 05:23:11.050339 np0000188243 devstack@neutron-api.service[101466]: DEBUG neutron_lib.callbacks.manager [None req-4e29221a-e6b6-4b07-a31e-eeec0b650c81 None None] Subscribe: > router precommit_create 55549900, False {{(pid=101466) subscribe /opt/stack/data/venv/lib/python3.12/site-packages/neutron_lib/callbacks/manager.py:52}}
Aug 08 05:23:11.050469 np0000188243 devstack@neutron-api.service[101464]: DEBUG neutron.api.extensions [None req-34fc6c1d-d5dc-43e1-a21e-b960d33e0cae None None] Ext name="Security Groups Default Statefulness" alias="security-groups-default-statefulness" description="Allows configuring the default value of the 'stateful' attribute for new security groups, on a per-project or system-wide basis" updated="2026-04-13T00:00:00-00:00" {{(pid=101464) _check_extension /opt/stack/neutron/neutron/api/extensions.py:415}}
Aug 08 05:23:11.050567 np0000188243 devstack@neutron-api.service[101466]: DEBUG neutron_lib.callbacks.manager [None req-4e29221a-e6b6-4b07-a31e-eeec0b650c81 None None] Subscribe: > router_interface after_create 55550000, False {{(pid=101466) subscribe /opt/stack/data/venv/lib/python3.12/site-packages/neutron_lib/callbacks/manager.py:52}}
Aug 08 05:23:11.050567 np0000188243 devstack@neutron-api.service[101466]: DEBUG neutron_lib.callbacks.manager [None req-4e29221a-e6b6-4b07-a31e-eeec0b650c81 None None] Subscribe: > floatingip after_create 55550000, False {{(pid=101466) subscribe /opt/stack/data/venv/lib/python3.12/site-packages/neutron_lib/callbacks/manager.py:52}}
Aug 08 05:23:11.050879 np0000188243 devstack@neutron-api.service[101464]: INFO neutron.api.extensions [None req-34fc6c1d-d5dc-43e1-a21e-b960d33e0cae None None] Loaded extension: security-groups-default-statefulness
Aug 08 05:23:11.051145 np0000188243 devstack@neutron-api.service[101466]: DEBUG neutron_lib.callbacks.manager [None req-4e29221a-e6b6-4b07-a31e-eeec0b650c81 None None] Subscribe: > floatingip precommit_create 55550000, False {{(pid=101466) subscribe /opt/stack/data/venv/lib/python3.12/site-packages/neutron_lib/callbacks/manager.py:52}}
Aug 08 05:23:11.051413 np0000188243 devstack@neutron-api.service[101464]: DEBUG neutron.api.extensions [None req-34fc6c1d-d5dc-43e1-a21e-b960d33e0cae None None] Loading extension file: security_groups_normalized_cidr.py {{(pid=101464) _load_all_extensions_from_path /opt/stack/neutron/neutron/api/extensions.py:449}}
Aug 08 05:23:11.051698 np0000188243 devstack@neutron-api.service[101465]: DEBUG neutron.api.extensions [None req-5f4399cf-b39c-438e-af78-244accc3044a None None] Extended resource: address-groups {{(pid=101465) __init__ /opt/stack/neutron/neutron/api/extensions.py:156}}
Aug 08 05:23:11.051970 np0000188243 devstack@neutron-api.service[101466]: DEBUG neutron_lib.callbacks.manager [None req-4e29221a-e6b6-4b07-a31e-eeec0b650c81 None None] Subscribe: > floatingip precommit_update 55550000, False {{(pid=101466) subscribe /opt/stack/data/venv/lib/python3.12/site-packages/neutron_lib/callbacks/manager.py:52}}
Aug 08 05:23:11.051970 np0000188243 devstack@neutron-api.service[101466]: DEBUG neutron_lib.callbacks.manager [None req-4e29221a-e6b6-4b07-a31e-eeec0b650c81 None None] Subscribe: > floatingip after_delete 55550000, False {{(pid=101466) subscribe /opt/stack/data/venv/lib/python3.12/site-packages/neutron_lib/callbacks/manager.py:52}}
Aug 08 05:23:11.052269 np0000188243 devstack@neutron-api.service[101464]: DEBUG neutron.api.extensions [None req-34fc6c1d-d5dc-43e1-a21e-b960d33e0cae None None] Ext name="Normalized CIDR field for security group rules" alias="security-groups-normalized-cidr" description="Add new field with normalized remote_ip_prefix cidr in SG rule" updated="2020-07-28T10:00:00-00:00" {{(pid=101464) _check_extension /opt/stack/neutron/neutron/api/extensions.py:415}}
Aug 08 05:23:11.052504 np0000188243 devstack@neutron-api.service[101466]: DEBUG neutron_lib.callbacks.manager [None req-4e29221a-e6b6-4b07-a31e-eeec0b650c81 None None] Subscribe: > floatingip after_status_update 55550000, False {{(pid=101466) subscribe /opt/stack/data/venv/lib/python3.12/site-packages/neutron_lib/callbacks/manager.py:52}}
Aug 08 05:23:11.052504 np0000188243 devstack@neutron-api.service[101466]: DEBUG neutron_lib.callbacks.manager [None req-4e29221a-e6b6-4b07-a31e-eeec0b650c81 None None] Subscribe: > floatingip after_update 55550000, False {{(pid=101466) subscribe /opt/stack/data/venv/lib/python3.12/site-packages/neutron_lib/callbacks/manager.py:52}}
Aug 08 05:23:11.052811 np0000188243 devstack@neutron-api.service[101464]: INFO neutron.api.extensions [None req-34fc6c1d-d5dc-43e1-a21e-b960d33e0cae None None] Loaded extension: security-groups-normalized-cidr
Aug 08 05:23:11.053140 np0000188243 devstack@neutron-api.service[101466]: DEBUG neutron_lib.callbacks.manager [None req-4e29221a-e6b6-4b07-a31e-eeec0b650c81 None None] Subscribe: > port_forwarding after_create 55550000, False {{(pid=101466) subscribe /opt/stack/data/venv/lib/python3.12/site-packages/neutron_lib/callbacks/manager.py:52}}
Aug 08 05:23:11.053344 np0000188243 devstack@neutron-api.service[101464]: DEBUG neutron.api.extensions [None req-34fc6c1d-d5dc-43e1-a21e-b960d33e0cae None None] Loading extension file: security_groups_port_filtering.py {{(pid=101464) _load_all_extensions_from_path /opt/stack/neutron/neutron/api/extensions.py:449}}
Aug 08 05:23:11.053443 np0000188243 devstack@neutron-api.service[101466]: DEBUG neutron_lib.callbacks.manager [None req-4e29221a-e6b6-4b07-a31e-eeec0b650c81 None None] Subscribe: > router_interface after_delete 55550000, False {{(pid=101466) subscribe /opt/stack/data/venv/lib/python3.12/site-packages/neutron_lib/callbacks/manager.py:52}}
Aug 08 05:23:11.053443 np0000188243 devstack@neutron-api.service[101466]: DEBUG neutron_lib.callbacks.manager [None req-4e29221a-e6b6-4b07-a31e-eeec0b650c81 None None] Subscribe: > router after_create 55550000, False {{(pid=101466) subscribe /opt/stack/data/venv/lib/python3.12/site-packages/neutron_lib/callbacks/manager.py:52}}
Aug 08 05:23:11.053728 np0000188243 devstack@neutron-api.service[101464]: DEBUG neutron.api.extensions [None req-34fc6c1d-d5dc-43e1-a21e-b960d33e0cae None None] Ext name="Port filtering on security groups" alias="port-security-groups-filtering" description="Provides security groups filtering when listing ports" updated="2018-01-09T09:00:00-00:00" {{(pid=101464) _check_extension /opt/stack/neutron/neutron/api/extensions.py:415}}
Aug 08 05:23:11.054027 np0000188243 devstack@neutron-api.service[101465]: DEBUG neutron.api.extensions [None req-5f4399cf-b39c-438e-af78-244accc3044a None None] Extended resource: address-scopes {{(pid=101465) __init__ /opt/stack/neutron/neutron/api/extensions.py:156}}
Aug 08 05:23:11.054308 np0000188243 devstack@neutron-api.service[101466]: DEBUG neutron_lib.callbacks.manager [None req-4e29221a-e6b6-4b07-a31e-eeec0b650c81 None None] Subscribe: > router precommit_create 55550000, False {{(pid=101466) subscribe /opt/stack/data/venv/lib/python3.12/site-packages/neutron_lib/callbacks/manager.py:52}}
Aug 08 05:23:11.054308 np0000188243 devstack@neutron-api.service[101466]: DEBUG neutron_lib.callbacks.manager [None req-4e29221a-e6b6-4b07-a31e-eeec0b650c81 None None] Subscribe: > router after_delete 55550000, False {{(pid=101466) subscribe /opt/stack/data/venv/lib/python3.12/site-packages/neutron_lib/callbacks/manager.py:52}}
Aug 08 05:23:11.054594 np0000188243 devstack@neutron-api.service[101464]: INFO neutron.api.extensions [None req-34fc6c1d-d5dc-43e1-a21e-b960d33e0cae None None] Extension port-security-groups-filtering not supported by any of loaded plugins
Aug 08 05:23:11.054845 np0000188243 devstack@neutron-api.service[101466]: DEBUG neutron_lib.callbacks.manager [None req-4e29221a-e6b6-4b07-a31e-eeec0b650c81 None None] Subscribe: > router after_update 55550000, False {{(pid=101466) subscribe /opt/stack/data/venv/lib/python3.12/site-packages/neutron_lib/callbacks/manager.py:52}}
Aug 08 05:23:11.055206 np0000188243 devstack@neutron-api.service[101464]: DEBUG neutron.api.extensions [None req-34fc6c1d-d5dc-43e1-a21e-b960d33e0cae None None] Loading extension file: security_groups_remote_address_group.py {{(pid=101464) _load_all_extensions_from_path /opt/stack/neutron/neutron/api/extensions.py:449}}
Aug 08 05:23:11.055487 np0000188243 devstack@neutron-api.service[101466]: DEBUG neutron.services.service_base [None req-4e29221a-e6b6-4b07-a31e-eeec0b650c81 None None] Loaded 'neutron.services.ovn_l3.service_providers.ovn.OvnDriver' provider for service L3_ROUTER_NAT {{(pid=101466) load_drivers /opt/stack/neutron/neutron/services/service_base.py:49}}
Aug 08 05:23:11.055487 np0000188243 devstack@neutron-api.service[101466]: DEBUG neutron_lib.callbacks.manager [None req-4e29221a-e6b6-4b07-a31e-eeec0b650c81 None None] Subscribe: > process after_init 55550001, True {{(pid=101466) subscribe /opt/stack/data/venv/lib/python3.12/site-packages/neutron_lib/callbacks/manager.py:52}}
Aug 08 05:23:11.055784 np0000188243 devstack@neutron-api.service[101465]: DEBUG neutron.api.extensions [None req-5f4399cf-b39c-438e-af78-244accc3044a None None] Extended resource: agents {{(pid=101465) __init__ /opt/stack/neutron/neutron/api/extensions.py:156}}
Aug 08 05:23:11.056085 np0000188243 devstack@neutron-api.service[101466]: DEBUG neutron.manager [None req-4e29221a-e6b6-4b07-a31e-eeec0b650c81 None None] Successfully loaded L3_ROUTER_NAT plugin. Description: L3 Router Service Plugin for basic L3 forwarding using OVN {{(pid=101466) _create_and_add_service_plugin /opt/stack/neutron/neutron/manager.py:236}}
Aug 08 05:23:11.056085 np0000188243 devstack@neutron-api.service[101466]: INFO neutron.manager [None req-4e29221a-e6b6-4b07-a31e-eeec0b650c81 None None] Loading Plugin: auto_allocate
Aug 08 05:23:11.056383 np0000188243 devstack@neutron-api.service[101465]: DEBUG neutron.api.extensions [None req-5f4399cf-b39c-438e-af78-244accc3044a None None] Extended resource: auto-allocated-topology {{(pid=101465) __init__ /opt/stack/neutron/neutron/api/extensions.py:156}}
Aug 08 05:23:11.056646 np0000188243 devstack@neutron-api.service[101464]: DEBUG neutron.api.extensions [None req-34fc6c1d-d5dc-43e1-a21e-b960d33e0cae None None] Ext name="Remote address group id field for security group rules" alias="security-groups-remote-address-group" description="Add new field of remote address group id in SG rules" updated="2020-08-25T10:00:00-00:00" {{(pid=101464) _check_extension /opt/stack/neutron/neutron/api/extensions.py:415}}
Aug 08 05:23:11.056988 np0000188243 devstack@neutron-api.service[101466]: DEBUG neutron_lib.callbacks.manager [None req-4e29221a-e6b6-4b07-a31e-eeec0b650c81 None None] Subscribe: network precommit_update 55550000, False {{(pid=101466) subscribe /opt/stack/data/venv/lib/python3.12/site-packages/neutron_lib/callbacks/manager.py:52}}
Aug 08 05:23:11.057161 np0000188243 devstack@neutron-api.service[101465]: DEBUG neutron.api.extensions [None req-5f4399cf-b39c-438e-af78-244accc3044a None None] Extended resource: availability_zones {{(pid=101465) __init__ /opt/stack/neutron/neutron/api/extensions.py:156}}
Aug 08 05:23:11.057374 np0000188243 devstack@neutron-api.service[101466]: DEBUG neutron_lib.callbacks.manager [None req-4e29221a-e6b6-4b07-a31e-eeec0b650c81 None None] Subscribe: network precommit_create 55550000, False {{(pid=101466) subscribe /opt/stack/data/venv/lib/python3.12/site-packages/neutron_lib/callbacks/manager.py:52}}
Aug 08 05:23:11.057648 np0000188243 devstack@neutron-api.service[101464]: INFO neutron.api.extensions [None req-34fc6c1d-d5dc-43e1-a21e-b960d33e0cae None None] Loaded extension: security-groups-remote-address-group
Aug 08 05:23:11.057648 np0000188243 devstack@neutron-api.service[101464]: DEBUG neutron.api.extensions [None req-34fc6c1d-d5dc-43e1-a21e-b960d33e0cae None None] Loading extension file: security_groups_rules_belongs_to_default_sg.py {{(pid=101464) _load_all_extensions_from_path /opt/stack/neutron/neutron/api/extensions.py:449}}
Aug 08 05:23:11.057928 np0000188243 devstack@neutron-api.service[101466]: DEBUG neutron.manager [None req-4e29221a-e6b6-4b07-a31e-eeec0b650c81 None None] Successfully loaded auto-allocated-topology plugin. Description: Auto Allocated Topology - aka get me a network. {{(pid=101466) _create_and_add_service_plugin /opt/stack/neutron/neutron/manager.py:236}}
Aug 08 05:23:11.057928 np0000188243 devstack@neutron-api.service[101466]: INFO neutron.manager [None req-4e29221a-e6b6-4b07-a31e-eeec0b650c81 None None] Loading Plugin: tag
Aug 08 05:23:11.058163 np0000188243 devstack@neutron-api.service[101464]: DEBUG neutron.api.extensions [None req-34fc6c1d-d5dc-43e1-a21e-b960d33e0cae None None] Ext name="Security group rule belongs to the project's default security group" alias="security-groups-rules-belongs-to-default-sg" description="Flag to determine if the security group rule belongs to the project's default security group" updated="2023-05-23T10:00:00-00:00" {{(pid=101464) _check_extension /opt/stack/neutron/neutron/api/extensions.py:415}}
Aug 08 05:23:11.058455 np0000188243 devstack@neutron-api.service[101465]: DEBUG neutron.api.extensions [None req-5f4399cf-b39c-438e-af78-244accc3044a None None] Extended resource: dhcp-networks {{(pid=101465) __init__ /opt/stack/neutron/neutron/api/extensions.py:156}}
Aug 08 05:23:11.058557 np0000188243 devstack@neutron-api.service[101464]: INFO neutron.api.extensions [None req-34fc6c1d-d5dc-43e1-a21e-b960d33e0cae None None] Loaded extension: security-groups-rules-belongs-to-default-sg
Aug 08 05:23:11.058557 np0000188243 devstack@neutron-api.service[101464]: DEBUG neutron.api.extensions [None req-34fc6c1d-d5dc-43e1-a21e-b960d33e0cae None None] Loading extension file: security_groups_shared_filtering.py {{(pid=101464) _load_all_extensions_from_path /opt/stack/neutron/neutron/api/extensions.py:449}}
Aug 08 05:23:11.058557 np0000188243 devstack@neutron-api.service[101464]: DEBUG neutron.api.extensions [None req-34fc6c1d-d5dc-43e1-a21e-b960d33e0cae None None] Ext name="Security group filtering on the shared field" alias="security-groups-shared-filtering" description="Support filtering security groups on the shared field" updated="2021-10-05T09:00:00-00:00" {{(pid=101464) _check_extension /opt/stack/neutron/neutron/api/extensions.py:415}}
Aug 08 05:23:11.058557 np0000188243 devstack@neutron-api.service[101464]: INFO neutron.api.extensions [None req-34fc6c1d-d5dc-43e1-a21e-b960d33e0cae None None] Loaded extension: security-groups-shared-filtering
Aug 08 05:23:11.058795 np0000188243 devstack@neutron-api.service[101465]: DEBUG neutron.api.extensions [None req-5f4399cf-b39c-438e-af78-244accc3044a None None] Extended resource: dhcp-agents {{(pid=101465) __init__ /opt/stack/neutron/neutron/api/extensions.py:156}}
Aug 08 05:23:11.058895 np0000188243 devstack@neutron-api.service[101464]: DEBUG neutron.api.extensions [None req-34fc6c1d-d5dc-43e1-a21e-b960d33e0cae None None] Loading extension file: securitygroup.py {{(pid=101464) _load_all_extensions_from_path /opt/stack/neutron/neutron/api/extensions.py:449}}
Aug 08 05:23:11.058996 np0000188243 devstack@neutron-api.service[101465]: DEBUG neutron.api.extensions [None req-5f4399cf-b39c-438e-af78-244accc3044a None None] Extended resource: routers {{(pid=101465) __init__ /opt/stack/neutron/neutron/api/extensions.py:156}}
Aug 08 05:23:11.059112 np0000188243 devstack@neutron-api.service[101464]: DEBUG neutron.api.extensions [None req-34fc6c1d-d5dc-43e1-a21e-b960d33e0cae None None] Ext name="security-group" alias="security-group" description="The security groups extension." updated="2012-10-05T10:00:00-00:00" {{(pid=101464) _check_extension /opt/stack/neutron/neutron/api/extensions.py:415}}
Aug 08 05:23:11.059237 np0000188243 devstack@neutron-api.service[101465]: DEBUG neutron.api.extensions [None req-5f4399cf-b39c-438e-af78-244accc3044a None None] Extended resource: flavors {{(pid=101465) __init__ /opt/stack/neutron/neutron/api/extensions.py:156}}
Aug 08 05:23:11.059494 np0000188243 devstack@neutron-api.service[101464]: INFO neutron.api.extensions [None req-34fc6c1d-d5dc-43e1-a21e-b960d33e0cae None None] Loaded extension: security-group
Aug 08 05:23:11.059494 np0000188243 devstack@neutron-api.service[101464]: DEBUG neutron.api.extensions [None req-34fc6c1d-d5dc-43e1-a21e-b960d33e0cae None None] Loading extension file: segment.py {{(pid=101464) _load_all_extensions_from_path /opt/stack/neutron/neutron/api/extensions.py:449}}
Aug 08 05:23:11.059629 np0000188243 devstack@neutron-api.service[101466]: DEBUG neutron.manager [None req-4e29221a-e6b6-4b07-a31e-eeec0b650c81 None None] Successfully loaded TAG plugin. Description: Tag support {{(pid=101466) _create_and_add_service_plugin /opt/stack/neutron/neutron/manager.py:236}}
Aug 08 05:23:11.059629 np0000188243 devstack@neutron-api.service[101466]: INFO neutron.manager [None req-4e29221a-e6b6-4b07-a31e-eeec0b650c81 None None] Loading Plugin: timestamp
Aug 08 05:23:11.059793 np0000188243 devstack@neutron-api.service[101465]: DEBUG neutron.api.extensions [None req-5f4399cf-b39c-438e-af78-244accc3044a None None] Extended resource: service_profiles {{(pid=101465) __init__ /opt/stack/neutron/neutron/api/extensions.py:156}}
Aug 08 05:23:11.060029 np0000188243 devstack@neutron-api.service[101464]: DEBUG neutron.api.extensions [None req-34fc6c1d-d5dc-43e1-a21e-b960d33e0cae None None] Ext name="Segment" alias="segment" description="Segments extension." updated="2016-02-24T17:00:00-00:00" {{(pid=101464) _check_extension /opt/stack/neutron/neutron/api/extensions.py:415}}
Aug 08 05:23:11.060029 np0000188243 devstack@neutron-api.service[101464]: INFO neutron.api.extensions [None req-34fc6c1d-d5dc-43e1-a21e-b960d33e0cae None None] Extension segment not supported by any of loaded plugins
Aug 08 05:23:11.060029 np0000188243 devstack@neutron-api.service[101464]: DEBUG neutron.api.extensions [None req-34fc6c1d-d5dc-43e1-a21e-b960d33e0cae None None] Loading extension file: segments_peer_subnet_host_routes.py {{(pid=101464) _load_all_extensions_from_path /opt/stack/neutron/neutron/api/extensions.py:449}}
Aug 08 05:23:11.060029 np0000188243 devstack@neutron-api.service[101464]: DEBUG neutron.api.extensions [None req-34fc6c1d-d5dc-43e1-a21e-b960d33e0cae None None] Ext name="Segments peer-subnet host routes" alias="segments-peer-subnet-host-routes" description="Add host routes to subnets on a routed network (segments)" updated="2018-06-12T10:00:00-00:00" {{(pid=101464) _check_extension /opt/stack/neutron/neutron/api/extensions.py:415}}
Aug 08 05:23:11.060220 np0000188243 devstack@neutron-api.service[101465]: DEBUG neutron.api.extensions [None req-5f4399cf-b39c-438e-af78-244accc3044a None None] Extended resource: next_providers {{(pid=101465) __init__ /opt/stack/neutron/neutron/api/extensions.py:156}}
Aug 08 05:23:11.060321 np0000188243 devstack@neutron-api.service[101464]: INFO neutron.api.extensions [None req-34fc6c1d-d5dc-43e1-a21e-b960d33e0cae None None] Extension segments-peer-subnet-host-routes not supported by any of loaded plugins
Aug 08 05:23:11.060321 np0000188243 devstack@neutron-api.service[101464]: DEBUG neutron.api.extensions [None req-34fc6c1d-d5dc-43e1-a21e-b960d33e0cae None None] Loading extension file: servicetype.py {{(pid=101464) _load_all_extensions_from_path /opt/stack/neutron/neutron/api/extensions.py:449}}
Aug 08 05:23:11.060321 np0000188243 devstack@neutron-api.service[101464]: DEBUG neutron.api.extensions [None req-34fc6c1d-d5dc-43e1-a21e-b960d33e0cae None None] Ext name="Neutron Service Type Management" alias="service-type" description="API for retrieving service providers for Neutron advanced services" updated="2013-01-20T00:00:00-00:00" {{(pid=101464) _check_extension /opt/stack/neutron/neutron/api/extensions.py:415}}
Aug 08 05:23:11.060321 np0000188243 devstack@neutron-api.service[101464]: INFO neutron.api.extensions [None req-34fc6c1d-d5dc-43e1-a21e-b960d33e0cae None None] Loaded extension: service-type
Aug 08 05:23:11.060484 np0000188243 devstack@neutron-api.service[101465]: DEBUG neutron.api.extensions [None req-5f4399cf-b39c-438e-af78-244accc3044a None None] Extended resource: service_profiles {{(pid=101465) __init__ /opt/stack/neutron/neutron/api/extensions.py:156}}
Aug 08 05:23:11.060583 np0000188243 devstack@neutron-api.service[101464]: DEBUG neutron.api.extensions [None req-34fc6c1d-d5dc-43e1-a21e-b960d33e0cae None None] Loading extension file: sorting.py {{(pid=101464) _load_all_extensions_from_path /opt/stack/neutron/neutron/api/extensions.py:449}}
Aug 08 05:23:11.060705 np0000188243 devstack@neutron-api.service[101466]: DEBUG neutron.manager [None req-4e29221a-e6b6-4b07-a31e-eeec0b650c81 None None] Successfully loaded timestamp plugin. Description: Adds timestamps to Neutron resources with standard attributes {{(pid=101466) _create_and_add_service_plugin /opt/stack/neutron/neutron/manager.py:236}}
Aug 08 05:23:11.060705 np0000188243 devstack@neutron-api.service[101466]: INFO neutron.manager [None req-4e29221a-e6b6-4b07-a31e-eeec0b650c81 None None] Loading Plugin: network_ip_availability
Aug 08 05:23:11.060818 np0000188243 devstack@neutron-api.service[101464]: DEBUG neutron.api.extensions [None req-34fc6c1d-d5dc-43e1-a21e-b960d33e0cae None None] Ext name="Sorting support" alias="sorting" description="Extension that indicates that sorting is enabled." updated="2016-06-12T00:00:00-00:00" {{(pid=101464) _check_extension /opt/stack/neutron/neutron/api/extensions.py:415}}
Aug 08 05:23:11.060818 np0000188243 devstack@neutron-api.service[101464]: INFO neutron.api.extensions [None req-34fc6c1d-d5dc-43e1-a21e-b960d33e0cae None None] Loaded extension: sorting
Aug 08 05:23:11.060818 np0000188243 devstack@neutron-api.service[101464]: DEBUG neutron.api.extensions [None req-34fc6c1d-d5dc-43e1-a21e-b960d33e0cae None None] Loading extension file: standard_attr_segment.py {{(pid=101464) _load_all_extensions_from_path /opt/stack/neutron/neutron/api/extensions.py:449}}
Aug 08 05:23:11.060983 np0000188243 devstack@neutron-api.service[101465]: DEBUG neutron.api.extensions [None req-5f4399cf-b39c-438e-af78-244accc3044a None None] Extended resource: floatingip-pools {{(pid=101465) __init__ /opt/stack/neutron/neutron/api/extensions.py:156}}
Aug 08 05:23:11.061125 np0000188243 devstack@neutron-api.service[101464]: DEBUG neutron.api.extensions [None req-34fc6c1d-d5dc-43e1-a21e-b960d33e0cae None None] Ext name="Standard Attribute Segment Extension" alias="standard-attr-segment" description="Add standard attributes to Segment resource" updated="2018-04-09T10:00:00-00:00" {{(pid=101464) _check_extension /opt/stack/neutron/neutron/api/extensions.py:415}}
Aug 08 05:23:11.061125 np0000188243 devstack@neutron-api.service[101464]: INFO neutron.api.extensions [None req-34fc6c1d-d5dc-43e1-a21e-b960d33e0cae None None] Extension standard-attr-segment not supported by any of loaded plugins
Aug 08 05:23:11.061125 np0000188243 devstack@neutron-api.service[101464]: DEBUG neutron.api.extensions [None req-34fc6c1d-d5dc-43e1-a21e-b960d33e0cae None None] Loading extension file: standardattrdescription.py {{(pid=101464) _load_all_extensions_from_path /opt/stack/neutron/neutron/api/extensions.py:449}}
Aug 08 05:23:11.061274 np0000188243 devstack@neutron-api.service[101465]: DEBUG neutron.api.extensions [None req-5f4399cf-b39c-438e-af78-244accc3044a None None] Extended resource: routers {{(pid=101465) __init__ /opt/stack/neutron/neutron/api/extensions.py:156}}
Aug 08 05:23:11.061366 np0000188243 devstack@neutron-api.service[101464]: DEBUG neutron.api.extensions [None req-34fc6c1d-d5dc-43e1-a21e-b960d33e0cae None None] Ext name="standard-attr-description" alias="standard-attr-description" description="Extension to add descriptions to standard attributes" updated="2016-02-10T10:00:00-00:00" {{(pid=101464) _check_extension /opt/stack/neutron/neutron/api/extensions.py:415}}
Aug 08 05:23:11.061366 np0000188243 devstack@neutron-api.service[101464]: INFO neutron.api.extensions [None req-34fc6c1d-d5dc-43e1-a21e-b960d33e0cae None None] Loaded extension: standard-attr-description
Aug 08 05:23:11.061366 np0000188243 devstack@neutron-api.service[101464]: DEBUG neutron.api.extensions [None req-34fc6c1d-d5dc-43e1-a21e-b960d33e0cae None None] Loading extension file: stateful_security_group.py {{(pid=101464) _load_all_extensions_from_path /opt/stack/neutron/neutron/api/extensions.py:449}}
Aug 08 05:23:11.061366 np0000188243 devstack@neutron-api.service[101464]: DEBUG neutron.api.extensions [None req-34fc6c1d-d5dc-43e1-a21e-b960d33e0cae None None] Ext name="Stateful security group" alias="stateful-security-group" description="Indicates if the security group is stateful or not" updated="2019-11-26T09:00:00-00:00" {{(pid=101464) _check_extension /opt/stack/neutron/neutron/api/extensions.py:415}}
Aug 08 05:23:11.061530 np0000188243 devstack@neutron-api.service[101466]: DEBUG neutron.manager [None req-4e29221a-e6b6-4b07-a31e-eeec0b650c81 None None] Successfully loaded network-ip-availability plugin. Description: Provides IP availability data for each network and subnet. {{(pid=101466) _create_and_add_service_plugin /opt/stack/neutron/neutron/manager.py:236}}
Aug 08 05:23:11.061530 np0000188243 devstack@neutron-api.service[101466]: INFO neutron.manager [None req-4e29221a-e6b6-4b07-a31e-eeec0b650c81 None None] Loading Plugin: flavors
Aug 08 05:23:11.061650 np0000188243 devstack@neutron-api.service[101464]: INFO neutron.api.extensions [None req-34fc6c1d-d5dc-43e1-a21e-b960d33e0cae None None] Loaded extension: stateful-security-group
Aug 08 05:23:11.061650 np0000188243 devstack@neutron-api.service[101464]: DEBUG neutron.api.extensions [None req-34fc6c1d-d5dc-43e1-a21e-b960d33e0cae None None] Loading extension file: stdattrs_common.py {{(pid=101464) _load_all_extensions_from_path /opt/stack/neutron/neutron/api/extensions.py:449}}
Aug 08 05:23:11.061783 np0000188243 devstack@neutron-api.service[101465]: DEBUG neutron.api.extensions [None req-5f4399cf-b39c-438e-af78-244accc3044a None None] Extended resource: floatingips {{(pid=101465) __init__ /opt/stack/neutron/neutron/api/extensions.py:156}}
Aug 08 05:23:11.061876 np0000188243 devstack@neutron-api.service[101464]: WARNING neutron.api.extensions [None req-34fc6c1d-d5dc-43e1-a21e-b960d33e0cae None None] Did not find expected name "Stdattrs_common" in /opt/stack/neutron/neutron/extensions/stdattrs_common.py
Aug 08 05:23:11.061876 np0000188243 devstack@neutron-api.service[101464]: DEBUG neutron.api.extensions [None req-34fc6c1d-d5dc-43e1-a21e-b960d33e0cae None None] Loading extension file: subnet_dns_publish_fixed_ip.py {{(pid=101464) _load_all_extensions_from_path /opt/stack/neutron/neutron/api/extensions.py:449}}
Aug 08 05:23:11.061876 np0000188243 devstack@neutron-api.service[101464]: DEBUG neutron.api.extensions [None req-34fc6c1d-d5dc-43e1-a21e-b960d33e0cae None None] Ext name="Subnet DNS publish fixed IP" alias="subnet-dns-publish-fixed-ip" description="Support choosing to publish DNS records for IPs from a subnet" updated="2019-05-24T10:00:00-00:00" {{(pid=101464) _check_extension /opt/stack/neutron/neutron/api/extensions.py:415}}
Aug 08 05:23:11.062036 np0000188243 devstack@neutron-api.service[101465]: DEBUG neutron.api.extensions [None req-5f4399cf-b39c-438e-af78-244accc3044a None None] Extended resource: l3-routers {{(pid=101465) __init__ /opt/stack/neutron/neutron/api/extensions.py:156}}
Aug 08 05:23:11.062131 np0000188243 devstack@neutron-api.service[101466]: DEBUG neutron.manager [None req-4e29221a-e6b6-4b07-a31e-eeec0b650c81 None None] Successfully loaded FLAVORS plugin. Description: Neutron Flavors and Service Profiles manager plugin {{(pid=101466) _create_and_add_service_plugin /opt/stack/neutron/neutron/manager.py:236}}
Aug 08 05:23:11.062271 np0000188243 devstack@neutron-api.service[101464]: INFO neutron.api.extensions [None req-34fc6c1d-d5dc-43e1-a21e-b960d33e0cae None None] Loaded extension: subnet-dns-publish-fixed-ip
Aug 08 05:23:11.062468 np0000188243 devstack@neutron-api.service[101466]: INFO neutron.manager [None req-4e29221a-e6b6-4b07-a31e-eeec0b650c81 None None] Loading Plugin: revisions
Aug 08 05:23:11.062565 np0000188243 devstack@neutron-api.service[101464]: DEBUG neutron.api.extensions [None req-34fc6c1d-d5dc-43e1-a21e-b960d33e0cae None None] Loading extension file: subnet_external_network.py {{(pid=101464) _load_all_extensions_from_path /opt/stack/neutron/neutron/api/extensions.py:449}}
Aug 08 05:23:11.062565 np0000188243 devstack@neutron-api.service[101464]: DEBUG neutron.api.extensions [None req-34fc6c1d-d5dc-43e1-a21e-b960d33e0cae None None] Ext name="Subnet belongs to an external network" alias="subnet-external-network" description="Informs if the subnet belongs to an external network" updated="2024-02-05T18:00:00-00:00" {{(pid=101464) _check_extension /opt/stack/neutron/neutron/api/extensions.py:415}}
Aug 08 05:23:11.062681 np0000188243 devstack@neutron-api.service[101465]: DEBUG neutron.api.extensions [None req-5f4399cf-b39c-438e-af78-244accc3044a None None] Extended resource: l3-agents {{(pid=101465) __init__ /opt/stack/neutron/neutron/api/extensions.py:156}}
Aug 08 05:23:11.062778 np0000188243 devstack@neutron-api.service[101464]: INFO neutron.api.extensions [None req-34fc6c1d-d5dc-43e1-a21e-b960d33e0cae None None] Loaded extension: subnet-external-network
Aug 08 05:23:11.062778 np0000188243 devstack@neutron-api.service[101464]: DEBUG neutron.api.extensions [None req-34fc6c1d-d5dc-43e1-a21e-b960d33e0cae None None] Loading extension file: subnet_onboard.py {{(pid=101464) _load_all_extensions_from_path /opt/stack/neutron/neutron/api/extensions.py:449}}
Aug 08 05:23:11.062778 np0000188243 devstack@neutron-api.service[101464]: DEBUG neutron.api.extensions [None req-34fc6c1d-d5dc-43e1-a21e-b960d33e0cae None None] Ext name="Subnet Onboard" alias="subnet_onboard" description="Provides support for onboarding subnets into subnet pools" updated="2018-12-18T09:00:00-00:00" {{(pid=101464) _check_extension /opt/stack/neutron/neutron/api/extensions.py:415}}
Aug 08 05:23:11.062778 np0000188243 devstack@neutron-api.service[101464]: INFO neutron.api.extensions [None req-34fc6c1d-d5dc-43e1-a21e-b960d33e0cae None None] Loaded extension: subnet_onboard
Aug 08 05:23:11.062942 np0000188243 devstack@neutron-api.service[101466]: DEBUG neutron.manager [None req-4e29221a-e6b6-4b07-a31e-eeec0b650c81 None None] Successfully loaded revision_plugin plugin. Description: Adds revision numbers to resources. {{(pid=101466) _create_and_add_service_plugin /opt/stack/neutron/neutron/manager.py:236}}
Aug 08 05:23:11.063076 np0000188243 devstack@neutron-api.service[101464]: DEBUG neutron.api.extensions [None req-34fc6c1d-d5dc-43e1-a21e-b960d33e0cae None None] Loading extension file: subnet_segmentid_writable.py {{(pid=101464) _load_all_extensions_from_path /opt/stack/neutron/neutron/api/extensions.py:449}}
Aug 08 05:23:11.063179 np0000188243 devstack@neutron-api.service[101465]: DEBUG neutron.api.extensions [None req-5f4399cf-b39c-438e-af78-244accc3044a None None] Extended resource: network-ip-availabilities {{(pid=101465) __init__ /opt/stack/neutron/neutron/api/extensions.py:156}}
Aug 08 05:23:11.063313 np0000188243 devstack@neutron-api.service[101466]: DEBUG oslo_concurrency.lockutils [None req-4e29221a-e6b6-4b07-a31e-eeec0b650c81 None None] Lock "manager" "released" by "neutron.manager.NeutronManager._create_instance" :: held 4.844s {{(pid=101466) inner /opt/stack/data/venv/lib/python3.12/site-packages/oslo_concurrency/lockutils.py:544}}
Aug 08 05:23:11.063411 np0000188243 devstack@neutron-api.service[101464]: DEBUG neutron.api.extensions [None req-34fc6c1d-d5dc-43e1-a21e-b960d33e0cae None None] Ext name="Subnet SegmentID (writable)" alias="subnet-segmentid-writable" description="Provides a writable segment_id attribute for a subnet resource." updated="2018-03-12T00:00:00-00:00" {{(pid=101464) _check_extension /opt/stack/neutron/neutron/api/extensions.py:415}}
Aug 08 05:23:11.063539 np0000188243 devstack@neutron-api.service[101466]: DEBUG neutron.api.extensions [None req-4e29221a-e6b6-4b07-a31e-eeec0b650c81 None None] get_extension_paths = OrderedDict({'/opt/stack/neutron/neutron/extensions': 1}) {{(pid=101466) get_extensions_path /opt/stack/neutron/neutron/api/extensions.py:640}}
Aug 08 05:23:11.063624 np0000188243 devstack@neutron-api.service[101464]: INFO neutron.api.extensions [None req-34fc6c1d-d5dc-43e1-a21e-b960d33e0cae None None] Extension subnet-segmentid-writable not supported by any of loaded plugins
Aug 08 05:23:11.063771 np0000188243 devstack@neutron-api.service[101466]: INFO neutron.api.extensions [None req-4e29221a-e6b6-4b07-a31e-eeec0b650c81 None None] Initializing extension manager.
Aug 08 05:23:11.063864 np0000188243 devstack@neutron-api.service[101464]: DEBUG neutron.api.extensions [None req-34fc6c1d-d5dc-43e1-a21e-b960d33e0cae None None] Loading extension file: subnet_service_types.py {{(pid=101464) _load_all_extensions_from_path /opt/stack/neutron/neutron/api/extensions.py:449}}
