May 09 18:11:15.392465 np0000173245 devstack@neutron-api.service[103546]: DEBUG neutron_lib.callbacks.manager [None req-81ef25c5-d52c-4cbb-8798-ad482b7ce9e0 None None] Subscribe: > subnet after_update 55550000, False {{(pid=103546) subscribe /opt/stack/data/venv/lib/python3.12/site-packages/neutron_lib/callbacks/manager.py:52}}
May 09 18:11:15.392515 np0000173245 devstack@neutron-api.service[103549]: DEBUG neutron.api.extensions [None req-f82207cf-db81-4c3c-949a-4799cf90f0be None None] Loading extension file: extra_dhcp_opt.py {{(pid=103549) _load_all_extensions_from_path /opt/stack/neutron/neutron/api/extensions.py:449}}
May 09 18:11:15.392611 np0000173245 devstack@neutron-api.service[103546]: DEBUG neutron_lib.callbacks.manager [None req-81ef25c5-d52c-4cbb-8798-ad482b7ce9e0 None None] Subscribe: > subnet after_delete 55550000, False {{(pid=103546) subscribe /opt/stack/data/venv/lib/python3.12/site-packages/neutron_lib/callbacks/manager.py:52}}
May 09 18:11:15.392718 np0000173245 devstack@neutron-api.service[103549]: DEBUG neutron.api.extensions [None req-f82207cf-db81-4c3c-949a-4799cf90f0be None None] Ext name="Neutron Extra DHCP options" alias="extra_dhcp_opt" description="Extra options configuration for DHCP. For example PXE boot options to DHCP clients can be specified (e.g. tftp-server, server-ip-address, bootfile-name)" updated="2013-03-17T12:00:00-00:00" {{(pid=103549) _check_extension /opt/stack/neutron/neutron/api/extensions.py:415}}
May 09 18:11:15.392771 np0000173245 devstack@neutron-api.service[103546]: DEBUG neutron_lib.callbacks.manager [None req-81ef25c5-d52c-4cbb-8798-ad482b7ce9e0 None None] Subscribe: > network after_create 55550000, False {{(pid=103546) subscribe /opt/stack/data/venv/lib/python3.12/site-packages/neutron_lib/callbacks/manager.py:52}}
May 09 18:11:15.392895 np0000173245 devstack@neutron-api.service[103549]: INFO neutron.api.extensions [None req-f82207cf-db81-4c3c-949a-4799cf90f0be None None] Loaded extension: extra_dhcp_opt
May 09 18:11:15.392946 np0000173245 devstack@neutron-api.service[103546]: DEBUG neutron_lib.callbacks.manager [None req-81ef25c5-d52c-4cbb-8798-ad482b7ce9e0 None None] Subscribe: > network after_update 55550000, False {{(pid=103546) subscribe /opt/stack/data/venv/lib/python3.12/site-packages/neutron_lib/callbacks/manager.py:52}}
May 09 18:11:15.392993 np0000173245 devstack@neutron-api.service[103549]: DEBUG neutron.api.extensions [None req-f82207cf-db81-4c3c-949a-4799cf90f0be None None] Loading extension file: extraroute.py {{(pid=103549) _load_all_extensions_from_path /opt/stack/neutron/neutron/api/extensions.py:449}}
May 09 18:11:15.393091 np0000173245 devstack@neutron-api.service[103546]: DEBUG neutron_lib.callbacks.manager [None req-81ef25c5-d52c-4cbb-8798-ad482b7ce9e0 None None] Subscribe: > network after_delete 55550000, False {{(pid=103546) subscribe /opt/stack/data/venv/lib/python3.12/site-packages/neutron_lib/callbacks/manager.py:52}}
May 09 18:11:15.393239 np0000173245 devstack@neutron-api.service[103549]: DEBUG neutron.api.extensions [None req-f82207cf-db81-4c3c-949a-4799cf90f0be None None] Ext name="Neutron Extra Route" alias="extraroute" description="Extra routes configuration for L3 router" updated="2013-02-01T10:00:00-00:00" {{(pid=103549) _check_extension /opt/stack/neutron/neutron/api/extensions.py:415}}
May 09 18:11:15.393538 np0000173245 devstack@neutron-api.service[103546]: DEBUG neutron_lib.callbacks.manager [None req-81ef25c5-d52c-4cbb-8798-ad482b7ce9e0 None None] Subscribe: > security_group after_create 55550000, False {{(pid=103546) subscribe /opt/stack/data/venv/lib/python3.12/site-packages/neutron_lib/callbacks/manager.py:52}}
May 09 18:11:15.393538 np0000173245 devstack@neutron-api.service[103546]: DEBUG neutron_lib.callbacks.manager [None req-81ef25c5-d52c-4cbb-8798-ad482b7ce9e0 None None] Subscribe: > security_group after_update 55550000, False {{(pid=103546) subscribe /opt/stack/data/venv/lib/python3.12/site-packages/neutron_lib/callbacks/manager.py:52}}
May 09 18:11:15.393655 np0000173245 devstack@neutron-api.service[103549]: INFO neutron.api.extensions [None req-f82207cf-db81-4c3c-949a-4799cf90f0be None None] Loaded extension: extraroute
May 09 18:11:15.393655 np0000173245 devstack@neutron-api.service[103549]: DEBUG neutron.api.extensions [None req-f82207cf-db81-4c3c-949a-4799cf90f0be None None] Loading extension file: extraroute_atomic.py {{(pid=103549) _load_all_extensions_from_path /opt/stack/neutron/neutron/api/extensions.py:449}}
May 09 18:11:15.393808 np0000173245 devstack@neutron-api.service[103546]: DEBUG neutron_lib.callbacks.manager [None req-81ef25c5-d52c-4cbb-8798-ad482b7ce9e0 None None] Subscribe: > security_group after_delete 55550000, False {{(pid=103546) subscribe /opt/stack/data/venv/lib/python3.12/site-packages/neutron_lib/callbacks/manager.py:52}}
May 09 18:11:15.393808 np0000173245 devstack@neutron-api.service[103546]: DEBUG neutron_lib.callbacks.manager [None req-81ef25c5-d52c-4cbb-8798-ad482b7ce9e0 None None] Subscribe: > security_group_rule after_create 55550000, False {{(pid=103546) subscribe /opt/stack/data/venv/lib/python3.12/site-packages/neutron_lib/callbacks/manager.py:52}}
May 09 18:11:15.393911 np0000173245 devstack@neutron-api.service[103549]: DEBUG neutron.api.extensions [None req-f82207cf-db81-4c3c-949a-4799cf90f0be None None] Ext name="Atomically add/remove extra routes" alias="extraroute-atomic" description="Edit extra routes of a router on server side by atomically adding/removing extra routes" updated="2019-07-10T00:00:00+00:00" {{(pid=103549) _check_extension /opt/stack/neutron/neutron/api/extensions.py:415}}
May 09 18:11:15.393963 np0000173245 devstack@neutron-api.service[103546]: DEBUG neutron_lib.callbacks.manager [None req-81ef25c5-d52c-4cbb-8798-ad482b7ce9e0 None None] Subscribe: > security_group_rule after_update 55550000, False {{(pid=103546) subscribe /opt/stack/data/venv/lib/python3.12/site-packages/neutron_lib/callbacks/manager.py:52}}
May 09 18:11:15.394009 np0000173245 devstack@neutron-api.service[103549]: INFO neutron.api.extensions [None req-f82207cf-db81-4c3c-949a-4799cf90f0be None None] Loaded extension: extraroute-atomic
May 09 18:11:15.394053 np0000173245 devstack@neutron-api.service[103546]: DEBUG neutron_lib.callbacks.manager [None req-81ef25c5-d52c-4cbb-8798-ad482b7ce9e0 None None] Subscribe: > security_group_rule after_delete 55550000, False {{(pid=103546) subscribe /opt/stack/data/venv/lib/python3.12/site-packages/neutron_lib/callbacks/manager.py:52}}
May 09 18:11:15.394117 np0000173245 devstack@neutron-api.service[103549]: DEBUG neutron.api.extensions [None req-f82207cf-db81-4c3c-949a-4799cf90f0be None None] Loading extension file: filter_validation.py {{(pid=103549) _load_all_extensions_from_path /opt/stack/neutron/neutron/api/extensions.py:449}}
May 09 18:11:15.394236 np0000173245 devstack@neutron-api.service[103546]: DEBUG neutron_lib.callbacks.manager [None req-81ef25c5-d52c-4cbb-8798-ad482b7ce9e0 None None] Subscribe: > address_group after_create 55550000, False {{(pid=103546) subscribe /opt/stack/data/venv/lib/python3.12/site-packages/neutron_lib/callbacks/manager.py:52}}
May 09 18:11:15.394346 np0000173245 devstack@neutron-api.service[103546]: DEBUG neutron_lib.callbacks.manager [None req-81ef25c5-d52c-4cbb-8798-ad482b7ce9e0 None None] Subscribe: > address_group after_update 55550000, False {{(pid=103546) subscribe /opt/stack/data/venv/lib/python3.12/site-packages/neutron_lib/callbacks/manager.py:52}}
May 09 18:11:15.394404 np0000173245 devstack@neutron-api.service[103549]: DEBUG neutron.api.extensions [None req-f82207cf-db81-4c3c-949a-4799cf90f0be None None] Ext name="Filter parameters validation" alias="filter-validation" description="Provides validation on filter parameters." updated="2018-07-04T10:00:00-00:00" {{(pid=103549) _check_extension /opt/stack/neutron/neutron/api/extensions.py:415}}
May 09 18:11:15.394449 np0000173245 devstack@neutron-api.service[103546]: DEBUG neutron_lib.callbacks.manager [None req-81ef25c5-d52c-4cbb-8798-ad482b7ce9e0 None None] Subscribe: > address_group after_delete 55550000, False {{(pid=103546) subscribe /opt/stack/data/venv/lib/python3.12/site-packages/neutron_lib/callbacks/manager.py:52}}
May 09 18:11:15.394551 np0000173245 devstack@neutron-api.service[103546]: DEBUG neutron.plugins.ml2.ovo_rpc [None req-81ef25c5-d52c-4cbb-8798-ad482b7ce9e0 None None] ML2 OVO RPC backend initialized. {{(pid=103546) __init__ /opt/stack/neutron/neutron/plugins/ml2/ovo_rpc.py:117}}
May 09 18:11:15.394643 np0000173245 devstack@neutron-api.service[103549]: INFO neutron.api.extensions [None req-f82207cf-db81-4c3c-949a-4799cf90f0be None None] Loaded extension: filter-validation
May 09 18:11:15.394746 np0000173245 devstack@neutron-api.service[103549]: DEBUG neutron.api.extensions [None req-f82207cf-db81-4c3c-949a-4799cf90f0be None None] Loading extension file: fip_pf_description.py {{(pid=103549) _load_all_extensions_from_path /opt/stack/neutron/neutron/api/extensions.py:449}}
May 09 18:11:15.394992 np0000173245 devstack@neutron-api.service[103549]: DEBUG neutron.api.extensions [None req-f82207cf-db81-4c3c-949a-4799cf90f0be None None] Ext name="Floating IP Port Forwarding new attribute description" alias="floating-ip-port-forwarding-description" description="Add a description field to Port Forwarding rules" updated="2019-11-01T10:00:00-00:00" {{(pid=103549) _check_extension /opt/stack/neutron/neutron/api/extensions.py:415}}
May 09 18:11:15.395191 np0000173245 devstack@neutron-api.service[103549]: INFO neutron.api.extensions [None req-f82207cf-db81-4c3c-949a-4799cf90f0be None None] Extension floating-ip-port-forwarding-description not supported by any of loaded plugins
May 09 18:11:15.395297 np0000173245 devstack@neutron-api.service[103549]: DEBUG neutron.api.extensions [None req-f82207cf-db81-4c3c-949a-4799cf90f0be None None] Loading extension file: fip_pf_detail.py {{(pid=103549) _load_all_extensions_from_path /opt/stack/neutron/neutron/api/extensions.py:449}}
May 09 18:11:15.395344 np0000173245 devstack@neutron-api.service[103548]: DEBUG neutron_lib.callbacks.manager [None req-37db0b09-1dc3-47c0-929e-ffa85e31eab3 None None] Subscribe: > router before_delete 55550000, False {{(pid=103548) subscribe /opt/stack/data/venv/lib/python3.12/site-packages/neutron_lib/callbacks/manager.py:52}}
May 09 18:11:15.395410 np0000173245 devstack@neutron-api.service[103546]: INFO neutron.quota [None req-81ef25c5-d52c-4cbb-8798-ad482b7ce9e0 None None] Loaded quota_driver: .
May 09 18:11:15.395474 np0000173245 devstack@neutron-api.service[103546]: INFO neutron.plugins.ml2.plugin [None req-81ef25c5-d52c-4cbb-8798-ad482b7ce9e0 None None] Modular L2 Plugin initialization complete
May 09 18:11:15.395521 np0000173245 devstack@neutron-api.service[103549]: DEBUG neutron.api.extensions [None req-f82207cf-db81-4c3c-949a-4799cf90f0be None None] Ext name="Floating IP port forwarding detail" alias="floating-ip-port-forwarding-detail" description="Allow list floating ip return more port forwarding data, include'id' and 'internal_port_id'" updated="2022-05-06T10:00:00-00:00" {{(pid=103549) _check_extension /opt/stack/neutron/neutron/api/extensions.py:415}}
May 09 18:11:15.395565 np0000173245 devstack@neutron-api.service[103548]: DEBUG neutron_lib.callbacks.manager [None req-37db0b09-1dc3-47c0-929e-ffa85e31eab3 None None] Subscribe: port after_update 55550000, False {{(pid=103548) subscribe /opt/stack/data/venv/lib/python3.12/site-packages/neutron_lib/callbacks/manager.py:52}}
May 09 18:11:15.395613 np0000173245 devstack@neutron-api.service[103546]: DEBUG neutron.manager [None req-81ef25c5-d52c-4cbb-8798-ad482b7ce9e0 None None] Loading services supported by the core plugin {{(pid=103546) _load_services_from_core_plugin /opt/stack/neutron/neutron/manager.py:170}}
May 09 18:11:15.395722 np0000173245 devstack@neutron-api.service[103546]: INFO neutron.plugins.ml2.managers [None req-81ef25c5-d52c-4cbb-8798-ad482b7ce9e0 None None] Got port-security extension from driver 'port_security'
May 09 18:11:15.395774 np0000173245 devstack@neutron-api.service[103549]: INFO neutron.api.extensions [None req-f82207cf-db81-4c3c-949a-4799cf90f0be None None] Loaded extension: floating-ip-port-forwarding-detail
May 09 18:11:15.395816 np0000173245 devstack@neutron-api.service[103548]: DEBUG neutron_lib.callbacks.manager [None req-37db0b09-1dc3-47c0-929e-ffa85e31eab3 None None] Subscribe: port after_delete 55550000, False {{(pid=103548) subscribe /opt/stack/data/venv/lib/python3.12/site-packages/neutron_lib/callbacks/manager.py:52}}
May 09 18:11:15.395857 np0000173245 devstack@neutron-api.service[103549]: DEBUG neutron.api.extensions [None req-f82207cf-db81-4c3c-949a-4799cf90f0be None None] Loading extension file: fip_pf_port_range.py {{(pid=103549) _load_all_extensions_from_path /opt/stack/neutron/neutron/api/extensions.py:449}}
May 09 18:11:15.395901 np0000173245 devstack@neutron-api.service[103548]: DEBUG neutron_lib.callbacks.manager [None req-37db0b09-1dc3-47c0-929e-ffa85e31eab3 None None] Subscribe: subnet after_update 55550000, False {{(pid=103548) subscribe /opt/stack/data/venv/lib/python3.12/site-packages/neutron_lib/callbacks/manager.py:52}}
May 09 18:11:15.395991 np0000173245 devstack@neutron-api.service[103546]: DEBUG neutron.manager [None req-81ef25c5-d52c-4cbb-8798-ad482b7ce9e0 None None] Loading service plugins: ['ovn-router', 'auto_allocate', 'tag', 'timestamp', 'network_ip_availability', 'flavors', 'revisions'] {{(pid=103546) _load_service_plugins /opt/stack/neutron/neutron/manager.py:195}}
May 09 18:11:15.396054 np0000173245 devstack@neutron-api.service[103548]: DEBUG neutron_lib.callbacks.manager [None req-37db0b09-1dc3-47c0-929e-ffa85e31eab3 None None] Subscribe: subnetpool_address_scope after_update 55550000, False {{(pid=103548) subscribe /opt/stack/data/venv/lib/python3.12/site-packages/neutron_lib/callbacks/manager.py:52}}
May 09 18:11:15.396109 np0000173245 devstack@neutron-api.service[103549]: DEBUG neutron.api.extensions [None req-f82207cf-db81-4c3c-949a-4799cf90f0be None None] Ext name="Floating IP Port Forwarding support port ranges" alias="floating-ip-port-forwarding-port-ranges" description="Add support to port ranges" updated="2020-07-01T10:00:00-00:00" {{(pid=103549) _check_extension /opt/stack/neutron/neutron/api/extensions.py:415}}
May 09 18:11:15.396153 np0000173245 devstack@neutron-api.service[103546]: INFO neutron.manager [None req-81ef25c5-d52c-4cbb-8798-ad482b7ce9e0 None None] Loading Plugin: ovn-router
May 09 18:11:15.396215 np0000173245 devstack@neutron-api.service[103548]: DEBUG neutron_lib.callbacks.manager [None req-37db0b09-1dc3-47c0-929e-ffa85e31eab3 None None] Subscribe: port before_update 55550000, False {{(pid=103548) subscribe /opt/stack/data/venv/lib/python3.12/site-packages/neutron_lib/callbacks/manager.py:52}}
May 09 18:11:15.396260 np0000173245 devstack@neutron-api.service[103549]: INFO neutron.api.extensions [None req-f82207cf-db81-4c3c-949a-4799cf90f0be None None] Extension floating-ip-port-forwarding-port-ranges not supported by any of loaded plugins
May 09 18:11:15.396328 np0000173245 devstack@neutron-api.service[103549]: DEBUG neutron.api.extensions [None req-f82207cf-db81-4c3c-949a-4799cf90f0be None None] Loading extension file: fip_port_details.py {{(pid=103549) _load_all_extensions_from_path /opt/stack/neutron/neutron/api/extensions.py:449}}
May 09 18:11:15.396392 np0000173245 devstack@neutron-api.service[103548]: DEBUG neutron_lib.callbacks.manager [None req-37db0b09-1dc3-47c0-929e-ffa85e31eab3 None None] Subscribe: port after_update 55550000, False {{(pid=103548) subscribe /opt/stack/data/venv/lib/python3.12/site-packages/neutron_lib/callbacks/manager.py:52}}
May 09 18:11:15.396479 np0000173245 devstack@neutron-api.service[103548]: DEBUG neutron_lib.callbacks.manager [None req-37db0b09-1dc3-47c0-929e-ffa85e31eab3 None None] Subscribe: > port precommit_delete 55550000, False {{(pid=103548) subscribe /opt/stack/data/venv/lib/python3.12/site-packages/neutron_lib/callbacks/manager.py:52}}
May 09 18:11:15.396629 np0000173245 devstack@neutron-api.service[103548]: DEBUG neutron_lib.callbacks.manager [None req-37db0b09-1dc3-47c0-929e-ffa85e31eab3 None None] Subscribe: port before_update 55550000, False {{(pid=103548) subscribe /opt/stack/data/venv/lib/python3.12/site-packages/neutron_lib/callbacks/manager.py:52}}
May 09 18:11:15.396754 np0000173245 devstack@neutron-api.service[103549]: DEBUG neutron.api.extensions [None req-f82207cf-db81-4c3c-949a-4799cf90f0be None None] Ext name="Floating IP Port Details Extension" alias="fip-port-details" description="Add port_details attribute to Floating IP resource" updated="2018-04-09T10:00:00-00:00" {{(pid=103549) _check_extension /opt/stack/neutron/neutron/api/extensions.py:415}}
May 09 18:11:15.396820 np0000173245 devstack@neutron-api.service[103548]: DEBUG neutron_lib.callbacks.manager [None req-37db0b09-1dc3-47c0-929e-ffa85e31eab3 None None] Subscribe: port before_delete 55550000, False {{(pid=103548) subscribe /opt/stack/data/venv/lib/python3.12/site-packages/neutron_lib/callbacks/manager.py:52}}
May 09 18:11:15.396917 np0000173245 devstack@neutron-api.service[103548]: DEBUG neutron_lib.callbacks.manager [None req-37db0b09-1dc3-47c0-929e-ffa85e31eab3 None None] Subscribe: > router precommit_create 55550000, False {{(pid=103548) subscribe /opt/stack/data/venv/lib/python3.12/site-packages/neutron_lib/callbacks/manager.py:52}}
May 09 18:11:15.396969 np0000173245 devstack@neutron-api.service[103549]: INFO neutron.api.extensions [None req-f82207cf-db81-4c3c-949a-4799cf90f0be None None] Loaded extension: fip-port-details
May 09 18:11:15.397054 np0000173245 devstack@neutron-api.service[103549]: DEBUG neutron.api.extensions [None req-f82207cf-db81-4c3c-949a-4799cf90f0be None None] Loading extension file: flavors.py {{(pid=103549) _load_all_extensions_from_path /opt/stack/neutron/neutron/api/extensions.py:449}}
May 09 18:11:15.397107 np0000173245 devstack@neutron-api.service[103548]: DEBUG neutron_lib.callbacks.manager [None req-37db0b09-1dc3-47c0-929e-ffa85e31eab3 None None] Subscribe: > router precommit_create 55550000, False {{(pid=103548) subscribe /opt/stack/data/venv/lib/python3.12/site-packages/neutron_lib/callbacks/manager.py:52}}
May 09 18:11:15.397274 np0000173245 devstack@neutron-api.service[103548]: DEBUG neutron_lib.callbacks.manager [None req-37db0b09-1dc3-47c0-929e-ffa85e31eab3 None None] Subscribe: > router precommit_update 55550000, False {{(pid=103548) subscribe /opt/stack/data/venv/lib/python3.12/site-packages/neutron_lib/callbacks/manager.py:52}}
May 09 18:11:15.397352 np0000173245 devstack@neutron-api.service[103549]: DEBUG neutron.api.extensions [None req-f82207cf-db81-4c3c-949a-4799cf90f0be None None] Ext name="Neutron Service Flavors" alias="flavors" description="Flavor specification for Neutron advanced services." updated="2015-09-17T10:00:00-00:00" {{(pid=103549) _check_extension /opt/stack/neutron/neutron/api/extensions.py:415}}
May 09 18:11:15.397424 np0000173245 devstack@neutron-api.service[103548]: DEBUG neutron_lib.callbacks.manager [None req-37db0b09-1dc3-47c0-929e-ffa85e31eab3 None None] Subscribe: subnet after_update 55550000, False {{(pid=103548) subscribe /opt/stack/data/venv/lib/python3.12/site-packages/neutron_lib/callbacks/manager.py:52}}
May 09 18:11:15.397535 np0000173245 devstack@neutron-api.service[103549]: INFO neutron.api.extensions [None req-f82207cf-db81-4c3c-949a-4799cf90f0be None None] Loaded extension: flavors
May 09 18:11:15.397632 np0000173245 devstack@neutron-api.service[103549]: DEBUG neutron.api.extensions [None req-f82207cf-db81-4c3c-949a-4799cf90f0be None None] Loading extension file: floating_ip_port_forwarding.py {{(pid=103549) _load_all_extensions_from_path /opt/stack/neutron/neutron/api/extensions.py:449}}
May 09 18:11:15.398031 np0000173245 devstack@neutron-api.service[103549]: DEBUG neutron.api.extensions [None req-f82207cf-db81-4c3c-949a-4799cf90f0be None None] Ext name="Floating IP Port Forwarding" alias="floating-ip-port-forwarding" description="Allow port forwarding from floating IP port to an internal port" updated="2018-01-19T10:00:00-00:00" {{(pid=103549) _check_extension /opt/stack/neutron/neutron/api/extensions.py:415}}
May 09 18:11:15.398237 np0000173245 devstack@neutron-api.service[103549]: INFO neutron.api.extensions [None req-f82207cf-db81-4c3c-949a-4799cf90f0be None None] Extension floating-ip-port-forwarding not supported by any of loaded plugins
May 09 18:11:15.398332 np0000173245 devstack@neutron-api.service[103549]: DEBUG neutron.api.extensions [None req-f82207cf-db81-4c3c-949a-4799cf90f0be None None] Loading extension file: floatingip_pools.py {{(pid=103549) _load_all_extensions_from_path /opt/stack/neutron/neutron/api/extensions.py:449}}
May 09 18:11:15.398412 np0000173245 devstack@neutron-api.service[103548]: DEBUG neutron.quota.resource_registry [None req-37db0b09-1dc3-47c0-929e-ffa85e31eab3 None None] Tracking information for resource: router configured {{(pid=103548) set_tracked_resource /opt/stack/neutron/neutron/quota/resource_registry.py:203}}
May 09 18:11:15.398557 np0000173245 devstack@neutron-api.service[103548]: DEBUG neutron.quota.resource_registry [None req-37db0b09-1dc3-47c0-929e-ffa85e31eab3 None None] Tracking information for resource: floatingip configured {{(pid=103548) set_tracked_resource /opt/stack/neutron/neutron/quota/resource_registry.py:203}}
May 09 18:11:15.398611 np0000173245 devstack@neutron-api.service[103549]: DEBUG neutron.api.extensions [None req-f82207cf-db81-4c3c-949a-4799cf90f0be None None] Ext name="Floating IP Pools Extension" alias="floatingip-pools" description="Provides a floating IP pools API." updated="2018-03-21T10:00:00-00:00" {{(pid=103549) _check_extension /opt/stack/neutron/neutron/api/extensions.py:415}}
May 09 18:11:15.398684 np0000173245 devstack@neutron-api.service[103548]: INFO neutron.services.ovn_l3.plugin [None req-37db0b09-1dc3-47c0-929e-ffa85e31eab3 None None] Starting OVNL3RouterPlugin
May 09 18:11:15.398798 np0000173245 devstack@neutron-api.service[103549]: INFO neutron.api.extensions [None req-f82207cf-db81-4c3c-949a-4799cf90f0be None None] Loaded extension: floatingip-pools
May 09 18:11:15.398921 np0000173245 devstack@neutron-api.service[103549]: DEBUG neutron.api.extensions [None req-f82207cf-db81-4c3c-949a-4799cf90f0be None None] Loading extension file: ip_allocation.py {{(pid=103549) _load_all_extensions_from_path /opt/stack/neutron/neutron/api/extensions.py:449}}
May 09 18:11:15.399008 np0000173245 devstack@neutron-api.service[103548]: DEBUG neutron_lib.callbacks.manager [None req-37db0b09-1dc3-47c0-929e-ffa85e31eab3 None None] Subscribe: > port_forwarding_plugin after_init 55550000, False {{(pid=103548) subscribe /opt/stack/data/venv/lib/python3.12/site-packages/neutron_lib/callbacks/manager.py:52}}
May 09 18:11:15.399197 np0000173245 devstack@neutron-api.service[103549]: DEBUG neutron.api.extensions [None req-f82207cf-db81-4c3c-949a-4799cf90f0be None None] Ext name="IP Allocation" alias="ip_allocation" description="IP allocation extension." updated="2016-06-10T23:00:00-00:00" {{(pid=103549) _check_extension /opt/stack/neutron/neutron/api/extensions.py:415}}
May 09 18:11:15.399319 np0000173245 devstack@neutron-api.service[103548]: DEBUG neutron_lib.callbacks.manager [None req-37db0b09-1dc3-47c0-929e-ffa85e31eab3 None None] Subscribe: > router before_create 55550100, False {{(pid=103548) subscribe /opt/stack/data/venv/lib/python3.12/site-packages/neutron_lib/callbacks/manager.py:52}}
May 09 18:11:15.399393 np0000173245 devstack@neutron-api.service[103549]: INFO neutron.api.extensions [None req-f82207cf-db81-4c3c-949a-4799cf90f0be None None] Extension ip_allocation not supported by any of loaded plugins
May 09 18:11:15.399481 np0000173245 devstack@neutron-api.service[103549]: DEBUG neutron.api.extensions [None req-f82207cf-db81-4c3c-949a-4799cf90f0be None None] Loading extension file: ip_substring_port_filtering.py {{(pid=103549) _load_all_extensions_from_path /opt/stack/neutron/neutron/api/extensions.py:449}}
May 09 18:11:15.399624 np0000173245 devstack@neutron-api.service[103548]: DEBUG neutron_lib.callbacks.manager [None req-37db0b09-1dc3-47c0-929e-ffa85e31eab3 None None] Subscribe: > router precommit_delete 55550100, False {{(pid=103548) subscribe /opt/stack/data/venv/lib/python3.12/site-packages/neutron_lib/callbacks/manager.py:52}}
May 09 18:11:15.399723 np0000173245 devstack@neutron-api.service[103549]: DEBUG neutron.api.extensions [None req-f82207cf-db81-4c3c-949a-4799cf90f0be None None] Ext name="IP address substring filtering" alias="ip-substring-filtering" description="Provides IP address substring filtering when listing ports" updated="2017-11-28T09:00:00-00:00" {{(pid=103549) _check_extension /opt/stack/neutron/neutron/api/extensions.py:415}}
May 09 18:11:15.399786 np0000173245 devstack@neutron-api.service[103548]: DEBUG neutron_lib.callbacks.manager [None req-37db0b09-1dc3-47c0-929e-ffa85e31eab3 None None] Subscribe: > router precommit_create 55550100, False {{(pid=103548) subscribe /opt/stack/data/venv/lib/python3.12/site-packages/neutron_lib/callbacks/manager.py:52}}
May 09 18:11:15.399915 np0000173245 devstack@neutron-api.service[103549]: INFO neutron.api.extensions [None req-f82207cf-db81-4c3c-949a-4799cf90f0be None None] Extension ip-substring-filtering not supported by any of loaded plugins
May 09 18:11:15.399970 np0000173245 devstack@neutron-api.service[103548]: DEBUG neutron_lib.callbacks.manager [None req-37db0b09-1dc3-47c0-929e-ffa85e31eab3 None None] Subscribe: > router precommit_update 55550100, False {{(pid=103548) subscribe /opt/stack/data/venv/lib/python3.12/site-packages/neutron_lib/callbacks/manager.py:52}}
May 09 18:11:15.400010 np0000173245 devstack@neutron-api.service[103549]: DEBUG neutron.api.extensions [None req-f82207cf-db81-4c3c-949a-4799cf90f0be None None] Loading extension file: l2_adjacency.py {{(pid=103549) _load_all_extensions_from_path /opt/stack/neutron/neutron/api/extensions.py:449}}
May 09 18:11:15.400280 np0000173245 devstack@neutron-api.service[103549]: DEBUG neutron.api.extensions [None req-f82207cf-db81-4c3c-949a-4799cf90f0be None None] Ext name="L2 Adjacency" alias="l2_adjacency" description="Display L2 Adjacency for Neutron Networks." updated="2016-04-12T16:00:00-00:00" {{(pid=103549) _check_extension /opt/stack/neutron/neutron/api/extensions.py:415}}
May 09 18:11:15.400516 np0000173245 devstack@neutron-api.service[103549]: INFO neutron.api.extensions [None req-f82207cf-db81-4c3c-949a-4799cf90f0be None None] Extension l2_adjacency not supported by any of loaded plugins
May 09 18:11:15.400622 np0000173245 devstack@neutron-api.service[103549]: DEBUG neutron.api.extensions [None req-f82207cf-db81-4c3c-949a-4799cf90f0be None None] Loading extension file: l3.py {{(pid=103549) _load_all_extensions_from_path /opt/stack/neutron/neutron/api/extensions.py:449}}
May 09 18:11:15.401120 np0000173245 devstack@neutron-api.service[103549]: DEBUG neutron.api.extensions [None req-f82207cf-db81-4c3c-949a-4799cf90f0be None None] Ext name="Neutron L3 Router" alias="router" description="Router abstraction for basic L3 forwarding between L2 Neutron networks and access to external networks via a NAT gateway." updated="2012-07-20T10:00:00-00:00" {{(pid=103549) _check_extension /opt/stack/neutron/neutron/api/extensions.py:415}}
May 09 18:11:15.401322 np0000173245 devstack@neutron-api.service[103549]: INFO neutron.api.extensions [None req-f82207cf-db81-4c3c-949a-4799cf90f0be None None] Loaded extension: router
May 09 18:11:15.401423 np0000173245 devstack@neutron-api.service[103549]: DEBUG neutron.api.extensions [None req-f82207cf-db81-4c3c-949a-4799cf90f0be None None] Loading extension file: l3_conntrack_helper.py {{(pid=103549) _load_all_extensions_from_path /opt/stack/neutron/neutron/api/extensions.py:449}}
May 09 18:11:15.402148 np0000173245 devstack@neutron-api.service[103549]: DEBUG neutron.api.extensions [None req-f82207cf-db81-4c3c-949a-4799cf90f0be None None] Ext name="L3 Conntrack helper" alias="l3-conntrack-helper" description="Allow adding CT target rules for conntrack helper" updated="2019-04-04T10:00:00-00:00" {{(pid=103549) _check_extension /opt/stack/neutron/neutron/api/extensions.py:415}}
May 09 18:11:15.402354 np0000173245 devstack@neutron-api.service[103549]: INFO neutron.api.extensions [None req-f82207cf-db81-4c3c-949a-4799cf90f0be None None] Extension l3-conntrack-helper not supported by any of loaded plugins
May 09 18:11:15.402453 np0000173245 devstack@neutron-api.service[103549]: DEBUG neutron.api.extensions [None req-f82207cf-db81-4c3c-949a-4799cf90f0be None None] Loading extension file: l3_enable_default_route_bfd.py {{(pid=103549) _load_all_extensions_from_path /opt/stack/neutron/neutron/api/extensions.py:449}}
May 09 18:11:15.402708 np0000173245 devstack@neutron-api.service[103549]: DEBUG neutron.api.extensions [None req-f82207cf-db81-4c3c-949a-4799cf90f0be None None] Ext name="Enable Default Route BFD" alias="enable-default-route-bfd" description="Enables configurable BFD behavior for default routes" updated="2023-02-27T00:00:00-00:00" {{(pid=103549) _check_extension /opt/stack/neutron/neutron/api/extensions.py:415}}
May 09 18:11:15.402885 np0000173245 devstack@neutron-api.service[103549]: INFO neutron.api.extensions [None req-f82207cf-db81-4c3c-949a-4799cf90f0be None None] Loaded extension: enable-default-route-bfd
May 09 18:11:15.402978 np0000173245 devstack@neutron-api.service[103549]: DEBUG neutron.api.extensions [None req-f82207cf-db81-4c3c-949a-4799cf90f0be None None] Loading extension file: l3_enable_default_route_ecmp.py {{(pid=103549) _load_all_extensions_from_path /opt/stack/neutron/neutron/api/extensions.py:449}}
May 09 18:11:15.403864 np0000173245 devstack@neutron-api.service[103549]: DEBUG neutron.api.extensions [None req-f82207cf-db81-4c3c-949a-4799cf90f0be None None] Ext name="Enable Default Route ECMP" alias="enable-default-route-ecmp" description="Enables configurable ECMP behavior for default routes" updated="2023-02-27T00:00:00-00:00" {{(pid=103549) _check_extension /opt/stack/neutron/neutron/api/extensions.py:415}}
May 09 18:11:15.403864 np0000173245 devstack@neutron-api.service[103549]: INFO neutron.api.extensions [None req-f82207cf-db81-4c3c-949a-4799cf90f0be None None] Loaded extension: enable-default-route-ecmp
May 09 18:11:15.403864 np0000173245 devstack@neutron-api.service[103549]: DEBUG neutron.api.extensions [None req-f82207cf-db81-4c3c-949a-4799cf90f0be None None] Loading extension file: l3_ext_gw_mode.py {{(pid=103549) _load_all_extensions_from_path /opt/stack/neutron/neutron/api/extensions.py:449}}
May 09 18:11:15.403864 np0000173245 devstack@neutron-api.service[103549]: DEBUG neutron.api.extensions [None req-f82207cf-db81-4c3c-949a-4799cf90f0be None None] Ext name="Neutron L3 Configurable external gateway mode" alias="ext-gw-mode" description="Extension of the router abstraction for specifying whether SNAT should occur on the external gateway" updated="2013-03-28T10:00:00-00:00" {{(pid=103549) _check_extension /opt/stack/neutron/neutron/api/extensions.py:415}}
May 09 18:11:15.403864 np0000173245 devstack@neutron-api.service[103549]: INFO neutron.api.extensions [None req-f82207cf-db81-4c3c-949a-4799cf90f0be None None] Loaded extension: ext-gw-mode
May 09 18:11:15.404119 np0000173245 devstack@neutron-api.service[103549]: DEBUG neutron.api.extensions [None req-f82207cf-db81-4c3c-949a-4799cf90f0be None None] Loading extension file: l3_ext_ha_mode.py {{(pid=103549) _load_all_extensions_from_path /opt/stack/neutron/neutron/api/extensions.py:449}}
May 09 18:11:15.404227 np0000173245 devstack@neutron-api.service[103549]: DEBUG neutron.api.extensions [None req-f82207cf-db81-4c3c-949a-4799cf90f0be None None] Ext name="HA Router extension" alias="l3-ha" description="Adds HA capability to routers." updated="2014-04-26T00:00:00-00:00" {{(pid=103549) _check_extension /opt/stack/neutron/neutron/api/extensions.py:415}}
May 09 18:11:15.404446 np0000173245 devstack@neutron-api.service[103549]: INFO neutron.api.extensions [None req-f82207cf-db81-4c3c-949a-4799cf90f0be None None] Loaded extension: l3-ha
May 09 18:11:15.404492 np0000173245 devstack@neutron-api.service[103548]: DEBUG neutron.services.provider_configuration [None req-37db0b09-1dc3-47c0-929e-ffa85e31eab3 None None] Service providers = [] {{(pid=103548) parse_service_provider_opt /opt/stack/neutron/neutron/services/provider_configuration.py:170}}
May 09 18:11:15.404544 np0000173245 devstack@neutron-api.service[103549]: DEBUG neutron.api.extensions [None req-f82207cf-db81-4c3c-949a-4799cf90f0be None None] Loading extension file: l3_ext_ndp_proxy.py {{(pid=103549) _load_all_extensions_from_path /opt/stack/neutron/neutron/api/extensions.py:449}}
May 09 18:11:15.404630 np0000173245 devstack@neutron-api.service[103548]: DEBUG neutron.db.servicetype_db [None req-37db0b09-1dc3-47c0-929e-ffa85e31eab3 None None] Adding provider configuration for service L3_ROUTER_NAT {{(pid=103548) add_provider_configuration /opt/stack/neutron/neutron/db/servicetype_db.py:45}}
May 09 18:11:15.404733 np0000173245 devstack@neutron-api.service[103549]: DEBUG neutron.api.extensions [None req-f82207cf-db81-4c3c-949a-4799cf90f0be None None] Ext name="Router support to enable NDP proxy" alias="l3-ext-ndp-proxy" description="Router extension to enable ndp proxy" updated="2020-08-25T00:00:00-00:00" {{(pid=103549) _check_extension /opt/stack/neutron/neutron/api/extensions.py:415}}
May 09 18:11:15.404956 np0000173245 devstack@neutron-api.service[103549]: INFO neutron.api.extensions [None req-f82207cf-db81-4c3c-949a-4799cf90f0be None None] Extension l3-ext-ndp-proxy not supported by any of loaded plugins
May 09 18:11:15.404996 np0000173245 devstack@neutron-api.service[103549]: DEBUG neutron.api.extensions [None req-f82207cf-db81-4c3c-949a-4799cf90f0be None None] Loading extension file: l3_extra_gws.py {{(pid=103549) _load_all_extensions_from_path /opt/stack/neutron/neutron/api/extensions.py:449}}
May 09 18:11:15.405275 np0000173245 devstack@neutron-api.service[103549]: DEBUG neutron.api.extensions [None req-f82207cf-db81-4c3c-949a-4799cf90f0be None None] Ext name="Neutron L3 External Gateway Multihoming" alias="external-gateway-multihoming" description="Allow multiple external gateway ports per router" updated="2023-01-18T00:00:00-00:00" {{(pid=103549) _check_extension /opt/stack/neutron/neutron/api/extensions.py:415}}
May 09 18:11:15.405415 np0000173245 devstack@neutron-api.service[103549]: INFO neutron.api.extensions [None req-f82207cf-db81-4c3c-949a-4799cf90f0be None None] Loaded extension: external-gateway-multihoming
May 09 18:11:15.405513 np0000173245 devstack@neutron-api.service[103549]: DEBUG neutron.api.extensions [None req-f82207cf-db81-4c3c-949a-4799cf90f0be None None] Loading extension file: l3_flavors.py {{(pid=103549) _load_all_extensions_from_path /opt/stack/neutron/neutron/api/extensions.py:449}}
May 09 18:11:15.405812 np0000173245 devstack@neutron-api.service[103549]: DEBUG neutron.api.extensions [None req-f82207cf-db81-4c3c-949a-4799cf90f0be None None] Ext name="Router Flavor Extension" alias="l3-flavors" description="Flavor support for routers." updated="2016-05-17T00:00:00-00:00" {{(pid=103549) _check_extension /opt/stack/neutron/neutron/api/extensions.py:415}}
May 09 18:11:15.405939 np0000173245 devstack@neutron-api.service[103549]: INFO neutron.api.extensions [None req-f82207cf-db81-4c3c-949a-4799cf90f0be None None] Loaded extension: l3-flavors
May 09 18:11:15.406035 np0000173245 devstack@neutron-api.service[103549]: DEBUG neutron.api.extensions [None req-f82207cf-db81-4c3c-949a-4799cf90f0be None None] Loading extension file: l3_ndp_proxy.py {{(pid=103549) _load_all_extensions_from_path /opt/stack/neutron/neutron/api/extensions.py:449}}
May 09 18:11:15.406306 np0000173245 devstack@neutron-api.service[103546]: DEBUG neutron_lib.callbacks.manager [None req-81ef25c5-d52c-4cbb-8798-ad482b7ce9e0 None None] Subscribe: > router before_delete 55550000, False {{(pid=103546) subscribe /opt/stack/data/venv/lib/python3.12/site-packages/neutron_lib/callbacks/manager.py:52}}
May 09 18:11:15.406362 np0000173245 devstack@neutron-api.service[103549]: DEBUG neutron.api.extensions [None req-f82207cf-db81-4c3c-949a-4799cf90f0be None None] Ext name="name" alias="l3-ndp-proxy" description="description" updated="2021-06-29T10:00:00-00:00" {{(pid=103549) _check_extension /opt/stack/neutron/neutron/api/extensions.py:415}}
May 09 18:11:15.406522 np0000173245 devstack@neutron-api.service[103546]: DEBUG neutron_lib.callbacks.manager [None req-81ef25c5-d52c-4cbb-8798-ad482b7ce9e0 None None] Subscribe: port after_update 55550000, False {{(pid=103546) subscribe /opt/stack/data/venv/lib/python3.12/site-packages/neutron_lib/callbacks/manager.py:52}}
May 09 18:11:15.406580 np0000173245 devstack@neutron-api.service[103549]: INFO neutron.api.extensions [None req-f82207cf-db81-4c3c-949a-4799cf90f0be None None] Extension l3-ndp-proxy not supported by any of loaded plugins
May 09 18:11:15.406624 np0000173245 devstack@neutron-api.service[103548]: DEBUG neutron_lib.callbacks.manager [None req-37db0b09-1dc3-47c0-929e-ffa85e31eab3 None None] Subscribe: > router precommit_create 55549900, False {{(pid=103548) subscribe /opt/stack/data/venv/lib/python3.12/site-packages/neutron_lib/callbacks/manager.py:52}}
May 09 18:11:15.406668 np0000173245 devstack@neutron-api.service[103549]: DEBUG neutron.api.extensions [None req-f82207cf-db81-4c3c-949a-4799cf90f0be None None] Loading extension file: l3_port_ip_change_not_allowed.py {{(pid=103549) _load_all_extensions_from_path /opt/stack/neutron/neutron/api/extensions.py:449}}
May 09 18:11:15.406869 np0000173245 devstack@neutron-api.service[103546]: DEBUG neutron_lib.callbacks.manager [None req-81ef25c5-d52c-4cbb-8798-ad482b7ce9e0 None None] Subscribe: port after_delete 55550000, False {{(pid=103546) subscribe /opt/stack/data/venv/lib/python3.12/site-packages/neutron_lib/callbacks/manager.py:52}}
May 09 18:11:15.406932 np0000173245 devstack@neutron-api.service[103548]: DEBUG neutron_lib.callbacks.manager [None req-37db0b09-1dc3-47c0-929e-ffa85e31eab3 None None] Subscribe: > router_interface after_create 55550000, False {{(pid=103548) subscribe /opt/stack/data/venv/lib/python3.12/site-packages/neutron_lib/callbacks/manager.py:52}}
May 09 18:11:15.407047 np0000173245 devstack@neutron-api.service[103546]: DEBUG neutron_lib.callbacks.manager [None req-81ef25c5-d52c-4cbb-8798-ad482b7ce9e0 None None] Subscribe: subnet after_update 55550000, False {{(pid=103546) subscribe /opt/stack/data/venv/lib/python3.12/site-packages/neutron_lib/callbacks/manager.py:52}}
May 09 18:11:15.407141 np0000173245 devstack@neutron-api.service[103549]: DEBUG neutron.api.extensions [None req-f82207cf-db81-4c3c-949a-4799cf90f0be None None] Ext name="Prevent L3 router ports IP address change extension" alias="l3-port-ip-change-not-allowed" description="Prevent change of IP address for some L3 router ports" updated="2018-10-09T10:00:00-00:00" {{(pid=103549) _check_extension /opt/stack/neutron/neutron/api/extensions.py:415}}
May 09 18:11:15.407215 np0000173245 devstack@neutron-api.service[103548]: DEBUG neutron_lib.callbacks.manager [None req-37db0b09-1dc3-47c0-929e-ffa85e31eab3 None None] Subscribe: > floatingip after_create 55550000, False {{(pid=103548) subscribe /opt/stack/data/venv/lib/python3.12/site-packages/neutron_lib/callbacks/manager.py:52}}
May 09 18:11:15.407309 np0000173245 devstack@neutron-api.service[103546]: DEBUG neutron_lib.callbacks.manager [None req-81ef25c5-d52c-4cbb-8798-ad482b7ce9e0 None None] Subscribe: subnetpool_address_scope after_update 55550000, False {{(pid=103546) subscribe /opt/stack/data/venv/lib/python3.12/site-packages/neutron_lib/callbacks/manager.py:52}}
May 09 18:11:15.407354 np0000173245 devstack@neutron-api.service[103549]: INFO neutron.api.extensions [None req-f82207cf-db81-4c3c-949a-4799cf90f0be None None] Extension l3-port-ip-change-not-allowed not supported by any of loaded plugins
May 09 18:11:15.407402 np0000173245 devstack@neutron-api.service[103548]: DEBUG neutron_lib.callbacks.manager [None req-37db0b09-1dc3-47c0-929e-ffa85e31eab3 None None] Subscribe: > floatingip precommit_create 55550000, False {{(pid=103548) subscribe /opt/stack/data/venv/lib/python3.12/site-packages/neutron_lib/callbacks/manager.py:52}}
May 09 18:11:15.407534 np0000173245 devstack@neutron-api.service[103546]: DEBUG neutron_lib.callbacks.manager [None req-81ef25c5-d52c-4cbb-8798-ad482b7ce9e0 None None] Subscribe: port before_update 55550000, False {{(pid=103546) subscribe /opt/stack/data/venv/lib/python3.12/site-packages/neutron_lib/callbacks/manager.py:52}}
May 09 18:11:15.407651 np0000173245 devstack@neutron-api.service[103549]: DEBUG neutron.api.extensions [None req-f82207cf-db81-4c3c-949a-4799cf90f0be None None] Loading extension file: l3agentscheduler.py {{(pid=103549) _load_all_extensions_from_path /opt/stack/neutron/neutron/api/extensions.py:449}}
May 09 18:11:15.407695 np0000173245 devstack@neutron-api.service[103548]: DEBUG neutron_lib.callbacks.manager [None req-37db0b09-1dc3-47c0-929e-ffa85e31eab3 None None] Subscribe: > floatingip precommit_update 55550000, False {{(pid=103548) subscribe /opt/stack/data/venv/lib/python3.12/site-packages/neutron_lib/callbacks/manager.py:52}}
May 09 18:11:15.407736 np0000173245 devstack@neutron-api.service[103546]: DEBUG neutron_lib.callbacks.manager [None req-81ef25c5-d52c-4cbb-8798-ad482b7ce9e0 None None] Subscribe: port after_update 55550000, False {{(pid=103546) subscribe /opt/stack/data/venv/lib/python3.12/site-packages/neutron_lib/callbacks/manager.py:52}}
May 09 18:11:15.407736 np0000173245 devstack@neutron-api.service[103546]: DEBUG neutron_lib.callbacks.manager [None req-81ef25c5-d52c-4cbb-8798-ad482b7ce9e0 None None] Subscribe: > port precommit_delete 55550000, False {{(pid=103546) subscribe /opt/stack/data/venv/lib/python3.12/site-packages/neutron_lib/callbacks/manager.py:52}}
May 09 18:11:15.407813 np0000173245 devstack@neutron-api.service[103548]: DEBUG neutron_lib.callbacks.manager [None req-37db0b09-1dc3-47c0-929e-ffa85e31eab3 None None] Subscribe: > floatingip after_delete 55550000, False {{(pid=103548) subscribe /opt/stack/data/venv/lib/python3.12/site-packages/neutron_lib/callbacks/manager.py:52}}
May 09 18:11:15.407865 np0000173245 devstack@neutron-api.service[103546]: DEBUG neutron_lib.callbacks.manager [None req-81ef25c5-d52c-4cbb-8798-ad482b7ce9e0 None None] Subscribe: port before_update 55550000, False {{(pid=103546) subscribe /opt/stack/data/venv/lib/python3.12/site-packages/neutron_lib/callbacks/manager.py:52}}
May 09 18:11:15.408043 np0000173245 devstack@neutron-api.service[103548]: DEBUG neutron_lib.callbacks.manager [None req-37db0b09-1dc3-47c0-929e-ffa85e31eab3 None None] Subscribe: > floatingip after_status_update 55550000, False {{(pid=103548) subscribe /opt/stack/data/venv/lib/python3.12/site-packages/neutron_lib/callbacks/manager.py:52}}
May 09 18:11:15.408143 np0000173245 devstack@neutron-api.service[103546]: DEBUG neutron_lib.callbacks.manager [None req-81ef25c5-d52c-4cbb-8798-ad482b7ce9e0 None None] Subscribe: port before_delete 55550000, False {{(pid=103546) subscribe /opt/stack/data/venv/lib/python3.12/site-packages/neutron_lib/callbacks/manager.py:52}}
May 09 18:11:15.408274 np0000173245 devstack@neutron-api.service[103548]: DEBUG neutron_lib.callbacks.manager [None req-37db0b09-1dc3-47c0-929e-ffa85e31eab3 None None] Subscribe: > floatingip after_update 55550000, False {{(pid=103548) subscribe /opt/stack/data/venv/lib/python3.12/site-packages/neutron_lib/callbacks/manager.py:52}}
May 09 18:11:15.408369 np0000173245 devstack@neutron-api.service[103549]: DEBUG neutron.api.extensions [None req-f82207cf-db81-4c3c-949a-4799cf90f0be None None] Ext name="L3 Agent Scheduler" alias="l3_agent_scheduler" description="Schedule routers among l3 agents" updated="2013-02-07T10:00:00-00:00" {{(pid=103549) _check_extension /opt/stack/neutron/neutron/api/extensions.py:415}}
May 09 18:11:15.408422 np0000173245 devstack@neutron-api.service[103546]: DEBUG neutron_lib.callbacks.manager [None req-81ef25c5-d52c-4cbb-8798-ad482b7ce9e0 None None] Subscribe: > router precommit_create 55550000, False {{(pid=103546) subscribe /opt/stack/data/venv/lib/python3.12/site-packages/neutron_lib/callbacks/manager.py:52}}
May 09 18:11:15.408468 np0000173245 devstack@neutron-api.service[103548]: DEBUG neutron_lib.callbacks.manager [None req-37db0b09-1dc3-47c0-929e-ffa85e31eab3 None None] Subscribe: > port_forwarding after_create 55550000, False {{(pid=103548) subscribe /opt/stack/data/venv/lib/python3.12/site-packages/neutron_lib/callbacks/manager.py:52}}
May 09 18:11:15.408562 np0000173245 devstack@neutron-api.service[103546]: DEBUG neutron_lib.callbacks.manager [None req-81ef25c5-d52c-4cbb-8798-ad482b7ce9e0 None None] Subscribe: > router precommit_create 55550000, False {{(pid=103546) subscribe /opt/stack/data/venv/lib/python3.12/site-packages/neutron_lib/callbacks/manager.py:52}}
May 09 18:11:15.408607 np0000173245 devstack@neutron-api.service[103549]: INFO neutron.api.extensions [None req-f82207cf-db81-4c3c-949a-4799cf90f0be None None] Extension l3_agent_scheduler not supported by any of loaded plugins
May 09 18:11:15.408694 np0000173245 devstack@neutron-api.service[103548]: DEBUG neutron_lib.callbacks.manager [None req-37db0b09-1dc3-47c0-929e-ffa85e31eab3 None None] Subscribe: > router_interface after_delete 55550000, False {{(pid=103548) subscribe /opt/stack/data/venv/lib/python3.12/site-packages/neutron_lib/callbacks/manager.py:52}}
May 09 18:11:15.408746 np0000173245 devstack@neutron-api.service[103546]: DEBUG neutron_lib.callbacks.manager [None req-81ef25c5-d52c-4cbb-8798-ad482b7ce9e0 None None] Subscribe: > router precommit_update 55550000, False {{(pid=103546) subscribe /opt/stack/data/venv/lib/python3.12/site-packages/neutron_lib/callbacks/manager.py:52}}
May 09 18:11:15.408791 np0000173245 devstack@neutron-api.service[103549]: DEBUG neutron.api.extensions [None req-f82207cf-db81-4c3c-949a-4799cf90f0be None None] Loading extension file: local_ip.py {{(pid=103549) _load_all_extensions_from_path /opt/stack/neutron/neutron/api/extensions.py:449}}
May 09 18:11:15.408877 np0000173245 devstack@neutron-api.service[103548]: DEBUG neutron_lib.callbacks.manager [None req-37db0b09-1dc3-47c0-929e-ffa85e31eab3 None None] Subscribe: > router after_create 55550000, False {{(pid=103548) subscribe /opt/stack/data/venv/lib/python3.12/site-packages/neutron_lib/callbacks/manager.py:52}}
May 09 18:11:15.408920 np0000173245 devstack@neutron-api.service[103546]: DEBUG neutron_lib.callbacks.manager [None req-81ef25c5-d52c-4cbb-8798-ad482b7ce9e0 None None] Subscribe: subnet after_update 55550000, False {{(pid=103546) subscribe /opt/stack/data/venv/lib/python3.12/site-packages/neutron_lib/callbacks/manager.py:52}}
May 09 18:11:15.409004 np0000173245 devstack@neutron-api.service[103548]: DEBUG neutron_lib.callbacks.manager [None req-37db0b09-1dc3-47c0-929e-ffa85e31eab3 None None] Subscribe: > router precommit_create 55550000, False {{(pid=103548) subscribe /opt/stack/data/venv/lib/python3.12/site-packages/neutron_lib/callbacks/manager.py:52}}
May 09 18:11:15.409068 np0000173245 devstack@neutron-api.service[103549]: DEBUG neutron.api.extensions [None req-f82207cf-db81-4c3c-949a-4799cf90f0be None None] Ext name="Local IP" alias="local_ip" description="Support Node Local Virtual IP" updated="2021-07-26T10:00:00-00:00" {{(pid=103549) _check_extension /opt/stack/neutron/neutron/api/extensions.py:415}}
May 09 18:11:15.409189 np0000173245 devstack@neutron-api.service[103548]: DEBUG neutron_lib.callbacks.manager [None req-37db0b09-1dc3-47c0-929e-ffa85e31eab3 None None] Subscribe: > router after_delete 55550000, False {{(pid=103548) subscribe /opt/stack/data/venv/lib/python3.12/site-packages/neutron_lib/callbacks/manager.py:52}}
May 09 18:11:15.409277 np0000173245 devstack@neutron-api.service[103549]: INFO neutron.api.extensions [None req-f82207cf-db81-4c3c-949a-4799cf90f0be None None] Extension local_ip not supported by any of loaded plugins
May 09 18:11:15.409339 np0000173245 devstack@neutron-api.service[103548]: DEBUG neutron_lib.callbacks.manager [None req-37db0b09-1dc3-47c0-929e-ffa85e31eab3 None None] Subscribe: > router after_update 55550000, False {{(pid=103548) subscribe /opt/stack/data/venv/lib/python3.12/site-packages/neutron_lib/callbacks/manager.py:52}}
May 09 18:11:15.409390 np0000173245 devstack@neutron-api.service[103549]: DEBUG neutron.api.extensions [None req-f82207cf-db81-4c3c-949a-4799cf90f0be None None] Loading extension file: logging.py {{(pid=103549) _load_all_extensions_from_path /opt/stack/neutron/neutron/api/extensions.py:449}}
May 09 18:11:15.409434 np0000173245 devstack@neutron-api.service[103548]: DEBUG neutron.services.service_base [None req-37db0b09-1dc3-47c0-929e-ffa85e31eab3 None None] Loaded 'neutron.services.ovn_l3.service_providers.ovn.OvnDriver' provider for service L3_ROUTER_NAT {{(pid=103548) load_drivers /opt/stack/neutron/neutron/services/service_base.py:49}}
May 09 18:11:15.409434 np0000173245 devstack@neutron-api.service[103548]: DEBUG neutron_lib.callbacks.manager [None req-37db0b09-1dc3-47c0-929e-ffa85e31eab3 None None] Subscribe: > process after_init 55550001, True {{(pid=103548) subscribe /opt/stack/data/venv/lib/python3.12/site-packages/neutron_lib/callbacks/manager.py:52}}
May 09 18:11:15.409705 np0000173245 devstack@neutron-api.service[103549]: DEBUG neutron.api.extensions [None req-f82207cf-db81-4c3c-949a-4799cf90f0be None None] Ext name="Logging API Extension" alias="logging" description="Provides a logging API for resources such as security group and firewall." updated="2017-01-01T10:00:00-00:00" {{(pid=103549) _check_extension /opt/stack/neutron/neutron/api/extensions.py:415}}
