2026-07-21 07:49:02.338 8 INFO placement.requestlog [None req-1c0629cf-cc11-46fd-a590-7ac3b14d0d39 1962d1b3c28a416a915337003a2efcf2 56825ba1e9fe481d9bb3604e546d12b2 - - 45692f3480b54f989158c85f7bc3ebf4 45692f3480b54f989158c85f7bc3ebf4] 10.0.0.147 "DELETE /resource_providers/dc4ae4b8-77ff-489f-8099-6641ef2f28c9" status: 404 len: 246 microversion: 1.1 [pid: 8|app: 0|req: 344/691] 10.0.0.147 () {34 vars in 823 bytes} [Tue Jul 21 07:49:02 2026] DELETE /resource_providers/dc4ae4b8-77ff-489f-8099-6641ef2f28c9 => generated 246 bytes in 11 msecs (HTTP/1.1 404) 6 headers in 231 bytes (1 switches on core 0)
2026-07-21 07:49:02.714 8 INFO placement.requestlog [None req-c2a795ea-8e85-490a-8ac5-54be61cddb5a 1962d1b3c28a416a915337003a2efcf2 56825ba1e9fe481d9bb3604e546d12b2 - - 45692f3480b54f989158c85f7bc3ebf4 45692f3480b54f989158c85f7bc3ebf4] 10.0.0.147 "GET /resource_providers/86536cc1-88de-44e3-8ffe-73d4046c92d6/aggregates" status: 404 len: 235 microversion: 1.1 [pid: 8|app: 0|req: 345/692] 10.0.0.147 () {32 vars in 823 bytes} [Tue Jul 21 07:49:02 2026] GET /resource_providers/86536cc1-88de-44e3-8ffe-73d4046c92d6/aggregates => generated 235 bytes in 11 msecs (HTTP/1.1 404) 5 headers in 202 bytes (1 switches on core 0)
2026-07-21 07:49:02.717 9 INFO placement.requestlog [None req-537f449a-18ad-4b44-b87f-27324f261794 1962d1b3c28a416a915337003a2efcf2 56825ba1e9fe481d9bb3604e546d12b2 - - 45692f3480b54f989158c85f7bc3ebf4 45692f3480b54f989158c85f7bc3ebf4] 10.0.0.147 "GET /resource_providers/86536cc1-88de-44e3-8ffe-73d4046c92d6/aggregates" status: 404 len: 235 microversion: 1.1 [pid: 9|app: 0|req: 348/693] 10.0.0.147 () {32 vars in 823 bytes} [Tue Jul 21 07:49:02 2026] GET /resource_providers/86536cc1-88de-44e3-8ffe-73d4046c92d6/aggregates => generated 235 bytes in 15 msecs (HTTP/1.1 404) 5 headers in 202 bytes (1 switches on core 0)
2026-07-21 07:49:02.740 8 INFO placement.requestlog [None req-8cc25b39-feeb-4a6f-ac4b-f84eaa78a5e6 1962d1b3c28a416a915337003a2efcf2 56825ba1e9fe481d9bb3604e546d12b2 - - 45692f3480b54f989158c85f7bc3ebf4 45692f3480b54f989158c85f7bc3ebf4] 10.0.0.147 "DELETE /resource_providers/86536cc1-88de-44e3-8ffe-73d4046c92d6" status: 404 len: 246 microversion: 1.1 [pid: 8|app: 0|req: 346/694] 10.0.0.147 () {34 vars in 823 bytes} [Tue Jul 21 07:49:02 2026] DELETE /resource_providers/86536cc1-88de-44e3-8ffe-73d4046c92d6 => generated 246 bytes in 11 msecs (HTTP/1.1 404) 6 headers in 231 bytes (1 switches on core 0)
2026-07-21 07:49:02.742 9 INFO placement.requestlog [None req-f8c83ecc-85f4-4b46-9d07-94538ea4e38c 1962d1b3c28a416a915337003a2efcf2 56825ba1e9fe481d9bb3604e546d12b2 - - 45692f3480b54f989158c85f7bc3ebf4 45692f3480b54f989158c85f7bc3ebf4] 10.0.0.147 "DELETE /resource_providers/86536cc1-88de-44e3-8ffe-73d4046c92d6" status: 404 len: 246 microversion: 1.1 [pid: 9|app: 0|req: 349/695] 10.0.0.147 () {34 vars in 823 bytes} [Tue Jul 21 07:49:02 2026] DELETE /resource_providers/86536cc1-88de-44e3-8ffe-73d4046c92d6 => generated 246 bytes in 12 msecs (HTTP/1.1 404) 6 headers in 231 bytes (1 switches on core 0)
2026-07-21 07:49:04.357 8 INFO placement.requestlog [None req-0a74b33a-014e-4edc-8d31-032d76bb07d7 1962d1b3c28a416a915337003a2efcf2 56825ba1e9fe481d9bb3604e546d12b2 - - 45692f3480b54f989158c85f7bc3ebf4 45692f3480b54f989158c85f7bc3ebf4] 10.0.0.147 "GET /resource_providers/2c2ead66-c498-4596-aff4-a493e742bdcd/aggregates" status: 404 len: 235 microversion: 1.1 [pid: 8|app: 0|req: 347/696] 10.0.0.147 () {32 vars in 823 bytes} [Tue Jul 21 07:49:04 2026] GET /resource_providers/2c2ead66-c498-4596-aff4-a493e742bdcd/aggregates => generated 235 bytes in 13 msecs (HTTP/1.1 404) 5 headers in 202 bytes (1 switches on core 0)
2026-07-21 07:49:04.363 9 INFO placement.requestlog [None req-08438ed4-c250-44b2-a170-881415fd3bcc 1962d1b3c28a416a915337003a2efcf2 56825ba1e9fe481d9bb3604e546d12b2 - - 45692f3480b54f989158c85f7bc3ebf4 45692f3480b54f989158c85f7bc3ebf4] 10.0.0.147 "GET /resource_providers/2c2ead66-c498-4596-aff4-a493e742bdcd/aggregates" status: 404 len: 235 microversion: 1.1 [pid: 9|app: 0|req: 350/697] 10.0.0.147 () {32 vars in 823 bytes} [Tue Jul 21 07:49:04 2026] GET /resource_providers/2c2ead66-c498-4596-aff4-a493e742bdcd/aggregates => generated 235 bytes in 14 msecs (HTTP/1.1 404) 5 headers in 202 bytes (1 switches on core 0)
2026-07-21 07:49:04.385 8 INFO placement.requestlog [None req-e62798ea-312d-43a5-8393-a686ec34eafc 1962d1b3c28a416a915337003a2efcf2 56825ba1e9fe481d9bb3604e546d12b2 - - 45692f3480b54f989158c85f7bc3ebf4 45692f3480b54f989158c85f7bc3ebf4] 10.0.0.147 "DELETE /resource_providers/2c2ead66-c498-4596-aff4-a493e742bdcd" status: 404 len: 246 microversion: 1.1 [pid: 8|app: 0|req: 348/698] 10.0.0.147 () {34 vars in 823 bytes} [Tue Jul 21 07:49:04 2026] DELETE /resource_providers/2c2ead66-c498-4596-aff4-a493e742bdcd => generated 246 bytes in 11 msecs (HTTP/1.1 404) 6 headers in 231 bytes (1 switches on core 0)
2026-07-21 07:49:04.387 9 INFO placement.requestlog [None req-e289a296-6522-46fd-a596-4924bac5b93a 1962d1b3c28a416a915337003a2efcf2 56825ba1e9fe481d9bb3604e546d12b2 - - 45692f3480b54f989158c85f7bc3ebf4 45692f3480b54f989158c85f7bc3ebf4] 10.0.0.147 "DELETE /resource_providers/2c2ead66-c498-4596-aff4-a493e742bdcd" status: 404 len: 246 microversion: 1.1 [pid: 9|app: 0|req: 351/699] 10.0.0.147 () {34 vars in 823 bytes} [Tue Jul 21 07:49:04 2026] DELETE /resource_providers/2c2ead66-c498-4596-aff4-a493e742bdcd => generated 246 bytes in 14 msecs (HTTP/1.1 404) 6 headers in 231 bytes (1 switches on core 0)
2026-07-21 07:49:04.765 9 INFO placement.requestlog [None req-56b3b1c3-7a25-46f8-9344-ff231b565fa5 1962d1b3c28a416a915337003a2efcf2 56825ba1e9fe481d9bb3604e546d12b2 - - 45692f3480b54f989158c85f7bc3ebf4 45692f3480b54f989158c85f7bc3ebf4] 10.0.0.147 "GET /resource_providers/b7d45ad4-8944-4e20-b7da-e5cc7d3b6a9e/aggregates" status: 404 len: 235 microversion: 1.1 [pid: 9|app: 0|req: 352/700] 10.0.0.147 () {32 vars in 823 bytes} [Tue Jul 21 07:49:04 2026] GET /resource_providers/b7d45ad4-8944-4e20-b7da-e5cc7d3b6a9e/aggregates => generated 235 bytes in 15 msecs (HTTP/1.1 404) 5 headers in 202 bytes (1 switches on core 0)
2026-07-21 07:49:04.772 9 INFO placement.requestlog [None req-d850d1a0-cd6a-4c93-a2d5-a19f61932047 1962d1b3c28a416a915337003a2efcf2 56825ba1e9fe481d9bb3604e546d12b2 - - 45692f3480b54f989158c85f7bc3ebf4 45692f3480b54f989158c85f7bc3ebf4] 10.0.0.147 "GET /resource_providers/b7d45ad4-8944-4e20-b7da-e5cc7d3b6a9e/aggregates" status: 404 len: 235 microversion: 1.1 [pid: 9|app: 0|req: 353/701] 10.0.0.147 () {32 vars in 823 bytes} [Tue Jul 21 07:49:04 2026] GET /resource_providers/b7d45ad4-8944-4e20-b7da-e5cc7d3b6a9e/aggregates => generated 235 bytes in 7 msecs (HTTP/1.1 404) 5 headers in 202 bytes (1 switches on core 0)
2026-07-21 07:49:04.781 9 INFO placement.requestlog [None req-4c0bfd79-3ea1-425d-a422-967c783ebe8f 1962d1b3c28a416a915337003a2efcf2 56825ba1e9fe481d9bb3604e546d12b2 - - 45692f3480b54f989158c85f7bc3ebf4 45692f3480b54f989158c85f7bc3ebf4] 10.0.0.147 "DELETE /resource_providers/b7d45ad4-8944-4e20-b7da-e5cc7d3b6a9e" status: 404 len: 246 microversion: 1.1 [pid: 9|app: 0|req: 354/702] 10.0.0.147 () {34 vars in 823 bytes} [Tue Jul 21 07:49:04 2026] DELETE /resource_providers/b7d45ad4-8944-4e20-b7da-e5cc7d3b6a9e => generated 246 bytes in 8 msecs (HTTP/1.1 404) 6 headers in 231 bytes (1 switches on core 0)
2026-07-21 07:49:04.787 9 INFO placement.requestlog [None req-44ffb869-0b40-4051-91b9-2b5db8c3fef4 1962d1b3c28a416a915337003a2efcf2 56825ba1e9fe481d9bb3604e546d12b2 - - 45692f3480b54f989158c85f7bc3ebf4 45692f3480b54f989158c85f7bc3ebf4] 10.0.0.147 "DELETE /resource_providers/b7d45ad4-8944-4e20-b7da-e5cc7d3b6a9e" status: 404 len: 246 microversion: 1.1 [pid: 9|app: 0|req: 355/703] 10.0.0.147 () {34 vars in 823 bytes} [Tue Jul 21 07:49:04 2026] DELETE /resource_providers/b7d45ad4-8944-4e20-b7da-e5cc7d3b6a9e => generated 246 bytes in 6 msecs (HTTP/1.1 404) 6 headers in 231 bytes (1 switches on core 0)
2026-07-21 07:49:04.798 8 INFO placement.requestlog [req-c9af0d2d-0679-4b77-919b-78233bd7f439 req-1eb9a4e3-9438-461e-9d3c-815fbe2f70b6 cefcd3f2815d4a8bb170192d4a20768f 56825ba1e9fe481d9bb3604e546d12b2 - - 45692f3480b54f989158c85f7bc3ebf4 45692f3480b54f989158c85f7bc3ebf4] 10.0.0.64 "GET /allocation_candidates?limit=1000&resources=DISK_GB%3A1%2CMEMORY_MB%3A512%2CVCPU%3A1&root_required=%21COMPUTE_STATUS_DISABLED" status: 200 len: 2149 microversion: 1.36 [pid: 8|app: 0|req: 349/704] 10.0.0.64 () {34 vars in 1009 bytes} [Tue Jul 21 07:49:04 2026] GET /allocation_candidates?limit=1000&resources=DISK_GB%3A1%2CMEMORY_MB%3A512%2CVCPU%3A1&root_required=%21COMPUTE_STATUS_DISABLED => generated 2149 bytes in 65 msecs (HTTP/1.1 200) 8 headers in 297 bytes (1 switches on core 0)
2026-07-21 07:49:04.832 9 INFO placement.requestlog [req-c9af0d2d-0679-4b77-919b-78233bd7f439 req-531744f6-bb21-4d91-9be3-716c96ea4578 cefcd3f2815d4a8bb170192d4a20768f 56825ba1e9fe481d9bb3604e546d12b2 - - 45692f3480b54f989158c85f7bc3ebf4 45692f3480b54f989158c85f7bc3ebf4] 10.0.0.64 "GET /allocations/cb1c1f0e-a824-45b2-9279-4087ee477234" status: 200 len: 19 microversion: 1.28 [pid: 9|app: 0|req: 356/705] 10.0.0.64 () {34 vars in 858 bytes} [Tue Jul 21 07:49:04 2026] GET /allocations/cb1c1f0e-a824-45b2-9279-4087ee477234 => generated 19 bytes in 15 msecs (HTTP/1.1 200) 8 headers in 295 bytes (1 switches on core 0)
2026-07-21 07:49:04.920 8 INFO placement.requestlog [req-c9af0d2d-0679-4b77-919b-78233bd7f439 req-12eeabcc-48f3-4fe6-8142-1ddc53da7b4a cefcd3f2815d4a8bb170192d4a20768f 56825ba1e9fe481d9bb3604e546d12b2 - - 45692f3480b54f989158c85f7bc3ebf4 45692f3480b54f989158c85f7bc3ebf4] 10.0.0.64 "PUT /allocations/cb1c1f0e-a824-45b2-9279-4087ee477234" status: 204 len: 0 microversion: 1.36 [pid: 8|app: 0|req: 350/706] 10.0.0.64 () {38 vars in 911 bytes} [Tue Jul 21 07:49:04 2026] PUT /allocations/cb1c1f0e-a824-45b2-9279-4087ee477234 => generated 0 bytes in 81 msecs (HTTP/1.1 204) 5 headers in 199 bytes (1 switches on core 0)
2026-07-21 07:49:05.179 9 INFO placement.requestlog [req-c9af0d2d-0679-4b77-919b-78233bd7f439 req-ceb979e4-5f2b-4b59-9354-0e47286ef242 cefcd3f2815d4a8bb170192d4a20768f 56825ba1e9fe481d9bb3604e546d12b2 - - 45692f3480b54f989158c85f7bc3ebf4 45692f3480b54f989158c85f7bc3ebf4] 199.204.45.23 "GET /allocations/cb1c1f0e-a824-45b2-9279-4087ee477234" status: 200 len: 257 microversion: 1.28 [pid: 9|app: 0|req: 357/707] 199.204.45.23 () {34 vars in 860 bytes} [Tue Jul 21 07:49:05 2026] GET /allocations/cb1c1f0e-a824-45b2-9279-4087ee477234 => generated 257 bytes in 16 msecs (HTTP/1.1 200) 8 headers in 296 bytes (1 switches on core 0)
2026-07-21 07:49:05.284 8 INFO placement.requestlog [req-c9af0d2d-0679-4b77-919b-78233bd7f439 req-30ca95fe-194c-445c-a9e2-f37c4789ba14 cefcd3f2815d4a8bb170192d4a20768f 56825ba1e9fe481d9bb3604e546d12b2 - - 45692f3480b54f989158c85f7bc3ebf4 45692f3480b54f989158c85f7bc3ebf4] 199.204.45.23 "GET /resource_providers/66b9320b-db22-4342-b722-cf2fdddf701a/allocations" status: 200 len: 252 microversion: 1.0 [pid: 8|app: 0|req: 351/708] 199.204.45.23 () {32 vars in 854 bytes} [Tue Jul 21 07:49:05 2026] GET /resource_providers/66b9320b-db22-4342-b722-cf2fdddf701a/allocations => generated 252 bytes in 26 msecs (HTTP/1.1 200) 6 headers in 224 bytes (1 switches on core 0)
2026-07-21 07:49:05.312 9 INFO placement.requestlog [req-c9af0d2d-0679-4b77-919b-78233bd7f439 req-cec39864-0b19-4950-b302-8223d2695a84 cefcd3f2815d4a8bb170192d4a20768f 56825ba1e9fe481d9bb3604e546d12b2 - - 45692f3480b54f989158c85f7bc3ebf4 45692f3480b54f989158c85f7bc3ebf4] 199.204.45.23 "GET /allocations/cb1c1f0e-a824-45b2-9279-4087ee477234" status: 200 len: 257 microversion: 1.28 [pid: 9|app: 0|req: 358/709] 199.204.45.23 () {34 vars in 860 bytes} [Tue Jul 21 07:49:05 2026] GET /allocations/cb1c1f0e-a824-45b2-9279-4087ee477234 => generated 257 bytes in 23 msecs (HTTP/1.1 200) 8 headers in 296 bytes (1 switches on core 0)
2026-07-21 07:49:05.339 8 INFO placement.requestlog [req-c9af0d2d-0679-4b77-919b-78233bd7f439 req-ec9112d1-4170-4e27-a399-6cb2107dea4c cefcd3f2815d4a8bb170192d4a20768f 56825ba1e9fe481d9bb3604e546d12b2 - - 45692f3480b54f989158c85f7bc3ebf4 45692f3480b54f989158c85f7bc3ebf4] 199.204.45.23 "GET /allocations/bae91bbe-3675-47fd-a689-9f0374220bff" status: 200 len: 257 microversion: 1.28 [pid: 8|app: 0|req: 352/710] 199.204.45.23 () {34 vars in 860 bytes} [Tue Jul 21 07:49:05 2026] GET /allocations/bae91bbe-3675-47fd-a689-9f0374220bff => generated 257 bytes in 15 msecs (HTTP/1.1 200) 8 headers in 296 bytes (1 switches on core 0)
2026-07-21 07:49:08.132 9 INFO placement.requestlog [None req-4767fe01-2cdd-49f6-8100-f7283212af62 - - - - - -] 10.0.0.63 "GET /" status: 200 len: 136 microversion: 1.0
2026-07-21 07:49:08.133 8 INFO placement.requestlog [None req-3e9cb4ea-78e4-45c3-9ca6-e0923e287333 - - - - - -] 10.0.0.63 "GET /" status: 200 len: 136 microversion: 1.0
2026-07-21 07:49:11.153 9 INFO placement.requestlog [None req-a99f8840-0783-4569-aba6-3e8f5dae7053 1962d1b3c28a416a915337003a2efcf2 56825ba1e9fe481d9bb3604e546d12b2 - - 45692f3480b54f989158c85f7bc3ebf4 45692f3480b54f989158c85f7bc3ebf4] 10.0.0.147 "GET /resource_providers/32f4fc92-aa56-4a29-92de-86b40d3a9f13/aggregates" status: 404 len: 235 microversion: 1.1 [pid: 9|app: 0|req: 360/713] 10.0.0.147 () {32 vars in 823 bytes} [Tue Jul 21 07:49:11 2026] GET /resource_providers/32f4fc92-aa56-4a29-92de-86b40d3a9f13/aggregates => generated 235 bytes in 11 msecs (HTTP/1.1 404) 5 headers in 202 bytes (1 switches on core 0)
2026-07-21 07:49:11.161 8 INFO placement.requestlog [None req-81f4c2a1-a5f1-4faf-81f2-d6a0f95a1bc7 1962d1b3c28a416a915337003a2efcf2 56825ba1e9fe481d9bb3604e546d12b2 - - 45692f3480b54f989158c85f7bc3ebf4 45692f3480b54f989158c85f7bc3ebf4] 10.0.0.147 "GET /resource_providers/32f4fc92-aa56-4a29-92de-86b40d3a9f13/aggregates" status: 404 len: 235 microversion: 1.1 [pid: 8|app: 0|req: 354/714] 10.0.0.147 () {32 vars in 823 bytes} [Tue Jul 21 07:49:11 2026] GET /resource_providers/32f4fc92-aa56-4a29-92de-86b40d3a9f13/aggregates => generated 235 bytes in 13 msecs (HTTP/1.1 404) 5 headers in 202 bytes (1 switches on core 0)
2026-07-21 07:49:11.175 9 INFO placement.requestlog [None req-5653f87c-4d01-4c90-bc49-efa579ae92b0 1962d1b3c28a416a915337003a2efcf2 56825ba1e9fe481d9bb3604e546d12b2 - - 45692f3480b54f989158c85f7bc3ebf4 45692f3480b54f989158c85f7bc3ebf4] 10.0.0.147 "DELETE /resource_providers/32f4fc92-aa56-4a29-92de-86b40d3a9f13" status: 404 len: 246 microversion: 1.1 [pid: 9|app: 0|req: 361/715] 10.0.0.147 () {34 vars in 823 bytes} [Tue Jul 21 07:49:11 2026] DELETE /resource_providers/32f4fc92-aa56-4a29-92de-86b40d3a9f13 => generated 246 bytes in 8 msecs (HTTP/1.1 404) 6 headers in 231 bytes (1 switches on core 0)
2026-07-21 07:49:11.186 8 INFO placement.requestlog [None req-a3752b48-66f8-4d30-bb14-2a114ff062d1 1962d1b3c28a416a915337003a2efcf2 56825ba1e9fe481d9bb3604e546d12b2 - - 45692f3480b54f989158c85f7bc3ebf4 45692f3480b54f989158c85f7bc3ebf4] 10.0.0.147 "DELETE /resource_providers/32f4fc92-aa56-4a29-92de-86b40d3a9f13" status: 404 len: 246 microversion: 1.1 [pid: 8|app: 0|req: 355/716] 10.0.0.147 () {34 vars in 823 bytes} [Tue Jul 21 07:49:11 2026] DELETE /resource_providers/32f4fc92-aa56-4a29-92de-86b40d3a9f13 => generated 246 bytes in 14 msecs (HTTP/1.1 404) 6 headers in 231 bytes (1 switches on core 0)
2026-07-21 07:49:11.580 9 INFO placement.requestlog [req-b065a845-3740-47e6-9bb0-e812b220d6ca req-7dbb66d2-dcde-4ec2-9ccc-235437d1ba8c cefcd3f2815d4a8bb170192d4a20768f 56825ba1e9fe481d9bb3604e546d12b2 - - 45692f3480b54f989158c85f7bc3ebf4 45692f3480b54f989158c85f7bc3ebf4] 199.204.45.23 "GET /resource_providers/66b9320b-db22-4342-b722-cf2fdddf701a/allocations" status: 200 len: 252 microversion: 1.0 [pid: 9|app: 0|req: 362/717] 199.204.45.23 () {32 vars in 854 bytes} [Tue Jul 21 07:49:11 2026] GET /resource_providers/66b9320b-db22-4342-b722-cf2fdddf701a/allocations => generated 252 bytes in 32 msecs (HTTP/1.1 200) 6 headers in 224 bytes (1 switches on core 0)
2026-07-21 07:49:11.616 8 INFO placement.requestlog [req-b065a845-3740-47e6-9bb0-e812b220d6ca req-669f46c5-6f36-453e-968e-ac47831729c1 cefcd3f2815d4a8bb170192d4a20768f 56825ba1e9fe481d9bb3604e546d12b2 - - 45692f3480b54f989158c85f7bc3ebf4 45692f3480b54f989158c85f7bc3ebf4] 199.204.45.23 "GET /allocations/cb1c1f0e-a824-45b2-9279-4087ee477234" status: 200 len: 257 microversion: 1.28 [pid: 8|app: 0|req: 356/718] 199.204.45.23 () {34 vars in 860 bytes} [Tue Jul 21 07:49:11 2026] GET /allocations/cb1c1f0e-a824-45b2-9279-4087ee477234 => generated 257 bytes in 24 msecs (HTTP/1.1 200) 8 headers in 296 bytes (1 switches on core 0)
2026-07-21 07:49:11.640 9 INFO placement.requestlog [req-b065a845-3740-47e6-9bb0-e812b220d6ca req-a57971ba-7ac4-45ac-ae35-11050aa428dd cefcd3f2815d4a8bb170192d4a20768f 56825ba1e9fe481d9bb3604e546d12b2 - - 45692f3480b54f989158c85f7bc3ebf4 45692f3480b54f989158c85f7bc3ebf4] 199.204.45.23 "GET /allocations/bae91bbe-3675-47fd-a689-9f0374220bff" status: 200 len: 257 microversion: 1.28 [pid: 9|app: 0|req: 363/719] 199.204.45.23 () {34 vars in 860 bytes} [Tue Jul 21 07:49:11 2026] GET /allocations/bae91bbe-3675-47fd-a689-9f0374220bff => generated 257 bytes in 18 msecs (HTTP/1.1 200) 8 headers in 296 bytes (1 switches on core 0)
2026-07-21 07:49:11.736 8 INFO placement.requestlog [req-b065a845-3740-47e6-9bb0-e812b220d6ca req-afd9b9dc-b435-47d8-b74a-d959912b2b78 cefcd3f2815d4a8bb170192d4a20768f 56825ba1e9fe481d9bb3604e546d12b2 - - 45692f3480b54f989158c85f7bc3ebf4 45692f3480b54f989158c85f7bc3ebf4] 199.204.45.23 "DELETE /allocations/bae91bbe-3675-47fd-a689-9f0374220bff" status: 204 len: 0 microversion: 1.0 [pid: 8|app: 0|req: 357/720] 199.204.45.23 () {34 vars in 838 bytes} [Tue Jul 21 07:49:11 2026] DELETE /allocations/bae91bbe-3675-47fd-a689-9f0374220bff => generated 0 bytes in 32 msecs (HTTP/1.1 204) 5 headers in 198 bytes (1 switches on core 0)
2026-07-21 07:49:14.365 8 INFO placement.requestlog [None req-6c92e527-4e6d-4da8-97f6-231dbbe3a2f6 1962d1b3c28a416a915337003a2efcf2 56825ba1e9fe481d9bb3604e546d12b2 - - 45692f3480b54f989158c85f7bc3ebf4 45692f3480b54f989158c85f7bc3ebf4] 10.0.0.147 "GET /resource_providers/8a0d673e-b7ed-4093-9cdc-b40ec0c3402c/aggregates" status: 404 len: 235 microversion: 1.1 [pid: 8|app: 0|req: 358/721] 10.0.0.147 () {32 vars in 823 bytes} [Tue Jul 21 07:49:14 2026] GET /resource_providers/8a0d673e-b7ed-4093-9cdc-b40ec0c3402c/aggregates => generated 235 bytes in 9 msecs (HTTP/1.1 404) 5 headers in 202 bytes (1 switches on core 0)
2026-07-21 07:49:14.366 9 INFO placement.requestlog [None req-d461dda1-1088-4c46-9054-b4988e289eaf 1962d1b3c28a416a915337003a2efcf2 56825ba1e9fe481d9bb3604e546d12b2 - - 45692f3480b54f989158c85f7bc3ebf4 45692f3480b54f989158c85f7bc3ebf4] 10.0.0.147 "GET /resource_providers/8a0d673e-b7ed-4093-9cdc-b40ec0c3402c/aggregates" status: 404 len: 235 microversion: 1.1 [pid: 9|app: 0|req: 364/722] 10.0.0.147 () {32 vars in 823 bytes} [Tue Jul 21 07:49:14 2026] GET /resource_providers/8a0d673e-b7ed-4093-9cdc-b40ec0c3402c/aggregates => generated 235 bytes in 11 msecs (HTTP/1.1 404) 5 headers in 202 bytes (1 switches on core 0)
2026-07-21 07:49:14.386 8 INFO placement.requestlog [None req-fc51d614-4cd0-4782-9034-fa3f7cfe3cf4 1962d1b3c28a416a915337003a2efcf2 56825ba1e9fe481d9bb3604e546d12b2 - - 45692f3480b54f989158c85f7bc3ebf4 45692f3480b54f989158c85f7bc3ebf4] 10.0.0.147 "DELETE /resource_providers/8a0d673e-b7ed-4093-9cdc-b40ec0c3402c" status: 404 len: 246 microversion: 1.1
2026-07-21 07:49:14.386 9 INFO placement.requestlog [None req-a05b13c7-eca2-4644-a011-b3223cb49498 1962d1b3c28a416a915337003a2efcf2 56825ba1e9fe481d9bb3604e546d12b2 - - 45692f3480b54f989158c85f7bc3ebf4 45692f3480b54f989158c85f7bc3ebf4] 10.0.0.147 "DELETE /resource_providers/8a0d673e-b7ed-4093-9cdc-b40ec0c3402c" status: 404 len: 246 microversion: 1.1 [pid: 8|app: 0|req: 359/723] 10.0.0.147 () {34 vars in 823 bytes} [Tue Jul 21 07:49:14 2026] DELETE /resource_providers/8a0d673e-b7ed-4093-9cdc-b40ec0c3402c => generated 246 bytes in 10 msecs (HTTP/1.1 404) 6 headers in 231 bytes (1 switches on core 0) [pid: 9|app: 0|req: 365/724] 10.0.0.147 () {34 vars in 823 bytes} [Tue Jul 21 07:49:14 2026] DELETE /resource_providers/8a0d673e-b7ed-4093-9cdc-b40ec0c3402c => generated 246 bytes in 8 msecs (HTTP/1.1 404) 6 headers in 231 bytes (1 switches on core 0)
2026-07-21 07:49:16.436 9 INFO placement.requestlog [None req-22f2abcd-faad-4555-bd62-3846007a7573 1962d1b3c28a416a915337003a2efcf2 56825ba1e9fe481d9bb3604e546d12b2 - - 45692f3480b54f989158c85f7bc3ebf4 45692f3480b54f989158c85f7bc3ebf4] 10.0.0.147 "GET /resource_providers/0529617f-ddf3-42b8-8901-50e0e134a3ba/aggregates" status: 404 len: 235 microversion: 1.1
2026-07-21 07:49:16.439 8 INFO placement.requestlog [None req-cdbf5d6a-8f41-4709-8d60-5d58e3b15fa6 1962d1b3c28a416a915337003a2efcf2 56825ba1e9fe481d9bb3604e546d12b2 - - 45692f3480b54f989158c85f7bc3ebf4 45692f3480b54f989158c85f7bc3ebf4] 10.0.0.147 "GET /resource_providers/0529617f-ddf3-42b8-8901-50e0e134a3ba/aggregates" status: 404 len: 235 microversion: 1.1 [pid: 8|app: 0|req: 360/725] 10.0.0.147 () {32 vars in 823 bytes} [Tue Jul 21 07:49:16 2026] GET /resource_providers/0529617f-ddf3-42b8-8901-50e0e134a3ba/aggregates => generated 235 bytes in 14 msecs (HTTP/1.1 404) 5 headers in 202 bytes (1 switches on core 0) [pid: 9|app: 0|req: 366/726] 10.0.0.147 () {32 vars in 823 bytes} [Tue Jul 21 07:49:16 2026] GET /resource_providers/0529617f-ddf3-42b8-8901-50e0e134a3ba/aggregates => generated 235 bytes in 13 msecs (HTTP/1.1 404) 5 headers in 202 bytes (1 switches on core 0)
2026-07-21 07:49:16.470 8 INFO placement.requestlog [None req-cb71e72c-8e9e-4b36-8a7c-8c6716ee760f 1962d1b3c28a416a915337003a2efcf2 56825ba1e9fe481d9bb3604e546d12b2 - - 45692f3480b54f989158c85f7bc3ebf4 45692f3480b54f989158c85f7bc3ebf4] 10.0.0.147 "DELETE /resource_providers/0529617f-ddf3-42b8-8901-50e0e134a3ba" status: 404 len: 246 microversion: 1.1 [pid: 8|app: 0|req: 361/727] 10.0.0.147 () {34 vars in 823 bytes} [Tue Jul 21 07:49:16 2026] DELETE /resource_providers/0529617f-ddf3-42b8-8901-50e0e134a3ba => generated 246 bytes in 15 msecs (HTTP/1.1 404) 6 headers in 231 bytes (1 switches on core 0)
2026-07-21 07:49:16.474 9 INFO placement.requestlog [None req-d53e11a6-f6b1-4a7c-86c9-94eef2039f87 1962d1b3c28a416a915337003a2efcf2 56825ba1e9fe481d9bb3604e546d12b2 - - 45692f3480b54f989158c85f7bc3ebf4 45692f3480b54f989158c85f7bc3ebf4] 10.0.0.147 "DELETE /resource_providers/0529617f-ddf3-42b8-8901-50e0e134a3ba" status: 404 len: 246 microversion: 1.1 [pid: 9|app: 0|req: 367/728] 10.0.0.147 () {34 vars in 823 bytes} [Tue Jul 21 07:49:16 2026] DELETE /resource_providers/0529617f-ddf3-42b8-8901-50e0e134a3ba => generated 246 bytes in 17 msecs (HTTP/1.1 404) 6 headers in 231 bytes (1 switches on core 0)
2026-07-21 07:49:16.946 9 INFO placement.requestlog [None req-3f5fc87d-7f88-445f-b00c-ea74f2ae4996 1962d1b3c28a416a915337003a2efcf2 56825ba1e9fe481d9bb3604e546d12b2 - - 45692f3480b54f989158c85f7bc3ebf4 45692f3480b54f989158c85f7bc3ebf4] 10.0.0.147 "GET /resource_providers/e38e8b65-165e-491f-a9c6-741f91f8cea9/aggregates" status: 404 len: 235 microversion: 1.1 [pid: 9|app: 0|req: 368/729] 10.0.0.147 () {32 vars in 823 bytes} [Tue Jul 21 07:49:16 2026] GET /resource_providers/e38e8b65-165e-491f-a9c6-741f91f8cea9/aggregates => generated 235 bytes in 11 msecs (HTTP/1.1 404) 5 headers in 202 bytes (1 switches on core 0)
2026-07-21 07:49:16.946 8 INFO placement.requestlog [None req-096f568a-2561-4f88-b4dc-29012e9745c9 1962d1b3c28a416a915337003a2efcf2 56825ba1e9fe481d9bb3604e546d12b2 - - 45692f3480b54f989158c85f7bc3ebf4 45692f3480b54f989158c85f7bc3ebf4] 10.0.0.147 "GET /resource_providers/e38e8b65-165e-491f-a9c6-741f91f8cea9/aggregates" status: 404 len: 235 microversion: 1.1 [pid: 8|app: 0|req: 362/730] 10.0.0.147 () {32 vars in 823 bytes} [Tue Jul 21 07:49:16 2026] GET /resource_providers/e38e8b65-165e-491f-a9c6-741f91f8cea9/aggregates => generated 235 bytes in 12 msecs (HTTP/1.1 404) 5 headers in 202 bytes (1 switches on core 0)
2026-07-21 07:49:16.959 9 INFO placement.requestlog [None req-2128d1d7-abfb-452d-bca8-ca86d76fb7ee 1962d1b3c28a416a915337003a2efcf2 56825ba1e9fe481d9bb3604e546d12b2 - - 45692f3480b54f989158c85f7bc3ebf4 45692f3480b54f989158c85f7bc3ebf4] 10.0.0.147 "DELETE /resource_providers/e38e8b65-165e-491f-a9c6-741f91f8cea9" status: 404 len: 246 microversion: 1.1 [pid: 9|app: 0|req: 369/731] 10.0.0.147 () {34 vars in 823 bytes} [Tue Jul 21 07:49:16 2026] DELETE /resource_providers/e38e8b65-165e-491f-a9c6-741f91f8cea9 => generated 246 bytes in 8 msecs (HTTP/1.1 404) 6 headers in 231 bytes (1 switches on core 0)
2026-07-21 07:49:16.980 8 INFO placement.requestlog [None req-e778aba2-1bfe-47da-9f03-b99ba404ce57 1962d1b3c28a416a915337003a2efcf2 56825ba1e9fe481d9bb3604e546d12b2 - - 45692f3480b54f989158c85f7bc3ebf4 45692f3480b54f989158c85f7bc3ebf4] 10.0.0.147 "DELETE /resource_providers/e38e8b65-165e-491f-a9c6-741f91f8cea9" status: 404 len: 246 microversion: 1.1 [pid: 8|app: 0|req: 363/732] 10.0.0.147 () {34 vars in 823 bytes} [Tue Jul 21 07:49:16 2026] DELETE /resource_providers/e38e8b65-165e-491f-a9c6-741f91f8cea9 => generated 246 bytes in 13 msecs (HTTP/1.1 404) 6 headers in 231 bytes (1 switches on core 0)
2026-07-21 07:49:18.136 9 INFO placement.requestlog [None req-932c1e67-0183-4664-9edc-6c4260c2dec0 - - - - - -] 10.0.0.63 "GET /" status: 200 len: 136 microversion: 1.0
2026-07-21 07:49:18.138 8 INFO placement.requestlog [None req-5ef77b28-9fa0-4297-a9c5-bd785695654a - - - - - -] 10.0.0.63 "GET /" status: 200 len: 136 microversion: 1.0
2026-07-21 07:49:18.552 9 INFO placement.requestlog [None req-3d2319e0-c417-4340-b985-ceb8f43baf2a 1962d1b3c28a416a915337003a2efcf2 56825ba1e9fe481d9bb3604e546d12b2 - - 45692f3480b54f989158c85f7bc3ebf4 45692f3480b54f989158c85f7bc3ebf4] 10.0.0.147 "GET /resource_providers/97bb503e-3f08-4dc9-9c76-d42b2f2b4971/aggregates" status: 404 len: 235 microversion: 1.1 [pid: 9|app: 0|req: 371/735] 10.0.0.147 () {32 vars in 823 bytes} [Tue Jul 21 07:49:18 2026] GET /resource_providers/97bb503e-3f08-4dc9-9c76-d42b2f2b4971/aggregates => generated 235 bytes in 11 msecs (HTTP/1.1 404) 5 headers in 202 bytes (1 switches on core 0)
2026-07-21 07:49:18.554 8 INFO placement.requestlog [None req-de7f0d49-3627-44e0-b51a-d8cc6a7f2e4e 1962d1b3c28a416a915337003a2efcf2 56825ba1e9fe481d9bb3604e546d12b2 - - 45692f3480b54f989158c85f7bc3ebf4 45692f3480b54f989158c85f7bc3ebf4] 10.0.0.147 "GET /resource_providers/97bb503e-3f08-4dc9-9c76-d42b2f2b4971/aggregates" status: 404 len: 235 microversion: 1.1 [pid: 8|app: 0|req: 365/736] 10.0.0.147 () {32 vars in 823 bytes} [Tue Jul 21 07:49:18 2026] GET /resource_providers/97bb503e-3f08-4dc9-9c76-d42b2f2b4971/aggregates => generated 235 bytes in 12 msecs (HTTP/1.1 404) 5 headers in 202 bytes (1 switches on core 0)
2026-07-21 07:49:18.581 8 INFO placement.requestlog [None req-10e88156-c56c-4690-ae7a-cea2f713235d 1962d1b3c28a416a915337003a2efcf2 56825ba1e9fe481d9bb3604e546d12b2 - - 45692f3480b54f989158c85f7bc3ebf4 45692f3480b54f989158c85f7bc3ebf4] 10.0.0.147 "DELETE /resource_providers/97bb503e-3f08-4dc9-9c76-d42b2f2b4971" status: 404 len: 246 microversion: 1.1 [pid: 8|app: 0|req: 366/737] 10.0.0.147 () {34 vars in 823 bytes} [Tue Jul 21 07:49:18 2026] DELETE /resource_providers/97bb503e-3f08-4dc9-9c76-d42b2f2b4971 => generated 246 bytes in 12 msecs (HTTP/1.1 404) 6 headers in 231 bytes (1 switches on core 0)
2026-07-21 07:49:18.583 9 INFO placement.requestlog [None req-bd4bfc77-069a-4b5d-b0e1-63294206ad5e 1962d1b3c28a416a915337003a2efcf2 56825ba1e9fe481d9bb3604e546d12b2 - - 45692f3480b54f989158c85f7bc3ebf4 45692f3480b54f989158c85f7bc3ebf4] 10.0.0.147 "DELETE /resource_providers/97bb503e-3f08-4dc9-9c76-d42b2f2b4971" status: 404 len: 246 microversion: 1.1 [pid: 9|app: 0|req: 372/738] 10.0.0.147 () {34 vars in 823 bytes} [Tue Jul 21 07:49:18 2026] DELETE /resource_providers/97bb503e-3f08-4dc9-9c76-d42b2f2b4971 => generated 246 bytes in 14 msecs (HTTP/1.1 404) 6 headers in 231 bytes (1 switches on core 0)
2026-07-21 07:49:18.613 8 INFO placement.requestlog [None req-c6dab709-8163-4867-94a4-7e5347268e95 1962d1b3c28a416a915337003a2efcf2 56825ba1e9fe481d9bb3604e546d12b2 - - 45692f3480b54f989158c85f7bc3ebf4 45692f3480b54f989158c85f7bc3ebf4] 10.0.0.147 "GET /resource_providers/0308b92e-cf48-4f5d-866c-1926a726b763/aggregates" status: 404 len: 235 microversion: 1.1 [pid: 8|app: 0|req: 367/739] 10.0.0.147 () {32 vars in 823 bytes} [Tue Jul 21 07:49:18 2026] GET /resource_providers/0308b92e-cf48-4f5d-866c-1926a726b763/aggregates => generated 235 bytes in 13 msecs (HTTP/1.1 404) 5 headers in 202 bytes (1 switches on core 0)
2026-07-21 07:49:18.615 9 INFO placement.requestlog [None req-d899f78f-ef63-4c88-8968-884843a91863 1962d1b3c28a416a915337003a2efcf2 56825ba1e9fe481d9bb3604e546d12b2 - - 45692f3480b54f989158c85f7bc3ebf4 45692f3480b54f989158c85f7bc3ebf4] 10.0.0.147 "GET /resource_providers/0308b92e-cf48-4f5d-866c-1926a726b763/aggregates" status: 404 len: 235 microversion: 1.1 [pid: 9|app: 0|req: 373/740] 10.0.0.147 () {32 vars in 823 bytes} [Tue Jul 21 07:49:18 2026] GET /resource_providers/0308b92e-cf48-4f5d-866c-1926a726b763/aggregates => generated 235 bytes in 15 msecs (HTTP/1.1 404) 5 headers in 202 bytes (1 switches on core 0)
2026-07-21 07:49:18.633 8 INFO placement.requestlog [None req-a0a1a628-fd8a-4746-b275-1337c6af9b54 1962d1b3c28a416a915337003a2efcf2 56825ba1e9fe481d9bb3604e546d12b2 - - 45692f3480b54f989158c85f7bc3ebf4 45692f3480b54f989158c85f7bc3ebf4] 10.0.0.147 "DELETE /resource_providers/0308b92e-cf48-4f5d-866c-1926a726b763" status: 404 len: 246 microversion: 1.1 [pid: 8|app: 0|req: 368/741] 10.0.0.147 () {34 vars in 823 bytes} [Tue Jul 21 07:49:18 2026] DELETE /resource_providers/0308b92e-cf48-4f5d-866c-1926a726b763 => generated 246 bytes in 10 msecs (HTTP/1.1 404) 6 headers in 231 bytes (1 switches on core 0)
2026-07-21 07:49:18.634 9 INFO placement.requestlog [None req-e121a4db-e447-477d-b2e7-cd6d5abfd33d 1962d1b3c28a416a915337003a2efcf2 56825ba1e9fe481d9bb3604e546d12b2 - - 45692f3480b54f989158c85f7bc3ebf4 45692f3480b54f989158c85f7bc3ebf4] 10.0.0.147 "DELETE /resource_providers/0308b92e-cf48-4f5d-866c-1926a726b763" status: 404 len: 246 microversion: 1.1 [pid: 9|app: 0|req: 374/742] 10.0.0.147 () {34 vars in 823 bytes} [Tue Jul 21 07:49:18 2026] DELETE /resource_providers/0308b92e-cf48-4f5d-866c-1926a726b763 => generated 246 bytes in 11 msecs (HTTP/1.1 404) 6 headers in 231 bytes (1 switches on core 0)
2026-07-21 07:49:22.998 8 INFO placement.requestlog [req-f051efd0-4c04-447a-8817-b5a658ddcec7 req-a8d8a2f2-3fd1-4a82-b54e-e11c3b70180a cefcd3f2815d4a8bb170192d4a20768f 56825ba1e9fe481d9bb3604e546d12b2 - - 45692f3480b54f989158c85f7bc3ebf4 45692f3480b54f989158c85f7bc3ebf4] 199.204.45.23 "GET /resource_providers/66b9320b-db22-4342-b722-cf2fdddf701a/allocations" status: 200 len: 152 microversion: 1.0 [pid: 8|app: 0|req: 369/743] 199.204.45.23 () {32 vars in 854 bytes} [Tue Jul 21 07:49:22 2026] GET /resource_providers/66b9320b-db22-4342-b722-cf2fdddf701a/allocations => generated 152 bytes in 17 msecs (HTTP/1.1 200) 6 headers in 224 bytes (1 switches on core 0)
2026-07-21 07:49:23.031 9 INFO placement.requestlog [req-f051efd0-4c04-447a-8817-b5a658ddcec7 req-38fb93a8-ffdd-478e-b34c-7da09fe739a3 cefcd3f2815d4a8bb170192d4a20768f 56825ba1e9fe481d9bb3604e546d12b2 - - 45692f3480b54f989158c85f7bc3ebf4 45692f3480b54f989158c85f7bc3ebf4] 199.204.45.23 "GET /allocations/cb1c1f0e-a824-45b2-9279-4087ee477234" status: 200 len: 257 microversion: 1.28 [pid: 9|app: 0|req: 375/744] 199.204.45.23 () {34 vars in 860 bytes} [Tue Jul 21 07:49:23 2026] GET /allocations/cb1c1f0e-a824-45b2-9279-4087ee477234 => generated 257 bytes in 22 msecs (HTTP/1.1 200) 8 headers in 296 bytes (1 switches on core 0)
2026-07-21 07:49:23.121 8 INFO placement.requestlog [req-f051efd0-4c04-447a-8817-b5a658ddcec7 req-3276d0ba-d48d-4932-8c07-20859018640f cefcd3f2815d4a8bb170192d4a20768f 56825ba1e9fe481d9bb3604e546d12b2 - - 45692f3480b54f989158c85f7bc3ebf4 45692f3480b54f989158c85f7bc3ebf4] 199.204.45.23 "DELETE /allocations/cb1c1f0e-a824-45b2-9279-4087ee477234" status: 204 len: 0 microversion: 1.0 [pid: 8|app: 0|req: 370/745] 199.204.45.23 () {34 vars in 838 bytes} [Tue Jul 21 07:49:23 2026] DELETE /allocations/cb1c1f0e-a824-45b2-9279-4087ee477234 => generated 0 bytes in 28 msecs (HTTP/1.1 204) 5 headers in 198 bytes (1 switches on core 0)
2026-07-21 07:49:24.064 8 INFO placement.requestlog [None req-4f44db60-a7fb-42ab-baec-29122d11ca34 1962d1b3c28a416a915337003a2efcf2 56825ba1e9fe481d9bb3604e546d12b2 - - 45692f3480b54f989158c85f7bc3ebf4 45692f3480b54f989158c85f7bc3ebf4] 10.0.0.147 "GET /resource_providers/50a9850e-74b4-4aa0-8e0b-4ca0df111010/aggregates" status: 404 len: 235 microversion: 1.1 [pid: 8|app: 0|req: 371/746] 10.0.0.147 () {32 vars in 823 bytes} [Tue Jul 21 07:49:24 2026] GET /resource_providers/50a9850e-74b4-4aa0-8e0b-4ca0df111010/aggregates => generated 235 bytes in 11 msecs (HTTP/1.1 404) 5 headers in 202 bytes (1 switches on core 0)
2026-07-21 07:49:24.071 9 INFO placement.requestlog [None req-70d9570c-f477-4557-b141-192dbc824ff2 1962d1b3c28a416a915337003a2efcf2 56825ba1e9fe481d9bb3604e546d12b2 - - 45692f3480b54f989158c85f7bc3ebf4 45692f3480b54f989158c85f7bc3ebf4] 10.0.0.147 "GET /resource_providers/50a9850e-74b4-4aa0-8e0b-4ca0df111010/aggregates" status: 404 len: 235 microversion: 1.1 [pid: 9|app: 0|req: 376/747] 10.0.0.147 () {32 vars in 823 bytes} [Tue Jul 21 07:49:24 2026] GET /resource_providers/50a9850e-74b4-4aa0-8e0b-4ca0df111010/aggregates => generated 235 bytes in 22 msecs (HTTP/1.1 404) 5 headers in 202 bytes (1 switches on core 0)
2026-07-21 07:49:24.091 9 INFO placement.requestlog [None req-217acf68-795b-4924-a0be-b9ebdb1cb847 1962d1b3c28a416a915337003a2efcf2 56825ba1e9fe481d9bb3604e546d12b2 - - 45692f3480b54f989158c85f7bc3ebf4 45692f3480b54f989158c85f7bc3ebf4] 10.0.0.147 "DELETE /resource_providers/50a9850e-74b4-4aa0-8e0b-4ca0df111010" status: 404 len: 246 microversion: 1.1 [pid: 9|app: 0|req: 377/748] 10.0.0.147 () {34 vars in 823 bytes} [Tue Jul 21 07:49:24 2026] DELETE /resource_providers/50a9850e-74b4-4aa0-8e0b-4ca0df111010 => generated 246 bytes in 9 msecs (HTTP/1.1 404) 6 headers in 231 bytes (1 switches on core 0)
2026-07-21 07:49:24.095 8 INFO placement.requestlog [None req-ef338293-0561-41e7-af86-047449f98e7f 1962d1b3c28a416a915337003a2efcf2 56825ba1e9fe481d9bb3604e546d12b2 - - 45692f3480b54f989158c85f7bc3ebf4 45692f3480b54f989158c85f7bc3ebf4] 10.0.0.147 "DELETE /resource_providers/50a9850e-74b4-4aa0-8e0b-4ca0df111010" status: 404 len: 246 microversion: 1.1 [pid: 8|app: 0|req: 372/749] 10.0.0.147 () {34 vars in 823 bytes} [Tue Jul 21 07:49:24 2026] DELETE /resource_providers/50a9850e-74b4-4aa0-8e0b-4ca0df111010 => generated 246 bytes in 14 msecs (HTTP/1.1 404) 6 headers in 231 bytes (1 switches on core 0)
2026-07-21 07:49:28.133 8 INFO placement.requestlog [None req-28c9ea50-edee-44f4-bbd4-11a9d8962c5c - - - - - -] 10.0.0.63 "GET /" status: 200 len: 136 microversion: 1.0
2026-07-21 07:49:28.134 9 INFO placement.requestlog [None req-22d8a47d-f5a9-4288-86f8-ad2e82e4f680 - - - - - -] 10.0.0.63 "GET /" status: 200 len: 136 microversion: 1.0
2026-07-21 07:49:28.511 8 INFO placement.requestlog [None req-ba60c415-3b00-4cd8-b165-630161b04918 1962d1b3c28a416a915337003a2efcf2 56825ba1e9fe481d9bb3604e546d12b2 - - 45692f3480b54f989158c85f7bc3ebf4 45692f3480b54f989158c85f7bc3ebf4] 10.0.0.147 "GET /resource_providers/6887be2c-e1ef-4102-af74-08e92d75737f/aggregates" status: 404 len: 235 microversion: 1.1 [pid: 8|app: 0|req: 374/752] 10.0.0.147 () {32 vars in 823 bytes} [Tue Jul 21 07:49:28 2026] GET /resource_providers/6887be2c-e1ef-4102-af74-08e92d75737f/aggregates => generated 235 bytes in 13 msecs (HTTP/1.1 404) 5 headers in 202 bytes (1 switches on core 0)
2026-07-21 07:49:28.512 9 INFO placement.requestlog [None req-869bf1ce-3925-4f00-906e-72fdb0f7daeb 1962d1b3c28a416a915337003a2efcf2 56825ba1e9fe481d9bb3604e546d12b2 - - 45692f3480b54f989158c85f7bc3ebf4 45692f3480b54f989158c85f7bc3ebf4] 10.0.0.147 "GET /resource_providers/6887be2c-e1ef-4102-af74-08e92d75737f/aggregates" status: 404 len: 235 microversion: 1.1 [pid: 9|app: 0|req: 379/753] 10.0.0.147 () {32 vars in 823 bytes} [Tue Jul 21 07:49:28 2026] GET /resource_providers/6887be2c-e1ef-4102-af74-08e92d75737f/aggregates => generated 235 bytes in 16 msecs (HTTP/1.1 404) 5 headers in 202 bytes (1 switches on core 0)
2026-07-21 07:49:28.537 8 INFO placement.requestlog [None req-839a0365-9c38-418b-bfa5-48abfc5c9d79 1962d1b3c28a416a915337003a2efcf2 56825ba1e9fe481d9bb3604e546d12b2 - - 45692f3480b54f989158c85f7bc3ebf4 45692f3480b54f989158c85f7bc3ebf4] 10.0.0.147 "DELETE /resource_providers/6887be2c-e1ef-4102-af74-08e92d75737f" status: 404 len: 246 microversion: 1.1 [pid: 8|app: 0|req: 375/754] 10.0.0.147 () {34 vars in 823 bytes} [Tue Jul 21 07:49:28 2026] DELETE /resource_providers/6887be2c-e1ef-4102-af74-08e92d75737f => generated 246 bytes in 13 msecs (HTTP/1.1 404) 6 headers in 231 bytes (1 switches on core 0)
2026-07-21 07:49:28.543 9 INFO placement.requestlog [None req-c2cf8cee-5068-4f67-bbcc-b72c67771359 1962d1b3c28a416a915337003a2efcf2 56825ba1e9fe481d9bb3604e546d12b2 - - 45692f3480b54f989158c85f7bc3ebf4 45692f3480b54f989158c85f7bc3ebf4] 10.0.0.147 "DELETE /resource_providers/6887be2c-e1ef-4102-af74-08e92d75737f" status: 404 len: 246 microversion: 1.1 [pid: 9|app: 0|req: 380/755] 10.0.0.147 () {34 vars in 823 bytes} [Tue Jul 21 07:49:28 2026] DELETE /resource_providers/6887be2c-e1ef-4102-af74-08e92d75737f => generated 246 bytes in 18 msecs (HTTP/1.1 404) 6 headers in 231 bytes (1 switches on core 0)
2026-07-21 07:49:29.537 8 INFO placement.requestlog [req-4deb12ed-06b8-4274-b74a-e897939f482b req-8d9cd3b6-f2d8-4957-9a44-704e51adcfff cefcd3f2815d4a8bb170192d4a20768f 56825ba1e9fe481d9bb3604e546d12b2 - - 45692f3480b54f989158c85f7bc3ebf4 45692f3480b54f989158c85f7bc3ebf4] 10.0.0.64 "GET /allocation_candidates?limit=1000&resources=DISK_GB%3A1%2CMEMORY_MB%3A512%2CVCPU%3A1&root_required=%21COMPUTE_STATUS_DISABLED" status: 200 len: 2147 microversion: 1.36 [pid: 8|app: 0|req: 376/756] 10.0.0.64 () {34 vars in 1009 bytes} [Tue Jul 21 07:49:29 2026] GET /allocation_candidates?limit=1000&resources=DISK_GB%3A1%2CMEMORY_MB%3A512%2CVCPU%3A1&root_required=%21COMPUTE_STATUS_DISABLED => generated 2147 bytes in 59 msecs (HTTP/1.1 200) 8 headers in 297 bytes (1 switches on core 0)
2026-07-21 07:49:29.583 9 INFO placement.requestlog [req-4deb12ed-06b8-4274-b74a-e897939f482b req-08a0c9b6-65f0-45d1-8c6c-a80d5c7ab92c cefcd3f2815d4a8bb170192d4a20768f 56825ba1e9fe481d9bb3604e546d12b2 - - 45692f3480b54f989158c85f7bc3ebf4 45692f3480b54f989158c85f7bc3ebf4] 10.0.0.64 "GET /allocations/12ce7b26-6a29-413c-b2f7-3913b72c2053" status: 200 len: 19 microversion: 1.28 [pid: 9|app: 0|req: 381/757] 10.0.0.64 () {34 vars in 858 bytes} [Tue Jul 21 07:49:29 2026] GET /allocations/12ce7b26-6a29-413c-b2f7-3913b72c2053 => generated 19 bytes in 17 msecs (HTTP/1.1 200) 8 headers in 295 bytes (1 switches on core 0)
2026-07-21 07:49:29.655 8 INFO placement.requestlog [req-4deb12ed-06b8-4274-b74a-e897939f482b req-e032443c-59c7-4736-88f9-472cfea52a50 cefcd3f2815d4a8bb170192d4a20768f 56825ba1e9fe481d9bb3604e546d12b2 - - 45692f3480b54f989158c85f7bc3ebf4 45692f3480b54f989158c85f7bc3ebf4] 10.0.0.64 "PUT /allocations/12ce7b26-6a29-413c-b2f7-3913b72c2053" status: 204 len: 0 microversion: 1.36 [pid: 8|app: 0|req: 377/758] 10.0.0.64 () {38 vars in 911 bytes} [Tue Jul 21 07:49:29 2026] PUT /allocations/12ce7b26-6a29-413c-b2f7-3913b72c2053 => generated 0 bytes in 66 msecs (HTTP/1.1 204) 5 headers in 199 bytes (1 switches on core 0)
2026-07-21 07:49:29.940 9 INFO placement.requestlog [req-4deb12ed-06b8-4274-b74a-e897939f482b req-e2aab6ee-d0ea-4e3e-ab8f-b4cb080d572d cefcd3f2815d4a8bb170192d4a20768f 56825ba1e9fe481d9bb3604e546d12b2 - - 45692f3480b54f989158c85f7bc3ebf4 45692f3480b54f989158c85f7bc3ebf4] 199.204.45.23 "GET /allocations/12ce7b26-6a29-413c-b2f7-3913b72c2053" status: 200 len: 257 microversion: 1.28 [pid: 9|app: 0|req: 382/759] 199.204.45.23 () {34 vars in 860 bytes} [Tue Jul 21 07:49:29 2026] GET /allocations/12ce7b26-6a29-413c-b2f7-3913b72c2053 => generated 257 bytes in 16 msecs (HTTP/1.1 200) 8 headers in 296 bytes (1 switches on core 0)
2026-07-21 07:49:30.047 8 INFO placement.requestlog [req-4deb12ed-06b8-4274-b74a-e897939f482b req-1113475c-97ee-4844-8130-bdd3a9c3cafa cefcd3f2815d4a8bb170192d4a20768f 56825ba1e9fe481d9bb3604e546d12b2 - - 45692f3480b54f989158c85f7bc3ebf4 45692f3480b54f989158c85f7bc3ebf4] 199.204.45.23 "GET /resource_providers/66b9320b-db22-4342-b722-cf2fdddf701a/allocations" status: 200 len: 152 microversion: 1.0 [pid: 8|app: 0|req: 378/760] 199.204.45.23 () {32 vars in 854 bytes} [Tue Jul 21 07:49:30 2026] GET /resource_providers/66b9320b-db22-4342-b722-cf2fdddf701a/allocations => generated 152 bytes in 18 msecs (HTTP/1.1 200) 6 headers in 224 bytes (1 switches on core 0)
2026-07-21 07:49:30.075 9 INFO placement.requestlog [req-4deb12ed-06b8-4274-b74a-e897939f482b req-402e11b8-a4a8-45dd-b725-5360d7a6d0ec cefcd3f2815d4a8bb170192d4a20768f 56825ba1e9fe481d9bb3604e546d12b2 - - 45692f3480b54f989158c85f7bc3ebf4 45692f3480b54f989158c85f7bc3ebf4] 199.204.45.23 "GET /allocations/12ce7b26-6a29-413c-b2f7-3913b72c2053" status: 200 len: 257 microversion: 1.28 [pid: 9|app: 0|req: 383/761] 199.204.45.23 () {34 vars in 860 bytes} [Tue Jul 21 07:49:30 2026] GET /allocations/12ce7b26-6a29-413c-b2f7-3913b72c2053 => generated 257 bytes in 20 msecs (HTTP/1.1 200) 8 headers in 296 bytes (1 switches on core 0)
2026-07-21 07:49:30.564 8 INFO placement.requestlog [None req-03fcb3cf-bee3-4472-9dc4-76b3cbd2ab10 1962d1b3c28a416a915337003a2efcf2 56825ba1e9fe481d9bb3604e546d12b2 - - 45692f3480b54f989158c85f7bc3ebf4 45692f3480b54f989158c85f7bc3ebf4] 10.0.0.147 "GET /resource_providers/861ff415-1931-4372-af0e-ef275c900023/aggregates" status: 404 len: 235 microversion: 1.1 [pid: 8|app: 0|req: 379/762] 10.0.0.147 () {32 vars in 823 bytes} [Tue Jul 21 07:49:30 2026] GET /resource_providers/861ff415-1931-4372-af0e-ef275c900023/aggregates => generated 235 bytes in 14 msecs (HTTP/1.1 404) 5 headers in 202 bytes (1 switches on core 0)
2026-07-21 07:49:30.572 9 INFO placement.requestlog [None req-82f17e34-7191-439f-81ec-e167dc15bd5b 1962d1b3c28a416a915337003a2efcf2 56825ba1e9fe481d9bb3604e546d12b2 - - 45692f3480b54f989158c85f7bc3ebf4 45692f3480b54f989158c85f7bc3ebf4] 10.0.0.147 "GET /resource_providers/861ff415-1931-4372-af0e-ef275c900023/aggregates" status: 404 len: 235 microversion: 1.1 [pid: 9|app: 0|req: 384/763] 10.0.0.147 () {32 vars in 823 bytes} [Tue Jul 21 07:49:30 2026] GET /resource_providers/861ff415-1931-4372-af0e-ef275c900023/aggregates => generated 235 bytes in 14 msecs (HTTP/1.1 404) 5 headers in 202 bytes (1 switches on core 0)
2026-07-21 07:49:30.601 8 INFO placement.requestlog [None req-bc8cdffc-803e-47ca-b620-4d05357fea23 1962d1b3c28a416a915337003a2efcf2 56825ba1e9fe481d9bb3604e546d12b2 - - 45692f3480b54f989158c85f7bc3ebf4 45692f3480b54f989158c85f7bc3ebf4] 10.0.0.147 "DELETE /resource_providers/861ff415-1931-4372-af0e-ef275c900023" status: 404 len: 246 microversion: 1.1 [pid: 8|app: 0|req: 380/764] 10.0.0.147 () {34 vars in 823 bytes} [Tue Jul 21 07:49:30 2026] DELETE /resource_providers/861ff415-1931-4372-af0e-ef275c900023 => generated 246 bytes in 18 msecs (HTTP/1.1 404) 6 headers in 231 bytes (1 switches on core 0)
2026-07-21 07:49:30.609 9 INFO placement.requestlog [None req-eb64e0bd-418c-4e9f-8759-e655ff122ec4 1962d1b3c28a416a915337003a2efcf2 56825ba1e9fe481d9bb3604e546d12b2 - - 45692f3480b54f989158c85f7bc3ebf4 45692f3480b54f989158c85f7bc3ebf4] 10.0.0.147 "DELETE /resource_providers/861ff415-1931-4372-af0e-ef275c900023" status: 404 len: 246 microversion: 1.1 [pid: 9|app: 0|req: 385/765] 10.0.0.147 () {34 vars in 823 bytes} [Tue Jul 21 07:49:30 2026] DELETE /resource_providers/861ff415-1931-4372-af0e-ef275c900023 => generated 246 bytes in 23 msecs (HTTP/1.1 404) 6 headers in 231 bytes (1 switches on core 0)
2026-07-21 07:49:37.229 8 INFO placement.requestlog [req-9dd5206a-23a2-46bc-8f70-f3ec11e026f8 req-2b8fdf8f-b34e-4edf-bb54-79b2c22eee84 cefcd3f2815d4a8bb170192d4a20768f 56825ba1e9fe481d9bb3604e546d12b2 - - 45692f3480b54f989158c85f7bc3ebf4 45692f3480b54f989158c85f7bc3ebf4] 10.0.0.64 "GET /allocation_candidates?limit=1000&resources=DISK_GB%3A1%2CMEMORY_MB%3A512%2CVCPU%3A1&root_required=%21COMPUTE_STATUS_DISABLED" status: 200 len: 2149 microversion: 1.36 [pid: 8|app: 0|req: 381/766] 10.0.0.64 () {34 vars in 1009 bytes} [Tue Jul 21 07:49:37 2026] GET /allocation_candidates?limit=1000&resources=DISK_GB%3A1%2CMEMORY_MB%3A512%2CVCPU%3A1&root_required=%21COMPUTE_STATUS_DISABLED => generated 2149 bytes in 47 msecs (HTTP/1.1 200) 8 headers in 297 bytes (1 switches on core 0)
2026-07-21 07:49:37.261 9 INFO placement.requestlog [req-9dd5206a-23a2-46bc-8f70-f3ec11e026f8 req-3b5e1376-51cc-4b27-9b64-8bd9cadc9c04 cefcd3f2815d4a8bb170192d4a20768f 56825ba1e9fe481d9bb3604e546d12b2 - - 45692f3480b54f989158c85f7bc3ebf4 45692f3480b54f989158c85f7bc3ebf4] 10.0.0.64 "GET /allocations/01f4535a-ed01-4f98-9775-3eda5fcff1e3" status: 200 len: 19 microversion: 1.28 [pid: 9|app: 0|req: 386/767] 10.0.0.64 () {34 vars in 858 bytes} [Tue Jul 21 07:49:37 2026] GET /allocations/01f4535a-ed01-4f98-9775-3eda5fcff1e3 => generated 19 bytes in 14 msecs (HTTP/1.1 200) 8 headers in 295 bytes (1 switches on core 0)
2026-07-21 07:49:37.343 8 INFO placement.requestlog [req-9dd5206a-23a2-46bc-8f70-f3ec11e026f8 req-4375c7d9-aac6-414e-9561-d76b096df54d cefcd3f2815d4a8bb170192d4a20768f 56825ba1e9fe481d9bb3604e546d12b2 - - 45692f3480b54f989158c85f7bc3ebf4 45692f3480b54f989158c85f7bc3ebf4] 10.0.0.64 "PUT /allocations/01f4535a-ed01-4f98-9775-3eda5fcff1e3" status: 204 len: 0 microversion: 1.36 [pid: 8|app: 0|req: 382/768] 10.0.0.64 () {38 vars in 911 bytes} [Tue Jul 21 07:49:37 2026] PUT /allocations/01f4535a-ed01-4f98-9775-3eda5fcff1e3 => generated 0 bytes in 76 msecs (HTTP/1.1 204) 5 headers in 199 bytes (1 switches on core 0)
2026-07-21 07:49:37.629 9 INFO placement.requestlog [req-9dd5206a-23a2-46bc-8f70-f3ec11e026f8 req-ba6c9627-b2da-4be8-81e5-67cade2d3d99 cefcd3f2815d4a8bb170192d4a20768f 56825ba1e9fe481d9bb3604e546d12b2 - - 45692f3480b54f989158c85f7bc3ebf4 45692f3480b54f989158c85f7bc3ebf4] 199.204.45.23 "GET /allocations/01f4535a-ed01-4f98-9775-3eda5fcff1e3" status: 200 len: 257 microversion: 1.28 [pid: 9|app: 0|req: 387/769] 199.204.45.23 () {34 vars in 860 bytes} [Tue Jul 21 07:49:37 2026] GET /allocations/01f4535a-ed01-4f98-9775-3eda5fcff1e3 => generated 257 bytes in 19 msecs (HTTP/1.1 200) 8 headers in 296 bytes (1 switches on core 0)
2026-07-21 07:49:37.756 8 INFO placement.requestlog [req-9dd5206a-23a2-46bc-8f70-f3ec11e026f8 req-022a4244-4bf3-466e-bb79-2febb2b468aa cefcd3f2815d4a8bb170192d4a20768f 56825ba1e9fe481d9bb3604e546d12b2 - - 45692f3480b54f989158c85f7bc3ebf4 45692f3480b54f989158c85f7bc3ebf4] 199.204.45.23 "GET /resource_providers/66b9320b-db22-4342-b722-cf2fdddf701a/allocations" status: 200 len: 252 microversion: 1.0 [pid: 8|app: 0|req: 383/770] 199.204.45.23 () {32 vars in 854 bytes} [Tue Jul 21 07:49:37 2026] GET /resource_providers/66b9320b-db22-4342-b722-cf2fdddf701a/allocations => generated 252 bytes in 24 msecs (HTTP/1.1 200) 6 headers in 224 bytes (1 switches on core 0)
2026-07-21 07:49:37.785 9 INFO placement.requestlog [req-9dd5206a-23a2-46bc-8f70-f3ec11e026f8 req-4a8b5eb8-a802-40fd-91fe-43b3c9a9b703 cefcd3f2815d4a8bb170192d4a20768f 56825ba1e9fe481d9bb3604e546d12b2 - - 45692f3480b54f989158c85f7bc3ebf4 45692f3480b54f989158c85f7bc3ebf4] 199.204.45.23 "GET /allocations/01f4535a-ed01-4f98-9775-3eda5fcff1e3" status: 200 len: 257 microversion: 1.28 [pid: 9|app: 0|req: 388/771] 199.204.45.23 () {34 vars in 860 bytes} [Tue Jul 21 07:49:37 2026] GET /allocations/01f4535a-ed01-4f98-9775-3eda5fcff1e3 => generated 257 bytes in 21 msecs (HTTP/1.1 200) 8 headers in 296 bytes (1 switches on core 0)
2026-07-21 07:49:37.811 8 INFO placement.requestlog [req-9dd5206a-23a2-46bc-8f70-f3ec11e026f8 req-def56894-5e8d-4433-a71c-d8fd51493e0e cefcd3f2815d4a8bb170192d4a20768f 56825ba1e9fe481d9bb3604e546d12b2 - - 45692f3480b54f989158c85f7bc3ebf4 45692f3480b54f989158c85f7bc3ebf4] 199.204.45.23 "GET /allocations/12ce7b26-6a29-413c-b2f7-3913b72c2053" status: 200 len: 257 microversion: 1.28 [pid: 8|app: 0|req: 384/772] 199.204.45.23 () {34 vars in 860 bytes} [Tue Jul 21 07:49:37 2026] GET /allocations/12ce7b26-6a29-413c-b2f7-3913b72c2053 => generated 257 bytes in 16 msecs (HTTP/1.1 200) 8 headers in 296 bytes (1 switches on core 0)
2026-07-21 07:49:38.133 9 INFO placement.requestlog [None req-8d0c05a3-cc27-4873-bf75-1000958c70c9 - - - - - -] 10.0.0.63 "GET /" status: 200 len: 136 microversion: 1.0
2026-07-21 07:49:38.135 8 INFO placement.requestlog [None req-79c0eabd-6959-479e-8797-7ac0b1d16ed9 - - - - - -] 10.0.0.63 "GET /" status: 200 len: 136 microversion: 1.0
2026-07-21 07:49:42.283 9 INFO placement.requestlog [req-1bc81e7a-9d95-4f05-85a2-a50cfc036955 req-8deed0fc-d12c-4ab5-8fd3-1ee29e568a5f cefcd3f2815d4a8bb170192d4a20768f 56825ba1e9fe481d9bb3604e546d12b2 - - 45692f3480b54f989158c85f7bc3ebf4 45692f3480b54f989158c85f7bc3ebf4] 10.0.0.64 "GET /allocation_candidates?limit=1000&resources=DISK_GB%3A1%2CMEMORY_MB%3A512%2CVCPU%3A1&root_required=%21COMPUTE_STATUS_DISABLED" status: 200 len: 2150 microversion: 1.36 [pid: 9|app: 0|req: 390/775] 10.0.0.64 () {34 vars in 1009 bytes} [Tue Jul 21 07:49:42 2026] GET /allocation_candidates?limit=1000&resources=DISK_GB%3A1%2CMEMORY_MB%3A512%2CVCPU%3A1&root_required=%21COMPUTE_STATUS_DISABLED => generated 2150 bytes in 53 msecs (HTTP/1.1 200) 8 headers in 297 bytes (1 switches on core 0)
