2026-08-12 01:50:08.381 8 INFO cinder.api.openstack.wsgi [None req-0e729ba5-6590-4f14-937d-f62fc2cfc987 72eeaa655551430dbcbfa7dcc026acfc f7676b9e63f343cf893aa6171ce360be - - default default] GET http://cinder-api.openstack.svc.cluster.local:8776/v3/f7676b9e63f343cf893aa6171ce360be/os-quota-sets/21b1e3bdd1c14a9aa3dce5a711da5e65?usage=true
2026-08-12 01:50:08.420 8 INFO cinder.api.openstack.wsgi [None req-0e729ba5-6590-4f14-937d-f62fc2cfc987 72eeaa655551430dbcbfa7dcc026acfc f7676b9e63f343cf893aa6171ce360be - - default default] http://cinder-api.openstack.svc.cluster.local:8776/v3/f7676b9e63f343cf893aa6171ce360be/os-quota-sets/21b1e3bdd1c14a9aa3dce5a711da5e65?usage=true returned with HTTP 200 [pid: 8|app: 0|req: 434/872] 10.0.0.103 () {28 vars in 735 bytes} [Wed Aug 12 01:50:08 2026] GET /v3/f7676b9e63f343cf893aa6171ce360be/os-quota-sets/21b1e3bdd1c14a9aa3dce5a711da5e65?usage=true => generated 847 bytes in 47 msecs (HTTP/1.1 200) 7 headers in 285 bytes (1 switches on core 0)
2026-08-12 01:50:08.438 7 INFO cinder.api.openstack.wsgi [None req-a55aa16b-af94-4c91-9999-33f6a1e02fca 72eeaa655551430dbcbfa7dcc026acfc f7676b9e63f343cf893aa6171ce360be - - default default] GET http://cinder-api.openstack.svc.cluster.local:8776/v3/f7676b9e63f343cf893aa6171ce360be/os-quota-sets/23b83e13e6ec4960a1534502d30e6958?usage=true
2026-08-12 01:50:08.462 7 INFO cinder.api.openstack.wsgi [None req-a55aa16b-af94-4c91-9999-33f6a1e02fca 72eeaa655551430dbcbfa7dcc026acfc f7676b9e63f343cf893aa6171ce360be - - default default] http://cinder-api.openstack.svc.cluster.local:8776/v3/f7676b9e63f343cf893aa6171ce360be/os-quota-sets/23b83e13e6ec4960a1534502d30e6958?usage=true returned with HTTP 200 [pid: 7|app: 0|req: 439/873] 10.0.0.103 () {28 vars in 735 bytes} [Wed Aug 12 01:50:08 2026] GET /v3/f7676b9e63f343cf893aa6171ce360be/os-quota-sets/23b83e13e6ec4960a1534502d30e6958?usage=true => generated 847 bytes in 33 msecs (HTTP/1.1 200) 7 headers in 285 bytes (1 switches on core 0)
2026-08-12 01:50:08.471 8 INFO cinder.api.openstack.wsgi [None req-fdb2c7ba-95b2-428f-8b09-63f69f466874 72eeaa655551430dbcbfa7dcc026acfc f7676b9e63f343cf893aa6171ce360be - - default default] GET http://cinder-api.openstack.svc.cluster.local:8776/v3/f7676b9e63f343cf893aa6171ce360be/os-quota-sets/491faeb6e9444682835eb4f182bfb7a7?usage=true
2026-08-12 01:50:08.489 8 INFO cinder.api.openstack.wsgi [None req-fdb2c7ba-95b2-428f-8b09-63f69f466874 72eeaa655551430dbcbfa7dcc026acfc f7676b9e63f343cf893aa6171ce360be - - default default] http://cinder-api.openstack.svc.cluster.local:8776/v3/f7676b9e63f343cf893aa6171ce360be/os-quota-sets/491faeb6e9444682835eb4f182bfb7a7?usage=true returned with HTTP 200 [pid: 8|app: 0|req: 435/874] 10.0.0.103 () {28 vars in 735 bytes} [Wed Aug 12 01:50:08 2026] GET /v3/f7676b9e63f343cf893aa6171ce360be/os-quota-sets/491faeb6e9444682835eb4f182bfb7a7?usage=true => generated 847 bytes in 22 msecs (HTTP/1.1 200) 7 headers in 285 bytes (1 switches on core 0)
2026-08-12 01:50:08.497 7 INFO cinder.api.openstack.wsgi [None req-6792af36-bb60-4521-a669-340f77dc4fc6 72eeaa655551430dbcbfa7dcc026acfc f7676b9e63f343cf893aa6171ce360be - - default default] GET http://cinder-api.openstack.svc.cluster.local:8776/v3/f7676b9e63f343cf893aa6171ce360be/os-quota-sets/abeb0423b0184a308f723146554a9338?usage=true
2026-08-12 01:50:08.523 7 INFO cinder.api.openstack.wsgi [None req-6792af36-bb60-4521-a669-340f77dc4fc6 72eeaa655551430dbcbfa7dcc026acfc f7676b9e63f343cf893aa6171ce360be - - default default] http://cinder-api.openstack.svc.cluster.local:8776/v3/f7676b9e63f343cf893aa6171ce360be/os-quota-sets/abeb0423b0184a308f723146554a9338?usage=true returned with HTTP 200 [pid: 7|app: 0|req: 440/875] 10.0.0.103 () {28 vars in 735 bytes} [Wed Aug 12 01:50:08 2026] GET /v3/f7676b9e63f343cf893aa6171ce360be/os-quota-sets/abeb0423b0184a308f723146554a9338?usage=true => generated 845 bytes in 32 msecs (HTTP/1.1 200) 7 headers in 285 bytes (1 switches on core 0)
2026-08-12 01:50:08.533 8 INFO cinder.api.openstack.wsgi [None req-aca90f28-a40f-44bb-b780-3eebf22af70d 72eeaa655551430dbcbfa7dcc026acfc f7676b9e63f343cf893aa6171ce360be - - default default] GET http://cinder-api.openstack.svc.cluster.local:8776/v3/f7676b9e63f343cf893aa6171ce360be/os-quota-sets/be21f7111b0242149da1a229ad33a39e?usage=true
2026-08-12 01:50:08.551 8 INFO cinder.api.openstack.wsgi [None req-aca90f28-a40f-44bb-b780-3eebf22af70d 72eeaa655551430dbcbfa7dcc026acfc f7676b9e63f343cf893aa6171ce360be - - default default] http://cinder-api.openstack.svc.cluster.local:8776/v3/f7676b9e63f343cf893aa6171ce360be/os-quota-sets/be21f7111b0242149da1a229ad33a39e?usage=true returned with HTTP 200 [pid: 8|app: 0|req: 436/876] 10.0.0.103 () {28 vars in 735 bytes} [Wed Aug 12 01:50:08 2026] GET /v3/f7676b9e63f343cf893aa6171ce360be/os-quota-sets/be21f7111b0242149da1a229ad33a39e?usage=true => generated 847 bytes in 25 msecs (HTTP/1.1 200) 7 headers in 285 bytes (1 switches on core 0)
2026-08-12 01:50:08.564 7 INFO cinder.api.openstack.wsgi [None req-46be6c6a-c452-49c6-a55b-f38020e1a8b1 72eeaa655551430dbcbfa7dcc026acfc f7676b9e63f343cf893aa6171ce360be - - default default] GET http://cinder-api.openstack.svc.cluster.local:8776/v3/f7676b9e63f343cf893aa6171ce360be/os-quota-sets/c068f3d69f23469689b4ed98ee1227e0?usage=true
2026-08-12 01:50:08.602 7 INFO cinder.api.openstack.wsgi [None req-46be6c6a-c452-49c6-a55b-f38020e1a8b1 72eeaa655551430dbcbfa7dcc026acfc f7676b9e63f343cf893aa6171ce360be - - default default] http://cinder-api.openstack.svc.cluster.local:8776/v3/f7676b9e63f343cf893aa6171ce360be/os-quota-sets/c068f3d69f23469689b4ed98ee1227e0?usage=true returned with HTTP 200 [pid: 7|app: 0|req: 441/877] 10.0.0.103 () {28 vars in 735 bytes} [Wed Aug 12 01:50:08 2026] GET /v3/f7676b9e63f343cf893aa6171ce360be/os-quota-sets/c068f3d69f23469689b4ed98ee1227e0?usage=true => generated 847 bytes in 47 msecs (HTTP/1.1 200) 7 headers in 285 bytes (1 switches on core 0)
2026-08-12 01:50:08.618 8 INFO cinder.api.openstack.wsgi [None req-33382696-c2d4-4063-8306-58f26218bb98 72eeaa655551430dbcbfa7dcc026acfc f7676b9e63f343cf893aa6171ce360be - - default default] GET http://cinder-api.openstack.svc.cluster.local:8776/v3/f7676b9e63f343cf893aa6171ce360be/os-quota-sets/e11ba30d728f4a61a046f11cedffac1e?usage=true
2026-08-12 01:50:08.667 8 INFO cinder.api.openstack.wsgi [None req-33382696-c2d4-4063-8306-58f26218bb98 72eeaa655551430dbcbfa7dcc026acfc f7676b9e63f343cf893aa6171ce360be - - default default] http://cinder-api.openstack.svc.cluster.local:8776/v3/f7676b9e63f343cf893aa6171ce360be/os-quota-sets/e11ba30d728f4a61a046f11cedffac1e?usage=true returned with HTTP 200 [pid: 8|app: 0|req: 437/878] 10.0.0.103 () {28 vars in 735 bytes} [Wed Aug 12 01:50:08 2026] GET /v3/f7676b9e63f343cf893aa6171ce360be/os-quota-sets/e11ba30d728f4a61a046f11cedffac1e?usage=true => generated 847 bytes in 60 msecs (HTTP/1.1 200) 7 headers in 285 bytes (1 switches on core 0)
2026-08-12 01:50:08.682 7 INFO cinder.api.openstack.wsgi [None req-51f83ddf-b426-478a-83e9-0c1a0899b584 72eeaa655551430dbcbfa7dcc026acfc f7676b9e63f343cf893aa6171ce360be - - default default] GET http://cinder-api.openstack.svc.cluster.local:8776/v3/f7676b9e63f343cf893aa6171ce360be/os-quota-sets/e7a670b148e64376b3a95376f95a56c9?usage=true
2026-08-12 01:50:08.713 7 INFO cinder.api.openstack.wsgi [None req-51f83ddf-b426-478a-83e9-0c1a0899b584 72eeaa655551430dbcbfa7dcc026acfc f7676b9e63f343cf893aa6171ce360be - - default default] http://cinder-api.openstack.svc.cluster.local:8776/v3/f7676b9e63f343cf893aa6171ce360be/os-quota-sets/e7a670b148e64376b3a95376f95a56c9?usage=true returned with HTTP 200 [pid: 7|app: 0|req: 442/879] 10.0.0.103 () {28 vars in 735 bytes} [Wed Aug 12 01:50:08 2026] GET /v3/f7676b9e63f343cf893aa6171ce360be/os-quota-sets/e7a670b148e64376b3a95376f95a56c9?usage=true => generated 847 bytes in 39 msecs (HTTP/1.1 200) 7 headers in 285 bytes (1 switches on core 0)
2026-08-12 01:50:08.722 8 INFO cinder.api.openstack.wsgi [None req-61d0c111-3c6c-4871-8e2e-0ff9d28cef19 72eeaa655551430dbcbfa7dcc026acfc f7676b9e63f343cf893aa6171ce360be - - default default] GET http://cinder-api.openstack.svc.cluster.local:8776/v3/f7676b9e63f343cf893aa6171ce360be/os-quota-sets/f7676b9e63f343cf893aa6171ce360be?usage=true
2026-08-12 01:50:08.746 8 INFO cinder.api.openstack.wsgi [None req-61d0c111-3c6c-4871-8e2e-0ff9d28cef19 72eeaa655551430dbcbfa7dcc026acfc f7676b9e63f343cf893aa6171ce360be - - default default] http://cinder-api.openstack.svc.cluster.local:8776/v3/f7676b9e63f343cf893aa6171ce360be/os-quota-sets/f7676b9e63f343cf893aa6171ce360be?usage=true returned with HTTP 200 [pid: 8|app: 0|req: 438/880] 10.0.0.103 () {28 vars in 735 bytes} [Wed Aug 12 01:50:08 2026] GET /v3/f7676b9e63f343cf893aa6171ce360be/os-quota-sets/f7676b9e63f343cf893aa6171ce360be?usage=true => generated 845 bytes in 30 msecs (HTTP/1.1 200) 7 headers in 285 bytes (1 switches on core 0)
2026-08-12 01:50:08.766 7 INFO cinder.api.openstack.wsgi [None req-c306f238-aeef-4ca0-99ee-19a44f9d2462 72eeaa655551430dbcbfa7dcc026acfc f7676b9e63f343cf893aa6171ce360be - - default default] GET http://cinder-api.openstack.svc.cluster.local:8776/v3/f7676b9e63f343cf893aa6171ce360be/snapshots?all_tenants=true
2026-08-12 01:50:08.778 7 INFO cinder.volume.api [None req-c306f238-aeef-4ca0-99ee-19a44f9d2462 72eeaa655551430dbcbfa7dcc026acfc f7676b9e63f343cf893aa6171ce360be - - default default] Get all snapshots completed successfully.
2026-08-12 01:50:08.779 7 INFO cinder.api.openstack.wsgi [None req-c306f238-aeef-4ca0-99ee-19a44f9d2462 72eeaa655551430dbcbfa7dcc026acfc f7676b9e63f343cf893aa6171ce360be - - default default] http://cinder-api.openstack.svc.cluster.local:8776/v3/f7676b9e63f343cf893aa6171ce360be/snapshots?all_tenants=true returned with HTTP 200 [pid: 7|app: 0|req: 443/881] 10.0.0.103 () {28 vars in 673 bytes} [Wed Aug 12 01:50:08 2026] GET /v3/f7676b9e63f343cf893aa6171ce360be/snapshots?all_tenants=true => generated 17 bytes in 26 msecs (HTTP/1.1 200) 7 headers in 284 bytes (1 switches on core 0)
2026-08-12 01:50:08.791 8 INFO cinder.api.openstack.wsgi [None req-3de43ce7-1a21-4193-8d2a-6752d4071409 72eeaa655551430dbcbfa7dcc026acfc f7676b9e63f343cf893aa6171ce360be - - default default] GET http://cinder-api.openstack.svc.cluster.local:8776/v3/f7676b9e63f343cf893aa6171ce360be/volumes/detail?all_tenants=true
2026-08-12 01:50:08.800 8 INFO cinder.volume.api [None req-3de43ce7-1a21-4193-8d2a-6752d4071409 72eeaa655551430dbcbfa7dcc026acfc f7676b9e63f343cf893aa6171ce360be - - default default] Get all volumes completed successfully.
2026-08-12 01:50:08.802 8 INFO cinder.api.openstack.wsgi [None req-3de43ce7-1a21-4193-8d2a-6752d4071409 72eeaa655551430dbcbfa7dcc026acfc f7676b9e63f343cf893aa6171ce360be - - default default] http://cinder-api.openstack.svc.cluster.local:8776/v3/f7676b9e63f343cf893aa6171ce360be/volumes/detail?all_tenants=true returned with HTTP 200 [pid: 8|app: 0|req: 439/882] 10.0.0.103 () {28 vars in 683 bytes} [Wed Aug 12 01:50:08 2026] GET /v3/f7676b9e63f343cf893aa6171ce360be/volumes/detail?all_tenants=true => generated 15 bytes in 15 msecs (HTTP/1.1 200) 7 headers in 284 bytes (1 switches on core 0)
2026-08-12 01:50:08.814 7 INFO cinder.api.openstack.wsgi [None req-a63be27d-9468-4fe2-9871-6c4bc27b08ae 72eeaa655551430dbcbfa7dcc026acfc f7676b9e63f343cf893aa6171ce360be - - default default] GET http://cinder-api.openstack.svc.cluster.local:8776/v3/f7676b9e63f343cf893aa6171ce360be/os-services
2026-08-12 01:50:08.822 7 INFO cinder.api.openstack.wsgi [None req-a63be27d-9468-4fe2-9871-6c4bc27b08ae 72eeaa655551430dbcbfa7dcc026acfc f7676b9e63f343cf893aa6171ce360be - - default default] http://cinder-api.openstack.svc.cluster.local:8776/v3/f7676b9e63f343cf893aa6171ce360be/os-services returned with HTTP 200 [pid: 7|app: 0|req: 444/883] 10.0.0.103 () {28 vars in 644 bytes} [Wed Aug 12 01:50:08 2026] GET /v3/f7676b9e63f343cf893aa6171ce360be/os-services => generated 646 bytes in 18 msecs (HTTP/1.1 200) 7 headers in 285 bytes (1 switches on core 0)
2026-08-12 01:50:08.832 8 INFO cinder.api.openstack.wsgi [None req-58deb559-c3ae-4011-aadf-1a45f12a04f6 72eeaa655551430dbcbfa7dcc026acfc f7676b9e63f343cf893aa6171ce360be - - default default] GET http://cinder-api.openstack.svc.cluster.local:8776/v3/f7676b9e63f343cf893aa6171ce360be/volumes/detail?all_tenants=true
2026-08-12 01:50:08.847 8 INFO cinder.volume.api [None req-58deb559-c3ae-4011-aadf-1a45f12a04f6 72eeaa655551430dbcbfa7dcc026acfc f7676b9e63f343cf893aa6171ce360be - - default default] Get all volumes completed successfully.
2026-08-12 01:50:08.849 8 INFO cinder.api.openstack.wsgi [None req-58deb559-c3ae-4011-aadf-1a45f12a04f6 72eeaa655551430dbcbfa7dcc026acfc f7676b9e63f343cf893aa6171ce360be - - default default] http://cinder-api.openstack.svc.cluster.local:8776/v3/f7676b9e63f343cf893aa6171ce360be/volumes/detail?all_tenants=true returned with HTTP 200 [pid: 8|app: 0|req: 440/884] 10.0.0.103 () {28 vars in 683 bytes} [Wed Aug 12 01:50:08 2026] GET /v3/f7676b9e63f343cf893aa6171ce360be/volumes/detail?all_tenants=true => generated 15 bytes in 22 msecs (HTTP/1.1 200) 7 headers in 284 bytes (1 switches on core 0)
2026-08-12 01:50:14.761 8 INFO cinder.api.openstack.wsgi [None req-58deb559-c3ae-4011-aadf-1a45f12a04f6 72eeaa655551430dbcbfa7dcc026acfc f7676b9e63f343cf893aa6171ce360be - - default default] GET http://10.0.0.96:8776/
2026-08-12 01:50:14.761 7 INFO cinder.api.openstack.wsgi [None req-a63be27d-9468-4fe2-9871-6c4bc27b08ae 72eeaa655551430dbcbfa7dcc026acfc f7676b9e63f343cf893aa6171ce360be - - default default] GET http://10.0.0.96:8776/
2026-08-12 01:50:14.763 8 INFO cinder.api.openstack.wsgi [None req-58deb559-c3ae-4011-aadf-1a45f12a04f6 72eeaa655551430dbcbfa7dcc026acfc f7676b9e63f343cf893aa6171ce360be - - default default] http://10.0.0.96:8776/ returned with HTTP 300
2026-08-12 01:50:14.763 7 INFO cinder.api.openstack.wsgi [None req-a63be27d-9468-4fe2-9871-6c4bc27b08ae 72eeaa655551430dbcbfa7dcc026acfc f7676b9e63f343cf893aa6171ce360be - - default default] http://10.0.0.96:8776/ returned with HTTP 300
2026-08-12 01:50:24.762 8 INFO cinder.api.openstack.wsgi [None req-58deb559-c3ae-4011-aadf-1a45f12a04f6 72eeaa655551430dbcbfa7dcc026acfc f7676b9e63f343cf893aa6171ce360be - - default default] GET http://10.0.0.96:8776/
2026-08-12 01:50:24.763 7 INFO cinder.api.openstack.wsgi [None req-a63be27d-9468-4fe2-9871-6c4bc27b08ae 72eeaa655551430dbcbfa7dcc026acfc f7676b9e63f343cf893aa6171ce360be - - default default] GET http://10.0.0.96:8776/
2026-08-12 01:50:24.763 8 INFO cinder.api.openstack.wsgi [None req-58deb559-c3ae-4011-aadf-1a45f12a04f6 72eeaa655551430dbcbfa7dcc026acfc f7676b9e63f343cf893aa6171ce360be - - default default] http://10.0.0.96:8776/ returned with HTTP 300
2026-08-12 01:50:24.764 7 INFO cinder.api.openstack.wsgi [None req-a63be27d-9468-4fe2-9871-6c4bc27b08ae 72eeaa655551430dbcbfa7dcc026acfc f7676b9e63f343cf893aa6171ce360be - - default default] http://10.0.0.96:8776/ returned with HTTP 300
2026-08-12 01:50:34.761 8 INFO cinder.api.openstack.wsgi [None req-58deb559-c3ae-4011-aadf-1a45f12a04f6 72eeaa655551430dbcbfa7dcc026acfc f7676b9e63f343cf893aa6171ce360be - - default default] GET http://10.0.0.96:8776/
2026-08-12 01:50:34.761 7 INFO cinder.api.openstack.wsgi [None req-a63be27d-9468-4fe2-9871-6c4bc27b08ae 72eeaa655551430dbcbfa7dcc026acfc f7676b9e63f343cf893aa6171ce360be - - default default] GET http://10.0.0.96:8776/
2026-08-12 01:50:34.762 8 INFO cinder.api.openstack.wsgi [None req-58deb559-c3ae-4011-aadf-1a45f12a04f6 72eeaa655551430dbcbfa7dcc026acfc f7676b9e63f343cf893aa6171ce360be - - default default] http://10.0.0.96:8776/ returned with HTTP 300
2026-08-12 01:50:34.762 7 INFO cinder.api.openstack.wsgi [None req-a63be27d-9468-4fe2-9871-6c4bc27b08ae 72eeaa655551430dbcbfa7dcc026acfc f7676b9e63f343cf893aa6171ce360be - - default default] http://10.0.0.96:8776/ returned with HTTP 300
2026-08-12 01:50:44.761 8 INFO cinder.api.openstack.wsgi [None req-58deb559-c3ae-4011-aadf-1a45f12a04f6 72eeaa655551430dbcbfa7dcc026acfc f7676b9e63f343cf893aa6171ce360be - - default default] GET http://10.0.0.96:8776/
2026-08-12 01:50:44.762 7 INFO cinder.api.openstack.wsgi [None req-a63be27d-9468-4fe2-9871-6c4bc27b08ae 72eeaa655551430dbcbfa7dcc026acfc f7676b9e63f343cf893aa6171ce360be - - default default] GET http://10.0.0.96:8776/
2026-08-12 01:50:44.762 8 INFO cinder.api.openstack.wsgi [None req-58deb559-c3ae-4011-aadf-1a45f12a04f6 72eeaa655551430dbcbfa7dcc026acfc f7676b9e63f343cf893aa6171ce360be - - default default] http://10.0.0.96:8776/ returned with HTTP 300
2026-08-12 01:50:44.763 7 INFO cinder.api.openstack.wsgi [None req-a63be27d-9468-4fe2-9871-6c4bc27b08ae 72eeaa655551430dbcbfa7dcc026acfc f7676b9e63f343cf893aa6171ce360be - - default default] http://10.0.0.96:8776/ returned with HTTP 300
2026-08-12 01:50:54.762 8 INFO cinder.api.openstack.wsgi [None req-58deb559-c3ae-4011-aadf-1a45f12a04f6 72eeaa655551430dbcbfa7dcc026acfc f7676b9e63f343cf893aa6171ce360be - - default default] GET http://10.0.0.96:8776/
2026-08-12 01:50:54.762 7 INFO cinder.api.openstack.wsgi [None req-a63be27d-9468-4fe2-9871-6c4bc27b08ae 72eeaa655551430dbcbfa7dcc026acfc f7676b9e63f343cf893aa6171ce360be - - default default] GET http://10.0.0.96:8776/
2026-08-12 01:50:54.763 8 INFO cinder.api.openstack.wsgi [None req-58deb559-c3ae-4011-aadf-1a45f12a04f6 72eeaa655551430dbcbfa7dcc026acfc f7676b9e63f343cf893aa6171ce360be - - default default] http://10.0.0.96:8776/ returned with HTTP 300
2026-08-12 01:50:54.763 7 INFO cinder.api.openstack.wsgi [None req-a63be27d-9468-4fe2-9871-6c4bc27b08ae 72eeaa655551430dbcbfa7dcc026acfc f7676b9e63f343cf893aa6171ce360be - - default default] http://10.0.0.96:8776/ returned with HTTP 300
2026-08-12 01:51:04.761 8 INFO cinder.api.openstack.wsgi [None req-58deb559-c3ae-4011-aadf-1a45f12a04f6 72eeaa655551430dbcbfa7dcc026acfc f7676b9e63f343cf893aa6171ce360be - - default default] GET http://10.0.0.96:8776/
2026-08-12 01:51:04.762 7 INFO cinder.api.openstack.wsgi [None req-a63be27d-9468-4fe2-9871-6c4bc27b08ae 72eeaa655551430dbcbfa7dcc026acfc f7676b9e63f343cf893aa6171ce360be - - default default] GET http://10.0.0.96:8776/
2026-08-12 01:51:04.762 8 INFO cinder.api.openstack.wsgi [None req-58deb559-c3ae-4011-aadf-1a45f12a04f6 72eeaa655551430dbcbfa7dcc026acfc f7676b9e63f343cf893aa6171ce360be - - default default] http://10.0.0.96:8776/ returned with HTTP 300
2026-08-12 01:51:04.763 7 INFO cinder.api.openstack.wsgi [None req-a63be27d-9468-4fe2-9871-6c4bc27b08ae 72eeaa655551430dbcbfa7dcc026acfc f7676b9e63f343cf893aa6171ce360be - - default default] http://10.0.0.96:8776/ returned with HTTP 300
2026-08-12 01:51:07.731 8 INFO cinder.api.openstack.wsgi [None req-407412ab-cc2c-4a1e-a5dc-31fb4094c1ff 72eeaa655551430dbcbfa7dcc026acfc f7676b9e63f343cf893aa6171ce360be - - default default] GET http://cinder-api.openstack.svc.cluster.local:8776/v3/f7676b9e63f343cf893aa6171ce360be/scheduler-stats/get_pools?detail=true
2026-08-12 01:51:08.236 8 INFO cinder.api.openstack.wsgi [None req-407412ab-cc2c-4a1e-a5dc-31fb4094c1ff 72eeaa655551430dbcbfa7dcc026acfc f7676b9e63f343cf893aa6171ce360be - - default default] http://cinder-api.openstack.svc.cluster.local:8776/v3/f7676b9e63f343cf893aa6171ce360be/scheduler-stats/get_pools?detail=true returned with HTTP 200 [pid: 8|app: 0|req: 447/897] 10.0.0.103 () {28 vars in 695 bytes} [Wed Aug 12 01:51:07 2026] GET /v3/f7676b9e63f343cf893aa6171ce360be/scheduler-stats/get_pools?detail=true => generated 668 bytes in 649 msecs (HTTP/1.1 200) 7 headers in 285 bytes (1 switches on core 0)
2026-08-12 01:51:08.247 7 INFO cinder.api.openstack.wsgi [None req-f85c4592-0964-4d82-aec5-5aa3fbe0240a 72eeaa655551430dbcbfa7dcc026acfc f7676b9e63f343cf893aa6171ce360be - - default default] GET http://cinder-api.openstack.svc.cluster.local:8776/v3/f7676b9e63f343cf893aa6171ce360be/volumes/detail?all_tenants=true
2026-08-12 01:51:08.257 7 INFO cinder.volume.api [None req-f85c4592-0964-4d82-aec5-5aa3fbe0240a 72eeaa655551430dbcbfa7dcc026acfc f7676b9e63f343cf893aa6171ce360be - - default default] Get all volumes completed successfully.
2026-08-12 01:51:08.260 7 INFO cinder.api.openstack.wsgi [None req-f85c4592-0964-4d82-aec5-5aa3fbe0240a 72eeaa655551430dbcbfa7dcc026acfc f7676b9e63f343cf893aa6171ce360be - - default default] http://cinder-api.openstack.svc.cluster.local:8776/v3/f7676b9e63f343cf893aa6171ce360be/volumes/detail?all_tenants=true returned with HTTP 200 [pid: 7|app: 0|req: 451/898] 10.0.0.103 () {28 vars in 683 bytes} [Wed Aug 12 01:51:08 2026] GET /v3/f7676b9e63f343cf893aa6171ce360be/volumes/detail?all_tenants=true => generated 15 bytes in 18 msecs (HTTP/1.1 200) 7 headers in 284 bytes (1 switches on core 0)
2026-08-12 01:51:08.272 8 INFO cinder.api.openstack.wsgi [None req-9871b0f7-a035-4d9d-bdfe-86c11193b627 72eeaa655551430dbcbfa7dcc026acfc f7676b9e63f343cf893aa6171ce360be - - default default] GET http://cinder-api.openstack.svc.cluster.local:8776/v3/f7676b9e63f343cf893aa6171ce360be/volumes/detail?all_tenants=true
2026-08-12 01:51:08.288 8 INFO cinder.volume.api [None req-9871b0f7-a035-4d9d-bdfe-86c11193b627 72eeaa655551430dbcbfa7dcc026acfc f7676b9e63f343cf893aa6171ce360be - - default default] Get all volumes completed successfully.
2026-08-12 01:51:08.291 8 INFO cinder.api.openstack.wsgi [None req-9871b0f7-a035-4d9d-bdfe-86c11193b627 72eeaa655551430dbcbfa7dcc026acfc f7676b9e63f343cf893aa6171ce360be - - default default] http://cinder-api.openstack.svc.cluster.local:8776/v3/f7676b9e63f343cf893aa6171ce360be/volumes/detail?all_tenants=true returned with HTTP 200 [pid: 8|app: 0|req: 448/899] 10.0.0.103 () {28 vars in 683 bytes} [Wed Aug 12 01:51:08 2026] GET /v3/f7676b9e63f343cf893aa6171ce360be/volumes/detail?all_tenants=true => generated 15 bytes in 24 msecs (HTTP/1.1 200) 7 headers in 284 bytes (1 switches on core 0)
2026-08-12 01:51:08.301 7 INFO cinder.api.openstack.wsgi [None req-e5088cb9-6bd4-431b-a416-1661cbafb607 72eeaa655551430dbcbfa7dcc026acfc f7676b9e63f343cf893aa6171ce360be - - default default] GET http://cinder-api.openstack.svc.cluster.local:8776/v3/f7676b9e63f343cf893aa6171ce360be/snapshots?all_tenants=true
2026-08-12 01:51:08.308 7 INFO cinder.volume.api [None req-e5088cb9-6bd4-431b-a416-1661cbafb607 72eeaa655551430dbcbfa7dcc026acfc f7676b9e63f343cf893aa6171ce360be - - default default] Get all snapshots completed successfully.
2026-08-12 01:51:08.308 7 INFO cinder.api.openstack.wsgi [None req-e5088cb9-6bd4-431b-a416-1661cbafb607 72eeaa655551430dbcbfa7dcc026acfc f7676b9e63f343cf893aa6171ce360be - - default default] http://cinder-api.openstack.svc.cluster.local:8776/v3/f7676b9e63f343cf893aa6171ce360be/snapshots?all_tenants=true returned with HTTP 200 [pid: 7|app: 0|req: 452/900] 10.0.0.103 () {28 vars in 673 bytes} [Wed Aug 12 01:51:08 2026] GET /v3/f7676b9e63f343cf893aa6171ce360be/snapshots?all_tenants=true => generated 17 bytes in 12 msecs (HTTP/1.1 200) 7 headers in 284 bytes (1 switches on core 0)
2026-08-12 01:51:08.320 8 INFO cinder.api.openstack.wsgi [None req-6447100f-bead-4d83-a2a7-6e70c0fb4259 72eeaa655551430dbcbfa7dcc026acfc f7676b9e63f343cf893aa6171ce360be - - default default] GET http://cinder-api.openstack.svc.cluster.local:8776/v3/f7676b9e63f343cf893aa6171ce360be/os-services
2026-08-12 01:51:08.326 8 INFO cinder.api.openstack.wsgi [None req-6447100f-bead-4d83-a2a7-6e70c0fb4259 72eeaa655551430dbcbfa7dcc026acfc f7676b9e63f343cf893aa6171ce360be - - default default] http://cinder-api.openstack.svc.cluster.local:8776/v3/f7676b9e63f343cf893aa6171ce360be/os-services returned with HTTP 200 [pid: 8|app: 0|req: 449/901] 10.0.0.103 () {28 vars in 644 bytes} [Wed Aug 12 01:51:08 2026] GET /v3/f7676b9e63f343cf893aa6171ce360be/os-services => generated 646 bytes in 14 msecs (HTTP/1.1 200) 7 headers in 285 bytes (1 switches on core 0)
2026-08-12 01:51:08.437 7 INFO cinder.api.openstack.wsgi [None req-5703aaff-da7e-4df3-b4c8-098c097e04fc 72eeaa655551430dbcbfa7dcc026acfc f7676b9e63f343cf893aa6171ce360be - - default default] GET http://cinder-api.openstack.svc.cluster.local:8776/v3/f7676b9e63f343cf893aa6171ce360be/os-quota-sets/51cb15c228184118b2a015ba0b9e6691?usage=true
2026-08-12 01:51:08.493 7 INFO cinder.api.openstack.wsgi [None req-5703aaff-da7e-4df3-b4c8-098c097e04fc 72eeaa655551430dbcbfa7dcc026acfc f7676b9e63f343cf893aa6171ce360be - - default default] http://cinder-api.openstack.svc.cluster.local:8776/v3/f7676b9e63f343cf893aa6171ce360be/os-quota-sets/51cb15c228184118b2a015ba0b9e6691?usage=true returned with HTTP 200 [pid: 7|app: 0|req: 453/902] 10.0.0.103 () {28 vars in 735 bytes} [Wed Aug 12 01:51:08 2026] GET /v3/f7676b9e63f343cf893aa6171ce360be/os-quota-sets/51cb15c228184118b2a015ba0b9e6691?usage=true => generated 847 bytes in 63 msecs (HTTP/1.1 200) 7 headers in 285 bytes (1 switches on core 0)
2026-08-12 01:51:08.506 8 INFO cinder.api.openstack.wsgi [None req-026278a0-5abb-4f80-b044-fc1f9a2604b1 72eeaa655551430dbcbfa7dcc026acfc f7676b9e63f343cf893aa6171ce360be - - default default] GET http://cinder-api.openstack.svc.cluster.local:8776/v3/f7676b9e63f343cf893aa6171ce360be/os-quota-sets/835d85e28c8d42aa9aa9b1689f60e98f?usage=true
2026-08-12 01:51:08.537 8 INFO cinder.api.openstack.wsgi [None req-026278a0-5abb-4f80-b044-fc1f9a2604b1 72eeaa655551430dbcbfa7dcc026acfc f7676b9e63f343cf893aa6171ce360be - - default default] http://cinder-api.openstack.svc.cluster.local:8776/v3/f7676b9e63f343cf893aa6171ce360be/os-quota-sets/835d85e28c8d42aa9aa9b1689f60e98f?usage=true returned with HTTP 200 [pid: 8|app: 0|req: 450/903] 10.0.0.103 () {28 vars in 735 bytes} [Wed Aug 12 01:51:08 2026] GET /v3/f7676b9e63f343cf893aa6171ce360be/os-quota-sets/835d85e28c8d42aa9aa9b1689f60e98f?usage=true => generated 847 bytes in 37 msecs (HTTP/1.1 200) 7 headers in 285 bytes (1 switches on core 0)
2026-08-12 01:51:08.548 7 INFO cinder.api.openstack.wsgi [None req-aeb6c9a8-cd3b-4385-94a8-a51f3efdcea6 72eeaa655551430dbcbfa7dcc026acfc f7676b9e63f343cf893aa6171ce360be - - default default] GET http://cinder-api.openstack.svc.cluster.local:8776/v3/f7676b9e63f343cf893aa6171ce360be/os-quota-sets/a030f6f9d8804a378628b77ed36e1582?usage=true
2026-08-12 01:51:08.574 7 INFO cinder.api.openstack.wsgi [None req-aeb6c9a8-cd3b-4385-94a8-a51f3efdcea6 72eeaa655551430dbcbfa7dcc026acfc f7676b9e63f343cf893aa6171ce360be - - default default] http://cinder-api.openstack.svc.cluster.local:8776/v3/f7676b9e63f343cf893aa6171ce360be/os-quota-sets/a030f6f9d8804a378628b77ed36e1582?usage=true returned with HTTP 200 [pid: 7|app: 0|req: 454/904] 10.0.0.103 () {28 vars in 735 bytes} [Wed Aug 12 01:51:08 2026] GET /v3/f7676b9e63f343cf893aa6171ce360be/os-quota-sets/a030f6f9d8804a378628b77ed36e1582?usage=true => generated 847 bytes in 34 msecs (HTTP/1.1 200) 7 headers in 285 bytes (1 switches on core 0)
2026-08-12 01:51:08.588 8 INFO cinder.api.openstack.wsgi [None req-89c1b74e-40fe-479a-933d-6c948f335775 72eeaa655551430dbcbfa7dcc026acfc f7676b9e63f343cf893aa6171ce360be - - default default] GET http://cinder-api.openstack.svc.cluster.local:8776/v3/f7676b9e63f343cf893aa6171ce360be/os-quota-sets/abeb0423b0184a308f723146554a9338?usage=true
2026-08-12 01:51:08.620 8 INFO cinder.api.openstack.wsgi [None req-89c1b74e-40fe-479a-933d-6c948f335775 72eeaa655551430dbcbfa7dcc026acfc f7676b9e63f343cf893aa6171ce360be - - default default] http://cinder-api.openstack.svc.cluster.local:8776/v3/f7676b9e63f343cf893aa6171ce360be/os-quota-sets/abeb0423b0184a308f723146554a9338?usage=true returned with HTTP 200 [pid: 8|app: 0|req: 451/905] 10.0.0.103 () {28 vars in 735 bytes} [Wed Aug 12 01:51:08 2026] GET /v3/f7676b9e63f343cf893aa6171ce360be/os-quota-sets/abeb0423b0184a308f723146554a9338?usage=true => generated 845 bytes in 40 msecs (HTTP/1.1 200) 7 headers in 285 bytes (1 switches on core 0)
2026-08-12 01:51:08.637 7 INFO cinder.api.openstack.wsgi [None req-91e9e97d-789b-48fc-9b12-a31ae75a6fb0 72eeaa655551430dbcbfa7dcc026acfc f7676b9e63f343cf893aa6171ce360be - - default default] GET http://cinder-api.openstack.svc.cluster.local:8776/v3/f7676b9e63f343cf893aa6171ce360be/os-quota-sets/d789295fc67c412590a606ed4b1adb02?usage=true
2026-08-12 01:51:08.677 7 INFO cinder.api.openstack.wsgi [None req-91e9e97d-789b-48fc-9b12-a31ae75a6fb0 72eeaa655551430dbcbfa7dcc026acfc f7676b9e63f343cf893aa6171ce360be - - default default] http://cinder-api.openstack.svc.cluster.local:8776/v3/f7676b9e63f343cf893aa6171ce360be/os-quota-sets/d789295fc67c412590a606ed4b1adb02?usage=true returned with HTTP 200 [pid: 7|app: 0|req: 455/906] 10.0.0.103 () {28 vars in 735 bytes} [Wed Aug 12 01:51:08 2026] GET /v3/f7676b9e63f343cf893aa6171ce360be/os-quota-sets/d789295fc67c412590a606ed4b1adb02?usage=true => generated 847 bytes in 52 msecs (HTTP/1.1 200) 7 headers in 285 bytes (1 switches on core 0)
2026-08-12 01:51:08.686 8 INFO cinder.api.openstack.wsgi [None req-7ab26e43-4cb5-46d5-9ff7-28ad42370296 72eeaa655551430dbcbfa7dcc026acfc f7676b9e63f343cf893aa6171ce360be - - default default] GET http://cinder-api.openstack.svc.cluster.local:8776/v3/f7676b9e63f343cf893aa6171ce360be/os-quota-sets/e7a670b148e64376b3a95376f95a56c9?usage=true
2026-08-12 01:51:08.705 8 INFO cinder.api.openstack.wsgi [None req-7ab26e43-4cb5-46d5-9ff7-28ad42370296 72eeaa655551430dbcbfa7dcc026acfc f7676b9e63f343cf893aa6171ce360be - - default default] http://cinder-api.openstack.svc.cluster.local:8776/v3/f7676b9e63f343cf893aa6171ce360be/os-quota-sets/e7a670b148e64376b3a95376f95a56c9?usage=true returned with HTTP 200 [pid: 8|app: 0|req: 452/907] 10.0.0.103 () {28 vars in 735 bytes} [Wed Aug 12 01:51:08 2026] GET /v3/f7676b9e63f343cf893aa6171ce360be/os-quota-sets/e7a670b148e64376b3a95376f95a56c9?usage=true => generated 847 bytes in 25 msecs (HTTP/1.1 200) 7 headers in 285 bytes (1 switches on core 0)
2026-08-12 01:51:08.718 7 INFO cinder.api.openstack.wsgi [None req-8f9d2c66-5d79-469b-8b61-e16930787ff9 72eeaa655551430dbcbfa7dcc026acfc f7676b9e63f343cf893aa6171ce360be - - default default] GET http://cinder-api.openstack.svc.cluster.local:8776/v3/f7676b9e63f343cf893aa6171ce360be/os-quota-sets/f7676b9e63f343cf893aa6171ce360be?usage=true
2026-08-12 01:51:08.736 7 INFO cinder.api.openstack.wsgi [None req-8f9d2c66-5d79-469b-8b61-e16930787ff9 72eeaa655551430dbcbfa7dcc026acfc f7676b9e63f343cf893aa6171ce360be - - default default] http://cinder-api.openstack.svc.cluster.local:8776/v3/f7676b9e63f343cf893aa6171ce360be/os-quota-sets/f7676b9e63f343cf893aa6171ce360be?usage=true returned with HTTP 200 [pid: 7|app: 0|req: 456/908] 10.0.0.103 () {28 vars in 735 bytes} [Wed Aug 12 01:51:08 2026] GET /v3/f7676b9e63f343cf893aa6171ce360be/os-quota-sets/f7676b9e63f343cf893aa6171ce360be?usage=true => generated 845 bytes in 26 msecs (HTTP/1.1 200) 7 headers in 285 bytes (1 switches on core 0)
2026-08-12 01:51:14.761 8 INFO cinder.api.openstack.wsgi [None req-7ab26e43-4cb5-46d5-9ff7-28ad42370296 72eeaa655551430dbcbfa7dcc026acfc f7676b9e63f343cf893aa6171ce360be - - default default] GET http://10.0.0.96:8776/
2026-08-12 01:51:14.762 8 INFO cinder.api.openstack.wsgi [None req-7ab26e43-4cb5-46d5-9ff7-28ad42370296 72eeaa655551430dbcbfa7dcc026acfc f7676b9e63f343cf893aa6171ce360be - - default default] http://10.0.0.96:8776/ returned with HTTP 300
2026-08-12 01:51:14.762 7 INFO cinder.api.openstack.wsgi [None req-8f9d2c66-5d79-469b-8b61-e16930787ff9 72eeaa655551430dbcbfa7dcc026acfc f7676b9e63f343cf893aa6171ce360be - - default default] GET http://10.0.0.96:8776/
2026-08-12 01:51:14.763 7 INFO cinder.api.openstack.wsgi [None req-8f9d2c66-5d79-469b-8b61-e16930787ff9 72eeaa655551430dbcbfa7dcc026acfc f7676b9e63f343cf893aa6171ce360be - - default default] http://10.0.0.96:8776/ returned with HTTP 300
2026-08-12 01:51:20.668 8 INFO cinder.api.openstack.wsgi [None req-49eac3df-98d1-421f-8032-04345abd2a9b a0e2c90ce1a847048c2901f6d52569c6 bc01f01ecb7448d39a8b9508de6f52ca - - default default] GET http://cinder-api.openstack.svc.cluster.local:8776/v3/bc01f01ecb7448d39a8b9508de6f52ca/volumes
2026-08-12 01:51:20.696 8 INFO cinder.volume.api [None req-49eac3df-98d1-421f-8032-04345abd2a9b a0e2c90ce1a847048c2901f6d52569c6 bc01f01ecb7448d39a8b9508de6f52ca - - default default] Get all volumes completed successfully.
2026-08-12 01:51:20.697 8 INFO cinder.api.openstack.wsgi [None req-49eac3df-98d1-421f-8032-04345abd2a9b a0e2c90ce1a847048c2901f6d52569c6 bc01f01ecb7448d39a8b9508de6f52ca - - default default] http://cinder-api.openstack.svc.cluster.local:8776/v3/bc01f01ecb7448d39a8b9508de6f52ca/volumes returned with HTTP 200 [pid: 8|app: 0|req: 454/911] 10.0.0.164 () {32 vars in 700 bytes} [Wed Aug 12 01:51:20 2026] GET /v3/bc01f01ecb7448d39a8b9508de6f52ca/volumes => generated 15 bytes in 177 msecs (HTTP/1.1 200) 7 headers in 284 bytes (1 switches on core 0)
2026-08-12 01:51:20.718 7 INFO cinder.api.openstack.wsgi [None req-3a21e320-d816-40d9-bc18-73512385cb54 a0e2c90ce1a847048c2901f6d52569c6 bc01f01ecb7448d39a8b9508de6f52ca - - default default] POST http://cinder-api.openstack.svc.cluster.local:8776/v3/bc01f01ecb7448d39a8b9508de6f52ca/volumes
2026-08-12 01:51:20.720 7 INFO cinder.api.v3.volumes [None req-3a21e320-d816-40d9-bc18-73512385cb54 a0e2c90ce1a847048c2901f6d52569c6 bc01f01ecb7448d39a8b9508de6f52ca - - default default] Create volume of 1 GB
2026-08-12 01:51:20.726 7 INFO cinder.volume.api [None req-3a21e320-d816-40d9-bc18-73512385cb54 a0e2c90ce1a847048c2901f6d52569c6 bc01f01ecb7448d39a8b9508de6f52ca - - default default] Availability Zones retrieved successfully.
2026-08-12 01:51:20.872 7 INFO cinder.volume.api [None req-3a21e320-d816-40d9-bc18-73512385cb54 a0e2c90ce1a847048c2901f6d52569c6 bc01f01ecb7448d39a8b9508de6f52ca - - default default] Create volume request issued successfully.
2026-08-12 01:51:20.873 7 INFO cinder.api.openstack.wsgi [None req-3a21e320-d816-40d9-bc18-73512385cb54 a0e2c90ce1a847048c2901f6d52569c6 bc01f01ecb7448d39a8b9508de6f52ca - - default default] http://cinder-api.openstack.svc.cluster.local:8776/v3/bc01f01ecb7448d39a8b9508de6f52ca/volumes returned with HTTP 202 [pid: 7|app: 0|req: 458/912] 10.0.0.164 () {34 vars in 722 bytes} [Wed Aug 12 01:51:20 2026] POST /v3/bc01f01ecb7448d39a8b9508de6f52ca/volumes => generated 875 bytes in 160 msecs (HTTP/1.1 202) 7 headers in 291 bytes (1 switches on core 0)
2026-08-12 01:51:20.895 8 INFO cinder.api.openstack.wsgi [None req-7757eb08-fb11-4f42-b29e-29890e6d62bf a0e2c90ce1a847048c2901f6d52569c6 bc01f01ecb7448d39a8b9508de6f52ca - - default default] GET http://cinder-api.openstack.svc.cluster.local:8776/v3/bc01f01ecb7448d39a8b9508de6f52ca/volumes/45f34bfc-d808-4a7c-b983-81e928ef26b9 /var/lib/openstack/lib/python3.12/site-packages/oslo_context/context.py:101: DeprecationWarning: Policy enforcement is depending on the value of is_admin. This key is deprecated. Please update your policy file to use the standard policy values. warnings.warn(
2026-08-12 01:51:20.914 8 INFO cinder.volume.api [None req-7757eb08-fb11-4f42-b29e-29890e6d62bf a0e2c90ce1a847048c2901f6d52569c6 bc01f01ecb7448d39a8b9508de6f52ca - - default default] Volume info retrieved successfully.
2026-08-12 01:51:20.920 8 INFO cinder.api.openstack.wsgi [None req-7757eb08-fb11-4f42-b29e-29890e6d62bf a0e2c90ce1a847048c2901f6d52569c6 bc01f01ecb7448d39a8b9508de6f52ca - - default default] http://cinder-api.openstack.svc.cluster.local:8776/v3/bc01f01ecb7448d39a8b9508de6f52ca/volumes/45f34bfc-d808-4a7c-b983-81e928ef26b9 returned with HTTP 200 [pid: 8|app: 0|req: 455/913] 10.0.0.164 () {32 vars in 774 bytes} [Wed Aug 12 01:51:20 2026] GET /v3/bc01f01ecb7448d39a8b9508de6f52ca/volumes/45f34bfc-d808-4a7c-b983-81e928ef26b9 => generated 943 bytes in 31 msecs (HTTP/1.1 200) 7 headers in 285 bytes (1 switches on core 0) /var/lib/openstack/lib/python3.12/site-packages/pycadf/identifier.py:70: UserWarning: Invalid uuid: cinderv3. To ensure interoperability, identifiers should be a valid uuid. warnings.warn(('Invalid uuid: %s. To ensure interoperability, '
2026-08-12 01:51:21.945 7 INFO cinder.api.openstack.wsgi [None req-e9f3e03e-badd-480f-97c3-55888f06fa5a a0e2c90ce1a847048c2901f6d52569c6 bc01f01ecb7448d39a8b9508de6f52ca - - default default] GET http://cinder-api.openstack.svc.cluster.local:8776/v3/bc01f01ecb7448d39a8b9508de6f52ca/volumes/45f34bfc-d808-4a7c-b983-81e928ef26b9 /var/lib/openstack/lib/python3.12/site-packages/oslo_context/context.py:101: DeprecationWarning: Policy enforcement is depending on the value of is_admin. This key is deprecated. Please update your policy file to use the standard policy values. warnings.warn(
2026-08-12 01:51:21.965 7 INFO cinder.volume.api [None req-e9f3e03e-badd-480f-97c3-55888f06fa5a a0e2c90ce1a847048c2901f6d52569c6 bc01f01ecb7448d39a8b9508de6f52ca - - default default] Volume info retrieved successfully.
2026-08-12 01:51:21.971 7 INFO cinder.api.openstack.wsgi [None req-e9f3e03e-badd-480f-97c3-55888f06fa5a a0e2c90ce1a847048c2901f6d52569c6 bc01f01ecb7448d39a8b9508de6f52ca - - default default] http://cinder-api.openstack.svc.cluster.local:8776/v3/bc01f01ecb7448d39a8b9508de6f52ca/volumes/45f34bfc-d808-4a7c-b983-81e928ef26b9 returned with HTTP 200 [pid: 7|app: 0|req: 459/914] 10.0.0.164 () {32 vars in 774 bytes} [Wed Aug 12 01:51:21 2026] GET /v3/bc01f01ecb7448d39a8b9508de6f52ca/volumes/45f34bfc-d808-4a7c-b983-81e928ef26b9 => generated 968 bytes in 30 msecs (HTTP/1.1 200) 7 headers in 285 bytes (1 switches on core 0) /var/lib/openstack/lib/python3.12/site-packages/pycadf/identifier.py:70: UserWarning: Invalid uuid: cinderv3. To ensure interoperability, identifiers should be a valid uuid. warnings.warn(('Invalid uuid: %s. To ensure interoperability, '
2026-08-12 01:51:21.993 8 INFO cinder.api.openstack.wsgi [None req-f5155063-80f8-4287-8248-1aaec0642969 a0e2c90ce1a847048c2901f6d52569c6 bc01f01ecb7448d39a8b9508de6f52ca - - default default] GET http://cinder-api.openstack.svc.cluster.local:8776/v3/bc01f01ecb7448d39a8b9508de6f52ca/volumes/45f34bfc-d808-4a7c-b983-81e928ef26b9 /var/lib/openstack/lib/python3.12/site-packages/oslo_context/context.py:101: DeprecationWarning: Policy enforcement is depending on the value of is_admin. This key is deprecated. Please update your policy file to use the standard policy values. warnings.warn(
2026-08-12 01:51:22.013 8 INFO cinder.volume.api [None req-f5155063-80f8-4287-8248-1aaec0642969 a0e2c90ce1a847048c2901f6d52569c6 bc01f01ecb7448d39a8b9508de6f52ca - - default default] Volume info retrieved successfully.
2026-08-12 01:51:22.019 8 INFO cinder.api.openstack.wsgi [None req-f5155063-80f8-4287-8248-1aaec0642969 a0e2c90ce1a847048c2901f6d52569c6 bc01f01ecb7448d39a8b9508de6f52ca - - default default] http://cinder-api.openstack.svc.cluster.local:8776/v3/bc01f01ecb7448d39a8b9508de6f52ca/volumes/45f34bfc-d808-4a7c-b983-81e928ef26b9 returned with HTTP 200 [pid: 8|app: 0|req: 456/915] 10.0.0.164 () {32 vars in 774 bytes} [Wed Aug 12 01:51:21 2026] GET /v3/bc01f01ecb7448d39a8b9508de6f52ca/volumes/45f34bfc-d808-4a7c-b983-81e928ef26b9 => generated 968 bytes in 34 msecs (HTTP/1.1 200) 7 headers in 285 bytes (1 switches on core 0) /var/lib/openstack/lib/python3.12/site-packages/pycadf/identifier.py:70: UserWarning: Invalid uuid: cinderv3. To ensure interoperability, identifiers should be a valid uuid. warnings.warn(('Invalid uuid: %s. To ensure interoperability, '
2026-08-12 01:51:22.038 7 INFO cinder.api.openstack.wsgi [None req-9949668a-9c98-44b3-8d31-1159b6d923cb a0e2c90ce1a847048c2901f6d52569c6 bc01f01ecb7448d39a8b9508de6f52ca - - default default] POST http://cinder-api.openstack.svc.cluster.local:8776/v3/bc01f01ecb7448d39a8b9508de6f52ca/volumes
2026-08-12 01:51:22.040 7 INFO cinder.api.v3.volumes [None req-9949668a-9c98-44b3-8d31-1159b6d923cb a0e2c90ce1a847048c2901f6d52569c6 bc01f01ecb7448d39a8b9508de6f52ca - - default default] Create volume of 1 GB
2026-08-12 01:51:22.045 7 INFO cinder.volume.api [None req-9949668a-9c98-44b3-8d31-1159b6d923cb a0e2c90ce1a847048c2901f6d52569c6 bc01f01ecb7448d39a8b9508de6f52ca - - default default] Availability Zones retrieved successfully.
2026-08-12 01:51:22.187 7 INFO cinder.volume.api [None req-9949668a-9c98-44b3-8d31-1159b6d923cb a0e2c90ce1a847048c2901f6d52569c6 bc01f01ecb7448d39a8b9508de6f52ca - - default default] Create volume request issued successfully.
2026-08-12 01:51:22.188 7 INFO cinder.api.openstack.wsgi [None req-9949668a-9c98-44b3-8d31-1159b6d923cb a0e2c90ce1a847048c2901f6d52569c6 bc01f01ecb7448d39a8b9508de6f52ca - - default default] http://cinder-api.openstack.svc.cluster.local:8776/v3/bc01f01ecb7448d39a8b9508de6f52ca/volumes returned with HTTP 202 [pid: 7|app: 0|req: 460/916] 10.0.0.164 () {34 vars in 722 bytes} [Wed Aug 12 01:51:22 2026] POST /v3/bc01f01ecb7448d39a8b9508de6f52ca/volumes => generated 875 bytes in 156 msecs (HTTP/1.1 202) 7 headers in 291 bytes (1 switches on core 0) /var/lib/openstack/lib/python3.12/site-packages/pycadf/identifier.py:70: UserWarning: Invalid uuid: cinderv3. To ensure interoperability, identifiers should be a valid uuid. warnings.warn(('Invalid uuid: %s. To ensure interoperability, '
2026-08-12 01:51:22.207 8 INFO cinder.api.openstack.wsgi [None req-c92defdb-2181-49c6-af51-7ac78ac4f749 a0e2c90ce1a847048c2901f6d52569c6 bc01f01ecb7448d39a8b9508de6f52ca - - default default] GET http://cinder-api.openstack.svc.cluster.local:8776/v3/bc01f01ecb7448d39a8b9508de6f52ca/volumes/61f121ff-0f32-426b-887e-dd9b7d337552 /var/lib/openstack/lib/python3.12/site-packages/oslo_context/context.py:101: DeprecationWarning: Policy enforcement is depending on the value of is_admin. This key is deprecated. Please update your policy file to use the standard policy values. warnings.warn(
2026-08-12 01:51:22.218 8 INFO cinder.volume.api [None req-c92defdb-2181-49c6-af51-7ac78ac4f749 a0e2c90ce1a847048c2901f6d52569c6 bc01f01ecb7448d39a8b9508de6f52ca - - default default] Volume info retrieved successfully.
2026-08-12 01:51:22.222 8 INFO cinder.api.openstack.wsgi [None req-c92defdb-2181-49c6-af51-7ac78ac4f749 a0e2c90ce1a847048c2901f6d52569c6 bc01f01ecb7448d39a8b9508de6f52ca - - default default] http://cinder-api.openstack.svc.cluster.local:8776/v3/bc01f01ecb7448d39a8b9508de6f52ca/volumes/61f121ff-0f32-426b-887e-dd9b7d337552 returned with HTTP 200 [pid: 8|app: 0|req: 457/917] 10.0.0.164 () {32 vars in 774 bytes} [Wed Aug 12 01:51:22 2026] GET /v3/bc01f01ecb7448d39a8b9508de6f52ca/volumes/61f121ff-0f32-426b-887e-dd9b7d337552 => generated 943 bytes in 20 msecs (HTTP/1.1 200) 7 headers in 285 bytes (1 switches on core 0) /var/lib/openstack/lib/python3.12/site-packages/pycadf/identifier.py:70: UserWarning: Invalid uuid: cinderv3. To ensure interoperability, identifiers should be a valid uuid. warnings.warn(('Invalid uuid: %s. To ensure interoperability, '
2026-08-12 01:51:23.248 7 INFO cinder.api.openstack.wsgi [None req-22e6116c-60a0-48e6-b7ab-68a3faf048ab a0e2c90ce1a847048c2901f6d52569c6 bc01f01ecb7448d39a8b9508de6f52ca - - default default] GET http://cinder-api.openstack.svc.cluster.local:8776/v3/bc01f01ecb7448d39a8b9508de6f52ca/volumes/61f121ff-0f32-426b-887e-dd9b7d337552 /var/lib/openstack/lib/python3.12/site-packages/oslo_context/context.py:101: DeprecationWarning: Policy enforcement is depending on the value of is_admin. This key is deprecated. Please update your policy file to use the standard policy values. warnings.warn(
2026-08-12 01:51:23.262 7 INFO cinder.volume.api [None req-22e6116c-60a0-48e6-b7ab-68a3faf048ab a0e2c90ce1a847048c2901f6d52569c6 bc01f01ecb7448d39a8b9508de6f52ca - - default default] Volume info retrieved successfully.
2026-08-12 01:51:23.266 7 INFO cinder.api.openstack.wsgi [None req-22e6116c-60a0-48e6-b7ab-68a3faf048ab a0e2c90ce1a847048c2901f6d52569c6 bc01f01ecb7448d39a8b9508de6f52ca - - default default] http://cinder-api.openstack.svc.cluster.local:8776/v3/bc01f01ecb7448d39a8b9508de6f52ca/volumes/61f121ff-0f32-426b-887e-dd9b7d337552 returned with HTTP 200 [pid: 7|app: 0|req: 461/918] 10.0.0.164 () {32 vars in 774 bytes} [Wed Aug 12 01:51:23 2026] GET /v3/bc01f01ecb7448d39a8b9508de6f52ca/volumes/61f121ff-0f32-426b-887e-dd9b7d337552 => generated 968 bytes in 28 msecs (HTTP/1.1 200) 7 headers in 285 bytes (1 switches on core 0) /var/lib/openstack/lib/python3.12/site-packages/pycadf/identifier.py:70: UserWarning: Invalid uuid: cinderv3. To ensure interoperability, identifiers should be a valid uuid. warnings.warn(('Invalid uuid: %s. To ensure interoperability, '
2026-08-12 01:51:23.288 8 INFO cinder.api.openstack.wsgi [None req-d5ecff8f-c45b-4f46-89e3-19eee9459f7d a0e2c90ce1a847048c2901f6d52569c6 bc01f01ecb7448d39a8b9508de6f52ca - - default default] GET http://cinder-api.openstack.svc.cluster.local:8776/v3/bc01f01ecb7448d39a8b9508de6f52ca/volumes/61f121ff-0f32-426b-887e-dd9b7d337552 /var/lib/openstack/lib/python3.12/site-packages/oslo_context/context.py:101: DeprecationWarning: Policy enforcement is depending on the value of is_admin. This key is deprecated. Please update your policy file to use the standard policy values. warnings.warn(
2026-08-12 01:51:23.302 8 INFO cinder.volume.api [None req-d5ecff8f-c45b-4f46-89e3-19eee9459f7d a0e2c90ce1a847048c2901f6d52569c6 bc01f01ecb7448d39a8b9508de6f52ca - - default default] Volume info retrieved successfully.
2026-08-12 01:51:23.306 8 INFO cinder.api.openstack.wsgi [None req-d5ecff8f-c45b-4f46-89e3-19eee9459f7d a0e2c90ce1a847048c2901f6d52569c6 bc01f01ecb7448d39a8b9508de6f52ca - - default default] http://cinder-api.openstack.svc.cluster.local:8776/v3/bc01f01ecb7448d39a8b9508de6f52ca/volumes/61f121ff-0f32-426b-887e-dd9b7d337552 returned with HTTP 200 [pid: 8|app: 0|req: 458/919] 10.0.0.164 () {32 vars in 774 bytes} [Wed Aug 12 01:51:23 2026] GET /v3/bc01f01ecb7448d39a8b9508de6f52ca/volumes/61f121ff-0f32-426b-887e-dd9b7d337552 => generated 968 bytes in 25 msecs (HTTP/1.1 200) 7 headers in 285 bytes (1 switches on core 0) /var/lib/openstack/lib/python3.12/site-packages/pycadf/identifier.py:70: UserWarning: Invalid uuid: cinderv3. To ensure interoperability, identifiers should be a valid uuid. warnings.warn(('Invalid uuid: %s. To ensure interoperability, '
2026-08-12 01:51:23.327 7 INFO cinder.api.openstack.wsgi [None req-b224142a-2058-40b2-829a-de55c4b0eff6 a0e2c90ce1a847048c2901f6d52569c6 bc01f01ecb7448d39a8b9508de6f52ca - - default default] POST http://cinder-api.openstack.svc.cluster.local:8776/v3/bc01f01ecb7448d39a8b9508de6f52ca/volumes
2026-08-12 01:51:23.329 7 INFO cinder.api.v3.volumes [None req-b224142a-2058-40b2-829a-de55c4b0eff6 a0e2c90ce1a847048c2901f6d52569c6 bc01f01ecb7448d39a8b9508de6f52ca - - default default] Create volume of 1 GB
2026-08-12 01:51:23.335 7 INFO cinder.volume.api [None req-b224142a-2058-40b2-829a-de55c4b0eff6 a0e2c90ce1a847048c2901f6d52569c6 bc01f01ecb7448d39a8b9508de6f52ca - - default default] Availability Zones retrieved successfully.
2026-08-12 01:51:23.485 7 INFO cinder.volume.api [None req-b224142a-2058-40b2-829a-de55c4b0eff6 a0e2c90ce1a847048c2901f6d52569c6 bc01f01ecb7448d39a8b9508de6f52ca - - default default] Create volume request issued successfully.
2026-08-12 01:51:23.486 7 INFO cinder.api.openstack.wsgi [None req-b224142a-2058-40b2-829a-de55c4b0eff6 a0e2c90ce1a847048c2901f6d52569c6 bc01f01ecb7448d39a8b9508de6f52ca - - default default] http://cinder-api.openstack.svc.cluster.local:8776/v3/bc01f01ecb7448d39a8b9508de6f52ca/volumes returned with HTTP 202 [pid: 7|app: 0|req: 462/920] 10.0.0.164 () {34 vars in 722 bytes} [Wed Aug 12 01:51:23 2026] POST /v3/bc01f01ecb7448d39a8b9508de6f52ca/volumes => generated 876 bytes in 166 msecs (HTTP/1.1 202) 7 headers in 291 bytes (1 switches on core 0) /var/lib/openstack/lib/python3.12/site-packages/pycadf/identifier.py:70: UserWarning: Invalid uuid: cinderv3. To ensure interoperability, identifiers should be a valid uuid. warnings.warn(('Invalid uuid: %s. To ensure interoperability, '
2026-08-12 01:51:23.505 8 INFO cinder.api.openstack.wsgi [None req-c933d37f-2757-498b-95f8-776f3762c416 a0e2c90ce1a847048c2901f6d52569c6 bc01f01ecb7448d39a8b9508de6f52ca - - default default] GET http://cinder-api.openstack.svc.cluster.local:8776/v3/bc01f01ecb7448d39a8b9508de6f52ca/volumes/2810e07a-892a-44d9-a2c1-1b23982f7ad6 /var/lib/openstack/lib/python3.12/site-packages/oslo_context/context.py:101: DeprecationWarning: Policy enforcement is depending on the value of is_admin. This key is deprecated. Please update your policy file to use the standard policy values. warnings.warn(
2026-08-12 01:51:23.522 8 INFO cinder.volume.api [None req-c933d37f-2757-498b-95f8-776f3762c416 a0e2c90ce1a847048c2901f6d52569c6 bc01f01ecb7448d39a8b9508de6f52ca - - default default] Volume info retrieved successfully.
2026-08-12 01:51:23.530 8 INFO cinder.api.openstack.wsgi [None req-c933d37f-2757-498b-95f8-776f3762c416 a0e2c90ce1a847048c2901f6d52569c6 bc01f01ecb7448d39a8b9508de6f52ca - - default default] http://cinder-api.openstack.svc.cluster.local:8776/v3/bc01f01ecb7448d39a8b9508de6f52ca/volumes/2810e07a-892a-44d9-a2c1-1b23982f7ad6 returned with HTTP 200 [pid: 8|app: 0|req: 459/921] 10.0.0.164 () {32 vars in 774 bytes} [Wed Aug 12 01:51:23 2026] GET /v3/bc01f01ecb7448d39a8b9508de6f52ca/volumes/2810e07a-892a-44d9-a2c1-1b23982f7ad6 => generated 944 bytes in 30 msecs (HTTP/1.1 200) 7 headers in 285 bytes (1 switches on core 0) /var/lib/openstack/lib/python3.12/site-packages/pycadf/identifier.py:70: UserWarning: Invalid uuid: cinderv3. To ensure interoperability, identifiers should be a valid uuid. warnings.warn(('Invalid uuid: %s. To ensure interoperability, '
2026-08-12 01:51:24.551 7 INFO cinder.api.openstack.wsgi [None req-6ffa687d-4473-490f-a6b8-1c6523e312e5 a0e2c90ce1a847048c2901f6d52569c6 bc01f01ecb7448d39a8b9508de6f52ca - - default default] GET http://cinder-api.openstack.svc.cluster.local:8776/v3/bc01f01ecb7448d39a8b9508de6f52ca/volumes/2810e07a-892a-44d9-a2c1-1b23982f7ad6 /var/lib/openstack/lib/python3.12/site-packages/oslo_context/context.py:101: DeprecationWarning: Policy enforcement is depending on the value of is_admin. This key is deprecated. Please update your policy file to use the standard policy values. warnings.warn(
