2026-08-12 01:48:26.397 7 INFO neutron_taas.services.taas.tap_mirror_plugin [req-b9b02033-06f9-46cb-84d4-0e248424982c req-6be6f404-a659-41d6-9375-f77d89c967c3 630fba0915344d03b79d95251bac43f1 4677ea9779fe44b294671d22cd7ee7e9 - - default default] Tap Mirror: Handle Delete Port: 86718bce-775c-4ed1-aa51-c91a885de7f0 [pid: 8|app: 0|req: 668/1387] 10.0.0.164 () {32 vars in 724 bytes} [Wed Aug 12 01:48:26 2026] DELETE /v2.0/subnets/a7d1e17b-177d-4740-bb1b-0f805fb4f494 => generated 0 bytes in 188 msecs (HTTP/1.1 204) 3 headers in 131 bytes (1 switches on core 0) [pid: 8|app: 0|req: 669/1388] 10.0.0.32 () {34 vars in 989 bytes} [Wed Aug 12 01:48:26 2026] GET /v2.0/ports?device_id=87e4b534-31e7-46cd-b497-4ca5a628b341 => generated 975 bytes in 112 msecs (HTTP/1.1 200) 4 headers in 157 bytes (1 switches on core 0)
2026-08-12 01:48:26.690 7 INFO neutron.db.l3_db [req-b9b02033-06f9-46cb-84d4-0e248424982c req-6be6f404-a659-41d6-9375-f77d89c967c3 630fba0915344d03b79d95251bac43f1 4677ea9779fe44b294671d22cd7ee7e9 - - default default] Floating IP c10a82c9-dad0-4d5c-9e7b-523369f60518 disassociated. External IP: 10.96.250.202, port: 86718bce-775c-4ed1-aa51-c91a885de7f0.
2026-08-12 01:48:26.711 8 INFO neutron_taas.services.taas.taas_plugin [None req-b5e0260e-7e78-4e22-8236-16cf6bf3c8f6 6d4d7962b42848d0a7d925df1c0599bc b06bb44a145541c782521d7fb3ae1a26 - - default default] TaaS: Handle Delete Port: 6d243f25-d861-41f5-bd39-f29c71ed565e
2026-08-12 01:48:26.714 8 INFO neutron_taas.services.taas.tap_mirror_plugin [None req-b5e0260e-7e78-4e22-8236-16cf6bf3c8f6 6d4d7962b42848d0a7d925df1c0599bc b06bb44a145541c782521d7fb3ae1a26 - - default default] Tap Mirror: Handle Delete Port: 6d243f25-d861-41f5-bd39-f29c71ed565e [pid: 7|app: 0|req: 720/1391] 199.204.45.44 () {36 vars in 996 bytes} [Wed Aug 12 01:48:26 2026] DELETE /v2.0/ports/86718bce-775c-4ed1-aa51-c91a885de7f0 => generated 0 bytes in 622 msecs (HTTP/1.1 204) 3 headers in 131 bytes (1 switches on core 0) /var/lib/openstack/lib/python3.12/site-packages/pycadf/identifier.py:70: UserWarning: Invalid uuid: neutron. To ensure interoperability, identifiers should be a valid uuid. warnings.warn(('Invalid uuid: %s. To ensure interoperability, ' [pid: 7|app: 0|req: 721/1392] 10.0.0.32 () {34 vars in 1039 bytes} [Wed Aug 12 01:48:26 2026] GET /v2.0/security-groups?id=310ac944-b4ec-47c0-a3ac-4cd0b84ca815&fields=id&fields=name => generated 114 bytes in 43 msecs (HTTP/1.1 200) 4 headers in 157 bytes (1 switches on core 0) [pid: 7|app: 0|req: 722/1393] 10.0.0.157 () {32 vars in 802 bytes} [Wed Aug 12 01:48:26 2026] GET /v2.0/extensions => generated 20541 bytes in 6 msecs (HTTP/1.1 200) 4 headers in 159 bytes (1 switches on core 0)
2026-08-12 01:48:26.902 7 INFO neutron.notifiers.nova [-] Nova event matching ['req-b53c950c-e72e-46a7-b01d-1e2aefa3720a'] response: {'server_uuid': '87e4b534-31e7-46cd-b497-4ca5a628b341', 'name': 'network-vif-deleted', 'tag': '86718bce-775c-4ed1-aa51-c91a885de7f0', 'status': 'completed', 'code': 200}
2026-08-12 01:48:26.952 8 INFO neutron.services.segments.plugin [-] Segment 6df4fe88-fca2-434b-a5fe-500de0388fac resource provider aggregate not found
2026-08-12 01:48:26.957 8 INFO neutron.services.segments.plugin [-] Segment 6df4fe88-fca2-434b-a5fe-500de0388fac resource provider aggregate not found
2026-08-12 01:48:26.973 8 INFO neutron.services.segments.plugin [-] Segment 6df4fe88-fca2-434b-a5fe-500de0388fac resource provider not found; error: Placement Client Error (4xx): {"errors": [{"status": 404, "title": "Not Found", "detail": "The resource could not be found.\n\n No resource provider with uuid 6df4fe88-fca2-434b-a5fe-500de0388fac found for delete ", "request_id": "req-8562b057-1cb3-4f2d-8a1e-fef7e4a4abcf"}]}
2026-08-12 01:48:26.979 8 INFO neutron.services.segments.plugin [-] Segment 6df4fe88-fca2-434b-a5fe-500de0388fac resource provider not found; error: Placement Client Error (4xx): {"errors": [{"status": 404, "title": "Not Found", "detail": "The resource could not be found.\n\n No resource provider with uuid 6df4fe88-fca2-434b-a5fe-500de0388fac found for delete ", "request_id": "req-0af722dc-8d63-430a-a884-c65116e85023"}]} [pid: 8|app: 0|req: 672/1394] 10.0.0.164 () {32 vars in 726 bytes} [Wed Aug 12 01:48:26 2026] DELETE /v2.0/networks/e7695b2c-d5b8-47e3-9787-4def689943e0 => generated 0 bytes in 449 msecs (HTTP/1.1 204) 3 headers in 131 bytes (1 switches on core 0)
2026-08-12 01:48:27.105 7 INFO neutron.db.segments_db [None req-2368610b-a198-40b2-971b-a9ce0fe466b7 6d4d7962b42848d0a7d925df1c0599bc b06bb44a145541c782521d7fb3ae1a26 - - default default] Added segment 61272e14-9461-405e-b5c9-33b78ba90faa of type geneve for network 306018cf-aa9d-425f-880f-063f30bc8f9a [pid: 8|app: 0|req: 673/1395] 10.0.0.157 () {30 vars in 724 bytes} [Wed Aug 12 01:48:27 2026] GET /v2.0/quotas/c28d4785aaeb47c987f37896d568c50b/details => generated 847 bytes in 131 msecs (HTTP/1.1 200) 4 headers in 157 bytes (1 switches on core 0)
2026-08-12 01:48:27.234 7 INFO neutron.db.ovn_revision_numbers_db [None req-2368610b-a198-40b2-971b-a9ce0fe466b7 6d4d7962b42848d0a7d925df1c0599bc b06bb44a145541c782521d7fb3ae1a26 - - default default] Successfully bumped revision number for resource 306018cf-aa9d-425f-880f-063f30bc8f9a (type: networks) to 1
2026-08-12 01:48:27.434 7 WARNING neutron.scheduler.dhcp_agent_scheduler [None req-2368610b-a198-40b2-971b-a9ce0fe466b7 6d4d7962b42848d0a7d925df1c0599bc b06bb44a145541c782521d7fb3ae1a26 - - default default] No more DHCP agents
2026-08-12 01:48:27.436 7 WARNING neutron.api.rpc.agentnotifiers.dhcp_rpc_agent_api [None req-2368610b-a198-40b2-971b-a9ce0fe466b7 6d4d7962b42848d0a7d925df1c0599bc b06bb44a145541c782521d7fb3ae1a26 - - default default] Unable to schedule network 306018cf-aa9d-425f-880f-063f30bc8f9a: no agents available; will retry on subsequent port and subnet creation events.
2026-08-12 01:48:27.527 7 INFO neutron.db.ovn_revision_numbers_db [None req-2368610b-a198-40b2-971b-a9ce0fe466b7 6d4d7962b42848d0a7d925df1c0599bc b06bb44a145541c782521d7fb3ae1a26 - - default default] Successfully bumped revision number for resource c4b1a0d5-b83e-4340-b3f6-a6ef83fca0d3 (type: ports) to 1 [pid: 7|app: 0|req: 723/1396] 10.0.0.164 () {34 vars in 670 bytes} [Wed Aug 12 01:48:27 2026] POST /v2.0/networks => generated 649 bytes in 551 msecs (HTTP/1.1 201) 4 headers in 162 bytes (1 switches on core 0)
2026-08-12 01:48:27.793 8 WARNING neutron.scheduler.dhcp_agent_scheduler [None req-ba29a67d-b3f7-4dde-9d38-29fbf97c2794 6d4d7962b42848d0a7d925df1c0599bc b06bb44a145541c782521d7fb3ae1a26 - - default default] No more DHCP agents
2026-08-12 01:48:27.795 8 WARNING neutron.api.rpc.agentnotifiers.dhcp_rpc_agent_api [None req-ba29a67d-b3f7-4dde-9d38-29fbf97c2794 6d4d7962b42848d0a7d925df1c0599bc b06bb44a145541c782521d7fb3ae1a26 - - default default] Unable to schedule network 306018cf-aa9d-425f-880f-063f30bc8f9a: no agents available; will retry on subsequent port and subnet creation events. [pid: 7|app: 0|req: 724/1397] 10.0.0.32 () {34 vars in 989 bytes} [Wed Aug 12 01:48:27 2026] GET /v2.0/ports?device_id=87e4b534-31e7-46cd-b497-4ca5a628b341 => generated 12 bytes in 20 msecs (HTTP/1.1 200) 4 headers in 156 bytes (1 switches on core 0)
2026-08-12 01:48:28.268 8 INFO neutron.db.ovn_revision_numbers_db [None req-1b2abde9-f54b-4443-b163-f90497de9db0 - - - - - -] Successfully bumped revision number for resource c4b1a0d5-b83e-4340-b3f6-a6ef83fca0d3 (type: ports) to 2
2026-08-12 01:48:28.291 8 INFO neutron.db.ovn_revision_numbers_db [None req-1b2abde9-f54b-4443-b163-f90497de9db0 - - - - - -] Successfully bumped revision number for resource 35e1811f-6c00-4bee-bf0a-38b705422329 (type: subnets) to 0 [pid: 8|app: 0|req: 674/1398] 10.0.0.164 () {34 vars in 669 bytes} [Wed Aug 12 01:48:27 2026] POST /v2.0/subnets => generated 626 bytes in 749 msecs (HTTP/1.1 201) 4 headers in 162 bytes (1 switches on core 0)
2026-08-12 01:48:28.434 7 INFO neutron.db.ovn_revision_numbers_db [None req-d675a61a-4f23-4e4c-a673-052f358aef2b 6d4d7962b42848d0a7d925df1c0599bc b06bb44a145541c782521d7fb3ae1a26 - - default default] Successfully bumped revision number for resource d1ea8a91-eb54-4bbc-a583-88d8574d8f1a (type: routers) to 1 [pid: 7|app: 0|req: 725/1399] 10.0.0.164 () {34 vars in 669 bytes} [Wed Aug 12 01:48:28 2026] POST /v2.0/routers => generated 601 bytes in 150 msecs (HTTP/1.1 201) 4 headers in 162 bytes (1 switches on core 0)
2026-08-12 01:48:28.693 8 INFO neutron.db.ovn_revision_numbers_db [None req-ad88effd-5070-4b63-84cb-03675138adf9 72eeaa655551430dbcbfa7dcc026acfc f7676b9e63f343cf893aa6171ce360be - - default default] Successfully bumped revision number for resource 65808fff-2a43-4ddf-ab39-1d31ef34313d (type: security_groups) to 1
2026-08-12 01:48:28.704 8 INFO neutron.db.ovn_revision_numbers_db [None req-ad88effd-5070-4b63-84cb-03675138adf9 72eeaa655551430dbcbfa7dcc026acfc f7676b9e63f343cf893aa6171ce360be - - default default] Successfully bumped revision number for resource 2c59b85e-9daf-4a4e-a64f-44b86ede4ee5 (type: security_group_rules) to 0
2026-08-12 01:48:28.719 8 INFO neutron.db.ovn_revision_numbers_db [None req-ad88effd-5070-4b63-84cb-03675138adf9 72eeaa655551430dbcbfa7dcc026acfc f7676b9e63f343cf893aa6171ce360be - - default default] Successfully bumped revision number for resource 4db2d548-7d99-40a1-80af-4fbafe5e0211 (type: security_group_rules) to 0
2026-08-12 01:48:28.739 8 INFO neutron.db.ovn_revision_numbers_db [None req-ad88effd-5070-4b63-84cb-03675138adf9 72eeaa655551430dbcbfa7dcc026acfc f7676b9e63f343cf893aa6171ce360be - - default default] Successfully bumped revision number for resource 8ad178f4-56ad-4e53-83ed-b47749b8eb95 (type: security_group_rules) to 0
2026-08-12 01:48:28.756 8 INFO neutron.db.ovn_revision_numbers_db [None req-ad88effd-5070-4b63-84cb-03675138adf9 72eeaa655551430dbcbfa7dcc026acfc f7676b9e63f343cf893aa6171ce360be - - default default] Successfully bumped revision number for resource de16cb72-71de-4cbe-b961-05155a483090 (type: security_group_rules) to 0 [pid: 8|app: 0|req: 675/1400] 10.0.0.164 () {32 vars in 774 bytes} [Wed Aug 12 01:48:28 2026] GET /v2.0/security-groups?tenant_id=f8a3804b01e64dcab6fce1408dd2db36&name=default => generated 2925 bytes in 467 msecs (HTTP/1.1 200) 4 headers in 158 bytes (1 switches on core 0)
2026-08-12 01:48:28.896 7 WARNING neutron.scheduler.dhcp_agent_scheduler [None req-5353b8af-c9d6-4997-b656-f999c294053c 6d4d7962b42848d0a7d925df1c0599bc b06bb44a145541c782521d7fb3ae1a26 - - default default] No more DHCP agents
2026-08-12 01:48:28.897 7 WARNING neutron.api.rpc.agentnotifiers.dhcp_rpc_agent_api [None req-5353b8af-c9d6-4997-b656-f999c294053c 6d4d7962b42848d0a7d925df1c0599bc b06bb44a145541c782521d7fb3ae1a26 - - default default] Unable to schedule network 306018cf-aa9d-425f-880f-063f30bc8f9a: no agents available; will retry on subsequent port and subnet creation events.
2026-08-12 01:48:29.063 7 INFO neutron.db.ovn_revision_numbers_db [None req-5353b8af-c9d6-4997-b656-f999c294053c 6d4d7962b42848d0a7d925df1c0599bc b06bb44a145541c782521d7fb3ae1a26 - - default default] Successfully bumped revision number for resource 4c06708a-e425-4024-9471-d9d1c2de4d86 (type: ports) to 1 [pid: 8|app: 0|req: 676/1401] 10.0.0.164 () {32 vars in 740 bytes} [Wed Aug 12 01:48:28 2026] DELETE /v2.0/security-groups/65808fff-2a43-4ddf-ab39-1d31ef34313d => generated 0 bytes in 262 msecs (HTTP/1.1 204) 2 headers in 112 bytes (1 switches on core 0) [pid: 8|app: 0|req: 677/1402] 10.0.0.32 () {34 vars in 989 bytes} [Wed Aug 12 01:48:29 2026] GET /v2.0/ports?device_id=87e4b534-31e7-46cd-b497-4ca5a628b341 => generated 12 bytes in 24 msecs (HTTP/1.1 200) 4 headers in 156 bytes (1 switches on core 0)
2026-08-12 01:48:29.765 7 WARNING neutron.scheduler.dhcp_agent_scheduler [None req-5353b8af-c9d6-4997-b656-f999c294053c 6d4d7962b42848d0a7d925df1c0599bc b06bb44a145541c782521d7fb3ae1a26 - - default default] No more DHCP agents
2026-08-12 01:48:29.766 7 WARNING neutron.api.rpc.agentnotifiers.dhcp_rpc_agent_api [None req-5353b8af-c9d6-4997-b656-f999c294053c 6d4d7962b42848d0a7d925df1c0599bc b06bb44a145541c782521d7fb3ae1a26 - - default default] Unable to schedule network 306018cf-aa9d-425f-880f-063f30bc8f9a: no agents available; will retry on subsequent port and subnet creation events.
2026-08-12 01:48:29.961 7 INFO neutron.db.ovn_revision_numbers_db [None req-5353b8af-c9d6-4997-b656-f999c294053c 6d4d7962b42848d0a7d925df1c0599bc b06bb44a145541c782521d7fb3ae1a26 - - default default] Successfully bumped revision number for resource 4c06708a-e425-4024-9471-d9d1c2de4d86 (type: router_ports) to 1 [pid: 7|app: 0|req: 726/1403] 10.0.0.164 () {34 vars in 783 bytes} [Wed Aug 12 01:48:28 2026] PUT /v2.0/routers/d1ea8a91-eb54-4bbc-a583-88d8574d8f1a/add_router_interface => generated 309 bytes in 1501 msecs (HTTP/1.1 200) 4 headers in 157 bytes (1 switches on core 0) [pid: 8|app: 0|req: 678/1404] 10.0.0.164 () {32 vars in 717 bytes} [Wed Aug 12 01:48:29 2026] GET /v2.0/ports/4c06708a-e425-4024-9471-d9d1c2de4d86 => generated 941 bytes in 39 msecs (HTTP/1.1 200) 4 headers in 157 bytes (1 switches on core 0) [pid: 7|app: 0|req: 727/1405] 10.0.0.164 () {32 vars in 717 bytes} [Wed Aug 12 01:48:30 2026] GET /v2.0/ports/4c06708a-e425-4024-9471-d9d1c2de4d86 => generated 941 bytes in 79 msecs (HTTP/1.1 200) 4 headers in 157 bytes (1 switches on core 0)
2026-08-12 01:48:30.204 8 WARNING neutron.plugins.ml2.drivers.ovn.mech_driver.ovsdb.ovn_client [None req-6de1ebaa-4866-49d0-8457-4b5671720530 - - - - - -] No port found with ID 636b8f56-41b9-4948-90ed-880f4d751434: RuntimeError: No port found with ID 636b8f56-41b9-4948-90ed-880f4d751434
2026-08-12 01:48:30.204 8 INFO neutron.plugins.ml2.drivers.ovn.mech_driver.mech_driver [None req-6de1ebaa-4866-49d0-8457-4b5671720530 - - - - - -] OVN reports status down for port: 86718bce-775c-4ed1-aa51-c91a885de7f0
2026-08-12 01:48:30.233 8 INFO neutron.plugins.ml2.drivers.ovn.mech_driver.mech_driver [None req-6de1ebaa-4866-49d0-8457-4b5671720530 - - - - - -] OVN reports status down for port: c4b1a0d5-b83e-4340-b3f6-a6ef83fca0d3 [pid: 8|app: 0|req: 679/1406] 10.0.0.32 () {34 vars in 989 bytes} [Wed Aug 12 01:48:30 2026] GET /v2.0/ports?device_id=87e4b534-31e7-46cd-b497-4ca5a628b341 => generated 12 bytes in 43 msecs (HTTP/1.1 200) 4 headers in 156 bytes (1 switches on core 0)
2026-08-12 01:48:30.319 8 INFO neutron.plugins.ml2.drivers.ovn.mech_driver.mech_driver [None req-6de1ebaa-4866-49d0-8457-4b5671720530 - - - - - -] OVN reports status down for port: 4c06708a-e425-4024-9471-d9d1c2de4d86
2026-08-12 01:48:30.380 8 WARNING neutron.plugins.ml2.drivers.ovn.mech_driver.ovsdb.ovn_client [None req-6de1ebaa-4866-49d0-8457-4b5671720530 - - - - - -] Logical_Switch_Port %s host information not removed, the port state is up
2026-08-12 01:48:30.380 8 INFO neutron.plugins.ml2.drivers.ovn.mech_driver.mech_driver [None req-6de1ebaa-4866-49d0-8457-4b5671720530 - - - - - -] OVN reports status up for port: 4c06708a-e425-4024-9471-d9d1c2de4d86
2026-08-12 01:48:30.391 8 INFO neutron.plugins.ml2.plugin [None req-6de1ebaa-4866-49d0-8457-4b5671720530 - - - - - -] Attempt 1 to provision port 4c06708a-e425-4024-9471-d9d1c2de4d86
2026-08-12 01:48:30.510 7 INFO neutron.db.ovn_revision_numbers_db [None req-d837b479-0524-4cb8-8af5-78fea9ad0004 72eeaa655551430dbcbfa7dcc026acfc f7676b9e63f343cf893aa6171ce360be - - default default] Successfully bumped revision number for resource 255fc138-32eb-4e6c-b01e-f814cdd401d4 (type: security_groups) to 1
2026-08-12 01:48:30.531 7 INFO neutron.db.ovn_revision_numbers_db [None req-d837b479-0524-4cb8-8af5-78fea9ad0004 72eeaa655551430dbcbfa7dcc026acfc f7676b9e63f343cf893aa6171ce360be - - default default] Successfully bumped revision number for resource 1be8549f-cde4-403d-9052-b2d0a9a41289 (type: security_group_rules) to 0
2026-08-12 01:48:30.546 7 INFO neutron.db.ovn_revision_numbers_db [None req-d837b479-0524-4cb8-8af5-78fea9ad0004 72eeaa655551430dbcbfa7dcc026acfc f7676b9e63f343cf893aa6171ce360be - - default default] Successfully bumped revision number for resource 4e01f503-7b8a-4a6c-b945-73892cfe402c (type: security_group_rules) to 0
2026-08-12 01:48:30.559 7 INFO neutron.db.ovn_revision_numbers_db [None req-d837b479-0524-4cb8-8af5-78fea9ad0004 72eeaa655551430dbcbfa7dcc026acfc f7676b9e63f343cf893aa6171ce360be - - default default] Successfully bumped revision number for resource 679eb4f7-6805-47a7-ad83-55d665c6e071 (type: security_group_rules) to 0
2026-08-12 01:48:30.572 7 INFO neutron.db.ovn_revision_numbers_db [None req-d837b479-0524-4cb8-8af5-78fea9ad0004 72eeaa655551430dbcbfa7dcc026acfc f7676b9e63f343cf893aa6171ce360be - - default default] Successfully bumped revision number for resource dd2d1a8d-73f6-4549-8503-b535f127dd94 (type: security_group_rules) to 0 [pid: 7|app: 0|req: 728/1407] 10.0.0.164 () {32 vars in 774 bytes} [Wed Aug 12 01:48:30 2026] GET /v2.0/security-groups?tenant_id=c28d4785aaeb47c987f37896d568c50b&name=default => generated 2925 bytes in 389 msecs (HTTP/1.1 200) 4 headers in 158 bytes (1 switches on core 0)
2026-08-12 01:48:30.994 8 INFO neutron.db.ovn_revision_numbers_db [None req-6de1ebaa-4866-49d0-8457-4b5671720530 - - - - - -] Successfully bumped revision number for resource 4c06708a-e425-4024-9471-d9d1c2de4d86 (type: ports) to 2 [pid: 8|app: 0|req: 680/1408] 10.0.0.164 () {32 vars in 740 bytes} [Wed Aug 12 01:48:30 2026] DELETE /v2.0/security-groups/255fc138-32eb-4e6c-b01e-f814cdd401d4 => generated 0 bytes in 484 msecs (HTTP/1.1 204) 2 headers in 112 bytes (1 switches on core 0) [pid: 7|app: 0|req: 729/1409] 10.0.0.164 () {32 vars in 717 bytes} [Wed Aug 12 01:48:31 2026] GET /v2.0/ports/4c06708a-e425-4024-9471-d9d1c2de4d86 => generated 943 bytes in 39 msecs (HTTP/1.1 200) 4 headers in 157 bytes (1 switches on core 0)
2026-08-12 01:48:31.419 8 INFO neutron_taas.services.taas.taas_plugin [None req-d2d6559e-0d6f-4a36-9b23-b05704d8db8d 6d4d7962b42848d0a7d925df1c0599bc b06bb44a145541c782521d7fb3ae1a26 - - default default] TaaS: Handle Delete Port: 4c06708a-e425-4024-9471-d9d1c2de4d86
2026-08-12 01:48:31.423 8 INFO neutron_taas.services.taas.tap_mirror_plugin [None req-d2d6559e-0d6f-4a36-9b23-b05704d8db8d 6d4d7962b42848d0a7d925df1c0599bc b06bb44a145541c782521d7fb3ae1a26 - - default default] Tap Mirror: Handle Delete Port: 4c06708a-e425-4024-9471-d9d1c2de4d86
2026-08-12 01:48:31.624 7 INFO neutron.db.ovn_revision_numbers_db [None req-ebbd85d4-1ff3-46c1-a297-6b3818a2fa33 72eeaa655551430dbcbfa7dcc026acfc f7676b9e63f343cf893aa6171ce360be - - default default] Successfully bumped revision number for resource 0222a2ef-278d-4498-b407-802fb1cb5c08 (type: security_groups) to 1
2026-08-12 01:48:31.644 7 INFO neutron.db.ovn_revision_numbers_db [None req-ebbd85d4-1ff3-46c1-a297-6b3818a2fa33 72eeaa655551430dbcbfa7dcc026acfc f7676b9e63f343cf893aa6171ce360be - - default default] Successfully bumped revision number for resource 56fb2bbf-8ca2-48a3-aa59-3530459cc972 (type: security_group_rules) to 0
2026-08-12 01:48:31.662 7 INFO neutron.db.ovn_revision_numbers_db [None req-ebbd85d4-1ff3-46c1-a297-6b3818a2fa33 72eeaa655551430dbcbfa7dcc026acfc f7676b9e63f343cf893aa6171ce360be - - default default] Successfully bumped revision number for resource d0f595b7-225a-4078-a472-79208fa80e7d (type: security_group_rules) to 0
2026-08-12 01:48:31.678 7 INFO neutron.db.ovn_revision_numbers_db [None req-ebbd85d4-1ff3-46c1-a297-6b3818a2fa33 72eeaa655551430dbcbfa7dcc026acfc f7676b9e63f343cf893aa6171ce360be - - default default] Successfully bumped revision number for resource e9bdb9c0-0783-4fbe-9ee9-6e9be93ba9da (type: security_group_rules) to 0
2026-08-12 01:48:31.692 7 INFO neutron.db.ovn_revision_numbers_db [None req-ebbd85d4-1ff3-46c1-a297-6b3818a2fa33 72eeaa655551430dbcbfa7dcc026acfc f7676b9e63f343cf893aa6171ce360be - - default default] Successfully bumped revision number for resource ed9af6c7-b2ce-4020-8132-713a7eb7ad8d (type: security_group_rules) to 0 [pid: 7|app: 0|req: 730/1410] 10.0.0.164 () {32 vars in 774 bytes} [Wed Aug 12 01:48:31 2026] GET /v2.0/security-groups?tenant_id=7aee907edcc34e6c91b9f809a044c56c&name=default => generated 2925 bytes in 408 msecs (HTTP/1.1 200) 4 headers in 158 bytes (1 switches on core 0) [pid: 8|app: 0|req: 681/1411] 10.0.0.164 () {34 vars in 789 bytes} [Wed Aug 12 01:48:31 2026] PUT /v2.0/routers/d1ea8a91-eb54-4bbc-a583-88d8574d8f1a/remove_router_interface => generated 309 bytes in 636 msecs (HTTP/1.1 200) 4 headers in 157 bytes (1 switches on core 0) /var/lib/openstack/lib/python3.12/site-packages/pycadf/identifier.py:70: UserWarning: Invalid uuid: neutron. To ensure interoperability, identifiers should be a valid uuid. warnings.warn(('Invalid uuid: %s. To ensure interoperability, ' [pid: 7|app: 0|req: 731/1412] 10.0.0.164 () {32 vars in 740 bytes} [Wed Aug 12 01:48:31 2026] DELETE /v2.0/security-groups/310ac944-b4ec-47c0-a3ac-4cd0b84ca815 => generated 0 bytes in 133 msecs (HTTP/1.1 204) 2 headers in 112 bytes (1 switches on core 0) [pid: 7|app: 0|req: 732/1413] 10.0.0.164 () {32 vars in 736 bytes} [Wed Aug 12 01:48:31 2026] GET /v2.0/ports?device_id=d1ea8a91-eb54-4bbc-a583-88d8574d8f1a => generated 12 bytes in 18 msecs (HTTP/1.1 200) 4 headers in 156 bytes (1 switches on core 0)
2026-08-12 01:48:31.893 7 INFO neutron.api.v2.resource [None req-0fac6465-d12a-49fd-885d-6dbcf5728039 630fba0915344d03b79d95251bac43f1 4677ea9779fe44b294671d22cd7ee7e9 - - default default] show failed (client error): The resource could not be found. [pid: 7|app: 0|req: 733/1414] 10.0.0.164 () {32 vars in 737 bytes} [Wed Aug 12 01:48:31 2026] GET /v2.0/security-groups/310ac944-b4ec-47c0-a3ac-4cd0b84ca815 => generated 146 bytes in 10 msecs (HTTP/1.1 404) 4 headers in 164 bytes (1 switches on core 0) [pid: 8|app: 0|req: 682/1415] 10.0.0.164 () {32 vars in 740 bytes} [Wed Aug 12 01:48:31 2026] DELETE /v2.0/security-groups/0222a2ef-278d-4498-b407-802fb1cb5c08 => generated 0 bytes in 209 msecs (HTTP/1.1 204) 2 headers in 112 bytes (1 switches on core 0) [pid: 7|app: 0|req: 734/1416] 10.0.0.164 () {32 vars in 724 bytes} [Wed Aug 12 01:48:31 2026] DELETE /v2.0/routers/d1ea8a91-eb54-4bbc-a583-88d8574d8f1a => generated 0 bytes in 196 msecs (HTTP/1.1 204) 2 headers in 112 bytes (1 switches on core 0)
2026-08-12 01:48:32.116 8 INFO neutron_taas.services.taas.taas_plugin [None req-808e5010-5202-4bac-9e56-770c6b1ba198 630fba0915344d03b79d95251bac43f1 4677ea9779fe44b294671d22cd7ee7e9 - - default default] TaaS: Handle Delete Port: 67510fa8-5871-411b-8c9d-a1a87726d687
2026-08-12 01:48:32.118 8 INFO neutron_taas.services.taas.tap_mirror_plugin [None req-808e5010-5202-4bac-9e56-770c6b1ba198 630fba0915344d03b79d95251bac43f1 4677ea9779fe44b294671d22cd7ee7e9 - - default default] Tap Mirror: Handle Delete Port: 67510fa8-5871-411b-8c9d-a1a87726d687 [pid: 7|app: 0|req: 735/1417] 10.0.0.164 () {32 vars in 724 bytes} [Wed Aug 12 01:48:32 2026] DELETE /v2.0/subnets/35e1811f-6c00-4bee-bf0a-38b705422329 => generated 0 bytes in 164 msecs (HTTP/1.1 204) 3 headers in 131 bytes (1 switches on core 0) [pid: 8|app: 0|req: 683/1418] 10.0.0.164 () {32 vars in 732 bytes} [Wed Aug 12 01:48:31 2026] DELETE /v2.0/floatingips/c10a82c9-dad0-4d5c-9e7b-523369f60518 => generated 0 bytes in 273 msecs (HTTP/1.1 204) 2 headers in 112 bytes (1 switches on core 0)
2026-08-12 01:48:32.388 7 INFO neutron_taas.services.taas.taas_plugin [None req-b32541d4-8384-40b1-ad4c-732713e78ef3 6d4d7962b42848d0a7d925df1c0599bc b06bb44a145541c782521d7fb3ae1a26 - - default default] TaaS: Handle Delete Port: c4b1a0d5-b83e-4340-b3f6-a6ef83fca0d3
2026-08-12 01:48:32.391 7 INFO neutron_taas.services.taas.tap_mirror_plugin [None req-b32541d4-8384-40b1-ad4c-732713e78ef3 6d4d7962b42848d0a7d925df1c0599bc b06bb44a145541c782521d7fb3ae1a26 - - default default] Tap Mirror: Handle Delete Port: c4b1a0d5-b83e-4340-b3f6-a6ef83fca0d3
2026-08-12 01:48:32.563 8 INFO neutron_taas.services.taas.taas_plugin [None req-04e4d473-40d2-454c-b192-4e5f8e796894 72eeaa655551430dbcbfa7dcc026acfc f7676b9e63f343cf893aa6171ce360be - - default default] TaaS: Handle Delete Port: c425a6bd-dfa5-420e-8815-f744a5dae2e4
2026-08-12 01:48:32.566 8 INFO neutron_taas.services.taas.tap_mirror_plugin [None req-04e4d473-40d2-454c-b192-4e5f8e796894 72eeaa655551430dbcbfa7dcc026acfc f7676b9e63f343cf893aa6171ce360be - - default default] Tap Mirror: Handle Delete Port: c425a6bd-dfa5-420e-8815-f744a5dae2e4
2026-08-12 01:48:32.568 7 INFO neutron.services.segments.plugin [-] Segment 61272e14-9461-405e-b5c9-33b78ba90faa resource provider aggregate not found
2026-08-12 01:48:32.591 7 INFO neutron.services.segments.plugin [-] Segment 61272e14-9461-405e-b5c9-33b78ba90faa resource provider not found; error: Placement Client Error (4xx): {"errors": [{"status": 404, "title": "Not Found", "detail": "The resource could not be found.\n\n No resource provider with uuid 61272e14-9461-405e-b5c9-33b78ba90faa found for delete ", "request_id": "req-93201c55-a426-4449-b002-9d541feeffe0"}]}
2026-08-12 01:48:32.591 7 INFO neutron.services.segments.plugin [-] Segment 61272e14-9461-405e-b5c9-33b78ba90faa resource provider aggregate not found
2026-08-12 01:48:32.615 7 INFO neutron.services.segments.plugin [-] Segment 61272e14-9461-405e-b5c9-33b78ba90faa resource provider not found; error: Placement Client Error (4xx): {"errors": [{"status": 404, "title": "Not Found", "detail": "The resource could not be found.\n\n No resource provider with uuid 61272e14-9461-405e-b5c9-33b78ba90faa found for delete ", "request_id": "req-1ba7ad5a-b330-4036-b9e5-458425b35454"}]} [pid: 7|app: 0|req: 736/1419] 10.0.0.164 () {32 vars in 726 bytes} [Wed Aug 12 01:48:32 2026] DELETE /v2.0/networks/306018cf-aa9d-425f-880f-063f30bc8f9a => generated 0 bytes in 369 msecs (HTTP/1.1 204) 3 headers in 131 bytes (1 switches on core 0)
2026-08-12 01:48:33.063 7 WARNING neutron.scheduler.dhcp_agent_scheduler [None req-f4ab8a82-1124-49b4-8b38-1b8cadfb181e 6d4d7962b42848d0a7d925df1c0599bc b06bb44a145541c782521d7fb3ae1a26 - - default default] No more DHCP agents
2026-08-12 01:48:33.064 7 WARNING neutron.api.rpc.agentnotifiers.dhcp_rpc_agent_api [None req-f4ab8a82-1124-49b4-8b38-1b8cadfb181e 6d4d7962b42848d0a7d925df1c0599bc b06bb44a145541c782521d7fb3ae1a26 - - default default] Unable to schedule network 5a25d71d-3bdf-4fbd-a3bd-71e8102bc422: no agents available; will retry on subsequent port and subnet creation events.
2026-08-12 01:48:33.203 7 INFO neutron.plugins.ml2.drivers.ovn.mech_driver.mech_driver [None req-1956b659-f968-46d0-9dfa-c7bf2d1f2734 - - - - - -] OVN reports status down for port: 37fd9e0e-79ca-4e4c-9294-ec7fc8352ba8 [pid: 8|app: 0|req: 684/1420] 10.0.0.164 () {34 vars in 789 bytes} [Wed Aug 12 01:48:32 2026] PUT /v2.0/routers/ba992160-5200-4846-a41a-4739e1573209/remove_router_interface => generated 309 bytes in 947 msecs (HTTP/1.1 200) 4 headers in 157 bytes (1 switches on core 0) /var/lib/openstack/lib/python3.12/site-packages/pycadf/identifier.py:70: UserWarning: Invalid uuid: neutron. To ensure interoperability, identifiers should be a valid uuid. warnings.warn(('Invalid uuid: %s. To ensure interoperability, '
2026-08-12 01:48:33.260 7 INFO neutron.db.ovn_revision_numbers_db [None req-f4ab8a82-1124-49b4-8b38-1b8cadfb181e 6d4d7962b42848d0a7d925df1c0599bc b06bb44a145541c782521d7fb3ae1a26 - - default default] Successfully bumped revision number for resource 37fd9e0e-79ca-4e4c-9294-ec7fc8352ba8 (type: ports) to 1
2026-08-12 01:48:33.561 8 INFO neutron_taas.services.taas.taas_plugin [None req-0349b67d-034c-4b0e-8e64-b078c73a8c83 72eeaa655551430dbcbfa7dcc026acfc f7676b9e63f343cf893aa6171ce360be - - default default] TaaS: Handle Delete Port: be1c8dbb-daa3-4b71-b8b1-ee01f5cf0ff9
2026-08-12 01:48:33.565 8 INFO neutron_taas.services.taas.tap_mirror_plugin [None req-0349b67d-034c-4b0e-8e64-b078c73a8c83 72eeaa655551430dbcbfa7dcc026acfc f7676b9e63f343cf893aa6171ce360be - - default default] Tap Mirror: Handle Delete Port: be1c8dbb-daa3-4b71-b8b1-ee01f5cf0ff9
2026-08-12 01:48:33.889 7 INFO neutron.plugins.ml2.drivers.ovn.mech_driver.ovsdb.commands [None req-da17138e-bd16-409f-8e98-2eda81b7747b - - - - - -] Schedule LRP lrp-37fd9e0e-79ca-4e4c-9294-ec7fc8352ba8 on gateway e631f56d-1dc5-4e12-a3cc-69a45206b465 with priority 1
2026-08-12 01:48:33.912 7 INFO neutron.plugins.ml2.drivers.ovn.mech_driver.mech_driver [None req-1956b659-f968-46d0-9dfa-c7bf2d1f2734 - - - - - -] OVN reports status up for port: 37fd9e0e-79ca-4e4c-9294-ec7fc8352ba8
2026-08-12 01:48:33.937 7 INFO neutron.plugins.ml2.plugin [None req-1956b659-f968-46d0-9dfa-c7bf2d1f2734 - - - - - -] Attempt 1 to provision port 37fd9e0e-79ca-4e4c-9294-ec7fc8352ba8
2026-08-12 01:48:33.961 7 INFO neutron.db.ovn_revision_numbers_db [None req-f4ab8a82-1124-49b4-8b38-1b8cadfb181e 6d4d7962b42848d0a7d925df1c0599bc b06bb44a145541c782521d7fb3ae1a26 - - default default] Successfully bumped revision number for resource 37fd9e0e-79ca-4e4c-9294-ec7fc8352ba8 (type: router_ports) to 1 [pid: 8|app: 0|req: 685/1421] 10.0.0.164 () {32 vars in 724 bytes} [Wed Aug 12 01:48:33 2026] DELETE /v2.0/routers/ba992160-5200-4846-a41a-4739e1573209 => generated 0 bytes in 805 msecs (HTTP/1.1 204) 2 headers in 112 bytes (1 switches on core 0)
2026-08-12 01:48:34.095 7 INFO neutron.db.ovn_revision_numbers_db [None req-f4ab8a82-1124-49b4-8b38-1b8cadfb181e 6d4d7962b42848d0a7d925df1c0599bc b06bb44a145541c782521d7fb3ae1a26 - - default default] Successfully bumped revision number for resource f830e6e2-8094-4cc5-b379-3db88f451960 (type: routers) to 2 [pid: 7|app: 0|req: 737/1422] 10.0.0.164 () {34 vars in 669 bytes} [Wed Aug 12 01:48:32 2026] POST /v2.0/routers => generated 948 bytes in 1473 msecs (HTTP/1.1 201) 4 headers in 162 bytes (1 switches on core 0)
2026-08-12 01:48:34.326 7 INFO neutron.db.ovn_revision_numbers_db [None req-dc3d915d-bc39-4ba9-a118-738f33785cd1 72eeaa655551430dbcbfa7dcc026acfc f7676b9e63f343cf893aa6171ce360be - - default default] Successfully bumped revision number for resource f4490106-8442-4213-8bfd-de7d36e03a78 (type: security_groups) to 1
2026-08-12 01:48:34.340 7 INFO neutron.db.ovn_revision_numbers_db [None req-dc3d915d-bc39-4ba9-a118-738f33785cd1 72eeaa655551430dbcbfa7dcc026acfc f7676b9e63f343cf893aa6171ce360be - - default default] Successfully bumped revision number for resource 3b14ad35-67f5-4f91-afd0-8b9e1215ebeb (type: security_group_rules) to 0
2026-08-12 01:48:34.346 8 INFO neutron.db.ovn_revision_numbers_db [None req-79a407e7-b095-446a-ad71-09c389dd1207 67b96e73fadd46f1851a4aa5d0a633e7 78494dc84bba47f9bf86c096f09e0dc5 - - default default] Successfully bumped revision number for resource 7e5ef563-f71d-4741-ba12-7a0e70fe2e65 (type: security_groups) to 1
2026-08-12 01:48:34.354 7 INFO neutron.db.ovn_revision_numbers_db [None req-dc3d915d-bc39-4ba9-a118-738f33785cd1 72eeaa655551430dbcbfa7dcc026acfc f7676b9e63f343cf893aa6171ce360be - - default default] Successfully bumped revision number for resource a9a455ad-24c7-4a50-9bbe-e487525c697d (type: security_group_rules) to 0
2026-08-12 01:48:34.361 8 INFO neutron.db.ovn_revision_numbers_db [None req-79a407e7-b095-446a-ad71-09c389dd1207 67b96e73fadd46f1851a4aa5d0a633e7 78494dc84bba47f9bf86c096f09e0dc5 - - default default] Successfully bumped revision number for resource 8be3b26f-bc64-4fcc-807a-7b2199b1e933 (type: security_group_rules) to 0
2026-08-12 01:48:34.371 7 INFO neutron.db.ovn_revision_numbers_db [None req-dc3d915d-bc39-4ba9-a118-738f33785cd1 72eeaa655551430dbcbfa7dcc026acfc f7676b9e63f343cf893aa6171ce360be - - default default] Successfully bumped revision number for resource f0d53b05-9e12-4ae6-94ea-9b1de6f17246 (type: security_group_rules) to 0
2026-08-12 01:48:34.374 8 INFO neutron.db.ovn_revision_numbers_db [None req-79a407e7-b095-446a-ad71-09c389dd1207 67b96e73fadd46f1851a4aa5d0a633e7 78494dc84bba47f9bf86c096f09e0dc5 - - default default] Successfully bumped revision number for resource dee414ec-5ff2-4a4c-ab0f-1e3cc9aaad5d (type: security_group_rules) to 0
2026-08-12 01:48:34.384 7 INFO neutron.db.ovn_revision_numbers_db [None req-dc3d915d-bc39-4ba9-a118-738f33785cd1 72eeaa655551430dbcbfa7dcc026acfc f7676b9e63f343cf893aa6171ce360be - - default default] Successfully bumped revision number for resource ffcc22d6-7066-4d90-b232-ae8462b02409 (type: security_group_rules) to 0
2026-08-12 01:48:34.386 8 INFO neutron.db.ovn_revision_numbers_db [None req-79a407e7-b095-446a-ad71-09c389dd1207 67b96e73fadd46f1851a4aa5d0a633e7 78494dc84bba47f9bf86c096f09e0dc5 - - default default] Successfully bumped revision number for resource e209e248-7f82-4ebb-a797-6c6e7cc96b35 (type: security_group_rules) to 0
2026-08-12 01:48:34.400 8 INFO neutron.db.ovn_revision_numbers_db [None req-79a407e7-b095-446a-ad71-09c389dd1207 67b96e73fadd46f1851a4aa5d0a633e7 78494dc84bba47f9bf86c096f09e0dc5 - - default default] Successfully bumped revision number for resource f87d7009-446a-447f-89a9-e875e3a7cc28 (type: security_group_rules) to 0
2026-08-12 01:48:34.461 7 INFO neutron.db.segments_db [None req-dc3d915d-bc39-4ba9-a118-738f33785cd1 72eeaa655551430dbcbfa7dcc026acfc f7676b9e63f343cf893aa6171ce360be - - default default] Added segment b3f76ad0-01e2-4d14-ab1c-ff3a95bc8c74 of type geneve for network 6d80472c-9374-4cdd-9f4e-03f3094e4099
2026-08-12 01:48:34.473 8 INFO neutron.db.segments_db [None req-79a407e7-b095-446a-ad71-09c389dd1207 67b96e73fadd46f1851a4aa5d0a633e7 78494dc84bba47f9bf86c096f09e0dc5 - - default default] Added segment 9ad0a663-6c90-4ca0-93cd-2b6a3b9a0c48 of type geneve for network c2d0a69d-1cdc-4600-a7d7-3a3543244e1c
2026-08-12 01:48:34.581 7 INFO neutron.db.ovn_revision_numbers_db [None req-dc3d915d-bc39-4ba9-a118-738f33785cd1 72eeaa655551430dbcbfa7dcc026acfc f7676b9e63f343cf893aa6171ce360be - - default default] Successfully bumped revision number for resource 6d80472c-9374-4cdd-9f4e-03f3094e4099 (type: networks) to 1
2026-08-12 01:48:34.601 8 INFO neutron.db.ovn_revision_numbers_db [None req-79a407e7-b095-446a-ad71-09c389dd1207 67b96e73fadd46f1851a4aa5d0a633e7 78494dc84bba47f9bf86c096f09e0dc5 - - default default] Successfully bumped revision number for resource c2d0a69d-1cdc-4600-a7d7-3a3543244e1c (type: networks) to 1
2026-08-12 01:48:34.762 7 WARNING neutron.scheduler.dhcp_agent_scheduler [None req-dc3d915d-bc39-4ba9-a118-738f33785cd1 72eeaa655551430dbcbfa7dcc026acfc f7676b9e63f343cf893aa6171ce360be - - default default] No more DHCP agents
2026-08-12 01:48:34.763 7 WARNING neutron.api.rpc.agentnotifiers.dhcp_rpc_agent_api [None req-dc3d915d-bc39-4ba9-a118-738f33785cd1 72eeaa655551430dbcbfa7dcc026acfc f7676b9e63f343cf893aa6171ce360be - - default default] Unable to schedule network 6d80472c-9374-4cdd-9f4e-03f3094e4099: no agents available; will retry on subsequent port and subnet creation events.
2026-08-12 01:48:34.821 8 WARNING neutron.scheduler.dhcp_agent_scheduler [None req-79a407e7-b095-446a-ad71-09c389dd1207 67b96e73fadd46f1851a4aa5d0a633e7 78494dc84bba47f9bf86c096f09e0dc5 - - default default] No more DHCP agents
2026-08-12 01:48:34.823 8 WARNING neutron.api.rpc.agentnotifiers.dhcp_rpc_agent_api [None req-79a407e7-b095-446a-ad71-09c389dd1207 67b96e73fadd46f1851a4aa5d0a633e7 78494dc84bba47f9bf86c096f09e0dc5 - - default default] Unable to schedule network c2d0a69d-1cdc-4600-a7d7-3a3543244e1c: no agents available; will retry on subsequent port and subnet creation events.
2026-08-12 01:48:34.843 7 INFO neutron.db.ovn_revision_numbers_db [None req-dc3d915d-bc39-4ba9-a118-738f33785cd1 72eeaa655551430dbcbfa7dcc026acfc f7676b9e63f343cf893aa6171ce360be - - default default] Successfully bumped revision number for resource 799e3e73-e219-4960-ac49-104f4326cc43 (type: ports) to 1 [pid: 7|app: 0|req: 738/1423] 10.0.0.164 () {34 vars in 671 bytes} [Wed Aug 12 01:48:34 2026] POST /v2.0/networks => generated 761 bytes in 774 msecs (HTTP/1.1 201) 4 headers in 162 bytes (1 switches on core 0)
2026-08-12 01:48:34.897 8 INFO neutron.db.ovn_revision_numbers_db [None req-79a407e7-b095-446a-ad71-09c389dd1207 67b96e73fadd46f1851a4aa5d0a633e7 78494dc84bba47f9bf86c096f09e0dc5 - - default default] Successfully bumped revision number for resource 3201ea90-5784-4a79-bab3-347bb8d74452 (type: ports) to 1 [pid: 8|app: 0|req: 686/1424] 10.0.0.164 () {34 vars in 671 bytes} [Wed Aug 12 01:48:34 2026] POST /v2.0/networks => generated 652 bytes in 890 msecs (HTTP/1.1 201) 4 headers in 162 bytes (1 switches on core 0) [pid: 8|app: 0|req: 687/1425] 10.0.0.164 () {32 vars in 721 bytes} [Wed Aug 12 01:48:34 2026] GET /v2.0/routers/f830e6e2-8094-4cc5-b379-3db88f451960 => generated 954 bytes in 75 msecs (HTTP/1.1 200) 4 headers in 157 bytes (1 switches on core 0) [pid: 7|app: 0|req: 739/1426] 10.0.0.164 () {32 vars in 724 bytes} [Wed Aug 12 01:48:34 2026] DELETE /v2.0/subnets/696e3c46-946b-45bf-b9c7-5ce50b9a77e2 => generated 0 bytes in 141 msecs (HTTP/1.1 204) 3 headers in 131 bytes (1 switches on core 0)
2026-08-12 01:48:35.121 8 WARNING neutron.scheduler.dhcp_agent_scheduler [None req-f2360e1b-3c0f-40ab-9658-8f0565903000 72eeaa655551430dbcbfa7dcc026acfc f7676b9e63f343cf893aa6171ce360be - - default default] No more DHCP agents
2026-08-12 01:48:35.123 8 WARNING neutron.api.rpc.agentnotifiers.dhcp_rpc_agent_api [None req-f2360e1b-3c0f-40ab-9658-8f0565903000 72eeaa655551430dbcbfa7dcc026acfc f7676b9e63f343cf893aa6171ce360be - - default default] Unable to schedule network 6d80472c-9374-4cdd-9f4e-03f3094e4099: no agents available; will retry on subsequent port and subnet creation events.
2026-08-12 01:48:35.409 7 WARNING neutron.scheduler.dhcp_agent_scheduler [None req-29c6eb29-a8a5-4eca-a352-9fda01edc027 67b96e73fadd46f1851a4aa5d0a633e7 78494dc84bba47f9bf86c096f09e0dc5 - - default default] No more DHCP agents
2026-08-12 01:48:35.410 7 WARNING neutron.api.rpc.agentnotifiers.dhcp_rpc_agent_api [None req-29c6eb29-a8a5-4eca-a352-9fda01edc027 67b96e73fadd46f1851a4aa5d0a633e7 78494dc84bba47f9bf86c096f09e0dc5 - - default default] Unable to schedule network 5a25d71d-3bdf-4fbd-a3bd-71e8102bc422: no agents available; will retry on subsequent port and subnet creation events.
2026-08-12 01:48:35.571 7 INFO neutron.db.ovn_revision_numbers_db [None req-29c6eb29-a8a5-4eca-a352-9fda01edc027 67b96e73fadd46f1851a4aa5d0a633e7 78494dc84bba47f9bf86c096f09e0dc5 - - default default] Successfully bumped revision number for resource 2af84a9d-92cf-498b-96ca-54bccfb03b2f (type: ports) to 1
2026-08-12 01:48:35.612 8 INFO neutron.db.ovn_revision_numbers_db [None req-57ffcb40-bd8c-41a0-85bf-bfcd184be1d0 - - - - - -] Successfully bumped revision number for resource 799e3e73-e219-4960-ac49-104f4326cc43 (type: ports) to 2
2026-08-12 01:48:35.644 8 INFO neutron.db.ovn_revision_numbers_db [None req-57ffcb40-bd8c-41a0-85bf-bfcd184be1d0 - - - - - -] Successfully bumped revision number for resource 754d7175-0e3f-4ada-b815-ae134a08955e (type: subnets) to 0 [pid: 8|app: 0|req: 688/1427] 10.0.0.164 () {34 vars in 669 bytes} [Wed Aug 12 01:48:34 2026] POST /v2.0/subnets => generated 687 bytes in 666 msecs (HTTP/1.1 201) 4 headers in 162 bytes (1 switches on core 0) [pid: 8|app: 0|req: 689/1428] 10.0.0.164 () {32 vars in 647 bytes} [Wed Aug 12 01:48:35 2026] GET /v2.0/routers => generated 957 bytes in 77 msecs (HTTP/1.1 200) 4 headers in 157 bytes (1 switches on core 0)
2026-08-12 01:48:35.849 8 INFO neutron_taas.services.taas.taas_plugin [None req-49d95655-890e-440c-abed-0a812ad15b9e 72eeaa655551430dbcbfa7dcc026acfc f7676b9e63f343cf893aa6171ce360be - - default default] TaaS: Handle Delete Port: c8caf051-4d79-42b1-915b-a86af4eeae02
2026-08-12 01:48:35.852 8 INFO neutron_taas.services.taas.tap_mirror_plugin [None req-49d95655-890e-440c-abed-0a812ad15b9e 72eeaa655551430dbcbfa7dcc026acfc f7676b9e63f343cf893aa6171ce360be - - default default] Tap Mirror: Handle Delete Port: c8caf051-4d79-42b1-915b-a86af4eeae02
2026-08-12 01:48:36.044 8 INFO neutron.services.segments.plugin [-] Segment ec7fa18c-3fcc-4fcf-acb9-784e9f83bbd4 resource provider aggregate not found
2026-08-12 01:48:36.049 8 INFO neutron.services.segments.plugin [-] Segment ec7fa18c-3fcc-4fcf-acb9-784e9f83bbd4 resource provider aggregate not found
2026-08-12 01:48:36.060 8 INFO neutron.services.segments.plugin [-] Segment ec7fa18c-3fcc-4fcf-acb9-784e9f83bbd4 resource provider not found; error: Placement Client Error (4xx): {"errors": [{"status": 404, "title": "Not Found", "detail": "The resource could not be found.\n\n No resource provider with uuid ec7fa18c-3fcc-4fcf-acb9-784e9f83bbd4 found for delete ", "request_id": "req-23b3ad46-438d-4bd4-803a-658776cf4507"}]}
2026-08-12 01:48:36.075 8 INFO neutron.services.segments.plugin [-] Segment ec7fa18c-3fcc-4fcf-acb9-784e9f83bbd4 resource provider not found; error: Placement Client Error (4xx): {"errors": [{"status": 404, "title": "Not Found", "detail": "The resource could not be found.\n\n No resource provider with uuid ec7fa18c-3fcc-4fcf-acb9-784e9f83bbd4 found for delete ", "request_id": "req-b86bdbc9-204f-4a0e-a188-3538b9248ef0"}]} [pid: 8|app: 0|req: 690/1429] 10.0.0.164 () {32 vars in 726 bytes} [Wed Aug 12 01:48:35 2026] DELETE /v2.0/networks/6c8059c6-bb7f-4009-9c9d-e8514c2eb6c7 => generated 0 bytes in 359 msecs (HTTP/1.1 204) 3 headers in 131 bytes (1 switches on core 0)
2026-08-12 01:48:36.207 8 WARNING neutron.plugins.ml2.drivers.ovn.mech_driver.ovsdb.ovn_client [None req-b82accb0-6b7e-4f8d-b3af-bceb37a540e0 - - - - - -] No port found with ID 4c06708a-e425-4024-9471-d9d1c2de4d86: RuntimeError: No port found with ID 4c06708a-e425-4024-9471-d9d1c2de4d86
2026-08-12 01:48:36.238 7 INFO neutron.plugins.ml2.drivers.ovn.mech_driver.ovsdb.commands [None req-da17138e-bd16-409f-8e98-2eda81b7747b - - - - - -] Schedule LRP lrp-2af84a9d-92cf-498b-96ca-54bccfb03b2f on gateway e631f56d-1dc5-4e12-a3cc-69a45206b465 with priority 1
2026-08-12 01:48:36.276 8 INFO neutron.plugins.ml2.drivers.ovn.mech_driver.mech_driver [None req-b82accb0-6b7e-4f8d-b3af-bceb37a540e0 - - - - - -] OVN reports status down for port: 2af84a9d-92cf-498b-96ca-54bccfb03b2f
2026-08-12 01:48:36.299 8 INFO neutron.plugins.ml2.drivers.ovn.mech_driver.ovsdb.ovsdb_monitor [None req-d084f2a2-332f-4512-99b3-7e42732e1467 - - - - - -] Router 21da5c54-443e-484f-9348-3f5c3d14216f is bound to host instance
2026-08-12 01:48:36.308 7 INFO neutron.db.ovn_revision_numbers_db [None req-29c6eb29-a8a5-4eca-a352-9fda01edc027 67b96e73fadd46f1851a4aa5d0a633e7 78494dc84bba47f9bf86c096f09e0dc5 - - default default] Successfully bumped revision number for resource 2af84a9d-92cf-498b-96ca-54bccfb03b2f (type: router_ports) to 1
2026-08-12 01:48:36.387 7 INFO neutron.db.ovn_revision_numbers_db [None req-29c6eb29-a8a5-4eca-a352-9fda01edc027 67b96e73fadd46f1851a4aa5d0a633e7 78494dc84bba47f9bf86c096f09e0dc5 - - default default] Successfully bumped revision number for resource 21da5c54-443e-484f-9348-3f5c3d14216f (type: routers) to 2 [pid: 7|app: 0|req: 740/1430] 10.0.0.164 () {34 vars in 669 bytes} [Wed Aug 12 01:48:35 2026] POST /v2.0/routers => generated 955 bytes in 1378 msecs (HTTP/1.1 201) 4 headers in 162 bytes (1 switches on core 0)
2026-08-12 01:48:36.478 8 WARNING neutron.plugins.ml2.drivers.ovn.mech_driver.ovsdb.ovn_client [None req-b82accb0-6b7e-4f8d-b3af-bceb37a540e0 - - - - - -] Logical_Switch_Port %s host information not removed, the port state is up
2026-08-12 01:48:36.480 8 INFO neutron.plugins.ml2.drivers.ovn.mech_driver.mech_driver [None req-b82accb0-6b7e-4f8d-b3af-bceb37a540e0 - - - - - -] OVN reports status up for port: 2af84a9d-92cf-498b-96ca-54bccfb03b2f
2026-08-12 01:48:36.502 8 INFO neutron.plugins.ml2.plugin [None req-b82accb0-6b7e-4f8d-b3af-bceb37a540e0 - - - - - -] Attempt 1 to provision port 2af84a9d-92cf-498b-96ca-54bccfb03b2f
2026-08-12 01:48:36.906 7 INFO neutron.db.ovn_revision_numbers_db [None req-d3d4d4a8-d002-43ac-8d17-1f053279c12b 6d4d7962b42848d0a7d925df1c0599bc b06bb44a145541c782521d7fb3ae1a26 - - default default] Successfully bumped revision number for resource f830e6e2-8094-4cc5-b379-3db88f451960 (type: routers) to 3 [pid: 7|app: 0|req: 741/1431] 10.0.0.164 () {34 vars in 741 bytes} [Wed Aug 12 01:48:36 2026] PUT /v2.0/routers/f830e6e2-8094-4cc5-b379-3db88f451960 => generated 961 bytes in 504 msecs (HTTP/1.1 200) 4 headers in 157 bytes (1 switches on core 0) [pid: 7|app: 0|req: 742/1432] 10.0.0.164 () {32 vars in 774 bytes} [Wed Aug 12 01:48:36 2026] GET /v2.0/security-groups?tenant_id=4677ea9779fe44b294671d22cd7ee7e9&name=default => generated 2925 bytes in 33 msecs (HTTP/1.1 200) 4 headers in 158 bytes (1 switches on core 0)
2026-08-12 01:48:37.053 8 WARNING neutron.scheduler.dhcp_agent_scheduler [None req-60781a1d-ee6d-4796-8cf0-bb0deb7727b9 72eeaa655551430dbcbfa7dcc026acfc f7676b9e63f343cf893aa6171ce360be - - default default] No more DHCP agents
2026-08-12 01:48:37.056 8 WARNING neutron.api.rpc.agentnotifiers.dhcp_rpc_agent_api [None req-60781a1d-ee6d-4796-8cf0-bb0deb7727b9 72eeaa655551430dbcbfa7dcc026acfc f7676b9e63f343cf893aa6171ce360be - - default default] Unable to schedule network 5a25d71d-3bdf-4fbd-a3bd-71e8102bc422: no agents available; will retry on subsequent port and subnet creation events. [pid: 7|app: 0|req: 743/1433] 10.0.0.164 () {32 vars in 776 bytes} [Wed Aug 12 01:48:36 2026] GET /v2.0/subnets?project_id=78494dc84bba47f9bf86c096f09e0dc5&cidr=10.100.0.0%2F28 => generated 14 bytes in 173 msecs (HTTP/1.1 200) 4 headers in 156 bytes (1 switches on core 0) [pid: 7|app: 0|req: 744/1434] 10.0.0.164 () {32 vars in 721 bytes} [Wed Aug 12 01:48:37 2026] GET /v2.0/routers/f830e6e2-8094-4cc5-b379-3db88f451960 => generated 961 bytes in 66 msecs (HTTP/1.1 200) 4 headers in 157 bytes (1 switches on core 0)
2026-08-12 01:48:37.317 8 INFO neutron.db.ovn_revision_numbers_db [None req-60781a1d-ee6d-4796-8cf0-bb0deb7727b9 72eeaa655551430dbcbfa7dcc026acfc f7676b9e63f343cf893aa6171ce360be - - default default] Successfully bumped revision number for resource c664b9ed-524d-4fe7-b04e-ceeaf8743fc7 (type: ports) to 1 [pid: 7|app: 0|req: 745/1435] 10.0.0.164 () {32 vars in 740 bytes} [Wed Aug 12 01:48:37 2026] DELETE /v2.0/security-groups/b0b49bb1-934c-41b7-8132-513388157ffd => generated 0 bytes in 244 msecs (HTTP/1.1 204) 2 headers in 112 bytes (1 switches on core 0) [pid: 7|app: 0|req: 746/1436] 10.0.0.164 () {32 vars in 694 bytes} [Wed Aug 12 01:48:37 2026] GET /v2.0/networks?router%3Aexternal=True => generated 791 bytes in 51 msecs (HTTP/1.1 200) 4 headers in 157 bytes (1 switches on core 0) [pid: 7|app: 0|req: 747/1437] 10.0.0.164 () {32 vars in 736 bytes} [Wed Aug 12 01:48:37 2026] GET /v2.0/ports?device_id=f830e6e2-8094-4cc5-b379-3db88f451960 => generated 12 bytes in 27 msecs (HTTP/1.1 200) 4 headers in 156 bytes (1 switches on core 0) [pid: 7|app: 0|req: 748/1438] 10.0.0.164 () {32 vars in 784 bytes} [Wed Aug 12 01:48:37 2026] GET /v2.0/subnets?network_id=5a25d71d-3bdf-4fbd-a3bd-71e8102bc422&cidr=10.100.0.0%2F28 => generated 14 bytes in 36 msecs (HTTP/1.1 200) 4 headers in 156 bytes (1 switches on core 0)
2026-08-12 01:48:38.081 8 INFO neutron.db.ovn_revision_numbers_db [None req-501df929-aabc-4153-b1cc-1330379097a1 - - - - - -] Successfully bumped revision number for resource 2af84a9d-92cf-498b-96ca-54bccfb03b2f (type: ports) to 4
2026-08-12 01:48:38.430 7 INFO neutron_taas.services.taas.taas_plugin [None req-22a123a9-4341-452d-8663-42bab1479162 6d4d7962b42848d0a7d925df1c0599bc b06bb44a145541c782521d7fb3ae1a26 - - default default] TaaS: Handle Delete Port: 37fd9e0e-79ca-4e4c-9294-ec7fc8352ba8
2026-08-12 01:48:38.433 7 INFO neutron_taas.services.taas.tap_mirror_plugin [None req-22a123a9-4341-452d-8663-42bab1479162 6d4d7962b42848d0a7d925df1c0599bc b06bb44a145541c782521d7fb3ae1a26 - - default default] Tap Mirror: Handle Delete Port: 37fd9e0e-79ca-4e4c-9294-ec7fc8352ba8
2026-08-12 01:48:38.473 8 INFO neutron.plugins.ml2.drivers.ovn.mech_driver.ovsdb.commands [None req-67db4d44-5d2b-47b3-80c7-797b18fb1274 - - - - - -] Schedule LRP lrp-c664b9ed-524d-4fe7-b04e-ceeaf8743fc7 on gateway e631f56d-1dc5-4e12-a3cc-69a45206b465 with priority 1
2026-08-12 01:48:38.619 8 INFO neutron.db.ovn_revision_numbers_db [None req-60781a1d-ee6d-4796-8cf0-bb0deb7727b9 72eeaa655551430dbcbfa7dcc026acfc f7676b9e63f343cf893aa6171ce360be - - default default] Successfully bumped revision number for resource c664b9ed-524d-4fe7-b04e-ceeaf8743fc7 (type: router_ports) to 1
2026-08-12 01:48:38.811 8 INFO neutron.db.ovn_revision_numbers_db [None req-60781a1d-ee6d-4796-8cf0-bb0deb7727b9 72eeaa655551430dbcbfa7dcc026acfc f7676b9e63f343cf893aa6171ce360be - - default default] Successfully bumped revision number for resource 9a187dbd-73e6-4bfa-b116-632b8a98e807 (type: routers) to 2
2026-08-12 01:48:38.813 7 WARNING neutron.plugins.ml2.drivers.ovn.mech_driver.ovsdb.ovn_client [None req-1956b659-f968-46d0-9dfa-c7bf2d1f2734 - - - - - -] No port found with ID 37fd9e0e-79ca-4e4c-9294-ec7fc8352ba8: RuntimeError: No port found with ID 37fd9e0e-79ca-4e4c-9294-ec7fc8352ba8
2026-08-12 01:48:38.815 7 INFO neutron.plugins.ml2.drivers.ovn.mech_driver.mech_driver [None req-1956b659-f968-46d0-9dfa-c7bf2d1f2734 - - - - - -] OVN reports status down for port: 799e3e73-e219-4960-ac49-104f4326cc43 [pid: 8|app: 0|req: 691/1439] 10.0.0.164 () {34 vars in 669 bytes} [Wed Aug 12 01:48:36 2026] POST /v2.0/routers => generated 965 bytes in 2744 msecs (HTTP/1.1 201) 4 headers in 162 bytes (1 switches on core 0)
2026-08-12 01:48:38.870 8 INFO neutron.db.ovn_revision_numbers_db [None req-501df929-aabc-4153-b1cc-1330379097a1 - - - - - -] Successfully bumped revision number for resource 2af84a9d-92cf-498b-96ca-54bccfb03b2f (type: ports) to 5
2026-08-12 01:48:38.969 7 INFO neutron.plugins.ml2.drivers.ovn.mech_driver.mech_driver [None req-1956b659-f968-46d0-9dfa-c7bf2d1f2734 - - - - - -] OVN reports status down for port: 3201ea90-5784-4a79-bab3-347bb8d74452 [pid: 7|app: 0|req: 749/1440] 10.0.0.164 () {32 vars in 724 bytes} [Wed Aug 12 01:48:37 2026] DELETE /v2.0/routers/f830e6e2-8094-4cc5-b379-3db88f451960 => generated 0 bytes in 1459 msecs (HTTP/1.1 204) 2 headers in 112 bytes (1 switches on core 0)
