2026-08-12 01:47:43.248 8 INFO neutron.plugins.ml2.drivers.ovn.mech_driver.mech_driver [None req-9c802594-1f08-4f12-bb49-ab7ebb2cebc0 - - - - - -] OVN reports status down for port: 910e576e-4ab0-45a2-bd67-288ad625d6bd [pid: 8|app: 0|req: 537/1096] 199.204.45.44 () {36 vars in 996 bytes} [Wed Aug 12 01:47:42 2026] DELETE /v2.0/ports/910e576e-4ab0-45a2-bd67-288ad625d6bd => generated 0 bytes in 543 msecs (HTTP/1.1 204) 3 headers in 131 bytes (1 switches on core 0) [pid: 8|app: 0|req: 538/1097] 10.0.0.32 () {34 vars in 989 bytes} [Wed Aug 12 01:47:43 2026] GET /v2.0/ports?device_id=0787b102-1cb0-4e59-8947-6d901cea0b1d => generated 12 bytes in 40 msecs (HTTP/1.1 200) 4 headers in 156 bytes (1 switches on core 0)
2026-08-12 01:47:43.323 8 INFO neutron.notifiers.nova [-] Nova event matching ['req-123b7bae-30fb-4dfa-9a1e-cda254788036'] response: {'server_uuid': '0787b102-1cb0-4e59-8947-6d901cea0b1d', 'name': 'network-vif-deleted', 'tag': '910e576e-4ab0-45a2-bd67-288ad625d6bd', 'status': 'completed', 'code': 200}
2026-08-12 01:47:43.426 7 INFO neutron.db.ovn_revision_numbers_db [None req-28b6b4aa-e239-4df1-ad33-2654fba85c45 - - - - - -] Successfully bumped revision number for resource 4393c8ae-fa82-4d3b-8e7e-eebf4ec6c5c4 (type: ports) to 3
2026-08-12 01:47:43.806 7 WARNING neutron.scheduler.dhcp_agent_scheduler [None req-79de8fe3-c1d4-481b-99c7-7ff3dfc953bc 80797f38e1064897918dcc6d79bd3f23 d6707f2571ad40899841e1377eb580d6 - - default default] No more DHCP agents
2026-08-12 01:47:43.807 7 WARNING neutron.api.rpc.agentnotifiers.dhcp_rpc_agent_api [None req-79de8fe3-c1d4-481b-99c7-7ff3dfc953bc 80797f38e1064897918dcc6d79bd3f23 d6707f2571ad40899841e1377eb580d6 - - default default] Unable to schedule network 52693d98-0dba-4139-b0bb-c7092558ed7b: no agents available; will retry on subsequent port and subnet creation events.
2026-08-12 01:47:43.918 8 INFO neutron.db.ovn_revision_numbers_db [None req-3b76335b-f18c-4029-8685-58101be1707e 72eeaa655551430dbcbfa7dcc026acfc f7676b9e63f343cf893aa6171ce360be - - default default] Successfully bumped revision number for resource 17e76567-c81a-4fae-accd-a4738e7cc1d5 (type: security_groups) to 1
2026-08-12 01:47:43.934 8 INFO neutron.db.ovn_revision_numbers_db [None req-3b76335b-f18c-4029-8685-58101be1707e 72eeaa655551430dbcbfa7dcc026acfc f7676b9e63f343cf893aa6171ce360be - - default default] Successfully bumped revision number for resource 20133040-dc06-4442-84ef-04630f3f4945 (type: security_group_rules) to 0
2026-08-12 01:47:43.945 8 INFO neutron.db.ovn_revision_numbers_db [None req-3b76335b-f18c-4029-8685-58101be1707e 72eeaa655551430dbcbfa7dcc026acfc f7676b9e63f343cf893aa6171ce360be - - default default] Successfully bumped revision number for resource 31bcc775-f287-4e8e-864b-3f4183508104 (type: security_group_rules) to 0
2026-08-12 01:47:43.970 8 INFO neutron.db.ovn_revision_numbers_db [None req-3b76335b-f18c-4029-8685-58101be1707e 72eeaa655551430dbcbfa7dcc026acfc f7676b9e63f343cf893aa6171ce360be - - default default] Successfully bumped revision number for resource 35174a21-289d-41cd-9e11-ec6c3e144b40 (type: security_group_rules) to 0
2026-08-12 01:47:43.989 8 INFO neutron.db.ovn_revision_numbers_db [None req-3b76335b-f18c-4029-8685-58101be1707e 72eeaa655551430dbcbfa7dcc026acfc f7676b9e63f343cf893aa6171ce360be - - default default] Successfully bumped revision number for resource d52df89a-33b8-45a8-87ed-b7a632d682c6 (type: security_group_rules) to 0 [pid: 8|app: 0|req: 539/1098] 10.0.0.164 () {32 vars in 774 bytes} [Wed Aug 12 01:47:43 2026] GET /v2.0/security-groups?tenant_id=29ec59a8a4bd4dbd8a38779bb0c131c4&name=default => generated 2925 bytes in 497 msecs (HTTP/1.1 200) 4 headers in 158 bytes (1 switches on core 0)
2026-08-12 01:47:44.065 7 INFO neutron.db.ovn_revision_numbers_db [None req-79de8fe3-c1d4-481b-99c7-7ff3dfc953bc 80797f38e1064897918dcc6d79bd3f23 d6707f2571ad40899841e1377eb580d6 - - default default] Successfully bumped revision number for resource 4393c8ae-fa82-4d3b-8e7e-eebf4ec6c5c4 (type: router_ports) to 3 [pid: 7|app: 0|req: 560/1099] 10.0.0.164 () {34 vars in 783 bytes} [Wed Aug 12 01:47:42 2026] PUT /v2.0/routers/b1bb75d8-260f-4620-a676-51a03e29fe3b/add_router_interface => generated 309 bytes in 1828 msecs (HTTP/1.1 200) 4 headers in 157 bytes (1 switches on core 0) /var/lib/openstack/lib/python3.12/site-packages/pycadf/identifier.py:70: UserWarning: Invalid uuid: neutron. To ensure interoperability, identifiers should be a valid uuid. warnings.warn(('Invalid uuid: %s. To ensure interoperability, ' [pid: 7|app: 0|req: 561/1100] 10.0.0.164 () {32 vars in 717 bytes} [Wed Aug 12 01:47:44 2026] GET /v2.0/ports/4393c8ae-fa82-4d3b-8e7e-eebf4ec6c5c4 => generated 1025 bytes in 32 msecs (HTTP/1.1 200) 4 headers in 158 bytes (1 switches on core 0) [pid: 8|app: 0|req: 540/1101] 10.0.0.164 () {32 vars in 740 bytes} [Wed Aug 12 01:47:44 2026] DELETE /v2.0/security-groups/17e76567-c81a-4fae-accd-a4738e7cc1d5 => generated 0 bytes in 241 msecs (HTTP/1.1 204) 2 headers in 112 bytes (1 switches on core 0) [pid: 8|app: 0|req: 541/1102] 10.0.0.32 () {34 vars in 989 bytes} [Wed Aug 12 01:47:44 2026] GET /v2.0/ports?device_id=0787b102-1cb0-4e59-8947-6d901cea0b1d => generated 12 bytes in 24 msecs (HTTP/1.1 200) 4 headers in 156 bytes (1 switches on core 0)
2026-08-12 01:47:44.451 7 INFO neutron_taas.services.taas.taas_plugin [None req-72a96645-3880-45de-a3bf-c062e598501d 80797f38e1064897918dcc6d79bd3f23 d6707f2571ad40899841e1377eb580d6 - - default default] TaaS: Handle Delete Port: 4393c8ae-fa82-4d3b-8e7e-eebf4ec6c5c4
2026-08-12 01:47:44.457 7 INFO neutron_taas.services.taas.tap_mirror_plugin [None req-72a96645-3880-45de-a3bf-c062e598501d 80797f38e1064897918dcc6d79bd3f23 d6707f2571ad40899841e1377eb580d6 - - default default] Tap Mirror: Handle Delete Port: 4393c8ae-fa82-4d3b-8e7e-eebf4ec6c5c4
2026-08-12 01:47:44.804 8 INFO neutron.db.ovn_revision_numbers_db [None req-c4bd0f4d-3306-4ae7-8889-f6ae3ac19fdc de0afa8329184bf88d89af900e54d0ed 85dd5118655240b7a4b57775c8fad3a7 - - default default] Successfully bumped revision number for resource 5b2e34e0-e3a6-469f-b0a2-9c2b0ddcca21 (type: security_groups) to 1
2026-08-12 01:47:44.820 8 INFO neutron.db.ovn_revision_numbers_db [None req-c4bd0f4d-3306-4ae7-8889-f6ae3ac19fdc de0afa8329184bf88d89af900e54d0ed 85dd5118655240b7a4b57775c8fad3a7 - - default default] Successfully bumped revision number for resource 032f9f8a-e01d-4dc8-af0b-b4ed7c9c7bde (type: security_group_rules) to 0
2026-08-12 01:47:44.833 8 INFO neutron.db.ovn_revision_numbers_db [None req-c4bd0f4d-3306-4ae7-8889-f6ae3ac19fdc de0afa8329184bf88d89af900e54d0ed 85dd5118655240b7a4b57775c8fad3a7 - - default default] Successfully bumped revision number for resource 547e3498-d24a-4160-a8df-ebf048cef42a (type: security_group_rules) to 0
2026-08-12 01:47:44.846 8 INFO neutron.db.ovn_revision_numbers_db [None req-c4bd0f4d-3306-4ae7-8889-f6ae3ac19fdc de0afa8329184bf88d89af900e54d0ed 85dd5118655240b7a4b57775c8fad3a7 - - default default] Successfully bumped revision number for resource 88c48459-992e-4915-bbc4-12d014920b07 (type: security_group_rules) to 0
2026-08-12 01:47:44.860 8 INFO neutron.db.ovn_revision_numbers_db [None req-c4bd0f4d-3306-4ae7-8889-f6ae3ac19fdc de0afa8329184bf88d89af900e54d0ed 85dd5118655240b7a4b57775c8fad3a7 - - default default] Successfully bumped revision number for resource c26ddc94-44c3-489f-92c7-f2b4b5609cf8 (type: security_group_rules) to 0
2026-08-12 01:47:45.168 8 INFO neutron.db.segments_db [None req-c4bd0f4d-3306-4ae7-8889-f6ae3ac19fdc de0afa8329184bf88d89af900e54d0ed 85dd5118655240b7a4b57775c8fad3a7 - - default default] Added segment 4fd084bc-8ae2-4af9-825c-9c564a464869 of type geneve for network d064d577-17f6-4e87-806e-a2b69b4d0db7
2026-08-12 01:47:45.278 8 INFO neutron.db.ovn_revision_numbers_db [None req-c4bd0f4d-3306-4ae7-8889-f6ae3ac19fdc de0afa8329184bf88d89af900e54d0ed 85dd5118655240b7a4b57775c8fad3a7 - - default default] Successfully bumped revision number for resource d064d577-17f6-4e87-806e-a2b69b4d0db7 (type: networks) to 1 [pid: 7|app: 0|req: 562/1103] 10.0.0.164 () {34 vars in 789 bytes} [Wed Aug 12 01:47:44 2026] PUT /v2.0/routers/b1bb75d8-260f-4620-a676-51a03e29fe3b/remove_router_interface => generated 309 bytes in 1202 msecs (HTTP/1.1 200) 4 headers in 157 bytes (1 switches on core 0) /var/lib/openstack/lib/python3.12/site-packages/pycadf/identifier.py:70: UserWarning: Invalid uuid: neutron. To ensure interoperability, identifiers should be a valid uuid. warnings.warn(('Invalid uuid: %s. To ensure interoperability, '
2026-08-12 01:47:45.460 7 INFO neutron.db.ovn_revision_numbers_db [None req-133b0c8e-c071-4fec-b2ff-673a1d47bb04 72eeaa655551430dbcbfa7dcc026acfc f7676b9e63f343cf893aa6171ce360be - - default default] Successfully bumped revision number for resource fe648441-55c6-40e2-a4a3-2163b6f6365c (type: security_groups) to 1
2026-08-12 01:47:45.472 7 INFO neutron.db.ovn_revision_numbers_db [None req-133b0c8e-c071-4fec-b2ff-673a1d47bb04 72eeaa655551430dbcbfa7dcc026acfc f7676b9e63f343cf893aa6171ce360be - - default default] Successfully bumped revision number for resource 3eca29eb-4211-4efc-8ba6-09fe8f65d2b8 (type: security_group_rules) to 0
2026-08-12 01:47:45.488 7 INFO neutron.db.ovn_revision_numbers_db [None req-133b0c8e-c071-4fec-b2ff-673a1d47bb04 72eeaa655551430dbcbfa7dcc026acfc f7676b9e63f343cf893aa6171ce360be - - default default] Successfully bumped revision number for resource 6d2eec00-ec33-4edb-b145-40e015d1d3d1 (type: security_group_rules) to 0
2026-08-12 01:47:45.502 7 INFO neutron.db.ovn_revision_numbers_db [None req-133b0c8e-c071-4fec-b2ff-673a1d47bb04 72eeaa655551430dbcbfa7dcc026acfc f7676b9e63f343cf893aa6171ce360be - - default default] Successfully bumped revision number for resource 6db6c401-d8ef-4ff6-aa31-46f25c8300e1 (type: security_group_rules) to 0
2026-08-12 01:47:45.503 8 WARNING neutron.scheduler.dhcp_agent_scheduler [None req-c4bd0f4d-3306-4ae7-8889-f6ae3ac19fdc de0afa8329184bf88d89af900e54d0ed 85dd5118655240b7a4b57775c8fad3a7 - - default default] No more DHCP agents
2026-08-12 01:47:45.521 8 WARNING neutron.api.rpc.agentnotifiers.dhcp_rpc_agent_api [None req-c4bd0f4d-3306-4ae7-8889-f6ae3ac19fdc de0afa8329184bf88d89af900e54d0ed 85dd5118655240b7a4b57775c8fad3a7 - - default default] Unable to schedule network d064d577-17f6-4e87-806e-a2b69b4d0db7: no agents available; will retry on subsequent port and subnet creation events.
2026-08-12 01:47:45.531 7 INFO neutron.db.ovn_revision_numbers_db [None req-133b0c8e-c071-4fec-b2ff-673a1d47bb04 72eeaa655551430dbcbfa7dcc026acfc f7676b9e63f343cf893aa6171ce360be - - default default] Successfully bumped revision number for resource 826b7d8f-0201-45db-ab36-d054f9fbb8c7 (type: security_group_rules) to 0 [pid: 7|app: 0|req: 563/1104] 10.0.0.164 () {32 vars in 774 bytes} [Wed Aug 12 01:47:45 2026] GET /v2.0/security-groups?tenant_id=7900ca1a400f420793a50be599804eaa&name=default => generated 2925 bytes in 282 msecs (HTTP/1.1 200) 4 headers in 158 bytes (1 switches on core 0)
2026-08-12 01:47:45.667 7 INFO neutron.api.v2.resource [None req-156deda5-fe97-4e62-8d31-79b36bcfcc09 80797f38e1064897918dcc6d79bd3f23 d6707f2571ad40899841e1377eb580d6 - - default default] remove_router_interface failed (client error): The resource could not be found. [pid: 7|app: 0|req: 564/1105] 10.0.0.164 () {34 vars in 789 bytes} [Wed Aug 12 01:47:45 2026] PUT /v2.0/routers/b1bb75d8-260f-4620-a676-51a03e29fe3b/remove_router_interface => generated 197 bytes in 75 msecs (HTTP/1.1 404) 4 headers in 164 bytes (1 switches on core 0) [pid: 7|app: 0|req: 565/1106] 10.0.0.32 () {34 vars in 989 bytes} [Wed Aug 12 01:47:45 2026] GET /v2.0/ports?device_id=0787b102-1cb0-4e59-8947-6d901cea0b1d => generated 12 bytes in 21 msecs (HTTP/1.1 200) 4 headers in 156 bytes (1 switches on core 0)
2026-08-12 01:47:45.825 8 INFO neutron.plugins.ml2.drivers.ovn.mech_driver.mech_driver [None req-9c802594-1f08-4f12-bb49-ab7ebb2cebc0 - - - - - -] OVN reports status down for port: c1f6918e-f497-47a7-86a0-71c1599239d1
2026-08-12 01:47:45.876 8 INFO neutron.db.ovn_revision_numbers_db [None req-c4bd0f4d-3306-4ae7-8889-f6ae3ac19fdc de0afa8329184bf88d89af900e54d0ed 85dd5118655240b7a4b57775c8fad3a7 - - default default] Successfully bumped revision number for resource c1f6918e-f497-47a7-86a0-71c1599239d1 (type: ports) to 1 [pid: 8|app: 0|req: 542/1107] 10.0.0.164 () {34 vars in 670 bytes} [Wed Aug 12 01:47:44 2026] POST /v2.0/networks => generated 669 bytes in 1467 msecs (HTTP/1.1 201) 4 headers in 162 bytes (1 switches on core 0) [pid: 8|app: 0|req: 543/1108] 10.0.0.164 () {32 vars in 736 bytes} [Wed Aug 12 01:47:45 2026] GET /v2.0/ports?device_id=b1bb75d8-260f-4620-a676-51a03e29fe3b => generated 12 bytes in 32 msecs (HTTP/1.1 200) 4 headers in 156 bytes (1 switches on core 0) [pid: 7|app: 0|req: 566/1109] 10.0.0.164 () {32 vars in 740 bytes} [Wed Aug 12 01:47:45 2026] DELETE /v2.0/security-groups/fe648441-55c6-40e2-a4a3-2163b6f6365c => generated 0 bytes in 302 msecs (HTTP/1.1 204) 2 headers in 112 bytes (1 switches on core 0)
2026-08-12 01:47:46.150 8 WARNING neutron.scheduler.dhcp_agent_scheduler [None req-eedfe076-f2ee-4c1f-9a72-ed472bc20787 de0afa8329184bf88d89af900e54d0ed 85dd5118655240b7a4b57775c8fad3a7 - - default default] No more DHCP agents
2026-08-12 01:47:46.153 8 WARNING neutron.api.rpc.agentnotifiers.dhcp_rpc_agent_api [None req-eedfe076-f2ee-4c1f-9a72-ed472bc20787 de0afa8329184bf88d89af900e54d0ed 85dd5118655240b7a4b57775c8fad3a7 - - default default] Unable to schedule network d064d577-17f6-4e87-806e-a2b69b4d0db7: no agents available; will retry on subsequent port and subnet creation events.
2026-08-12 01:47:46.180 8 INFO neutron.db.ovn_revision_numbers_db [None req-eedfe076-f2ee-4c1f-9a72-ed472bc20787 de0afa8329184bf88d89af900e54d0ed 85dd5118655240b7a4b57775c8fad3a7 - - default default] Successfully bumped revision number for resource 76bbe34b-1537-4278-a9ce-2f998b3ee055 (type: subnets) to 0 [pid: 8|app: 0|req: 544/1110] 10.0.0.164 () {34 vars in 669 bytes} [Wed Aug 12 01:47:45 2026] POST /v2.0/subnets => generated 627 bytes in 249 msecs (HTTP/1.1 201) 4 headers in 162 bytes (1 switches on core 0) [pid: 7|app: 0|req: 567/1111] 10.0.0.164 () {32 vars in 724 bytes} [Wed Aug 12 01:47:45 2026] DELETE /v2.0/routers/b1bb75d8-260f-4620-a676-51a03e29fe3b => generated 0 bytes in 217 msecs (HTTP/1.1 204) 2 headers in 112 bytes (1 switches on core 0) [pid: 7|app: 0|req: 568/1112] 10.0.0.164 () {32 vars in 724 bytes} [Wed Aug 12 01:47:46 2026] DELETE /v2.0/subnets/e78a3a24-c512-4bed-9a73-f1304bd962df => generated 0 bytes in 141 msecs (HTTP/1.1 204) 3 headers in 131 bytes (1 switches on core 0)
2026-08-12 01:47:46.498 7 INFO neutron_taas.services.taas.taas_plugin [None req-823fb3bb-13bd-45c5-8aac-c9a44ea83f10 80797f38e1064897918dcc6d79bd3f23 d6707f2571ad40899841e1377eb580d6 - - default default] TaaS: Handle Delete Port: 79b3a938-85f5-4b82-a627-ae58002b1b0e
2026-08-12 01:47:46.501 7 INFO neutron_taas.services.taas.tap_mirror_plugin [None req-823fb3bb-13bd-45c5-8aac-c9a44ea83f10 80797f38e1064897918dcc6d79bd3f23 d6707f2571ad40899841e1377eb580d6 - - default default] Tap Mirror: Handle Delete Port: 79b3a938-85f5-4b82-a627-ae58002b1b0e
2026-08-12 01:47:46.624 8 WARNING neutron.scheduler.dhcp_agent_scheduler [None req-786886a2-d5d0-483c-9b3d-aa7fc0d5adbb de0afa8329184bf88d89af900e54d0ed 85dd5118655240b7a4b57775c8fad3a7 - - default default] No more DHCP agents
2026-08-12 01:47:46.627 8 WARNING neutron.api.rpc.agentnotifiers.dhcp_rpc_agent_api [None req-786886a2-d5d0-483c-9b3d-aa7fc0d5adbb de0afa8329184bf88d89af900e54d0ed 85dd5118655240b7a4b57775c8fad3a7 - - default default] Unable to schedule network 5a25d71d-3bdf-4fbd-a3bd-71e8102bc422: no agents available; will retry on subsequent port and subnet creation events.
2026-08-12 01:47:46.770 8 INFO neutron.plugins.ml2.drivers.ovn.mech_driver.mech_driver [None req-9c802594-1f08-4f12-bb49-ab7ebb2cebc0 - - - - - -] OVN reports status down for port: 331a5fd5-37a9-4880-86e6-af4dc0c0a7f5
2026-08-12 01:47:46.801 7 INFO neutron.services.segments.plugin [-] Segment bf0b8a36-548a-4f32-abdb-82bacfbdf0ba resource provider aggregate not found
2026-08-12 01:47:46.805 7 INFO neutron.services.segments.plugin [-] Segment bf0b8a36-548a-4f32-abdb-82bacfbdf0ba resource provider aggregate not found
2026-08-12 01:47:46.820 7 INFO neutron.services.segments.plugin [-] Segment bf0b8a36-548a-4f32-abdb-82bacfbdf0ba resource provider not found; error: Placement Client Error (4xx): {"errors": [{"status": 404, "title": "Not Found", "detail": "The resource could not be found.\n\n No resource provider with uuid bf0b8a36-548a-4f32-abdb-82bacfbdf0ba found for delete ", "request_id": "req-762e0f9a-0f71-4788-9138-17ca52a1617c"}]}
2026-08-12 01:47:46.825 7 INFO neutron.services.segments.plugin [-] Segment bf0b8a36-548a-4f32-abdb-82bacfbdf0ba resource provider not found; error: Placement Client Error (4xx): {"errors": [{"status": 404, "title": "Not Found", "detail": "The resource could not be found.\n\n No resource provider with uuid bf0b8a36-548a-4f32-abdb-82bacfbdf0ba found for delete ", "request_id": "req-48d34cd0-8ab3-460f-b350-a5fe4473efba"}]}
2026-08-12 01:47:46.842 8 INFO neutron.db.ovn_revision_numbers_db [None req-786886a2-d5d0-483c-9b3d-aa7fc0d5adbb de0afa8329184bf88d89af900e54d0ed 85dd5118655240b7a4b57775c8fad3a7 - - default default] Successfully bumped revision number for resource 331a5fd5-37a9-4880-86e6-af4dc0c0a7f5 (type: ports) to 1 [pid: 7|app: 0|req: 569/1113] 10.0.0.164 () {32 vars in 726 bytes} [Wed Aug 12 01:47:46 2026] DELETE /v2.0/networks/52693d98-0dba-4139-b0bb-c7092558ed7b => generated 0 bytes in 529 msecs (HTTP/1.1 204) 3 headers in 131 bytes (1 switches on core 0) [pid: 7|app: 0|req: 570/1114] 10.0.0.164 () {32 vars in 740 bytes} [Wed Aug 12 01:47:46 2026] DELETE /v2.0/security-groups/596c964e-03da-4c42-8da5-3b0ed77f5546 => generated 0 bytes in 268 msecs (HTTP/1.1 204) 2 headers in 112 bytes (1 switches on core 0)
2026-08-12 01:47:47.268 7 INFO neutron.db.segments_db [None req-1be3e4c5-68eb-4ae0-a32e-bf3dbd91e35c 80797f38e1064897918dcc6d79bd3f23 d6707f2571ad40899841e1377eb580d6 - - default default] Added segment 888c4094-0844-40dc-81b3-0489dc3ae18b of type geneve for network 3abd625e-6af2-4049-83b1-a5cfe0654e1e
2026-08-12 01:47:47.410 7 INFO neutron.db.ovn_revision_numbers_db [None req-1be3e4c5-68eb-4ae0-a32e-bf3dbd91e35c 80797f38e1064897918dcc6d79bd3f23 d6707f2571ad40899841e1377eb580d6 - - default default] Successfully bumped revision number for resource 3abd625e-6af2-4049-83b1-a5cfe0654e1e (type: networks) to 1
2026-08-12 01:47:47.583 8 INFO neutron.plugins.ml2.drivers.ovn.mech_driver.ovsdb.commands [None req-67db4d44-5d2b-47b3-80c7-797b18fb1274 - - - - - -] Schedule LRP lrp-331a5fd5-37a9-4880-86e6-af4dc0c0a7f5 on gateway e631f56d-1dc5-4e12-a3cc-69a45206b465 with priority 1
2026-08-12 01:47:47.631 7 WARNING neutron.scheduler.dhcp_agent_scheduler [None req-1be3e4c5-68eb-4ae0-a32e-bf3dbd91e35c 80797f38e1064897918dcc6d79bd3f23 d6707f2571ad40899841e1377eb580d6 - - default default] No more DHCP agents
2026-08-12 01:47:47.642 7 WARNING neutron.api.rpc.agentnotifiers.dhcp_rpc_agent_api [None req-1be3e4c5-68eb-4ae0-a32e-bf3dbd91e35c 80797f38e1064897918dcc6d79bd3f23 d6707f2571ad40899841e1377eb580d6 - - default default] Unable to schedule network 3abd625e-6af2-4049-83b1-a5cfe0654e1e: no agents available; will retry on subsequent port and subnet creation events.
2026-08-12 01:47:47.681 8 INFO neutron.plugins.ml2.drivers.ovn.mech_driver.mech_driver [None req-9c802594-1f08-4f12-bb49-ab7ebb2cebc0 - - - - - -] OVN reports status up for port: 331a5fd5-37a9-4880-86e6-af4dc0c0a7f5
2026-08-12 01:47:47.735 8 INFO neutron.plugins.ml2.plugin [None req-9c802594-1f08-4f12-bb49-ab7ebb2cebc0 - - - - - -] Attempt 1 to provision port 331a5fd5-37a9-4880-86e6-af4dc0c0a7f5
2026-08-12 01:47:47.750 7 INFO neutron.db.ovn_revision_numbers_db [None req-1be3e4c5-68eb-4ae0-a32e-bf3dbd91e35c 80797f38e1064897918dcc6d79bd3f23 d6707f2571ad40899841e1377eb580d6 - - default default] Successfully bumped revision number for resource 5a2531f6-91b6-4a66-b61e-f29ac892ab75 (type: ports) to 1
2026-08-12 01:47:47.763 8 INFO neutron.db.ovn_revision_numbers_db [None req-786886a2-d5d0-483c-9b3d-aa7fc0d5adbb de0afa8329184bf88d89af900e54d0ed 85dd5118655240b7a4b57775c8fad3a7 - - default default] Successfully bumped revision number for resource 331a5fd5-37a9-4880-86e6-af4dc0c0a7f5 (type: router_ports) to 1 [pid: 7|app: 0|req: 571/1115] 10.0.0.164 () {34 vars in 670 bytes} [Wed Aug 12 01:47:47 2026] POST /v2.0/networks => generated 653 bytes in 615 msecs (HTTP/1.1 201) 4 headers in 162 bytes (1 switches on core 0)
2026-08-12 01:47:47.787 7 INFO neutron.api.v2.resource [None req-535588f7-42bb-44c7-82cf-54f2ecb86863 c2510fb400704cf8ba603f7dfa9f85db 5b9e853d41174755af0d8092de58cacc - - default default] show failed (client error): The resource could not be found. [pid: 7|app: 0|req: 572/1116] 10.0.0.164 () {32 vars in 737 bytes} [Wed Aug 12 01:47:47 2026] GET /v2.0/security-groups/596c964e-03da-4c42-8da5-3b0ed77f5546 => generated 146 bytes in 12 msecs (HTTP/1.1 404) 4 headers in 164 bytes (1 switches on core 0)
2026-08-12 01:47:47.897 8 INFO neutron.db.ovn_revision_numbers_db [None req-786886a2-d5d0-483c-9b3d-aa7fc0d5adbb de0afa8329184bf88d89af900e54d0ed 85dd5118655240b7a4b57775c8fad3a7 - - default default] Successfully bumped revision number for resource 69915882-e9c4-44e5-9fc7-a77b07f51bdc (type: routers) to 2 [pid: 8|app: 0|req: 545/1117] 10.0.0.164 () {34 vars in 669 bytes} [Wed Aug 12 01:47:46 2026] POST /v2.0/routers => generated 955 bytes in 1718 msecs (HTTP/1.1 201) 4 headers in 162 bytes (1 switches on core 0)
2026-08-12 01:47:47.993 7 WARNING neutron.scheduler.dhcp_agent_scheduler [None req-26715f87-0e8a-4668-b7b5-910b3d739658 80797f38e1064897918dcc6d79bd3f23 d6707f2571ad40899841e1377eb580d6 - - default default] No more DHCP agents
2026-08-12 01:47:47.994 7 WARNING neutron.api.rpc.agentnotifiers.dhcp_rpc_agent_api [None req-26715f87-0e8a-4668-b7b5-910b3d739658 80797f38e1064897918dcc6d79bd3f23 d6707f2571ad40899841e1377eb580d6 - - default default] Unable to schedule network 3abd625e-6af2-4049-83b1-a5cfe0654e1e: no agents available; will retry on subsequent port and subnet creation events.
2026-08-12 01:47:48.022 7 INFO neutron.db.ovn_revision_numbers_db [None req-26715f87-0e8a-4668-b7b5-910b3d739658 80797f38e1064897918dcc6d79bd3f23 d6707f2571ad40899841e1377eb580d6 - - default default] Successfully bumped revision number for resource 5418b53b-28bd-48a3-ae86-9ffc826af7cd (type: subnets) to 0 [pid: 7|app: 0|req: 573/1118] 10.0.0.164 () {34 vars in 669 bytes} [Wed Aug 12 01:47:47 2026] POST /v2.0/subnets => generated 646 bytes in 248 msecs (HTTP/1.1 201) 4 headers in 162 bytes (1 switches on core 0)
2026-08-12 01:47:48.044 8 INFO neutron_taas.services.taas.taas_plugin [None req-d9ccf029-d707-4094-b876-6f00b2878ca6 c2510fb400704cf8ba603f7dfa9f85db 5b9e853d41174755af0d8092de58cacc - - default default] TaaS: Handle Delete Port: f2dd47fb-c919-43a6-8693-ab1b18242423
2026-08-12 01:47:48.047 8 INFO neutron_taas.services.taas.tap_mirror_plugin [None req-d9ccf029-d707-4094-b876-6f00b2878ca6 c2510fb400704cf8ba603f7dfa9f85db 5b9e853d41174755af0d8092de58cacc - - default default] Tap Mirror: Handle Delete Port: f2dd47fb-c919-43a6-8693-ab1b18242423 [pid: 8|app: 0|req: 546/1119] 10.0.0.164 () {32 vars in 732 bytes} [Wed Aug 12 01:47:47 2026] DELETE /v2.0/floatingips/49e2157f-65a5-4443-96d2-efcc78c8d88a => generated 0 bytes in 274 msecs (HTTP/1.1 204) 2 headers in 112 bytes (1 switches on core 0)
2026-08-12 01:47:48.325 8 INFO neutron.db.ovn_revision_numbers_db [None req-8976833c-bd60-4ac3-8895-0ee3daf8276a 80797f38e1064897918dcc6d79bd3f23 d6707f2571ad40899841e1377eb580d6 - - default default] Successfully bumped revision number for resource d91984a8-9e33-4352-8695-29b87288f594 (type: routers) to 1 [pid: 8|app: 0|req: 547/1120] 10.0.0.164 () {34 vars in 669 bytes} [Wed Aug 12 01:47:48 2026] POST /v2.0/routers => generated 607 bytes in 156 msecs (HTTP/1.1 201) 4 headers in 162 bytes (1 switches on core 0)
2026-08-12 01:47:48.528 7 WARNING neutron.plugins.ml2.drivers.ovn.mech_driver.ovsdb.ovn_client [None req-cf989981-2d9c-4ca4-9bf6-ca601e377423 - - - - - -] No port found with ID 4393c8ae-fa82-4d3b-8e7e-eebf4ec6c5c4: RuntimeError: No port found with ID 4393c8ae-fa82-4d3b-8e7e-eebf4ec6c5c4
2026-08-12 01:47:48.618 8 INFO neutron_taas.services.taas.taas_plugin [None req-cbcdcf46-5ab4-4a06-8aca-806f05791826 72eeaa655551430dbcbfa7dcc026acfc f7676b9e63f343cf893aa6171ce360be - - default default] TaaS: Handle Delete Port: 825b9226-edf2-43b7-859d-a131bb489f13
2026-08-12 01:47:48.622 8 INFO neutron_taas.services.taas.tap_mirror_plugin [None req-cbcdcf46-5ab4-4a06-8aca-806f05791826 72eeaa655551430dbcbfa7dcc026acfc f7676b9e63f343cf893aa6171ce360be - - default default] Tap Mirror: Handle Delete Port: 825b9226-edf2-43b7-859d-a131bb489f13
2026-08-12 01:47:48.634 7 WARNING neutron.scheduler.dhcp_agent_scheduler [None req-3c016512-b3bb-4ed2-ad64-8a8297089d50 de0afa8329184bf88d89af900e54d0ed 85dd5118655240b7a4b57775c8fad3a7 - - default default] No more DHCP agents
2026-08-12 01:47:48.636 7 WARNING neutron.api.rpc.agentnotifiers.dhcp_rpc_agent_api [None req-3c016512-b3bb-4ed2-ad64-8a8297089d50 de0afa8329184bf88d89af900e54d0ed 85dd5118655240b7a4b57775c8fad3a7 - - default default] Unable to schedule network d064d577-17f6-4e87-806e-a2b69b4d0db7: no agents available; will retry on subsequent port and subnet creation events.
2026-08-12 01:47:48.771 7 INFO neutron.plugins.ml2.drivers.ovn.mech_driver.mech_driver [None req-cf989981-2d9c-4ca4-9bf6-ca601e377423 - - - - - -] OVN reports status down for port: fd520bd8-918a-41ff-8b4a-37afb0efa90d
2026-08-12 01:47:48.830 7 INFO neutron.db.ovn_revision_numbers_db [None req-3c016512-b3bb-4ed2-ad64-8a8297089d50 de0afa8329184bf88d89af900e54d0ed 85dd5118655240b7a4b57775c8fad3a7 - - default default] Successfully bumped revision number for resource fd520bd8-918a-41ff-8b4a-37afb0efa90d (type: ports) to 1 [pid: 8|app: 0|req: 548/1121] 10.0.0.164 () {34 vars in 789 bytes} [Wed Aug 12 01:47:48 2026] PUT /v2.0/routers/9a671703-82f6-4dbd-9d0a-bf04bf6f5926/remove_router_interface => generated 309 bytes in 922 msecs (HTTP/1.1 200) 4 headers in 157 bytes (1 switches on core 0) /var/lib/openstack/lib/python3.12/site-packages/pycadf/identifier.py:70: UserWarning: Invalid uuid: neutron. To ensure interoperability, identifiers should be a valid uuid. warnings.warn(('Invalid uuid: %s. To ensure interoperability, '
2026-08-12 01:47:49.552 7 INFO neutron.plugins.ml2.drivers.ovn.mech_driver.mech_driver [None req-cf989981-2d9c-4ca4-9bf6-ca601e377423 - - - - - -] OVN reports status up for port: fd520bd8-918a-41ff-8b4a-37afb0efa90d
2026-08-12 01:47:49.585 7 INFO neutron.plugins.ml2.plugin [None req-cf989981-2d9c-4ca4-9bf6-ca601e377423 - - - - - -] Attempt 1 to provision port fd520bd8-918a-41ff-8b4a-37afb0efa90d
2026-08-12 01:47:49.684 7 WARNING neutron.scheduler.dhcp_agent_scheduler [None req-3c016512-b3bb-4ed2-ad64-8a8297089d50 de0afa8329184bf88d89af900e54d0ed 85dd5118655240b7a4b57775c8fad3a7 - - default default] No more DHCP agents
2026-08-12 01:47:49.687 7 WARNING neutron.api.rpc.agentnotifiers.dhcp_rpc_agent_api [None req-3c016512-b3bb-4ed2-ad64-8a8297089d50 de0afa8329184bf88d89af900e54d0ed 85dd5118655240b7a4b57775c8fad3a7 - - default default] Unable to schedule network d064d577-17f6-4e87-806e-a2b69b4d0db7: no agents available; will retry on subsequent port and subnet creation events.
2026-08-12 01:47:50.212 8 WARNING neutron.scheduler.dhcp_agent_scheduler [None req-3864b3eb-f6c6-471d-ba12-0109b822bf90 80797f38e1064897918dcc6d79bd3f23 d6707f2571ad40899841e1377eb580d6 - - default default] No more DHCP agents
2026-08-12 01:47:50.214 8 WARNING neutron.api.rpc.agentnotifiers.dhcp_rpc_agent_api [None req-3864b3eb-f6c6-471d-ba12-0109b822bf90 80797f38e1064897918dcc6d79bd3f23 d6707f2571ad40899841e1377eb580d6 - - default default] Unable to schedule network 3abd625e-6af2-4049-83b1-a5cfe0654e1e: no agents available; will retry on subsequent port and subnet creation events.
2026-08-12 01:47:50.340 8 INFO neutron.db.ovn_revision_numbers_db [None req-3864b3eb-f6c6-471d-ba12-0109b822bf90 80797f38e1064897918dcc6d79bd3f23 d6707f2571ad40899841e1377eb580d6 - - default default] Successfully bumped revision number for resource 5b3f1d48-e97a-449f-9965-afb30e838002 (type: ports) to 1
2026-08-12 01:47:50.438 7 INFO neutron.db.ovn_revision_numbers_db [None req-3c016512-b3bb-4ed2-ad64-8a8297089d50 de0afa8329184bf88d89af900e54d0ed 85dd5118655240b7a4b57775c8fad3a7 - - default default] Successfully bumped revision number for resource fd520bd8-918a-41ff-8b4a-37afb0efa90d (type: router_ports) to 1 [pid: 7|app: 0|req: 574/1122] 10.0.0.164 () {34 vars in 783 bytes} [Wed Aug 12 01:47:48 2026] PUT /v2.0/routers/69915882-e9c4-44e5-9fc7-a77b07f51bdc/add_router_interface => generated 309 bytes in 2408 msecs (HTTP/1.1 200) 4 headers in 157 bytes (1 switches on core 0) /var/lib/openstack/lib/python3.12/site-packages/pycadf/identifier.py:70: UserWarning: Invalid uuid: neutron. To ensure interoperability, identifiers should be a valid uuid. warnings.warn(('Invalid uuid: %s. To ensure interoperability, '
2026-08-12 01:47:50.493 7 INFO neutron.db.ovn_revision_numbers_db [None req-cf989981-2d9c-4ca4-9bf6-ca601e377423 - - - - - -] Successfully bumped revision number for resource fd520bd8-918a-41ff-8b4a-37afb0efa90d (type: ports) to 2
2026-08-12 01:47:50.859 7 INFO neutron_taas.services.taas.taas_plugin [None req-1122adb2-1e73-4fdf-8ec0-1198b8923e09 72eeaa655551430dbcbfa7dcc026acfc f7676b9e63f343cf893aa6171ce360be - - default default] TaaS: Handle Delete Port: c2aa1073-1c7f-43a7-805e-74441df3b40a
2026-08-12 01:47:50.862 7 INFO neutron_taas.services.taas.tap_mirror_plugin [None req-1122adb2-1e73-4fdf-8ec0-1198b8923e09 72eeaa655551430dbcbfa7dcc026acfc f7676b9e63f343cf893aa6171ce360be - - default default] Tap Mirror: Handle Delete Port: c2aa1073-1c7f-43a7-805e-74441df3b40a
2026-08-12 01:47:51.047 8 WARNING neutron.scheduler.dhcp_agent_scheduler [None req-3864b3eb-f6c6-471d-ba12-0109b822bf90 80797f38e1064897918dcc6d79bd3f23 d6707f2571ad40899841e1377eb580d6 - - default default] No more DHCP agents
2026-08-12 01:47:51.051 8 WARNING neutron.api.rpc.agentnotifiers.dhcp_rpc_agent_api [None req-3864b3eb-f6c6-471d-ba12-0109b822bf90 80797f38e1064897918dcc6d79bd3f23 d6707f2571ad40899841e1377eb580d6 - - default default] Unable to schedule network 3abd625e-6af2-4049-83b1-a5cfe0654e1e: no agents available; will retry on subsequent port and subnet creation events. [pid: 7|app: 0|req: 575/1123] 10.0.0.164 () {32 vars in 724 bytes} [Wed Aug 12 01:47:50 2026] DELETE /v2.0/routers/9a671703-82f6-4dbd-9d0a-bf04bf6f5926 => generated 0 bytes in 844 msecs (HTTP/1.1 204) 2 headers in 112 bytes (1 switches on core 0)
2026-08-12 01:47:51.309 8 INFO neutron.db.ovn_revision_numbers_db [None req-3864b3eb-f6c6-471d-ba12-0109b822bf90 80797f38e1064897918dcc6d79bd3f23 d6707f2571ad40899841e1377eb580d6 - - default default] Successfully bumped revision number for resource 5b3f1d48-e97a-449f-9965-afb30e838002 (type: router_ports) to 1 [pid: 8|app: 0|req: 549/1124] 10.0.0.164 () {34 vars in 783 bytes} [Wed Aug 12 01:47:49 2026] PUT /v2.0/routers/d91984a8-9e33-4352-8695-29b87288f594/add_router_interface => generated 309 bytes in 2042 msecs (HTTP/1.1 200) 4 headers in 157 bytes (1 switches on core 0) [pid: 8|app: 0|req: 550/1125] 10.0.0.164 () {32 vars in 724 bytes} [Wed Aug 12 01:47:51 2026] DELETE /v2.0/subnets/0fbef5cf-b8d7-4f85-846f-4832b47886ae => generated 0 bytes in 191 msecs (HTTP/1.1 204) 3 headers in 131 bytes (1 switches on core 0)
2026-08-12 01:47:51.568 7 WARNING neutron.scheduler.dhcp_agent_scheduler [None req-b36cea08-6a83-4a35-9905-e42ee7248298 de0afa8329184bf88d89af900e54d0ed 85dd5118655240b7a4b57775c8fad3a7 - - default default] No more DHCP agents
2026-08-12 01:47:51.569 7 WARNING neutron.api.rpc.agentnotifiers.dhcp_rpc_agent_api [None req-b36cea08-6a83-4a35-9905-e42ee7248298 de0afa8329184bf88d89af900e54d0ed 85dd5118655240b7a4b57775c8fad3a7 - - default default] Unable to schedule network d064d577-17f6-4e87-806e-a2b69b4d0db7: no agents available; will retry on subsequent port and subnet creation events. [pid: 8|app: 0|req: 551/1126] 10.0.0.164 () {32 vars in 717 bytes} [Wed Aug 12 01:47:51 2026] GET /v2.0/ports/5b3f1d48-e97a-449f-9965-afb30e838002 => generated 945 bytes in 74 msecs (HTTP/1.1 200) 4 headers in 157 bytes (1 switches on core 0)
2026-08-12 01:47:51.840 7 INFO neutron.db.ovn_revision_numbers_db [None req-b36cea08-6a83-4a35-9905-e42ee7248298 de0afa8329184bf88d89af900e54d0ed 85dd5118655240b7a4b57775c8fad3a7 - - default default] Successfully bumped revision number for resource 8df20b97-a6c7-4514-a01c-ce3a61c9d906 (type: ports) to 1
2026-08-12 01:47:51.859 8 INFO neutron_taas.services.taas.taas_plugin [None req-038a4ed0-e3ab-492c-bab6-f2992c71c428 72eeaa655551430dbcbfa7dcc026acfc f7676b9e63f343cf893aa6171ce360be - - default default] TaaS: Handle Delete Port: 35df51d5-b956-4cb6-b826-161b6655ee64
2026-08-12 01:47:51.863 8 INFO neutron_taas.services.taas.tap_mirror_plugin [None req-038a4ed0-e3ab-492c-bab6-f2992c71c428 72eeaa655551430dbcbfa7dcc026acfc f7676b9e63f343cf893aa6171ce360be - - default default] Tap Mirror: Handle Delete Port: 35df51d5-b956-4cb6-b826-161b6655ee64 [pid: 7|app: 0|req: 576/1127] 10.0.0.164 () {34 vars in 665 bytes} [Wed Aug 12 01:47:51 2026] POST /v2.0/ports => generated 959 bytes in 647 msecs (HTTP/1.1 201) 4 headers in 162 bytes (1 switches on core 0) /var/lib/openstack/lib/python3.12/site-packages/pycadf/identifier.py:70: UserWarning: Invalid uuid: neutron. To ensure interoperability, identifiers should be a valid uuid. warnings.warn(('Invalid uuid: %s. To ensure interoperability, ' [pid: 7|app: 0|req: 577/1128] 10.0.0.164 () {32 vars in 717 bytes} [Wed Aug 12 01:47:51 2026] GET /v2.0/ports/5b3f1d48-e97a-449f-9965-afb30e838002 => generated 945 bytes in 36 msecs (HTTP/1.1 200) 4 headers in 157 bytes (1 switches on core 0)
2026-08-12 01:47:52.080 8 INFO neutron.services.segments.plugin [-] Segment b8069dc8-53dc-46a9-a000-ee62c197df79 resource provider aggregate not found
2026-08-12 01:47:52.084 8 INFO neutron.services.segments.plugin [-] Segment b8069dc8-53dc-46a9-a000-ee62c197df79 resource provider aggregate not found
2026-08-12 01:47:52.100 8 INFO neutron.services.segments.plugin [-] Segment b8069dc8-53dc-46a9-a000-ee62c197df79 resource provider not found; error: Placement Client Error (4xx): {"errors": [{"status": 404, "title": "Not Found", "detail": "The resource could not be found.\n\n No resource provider with uuid b8069dc8-53dc-46a9-a000-ee62c197df79 found for delete ", "request_id": "req-20624af3-db02-41c3-ae87-4709e525dda1"}]}
2026-08-12 01:47:52.103 8 INFO neutron.services.segments.plugin [-] Segment b8069dc8-53dc-46a9-a000-ee62c197df79 resource provider not found; error: Placement Client Error (4xx): {"errors": [{"status": 404, "title": "Not Found", "detail": "The resource could not be found.\n\n No resource provider with uuid b8069dc8-53dc-46a9-a000-ee62c197df79 found for delete ", "request_id": "req-b2646165-d80a-4569-9e90-5b338b807ba4"}]} [pid: 8|app: 0|req: 552/1129] 10.0.0.164 () {32 vars in 726 bytes} [Wed Aug 12 01:47:51 2026] DELETE /v2.0/networks/38b2ca8c-c289-4c2b-87b6-c6ab510342fa => generated 0 bytes in 541 msecs (HTTP/1.1 204) 3 headers in 131 bytes (1 switches on core 0)
2026-08-12 01:47:52.304 7 WARNING neutron.scheduler.dhcp_agent_scheduler [None req-f9bbdbca-9502-4a08-9285-232485bbbc13 de0afa8329184bf88d89af900e54d0ed 85dd5118655240b7a4b57775c8fad3a7 - - default default] No more DHCP agents
2026-08-12 01:47:52.306 7 WARNING neutron.api.rpc.agentnotifiers.dhcp_rpc_agent_api [None req-f9bbdbca-9502-4a08-9285-232485bbbc13 de0afa8329184bf88d89af900e54d0ed 85dd5118655240b7a4b57775c8fad3a7 - - default default] Unable to schedule network d064d577-17f6-4e87-806e-a2b69b4d0db7: no agents available; will retry on subsequent port and subnet creation events.
2026-08-12 01:47:52.486 7 INFO neutron.db.ovn_revision_numbers_db [None req-f9bbdbca-9502-4a08-9285-232485bbbc13 de0afa8329184bf88d89af900e54d0ed 85dd5118655240b7a4b57775c8fad3a7 - - default default] Successfully bumped revision number for resource e395b3f1-a096-42fd-b615-d88409673416 (type: ports) to 1
2026-08-12 01:47:52.493 8 INFO neutron.db.ovn_revision_numbers_db [None req-06c063b5-4abe-46fb-9f15-ad3384af5498 72eeaa655551430dbcbfa7dcc026acfc f7676b9e63f343cf893aa6171ce360be - - default default] Successfully bumped revision number for resource 710bfe63-da36-4fe6-84c6-6eac0d7862ab (type: security_groups) to 1
2026-08-12 01:47:52.586 8 INFO neutron.db.ovn_revision_numbers_db [None req-06c063b5-4abe-46fb-9f15-ad3384af5498 72eeaa655551430dbcbfa7dcc026acfc f7676b9e63f343cf893aa6171ce360be - - default default] Successfully bumped revision number for resource 245c5c78-bf37-4701-a3ef-3511fd85ecdc (type: security_group_rules) to 0 [pid: 7|app: 0|req: 578/1130] 10.0.0.164 () {34 vars in 665 bytes} [Wed Aug 12 01:47:51 2026] POST /v2.0/ports => generated 959 bytes in 621 msecs (HTTP/1.1 201) 4 headers in 162 bytes (1 switches on core 0) /var/lib/openstack/lib/python3.12/site-packages/pycadf/identifier.py:70: UserWarning: Invalid uuid: neutron. To ensure interoperability, identifiers should be a valid uuid. warnings.warn(('Invalid uuid: %s. To ensure interoperability, '
2026-08-12 01:47:52.610 8 INFO neutron.db.ovn_revision_numbers_db [None req-06c063b5-4abe-46fb-9f15-ad3384af5498 72eeaa655551430dbcbfa7dcc026acfc f7676b9e63f343cf893aa6171ce360be - - default default] Successfully bumped revision number for resource 7d306197-a430-4e69-a00c-2ac546b4cbcc (type: security_group_rules) to 0 [pid: 7|app: 0|req: 579/1131] 10.0.0.164 () {32 vars in 774 bytes} [Wed Aug 12 01:47:52 2026] GET /v2.0/security-groups?tenant_id=5b9e853d41174755af0d8092de58cacc&name=default => generated 2925 bytes in 29 msecs (HTTP/1.1 200) 4 headers in 158 bytes (1 switches on core 0)
2026-08-12 01:47:52.649 8 INFO neutron.db.ovn_revision_numbers_db [None req-06c063b5-4abe-46fb-9f15-ad3384af5498 72eeaa655551430dbcbfa7dcc026acfc f7676b9e63f343cf893aa6171ce360be - - default default] Successfully bumped revision number for resource 8a04ee6d-2618-4413-88ac-90dc38e9eaae (type: security_group_rules) to 0
2026-08-12 01:47:52.676 8 INFO neutron.db.ovn_revision_numbers_db [None req-06c063b5-4abe-46fb-9f15-ad3384af5498 72eeaa655551430dbcbfa7dcc026acfc f7676b9e63f343cf893aa6171ce360be - - default default] Successfully bumped revision number for resource df6ea4c0-6dd6-4b72-b7ae-c4c6156105b6 (type: security_group_rules) to 0 [pid: 8|app: 0|req: 553/1132] 10.0.0.164 () {32 vars in 774 bytes} [Wed Aug 12 01:47:52 2026] GET /v2.0/security-groups?tenant_id=587c4198b6b6491198601fee541b9a46&name=default => generated 2925 bytes in 598 msecs (HTTP/1.1 200) 4 headers in 158 bytes (1 switches on core 0)
2026-08-12 01:47:52.918 7 WARNING neutron.scheduler.dhcp_agent_scheduler [None req-f5318e5c-168f-4901-9127-d44cfdcbc937 de0afa8329184bf88d89af900e54d0ed 85dd5118655240b7a4b57775c8fad3a7 - - default default] No more DHCP agents
2026-08-12 01:47:52.919 7 WARNING neutron.api.rpc.agentnotifiers.dhcp_rpc_agent_api [None req-f5318e5c-168f-4901-9127-d44cfdcbc937 de0afa8329184bf88d89af900e54d0ed 85dd5118655240b7a4b57775c8fad3a7 - - default default] Unable to schedule network 5a25d71d-3bdf-4fbd-a3bd-71e8102bc422: no agents available; will retry on subsequent port and subnet creation events. [pid: 8|app: 0|req: 554/1133] 10.0.0.164 () {32 vars in 740 bytes} [Wed Aug 12 01:47:52 2026] DELETE /v2.0/security-groups/a26ffbdc-1854-4144-9868-764f164974cb => generated 0 bytes in 346 msecs (HTTP/1.1 204) 2 headers in 112 bytes (1 switches on core 0)
2026-08-12 01:47:53.116 8 WARNING neutron.plugins.ml2.drivers.ovn.mech_driver.ovsdb.ovn_client [None req-9c802594-1f08-4f12-bb49-ab7ebb2cebc0 - - - - - -] No hosting information found for port 331a5fd5-37a9-4880-86e6-af4dc0c0a7f5: RuntimeError: No hosting information found for port 331a5fd5-37a9-4880-86e6-af4dc0c0a7f5
2026-08-12 01:47:53.116 8 INFO neutron.plugins.ml2.drivers.ovn.mech_driver.mech_driver [None req-9c802594-1f08-4f12-bb49-ab7ebb2cebc0 - - - - - -] OVN reports status down for port: 5a2531f6-91b6-4a66-b61e-f29ac892ab75
2026-08-12 01:47:53.353 8 INFO neutron.plugins.ml2.drivers.ovn.mech_driver.mech_driver [None req-9c802594-1f08-4f12-bb49-ab7ebb2cebc0 - - - - - -] OVN reports status down for port: 5b3f1d48-e97a-449f-9965-afb30e838002
2026-08-12 01:47:53.466 8 WARNING neutron.plugins.ml2.drivers.ovn.mech_driver.ovsdb.ovn_client [None req-9c802594-1f08-4f12-bb49-ab7ebb2cebc0 - - - - - -] Logical_Switch_Port %s host information not removed, the port state is up
2026-08-12 01:47:53.466 8 INFO neutron.plugins.ml2.drivers.ovn.mech_driver.mech_driver [None req-9c802594-1f08-4f12-bb49-ab7ebb2cebc0 - - - - - -] OVN reports status up for port: 5b3f1d48-e97a-449f-9965-afb30e838002 [pid: 8|app: 0|req: 555/1134] 10.0.0.164 () {32 vars in 740 bytes} [Wed Aug 12 01:47:53 2026] DELETE /v2.0/security-groups/710bfe63-da36-4fe6-84c6-6eac0d7862ab => generated 0 bytes in 423 msecs (HTTP/1.1 204) 2 headers in 112 bytes (1 switches on core 0)
2026-08-12 01:47:53.496 8 INFO neutron.plugins.ml2.plugin [None req-9c802594-1f08-4f12-bb49-ab7ebb2cebc0 - - - - - -] Attempt 1 to provision port 5b3f1d48-e97a-449f-9965-afb30e838002 [pid: 8|app: 0|req: 556/1135] 10.0.0.164 () {32 vars in 717 bytes} [Wed Aug 12 01:47:53 2026] GET /v2.0/ports/5b3f1d48-e97a-449f-9965-afb30e838002 => generated 945 bytes in 83 msecs (HTTP/1.1 200) 4 headers in 157 bytes (1 switches on core 0)
2026-08-12 01:47:53.891 7 INFO neutron.db.ovn_revision_numbers_db [None req-f5318e5c-168f-4901-9127-d44cfdcbc937 de0afa8329184bf88d89af900e54d0ed 85dd5118655240b7a4b57775c8fad3a7 - - default default] Successfully bumped revision number for resource fae8d951-d323-499e-b8e4-28a63ea6b2bd (type: floatingips) to 1
2026-08-12 01:47:53.892 7 INFO neutron.db.l3_db [None req-f5318e5c-168f-4901-9127-d44cfdcbc937 de0afa8329184bf88d89af900e54d0ed 85dd5118655240b7a4b57775c8fad3a7 - - default default] Floating IP fae8d951-d323-499e-b8e4-28a63ea6b2bd associated. External IP: 10.96.250.216, port: e395b3f1-a096-42fd-b615-d88409673416. [pid: 7|app: 0|req: 580/1136] 10.0.0.164 () {34 vars in 677 bytes} [Wed Aug 12 01:47:52 2026] POST /v2.0/floatingips => generated 843 bytes in 1327 msecs (HTTP/1.1 201) 4 headers in 162 bytes (1 switches on core 0)
2026-08-12 01:47:53.978 8 INFO neutron.db.ovn_revision_numbers_db [None req-5c9d930a-38bb-4667-95e6-4d7431ec9576 72eeaa655551430dbcbfa7dcc026acfc f7676b9e63f343cf893aa6171ce360be - - default default] Successfully bumped revision number for resource 181628bb-81bd-49c5-84b3-0efabe2643f2 (type: security_groups) to 1
2026-08-12 01:47:54.002 8 INFO neutron.db.ovn_revision_numbers_db [None req-5c9d930a-38bb-4667-95e6-4d7431ec9576 72eeaa655551430dbcbfa7dcc026acfc f7676b9e63f343cf893aa6171ce360be - - default default] Successfully bumped revision number for resource 20a16625-d4f9-4fb1-9545-312a307a5bcf (type: security_group_rules) to 0
2026-08-12 01:47:54.022 8 INFO neutron.db.ovn_revision_numbers_db [None req-5c9d930a-38bb-4667-95e6-4d7431ec9576 72eeaa655551430dbcbfa7dcc026acfc f7676b9e63f343cf893aa6171ce360be - - default default] Successfully bumped revision number for resource 38903b29-3608-4bf4-b593-8dba33fc448c (type: security_group_rules) to 0
2026-08-12 01:47:54.059 8 INFO neutron.db.ovn_revision_numbers_db [None req-5c9d930a-38bb-4667-95e6-4d7431ec9576 72eeaa655551430dbcbfa7dcc026acfc f7676b9e63f343cf893aa6171ce360be - - default default] Successfully bumped revision number for resource 861b756f-0d99-45f5-9e8f-411f1597ceb5 (type: security_group_rules) to 0
2026-08-12 01:47:54.089 8 INFO neutron.db.ovn_revision_numbers_db [None req-5c9d930a-38bb-4667-95e6-4d7431ec9576 72eeaa655551430dbcbfa7dcc026acfc f7676b9e63f343cf893aa6171ce360be - - default default] Successfully bumped revision number for resource b71a3666-61d2-4047-8c68-05c97880abac (type: security_group_rules) to 0
2026-08-12 01:47:54.139 7 INFO neutron.db.ovn_revision_numbers_db [None req-fb9272bb-451b-48db-8bac-639302f27153 de0afa8329184bf88d89af900e54d0ed 85dd5118655240b7a4b57775c8fad3a7 - - default default] Successfully bumped revision number for resource fae8d951-d323-499e-b8e4-28a63ea6b2bd (type: floatingips) to 2 [pid: 8|app: 0|req: 557/1137] 10.0.0.164 () {32 vars in 774 bytes} [Wed Aug 12 01:47:53 2026] GET /v2.0/security-groups?tenant_id=c14e815111c5498fb8b5f93312c69d71&name=default => generated 2925 bytes in 515 msecs (HTTP/1.1 200) 4 headers in 158 bytes (1 switches on core 0)
2026-08-12 01:47:54.196 7 INFO neutron.db.l3_db [None req-fb9272bb-451b-48db-8bac-639302f27153 de0afa8329184bf88d89af900e54d0ed 85dd5118655240b7a4b57775c8fad3a7 - - default default] Floating IP fae8d951-d323-499e-b8e4-28a63ea6b2bd disassociated. External IP: 10.96.250.216, port: e395b3f1-a096-42fd-b615-d88409673416.
2026-08-12 01:47:54.200 8 INFO neutron.db.ovn_revision_numbers_db [None req-9c802594-1f08-4f12-bb49-ab7ebb2cebc0 - - - - - -] Successfully bumped revision number for resource 5b3f1d48-e97a-449f-9965-afb30e838002 (type: ports) to 2 [pid: 7|app: 0|req: 581/1138] 10.0.0.164 () {34 vars in 749 bytes} [Wed Aug 12 01:47:53 2026] PUT /v2.0/floatingips/fae8d951-d323-499e-b8e4-28a63ea6b2bd => generated 554 bytes in 271 msecs (HTTP/1.1 200) 4 headers in 157 bytes (1 switches on core 0)
2026-08-12 01:47:54.363 7 INFO neutron_taas.services.taas.taas_plugin [None req-e8f659a1-0af9-484d-9857-02317a175639 de0afa8329184bf88d89af900e54d0ed 85dd5118655240b7a4b57775c8fad3a7 - - default default] TaaS: Handle Delete Port: a4c5169a-0f26-4110-9fe8-bafbcd244b60
2026-08-12 01:47:54.366 7 INFO neutron_taas.services.taas.tap_mirror_plugin [None req-e8f659a1-0af9-484d-9857-02317a175639 de0afa8329184bf88d89af900e54d0ed 85dd5118655240b7a4b57775c8fad3a7 - - default default] Tap Mirror: Handle Delete Port: a4c5169a-0f26-4110-9fe8-bafbcd244b60 [pid: 8|app: 0|req: 558/1139] 10.0.0.164 () {32 vars in 740 bytes} [Wed Aug 12 01:47:54 2026] DELETE /v2.0/security-groups/181628bb-81bd-49c5-84b3-0efabe2643f2 => generated 0 bytes in 300 msecs (HTTP/1.1 204) 2 headers in 112 bytes (1 switches on core 0) [pid: 7|app: 0|req: 582/1140] 10.0.0.164 () {32 vars in 732 bytes} [Wed Aug 12 01:47:54 2026] DELETE /v2.0/floatingips/fae8d951-d323-499e-b8e4-28a63ea6b2bd => generated 0 bytes in 312 msecs (HTTP/1.1 204) 2 headers in 112 bytes (1 switches on core 0) [pid: 7|app: 0|req: 583/1141] 10.0.0.164 () {32 vars in 717 bytes} [Wed Aug 12 01:47:54 2026] GET /v2.0/ports/5b3f1d48-e97a-449f-9965-afb30e838002 => generated 947 bytes in 122 msecs (HTTP/1.1 200) 4 headers in 157 bytes (1 switches on core 0)
2026-08-12 01:47:54.809 8 WARNING neutron.scheduler.dhcp_agent_scheduler [None req-6ecaa765-13a0-4c9a-9f63-2dacb70da5bd de0afa8329184bf88d89af900e54d0ed 85dd5118655240b7a4b57775c8fad3a7 - - default default] No more DHCP agents
2026-08-12 01:47:54.811 8 WARNING neutron.api.rpc.agentnotifiers.dhcp_rpc_agent_api [None req-6ecaa765-13a0-4c9a-9f63-2dacb70da5bd de0afa8329184bf88d89af900e54d0ed 85dd5118655240b7a4b57775c8fad3a7 - - default default] Unable to schedule network 5a25d71d-3bdf-4fbd-a3bd-71e8102bc422: no agents available; will retry on subsequent port and subnet creation events.
2026-08-12 01:47:55.027 7 INFO neutron_taas.services.taas.taas_plugin [None req-ba171add-a340-4299-95a0-7f713ae96d17 80797f38e1064897918dcc6d79bd3f23 d6707f2571ad40899841e1377eb580d6 - - default default] TaaS: Handle Delete Port: 5b3f1d48-e97a-449f-9965-afb30e838002
2026-08-12 01:47:55.031 7 INFO neutron_taas.services.taas.tap_mirror_plugin [None req-ba171add-a340-4299-95a0-7f713ae96d17 80797f38e1064897918dcc6d79bd3f23 d6707f2571ad40899841e1377eb580d6 - - default default] Tap Mirror: Handle Delete Port: 5b3f1d48-e97a-449f-9965-afb30e838002 [pid: 7|app: 0|req: 584/1142] 10.0.0.164 () {34 vars in 789 bytes} [Wed Aug 12 01:47:54 2026] PUT /v2.0/routers/d91984a8-9e33-4352-8695-29b87288f594/remove_router_interface => generated 309 bytes in 656 msecs (HTTP/1.1 200) 4 headers in 157 bytes (1 switches on core 0) /var/lib/openstack/lib/python3.12/site-packages/pycadf/identifier.py:70: UserWarning: Invalid uuid: neutron. To ensure interoperability, identifiers should be a valid uuid. warnings.warn(('Invalid uuid: %s. To ensure interoperability, '
2026-08-12 01:47:55.743 8 INFO neutron.db.ovn_revision_numbers_db [None req-6ecaa765-13a0-4c9a-9f63-2dacb70da5bd de0afa8329184bf88d89af900e54d0ed 85dd5118655240b7a4b57775c8fad3a7 - - default default] Successfully bumped revision number for resource 31413684-8f3a-4a96-9a08-ae268056d9c5 (type: floatingips) to 1
2026-08-12 01:47:55.744 8 INFO neutron.db.l3_db [None req-6ecaa765-13a0-4c9a-9f63-2dacb70da5bd de0afa8329184bf88d89af900e54d0ed 85dd5118655240b7a4b57775c8fad3a7 - - default default] Floating IP 31413684-8f3a-4a96-9a08-ae268056d9c5 associated. External IP: 10.96.250.216, port: 8df20b97-a6c7-4514-a01c-ce3a61c9d906.
2026-08-12 01:47:55.761 7 INFO neutron.db.ovn_revision_numbers_db [None req-5af1643a-7d56-4b3e-8506-019ee13d1af3 72eeaa655551430dbcbfa7dcc026acfc f7676b9e63f343cf893aa6171ce360be - - default default] Successfully bumped revision number for resource b0b49bb1-934c-41b7-8132-513388157ffd (type: security_groups) to 1
2026-08-12 01:47:55.786 7 WARNING neutron.plugins.ml2.drivers.ovn.mech_driver.ovsdb.ovn_client [None req-be80a6fa-7134-428d-845b-6874233ae34a - - - - - -] No hosting information found for port fd520bd8-918a-41ff-8b4a-37afb0efa90d: RuntimeError: No hosting information found for port fd520bd8-918a-41ff-8b4a-37afb0efa90d
