2026-04-12 22:01:47.313 7 INFO placement.requestlog [req-043b10a1-685b-4c7c-be2f-38e13ac48aae req-4f1eeff2-8315-4b16-b46b-40706968c3ef 034e637c025e4e3a8e64dbb7cdee3858 4d4dd06b37a044a89e2d29e1ce602c97 - - 18c5dc2796a1401da3a3dee0747978e9 18c5dc2796a1401da3a3dee0747978e9] 199.204.45.169 "GET /resource_providers/06b58c21-8e9b-4507-99ef-52e6bd282728/allocations" status: 200 len: 253 microversion: 1.0 [pid: 7|app: 0|req: 601/1207] 199.204.45.169 () {32 vars in 857 bytes} [Sun Apr 12 22:01:47 2026] GET /resource_providers/06b58c21-8e9b-4507-99ef-52e6bd282728/allocations => generated 253 bytes in 17 msecs (HTTP/1.1 200) 6 headers in 224 bytes (1 switches on core 0)
2026-04-12 22:01:47.329 8 INFO placement.requestlog [req-043b10a1-685b-4c7c-be2f-38e13ac48aae req-5842720a-a4b5-4194-a5c3-b6e75b6ec022 034e637c025e4e3a8e64dbb7cdee3858 4d4dd06b37a044a89e2d29e1ce602c97 - - 18c5dc2796a1401da3a3dee0747978e9 18c5dc2796a1401da3a3dee0747978e9] 199.204.45.169 "GET /allocations/908679f1-2c99-4c4d-b6a2-aba457e000b0" status: 200 len: 258 microversion: 1.28 [pid: 8|app: 0|req: 607/1208] 199.204.45.169 () {34 vars in 863 bytes} [Sun Apr 12 22:01:47 2026] GET /allocations/908679f1-2c99-4c4d-b6a2-aba457e000b0 => generated 258 bytes in 12 msecs (HTTP/1.1 200) 8 headers in 296 bytes (1 switches on core 0)
2026-04-12 22:01:47.348 7 INFO placement.requestlog [req-043b10a1-685b-4c7c-be2f-38e13ac48aae req-ab27a90b-59cf-4f70-a229-db186df2214d 034e637c025e4e3a8e64dbb7cdee3858 4d4dd06b37a044a89e2d29e1ce602c97 - - 18c5dc2796a1401da3a3dee0747978e9 18c5dc2796a1401da3a3dee0747978e9] 199.204.45.169 "GET /allocations/7f72ea8c-c650-44ff-a366-7bc452b48965" status: 200 len: 258 microversion: 1.28 [pid: 7|app: 0|req: 602/1209] 199.204.45.169 () {34 vars in 863 bytes} [Sun Apr 12 22:01:47 2026] GET /allocations/7f72ea8c-c650-44ff-a366-7bc452b48965 => generated 258 bytes in 13 msecs (HTTP/1.1 200) 8 headers in 296 bytes (1 switches on core 0)
2026-04-12 22:01:49.529 8 INFO placement.requestlog [None req-18f37fd5-f9ce-4d65-8ed3-1edf9b08b6f4 - - - - - -] 10.0.0.51 "GET /" status: 200 len: 136 microversion: 1.0
2026-04-12 22:01:49.530 7 INFO placement.requestlog [None req-f2cca4d8-2802-4b82-8f9e-605a38f57b7b - - - - - -] 10.0.0.51 "GET /" status: 200 len: 136 microversion: 1.0
2026-04-12 22:01:59.529 8 INFO placement.requestlog [None req-3d8bcff1-1678-4a9c-bc69-3d710212d8a9 - - - - - -] 10.0.0.51 "GET /" status: 200 len: 136 microversion: 1.0
2026-04-12 22:01:59.529 7 INFO placement.requestlog [None req-94e7d1e2-53ac-4fdd-be5f-89673d475759 - - - - - -] 10.0.0.51 "GET /" status: 200 len: 136 microversion: 1.0
2026-04-12 22:02:09.529 8 INFO placement.requestlog [None req-cf745e78-7820-4094-ae30-963d3aabd0df - - - - - -] 10.0.0.51 "GET /" status: 200 len: 136 microversion: 1.0
2026-04-12 22:02:09.529 7 INFO placement.requestlog [None req-83eee65f-43b0-4d8d-a5a3-0c1d6da27e7d - - - - - -] 10.0.0.51 "GET /" status: 200 len: 136 microversion: 1.0
2026-04-12 22:02:15.554 8 INFO placement.requestlog [req-7412327d-ec66-43ba-82f6-4937f6bc5f31 req-b2a26f79-d111-4377-9466-e4069f2091dd 034e637c025e4e3a8e64dbb7cdee3858 4d4dd06b37a044a89e2d29e1ce602c97 - - 18c5dc2796a1401da3a3dee0747978e9 18c5dc2796a1401da3a3dee0747978e9] 10.0.0.211 "GET /allocation_candidates?limit=1000&resources=MEMORY_MB%3A2048%2CVCPU%3A2&root_required=%21COMPUTE_STATUS_DISABLED" status: 200 len: 2630 microversion: 1.36 [pid: 8|app: 0|req: 611/1216] 10.0.0.211 () {34 vars in 986 bytes} [Sun Apr 12 22:02:15 2026] GET /allocation_candidates?limit=1000&resources=MEMORY_MB%3A2048%2CVCPU%3A2&root_required=%21COMPUTE_STATUS_DISABLED => generated 2630 bytes in 41 msecs (HTTP/1.1 200) 8 headers in 297 bytes (1 switches on core 0)
2026-04-12 22:02:15.582 7 INFO placement.requestlog [req-7412327d-ec66-43ba-82f6-4937f6bc5f31 req-25fbb37f-b25c-4f87-bdc3-58d58fc96a88 034e637c025e4e3a8e64dbb7cdee3858 4d4dd06b37a044a89e2d29e1ce602c97 - - 18c5dc2796a1401da3a3dee0747978e9 18c5dc2796a1401da3a3dee0747978e9] 10.0.0.211 "GET /allocations/75c6c8e1-2bff-45b1-9b04-992c81fb6340" status: 200 len: 19 microversion: 1.28 [pid: 7|app: 0|req: 606/1217] 10.0.0.211 () {34 vars in 861 bytes} [Sun Apr 12 22:02:15 2026] GET /allocations/75c6c8e1-2bff-45b1-9b04-992c81fb6340 => generated 19 bytes in 10 msecs (HTTP/1.1 200) 8 headers in 295 bytes (1 switches on core 0)
2026-04-12 22:02:15.647 8 INFO placement.requestlog [req-7412327d-ec66-43ba-82f6-4937f6bc5f31 req-f3389001-1d08-4105-9434-6572a122bd1b 034e637c025e4e3a8e64dbb7cdee3858 4d4dd06b37a044a89e2d29e1ce602c97 - - 18c5dc2796a1401da3a3dee0747978e9 18c5dc2796a1401da3a3dee0747978e9] 10.0.0.211 "PUT /allocations/75c6c8e1-2bff-45b1-9b04-992c81fb6340" status: 204 len: 0 microversion: 1.36 [pid: 8|app: 0|req: 612/1218] 10.0.0.211 () {38 vars in 914 bytes} [Sun Apr 12 22:02:15 2026] PUT /allocations/75c6c8e1-2bff-45b1-9b04-992c81fb6340 => generated 0 bytes in 57 msecs (HTTP/1.1 204) 5 headers in 199 bytes (1 switches on core 0)
2026-04-12 22:02:17.169 7 INFO placement.requestlog [req-7412327d-ec66-43ba-82f6-4937f6bc5f31 req-e303c70c-62c6-4026-a08b-810f67f06211 034e637c025e4e3a8e64dbb7cdee3858 4d4dd06b37a044a89e2d29e1ce602c97 - - 18c5dc2796a1401da3a3dee0747978e9 18c5dc2796a1401da3a3dee0747978e9] 199.204.45.169 "GET /allocations/75c6c8e1-2bff-45b1-9b04-992c81fb6340" status: 200 len: 245 microversion: 1.28 [pid: 7|app: 0|req: 607/1219] 199.204.45.169 () {34 vars in 863 bytes} [Sun Apr 12 22:02:17 2026] GET /allocations/75c6c8e1-2bff-45b1-9b04-992c81fb6340 => generated 245 bytes in 13 msecs (HTTP/1.1 200) 8 headers in 296 bytes (1 switches on core 0)
2026-04-12 22:02:18.223 8 INFO placement.requestlog [req-7412327d-ec66-43ba-82f6-4937f6bc5f31 req-bbf92809-f981-4e9d-b836-671b5f1c59ee 034e637c025e4e3a8e64dbb7cdee3858 4d4dd06b37a044a89e2d29e1ce602c97 - - 18c5dc2796a1401da3a3dee0747978e9 18c5dc2796a1401da3a3dee0747978e9] 199.204.45.169 "GET /resource_providers/06b58c21-8e9b-4507-99ef-52e6bd282728/allocations" status: 200 len: 340 microversion: 1.0 [pid: 8|app: 0|req: 613/1220] 199.204.45.169 () {32 vars in 857 bytes} [Sun Apr 12 22:02:18 2026] GET /resource_providers/06b58c21-8e9b-4507-99ef-52e6bd282728/allocations => generated 340 bytes in 24 msecs (HTTP/1.1 200) 6 headers in 224 bytes (1 switches on core 0)
2026-04-12 22:02:18.243 7 INFO placement.requestlog [req-7412327d-ec66-43ba-82f6-4937f6bc5f31 req-6c8563e4-269e-452c-80ab-fa982f9ebc3b 034e637c025e4e3a8e64dbb7cdee3858 4d4dd06b37a044a89e2d29e1ce602c97 - - 18c5dc2796a1401da3a3dee0747978e9 18c5dc2796a1401da3a3dee0747978e9] 199.204.45.169 "GET /allocations/75c6c8e1-2bff-45b1-9b04-992c81fb6340" status: 200 len: 245 microversion: 1.28 [pid: 7|app: 0|req: 608/1221] 199.204.45.169 () {34 vars in 863 bytes} [Sun Apr 12 22:02:18 2026] GET /allocations/75c6c8e1-2bff-45b1-9b04-992c81fb6340 => generated 245 bytes in 11 msecs (HTTP/1.1 200) 8 headers in 296 bytes (1 switches on core 0)
2026-04-12 22:02:18.260 8 INFO placement.requestlog [req-7412327d-ec66-43ba-82f6-4937f6bc5f31 req-66bafba3-7c32-4d10-9975-de87b97a9266 034e637c025e4e3a8e64dbb7cdee3858 4d4dd06b37a044a89e2d29e1ce602c97 - - 18c5dc2796a1401da3a3dee0747978e9 18c5dc2796a1401da3a3dee0747978e9] 199.204.45.169 "GET /allocations/908679f1-2c99-4c4d-b6a2-aba457e000b0" status: 200 len: 258 microversion: 1.28 [pid: 8|app: 0|req: 614/1222] 199.204.45.169 () {34 vars in 863 bytes} [Sun Apr 12 22:02:18 2026] GET /allocations/908679f1-2c99-4c4d-b6a2-aba457e000b0 => generated 258 bytes in 11 msecs (HTTP/1.1 200) 8 headers in 296 bytes (1 switches on core 0)
2026-04-12 22:02:18.278 7 INFO placement.requestlog [req-7412327d-ec66-43ba-82f6-4937f6bc5f31 req-204248d6-a3ca-4ad0-ba9d-bfe7ce5ca569 034e637c025e4e3a8e64dbb7cdee3858 4d4dd06b37a044a89e2d29e1ce602c97 - - 18c5dc2796a1401da3a3dee0747978e9 18c5dc2796a1401da3a3dee0747978e9] 199.204.45.169 "GET /allocations/7f72ea8c-c650-44ff-a366-7bc452b48965" status: 200 len: 258 microversion: 1.28 [pid: 7|app: 0|req: 609/1223] 199.204.45.169 () {34 vars in 863 bytes} [Sun Apr 12 22:02:18 2026] GET /allocations/7f72ea8c-c650-44ff-a366-7bc452b48965 => generated 258 bytes in 13 msecs (HTTP/1.1 200) 8 headers in 296 bytes (1 switches on core 0)
2026-04-12 22:02:19.529 8 INFO placement.requestlog [None req-5aa3005f-e786-471a-8d74-bf11c9bc91cb - - - - - -] 10.0.0.51 "GET /" status: 200 len: 136 microversion: 1.0
2026-04-12 22:02:19.529 7 INFO placement.requestlog [None req-f8712fd1-52b6-4400-8b3a-cc68007e846e - - - - - -] 10.0.0.51 "GET /" status: 200 len: 136 microversion: 1.0
2026-04-12 22:02:29.529 8 INFO placement.requestlog [None req-99b9eb99-0c8f-4104-adc0-ecd4fee97525 - - - - - -] 10.0.0.51 "GET /" status: 200 len: 136 microversion: 1.0
2026-04-12 22:02:29.529 7 INFO placement.requestlog [None req-3958e896-ce06-4e04-8dd2-0cbfb021942f - - - - - -] 10.0.0.51 "GET /" status: 200 len: 136 microversion: 1.0
2026-04-12 22:02:39.528 8 INFO placement.requestlog [None req-d5cd71b4-791e-4f88-91ca-94bc15504531 - - - - - -] 10.0.0.51 "GET /" status: 200 len: 136 microversion: 1.0
2026-04-12 22:02:39.529 7 INFO placement.requestlog [None req-07f2d18b-e0dc-4664-b769-08d76aa19ae1 - - - - - -] 10.0.0.51 "GET /" status: 200 len: 136 microversion: 1.0
2026-04-12 22:02:49.288 8 INFO placement.requestlog [req-11858265-4f0a-47dd-8315-775825ab8602 req-65b2f16b-5d8c-4dde-a029-88a03c890e3c 034e637c025e4e3a8e64dbb7cdee3858 4d4dd06b37a044a89e2d29e1ce602c97 - - 18c5dc2796a1401da3a3dee0747978e9 18c5dc2796a1401da3a3dee0747978e9] 199.204.45.169 "GET /resource_providers/06b58c21-8e9b-4507-99ef-52e6bd282728/allocations" status: 200 len: 340 microversion: 1.0 [pid: 8|app: 0|req: 618/1230] 199.204.45.169 () {32 vars in 857 bytes} [Sun Apr 12 22:02:49 2026] GET /resource_providers/06b58c21-8e9b-4507-99ef-52e6bd282728/allocations => generated 340 bytes in 23 msecs (HTTP/1.1 200) 6 headers in 224 bytes (1 switches on core 0)
2026-04-12 22:02:49.312 7 INFO placement.requestlog [req-11858265-4f0a-47dd-8315-775825ab8602 req-432cc415-bb5e-466c-8793-9ec1c5317dcc 034e637c025e4e3a8e64dbb7cdee3858 4d4dd06b37a044a89e2d29e1ce602c97 - - 18c5dc2796a1401da3a3dee0747978e9 18c5dc2796a1401da3a3dee0747978e9] 199.204.45.169 "GET /resource_providers/06b58c21-8e9b-4507-99ef-52e6bd282728/allocations" status: 200 len: 340 microversion: 1.0 [pid: 7|app: 0|req: 613/1231] 199.204.45.169 () {32 vars in 857 bytes} [Sun Apr 12 22:02:49 2026] GET /resource_providers/06b58c21-8e9b-4507-99ef-52e6bd282728/allocations => generated 340 bytes in 17 msecs (HTTP/1.1 200) 6 headers in 224 bytes (1 switches on core 0)
2026-04-12 22:02:49.336 8 INFO placement.requestlog [req-11858265-4f0a-47dd-8315-775825ab8602 req-3f977531-d6e0-48a2-a3f2-32f8b92f15d5 034e637c025e4e3a8e64dbb7cdee3858 4d4dd06b37a044a89e2d29e1ce602c97 - - 18c5dc2796a1401da3a3dee0747978e9 18c5dc2796a1401da3a3dee0747978e9] 199.204.45.169 "GET /allocations/75c6c8e1-2bff-45b1-9b04-992c81fb6340" status: 200 len: 245 microversion: 1.28 [pid: 8|app: 0|req: 619/1232] 199.204.45.169 () {34 vars in 863 bytes} [Sun Apr 12 22:02:49 2026] GET /allocations/75c6c8e1-2bff-45b1-9b04-992c81fb6340 => generated 245 bytes in 17 msecs (HTTP/1.1 200) 8 headers in 296 bytes (1 switches on core 0)
2026-04-12 22:02:49.356 7 INFO placement.requestlog [req-11858265-4f0a-47dd-8315-775825ab8602 req-a9b5e7e6-47df-46a5-9387-13e1e31a9237 034e637c025e4e3a8e64dbb7cdee3858 4d4dd06b37a044a89e2d29e1ce602c97 - - 18c5dc2796a1401da3a3dee0747978e9 18c5dc2796a1401da3a3dee0747978e9] 199.204.45.169 "GET /allocations/908679f1-2c99-4c4d-b6a2-aba457e000b0" status: 200 len: 258 microversion: 1.28 [pid: 7|app: 0|req: 614/1233] 199.204.45.169 () {34 vars in 863 bytes} [Sun Apr 12 22:02:49 2026] GET /allocations/908679f1-2c99-4c4d-b6a2-aba457e000b0 => generated 258 bytes in 15 msecs (HTTP/1.1 200) 8 headers in 296 bytes (1 switches on core 0)
2026-04-12 22:02:49.377 8 INFO placement.requestlog [req-11858265-4f0a-47dd-8315-775825ab8602 req-464b1793-ecaf-4684-984e-521521e19c72 034e637c025e4e3a8e64dbb7cdee3858 4d4dd06b37a044a89e2d29e1ce602c97 - - 18c5dc2796a1401da3a3dee0747978e9 18c5dc2796a1401da3a3dee0747978e9] 199.204.45.169 "GET /allocations/7f72ea8c-c650-44ff-a366-7bc452b48965" status: 200 len: 258 microversion: 1.28 [pid: 8|app: 0|req: 620/1234] 199.204.45.169 () {34 vars in 863 bytes} [Sun Apr 12 22:02:49 2026] GET /allocations/7f72ea8c-c650-44ff-a366-7bc452b48965 => generated 258 bytes in 14 msecs (HTTP/1.1 200) 8 headers in 296 bytes (1 switches on core 0)
2026-04-12 22:02:49.529 7 INFO placement.requestlog [None req-526619a0-26f3-4ae1-aeea-e5dbe2d66a01 - - - - - -] 10.0.0.51 "GET /" status: 200 len: 136 microversion: 1.0
2026-04-12 22:02:49.529 8 INFO placement.requestlog [None req-012f2217-5eaf-4f38-a773-40e1108a4ec6 - - - - - -] 10.0.0.51 "GET /" status: 200 len: 136 microversion: 1.0
2026-04-12 22:02:59.528 8 INFO placement.requestlog [None req-4619d315-05ef-4cc1-b6f7-098ed752e252 - - - - - -] 10.0.0.51 "GET /" status: 200 len: 136 microversion: 1.0
2026-04-12 22:02:59.529 7 INFO placement.requestlog [None req-6768595a-e9ee-4cda-bb91-a8ccf7ac91ca - - - - - -] 10.0.0.51 "GET /" status: 200 len: 136 microversion: 1.0
2026-04-12 22:03:09.529 7 INFO placement.requestlog [None req-810fe7cb-c33e-4389-8df8-2353a8daebc9 - - - - - -] 10.0.0.51 "GET /" status: 200 len: 136 microversion: 1.0
2026-04-12 22:03:09.529 8 INFO placement.requestlog [None req-f5457e3a-dddd-47a2-8da3-69f858139f3d - - - - - -] 10.0.0.51 "GET /" status: 200 len: 136 microversion: 1.0
2026-04-12 22:03:19.529 8 INFO placement.requestlog [None req-7a816aaa-91b2-4881-8a4c-2204d36b689f - - - - - -] 10.0.0.51 "GET /" status: 200 len: 136 microversion: 1.0
2026-04-12 22:03:19.529 7 INFO placement.requestlog [None req-fdfdcf56-e651-4b48-ab91-bb0e3c0a41e0 - - - - - -] 10.0.0.51 "GET /" status: 200 len: 136 microversion: 1.0
2026-04-12 22:03:29.529 7 INFO placement.requestlog [None req-a29d31c1-9e44-4fd0-bde1-80b7de78268f - - - - - -] 10.0.0.51 "GET /" status: 200 len: 136 microversion: 1.0
2026-04-12 22:03:29.529 8 INFO placement.requestlog [None req-2bb6e29f-a75c-4cba-a3b5-bb0992711ab2 - - - - - -] 10.0.0.51 "GET /" status: 200 len: 136 microversion: 1.0
2026-04-12 22:03:39.529 8 INFO placement.requestlog [None req-4e641f26-8b93-4c54-b97b-27af6ffd44b4 - - - - - -] 10.0.0.51 "GET /" status: 200 len: 136 microversion: 1.0
2026-04-12 22:03:39.529 7 INFO placement.requestlog [None req-676c2466-e7a2-4595-92d4-e6a51a1f7b3a - - - - - -] 10.0.0.51 "GET /" status: 200 len: 136 microversion: 1.0
2026-04-12 22:03:49.528 7 INFO placement.requestlog [None req-fa1daf1e-7a28-4ab2-ae36-d80df5ab0ae8 - - - - - -] 10.0.0.51 "GET /" status: 200 len: 136 microversion: 1.0
2026-04-12 22:03:49.528 8 INFO placement.requestlog [None req-d6b60250-4608-4428-9e3d-f0905384a043 - - - - - -] 10.0.0.51 "GET /" status: 200 len: 136 microversion: 1.0
2026-04-12 22:03:50.370 7 INFO placement.requestlog [req-e4cd3a0b-f005-4695-ab9e-78e5f6f41759 req-772621d7-bf87-4815-8f19-de335ab9a08f 034e637c025e4e3a8e64dbb7cdee3858 4d4dd06b37a044a89e2d29e1ce602c97 - - 18c5dc2796a1401da3a3dee0747978e9 18c5dc2796a1401da3a3dee0747978e9] 199.204.45.169 "GET /resource_providers/06b58c21-8e9b-4507-99ef-52e6bd282728/allocations" status: 200 len: 340 microversion: 1.0 [pid: 7|app: 0|req: 622/1249] 199.204.45.169 () {32 vars in 857 bytes} [Sun Apr 12 22:03:50 2026] GET /resource_providers/06b58c21-8e9b-4507-99ef-52e6bd282728/allocations => generated 340 bytes in 20 msecs (HTTP/1.1 200) 6 headers in 224 bytes (1 switches on core 0)
2026-04-12 22:03:50.400 8 INFO placement.requestlog [req-e4cd3a0b-f005-4695-ab9e-78e5f6f41759 req-ba4bf75e-d70b-49bc-9167-f7c7ae9c4850 034e637c025e4e3a8e64dbb7cdee3858 4d4dd06b37a044a89e2d29e1ce602c97 - - 18c5dc2796a1401da3a3dee0747978e9 18c5dc2796a1401da3a3dee0747978e9] 199.204.45.169 "GET /resource_providers/06b58c21-8e9b-4507-99ef-52e6bd282728/allocations" status: 200 len: 340 microversion: 1.0 [pid: 8|app: 0|req: 628/1250] 199.204.45.169 () {32 vars in 857 bytes} [Sun Apr 12 22:03:50 2026] GET /resource_providers/06b58c21-8e9b-4507-99ef-52e6bd282728/allocations => generated 340 bytes in 24 msecs (HTTP/1.1 200) 6 headers in 224 bytes (1 switches on core 0)
2026-04-12 22:03:50.424 7 INFO placement.requestlog [req-e4cd3a0b-f005-4695-ab9e-78e5f6f41759 req-2bdbb967-9efe-4e0f-906c-98838d25cf37 034e637c025e4e3a8e64dbb7cdee3858 4d4dd06b37a044a89e2d29e1ce602c97 - - 18c5dc2796a1401da3a3dee0747978e9 18c5dc2796a1401da3a3dee0747978e9] 199.204.45.169 "GET /allocations/75c6c8e1-2bff-45b1-9b04-992c81fb6340" status: 200 len: 245 microversion: 1.28 [pid: 7|app: 0|req: 623/1251] 199.204.45.169 () {34 vars in 863 bytes} [Sun Apr 12 22:03:50 2026] GET /allocations/75c6c8e1-2bff-45b1-9b04-992c81fb6340 => generated 245 bytes in 18 msecs (HTTP/1.1 200) 8 headers in 296 bytes (1 switches on core 0)
2026-04-12 22:03:50.444 8 INFO placement.requestlog [req-e4cd3a0b-f005-4695-ab9e-78e5f6f41759 req-62afe251-98fd-48da-90bc-ad6a19a49823 034e637c025e4e3a8e64dbb7cdee3858 4d4dd06b37a044a89e2d29e1ce602c97 - - 18c5dc2796a1401da3a3dee0747978e9 18c5dc2796a1401da3a3dee0747978e9] 199.204.45.169 "GET /allocations/908679f1-2c99-4c4d-b6a2-aba457e000b0" status: 200 len: 258 microversion: 1.28 [pid: 8|app: 0|req: 629/1252] 199.204.45.169 () {34 vars in 863 bytes} [Sun Apr 12 22:03:50 2026] GET /allocations/908679f1-2c99-4c4d-b6a2-aba457e000b0 => generated 258 bytes in 12 msecs (HTTP/1.1 200) 8 headers in 296 bytes (1 switches on core 0)
2026-04-12 22:03:50.466 7 INFO placement.requestlog [req-e4cd3a0b-f005-4695-ab9e-78e5f6f41759 req-8e4b14dc-9c84-4227-acfc-69b1675547ec 034e637c025e4e3a8e64dbb7cdee3858 4d4dd06b37a044a89e2d29e1ce602c97 - - 18c5dc2796a1401da3a3dee0747978e9 18c5dc2796a1401da3a3dee0747978e9] 199.204.45.169 "GET /allocations/7f72ea8c-c650-44ff-a366-7bc452b48965" status: 200 len: 258 microversion: 1.28 [pid: 7|app: 0|req: 624/1253] 199.204.45.169 () {34 vars in 863 bytes} [Sun Apr 12 22:03:50 2026] GET /allocations/7f72ea8c-c650-44ff-a366-7bc452b48965 => generated 258 bytes in 17 msecs (HTTP/1.1 200) 8 headers in 296 bytes (1 switches on core 0)
2026-04-12 22:03:59.528 8 INFO placement.requestlog [None req-15f9c394-acb0-4a24-bffc-0fdc0f440c94 - - - - - -] 10.0.0.51 "GET /" status: 200 len: 136 microversion: 1.0
2026-04-12 22:03:59.528 7 INFO placement.requestlog [None req-fae49043-2274-405b-91e8-a31337d3c478 - - - - - -] 10.0.0.51 "GET /" status: 200 len: 136 microversion: 1.0
2026-04-12 22:04:09.528 8 INFO placement.requestlog [None req-4a72b5aa-8976-4ab5-858a-f776f72cb8b6 - - - - - -] 10.0.0.51 "GET /" status: 200 len: 136 microversion: 1.0
2026-04-12 22:04:09.529 7 INFO placement.requestlog [None req-0810d406-108f-4df4-9b53-8c8129871c87 - - - - - -] 10.0.0.51 "GET /" status: 200 len: 136 microversion: 1.0
2026-04-12 22:04:19.529 8 INFO placement.requestlog [None req-73dbdf99-a56f-46dd-86a7-4967d3c68d58 - - - - - -] 10.0.0.51 "GET /" status: 200 len: 136 microversion: 1.0
2026-04-12 22:04:19.529 7 INFO placement.requestlog [None req-21344833-5840-4ed4-ba9c-cc4e5b4902fe - - - - - -] 10.0.0.51 "GET /" status: 200 len: 136 microversion: 1.0
2026-04-12 22:04:29.529 7 INFO placement.requestlog [None req-ff8a2673-c17e-4874-babc-ffbce77f753a - - - - - -] 10.0.0.51 "GET /" status: 200 len: 136 microversion: 1.0
2026-04-12 22:04:29.529 8 INFO placement.requestlog [None req-e69583e3-df26-4ee9-9f40-58e11407a417 - - - - - -] 10.0.0.51 "GET /" status: 200 len: 136 microversion: 1.0
2026-04-12 22:04:39.528 8 INFO placement.requestlog [None req-2c9525b8-a86c-4c39-b424-abd72b99d89b - - - - - -] 10.0.0.51 "GET /" status: 200 len: 136 microversion: 1.0
2026-04-12 22:04:39.528 7 INFO placement.requestlog [None req-4ba59c80-4eff-4de0-974b-89faf64fed3e - - - - - -] 10.0.0.51 "GET /" status: 200 len: 136 microversion: 1.0
2026-04-12 22:04:49.528 7 INFO placement.requestlog [None req-3a7cc5df-3d2e-4c7b-af3f-398575e31817 - - - - - -] 10.0.0.51 "GET /" status: 200 len: 136 microversion: 1.0
2026-04-12 22:04:49.528 8 INFO placement.requestlog [None req-7bd182c0-2b30-4d4c-8557-3172f36622c2 - - - - - -] 10.0.0.51 "GET /" status: 200 len: 136 microversion: 1.0
2026-04-12 22:04:51.272 7 INFO placement.requestlog [req-58c80073-bd16-4952-a7b1-c4a60934a945 req-e6e7415b-7c67-4fb3-b5bc-952b96bc68a8 034e637c025e4e3a8e64dbb7cdee3858 4d4dd06b37a044a89e2d29e1ce602c97 - - 18c5dc2796a1401da3a3dee0747978e9 18c5dc2796a1401da3a3dee0747978e9] 199.204.45.169 "GET /resource_providers/06b58c21-8e9b-4507-99ef-52e6bd282728/allocations" status: 200 len: 340 microversion: 1.0 [pid: 7|app: 0|req: 631/1266] 199.204.45.169 () {32 vars in 857 bytes} [Sun Apr 12 22:04:51 2026] GET /resource_providers/06b58c21-8e9b-4507-99ef-52e6bd282728/allocations => generated 340 bytes in 76 msecs (HTTP/1.1 200) 6 headers in 224 bytes (1 switches on core 0)
2026-04-12 22:04:51.300 8 INFO placement.requestlog [req-58c80073-bd16-4952-a7b1-c4a60934a945 req-2adff929-e491-4b31-a7a8-f34efcf52ad0 034e637c025e4e3a8e64dbb7cdee3858 4d4dd06b37a044a89e2d29e1ce602c97 - - 18c5dc2796a1401da3a3dee0747978e9 18c5dc2796a1401da3a3dee0747978e9] 199.204.45.169 "GET /resource_providers?in_tree=06b58c21-8e9b-4507-99ef-52e6bd282728" status: 200 len: 798 microversion: 1.14 [pid: 8|app: 0|req: 636/1267] 199.204.45.169 () {34 vars in 892 bytes} [Sun Apr 12 22:04:51 2026] GET /resource_providers?in_tree=06b58c21-8e9b-4507-99ef-52e6bd282728 => generated 798 bytes in 19 msecs (HTTP/1.1 200) 6 headers in 225 bytes (1 switches on core 0)
2026-04-12 22:04:51.327 7 INFO placement.requestlog [req-58c80073-bd16-4952-a7b1-c4a60934a945 req-ab012dd1-5875-4680-a0c5-79a6b77188a6 034e637c025e4e3a8e64dbb7cdee3858 4d4dd06b37a044a89e2d29e1ce602c97 - - 18c5dc2796a1401da3a3dee0747978e9 18c5dc2796a1401da3a3dee0747978e9] 199.204.45.169 "GET /resource_providers/06b58c21-8e9b-4507-99ef-52e6bd282728/inventories" status: 200 len: 401 microversion: 1.0 [pid: 7|app: 0|req: 632/1268] 199.204.45.169 () {32 vars in 857 bytes} [Sun Apr 12 22:04:51 2026] GET /resource_providers/06b58c21-8e9b-4507-99ef-52e6bd282728/inventories => generated 401 bytes in 20 msecs (HTTP/1.1 200) 6 headers in 224 bytes (1 switches on core 0)
2026-04-12 22:04:51.344 8 INFO placement.requestlog [req-58c80073-bd16-4952-a7b1-c4a60934a945 req-9db2f186-f5b2-4884-bcbc-8373daede421 034e637c025e4e3a8e64dbb7cdee3858 4d4dd06b37a044a89e2d29e1ce602c97 - - 18c5dc2796a1401da3a3dee0747978e9 18c5dc2796a1401da3a3dee0747978e9] 199.204.45.169 "GET /resource_providers/06b58c21-8e9b-4507-99ef-52e6bd282728/aggregates" status: 200 len: 54 microversion: 1.19 [pid: 8|app: 0|req: 637/1269] 199.204.45.169 () {34 vars in 899 bytes} [Sun Apr 12 22:04:51 2026] GET /resource_providers/06b58c21-8e9b-4507-99ef-52e6bd282728/aggregates => generated 54 bytes in 13 msecs (HTTP/1.1 200) 8 headers in 295 bytes (1 switches on core 0)
2026-04-12 22:04:51.367 7 INFO placement.requestlog [req-58c80073-bd16-4952-a7b1-c4a60934a945 req-1ff74702-604f-4c74-af5e-b27f9192a069 034e637c025e4e3a8e64dbb7cdee3858 4d4dd06b37a044a89e2d29e1ce602c97 - - 18c5dc2796a1401da3a3dee0747978e9 18c5dc2796a1401da3a3dee0747978e9] 199.204.45.169 "GET /resource_providers/06b58c21-8e9b-4507-99ef-52e6bd282728/traits" status: 200 len: 2176 microversion: 1.6 [pid: 7|app: 0|req: 633/1270] 199.204.45.169 () {34 vars in 890 bytes} [Sun Apr 12 22:04:51 2026] GET /resource_providers/06b58c21-8e9b-4507-99ef-52e6bd282728/traits => generated 2176 bytes in 18 msecs (HTTP/1.1 200) 6 headers in 225 bytes (1 switches on core 0)
2026-04-12 22:04:51.387 8 INFO placement.requestlog [req-58c80073-bd16-4952-a7b1-c4a60934a945 req-b0fb2fa7-7615-4a76-8a29-752d7f1422c1 034e637c025e4e3a8e64dbb7cdee3858 4d4dd06b37a044a89e2d29e1ce602c97 - - 18c5dc2796a1401da3a3dee0747978e9 18c5dc2796a1401da3a3dee0747978e9] 199.204.45.169 "GET /resource_providers/06b58c21-8e9b-4507-99ef-52e6bd282728/allocations" status: 200 len: 340 microversion: 1.0 [pid: 8|app: 0|req: 638/1271] 199.204.45.169 () {32 vars in 857 bytes} [Sun Apr 12 22:04:51 2026] GET /resource_providers/06b58c21-8e9b-4507-99ef-52e6bd282728/allocations => generated 340 bytes in 14 msecs (HTTP/1.1 200) 6 headers in 224 bytes (1 switches on core 0)
2026-04-12 22:04:51.406 7 INFO placement.requestlog [req-58c80073-bd16-4952-a7b1-c4a60934a945 req-0b5e0b19-49fe-4bca-bab7-0a7039fc8891 034e637c025e4e3a8e64dbb7cdee3858 4d4dd06b37a044a89e2d29e1ce602c97 - - 18c5dc2796a1401da3a3dee0747978e9 18c5dc2796a1401da3a3dee0747978e9] 199.204.45.169 "GET /allocations/75c6c8e1-2bff-45b1-9b04-992c81fb6340" status: 200 len: 245 microversion: 1.28 [pid: 7|app: 0|req: 634/1272] 199.204.45.169 () {34 vars in 863 bytes} [Sun Apr 12 22:04:51 2026] GET /allocations/75c6c8e1-2bff-45b1-9b04-992c81fb6340 => generated 245 bytes in 12 msecs (HTTP/1.1 200) 8 headers in 296 bytes (1 switches on core 0)
2026-04-12 22:04:51.423 8 INFO placement.requestlog [req-58c80073-bd16-4952-a7b1-c4a60934a945 req-17ced793-42f8-43d7-b329-396b8d6491aa 034e637c025e4e3a8e64dbb7cdee3858 4d4dd06b37a044a89e2d29e1ce602c97 - - 18c5dc2796a1401da3a3dee0747978e9 18c5dc2796a1401da3a3dee0747978e9] 199.204.45.169 "GET /allocations/908679f1-2c99-4c4d-b6a2-aba457e000b0" status: 200 len: 258 microversion: 1.28 [pid: 8|app: 0|req: 639/1273] 199.204.45.169 () {34 vars in 863 bytes} [Sun Apr 12 22:04:51 2026] GET /allocations/908679f1-2c99-4c4d-b6a2-aba457e000b0 => generated 258 bytes in 11 msecs (HTTP/1.1 200) 8 headers in 296 bytes (1 switches on core 0)
2026-04-12 22:04:51.444 7 INFO placement.requestlog [req-58c80073-bd16-4952-a7b1-c4a60934a945 req-008dd821-eb60-4a22-abb3-278a02e830f2 034e637c025e4e3a8e64dbb7cdee3858 4d4dd06b37a044a89e2d29e1ce602c97 - - 18c5dc2796a1401da3a3dee0747978e9 18c5dc2796a1401da3a3dee0747978e9] 199.204.45.169 "GET /allocations/7f72ea8c-c650-44ff-a366-7bc452b48965" status: 200 len: 258 microversion: 1.28 [pid: 7|app: 0|req: 635/1274] 199.204.45.169 () {34 vars in 863 bytes} [Sun Apr 12 22:04:51 2026] GET /allocations/7f72ea8c-c650-44ff-a366-7bc452b48965 => generated 258 bytes in 13 msecs (HTTP/1.1 200) 8 headers in 296 bytes (1 switches on core 0)
2026-04-12 22:04:59.529 8 INFO placement.requestlog [None req-d9d304b1-1967-4225-9ecb-136aa4a8fb18 - - - - - -] 10.0.0.51 "GET /" status: 200 len: 136 microversion: 1.0
2026-04-12 22:04:59.529 7 INFO placement.requestlog [None req-9f760210-8e6b-4b26-af3c-d5ba336cdb19 - - - - - -] 10.0.0.51 "GET /" status: 200 len: 136 microversion: 1.0
2026-04-12 22:05:01.344 8 INFO placement.requestlog [req-54776b56-f98d-4efa-ba0f-0af1f08883e2 req-ecad47ea-0cda-4ca3-a765-1d6234d0525d 034e637c025e4e3a8e64dbb7cdee3858 4d4dd06b37a044a89e2d29e1ce602c97 - - 18c5dc2796a1401da3a3dee0747978e9 18c5dc2796a1401da3a3dee0747978e9] 199.204.45.169 "GET /resource_providers/06b58c21-8e9b-4507-99ef-52e6bd282728/allocations" status: 200 len: 340 microversion: 1.0 [pid: 8|app: 0|req: 641/1277] 199.204.45.169 () {32 vars in 857 bytes} [Sun Apr 12 22:05:01 2026] GET /resource_providers/06b58c21-8e9b-4507-99ef-52e6bd282728/allocations => generated 340 bytes in 22 msecs (HTTP/1.1 200) 6 headers in 224 bytes (1 switches on core 0)
2026-04-12 22:05:01.365 7 INFO placement.requestlog [req-54776b56-f98d-4efa-ba0f-0af1f08883e2 req-bcf7f600-f080-4bb2-b8ff-54a07eef9ff9 034e637c025e4e3a8e64dbb7cdee3858 4d4dd06b37a044a89e2d29e1ce602c97 - - 18c5dc2796a1401da3a3dee0747978e9 18c5dc2796a1401da3a3dee0747978e9] 199.204.45.169 "GET /allocations/75c6c8e1-2bff-45b1-9b04-992c81fb6340" status: 200 len: 245 microversion: 1.28 [pid: 7|app: 0|req: 637/1278] 199.204.45.169 () {34 vars in 863 bytes} [Sun Apr 12 22:05:01 2026] GET /allocations/75c6c8e1-2bff-45b1-9b04-992c81fb6340 => generated 245 bytes in 10 msecs (HTTP/1.1 200) 8 headers in 296 bytes (1 switches on core 0)
2026-04-12 22:05:01.396 8 INFO placement.requestlog [req-54776b56-f98d-4efa-ba0f-0af1f08883e2 req-5db00e20-35b4-49b8-92af-12b458691000 034e637c025e4e3a8e64dbb7cdee3858 4d4dd06b37a044a89e2d29e1ce602c97 - - 18c5dc2796a1401da3a3dee0747978e9 18c5dc2796a1401da3a3dee0747978e9] 199.204.45.169 "GET /allocations/908679f1-2c99-4c4d-b6a2-aba457e000b0" status: 200 len: 258 microversion: 1.28 [pid: 8|app: 0|req: 642/1279] 199.204.45.169 () {34 vars in 863 bytes} [Sun Apr 12 22:05:01 2026] GET /allocations/908679f1-2c99-4c4d-b6a2-aba457e000b0 => generated 258 bytes in 24 msecs (HTTP/1.1 200) 8 headers in 296 bytes (1 switches on core 0)
2026-04-12 22:05:01.417 7 INFO placement.requestlog [req-54776b56-f98d-4efa-ba0f-0af1f08883e2 req-477fcc2c-c296-4259-8e2e-fa833bdf5680 034e637c025e4e3a8e64dbb7cdee3858 4d4dd06b37a044a89e2d29e1ce602c97 - - 18c5dc2796a1401da3a3dee0747978e9 18c5dc2796a1401da3a3dee0747978e9] 199.204.45.169 "GET /allocations/7f72ea8c-c650-44ff-a366-7bc452b48965" status: 200 len: 258 microversion: 1.28 [pid: 7|app: 0|req: 638/1280] 199.204.45.169 () {34 vars in 863 bytes} [Sun Apr 12 22:05:01 2026] GET /allocations/7f72ea8c-c650-44ff-a366-7bc452b48965 => generated 258 bytes in 14 msecs (HTTP/1.1 200) 8 headers in 296 bytes (1 switches on core 0)
2026-04-12 22:05:02.490 8 INFO placement.requestlog [req-54776b56-f98d-4efa-ba0f-0af1f08883e2 req-7fa99a5a-663b-47df-ac52-7553a9740598 034e637c025e4e3a8e64dbb7cdee3858 4d4dd06b37a044a89e2d29e1ce602c97 - - 18c5dc2796a1401da3a3dee0747978e9 18c5dc2796a1401da3a3dee0747978e9] 199.204.45.169 "DELETE /allocations/75c6c8e1-2bff-45b1-9b04-992c81fb6340" status: 204 len: 0 microversion: 1.0 [pid: 8|app: 0|req: 643/1281] 199.204.45.169 () {34 vars in 841 bytes} [Sun Apr 12 22:05:02 2026] DELETE /allocations/75c6c8e1-2bff-45b1-9b04-992c81fb6340 => generated 0 bytes in 33 msecs (HTTP/1.1 204) 5 headers in 198 bytes (1 switches on core 0)
2026-04-12 22:05:05.720 7 INFO placement.requestlog [req-8dcd9088-ac64-4347-8e27-0bb9b5f2bc0f req-706070c5-b9b7-4afc-bd99-d79b0e56bfd9 034e637c025e4e3a8e64dbb7cdee3858 4d4dd06b37a044a89e2d29e1ce602c97 - - 18c5dc2796a1401da3a3dee0747978e9 18c5dc2796a1401da3a3dee0747978e9] 199.204.45.169 "GET /resource_providers/06b58c21-8e9b-4507-99ef-52e6bd282728/allocations" status: 200 len: 253 microversion: 1.0 [pid: 7|app: 0|req: 639/1282] 199.204.45.169 () {32 vars in 857 bytes} [Sun Apr 12 22:05:05 2026] GET /resource_providers/06b58c21-8e9b-4507-99ef-52e6bd282728/allocations => generated 253 bytes in 65 msecs (HTTP/1.1 200) 6 headers in 224 bytes (1 switches on core 0)
2026-04-12 22:05:05.738 8 INFO placement.requestlog [req-8dcd9088-ac64-4347-8e27-0bb9b5f2bc0f req-446933ef-1567-487e-bfe6-4cdd25a07b8c 034e637c025e4e3a8e64dbb7cdee3858 4d4dd06b37a044a89e2d29e1ce602c97 - - 18c5dc2796a1401da3a3dee0747978e9 18c5dc2796a1401da3a3dee0747978e9] 199.204.45.169 "GET /allocations/908679f1-2c99-4c4d-b6a2-aba457e000b0" status: 200 len: 258 microversion: 1.28 [pid: 8|app: 0|req: 644/1283] 199.204.45.169 () {34 vars in 863 bytes} [Sun Apr 12 22:05:05 2026] GET /allocations/908679f1-2c99-4c4d-b6a2-aba457e000b0 => generated 258 bytes in 11 msecs (HTTP/1.1 200) 8 headers in 296 bytes (1 switches on core 0)
2026-04-12 22:05:05.752 7 INFO placement.requestlog [req-8dcd9088-ac64-4347-8e27-0bb9b5f2bc0f req-c432a314-6d25-46f2-a78c-6cb12d8fc830 034e637c025e4e3a8e64dbb7cdee3858 4d4dd06b37a044a89e2d29e1ce602c97 - - 18c5dc2796a1401da3a3dee0747978e9 18c5dc2796a1401da3a3dee0747978e9] 199.204.45.169 "GET /allocations/7f72ea8c-c650-44ff-a366-7bc452b48965" status: 200 len: 258 microversion: 1.28 [pid: 7|app: 0|req: 640/1284] 199.204.45.169 () {34 vars in 863 bytes} [Sun Apr 12 22:05:05 2026] GET /allocations/7f72ea8c-c650-44ff-a366-7bc452b48965 => generated 258 bytes in 11 msecs (HTTP/1.1 200) 8 headers in 296 bytes (1 switches on core 0)
2026-04-12 22:05:06.811 8 INFO placement.requestlog [req-8dcd9088-ac64-4347-8e27-0bb9b5f2bc0f req-b8b0ae80-1e67-41ec-9421-096664a9d439 034e637c025e4e3a8e64dbb7cdee3858 4d4dd06b37a044a89e2d29e1ce602c97 - - 18c5dc2796a1401da3a3dee0747978e9 18c5dc2796a1401da3a3dee0747978e9] 199.204.45.169 "DELETE /allocations/7f72ea8c-c650-44ff-a366-7bc452b48965" status: 204 len: 0 microversion: 1.0 [pid: 8|app: 0|req: 645/1285] 199.204.45.169 () {34 vars in 841 bytes} [Sun Apr 12 22:05:06 2026] DELETE /allocations/7f72ea8c-c650-44ff-a366-7bc452b48965 => generated 0 bytes in 23 msecs (HTTP/1.1 204) 5 headers in 198 bytes (1 switches on core 0)
2026-04-12 22:05:09.529 7 INFO placement.requestlog [None req-24762dcc-d951-45f9-a7f2-4c064952ec66 - - - - - -] 10.0.0.51 "GET /" status: 200 len: 136 microversion: 1.0
2026-04-12 22:05:09.531 8 INFO placement.requestlog [None req-19bd3499-83b5-46d5-b7cd-0f4489f7ded3 - - - - - -] 10.0.0.51 "GET /" status: 200 len: 136 microversion: 1.0
2026-04-12 22:05:16.988 7 INFO placement.requestlog [req-cbbfd135-83da-4bf6-a714-ba3837751d70 req-f1f744e6-0b7c-42c8-b6ec-8e494c305722 034e637c025e4e3a8e64dbb7cdee3858 4d4dd06b37a044a89e2d29e1ce602c97 - - 18c5dc2796a1401da3a3dee0747978e9 18c5dc2796a1401da3a3dee0747978e9] 199.204.45.169 "GET /resource_providers/06b58c21-8e9b-4507-99ef-52e6bd282728/allocations" status: 200 len: 153 microversion: 1.0 [pid: 7|app: 0|req: 642/1288] 199.204.45.169 () {32 vars in 857 bytes} [Sun Apr 12 22:05:16 2026] GET /resource_providers/06b58c21-8e9b-4507-99ef-52e6bd282728/allocations => generated 153 bytes in 17 msecs (HTTP/1.1 200) 6 headers in 224 bytes (1 switches on core 0)
2026-04-12 22:05:17.010 8 INFO placement.requestlog [req-cbbfd135-83da-4bf6-a714-ba3837751d70 req-d71fc7cc-ee39-45fe-b873-5e6bc9ee1df9 034e637c025e4e3a8e64dbb7cdee3858 4d4dd06b37a044a89e2d29e1ce602c97 - - 18c5dc2796a1401da3a3dee0747978e9 18c5dc2796a1401da3a3dee0747978e9] 199.204.45.169 "GET /allocations/908679f1-2c99-4c4d-b6a2-aba457e000b0" status: 200 len: 258 microversion: 1.28 [pid: 8|app: 0|req: 647/1289] 199.204.45.169 () {34 vars in 863 bytes} [Sun Apr 12 22:05:16 2026] GET /allocations/908679f1-2c99-4c4d-b6a2-aba457e000b0 => generated 258 bytes in 14 msecs (HTTP/1.1 200) 8 headers in 296 bytes (1 switches on core 0)
2026-04-12 22:05:18.058 7 INFO placement.requestlog [req-cbbfd135-83da-4bf6-a714-ba3837751d70 req-eba7d55e-30a2-49f3-a5a7-49a9a8559652 034e637c025e4e3a8e64dbb7cdee3858 4d4dd06b37a044a89e2d29e1ce602c97 - - 18c5dc2796a1401da3a3dee0747978e9 18c5dc2796a1401da3a3dee0747978e9] 199.204.45.169 "DELETE /allocations/908679f1-2c99-4c4d-b6a2-aba457e000b0" status: 204 len: 0 microversion: 1.0 [pid: 7|app: 0|req: 643/1290] 199.204.45.169 () {34 vars in 841 bytes} [Sun Apr 12 22:05:18 2026] DELETE /allocations/908679f1-2c99-4c4d-b6a2-aba457e000b0 => generated 0 bytes in 24 msecs (HTTP/1.1 204) 5 headers in 198 bytes (1 switches on core 0)
2026-04-12 22:05:19.529 7 INFO placement.requestlog [None req-a8974518-6df2-49d9-b04e-c7442dffbcb7 - - - - - -] 10.0.0.51 "GET /" status: 200 len: 136 microversion: 1.0
2026-04-12 22:05:19.529 8 INFO placement.requestlog [None req-efdc5949-c21b-46f1-ba6c-5745a25252e9 - - - - - -] 10.0.0.51 "GET /" status: 200 len: 136 microversion: 1.0
2026-04-12 22:05:28.351 7 INFO placement.requestlog [None req-52e1c88b-410d-43ad-8ea8-78dfd9a60250 50c8a08661f344b7994c07d6237c0bb2 4d4dd06b37a044a89e2d29e1ce602c97 - - 18c5dc2796a1401da3a3dee0747978e9 18c5dc2796a1401da3a3dee0747978e9] 10.0.0.93 "GET /resource_providers/41fe3d38-9771-4576-92a5-28b0afa4aa8c/aggregates" status: 404 len: 235 microversion: 1.1 [pid: 7|app: 0|req: 645/1293] 10.0.0.93 () {32 vars in 815 bytes} [Sun Apr 12 22:05:28 2026] GET /resource_providers/41fe3d38-9771-4576-92a5-28b0afa4aa8c/aggregates => generated 235 bytes in 55 msecs (HTTP/1.1 404) 5 headers in 202 bytes (1 switches on core 0)
2026-04-12 22:05:28.354 8 INFO placement.requestlog [None req-e2d3d0e9-cabd-4dae-8e42-2ac0bb1232b8 50c8a08661f344b7994c07d6237c0bb2 4d4dd06b37a044a89e2d29e1ce602c97 - - 18c5dc2796a1401da3a3dee0747978e9 18c5dc2796a1401da3a3dee0747978e9] 10.0.0.93 "GET /resource_providers/41fe3d38-9771-4576-92a5-28b0afa4aa8c/aggregates" status: 404 len: 235 microversion: 1.1 [pid: 8|app: 0|req: 649/1294] 10.0.0.93 () {32 vars in 815 bytes} [Sun Apr 12 22:05:28 2026] GET /resource_providers/41fe3d38-9771-4576-92a5-28b0afa4aa8c/aggregates => generated 235 bytes in 57 msecs (HTTP/1.1 404) 5 headers in 202 bytes (1 switches on core 0)
2026-04-12 22:05:28.368 7 INFO placement.requestlog [None req-ecf20440-48f4-420d-9416-ce4dfda08bb3 50c8a08661f344b7994c07d6237c0bb2 4d4dd06b37a044a89e2d29e1ce602c97 - - 18c5dc2796a1401da3a3dee0747978e9 18c5dc2796a1401da3a3dee0747978e9] 10.0.0.93 "DELETE /resource_providers/41fe3d38-9771-4576-92a5-28b0afa4aa8c" status: 404 len: 246 microversion: 1.1 [pid: 7|app: 0|req: 646/1295] 10.0.0.93 () {34 vars in 815 bytes} [Sun Apr 12 22:05:28 2026] DELETE /resource_providers/41fe3d38-9771-4576-92a5-28b0afa4aa8c => generated 246 bytes in 8 msecs (HTTP/1.1 404) 6 headers in 231 bytes (1 switches on core 0)
2026-04-12 22:05:28.376 8 INFO placement.requestlog [None req-964b5d0f-403d-40d2-b960-6b2f2265eb4b 50c8a08661f344b7994c07d6237c0bb2 4d4dd06b37a044a89e2d29e1ce602c97 - - 18c5dc2796a1401da3a3dee0747978e9 18c5dc2796a1401da3a3dee0747978e9] 10.0.0.93 "DELETE /resource_providers/41fe3d38-9771-4576-92a5-28b0afa4aa8c" status: 404 len: 246 microversion: 1.1 [pid: 8|app: 0|req: 650/1296] 10.0.0.93 () {34 vars in 815 bytes} [Sun Apr 12 22:05:28 2026] DELETE /resource_providers/41fe3d38-9771-4576-92a5-28b0afa4aa8c => generated 246 bytes in 13 msecs (HTTP/1.1 404) 6 headers in 231 bytes (1 switches on core 0)
2026-04-12 22:05:29.528 7 INFO placement.requestlog [None req-69e2cd9a-17e6-443c-a390-dd2843edee4c - - - - - -] 10.0.0.51 "GET /" status: 200 len: 136 microversion: 1.0
2026-04-12 22:05:29.528 8 INFO placement.requestlog [None req-da958dcf-4e4c-4a60-b5b6-371342fee927 - - - - - -] 10.0.0.51 "GET /" status: 200 len: 136 microversion: 1.0
2026-04-12 22:05:30.393 7 INFO placement.requestlog [None req-7b96b65d-f597-4b30-b60b-f127a4ae5e3a 50c8a08661f344b7994c07d6237c0bb2 4d4dd06b37a044a89e2d29e1ce602c97 - - 18c5dc2796a1401da3a3dee0747978e9 18c5dc2796a1401da3a3dee0747978e9] 10.0.0.93 "GET /resource_providers/30251206-61db-4aa7-9a12-95db3d1ffd0a/aggregates" status: 404 len: 235 microversion: 1.1 [pid: 7|app: 0|req: 648/1299] 10.0.0.93 () {32 vars in 815 bytes} [Sun Apr 12 22:05:30 2026] GET /resource_providers/30251206-61db-4aa7-9a12-95db3d1ffd0a/aggregates => generated 235 bytes in 14 msecs (HTTP/1.1 404) 5 headers in 202 bytes (1 switches on core 0)
2026-04-12 22:05:30.399 8 INFO placement.requestlog [None req-ec9eb1af-ccd6-47b3-b703-5b0f5c13ffcb 50c8a08661f344b7994c07d6237c0bb2 4d4dd06b37a044a89e2d29e1ce602c97 - - 18c5dc2796a1401da3a3dee0747978e9 18c5dc2796a1401da3a3dee0747978e9] 10.0.0.93 "GET /resource_providers/30251206-61db-4aa7-9a12-95db3d1ffd0a/aggregates" status: 404 len: 235 microversion: 1.1 [pid: 8|app: 0|req: 652/1300] 10.0.0.93 () {32 vars in 815 bytes} [Sun Apr 12 22:05:30 2026] GET /resource_providers/30251206-61db-4aa7-9a12-95db3d1ffd0a/aggregates => generated 235 bytes in 10 msecs (HTTP/1.1 404) 5 headers in 202 bytes (1 switches on core 0)
2026-04-12 22:05:30.416 7 INFO placement.requestlog [None req-ff8f8f67-32f1-45e7-872c-43a855945a2b 50c8a08661f344b7994c07d6237c0bb2 4d4dd06b37a044a89e2d29e1ce602c97 - - 18c5dc2796a1401da3a3dee0747978e9 18c5dc2796a1401da3a3dee0747978e9] 10.0.0.93 "DELETE /resource_providers/30251206-61db-4aa7-9a12-95db3d1ffd0a" status: 404 len: 246 microversion: 1.1 [pid: 7|app: 0|req: 649/1301] 10.0.0.93 () {34 vars in 815 bytes} [Sun Apr 12 22:05:30 2026] DELETE /resource_providers/30251206-61db-4aa7-9a12-95db3d1ffd0a => generated 246 bytes in 10 msecs (HTTP/1.1 404) 6 headers in 231 bytes (1 switches on core 0)
2026-04-12 22:05:30.423 8 INFO placement.requestlog [None req-ef455d54-adb9-4e85-95c1-8390eb21bdaf 50c8a08661f344b7994c07d6237c0bb2 4d4dd06b37a044a89e2d29e1ce602c97 - - 18c5dc2796a1401da3a3dee0747978e9 18c5dc2796a1401da3a3dee0747978e9] 10.0.0.93 "DELETE /resource_providers/30251206-61db-4aa7-9a12-95db3d1ffd0a" status: 404 len: 246 microversion: 1.1 [pid: 8|app: 0|req: 653/1302] 10.0.0.93 () {34 vars in 815 bytes} [Sun Apr 12 22:05:30 2026] DELETE /resource_providers/30251206-61db-4aa7-9a12-95db3d1ffd0a => generated 246 bytes in 13 msecs (HTTP/1.1 404) 6 headers in 231 bytes (1 switches on core 0)
2026-04-12 22:05:30.438 7 INFO placement.requestlog [None req-817261bd-958c-4fdd-9a26-c5111fc6879d 50c8a08661f344b7994c07d6237c0bb2 4d4dd06b37a044a89e2d29e1ce602c97 - - 18c5dc2796a1401da3a3dee0747978e9 18c5dc2796a1401da3a3dee0747978e9] 10.0.0.93 "GET /resource_providers/cbc219f4-c6c4-433b-8311-e052b634f228/aggregates" status: 404 len: 235 microversion: 1.1 [pid: 7|app: 0|req: 650/1303] 10.0.0.93 () {32 vars in 815 bytes} [Sun Apr 12 22:05:30 2026] GET /resource_providers/cbc219f4-c6c4-433b-8311-e052b634f228/aggregates => generated 235 bytes in 8 msecs (HTTP/1.1 404) 5 headers in 202 bytes (1 switches on core 0)
2026-04-12 22:05:30.449 8 INFO placement.requestlog [None req-c3b2d1e1-6335-4bcc-8235-cb7cb71d04be 50c8a08661f344b7994c07d6237c0bb2 4d4dd06b37a044a89e2d29e1ce602c97 - - 18c5dc2796a1401da3a3dee0747978e9 18c5dc2796a1401da3a3dee0747978e9] 10.0.0.93 "GET /resource_providers/cbc219f4-c6c4-433b-8311-e052b634f228/aggregates" status: 404 len: 235 microversion: 1.1 [pid: 8|app: 0|req: 654/1304] 10.0.0.93 () {32 vars in 815 bytes} [Sun Apr 12 22:05:30 2026] GET /resource_providers/cbc219f4-c6c4-433b-8311-e052b634f228/aggregates => generated 235 bytes in 12 msecs (HTTP/1.1 404) 5 headers in 202 bytes (1 switches on core 0)
2026-04-12 22:05:30.453 7 INFO placement.requestlog [None req-4aa87c0c-6c03-466a-a6cb-415b1ad7e560 50c8a08661f344b7994c07d6237c0bb2 4d4dd06b37a044a89e2d29e1ce602c97 - - 18c5dc2796a1401da3a3dee0747978e9 18c5dc2796a1401da3a3dee0747978e9] 10.0.0.93 "DELETE /resource_providers/cbc219f4-c6c4-433b-8311-e052b634f228" status: 404 len: 246 microversion: 1.1 [pid: 7|app: 0|req: 651/1305] 10.0.0.93 () {34 vars in 815 bytes} [Sun Apr 12 22:05:30 2026] DELETE /resource_providers/cbc219f4-c6c4-433b-8311-e052b634f228 => generated 246 bytes in 7 msecs (HTTP/1.1 404) 6 headers in 231 bytes (1 switches on core 0)
2026-04-12 22:05:30.472 8 INFO placement.requestlog [None req-4a184bc9-97f0-4c63-8b71-af76a626eaf6 50c8a08661f344b7994c07d6237c0bb2 4d4dd06b37a044a89e2d29e1ce602c97 - - 18c5dc2796a1401da3a3dee0747978e9 18c5dc2796a1401da3a3dee0747978e9] 10.0.0.93 "DELETE /resource_providers/cbc219f4-c6c4-433b-8311-e052b634f228" status: 404 len: 246 microversion: 1.1 [pid: 8|app: 0|req: 655/1306] 10.0.0.93 () {34 vars in 815 bytes} [Sun Apr 12 22:05:30 2026] DELETE /resource_providers/cbc219f4-c6c4-433b-8311-e052b634f228 => generated 246 bytes in 12 msecs (HTTP/1.1 404) 6 headers in 231 bytes (1 switches on core 0)
2026-04-12 22:05:32.480 7 INFO placement.requestlog [None req-9c0dcc5a-5496-4f5b-aa0f-248eaba03b7b 50c8a08661f344b7994c07d6237c0bb2 4d4dd06b37a044a89e2d29e1ce602c97 - - 18c5dc2796a1401da3a3dee0747978e9 18c5dc2796a1401da3a3dee0747978e9] 10.0.0.93 "GET /resource_providers/b6ca5f37-0796-4ab0-bda1-30e12f6a0da1/aggregates" status: 404 len: 235 microversion: 1.1 [pid: 7|app: 0|req: 652/1307] 10.0.0.93 () {32 vars in 815 bytes} [Sun Apr 12 22:05:32 2026] GET /resource_providers/b6ca5f37-0796-4ab0-bda1-30e12f6a0da1/aggregates => generated 235 bytes in 12 msecs (HTTP/1.1 404) 5 headers in 202 bytes (1 switches on core 0)
2026-04-12 22:05:32.495 7 INFO placement.requestlog [None req-573ab736-b8a0-4329-af19-0ea77ff6916c 50c8a08661f344b7994c07d6237c0bb2 4d4dd06b37a044a89e2d29e1ce602c97 - - 18c5dc2796a1401da3a3dee0747978e9 18c5dc2796a1401da3a3dee0747978e9] 10.0.0.93 "GET /resource_providers/b6ca5f37-0796-4ab0-bda1-30e12f6a0da1/aggregates" status: 404 len: 235 microversion: 1.1 [pid: 7|app: 0|req: 653/1308] 10.0.0.93 () {32 vars in 815 bytes} [Sun Apr 12 22:05:32 2026] GET /resource_providers/b6ca5f37-0796-4ab0-bda1-30e12f6a0da1/aggregates => generated 235 bytes in 8 msecs (HTTP/1.1 404) 5 headers in 202 bytes (1 switches on core 0)
2026-04-12 22:05:32.501 8 INFO placement.requestlog [None req-5d6af43c-a7a0-4536-88bf-94bab490cca4 50c8a08661f344b7994c07d6237c0bb2 4d4dd06b37a044a89e2d29e1ce602c97 - - 18c5dc2796a1401da3a3dee0747978e9 18c5dc2796a1401da3a3dee0747978e9] 10.0.0.93 "DELETE /resource_providers/b6ca5f37-0796-4ab0-bda1-30e12f6a0da1" status: 404 len: 246 microversion: 1.1 [pid: 8|app: 0|req: 656/1309] 10.0.0.93 () {34 vars in 815 bytes} [Sun Apr 12 22:05:32 2026] DELETE /resource_providers/b6ca5f37-0796-4ab0-bda1-30e12f6a0da1 => generated 246 bytes in 13 msecs (HTTP/1.1 404) 6 headers in 231 bytes (1 switches on core 0)
2026-04-12 22:05:32.507 7 INFO placement.requestlog [None req-50025b77-bd5e-4c0a-89e4-58a2aa1a5715 50c8a08661f344b7994c07d6237c0bb2 4d4dd06b37a044a89e2d29e1ce602c97 - - 18c5dc2796a1401da3a3dee0747978e9 18c5dc2796a1401da3a3dee0747978e9] 10.0.0.93 "DELETE /resource_providers/b6ca5f37-0796-4ab0-bda1-30e12f6a0da1" status: 404 len: 246 microversion: 1.1 [pid: 7|app: 0|req: 654/1310] 10.0.0.93 () {34 vars in 815 bytes} [Sun Apr 12 22:05:32 2026] DELETE /resource_providers/b6ca5f37-0796-4ab0-bda1-30e12f6a0da1 => generated 246 bytes in 6 msecs (HTTP/1.1 404) 6 headers in 231 bytes (1 switches on core 0)
2026-04-12 22:05:39.529 7 INFO placement.requestlog [None req-b0a54275-c7bc-4b39-9392-a146aa106fbc - - - - - -] 10.0.0.51 "GET /" status: 200 len: 136 microversion: 1.0
2026-04-12 22:05:39.529 8 INFO placement.requestlog [None req-3aa399bd-2c4b-46e4-a843-12e372690c63 - - - - - -] 10.0.0.51 "GET /" status: 200 len: 136 microversion: 1.0
2026-04-12 22:05:49.528 8 INFO placement.requestlog [None req-df1f8eb4-42ed-494c-9c7a-3e2cec9471e8 - - - - - -] 10.0.0.51 "GET /" status: 200 len: 136 microversion: 1.0
2026-04-12 22:05:49.529 7 INFO placement.requestlog [None req-c34c460c-c878-499e-8177-71a947a37e5c - - - - - -] 10.0.0.51 "GET /" status: 200 len: 136 microversion: 1.0
2026-04-12 22:05:51.908 8 INFO placement.requestlog [req-ab8add38-ad11-4884-bf6c-84550491048d req-23a02d09-d19d-46d3-a17f-70bf07fe950f 034e637c025e4e3a8e64dbb7cdee3858 4d4dd06b37a044a89e2d29e1ce602c97 - - 18c5dc2796a1401da3a3dee0747978e9 18c5dc2796a1401da3a3dee0747978e9] 199.204.45.169 "GET /resource_providers/06b58c21-8e9b-4507-99ef-52e6bd282728/allocations" status: 200 len: 55 microversion: 1.0 [pid: 8|app: 0|req: 659/1315] 199.204.45.169 () {32 vars in 857 bytes} [Sun Apr 12 22:05:51 2026] GET /resource_providers/06b58c21-8e9b-4507-99ef-52e6bd282728/allocations => generated 55 bytes in 44 msecs (HTTP/1.1 200) 6 headers in 223 bytes (1 switches on core 0)
2026-04-12 22:05:51.926 7 INFO placement.requestlog [req-ab8add38-ad11-4884-bf6c-84550491048d req-8ad3cee6-10a7-412e-a604-f41f8e2dffa4 034e637c025e4e3a8e64dbb7cdee3858 4d4dd06b37a044a89e2d29e1ce602c97 - - 18c5dc2796a1401da3a3dee0747978e9 18c5dc2796a1401da3a3dee0747978e9] 199.204.45.169 "GET /resource_providers/06b58c21-8e9b-4507-99ef-52e6bd282728/allocations" status: 200 len: 55 microversion: 1.0 [pid: 7|app: 0|req: 657/1316] 199.204.45.169 () {32 vars in 857 bytes} [Sun Apr 12 22:05:51 2026] GET /resource_providers/06b58c21-8e9b-4507-99ef-52e6bd282728/allocations => generated 55 bytes in 13 msecs (HTTP/1.1 200) 6 headers in 223 bytes (1 switches on core 0)
2026-04-12 22:05:59.529 8 INFO placement.requestlog [None req-e71313d6-0152-4173-9955-dccd200b3e82 - - - - - -] 10.0.0.51 "GET /" status: 200 len: 136 microversion: 1.0
2026-04-12 22:05:59.529 7 INFO placement.requestlog [None req-6b08db8a-8d5e-4958-93a2-de998f01b3fd - - - - - -] 10.0.0.51 "GET /" status: 200 len: 136 microversion: 1.0
2026-04-12 22:06:09.528 8 INFO placement.requestlog [None req-75ebe908-cb80-4c86-98e0-e1ba0c74e268 - - - - - -] 10.0.0.51 "GET /" status: 200 len: 136 microversion: 1.0
2026-04-12 22:06:09.529 7 INFO placement.requestlog [None req-7b4ff4ba-6a0e-4c7b-adf4-b75f2a109630 - - - - - -] 10.0.0.51 "GET /" status: 200 len: 136 microversion: 1.0
2026-04-12 22:06:19.529 8 INFO placement.requestlog [None req-a9908472-a376-47c9-aa72-08baf6a89b38 - - - - - -] 10.0.0.51 "GET /" status: 200 len: 136 microversion: 1.0
2026-04-12 22:06:19.529 7 INFO placement.requestlog [None req-1dc6e7ba-d140-4770-86a0-b5ae15138727 - - - - - -] 10.0.0.51 "GET /" status: 200 len: 136 microversion: 1.0
2026-04-12 22:06:29.530 7 INFO placement.requestlog [None req-5dab2eb6-0b33-4fdb-a467-7e5685840d1e - - - - - -] 10.0.0.51 "GET /" status: 200 len: 136 microversion: 1.0
2026-04-12 22:06:29.530 8 INFO placement.requestlog [None req-78ba5548-29e4-4572-a6b6-d9f01a094c91 - - - - - -] 10.0.0.51 "GET /" status: 200 len: 136 microversion: 1.0
2026-04-12 22:06:39.530 8 INFO placement.requestlog [None req-9e22aae0-51ce-498d-bb98-3fa3aac2d420 - - - - - -] 10.0.0.51 "GET /" status: 200 len: 136 microversion: 1.0
2026-04-12 22:06:39.530 7 INFO placement.requestlog [None req-fe2fbef3-8b24-4c33-a154-63ce2ac41492 - - - - - -] 10.0.0.51 "GET /" status: 200 len: 136 microversion: 1.0
2026-04-12 22:06:49.529 8 INFO placement.requestlog [None req-5bfb62e7-5d21-454e-b1a5-5145b3cecec2 - - - - - -] 10.0.0.51 "GET /" status: 200 len: 136 microversion: 1.0
2026-04-12 22:06:49.529 7 INFO placement.requestlog [None req-800ae12a-dc4c-45f9-a71e-e390497f036e - - - - - -] 10.0.0.51 "GET /" status: 200 len: 136 microversion: 1.0
2026-04-12 22:06:52.001 8 INFO placement.requestlog [req-ac26ad8e-8e54-4568-8794-b00f3c740bcf req-25e542fb-3ded-48a7-9b63-6ed1e4aaa2c2 034e637c025e4e3a8e64dbb7cdee3858 4d4dd06b37a044a89e2d29e1ce602c97 - - 18c5dc2796a1401da3a3dee0747978e9 18c5dc2796a1401da3a3dee0747978e9] 199.204.45.169 "GET /resource_providers/06b58c21-8e9b-4507-99ef-52e6bd282728/allocations" status: 200 len: 55 microversion: 1.0 [pid: 8|app: 0|req: 666/1329] 199.204.45.169 () {32 vars in 857 bytes} [Sun Apr 12 22:06:51 2026] GET /resource_providers/06b58c21-8e9b-4507-99ef-52e6bd282728/allocations => generated 55 bytes in 16 msecs (HTTP/1.1 200) 6 headers in 223 bytes (1 switches on core 0)
