+ COMMAND=start + start + for KEYSTONE_WSGI_SCRIPT in keystone-wsgi-public ++ type -p keystone-wsgi-public + cp -a /var/lib/openstack/bin/keystone-wsgi-public /var/www/cgi-bin/keystone/ + '[' -f /etc/apache2/envvars ']' + source /etc/apache2/envvars ++ unset HOME ++ '[' '' '!=' '' ']' ++ SUFFIX= ++ export APACHE_RUN_USER=www-data ++ APACHE_RUN_USER=www-data ++ export APACHE_RUN_GROUP=www-data ++ APACHE_RUN_GROUP=www-data ++ export APACHE_PID_FILE=/var/run/apache2/apache2.pid ++ APACHE_PID_FILE=/var/run/apache2/apache2.pid ++ export APACHE_RUN_DIR=/var/run/apache2 ++ APACHE_RUN_DIR=/var/run/apache2 ++ export APACHE_LOCK_DIR=/var/lock/apache2 ++ APACHE_LOCK_DIR=/var/lock/apache2 ++ export APACHE_LOG_DIR=/var/log/apache2 ++ APACHE_LOG_DIR=/var/log/apache2 ++ export LANG=C ++ LANG=C ++ export LANG + '[' -f /var/run/apache2/apache2.pid ']' + exec apache2 -DFOREGROUND AH00558: apache2: Could not reliably determine the server's fully qualified domain name, using 10.0.0.188. Set the 'ServerName' directive globally to suppress this message AH00558: apache2: Could not reliably determine the server's fully qualified domain name, using 10.0.0.188. Set the 'ServerName' directive globally to suppress this message
[Thu May 14 09:44:24.327289 2026] [mpm_event:notice] [pid 1:tid 139843295258496] AH00489: Apache/2.4.58 (Ubuntu) mod_wsgi/5.0.0 Python/3.12 configured -- resuming normal operations
[Thu May 14 09:44:24.327450 2026] [core:notice] [pid 1:tid 139843295258496] AH00094: Command line: 'apache2 -D FOREGROUND'
[Thu May 14 09:45:23.267140 2026] [wsgi:error] [pid 10:tid 139842658485952] /var/lib/openstack/lib/python3.12/site-packages/oslo_utils/importutils.py:77: EventletDeprecationWarning:
[Thu May 14 09:45:23.267179 2026] [wsgi:error] [pid 10:tid 139842658485952] Eventlet is deprecated. It is currently being maintained in bugfix mode, and
[Thu May 14 09:45:23.267181 2026] [wsgi:error] [pid 10:tid 139842658485952] we strongly recommend against using it for new projects.
[Thu May 14 09:45:23.267182 2026] [wsgi:error] [pid 10:tid 139842658485952]
[Thu May 14 09:45:23.267183 2026] [wsgi:error] [pid 10:tid 139842658485952] If you are already using Eventlet, we recommend migrating to a different
[Thu May 14 09:45:23.267184 2026] [wsgi:error] [pid 10:tid 139842658485952] framework. For more detail see
[Thu May 14 09:45:23.267186 2026] [wsgi:error] [pid 10:tid 139842658485952] https://eventlet.readthedocs.io/en/latest/asyncio/migration.html
[Thu May 14 09:45:23.267187 2026] [wsgi:error] [pid 10:tid 139842658485952]
[Thu May 14 09:45:23.267188 2026] [wsgi:error] [pid 10:tid 139842658485952] __import__(import_str)
[Thu May 14 09:45:23.271313 2026] [wsgi:error] [pid 11:tid 139842658485952] /var/lib/openstack/lib/python3.12/site-packages/oslo_utils/importutils.py:77: EventletDeprecationWarning:
[Thu May 14 09:45:23.271352 2026] [wsgi:error] [pid 11:tid 139842658485952] Eventlet is deprecated. It is currently being maintained in bugfix mode, and
[Thu May 14 09:45:23.271353 2026] [wsgi:error] [pid 11:tid 139842658485952] we strongly recommend against using it for new projects.
[Thu May 14 09:45:23.271355 2026] [wsgi:error] [pid 11:tid 139842658485952]
[Thu May 14 09:45:23.271356 2026] [wsgi:error] [pid 11:tid 139842658485952] If you are already using Eventlet, we recommend migrating to a different
[Thu May 14 09:45:23.271357 2026] [wsgi:error] [pid 11:tid 139842658485952] framework. For more detail see
[Thu May 14 09:45:23.271358 2026] [wsgi:error] [pid 11:tid 139842658485952] https://eventlet.readthedocs.io/en/latest/asyncio/migration.html
[Thu May 14 09:45:23.271359 2026] [wsgi:error] [pid 11:tid 139842658485952]
[Thu May 14 09:45:23.271360 2026] [wsgi:error] [pid 11:tid 139842658485952] __import__(import_str) 10.0.0.52 - - [14/May/2026:09:45:22 +0000] "GET /v3/ HTTP/1.1" 200 250 10.0.0.52 - - [14/May/2026:09:45:22 +0000] "GET /v3/ HTTP/1.1" 200 250
[Thu May 14 09:45:28.525934 2026] [wsgi:error] [pid 9:tid 139842658485952] /var/lib/openstack/lib/python3.12/site-packages/oslo_utils/importutils.py:77: EventletDeprecationWarning:
[Thu May 14 09:45:28.525973 2026] [wsgi:error] [pid 9:tid 139842658485952] Eventlet is deprecated. It is currently being maintained in bugfix mode, and
[Thu May 14 09:45:28.525975 2026] [wsgi:error] [pid 9:tid 139842658485952] we strongly recommend against using it for new projects.
[Thu May 14 09:45:28.525976 2026] [wsgi:error] [pid 9:tid 139842658485952]
[Thu May 14 09:45:28.525977 2026] [wsgi:error] [pid 9:tid 139842658485952] If you are already using Eventlet, we recommend migrating to a different
[Thu May 14 09:45:28.525978 2026] [wsgi:error] [pid 9:tid 139842658485952] framework. For more detail see
[Thu May 14 09:45:28.525980 2026] [wsgi:error] [pid 9:tid 139842658485952] https://eventlet.readthedocs.io/en/latest/asyncio/migration.html
[Thu May 14 09:45:28.525981 2026] [wsgi:error] [pid 9:tid 139842658485952]
[Thu May 14 09:45:28.525982 2026] [wsgi:error] [pid 9:tid 139842658485952] __import__(import_str) 10.0.0.52 - - [14/May/2026:09:45:27 +0000] "GET /v3/ HTTP/1.1" 200 250
[Thu May 14 09:45:34.864071 2026] [wsgi:error] [pid 12:tid 139842658485952] /var/lib/openstack/lib/python3.12/site-packages/oslo_utils/importutils.py:77: EventletDeprecationWarning:
[Thu May 14 09:45:34.864104 2026] [wsgi:error] [pid 12:tid 139842658485952] Eventlet is deprecated. It is currently being maintained in bugfix mode, and
[Thu May 14 09:45:34.864105 2026] [wsgi:error] [pid 12:tid 139842658485952] we strongly recommend against using it for new projects.
[Thu May 14 09:45:34.864107 2026] [wsgi:error] [pid 12:tid 139842658485952]
[Thu May 14 09:45:34.864108 2026] [wsgi:error] [pid 12:tid 139842658485952] If you are already using Eventlet, we recommend migrating to a different
[Thu May 14 09:45:34.864109 2026] [wsgi:error] [pid 12:tid 139842658485952] framework. For more detail see
[Thu May 14 09:45:34.864110 2026] [wsgi:error] [pid 12:tid 139842658485952] https://eventlet.readthedocs.io/en/latest/asyncio/migration.html
[Thu May 14 09:45:34.864111 2026] [wsgi:error] [pid 12:tid 139842658485952]
[Thu May 14 09:45:34.864112 2026] [wsgi:error] [pid 12:tid 139842658485952] __import__(import_str) 10.0.0.211 - - [14/May/2026:09:45:34 +0000] "GET / HTTP/1.1" 300 295
[Thu May 14 09:45:39.465205 2026] [wsgi:error] [pid 10:tid 139842658485952] [remote 10.0.0.211:48614] 2026-05-14 09:45:39.462 10 WARNING keystone.identity.core [None req-03251365-dcf1-4390-a55b-481073175a4d - - - - - -] Invalid domain name (atmosphere) found in config file name: keystone.exception.DomainNotFound: Could not find domain: atmosphere.
[Thu May 14 09:45:39.522861 2026] [wsgi:error] [pid 10:tid 139842658485952] [remote 10.0.0.211:48614] 2026-05-14 09:45:39.522 10 WARNING keystone.common.password_hashing [None req-03251365-dcf1-4390-a55b-481073175a4d - - - - - -] Truncating password to algorithm specific maximum length 72 characters.
[Thu May 14 09:45:39.804456 2026] [wsgi:error] [pid 10:tid 139842658485952] [remote 10.0.0.211:48614] 2026-05-14 09:45:39.804 10 WARNING keystone.common.fernet_utils [None req-03251365-dcf1-4390-a55b-481073175a4d - - - - - -] key_repository is world readable: /etc/keystone/fernet-keys/ 10.0.0.211 - - [14/May/2026:09:45:39 +0000] "POST /v3/auth/tokens HTTP/1.1" 201 1359
[Thu May 14 09:45:40.141938 2026] [wsgi:error] [pid 11:tid 139842658485952] [remote 10.0.0.211:48614] 2026-05-14 09:45:40.139 11 WARNING keystone.identity.core [None req-8862a9a9-0c9e-42f0-8e13-5abdd77fc018 - - - - - -] Invalid domain name (atmosphere) found in config file name: keystone.exception.DomainNotFound: Could not find domain: atmosphere. 10.0.0.211 - - [14/May/2026:09:45:40 +0000] "POST /v3/domains HTTP/1.1" 201 261 10.0.0.119 - - [14/May/2026:09:45:51 +0000] "GET / HTTP/1.1" 300 295
[Thu May 14 09:45:51.613901 2026] [wsgi:error] [pid 12:tid 139842658485952] [remote 10.0.0.119:48964] 2026-05-14 09:45:51.613 12 WARNING keystone.common.password_hashing [None req-b98b1145-26d3-48be-b0f6-6ae73ea35766 - - - - - -] Truncating password to algorithm specific maximum length 72 characters.
[Thu May 14 09:45:51.884410 2026] [wsgi:error] [pid 12:tid 139842658485952] [remote 10.0.0.119:48964] 2026-05-14 09:45:51.884 12 WARNING keystone.common.fernet_utils [None req-b98b1145-26d3-48be-b0f6-6ae73ea35766 - - - - - -] key_repository is world readable: /etc/keystone/fernet-keys/ 10.0.0.119 - - [14/May/2026:09:45:51 +0000] "POST /v3/auth/tokens HTTP/1.1" 201 1359 10.0.0.119 - - [14/May/2026:09:45:52 +0000] "GET /v3/roles/admin HTTP/1.1" 404 83
[Thu May 14 09:45:52.086164 2026] [wsgi:error] [pid 11:tid 139842658485952] [remote 10.0.0.119:48964] 2026-05-14 09:45:52.085 11 WARNING keystone.common.rbac_enforcer.enforcer [None req-2b327ddd-d1e0-4b46-ba9c-f3f60c9d7482 f166fa63606f481880a1cfff31f8a13b 7207ea9ac55d40cb95d43baae578e419 - - default default] Deprecated policy rules found. Use oslopolicy-policy-generator and oslopolicy-policy-upgrade to detect and resolve deprecated policies in your configuration. 10.0.0.119 - - [14/May/2026:09:45:52 +0000] "GET /v3/roles?name=admin HTTP/1.1" 200 389
[Thu May 14 09:45:52.446395 2026] [wsgi:error] [pid 9:tid 139842658485952] [remote 10.0.0.119:48964] 2026-05-14 09:45:52.446 9 WARNING keystone.common.rbac_enforcer.enforcer [None req-9f7c920e-e704-40b2-afd1-656402d22e3d f166fa63606f481880a1cfff31f8a13b 7207ea9ac55d40cb95d43baae578e419 - - default default] Deprecated policy rules found. Use oslopolicy-policy-generator and oslopolicy-policy-upgrade to detect and resolve deprecated policies in your configuration. 10.0.0.119 - - [14/May/2026:09:45:52 +0000] "GET /v3/users/admin-RegionOne HTTP/1.1" 404 93
[Thu May 14 09:45:52.578196 2026] [wsgi:error] [pid 12:tid 139842658485952] [remote 10.0.0.119:48964] 2026-05-14 09:45:52.577 12 WARNING keystone.common.rbac_enforcer.enforcer [None req-1db885d6-38a8-4e95-aed9-f36ce1a64990 f166fa63606f481880a1cfff31f8a13b 7207ea9ac55d40cb95d43baae578e419 - - default default] Deprecated policy rules found. Use oslopolicy-policy-generator and oslopolicy-policy-upgrade to detect and resolve deprecated policies in your configuration. 10.0.0.119 - - [14/May/2026:09:45:52 +0000] "GET /v3/users?name=admin-RegionOne HTTP/1.1" 200 422
[Thu May 14 09:45:52.763779 2026] [wsgi:error] [pid 10:tid 139842658485952] [remote 10.0.0.119:48964] 2026-05-14 09:45:52.763 10 WARNING keystone.common.rbac_enforcer.enforcer [None req-8b2044d2-f174-4d77-8e2b-c6382e9ca4f1 f166fa63606f481880a1cfff31f8a13b 7207ea9ac55d40cb95d43baae578e419 - - default default] Deprecated policy rules found. Use oslopolicy-policy-generator and oslopolicy-policy-upgrade to detect and resolve deprecated policies in your configuration. 10.0.0.119 - - [14/May/2026:09:45:52 +0000] "GET /v3/domains/default HTTP/1.1" 200 224 10.0.0.119 - - [14/May/2026:09:45:52 +0000] "PUT /v3/domains/default/users/f166fa63606f481880a1cfff31f8a13b/roles/d5f640b3832445f3a580d8ecf6188b76 HTTP/1.1" 204 - 10.0.0.52 - - [14/May/2026:09:46:01 +0000] "GET / HTTP/1.1" 300 280 10.0.0.52 - - [14/May/2026:09:46:03 +0000] "GET /v3 HTTP/1.1" 200 265
[Thu May 14 09:46:03.108953 2026] [wsgi:error] [pid 10:tid 139842658485952] [remote 10.0.0.52:58674] 2026-05-14 09:46:03.108 10 WARNING keystone.common.password_hashing [None req-8fe39de9-7ec0-4492-b48b-1e62f2a699a7 - - - - - -] Truncating password to algorithm specific maximum length 72 characters.
[Thu May 14 09:46:03.387412 2026] [wsgi:error] [pid 10:tid 139842658485952] [remote 10.0.0.52:58674] 2026-05-14 09:46:03.387 10 WARNING keystone.common.fernet_utils [None req-8fe39de9-7ec0-4492-b48b-1e62f2a699a7 - - - - - -] key_repository is world readable: /etc/keystone/fernet-keys/ 10.0.0.52 - - [14/May/2026:09:46:03 +0000] "POST /v3/auth/tokens HTTP/1.1" 201 1359 10.0.0.52 - - [14/May/2026:09:46:03 +0000] "GET / HTTP/1.1" 300 280 10.0.0.52 - - [14/May/2026:09:46:03 +0000] "GET /v3/domains/atmosphere HTTP/1.1" 404 90 10.0.0.52 - - [14/May/2026:09:46:03 +0000] "GET /v3/domains?name=atmosphere HTTP/1.1" 200 368 10.0.0.52 - - [14/May/2026:09:46:03 +0000] "GET /v3/domains/576aba09f5524ef39a08428be4e265f4 HTTP/1.1" 200 246 10.0.0.52 - - [14/May/2026:09:46:04 +0000] "GET /v3 HTTP/1.1" 200 265
[Thu May 14 09:46:04.427793 2026] [wsgi:error] [pid 9:tid 139842658485952] [remote 10.0.0.52:58674] 2026-05-14 09:46:04.427 9 WARNING keystone.common.password_hashing [None req-a81df4c9-efaa-4183-923c-6647019e2959 - - - - - -] Truncating password to algorithm specific maximum length 72 characters.
[Thu May 14 09:46:04.697961 2026] [wsgi:error] [pid 9:tid 139842658485952] [remote 10.0.0.52:58674] 2026-05-14 09:46:04.697 9 WARNING keystone.common.fernet_utils [None req-a81df4c9-efaa-4183-923c-6647019e2959 - - - - - -] key_repository is world readable: /etc/keystone/fernet-keys/ 10.0.0.52 - - [14/May/2026:09:46:04 +0000] "POST /v3/auth/tokens HTTP/1.1" 201 1359 10.0.0.52 - - [14/May/2026:09:46:04 +0000] "GET / HTTP/1.1" 300 280 10.0.0.52 - - [14/May/2026:09:46:04 +0000] "GET /v3/OS-FEDERATION/identity_providers/atmosphere HTTP/1.1" 404 101 10.0.0.52 - - [14/May/2026:09:46:04 +0000] "GET /v3/OS-FEDERATION/identity_providers HTTP/1.1" 200 155 10.0.0.52 - - [14/May/2026:09:46:04 +0000] "PUT /v3/OS-FEDERATION/identity_providers/atmosphere HTTP/1.1" 201 340 10.0.0.52 - - [14/May/2026:09:46:05 +0000] "GET /v3 HTTP/1.1" 200 265
[Thu May 14 09:46:05.495567 2026] [wsgi:error] [pid 10:tid 139842658485952] [remote 10.0.0.52:58674] 2026-05-14 09:46:05.495 10 WARNING keystone.common.password_hashing [None req-c0e19ae8-f6c3-4360-8d93-abb8579aec77 - - - - - -] Truncating password to algorithm specific maximum length 72 characters.
[Thu May 14 09:46:05.778224 2026] [wsgi:error] [pid 10:tid 139842658485952] [remote 10.0.0.52:58674] 2026-05-14 09:46:05.778 10 WARNING keystone.common.fernet_utils [None req-c0e19ae8-f6c3-4360-8d93-abb8579aec77 - - - - - -] key_repository is world readable: /etc/keystone/fernet-keys/ 10.0.0.52 - - [14/May/2026:09:46:05 +0000] "POST /v3/auth/tokens HTTP/1.1" 201 1359 10.0.0.52 - - [14/May/2026:09:46:05 +0000] "GET / HTTP/1.1" 300 280 10.0.0.52 - - [14/May/2026:09:46:05 +0000] "GET /v3/OS-FEDERATION/mappings/atmosphere-openid HTTP/1.1" 404 98 10.0.0.52 - - [14/May/2026:09:46:05 +0000] "GET /v3/OS-FEDERATION/mappings HTTP/1.1" 200 135 10.0.0.52 - - [14/May/2026:09:46:05 +0000] "PUT /v3/OS-FEDERATION/mappings/atmosphere-openid HTTP/1.1" 201 356 10.0.0.52 - - [14/May/2026:09:46:06 +0000] "GET /v3 HTTP/1.1" 200 265
[Thu May 14 09:46:06.575596 2026] [wsgi:error] [pid 9:tid 139842658485952] [remote 10.0.0.52:58690] 2026-05-14 09:46:06.575 9 WARNING keystone.common.password_hashing [None req-1e5708f6-3a29-43ca-bd88-19ac38b7da3d - - - - - -] Truncating password to algorithm specific maximum length 72 characters.
[Thu May 14 09:46:06.855522 2026] [wsgi:error] [pid 9:tid 139842658485952] [remote 10.0.0.52:58690] 2026-05-14 09:46:06.855 9 WARNING keystone.common.fernet_utils [None req-1e5708f6-3a29-43ca-bd88-19ac38b7da3d - - - - - -] key_repository is world readable: /etc/keystone/fernet-keys/ 10.0.0.52 - - [14/May/2026:09:46:06 +0000] "POST /v3/auth/tokens HTTP/1.1" 201 1359 10.0.0.52 - - [14/May/2026:09:46:06 +0000] "GET / HTTP/1.1" 300 280 10.0.0.52 - - [14/May/2026:09:46:06 +0000] "GET /v3/OS-FEDERATION/identity_providers/atmosphere/protocols/openid?idp_id=atmosphere HTTP/1.1" 404 131 10.0.0.52 - - [14/May/2026:09:46:06 +0000] "GET /v3/OS-FEDERATION/identity_providers/atmosphere/protocols HTTP/1.1" 200 167 10.0.0.52 - - [14/May/2026:09:46:06 +0000] "PUT /v3/OS-FEDERATION/identity_providers/atmosphere/protocols/openid HTTP/1.1" 201 222 10.0.0.52 - - [14/May/2026:09:46:22 +0000] "GET /v3/ HTTP/1.1" 200 250 10.0.0.52 - - [14/May/2026:09:46:22 +0000] "GET /v3/ HTTP/1.1" 200 250 10.0.0.52 - - [14/May/2026:09:47:22 +0000] "GET /v3/ HTTP/1.1" 200 250 10.0.0.52 - - [14/May/2026:09:47:22 +0000] "GET /v3/ HTTP/1.1" 200 250 10.0.0.14 - - [14/May/2026:09:47:30 +0000] "GET / HTTP/1.1" 300 295
[Thu May 14 09:47:30.178421 2026] [wsgi:error] [pid 10:tid 139842658485952] [remote 10.0.0.14:40200] 2026-05-14 09:47:30.178 10 WARNING keystone.common.password_hashing [None req-1a991e5f-8f69-4a1d-81f2-d8af2ed911c0 - - - - - -] Truncating password to algorithm specific maximum length 72 characters.
[Thu May 14 09:47:30.456842 2026] [wsgi:error] [pid 10:tid 139842658485952] [remote 10.0.0.14:40200] 2026-05-14 09:47:30.456 10 WARNING keystone.common.fernet_utils [None req-1a991e5f-8f69-4a1d-81f2-d8af2ed911c0 - - - - - -] key_repository is world readable: /etc/keystone/fernet-keys/ 10.0.0.14 - - [14/May/2026:09:47:30 +0000] "POST /v3/auth/tokens HTTP/1.1" 201 1359 10.0.0.14 - - [14/May/2026:09:47:30 +0000] "GET /v3/services HTTP/1.1" 200 355 10.0.0.14 - - [14/May/2026:09:47:33 +0000] "GET / HTTP/1.1" 300 295
[Thu May 14 09:47:33.911527 2026] [wsgi:error] [pid 12:tid 139842658485952] [remote 10.0.0.14:40208] 2026-05-14 09:47:33.911 12 WARNING keystone.common.password_hashing [None req-031e126d-e50d-4205-bbf7-d7bce3e6139c - - - - - -] Truncating password to algorithm specific maximum length 72 characters.
[Thu May 14 09:47:34.187382 2026] [wsgi:error] [pid 12:tid 139842658485952] [remote 10.0.0.14:40208] 2026-05-14 09:47:34.187 12 WARNING keystone.common.fernet_utils [None req-031e126d-e50d-4205-bbf7-d7bce3e6139c - - - - - -] key_repository is world readable: /etc/keystone/fernet-keys/ 10.0.0.14 - - [14/May/2026:09:47:33 +0000] "POST /v3/auth/tokens HTTP/1.1" 201 1359 10.0.0.14 - - [14/May/2026:09:47:34 +0000] "GET /v3/services HTTP/1.1" 200 355 10.0.0.14 - - [14/May/2026:09:47:37 +0000] "GET / HTTP/1.1" 300 295
[Thu May 14 09:47:37.622545 2026] [wsgi:error] [pid 11:tid 139842658485952] [remote 10.0.0.14:40216] 2026-05-14 09:47:37.621 11 WARNING keystone.common.password_hashing [None req-eaf32f57-3061-4f84-b9e9-9a5978a79b66 - - - - - -] Truncating password to algorithm specific maximum length 72 characters.
[Thu May 14 09:47:37.905015 2026] [wsgi:error] [pid 11:tid 139842658485952] [remote 10.0.0.14:40216] 2026-05-14 09:47:37.904 11 WARNING keystone.common.fernet_utils [None req-eaf32f57-3061-4f84-b9e9-9a5978a79b66 - - - - - -] key_repository is world readable: /etc/keystone/fernet-keys/ 10.0.0.14 - - [14/May/2026:09:47:37 +0000] "POST /v3/auth/tokens HTTP/1.1" 201 1359 10.0.0.14 - - [14/May/2026:09:47:38 +0000] "GET /v3/services HTTP/1.1" 200 355 10.0.0.14 - - [14/May/2026:09:47:41 +0000] "GET / HTTP/1.1" 300 295
[Thu May 14 09:47:41.314349 2026] [wsgi:error] [pid 9:tid 139842658485952] [remote 10.0.0.14:37364] 2026-05-14 09:47:41.314 9 WARNING keystone.common.password_hashing [None req-7bd5b739-3ef5-4917-9cbb-34a37df80309 - - - - - -] Truncating password to algorithm specific maximum length 72 characters.
[Thu May 14 09:47:41.588266 2026] [wsgi:error] [pid 9:tid 139842658485952] [remote 10.0.0.14:37364] 2026-05-14 09:47:41.588 9 WARNING keystone.common.fernet_utils [None req-7bd5b739-3ef5-4917-9cbb-34a37df80309 - - - - - -] key_repository is world readable: /etc/keystone/fernet-keys/ 10.0.0.14 - - [14/May/2026:09:47:41 +0000] "POST /v3/auth/tokens HTTP/1.1" 201 1359 10.0.0.14 - - [14/May/2026:09:47:41 +0000] "POST /v3/services HTTP/1.1" 201 296 10.0.0.50 - - [14/May/2026:09:47:52 +0000] "GET / HTTP/1.1" 300 295
[Thu May 14 09:47:52.333994 2026] [wsgi:error] [pid 10:tid 139842658485952] [remote 10.0.0.50:53254] 2026-05-14 09:47:52.333 10 WARNING keystone.common.password_hashing [None req-05eba13f-e64a-45ea-92a2-28f5ad41b7af - - - - - -] Truncating password to algorithm specific maximum length 72 characters. 10.0.0.50 - - [14/May/2026:09:47:52 +0000] "GET / HTTP/1.1" 300 295
[Thu May 14 09:47:52.442029 2026] [wsgi:error] [pid 11:tid 139842658485952] [remote 10.0.0.50:53268] 2026-05-14 09:47:52.441 11 WARNING keystone.common.password_hashing [None req-a8f6aa2e-e8d2-4c79-aa62-a62fe50a92de - - - - - -] Truncating password to algorithm specific maximum length 72 characters. 10.0.0.50 - - [14/May/2026:09:47:52 +0000] "GET / HTTP/1.1" 300 295
[Thu May 14 09:47:52.508826 2026] [wsgi:error] [pid 9:tid 139842658485952] [remote 10.0.0.50:53280] 2026-05-14 09:47:52.508 9 WARNING keystone.common.password_hashing [None req-9e3bae44-b568-478b-b65c-41b078b3f87b - - - - - -] Truncating password to algorithm specific maximum length 72 characters.
[Thu May 14 09:47:52.604752 2026] [wsgi:error] [pid 10:tid 139842658485952] [remote 10.0.0.50:53254] 2026-05-14 09:47:52.604 10 WARNING keystone.common.fernet_utils [None req-05eba13f-e64a-45ea-92a2-28f5ad41b7af - - - - - -] key_repository is world readable: /etc/keystone/fernet-keys/ 10.0.0.50 - - [14/May/2026:09:47:52 +0000] "POST /v3/auth/tokens HTTP/1.1" 201 1463
[Thu May 14 09:47:52.732954 2026] [wsgi:error] [pid 11:tid 139842658485952] [remote 10.0.0.50:53268] 2026-05-14 09:47:52.732 11 WARNING keystone.common.fernet_utils [None req-a8f6aa2e-e8d2-4c79-aa62-a62fe50a92de - - - - - -] key_repository is world readable: /etc/keystone/fernet-keys/ 10.0.0.50 - - [14/May/2026:09:47:52 +0000] "GET /v3/services HTTP/1.1" 200 639 10.0.0.50 - - [14/May/2026:09:47:52 +0000] "POST /v3/auth/tokens HTTP/1.1" 201 1463
[Thu May 14 09:47:52.778065 2026] [wsgi:error] [pid 9:tid 139842658485952] [remote 10.0.0.50:53280] 2026-05-14 09:47:52.777 9 WARNING keystone.common.fernet_utils [None req-9e3bae44-b568-478b-b65c-41b078b3f87b - - - - - -] key_repository is world readable: /etc/keystone/fernet-keys/ 10.0.0.50 - - [14/May/2026:09:47:52 +0000] "POST /v3/auth/tokens HTTP/1.1" 201 1463 10.0.0.50 - - [14/May/2026:09:47:52 +0000] "GET /v3/services HTTP/1.1" 200 639 10.0.0.50 - - [14/May/2026:09:47:52 +0000] "GET /v3/services HTTP/1.1" 200 639 10.0.0.50 - - [14/May/2026:09:47:54 +0000] "GET / HTTP/1.1" 300 295
[Thu May 14 09:47:54.037405 2026] [wsgi:error] [pid 9:tid 139842658485952] [remote 10.0.0.50:53288] 2026-05-14 09:47:54.037 9 WARNING keystone.common.password_hashing [None req-cb958e8b-2e7e-43af-ab82-c0af44488bcf - - - - - -] Truncating password to algorithm specific maximum length 72 characters. 10.0.0.50 - - [14/May/2026:09:47:54 +0000] "GET / HTTP/1.1" 300 295
[Thu May 14 09:47:54.222247 2026] [wsgi:error] [pid 12:tid 139842658485952] [remote 10.0.0.50:53302] 2026-05-14 09:47:54.222 12 WARNING keystone.common.password_hashing [None req-5b7e4a7e-b0ee-4e9b-86d0-c452dc53ae4c - - - - - -] Truncating password to algorithm specific maximum length 72 characters.
[Thu May 14 09:47:54.304645 2026] [wsgi:error] [pid 9:tid 139842658485952] [remote 10.0.0.50:53288] 2026-05-14 09:47:54.304 9 WARNING keystone.common.fernet_utils [None req-cb958e8b-2e7e-43af-ab82-c0af44488bcf - - - - - -] key_repository is world readable: /etc/keystone/fernet-keys/ 10.0.0.50 - - [14/May/2026:09:47:54 +0000] "POST /v3/auth/tokens HTTP/1.1" 201 1463 10.0.0.50 - - [14/May/2026:09:47:54 +0000] "GET / HTTP/1.1" 300 295
[Thu May 14 09:47:54.328223 2026] [wsgi:error] [pid 10:tid 139842658485952] [remote 10.0.0.50:53312] 2026-05-14 09:47:54.328 10 WARNING keystone.common.password_hashing [None req-f91aa47b-bdfc-43ca-9bd5-a2149f354a66 - - - - - -] Truncating password to algorithm specific maximum length 72 characters. 10.0.0.50 - - [14/May/2026:09:47:54 +0000] "GET /v3/endpoints HTTP/1.1" 200 1226 10.0.0.50 - - [14/May/2026:09:47:54 +0000] "GET /v3/services/d314862d588c49a8930c60cca667b65b HTTP/1.1" 200 233 10.0.0.50 - - [14/May/2026:09:47:54 +0000] "GET /v3/services/d314862d588c49a8930c60cca667b65b HTTP/1.1" 200 233 10.0.0.50 - - [14/May/2026:09:47:54 +0000] "GET /v3/services/d314862d588c49a8930c60cca667b65b HTTP/1.1" 200 233
[Thu May 14 09:47:54.490283 2026] [wsgi:error] [pid 12:tid 139842658485952] [remote 10.0.0.50:53302] 2026-05-14 09:47:54.490 12 WARNING keystone.common.fernet_utils [None req-5b7e4a7e-b0ee-4e9b-86d0-c452dc53ae4c - - - - - -] key_repository is world readable: /etc/keystone/fernet-keys/ 10.0.0.50 - - [14/May/2026:09:47:54 +0000] "POST /v3/auth/tokens HTTP/1.1" 201 1463
[Thu May 14 09:47:54.601657 2026] [wsgi:error] [pid 10:tid 139842658485952] [remote 10.0.0.50:53312] 2026-05-14 09:47:54.601 10 WARNING keystone.common.fernet_utils [None req-f91aa47b-bdfc-43ca-9bd5-a2149f354a66 - - - - - -] key_repository is world readable: /etc/keystone/fernet-keys/ 10.0.0.50 - - [14/May/2026:09:47:54 +0000] "GET /v3/endpoints HTTP/1.1" 200 1226 10.0.0.50 - - [14/May/2026:09:47:54 +0000] "POST /v3/auth/tokens HTTP/1.1" 201 1463 10.0.0.50 - - [14/May/2026:09:47:54 +0000] "GET /v3/services/d314862d588c49a8930c60cca667b65b HTTP/1.1" 200 233 10.0.0.50 - - [14/May/2026:09:47:54 +0000] "GET /v3/services/d314862d588c49a8930c60cca667b65b HTTP/1.1" 200 233 10.0.0.50 - - [14/May/2026:09:47:54 +0000] "GET /v3/services/d314862d588c49a8930c60cca667b65b HTTP/1.1" 200 233 10.0.0.50 - - [14/May/2026:09:47:54 +0000] "GET /v3/endpoints HTTP/1.1" 200 1226 10.0.0.50 - - [14/May/2026:09:47:54 +0000] "GET /v3/services/d314862d588c49a8930c60cca667b65b HTTP/1.1" 200 233 10.0.0.50 - - [14/May/2026:09:47:54 +0000] "GET /v3/services/d314862d588c49a8930c60cca667b65b HTTP/1.1" 200 233 10.0.0.50 - - [14/May/2026:09:47:54 +0000] "GET /v3/services/d314862d588c49a8930c60cca667b65b HTTP/1.1" 200 233 10.0.0.50 - - [14/May/2026:09:47:55 +0000] "GET / HTTP/1.1" 300 295
[Thu May 14 09:47:55.704797 2026] [wsgi:error] [pid 11:tid 139842658485952] [remote 10.0.0.50:53328] 2026-05-14 09:47:55.704 11 WARNING keystone.common.password_hashing [None req-38e474fd-4f4a-41e6-bd97-12e4709f866b - - - - - -] Truncating password to algorithm specific maximum length 72 characters. 10.0.0.50 - - [14/May/2026:09:47:55 +0000] "GET / HTTP/1.1" 300 295
[Thu May 14 09:47:55.901234 2026] [wsgi:error] [pid 9:tid 139842658485952] [remote 10.0.0.50:53344] 2026-05-14 09:47:55.901 9 WARNING keystone.common.password_hashing [None req-740a826a-1c91-4ad5-8b21-c48c1ef1ffad - - - - - -] Truncating password to algorithm specific maximum length 72 characters.
[Thu May 14 09:47:55.989436 2026] [wsgi:error] [pid 11:tid 139842658485952] [remote 10.0.0.50:53328] 2026-05-14 09:47:55.989 11 WARNING keystone.common.fernet_utils [None req-38e474fd-4f4a-41e6-bd97-12e4709f866b - - - - - -] key_repository is world readable: /etc/keystone/fernet-keys/ 10.0.0.50 - - [14/May/2026:09:47:55 +0000] "POST /v3/auth/tokens HTTP/1.1" 201 1463 10.0.0.50 - - [14/May/2026:09:47:56 +0000] "GET / HTTP/1.1" 300 295
[Thu May 14 09:47:56.063091 2026] [wsgi:error] [pid 12:tid 139842658485952] [remote 10.0.0.50:53356] 2026-05-14 09:47:56.062 12 WARNING keystone.common.password_hashing [None req-59743469-c24f-46f8-8302-0830055b2e1a - - - - - -] Truncating password to algorithm specific maximum length 72 characters. 10.0.0.50 - - [14/May/2026:09:47:56 +0000] "GET /v3/services/3c5ea6be2725450faaf31fe58c84ceae HTTP/1.1" 200 296 10.0.0.50 - - [14/May/2026:09:47:56 +0000] "GET /v3/regions/RegionOne HTTP/1.1" 200 173 10.0.0.50 - - [14/May/2026:09:47:56 +0000] "POST /v3/endpoints HTTP/1.1" 201 383
[Thu May 14 09:47:56.180696 2026] [wsgi:error] [pid 9:tid 139842658485952] [remote 10.0.0.50:53344] 2026-05-14 09:47:56.180 9 WARNING keystone.common.fernet_utils [None req-740a826a-1c91-4ad5-8b21-c48c1ef1ffad - - - - - -] key_repository is world readable: /etc/keystone/fernet-keys/ 10.0.0.50 - - [14/May/2026:09:47:55 +0000] "POST /v3/auth/tokens HTTP/1.1" 201 1643 10.0.0.50 - - [14/May/2026:09:47:56 +0000] "GET /v3/services/3c5ea6be2725450faaf31fe58c84ceae HTTP/1.1" 200 296 10.0.0.50 - - [14/May/2026:09:47:56 +0000] "GET /v3/regions/RegionOne HTTP/1.1" 200 173
[Thu May 14 09:47:56.332245 2026] [wsgi:error] [pid 12:tid 139842658485952] [remote 10.0.0.50:53356] 2026-05-14 09:47:56.332 12 WARNING keystone.common.fernet_utils [None req-59743469-c24f-46f8-8302-0830055b2e1a - - - - - -] key_repository is world readable: /etc/keystone/fernet-keys/ 10.0.0.50 - - [14/May/2026:09:47:56 +0000] "POST /v3/auth/tokens HTTP/1.1" 201 1643 10.0.0.50 - - [14/May/2026:09:47:56 +0000] "GET /v3/services/3c5ea6be2725450faaf31fe58c84ceae HTTP/1.1" 200 296 10.0.0.50 - - [14/May/2026:09:47:56 +0000] "GET /v3/regions/RegionOne HTTP/1.1" 200 173 10.0.0.50 - - [14/May/2026:09:47:56 +0000] "POST /v3/endpoints HTTP/1.1" 201 380 10.0.0.50 - - [14/May/2026:09:47:56 +0000] "POST /v3/endpoints HTTP/1.1" 201 369 10.0.0.50 - - [14/May/2026:09:47:57 +0000] "GET / HTTP/1.1" 300 295
[Thu May 14 09:47:57.384693 2026] [wsgi:error] [pid 11:tid 139842658485952] [remote 10.0.0.50:53358] 2026-05-14 09:47:57.384 11 WARNING keystone.common.password_hashing [None req-73ed17c7-bbed-4184-b3bf-fb7eb1163714 - - - - - -] Truncating password to algorithm specific maximum length 72 characters.
[Thu May 14 09:47:57.656667 2026] [wsgi:error] [pid 11:tid 139842658485952] [remote 10.0.0.50:53358] 2026-05-14 09:47:57.656 11 WARNING keystone.common.fernet_utils [None req-73ed17c7-bbed-4184-b3bf-fb7eb1163714 - - - - - -] key_repository is world readable: /etc/keystone/fernet-keys/ 10.0.0.50 - - [14/May/2026:09:47:57 +0000] "POST /v3/auth/tokens HTTP/1.1" 201 1990 10.0.0.50 - - [14/May/2026:09:47:57 +0000] "GET / HTTP/1.1" 300 295
[Thu May 14 09:47:57.779193 2026] [wsgi:error] [pid 12:tid 139842658485952] [remote 10.0.0.50:53374] 2026-05-14 09:47:57.779 12 WARNING keystone.common.password_hashing [None req-1eb9ff31-81f4-4704-a57f-1571638ea0a5 - - - - - -] Truncating password to algorithm specific maximum length 72 characters. 10.0.0.50 - - [14/May/2026:09:47:57 +0000] "GET /v3/endpoints/2d447a309829496d82fd06c8696d4620 HTTP/1.1" 200 383 10.0.0.50 - - [14/May/2026:09:47:57 +0000] "GET /v3/services/3c5ea6be2725450faaf31fe58c84ceae HTTP/1.1" 200 296 10.0.0.50 - - [14/May/2026:09:47:57 +0000] "GET / HTTP/1.1" 300 295
[Thu May 14 09:47:57.865867 2026] [wsgi:error] [pid 10:tid 139842658485952] [remote 10.0.0.50:53386] 2026-05-14 09:47:57.865 10 WARNING keystone.common.password_hashing [None req-037eebe0-d8b0-4c01-add5-6f1dea838dd7 - - - - - -] Truncating password to algorithm specific maximum length 72 characters.
[Thu May 14 09:47:58.051181 2026] [wsgi:error] [pid 12:tid 139842658485952] [remote 10.0.0.50:53374] 2026-05-14 09:47:58.051 12 WARNING keystone.common.fernet_utils [None req-1eb9ff31-81f4-4704-a57f-1571638ea0a5 - - - - - -] key_repository is world readable: /etc/keystone/fernet-keys/ 10.0.0.50 - - [14/May/2026:09:47:57 +0000] "POST /v3/auth/tokens HTTP/1.1" 201 1990
[Thu May 14 09:47:58.141701 2026] [wsgi:error] [pid 10:tid 139842658485952] [remote 10.0.0.50:53386] 2026-05-14 09:47:58.141 10 WARNING keystone.common.fernet_utils [None req-037eebe0-d8b0-4c01-add5-6f1dea838dd7 - - - - - -] key_repository is world readable: /etc/keystone/fernet-keys/ 10.0.0.50 - - [14/May/2026:09:47:57 +0000] "POST /v3/auth/tokens HTTP/1.1" 201 1990 10.0.0.50 - - [14/May/2026:09:47:58 +0000] "GET /v3/endpoints/449adabc78bb481ab78f68d8485e7e0d HTTP/1.1" 200 380 10.0.0.50 - - [14/May/2026:09:47:58 +0000] "GET /v3/services/3c5ea6be2725450faaf31fe58c84ceae HTTP/1.1" 200 296 10.0.0.50 - - [14/May/2026:09:47:58 +0000] "GET /v3/endpoints/a86159402e454746b95bfb27e2c0c428 HTTP/1.1" 200 369 10.0.0.50 - - [14/May/2026:09:47:58 +0000] "GET /v3/services/3c5ea6be2725450faaf31fe58c84ceae HTTP/1.1" 200 296 10.0.0.93 - - [14/May/2026:09:48:08 +0000] "GET / HTTP/1.1" 300 295
[Thu May 14 09:48:08.404872 2026] [wsgi:error] [pid 9:tid 139842658485952] [remote 10.0.0.93:51164] 2026-05-14 09:48:08.404 9 WARNING keystone.common.password_hashing [None req-e49a1675-c14f-48e2-82b1-c9748108beb4 - - - - - -] Truncating password to algorithm specific maximum length 72 characters.
[Thu May 14 09:48:08.688539 2026] [wsgi:error] [pid 9:tid 139842658485952] [remote 10.0.0.93:51164] 2026-05-14 09:48:08.688 9 WARNING keystone.common.fernet_utils [None req-e49a1675-c14f-48e2-82b1-c9748108beb4 - - - - - -] key_repository is world readable: /etc/keystone/fernet-keys/ 10.0.0.93 - - [14/May/2026:09:48:08 +0000] "POST /v3/auth/tokens HTTP/1.1" 201 1990 10.0.0.93 - - [14/May/2026:09:48:08 +0000] "POST /v3/domains HTTP/1.1" 201 284 10.0.0.93 - - [14/May/2026:09:48:10 +0000] "GET / HTTP/1.1" 300 295
[Thu May 14 09:48:10.137642 2026] [wsgi:error] [pid 11:tid 139842658485952] [remote 10.0.0.93:51172] 2026-05-14 09:48:10.137 11 WARNING keystone.common.password_hashing [None req-28eadfaa-428e-47c4-beb6-0136d88e3c0c - - - - - -] Truncating password to algorithm specific maximum length 72 characters.
[Thu May 14 09:48:10.415644 2026] [wsgi:error] [pid 11:tid 139842658485952] [remote 10.0.0.93:51172] 2026-05-14 09:48:10.415 11 WARNING keystone.common.fernet_utils [None req-28eadfaa-428e-47c4-beb6-0136d88e3c0c - - - - - -] key_repository is world readable: /etc/keystone/fernet-keys/ 10.0.0.93 - - [14/May/2026:09:48:10 +0000] "POST /v3/auth/tokens HTTP/1.1" 201 1990
[Thu May 14 09:48:10.600912 2026] [wsgi:error] [pid 9:tid 139842658485952] [remote 10.0.0.93:51172] 2026-05-14 09:48:10.587 9 ERROR keystone.server.flask.application [None req-d68797d5-32f0-4c24-a23e-bec461386075 f166fa63606f481880a1cfff31f8a13b 7207ea9ac55d40cb95d43baae578e419 - - default default] Conflict occurred attempting to store project - it is not permitted to have two projects acting as domains with the same name: service.: keystone.exception.Conflict: Conflict occurred attempting to store project - it is not permitted to have two projects acting as domains with the same name: service.
[Thu May 14 09:48:10.600935 2026] [wsgi:error] [pid 9:tid 139842658485952] [remote 10.0.0.93:51172] 2026-05-14 09:48:10.587 9 ERROR keystone.server.flask.application
Traceback (most recent call last):
[Thu May 14 09:48:10.600937 2026] [wsgi:error] [pid 9:tid 139842658485952] [remote 10.0.0.93:51172] 2026-05-14 09:48:10.587 9 ERROR keystone.server.flask.application
File "/var/lib/openstack/lib/python3.12/site-packages/sqlalchemy/engine/base.py", line 1967, in _exec_single_context
[Thu May 14 09:48:10.600939 2026] [wsgi:error] [pid 9:tid 139842658485952] [remote 10.0.0.93:51172] 2026-05-14 09:48:10.587 9 ERROR keystone.server.flask.application self.dialect.do_execute(
[Thu May 14 09:48:10.600941 2026] [wsgi:error] [pid 9:tid 139842658485952] [remote 10.0.0.93:51172] 2026-05-14 09:48:10.587 9 ERROR keystone.server.flask.application
File "/var/lib/openstack/lib/python3.12/site-packages/sqlalchemy/engine/default.py", line 952, in do_execute
[Thu May 14 09:48:10.600942 2026] [wsgi:error] [pid 9:tid 139842658485952] [remote 10.0.0.93:51172] 2026-05-14 09:48:10.587 9 ERROR keystone.server.flask.application cursor.execute(statement, parameters)
[Thu May 14 09:48:10.600944 2026] [wsgi:error] [pid 9:tid 139842658485952] [remote 10.0.0.93:51172] 2026-05-14 09:48:10.587 9 ERROR keystone.server.flask.application
File "/var/lib/openstack/lib/python3.12/site-packages/pymysql/cursors.py", line 157, in execute
[Thu May 14 09:48:10.600945 2026] [wsgi:error] [pid 9:tid 139842658485952] [remote 10.0.0.93:51172] 2026-05-14 09:48:10.587 9 ERROR keystone.server.flask.application result = self._query(query)
[Thu May 14 09:48:10.600947 2026] [wsgi:error] [pid 9:tid 139842658485952] [remote 10.0.0.93:51172] 2026-05-14 09:48:10.587 9 ERROR keystone.server.flask.application ^^^^^^^^^^^^^^^^^^
[Thu May 14 09:48:10.600948 2026] [wsgi:error] [pid 9:tid 139842658485952] [remote 10.0.0.93:51172] 2026-05-14 09:48:10.587 9 ERROR keystone.server.flask.application
File "/var/lib/openstack/lib/python3.12/site-packages/pymysql/cursors.py", line 328, in _query
[Thu May 14 09:48:10.600950 2026] [wsgi:error] [pid 9:tid 139842658485952] [remote 10.0.0.93:51172] 2026-05-14 09:48:10.587 9 ERROR keystone.server.flask.application conn.query(q)
[Thu May 14 09:48:10.600951 2026] [wsgi:error] [pid 9:tid 139842658485952] [remote 10.0.0.93:51172] 2026-05-14 09:48:10.587 9 ERROR keystone.server.flask.application
File "/var/lib/openstack/lib/python3.12/site-packages/pymysql/connections.py", line 575, in query
[Thu May 14 09:48:10.600952 2026] [wsgi:error] [pid 9:tid 139842658485952] [remote 10.0.0.93:51172] 2026-05-14 09:48:10.587 9 ERROR keystone.server.flask.application self._affected_rows = self._read_query_result(unbuffered=unbuffered)
[Thu May 14 09:48:10.600954 2026] [wsgi:error] [pid 9:tid 139842658485952] [remote 10.0.0.93:51172] 2026-05-14 09:48:10.587 9 ERROR keystone.server.flask.application ^^^^^^^^^^^^^^^^^^^^^^^^^^^^^^^^^^^^^^^^^^^^^^
[Thu May 14 09:48:10.600955 2026] [wsgi:error] [pid 9:tid 139842658485952] [remote 10.0.0.93:51172] 2026-05-14 09:48:10.587 9 ERROR keystone.server.flask.application
File "/var/lib/openstack/lib/python3.12/site-packages/pymysql/connections.py", line 826, in _read_query_result
[Thu May 14 09:48:10.600957 2026] [wsgi:error] [pid 9:tid 139842658485952] [remote 10.0.0.93:51172] 2026-05-14 09:48:10.587 9 ERROR keystone.server.flask.application result.read()
[Thu May 14 09:48:10.600958 2026] [wsgi:error] [pid 9:tid 139842658485952] [remote 10.0.0.93:51172] 2026-05-14 09:48:10.587 9 ERROR keystone.server.flask.application
File "/var/lib/openstack/lib/python3.12/site-packages/pymysql/connections.py", line 1203, in read
[Thu May 14 09:48:10.600961 2026] [wsgi:error] [pid 9:tid 139842658485952] [remote 10.0.0.93:51172] 2026-05-14 09:48:10.587 9 ERROR keystone.server.flask.application first_packet = self.connection._read_packet()
[Thu May 14 09:48:10.600962 2026] [wsgi:error] [pid 9:tid 139842658485952] [remote 10.0.0.93:51172] 2026-05-14 09:48:10.587 9 ERROR keystone.server.flask.application ^^^^^^^^^^^^^^^^^^^^^^^^^^^^^^
[Thu May 14 09:48:10.600964 2026] [wsgi:error] [pid 9:tid 139842658485952] [remote 10.0.0.93:51172] 2026-05-14 09:48:10.587 9 ERROR keystone.server.flask.application
File "/var/lib/openstack/lib/python3.12/site-packages/pymysql/connections.py", line 782, in _read_packet
[Thu May 14 09:48:10.600965 2026] [wsgi:error] [pid 9:tid 139842658485952] [remote 10.0.0.93:51172] 2026-05-14 09:48:10.587 9 ERROR keystone.server.flask.application packet.raise_for_error()
[Thu May 14 09:48:10.600966 2026] [wsgi:error] [pid 9:tid 139842658485952] [remote 10.0.0.93:51172] 2026-05-14 09:48:10.587 9 ERROR keystone.server.flask.application
File "/var/lib/openstack/lib/python3.12/site-packages/pymysql/protocol.py", line 219, in raise_for_error
[Thu May 14 09:48:10.600968 2026] [wsgi:error] [pid 9:tid 139842658485952] [remote 10.0.0.93:51172] 2026-05-14 09:48:10.587 9 ERROR keystone.server.flask.application err.raise_mysql_exception(self._data)
[Thu May 14 09:48:10.600969 2026] [wsgi:error] [pid 9:tid 139842658485952] [remote 10.0.0.93:51172] 2026-05-14 09:48:10.587 9 ERROR keystone.server.flask.application
File "/var/lib/openstack/lib/python3.12/site-packages/pymysql/err.py", line 150, in raise_mysql_exception
[Thu May 14 09:48:10.600971 2026] [wsgi:error] [pid 9:tid 139842658485952] [remote 10.0.0.93:51172] 2026-05-14 09:48:10.587 9 ERROR keystone.server.flask.application raise errorclass(errno, errval)
[Thu May 14 09:48:10.600972 2026] [wsgi:error] [pid 9:tid 139842658485952] [remote 10.0.0.93:51172] 2026-05-14 09:48:10.587 9 ERROR keystone.server.flask.application pymysql.err.IntegrityError: (1062, "Duplicate entry '<>-service' for key 'project.ixu_project_name_domain_id'")
[Thu May 14 09:48:10.600973 2026] [wsgi:error] [pid 9:tid 139842658485952] [remote 10.0.0.93:51172] 2026-05-14 09:48:10.587 9 ERROR keystone.server.flask.application
[Thu May 14 09:48:10.600975 2026] [wsgi:error] [pid 9:tid 139842658485952] [remote 10.0.0.93:51172] 2026-05-14 09:48:10.587 9 ERROR keystone.server.flask.application The above exception was the direct cause of the following exception:
[Thu May 14 09:48:10.600976 2026] [wsgi:error] [pid 9:tid 139842658485952] [remote 10.0.0.93:51172] 2026-05-14 09:48:10.587 9 ERROR keystone.server.flask.application
[Thu May 14 09:48:10.600977 2026] [wsgi:error] [pid 9:tid 139842658485952] [remote 10.0.0.93:51172] 2026-05-14 09:48:10.587 9 ERROR keystone.server.flask.application
Traceback (most recent call last):
[Thu May 14 09:48:10.600979 2026] [wsgi:error] [pid 9:tid 139842658485952] [remote 10.0.0.93:51172] 2026-05-14 09:48:10.587 9 ERROR keystone.server.flask.application
File "/var/lib/openstack/lib/python3.12/site-packages/keystone/common/sql/core.py", line 575, in wrapper
[Thu May 14 09:48:10.600980 2026] [wsgi:error] [pid 9:tid 139842658485952] [remote 10.0.0.93:51172] 2026-05-14 09:48:10.587 9 ERROR keystone.server.flask.application return method(*args, **kwargs)
[Thu May 14 09:48:10.600981 2026] [wsgi:error] [pid 9:tid 139842658485952] [remote 10.0.0.93:51172] 2026-05-14 09:48:10.587 9 ERROR keystone.server.flask.application ^^^^^^^^^^^^^^^^^^^^^^^
[Thu May 14 09:48:10.600983 2026] [wsgi:error] [pid 9:tid 139842658485952] [remote 10.0.0.93:51172] 2026-05-14 09:48:10.587 9 ERROR keystone.server.flask.application
File "/var/lib/openstack/lib/python3.12/site-packages/keystone/resource/backends/sql.py", line 278, in create_project
[Thu May 14 09:48:10.600985 2026] [wsgi:error] [pid 9:tid 139842658485952] [remote 10.0.0.93:51172] 2026-05-14 09:48:10.587 9 ERROR keystone.server.flask.application with sql.session_for_write() as session:
[Thu May 14 09:48:10.600986 2026] [wsgi:error] [pid 9:tid 139842658485952] [remote 10.0.0.93:51172] 2026-05-14 09:48:10.587 9 ERROR keystone.server.flask.application
File "/usr/lib/python3.12/contextlib.py", line 144, in __exit__
[Thu May 14 09:48:10.600987 2026] [wsgi:error] [pid 9:tid 139842658485952] [remote 10.0.0.93:51172] 2026-05-14 09:48:10.587 9 ERROR keystone.server.flask.application next(self.gen)
[Thu May 14 09:48:10.600989 2026] [wsgi:error] [pid 9:tid 139842658485952] [remote 10.0.0.93:51172] 2026-05-14 09:48:10.587 9 ERROR keystone.server.flask.application
File "/var/lib/openstack/lib/python3.12/site-packages/oslo_db/sqlalchemy/enginefacade.py", line 1175, in _transaction_scope
[Thu May 14 09:48:10.600990 2026] [wsgi:error] [pid 9:tid 139842658485952] [remote 10.0.0.93:51172] 2026-05-14 09:48:10.587 9 ERROR keystone.server.flask.application with current._produce_block(
[Thu May 14 09:48:10.600991 2026] [wsgi:error] [pid 9:tid 139842658485952] [remote 10.0.0.93:51172] 2026-05-14 09:48:10.587 9 ERROR keystone.server.flask.application
File "/usr/lib/python3.12/contextlib.py", line 144, in __exit__
[Thu May 14 09:48:10.600993 2026] [wsgi:error] [pid 9:tid 139842658485952] [remote 10.0.0.93:51172] 2026-05-14 09:48:10.587 9 ERROR keystone.server.flask.application next(self.gen)
[Thu May 14 09:48:10.600994 2026] [wsgi:error] [pid 9:tid 139842658485952] [remote 10.0.0.93:51172] 2026-05-14 09:48:10.587 9 ERROR keystone.server.flask.application
File "/var/lib/openstack/lib/python3.12/site-packages/oslo_db/sqlalchemy/enginefacade.py", line 837, in _session
[Thu May 14 09:48:10.600996 2026] [wsgi:error] [pid 9:tid 139842658485952] [remote 10.0.0.93:51172] 2026-05-14 09:48:10.587 9 ERROR keystone.server.flask.application with excutils.save_and_reraise_exception():
[Thu May 14 09:48:10.600997 2026] [wsgi:error] [pid 9:tid 139842658485952] [remote 10.0.0.93:51172] 2026-05-14 09:48:10.587 9 ERROR keystone.server.flask.application
File "/var/lib/openstack/lib/python3.12/site-packages/oslo_utils/excutils.py", line 271, in __exit__
[Thu May 14 09:48:10.600998 2026] [wsgi:error] [pid 9:tid 139842658485952] [remote 10.0.0.93:51172] 2026-05-14 09:48:10.587 9 ERROR keystone.server.flask.application self.force_reraise()
[Thu May 14 09:48:10.601000 2026] [wsgi:error] [pid 9:tid 139842658485952] [remote 10.0.0.93:51172] 2026-05-14 09:48:10.587 9 ERROR keystone.server.flask.application
File "/var/lib/openstack/lib/python3.12/site-packages/oslo_utils/excutils.py", line 233, in force_reraise
[Thu May 14 09:48:10.601001 2026] [wsgi:error] [pid 9:tid 139842658485952] [remote 10.0.0.93:51172] 2026-05-14 09:48:10.587 9 ERROR keystone.server.flask.application raise self.value
[Thu May 14 09:48:10.601009 2026] [wsgi:error] [pid 9:tid 139842658485952] [remote 10.0.0.93:51172] 2026-05-14 09:48:10.587 9 ERROR keystone.server.flask.application
File "/var/lib/openstack/lib/python3.12/site-packages/oslo_db/sqlalchemy/enginefacade.py", line 835, in _session
[Thu May 14 09:48:10.601010 2026] [wsgi:error] [pid 9:tid 139842658485952] [remote 10.0.0.93:51172] 2026-05-14 09:48:10.587 9 ERROR keystone.server.flask.application self._end_session_transaction(self.session)
[Thu May 14 09:48:10.601012 2026] [wsgi:error] [pid 9:tid 139842658485952] [remote 10.0.0.93:51172] 2026-05-14 09:48:10.587 9 ERROR keystone.server.flask.application
File "/var/lib/openstack/lib/python3.12/site-packages/oslo_db/sqlalchemy/enginefacade.py", line 748, in _end_session_transaction
[Thu May 14 09:48:10.601013 2026] [wsgi:error] [pid 9:tid 139842658485952] [remote 10.0.0.93:51172] 2026-05-14 09:48:10.587 9 ERROR keystone.server.flask.application session.commit()
[Thu May 14 09:48:10.601014 2026] [wsgi:error] [pid 9:tid 139842658485952] [remote 10.0.0.93:51172] 2026-05-14 09:48:10.587 9 ERROR keystone.server.flask.application
File "/var/lib/openstack/lib/python3.12/site-packages/sqlalchemy/orm/session.py", line 2030, in commit
[Thu May 14 09:48:10.601016 2026] [wsgi:error] [pid 9:tid 139842658485952] [remote 10.0.0.93:51172] 2026-05-14 09:48:10.587 9 ERROR keystone.server.flask.application trans.commit(_to_root=True)
[Thu May 14 09:48:10.601017 2026] [wsgi:error] [pid 9:tid 139842658485952] [remote 10.0.0.93:51172] 2026-05-14 09:48:10.587 9 ERROR keystone.server.flask.application File "", line 2, in commit
[Thu May 14 09:48:10.601018 2026] [wsgi:error] [pid 9:tid 139842658485952] [remote 10.0.0.93:51172] 2026-05-14 09:48:10.587 9 ERROR keystone.server.flask.application
File "/var/lib/openstack/lib/python3.12/site-packages/sqlalchemy/orm/state_changes.py", line 137, in _go
[Thu May 14 09:48:10.601020 2026] [wsgi:error] [pid 9:tid 139842658485952] [remote 10.0.0.93:51172] 2026-05-14 09:48:10.587 9 ERROR keystone.server.flask.application ret_value = fn(self, *arg, **kw)
[Thu May 14 09:48:10.601021 2026] [wsgi:error] [pid 9:tid 139842658485952] [remote 10.0.0.93:51172] 2026-05-14 09:48:10.587 9 ERROR keystone.server.flask.application ^^^^^^^^^^^^^^^^^^^^
[Thu May 14 09:48:10.601022 2026] [wsgi:error] [pid 9:tid 139842658485952] [remote 10.0.0.93:51172] 2026-05-14 09:48:10.587 9 ERROR keystone.server.flask.application
File "/var/lib/openstack/lib/python3.12/site-packages/sqlalchemy/orm/session.py", line 1311, in commit
[Thu May 14 09:48:10.601024 2026] [wsgi:error] [pid 9:tid 139842658485952] [remote 10.0.0.93:51172] 2026-05-14 09:48:10.587 9 ERROR keystone.server.flask.application self._prepare_impl()
[Thu May 14 09:48:10.601025 2026] [wsgi:error] [pid 9:tid 139842658485952] [remote 10.0.0.93:51172] 2026-05-14 09:48:10.587 9 ERROR keystone.server.flask.application File "", line 2, in _prepare_impl
[Thu May 14 09:48:10.601027 2026] [wsgi:error] [pid 9:tid 139842658485952] [remote 10.0.0.93:51172] 2026-05-14 09:48:10.587 9 ERROR keystone.server.flask.application
File "/var/lib/openstack/lib/python3.12/site-packages/sqlalchemy/orm/state_changes.py", line 137, in _go
[Thu May 14 09:48:10.601028 2026] [wsgi:error] [pid 9:tid 139842658485952] [remote 10.0.0.93:51172] 2026-05-14 09:48:10.587 9 ERROR keystone.server.flask.application ret_value = fn(self, *arg, **kw)
[Thu May 14 09:48:10.601029 2026] [wsgi:error] [pid 9:tid 139842658485952] [remote 10.0.0.93:51172] 2026-05-14 09:48:10.587 9 ERROR keystone.server.flask.application ^^^^^^^^^^^^^^^^^^^^
[Thu May 14 09:48:10.601031 2026] [wsgi:error] [pid 9:tid 139842658485952] [remote 10.0.0.93:51172] 2026-05-14 09:48:10.587 9 ERROR keystone.server.flask.application
File "/var/lib/openstack/lib/python3.12/site-packages/sqlalchemy/orm/session.py", line 1286, in _prepare_impl
[Thu May 14 09:48:10.601033 2026] [wsgi:error] [pid 9:tid 139842658485952] [remote 10.0.0.93:51172] 2026-05-14 09:48:10.587 9 ERROR keystone.server.flask.application self.session.flush()
[Thu May 14 09:48:10.601034 2026] [wsgi:error] [pid 9:tid 139842658485952] [remote 10.0.0.93:51172] 2026-05-14 09:48:10.587 9 ERROR keystone.server.flask.application
File "/var/lib/openstack/lib/python3.12/site-packages/sqlalchemy/orm/session.py", line 4331, in flush
[Thu May 14 09:48:10.601036 2026] [wsgi:error] [pid 9:tid 139842658485952] [remote 10.0.0.93:51172] 2026-05-14 09:48:10.587 9 ERROR keystone.server.flask.application self._flush(objects)
[Thu May 14 09:48:10.601037 2026] [wsgi:error] [pid 9:tid 139842658485952] [remote 10.0.0.93:51172] 2026-05-14 09:48:10.587 9 ERROR keystone.server.flask.application
File "/var/lib/openstack/lib/python3.12/site-packages/sqlalchemy/orm/session.py", line 4466, in _flush
[Thu May 14 09:48:10.601038 2026] [wsgi:error] [pid 9:tid 139842658485952] [remote 10.0.0.93:51172] 2026-05-14 09:48:10.587 9 ERROR keystone.server.flask.application with util.safe_reraise():
[Thu May 14 09:48:10.601041 2026] [wsgi:error] [pid 9:tid 139842658485952] [remote 10.0.0.93:51172] 2026-05-14 09:48:10.587 9 ERROR keystone.server.flask.application
File "/var/lib/openstack/lib/python3.12/site-packages/sqlalchemy/util/langhelpers.py", line 121, in __exit__
[Thu May 14 09:48:10.601043 2026] [wsgi:error] [pid 9:tid 139842658485952] [remote 10.0.0.93:51172] 2026-05-14 09:48:10.587 9 ERROR keystone.server.flask.application raise exc_value.with_traceback(exc_tb)
[Thu May 14 09:48:10.601044 2026] [wsgi:error] [pid 9:tid 139842658485952] [remote 10.0.0.93:51172] 2026-05-14 09:48:10.587 9 ERROR keystone.server.flask.application
File "/var/lib/openstack/lib/python3.12/site-packages/sqlalchemy/orm/session.py", line 4427, in _flush
[Thu May 14 09:48:10.601046 2026] [wsgi:error] [pid 9:tid 139842658485952] [remote 10.0.0.93:51172] 2026-05-14 09:48:10.587 9 ERROR keystone.server.flask.application flush_context.execute()
[Thu May 14 09:48:10.601047 2026] [wsgi:error] [pid 9:tid 139842658485952] [remote 10.0.0.93:51172] 2026-05-14 09:48:10.587 9 ERROR keystone.server.flask.application
File "/var/lib/openstack/lib/python3.12/site-packages/sqlalchemy/orm/unitofwork.py", line 466, in execute
[Thu May 14 09:48:10.601048 2026] [wsgi:error] [pid 9:tid 139842658485952] [remote 10.0.0.93:51172] 2026-05-14 09:48:10.587 9 ERROR keystone.server.flask.application rec.execute(self)
