Aug 22 10:10:04.345666 np0000190515 devstack@n-api.service[98382]: INFO nova.api.openstack.requestlog [None req-52c4d26d-7432-43eb-bc7c-ed547db0b537 admin admin] 199.19.213.200 "GET /compute/v2.1/os-services?binary=nova-compute&host=np0000190515" status: 200 len: 255 microversion: 2.69 time: 0.035690
Aug 22 10:10:04.346061 np0000190515 devstack@n-api.service[98382]: [pid: 98382|app: 0|req: 16/60] 199.19.213.200 () {68 vars in 1475 bytes} [Sat Aug 22 10:10:04 2026] GET /compute/v2.1/os-services?binary=nova-compute&host=np0000190515 => generated 255 bytes in 37 msecs (HTTP/1.1 200) 9 headers in 359 bytes (1 switches on core 0)
Aug 22 10:10:14.323328 np0000190515 devstack@n-api.service[98382]: DEBUG dbcounter [-] [98382] Writing DB stats nova_cell0:SELECT=1 {{(pid=98382) stat_writer /opt/stack/data/venv/lib/python3.12/site-packages/dbcounter.py:115}}
Aug 22 10:10:14.328612 np0000190515 devstack@n-api.service[98382]: DEBUG dbcounter [-] [98382] Writing DB stats nova_cell1:SELECT=1 {{(pid=98382) stat_writer /opt/stack/data/venv/lib/python3.12/site-packages/dbcounter.py:115}}
Aug 22 10:10:14.338496 np0000190515 devstack@n-api.service[98382]: DEBUG dbcounter [-] [98382] Writing DB stats nova_api:SELECT=2 {{(pid=98382) stat_writer /opt/stack/data/venv/lib/python3.12/site-packages/dbcounter.py:115}}
Aug 22 10:10:38.328687 np0000190515 devstack@n-api.service[98385]: DEBUG nova.api.openstack.wsgi [None req-fc6c0efd-f265-4d8d-bb2d-f215fb3b15b2 admin admin] Calling method '>' {{(pid=98385) _process_stack /opt/stack/nova/nova/api/openstack/wsgi.py:551}}
Aug 22 10:10:38.333795 np0000190515 devstack@n-api.service[98385]: INFO nova.api.openstack.requestlog [None req-fc6c0efd-f265-4d8d-bb2d-f215fb3b15b2 admin admin] 199.19.213.200 "GET /compute/v2.1" status: 200 len: 393 microversion: 2.1 time: 0.005760
Aug 22 10:10:38.334036 np0000190515 devstack@n-api.service[98385]: [pid: 98385|app: 0|req: 15/61] 199.19.213.200 () {62 vars in 1063 bytes} [Sat Aug 22 10:10:38 2026] GET /compute/v2.1 => generated 393 bytes in 6 msecs (HTTP/1.1 200) 9 headers in 357 bytes (1 switches on core 0)
Aug 22 10:10:38.372207 np0000190515 devstack@n-api.service[98384]: DEBUG nova.api.openstack.wsgi [None req-d196d101-c1fe-4866-aec7-87624b6afd02 admin admin] Calling method '>' {{(pid=98384) _process_stack /opt/stack/nova/nova/api/openstack/wsgi.py:551}}
Aug 22 10:10:38.378517 np0000190515 devstack@n-api.service[98384]: INFO nova.api.openstack.requestlog [None req-d196d101-c1fe-4866-aec7-87624b6afd02 admin admin] 199.19.213.200 "GET /compute/v2.1/" status: 200 len: 393 microversion: 2.1 time: 0.006861
Aug 22 10:10:38.379030 np0000190515 devstack@n-api.service[98384]: [pid: 98384|app: 0|req: 16/62] 199.19.213.200 () {62 vars in 1066 bytes} [Sat Aug 22 10:10:38 2026] GET /compute/v2.1/ => generated 393 bytes in 8 msecs (HTTP/1.1 200) 9 headers in 357 bytes (1 switches on core 0)
Aug 22 10:10:38.419271 np0000190515 devstack@n-api.service[98383]: DEBUG nova.api.openstack.wsgi [None req-c47edeca-bd3f-455a-988f-e9ec870b647b demo demo] Calling method '>' {{(pid=98383) _process_stack /opt/stack/nova/nova/api/openstack/wsgi.py:551}}
Aug 22 10:10:38.451576 np0000190515 devstack@n-api.service[98383]: INFO nova.api.openstack.requestlog [None req-c47edeca-bd3f-455a-988f-e9ec870b647b demo demo] 199.19.213.200 "GET /compute/v2.1/flavors/detail?is_public=None" status: 200 len: 5262 microversion: 2.61 time: 0.035802
Aug 22 10:10:38.451576 np0000190515 devstack@n-api.service[98383]: [pid: 98383|app: 0|req: 16/63] 199.19.213.200 () {68 vars in 1424 bytes} [Sat Aug 22 10:10:38 2026] GET /compute/v2.1/flavors/detail?is_public=None => generated 5262 bytes in 37 msecs (HTTP/1.1 200) 9 headers in 360 bytes (1 switches on core 0)
Aug 22 10:10:38.501647 np0000190515 devstack@n-api.service[98382]: DEBUG nova.api.openstack.wsgi [None req-8e7dddca-84dc-477f-8d6a-15f248160209 demo demo] Calling method '>' {{(pid=98382) _process_stack /opt/stack/nova/nova/api/openstack/wsgi.py:551}}
Aug 22 10:10:38.528985 np0000190515 devstack@n-api.service[98382]: INFO nova.api.openstack.requestlog [None req-8e7dddca-84dc-477f-8d6a-15f248160209 demo demo] 199.19.213.200 "GET /compute/v2.1/flavors/detail?is_public=None" status: 200 len: 5262 microversion: 2.61 time: 0.030411
Aug 22 10:10:38.529172 np0000190515 devstack@n-api.service[98382]: [pid: 98382|app: 0|req: 17/64] 199.19.213.200 () {68 vars in 1424 bytes} [Sat Aug 22 10:10:38 2026] GET /compute/v2.1/flavors/detail?is_public=None => generated 5262 bytes in 31 msecs (HTTP/1.1 200) 9 headers in 360 bytes (1 switches on core 0)
Aug 22 10:10:38.803993 np0000190515 devstack@n-api.service[98385]: DEBUG nova.api.openstack.wsgi [None req-fc6c0efd-f265-4d8d-bb2d-f215fb3b15b2 admin admin] Calling method '>' {{(pid=98385) _process_stack /opt/stack/nova/nova/api/openstack/wsgi.py:551}}
Aug 22 10:10:38.809753 np0000190515 devstack@n-api.service[98385]: INFO nova.api.openstack.requestlog [None req-fc6c0efd-f265-4d8d-bb2d-f215fb3b15b2 admin admin] 199.19.213.200 "GET /compute/v2.1" status: 200 len: 393 microversion: 2.1 time: 0.006111
Aug 22 10:10:38.810196 np0000190515 devstack@n-api.service[98385]: [pid: 98385|app: 0|req: 16/65] 199.19.213.200 () {62 vars in 1063 bytes} [Sat Aug 22 10:10:38 2026] GET /compute/v2.1 => generated 393 bytes in 7 msecs (HTTP/1.1 200) 9 headers in 357 bytes (1 switches on core 0)
Aug 22 10:10:38.845857 np0000190515 devstack@n-api.service[98384]: DEBUG nova.api.openstack.wsgi [None req-d196d101-c1fe-4866-aec7-87624b6afd02 admin admin] Calling method '>' {{(pid=98384) _process_stack /opt/stack/nova/nova/api/openstack/wsgi.py:551}}
Aug 22 10:10:38.850672 np0000190515 devstack@n-api.service[98384]: INFO nova.api.openstack.requestlog [None req-d196d101-c1fe-4866-aec7-87624b6afd02 admin admin] 199.19.213.200 "GET /compute/v2.1/" status: 200 len: 393 microversion: 2.1 time: 0.005285
Aug 22 10:10:38.850890 np0000190515 devstack@n-api.service[98384]: [pid: 98384|app: 0|req: 17/66] 199.19.213.200 () {62 vars in 1066 bytes} [Sat Aug 22 10:10:38 2026] GET /compute/v2.1/ => generated 393 bytes in 6 msecs (HTTP/1.1 200) 9 headers in 357 bytes (1 switches on core 0)
Aug 22 10:10:38.884696 np0000190515 devstack@n-api.service[98383]: DEBUG nova.api.openstack.wsgi [None req-63ec0981-36a7-4c20-92a3-9329a5b6c6e3 demo demo] Calling method '>' {{(pid=98383) _process_stack /opt/stack/nova/nova/api/openstack/wsgi.py:551}}
Aug 22 10:10:38.908010 np0000190515 devstack@n-api.service[98383]: INFO nova.api.openstack.requestlog [None req-63ec0981-36a7-4c20-92a3-9329a5b6c6e3 demo demo] 199.19.213.200 "GET /compute/v2.1/flavors/detail?is_public=None" status: 200 len: 5262 microversion: 2.61 time: 0.026857
Aug 22 10:10:38.908424 np0000190515 devstack@n-api.service[98383]: [pid: 98383|app: 0|req: 17/67] 199.19.213.200 () {68 vars in 1424 bytes} [Sat Aug 22 10:10:38 2026] GET /compute/v2.1/flavors/detail?is_public=None => generated 5262 bytes in 28 msecs (HTTP/1.1 200) 9 headers in 360 bytes (1 switches on core 0)
Aug 22 10:10:38.952656 np0000190515 devstack@n-api.service[98382]: DEBUG nova.api.openstack.wsgi [None req-e9d813bc-c264-4385-a55d-8ea6611d6790 demo demo] Calling method '>' {{(pid=98382) _process_stack /opt/stack/nova/nova/api/openstack/wsgi.py:551}}
Aug 22 10:10:38.972483 np0000190515 devstack@n-api.service[98382]: INFO nova.api.openstack.requestlog [None req-e9d813bc-c264-4385-a55d-8ea6611d6790 demo demo] 199.19.213.200 "GET /compute/v2.1/flavors/detail?is_public=None" status: 200 len: 5262 microversion: 2.61 time: 0.023141
Aug 22 10:10:38.972775 np0000190515 devstack@n-api.service[98382]: [pid: 98382|app: 0|req: 18/68] 199.19.213.200 () {68 vars in 1424 bytes} [Sat Aug 22 10:10:38 2026] GET /compute/v2.1/flavors/detail?is_public=None => generated 5262 bytes in 24 msecs (HTTP/1.1 200) 9 headers in 360 bytes (1 switches on core 0)
Aug 22 10:10:43.076168 np0000190515 devstack@n-api.service[98385]: DEBUG nova.api.openstack.wsgi [None req-fc6c0efd-f265-4d8d-bb2d-f215fb3b15b2 admin admin] Calling method '>' {{(pid=98385) _process_stack /opt/stack/nova/nova/api/openstack/wsgi.py:551}}
Aug 22 10:10:43.082572 np0000190515 devstack@n-api.service[98385]: INFO nova.api.openstack.requestlog [None req-fc6c0efd-f265-4d8d-bb2d-f215fb3b15b2 admin admin] 199.19.213.200 "GET /compute/v2.1" status: 200 len: 393 microversion: 2.1 time: 0.006754
Aug 22 10:10:43.082799 np0000190515 devstack@n-api.service[98385]: [pid: 98385|app: 0|req: 17/69] 199.19.213.200 () {62 vars in 1063 bytes} [Sat Aug 22 10:10:43 2026] GET /compute/v2.1 => generated 393 bytes in 7 msecs (HTTP/1.1 200) 9 headers in 357 bytes (1 switches on core 0)
Aug 22 10:10:43.125086 np0000190515 devstack@n-api.service[98384]: DEBUG nova.api.openstack.wsgi [None req-d196d101-c1fe-4866-aec7-87624b6afd02 admin admin] Calling method '>' {{(pid=98384) _process_stack /opt/stack/nova/nova/api/openstack/wsgi.py:551}}
Aug 22 10:10:43.130822 np0000190515 devstack@n-api.service[98384]: INFO nova.api.openstack.requestlog [None req-d196d101-c1fe-4866-aec7-87624b6afd02 admin admin] 199.19.213.200 "GET /compute/v2.1/" status: 200 len: 393 microversion: 2.1 time: 0.006233
Aug 22 10:10:43.131060 np0000190515 devstack@n-api.service[98384]: [pid: 98384|app: 0|req: 18/70] 199.19.213.200 () {62 vars in 1066 bytes} [Sat Aug 22 10:10:43 2026] GET /compute/v2.1/ => generated 393 bytes in 7 msecs (HTTP/1.1 200) 9 headers in 357 bytes (1 switches on core 0)
Aug 22 10:10:43.165997 np0000190515 devstack@n-api.service[98383]: DEBUG nova.api.openstack.wsgi [None req-2d838b09-090c-46f1-8cb8-4016a4157fea demo demo] Calling method '>' {{(pid=98383) _process_stack /opt/stack/nova/nova/api/openstack/wsgi.py:551}}
Aug 22 10:10:43.185043 np0000190515 devstack@n-api.service[98383]: INFO nova.api.openstack.requestlog [None req-2d838b09-090c-46f1-8cb8-4016a4157fea demo demo] 199.19.213.200 "GET /compute/v2.1/flavors/detail?is_public=None" status: 200 len: 5262 microversion: 2.61 time: 0.021118
Aug 22 10:10:43.185673 np0000190515 devstack@n-api.service[98383]: [pid: 98383|app: 0|req: 18/71] 199.19.213.200 () {68 vars in 1424 bytes} [Sat Aug 22 10:10:43 2026] GET /compute/v2.1/flavors/detail?is_public=None => generated 5262 bytes in 22 msecs (HTTP/1.1 200) 9 headers in 360 bytes (1 switches on core 0)
Aug 22 10:10:43.240918 np0000190515 devstack@n-api.service[98382]: DEBUG nova.api.openstack.wsgi [None req-6caeee5d-e94c-4ac4-8e16-73f3d1c2b594 demo demo] Calling method '>' {{(pid=98382) _process_stack /opt/stack/nova/nova/api/openstack/wsgi.py:551}}
Aug 22 10:10:43.260726 np0000190515 devstack@n-api.service[98382]: INFO nova.api.openstack.requestlog [None req-6caeee5d-e94c-4ac4-8e16-73f3d1c2b594 demo demo] 199.19.213.200 "GET /compute/v2.1/flavors/detail?is_public=None" status: 200 len: 5262 microversion: 2.61 time: 0.023276
Aug 22 10:10:43.261041 np0000190515 devstack@n-api.service[98382]: [pid: 98382|app: 0|req: 19/72] 199.19.213.200 () {68 vars in 1424 bytes} [Sat Aug 22 10:10:43 2026] GET /compute/v2.1/flavors/detail?is_public=None => generated 5262 bytes in 24 msecs (HTTP/1.1 200) 9 headers in 360 bytes (1 switches on core 0)
Aug 22 10:10:43.409631 np0000190515 devstack@n-api.service[98385]: DEBUG nova.api.openstack.wsgi [None req-fc6c0efd-f265-4d8d-bb2d-f215fb3b15b2 admin admin] Calling method '>' {{(pid=98385) _process_stack /opt/stack/nova/nova/api/openstack/wsgi.py:551}}
Aug 22 10:10:43.414710 np0000190515 devstack@n-api.service[98385]: INFO nova.api.openstack.requestlog [None req-fc6c0efd-f265-4d8d-bb2d-f215fb3b15b2 admin admin] 199.19.213.200 "GET /compute/v2.1" status: 200 len: 393 microversion: 2.1 time: 0.005735
Aug 22 10:10:43.414955 np0000190515 devstack@n-api.service[98385]: [pid: 98385|app: 0|req: 18/73] 199.19.213.200 () {62 vars in 1063 bytes} [Sat Aug 22 10:10:43 2026] GET /compute/v2.1 => generated 393 bytes in 6 msecs (HTTP/1.1 200) 9 headers in 357 bytes (1 switches on core 0)
Aug 22 10:10:43.453160 np0000190515 devstack@n-api.service[98384]: DEBUG nova.api.openstack.wsgi [None req-d196d101-c1fe-4866-aec7-87624b6afd02 admin admin] Calling method '>' {{(pid=98384) _process_stack /opt/stack/nova/nova/api/openstack/wsgi.py:551}}
Aug 22 10:10:43.457316 np0000190515 devstack@n-api.service[98384]: INFO nova.api.openstack.requestlog [None req-d196d101-c1fe-4866-aec7-87624b6afd02 admin admin] 199.19.213.200 "GET /compute/v2.1/" status: 200 len: 393 microversion: 2.1 time: 0.004490
Aug 22 10:10:43.457671 np0000190515 devstack@n-api.service[98384]: [pid: 98384|app: 0|req: 19/74] 199.19.213.200 () {62 vars in 1066 bytes} [Sat Aug 22 10:10:43 2026] GET /compute/v2.1/ => generated 393 bytes in 5 msecs (HTTP/1.1 200) 9 headers in 357 bytes (1 switches on core 0)
Aug 22 10:10:43.496108 np0000190515 devstack@n-api.service[98383]: DEBUG nova.api.openstack.wsgi [None req-22f08c68-a46f-4c96-a18d-d98c8f41ccdf demo demo] Calling method '>' {{(pid=98383) _process_stack /opt/stack/nova/nova/api/openstack/wsgi.py:551}}
Aug 22 10:10:43.520702 np0000190515 devstack@n-api.service[98383]: INFO nova.api.openstack.requestlog [None req-22f08c68-a46f-4c96-a18d-d98c8f41ccdf demo demo] 199.19.213.200 "GET /compute/v2.1/flavors/detail?is_public=None" status: 200 len: 5262 microversion: 2.61 time: 0.027974
Aug 22 10:10:43.521154 np0000190515 devstack@n-api.service[98383]: [pid: 98383|app: 0|req: 19/75] 199.19.213.200 () {68 vars in 1424 bytes} [Sat Aug 22 10:10:43 2026] GET /compute/v2.1/flavors/detail?is_public=None => generated 5262 bytes in 29 msecs (HTTP/1.1 200) 9 headers in 360 bytes (1 switches on core 0)
Aug 22 10:10:43.568334 np0000190515 devstack@n-api.service[98382]: DEBUG nova.api.openstack.wsgi [None req-de7dd683-034d-49e7-be65-f0f5bdae4c7a demo demo] Calling method '>' {{(pid=98382) _process_stack /opt/stack/nova/nova/api/openstack/wsgi.py:551}}
Aug 22 10:10:43.590651 np0000190515 devstack@n-api.service[98382]: INFO nova.api.openstack.requestlog [None req-de7dd683-034d-49e7-be65-f0f5bdae4c7a demo demo] 199.19.213.200 "GET /compute/v2.1/flavors/detail?is_public=None" status: 200 len: 5262 microversion: 2.61 time: 0.025732
Aug 22 10:10:43.590891 np0000190515 devstack@n-api.service[98382]: [pid: 98382|app: 0|req: 20/76] 199.19.213.200 () {68 vars in 1424 bytes} [Sat Aug 22 10:10:43 2026] GET /compute/v2.1/flavors/detail?is_public=None => generated 5262 bytes in 26 msecs (HTTP/1.1 200) 9 headers in 360 bytes (1 switches on core 0)
Aug 22 10:10:47.347731 np0000190515 devstack@n-api.service[98385]: DEBUG nova.api.openstack.wsgi [None req-fc6c0efd-f265-4d8d-bb2d-f215fb3b15b2 admin admin] Calling method '>' {{(pid=98385) _process_stack /opt/stack/nova/nova/api/openstack/wsgi.py:551}}
Aug 22 10:10:47.350806 np0000190515 devstack@n-api.service[98385]: INFO nova.api.openstack.requestlog [None req-fc6c0efd-f265-4d8d-bb2d-f215fb3b15b2 admin admin] 199.19.213.200 "GET /compute/v2.1" status: 200 len: 393 microversion: 2.1 time: 0.004055
Aug 22 10:10:47.351108 np0000190515 devstack@n-api.service[98385]: [pid: 98385|app: 0|req: 19/77] 199.19.213.200 () {62 vars in 1074 bytes} [Sat Aug 22 10:10:47 2026] GET /compute/v2.1 => generated 393 bytes in 4 msecs (HTTP/1.1 200) 9 headers in 357 bytes (1 switches on core 0)
Aug 22 10:10:47.387096 np0000190515 devstack@n-api.service[98384]: DEBUG nova.api.openstack.wsgi [None req-d196d101-c1fe-4866-aec7-87624b6afd02 admin admin] Calling method '>' {{(pid=98384) _process_stack /opt/stack/nova/nova/api/openstack/wsgi.py:551}}
Aug 22 10:10:47.392274 np0000190515 devstack@n-api.service[98384]: INFO nova.api.openstack.requestlog [None req-d196d101-c1fe-4866-aec7-87624b6afd02 admin admin] 199.19.213.200 "GET /compute/v2.1/" status: 200 len: 393 microversion: 2.1 time: 0.005651
Aug 22 10:10:47.392425 np0000190515 devstack@n-api.service[98384]: [pid: 98384|app: 0|req: 20/78] 199.19.213.200 () {62 vars in 1077 bytes} [Sat Aug 22 10:10:47 2026] GET /compute/v2.1/ => generated 393 bytes in 6 msecs (HTTP/1.1 200) 9 headers in 357 bytes (1 switches on core 0)
Aug 22 10:10:47.433175 np0000190515 devstack@n-api.service[98383]: DEBUG nova.api.openstack.wsgi [None req-95fdf0ff-a572-4274-940f-401226f1d090 demo demo] Calling method '>' {{(pid=98383) _process_stack /opt/stack/nova/nova/api/openstack/wsgi.py:551}}
Aug 22 10:10:47.467228 np0000190515 devstack@n-api.service[98383]: INFO nova.api.openstack.requestlog [None req-95fdf0ff-a572-4274-940f-401226f1d090 demo demo] 199.19.213.200 "GET /compute/v2.1/os-server-groups" status: 200 len: 21 microversion: 2.64 time: 0.033239
Aug 22 10:10:47.467228 np0000190515 devstack@n-api.service[98383]: [pid: 98383|app: 0|req: 20/79] 199.19.213.200 () {68 vars in 1412 bytes} [Sat Aug 22 10:10:47 2026] GET /compute/v2.1/os-server-groups => generated 21 bytes in 38 msecs (HTTP/1.1 200) 9 headers in 358 bytes (1 switches on core 0)
Aug 22 10:10:47.527601 np0000190515 devstack@n-api.service[98382]: DEBUG nova.api.openstack.wsgi [None req-de7dd683-034d-49e7-be65-f0f5bdae4c7a demo demo] Calling method '>' {{(pid=98382) _process_stack /opt/stack/nova/nova/api/openstack/wsgi.py:551}}
Aug 22 10:10:47.531203 np0000190515 devstack@n-api.service[98382]: INFO nova.api.openstack.requestlog [None req-de7dd683-034d-49e7-be65-f0f5bdae4c7a demo demo] 199.19.213.200 "GET /compute/v2.1" status: 200 len: 393 microversion: 2.1 time: 0.003894
Aug 22 10:10:47.531427 np0000190515 devstack@n-api.service[98382]: [pid: 98382|app: 0|req: 21/80] 199.19.213.200 () {62 vars in 1074 bytes} [Sat Aug 22 10:10:47 2026] GET /compute/v2.1 => generated 393 bytes in 4 msecs (HTTP/1.1 200) 9 headers in 357 bytes (1 switches on core 0)
Aug 22 10:10:47.569125 np0000190515 devstack@n-api.service[98385]: DEBUG nova.api.openstack.wsgi [None req-fc6c0efd-f265-4d8d-bb2d-f215fb3b15b2 admin admin] Calling method '>' {{(pid=98385) _process_stack /opt/stack/nova/nova/api/openstack/wsgi.py:551}}
Aug 22 10:10:47.575823 np0000190515 devstack@n-api.service[98385]: INFO nova.api.openstack.requestlog [None req-fc6c0efd-f265-4d8d-bb2d-f215fb3b15b2 admin admin] 199.19.213.200 "GET /compute/v2.1/" status: 200 len: 393 microversion: 2.1 time: 0.007434
Aug 22 10:10:47.576130 np0000190515 devstack@n-api.service[98385]: [pid: 98385|app: 0|req: 20/81] 199.19.213.200 () {62 vars in 1077 bytes} [Sat Aug 22 10:10:47 2026] GET /compute/v2.1/ => generated 393 bytes in 8 msecs (HTTP/1.1 200) 9 headers in 357 bytes (1 switches on core 0)
Aug 22 10:10:47.615780 np0000190515 devstack@n-api.service[98384]: DEBUG nova.api.openstack.wsgi [None req-36ebe20e-2525-4b77-a3a6-376bcaab51e8 demo demo] Action: 'create', calling method: >, body: {"server_group": {"name": "kube-9kt3w", "policy": "soft-anti-affinity"}} {{(pid=98384) _process_stack /opt/stack/nova/nova/api/openstack/wsgi.py:549}}
Aug 22 10:10:47.638845 np0000190515 devstack@n-api.service[98384]: DEBUG nova.quota [None req-36ebe20e-2525-4b77-a3a6-376bcaab51e8 demo demo] Getting quotas for project e73b907113a745d481bf8b9cc8d2814e. Resources: {'server_groups'} {{(pid=98384) _get_quotas /opt/stack/nova/nova/quota.py:389}}
Aug 22 10:10:47.644479 np0000190515 devstack@n-api.service[98384]: DEBUG nova.quota [None req-36ebe20e-2525-4b77-a3a6-376bcaab51e8 demo demo] Getting quotas for user 4293cd74505e4a58b373dbe39dd262e5 and project e73b907113a745d481bf8b9cc8d2814e. Resources: {'server_groups'} {{(pid=98384) _get_quotas /opt/stack/nova/nova/quota.py:379}}
Aug 22 10:10:47.705804 np0000190515 devstack@n-api.service[98384]: DEBUG nova.quota [None req-36ebe20e-2525-4b77-a3a6-376bcaab51e8 demo demo] Getting quotas for project e73b907113a745d481bf8b9cc8d2814e. Resources: {'server_groups'} {{(pid=98384) _get_quotas /opt/stack/nova/nova/quota.py:389}}
Aug 22 10:10:47.708180 np0000190515 devstack@n-api.service[98384]: DEBUG nova.quota [None req-36ebe20e-2525-4b77-a3a6-376bcaab51e8 demo demo] Getting quotas for user 4293cd74505e4a58b373dbe39dd262e5 and project e73b907113a745d481bf8b9cc8d2814e. Resources: {'server_groups'} {{(pid=98384) _get_quotas /opt/stack/nova/nova/quota.py:379}}
Aug 22 10:10:47.716296 np0000190515 devstack@n-api.service[98384]: INFO nova.api.openstack.requestlog [None req-36ebe20e-2525-4b77-a3a6-376bcaab51e8 demo demo] 199.19.213.200 "POST /compute/v2.1/os-server-groups" status: 200 len: 243 microversion: 2.64 time: 0.104370
Aug 22 10:10:47.716675 np0000190515 devstack@n-api.service[98384]: [pid: 98384|app: 0|req: 21/82] 199.19.213.200 () {72 vars in 1452 bytes} [Sat Aug 22 10:10:47 2026] POST /compute/v2.1/os-server-groups => generated 243 bytes in 105 msecs (HTTP/1.1 200) 9 headers in 359 bytes (1 switches on core 0)
Aug 22 10:10:47.763914 np0000190515 devstack@n-api.service[98383]: DEBUG nova.api.openstack.wsgi [None req-95fdf0ff-a572-4274-940f-401226f1d090 demo demo] Calling method '>' {{(pid=98383) _process_stack /opt/stack/nova/nova/api/openstack/wsgi.py:551}}
Aug 22 10:10:47.769991 np0000190515 devstack@n-api.service[98383]: INFO nova.api.openstack.requestlog [None req-95fdf0ff-a572-4274-940f-401226f1d090 demo demo] 199.19.213.200 "GET /compute/v2.1" status: 200 len: 393 microversion: 2.1 time: 0.006141
Aug 22 10:10:47.769991 np0000190515 devstack@n-api.service[98383]: [pid: 98383|app: 0|req: 21/83] 199.19.213.200 () {62 vars in 1074 bytes} [Sat Aug 22 10:10:47 2026] GET /compute/v2.1 => generated 393 bytes in 7 msecs (HTTP/1.1 200) 9 headers in 357 bytes (1 switches on core 0)
Aug 22 10:10:47.807130 np0000190515 devstack@n-api.service[98382]: DEBUG nova.api.openstack.wsgi [None req-de7dd683-034d-49e7-be65-f0f5bdae4c7a demo demo] Calling method '>' {{(pid=98382) _process_stack /opt/stack/nova/nova/api/openstack/wsgi.py:551}}
Aug 22 10:10:47.810972 np0000190515 devstack@n-api.service[98382]: INFO nova.api.openstack.requestlog [None req-de7dd683-034d-49e7-be65-f0f5bdae4c7a demo demo] 199.19.213.200 "GET /compute/v2.1/" status: 200 len: 393 microversion: 2.1 time: 0.004127
Aug 22 10:10:47.811196 np0000190515 devstack@n-api.service[98382]: [pid: 98382|app: 0|req: 22/84] 199.19.213.200 () {62 vars in 1077 bytes} [Sat Aug 22 10:10:47 2026] GET /compute/v2.1/ => generated 393 bytes in 5 msecs (HTTP/1.1 200) 9 headers in 357 bytes (1 switches on core 0)
Aug 22 10:10:47.847346 np0000190515 devstack@n-api.service[98385]: DEBUG nova.api.openstack.wsgi [None req-9140ab86-2231-40b8-b5be-6e1660616879 demo demo] Calling method '>' {{(pid=98385) _process_stack /opt/stack/nova/nova/api/openstack/wsgi.py:551}}
Aug 22 10:10:47.866640 np0000190515 devstack@n-api.service[98385]: INFO nova.api.openstack.requestlog [None req-9140ab86-2231-40b8-b5be-6e1660616879 demo demo] 199.19.213.200 "GET /compute/v2.1/os-server-groups" status: 200 len: 246 microversion: 2.64 time: 0.022986
Aug 22 10:10:47.866950 np0000190515 devstack@n-api.service[98385]: [pid: 98385|app: 0|req: 21/85] 199.19.213.200 () {68 vars in 1412 bytes} [Sat Aug 22 10:10:47 2026] GET /compute/v2.1/os-server-groups => generated 246 bytes in 24 msecs (HTTP/1.1 200) 9 headers in 359 bytes (1 switches on core 0)
Aug 22 10:10:47.911940 np0000190515 devstack@n-api.service[98384]: DEBUG nova.api.openstack.wsgi [None req-36ebe20e-2525-4b77-a3a6-376bcaab51e8 demo demo] Calling method '>' {{(pid=98384) _process_stack /opt/stack/nova/nova/api/openstack/wsgi.py:551}}
Aug 22 10:10:47.917374 np0000190515 devstack@n-api.service[98384]: INFO nova.api.openstack.requestlog [None req-36ebe20e-2525-4b77-a3a6-376bcaab51e8 demo demo] 199.19.213.200 "GET /compute/v2.1" status: 200 len: 393 microversion: 2.1 time: 0.005898
Aug 22 10:10:47.917789 np0000190515 devstack@n-api.service[98384]: [pid: 98384|app: 0|req: 22/86] 199.19.213.200 () {62 vars in 1074 bytes} [Sat Aug 22 10:10:47 2026] GET /compute/v2.1 => generated 393 bytes in 7 msecs (HTTP/1.1 200) 9 headers in 357 bytes (1 switches on core 0)
Aug 22 10:10:47.956819 np0000190515 devstack@n-api.service[98383]: DEBUG nova.api.openstack.wsgi [None req-95fdf0ff-a572-4274-940f-401226f1d090 demo demo] Calling method '>' {{(pid=98383) _process_stack /opt/stack/nova/nova/api/openstack/wsgi.py:551}}
Aug 22 10:10:47.960904 np0000190515 devstack@n-api.service[98383]: INFO nova.api.openstack.requestlog [None req-95fdf0ff-a572-4274-940f-401226f1d090 demo demo] 199.19.213.200 "GET /compute/v2.1/" status: 200 len: 393 microversion: 2.1 time: 0.005703
Aug 22 10:10:47.961130 np0000190515 devstack@n-api.service[98383]: [pid: 98383|app: 0|req: 22/87] 199.19.213.200 () {62 vars in 1077 bytes} [Sat Aug 22 10:10:47 2026] GET /compute/v2.1/ => generated 393 bytes in 6 msecs (HTTP/1.1 200) 9 headers in 357 bytes (1 switches on core 0)
Aug 22 10:10:47.999024 np0000190515 devstack@n-api.service[98382]: DEBUG nova.api.openstack.wsgi [None req-317d93f9-d619-4984-ae4e-411803f7caa3 demo demo] Action: 'create', calling method: >, body: {"server_group": {"name": "kube-9kt3w-default-worker", "policy": "soft-anti-affinity"}} {{(pid=98382) _process_stack /opt/stack/nova/nova/api/openstack/wsgi.py:549}}
Aug 22 10:10:48.027606 np0000190515 devstack@n-api.service[98382]: DEBUG nova.quota [None req-317d93f9-d619-4984-ae4e-411803f7caa3 demo demo] Getting quotas for project e73b907113a745d481bf8b9cc8d2814e. Resources: {'server_groups'} {{(pid=98382) _get_quotas /opt/stack/nova/nova/quota.py:389}}
Aug 22 10:10:48.032070 np0000190515 devstack@n-api.service[98382]: DEBUG nova.quota [None req-317d93f9-d619-4984-ae4e-411803f7caa3 demo demo] Getting quotas for user 4293cd74505e4a58b373dbe39dd262e5 and project e73b907113a745d481bf8b9cc8d2814e. Resources: {'server_groups'} {{(pid=98382) _get_quotas /opt/stack/nova/nova/quota.py:379}}
Aug 22 10:10:48.091813 np0000190515 devstack@n-api.service[98382]: DEBUG nova.quota [None req-317d93f9-d619-4984-ae4e-411803f7caa3 demo demo] Getting quotas for project e73b907113a745d481bf8b9cc8d2814e. Resources: {'server_groups'} {{(pid=98382) _get_quotas /opt/stack/nova/nova/quota.py:389}}
Aug 22 10:10:48.093790 np0000190515 devstack@n-api.service[98382]: DEBUG nova.quota [None req-317d93f9-d619-4984-ae4e-411803f7caa3 demo demo] Getting quotas for user 4293cd74505e4a58b373dbe39dd262e5 and project e73b907113a745d481bf8b9cc8d2814e. Resources: {'server_groups'} {{(pid=98382) _get_quotas /opt/stack/nova/nova/quota.py:379}}
Aug 22 10:10:48.101656 np0000190515 devstack@n-api.service[98382]: INFO nova.api.openstack.requestlog [None req-317d93f9-d619-4984-ae4e-411803f7caa3 demo demo] 199.19.213.200 "POST /compute/v2.1/os-server-groups" status: 200 len: 258 microversion: 2.64 time: 0.106348
Aug 22 10:10:48.101929 np0000190515 devstack@n-api.service[98382]: [pid: 98382|app: 0|req: 23/88] 199.19.213.200 () {72 vars in 1452 bytes} [Sat Aug 22 10:10:47 2026] POST /compute/v2.1/os-server-groups => generated 258 bytes in 107 msecs (HTTP/1.1 200) 9 headers in 359 bytes (1 switches on core 0)
Aug 22 10:10:51.086814 np0000190515 devstack@n-api.service[98385]: DEBUG nova.api.openstack.wsgi [None req-9140ab86-2231-40b8-b5be-6e1660616879 demo demo] Calling method '>' {{(pid=98385) _process_stack /opt/stack/nova/nova/api/openstack/wsgi.py:551}}
Aug 22 10:10:51.089335 np0000190515 devstack@n-api.service[98385]: INFO nova.api.openstack.requestlog [None req-9140ab86-2231-40b8-b5be-6e1660616879 demo demo] 199.19.213.200 "GET /compute/v2.1" status: 200 len: 393 microversion: 2.1 time: 0.002756
Aug 22 10:10:51.089518 np0000190515 devstack@n-api.service[98385]: [pid: 98385|app: 0|req: 22/89] 199.19.213.200 () {62 vars in 1074 bytes} [Sat Aug 22 10:10:51 2026] GET /compute/v2.1 => generated 393 bytes in 3 msecs (HTTP/1.1 200) 9 headers in 357 bytes (1 switches on core 0)
Aug 22 10:10:51.127033 np0000190515 devstack@n-api.service[98384]: DEBUG nova.api.openstack.wsgi [None req-36ebe20e-2525-4b77-a3a6-376bcaab51e8 demo demo] Calling method '>' {{(pid=98384) _process_stack /opt/stack/nova/nova/api/openstack/wsgi.py:551}}
Aug 22 10:10:51.133631 np0000190515 devstack@n-api.service[98384]: INFO nova.api.openstack.requestlog [None req-36ebe20e-2525-4b77-a3a6-376bcaab51e8 demo demo] 199.19.213.200 "GET /compute/v2.1/" status: 200 len: 393 microversion: 2.1 time: 0.007268
Aug 22 10:10:51.133805 np0000190515 devstack@n-api.service[98384]: [pid: 98384|app: 0|req: 23/90] 199.19.213.200 () {62 vars in 1077 bytes} [Sat Aug 22 10:10:51 2026] GET /compute/v2.1/ => generated 393 bytes in 8 msecs (HTTP/1.1 200) 9 headers in 357 bytes (1 switches on core 0)
Aug 22 10:10:51.173407 np0000190515 devstack@n-api.service[98383]: DEBUG nova.api.openstack.wsgi [None req-dbaa19fb-6576-492f-965a-d064710eb2d3 demo demo] Calling method '>' {{(pid=98383) _process_stack /opt/stack/nova/nova/api/openstack/wsgi.py:551}}
Aug 22 10:10:51.192291 np0000190515 devstack@n-api.service[98383]: INFO nova.api.openstack.requestlog [None req-dbaa19fb-6576-492f-965a-d064710eb2d3 demo demo] 199.19.213.200 "GET /compute/v2.1/flavors/detail?is_public=None" status: 200 len: 5262 microversion: 2.61 time: 0.022325
Aug 22 10:10:51.192607 np0000190515 devstack@n-api.service[98383]: [pid: 98383|app: 0|req: 23/91] 199.19.213.200 () {68 vars in 1435 bytes} [Sat Aug 22 10:10:51 2026] GET /compute/v2.1/flavors/detail?is_public=None => generated 5262 bytes in 23 msecs (HTTP/1.1 200) 9 headers in 360 bytes (1 switches on core 0)
Aug 22 10:10:51.240338 np0000190515 devstack@n-api.service[98382]: DEBUG nova.api.openstack.wsgi [None req-23776996-1bb4-4b25-b4bd-677da92c14be demo demo] Calling method '>' {{(pid=98382) _process_stack /opt/stack/nova/nova/api/openstack/wsgi.py:551}}
Aug 22 10:10:51.260483 np0000190515 devstack@n-api.service[98382]: INFO nova.api.openstack.requestlog [None req-23776996-1bb4-4b25-b4bd-677da92c14be demo demo] 199.19.213.200 "GET /compute/v2.1/flavors/detail?is_public=None" status: 200 len: 5262 microversion: 2.61 time: 0.023808
Aug 22 10:10:51.260773 np0000190515 devstack@n-api.service[98382]: [pid: 98382|app: 0|req: 24/92] 199.19.213.200 () {68 vars in 1435 bytes} [Sat Aug 22 10:10:51 2026] GET /compute/v2.1/flavors/detail?is_public=None => generated 5262 bytes in 24 msecs (HTTP/1.1 200) 9 headers in 360 bytes (1 switches on core 0)
Aug 22 10:10:51.421708 np0000190515 devstack@n-api.service[98385]: DEBUG nova.api.openstack.wsgi [None req-9140ab86-2231-40b8-b5be-6e1660616879 demo demo] Calling method '>' {{(pid=98385) _process_stack /opt/stack/nova/nova/api/openstack/wsgi.py:551}}
Aug 22 10:10:51.426830 np0000190515 devstack@n-api.service[98385]: INFO nova.api.openstack.requestlog [None req-9140ab86-2231-40b8-b5be-6e1660616879 demo demo] 199.19.213.200 "GET /compute/v2.1" status: 200 len: 393 microversion: 2.1 time: 0.005682
Aug 22 10:10:51.427095 np0000190515 devstack@n-api.service[98385]: [pid: 98385|app: 0|req: 23/93] 199.19.213.200 () {62 vars in 1074 bytes} [Sat Aug 22 10:10:51 2026] GET /compute/v2.1 => generated 393 bytes in 6 msecs (HTTP/1.1 200) 9 headers in 357 bytes (1 switches on core 0)
Aug 22 10:10:51.461448 np0000190515 devstack@n-api.service[98384]: DEBUG nova.api.openstack.wsgi [None req-36ebe20e-2525-4b77-a3a6-376bcaab51e8 demo demo] Calling method '>' {{(pid=98384) _process_stack /opt/stack/nova/nova/api/openstack/wsgi.py:551}}
Aug 22 10:10:51.467440 np0000190515 devstack@n-api.service[98384]: INFO nova.api.openstack.requestlog [None req-36ebe20e-2525-4b77-a3a6-376bcaab51e8 demo demo] 199.19.213.200 "GET /compute/v2.1/" status: 200 len: 393 microversion: 2.1 time: 0.006282
Aug 22 10:10:51.467839 np0000190515 devstack@n-api.service[98384]: [pid: 98384|app: 0|req: 24/94] 199.19.213.200 () {62 vars in 1077 bytes} [Sat Aug 22 10:10:51 2026] GET /compute/v2.1/ => generated 393 bytes in 7 msecs (HTTP/1.1 200) 9 headers in 357 bytes (1 switches on core 0)
Aug 22 10:10:51.507047 np0000190515 devstack@n-api.service[98383]: DEBUG nova.api.openstack.wsgi [None req-470f480d-3064-4d8b-81f3-ad7fc65f465c demo demo] Calling method '>' {{(pid=98383) _process_stack /opt/stack/nova/nova/api/openstack/wsgi.py:551}}
Aug 22 10:10:51.532624 np0000190515 devstack@n-api.service[98383]: INFO nova.api.openstack.requestlog [None req-470f480d-3064-4d8b-81f3-ad7fc65f465c demo demo] 199.19.213.200 "GET /compute/v2.1/flavors/detail?is_public=None" status: 200 len: 5262 microversion: 2.61 time: 0.028758
Aug 22 10:10:51.533296 np0000190515 devstack@n-api.service[98383]: [pid: 98383|app: 0|req: 24/95] 199.19.213.200 () {68 vars in 1435 bytes} [Sat Aug 22 10:10:51 2026] GET /compute/v2.1/flavors/detail?is_public=None => generated 5262 bytes in 30 msecs (HTTP/1.1 200) 9 headers in 360 bytes (1 switches on core 0)
Aug 22 10:10:57.711619 np0000190515 devstack@n-api.service[98384]: DEBUG dbcounter [-] [98384] Writing DB stats nova_cell0:SELECT=4 {{(pid=98384) stat_writer /opt/stack/data/venv/lib/python3.12/site-packages/dbcounter.py:115}}
Aug 22 10:10:57.713970 np0000190515 devstack@n-api.service[98384]: DEBUG dbcounter [-] [98384] Writing DB stats nova_api:SELECT=14,nova_api:INSERT=2 {{(pid=98384) stat_writer /opt/stack/data/venv/lib/python3.12/site-packages/dbcounter.py:115}}
Aug 22 10:10:57.863916 np0000190515 devstack@n-api.service[98385]: DEBUG dbcounter [-] [98385] Writing DB stats nova_api:SELECT=2 {{(pid=98385) stat_writer /opt/stack/data/venv/lib/python3.12/site-packages/dbcounter.py:115}}
Aug 22 10:10:58.097101 np0000190515 devstack@n-api.service[98382]: DEBUG dbcounter [-] [98382] Writing DB stats nova_cell0:SELECT=4 {{(pid=98382) stat_writer /opt/stack/data/venv/lib/python3.12/site-packages/dbcounter.py:115}}
Aug 22 10:11:01.247893 np0000190515 devstack@n-api.service[98382]: DEBUG dbcounter [-] [98382] Writing DB stats nova_api:SELECT=19,nova_api:INSERT=2 {{(pid=98382) stat_writer /opt/stack/data/venv/lib/python3.12/site-packages/dbcounter.py:115}}
Aug 22 10:11:01.513815 np0000190515 devstack@n-api.service[98383]: DEBUG dbcounter [-] [98383] Writing DB stats nova_api:SELECT=8 {{(pid=98383) stat_writer /opt/stack/data/venv/lib/python3.12/site-packages/dbcounter.py:115}}
Aug 22 10:11:13.335784 np0000190515 devstack@n-api.service[98382]: DEBUG nova.api.openstack.wsgi [None req-23776996-1bb4-4b25-b4bd-677da92c14be demo demo] Calling method '>' {{(pid=98382) _process_stack /opt/stack/nova/nova/api/openstack/wsgi.py:551}}
Aug 22 10:11:13.340358 np0000190515 devstack@n-api.service[98382]: INFO nova.api.openstack.requestlog [None req-23776996-1bb4-4b25-b4bd-677da92c14be demo demo] 172.18.0.2 "GET /compute/v2.1/" status: 200 len: 393 microversion: 2.1 time: 0.005069
Aug 22 10:11:13.340587 np0000190515 devstack@n-api.service[98382]: [pid: 98382|app: 0|req: 25/96] 199.19.213.200 () {64 vars in 1272 bytes} [Sat Aug 22 10:11:13 2026] GET /compute/v2.1/ => generated 393 bytes in 6 msecs (HTTP/1.1 200) 9 headers in 357 bytes (1 switches on core 0)
Aug 22 10:11:13.349629 np0000190515 devstack@n-api.service[98385]: DEBUG nova.api.openstack.wsgi [None req-886fabca-fac0-49f0-9d58-26ec98d92b7a demo demo] Calling method '>' {{(pid=98385) _process_stack /opt/stack/nova/nova/api/openstack/wsgi.py:551}}
Aug 22 10:11:13.352005 np0000190515 devstack@n-api.service[98385]: DEBUG oslo_concurrency.lockutils [None req-886fabca-fac0-49f0-9d58-26ec98d92b7a demo demo] Acquiring lock "00000000-0000-0000-0000-000000000000" by "nova.context.set_target_cell..get_or_set_cached_cell_and_set_connections" {{(pid=98385) inner /opt/stack/data/venv/lib/python3.12/site-packages/oslo_concurrency/lockutils.py:512}}
Aug 22 10:11:13.352309 np0000190515 devstack@n-api.service[98385]: DEBUG oslo_concurrency.lockutils [None req-886fabca-fac0-49f0-9d58-26ec98d92b7a demo demo] Lock "00000000-0000-0000-0000-000000000000" acquired by "nova.context.set_target_cell..get_or_set_cached_cell_and_set_connections" :: waited 0.000s {{(pid=98385) inner /opt/stack/data/venv/lib/python3.12/site-packages/oslo_concurrency/lockutils.py:525}}
Aug 22 10:11:13.352573 np0000190515 devstack@n-api.service[98385]: DEBUG oslo_concurrency.lockutils [None req-886fabca-fac0-49f0-9d58-26ec98d92b7a demo demo] Lock "00000000-0000-0000-0000-000000000000" "released" by "nova.context.set_target_cell..get_or_set_cached_cell_and_set_connections" :: held 0.000s {{(pid=98385) inner /opt/stack/data/venv/lib/python3.12/site-packages/oslo_concurrency/lockutils.py:544}}
Aug 22 10:11:13.353626 np0000190515 devstack@n-api.service[98385]: DEBUG oslo_concurrency.lockutils [None req-886fabca-fac0-49f0-9d58-26ec98d92b7a demo demo] Acquiring lock "0e394dbc-28c0-474e-8b21-257be11b1fea" by "nova.context.set_target_cell..get_or_set_cached_cell_and_set_connections" {{(pid=98385) inner /opt/stack/data/venv/lib/python3.12/site-packages/oslo_concurrency/lockutils.py:512}}
Aug 22 10:11:13.353829 np0000190515 devstack@n-api.service[98385]: DEBUG oslo_concurrency.lockutils [None req-886fabca-fac0-49f0-9d58-26ec98d92b7a demo demo] Lock "0e394dbc-28c0-474e-8b21-257be11b1fea" acquired by "nova.context.set_target_cell..get_or_set_cached_cell_and_set_connections" :: waited 0.000s {{(pid=98385) inner /opt/stack/data/venv/lib/python3.12/site-packages/oslo_concurrency/lockutils.py:525}}
Aug 22 10:11:13.354011 np0000190515 devstack@n-api.service[98385]: DEBUG oslo_concurrency.lockutils [None req-886fabca-fac0-49f0-9d58-26ec98d92b7a demo demo] Lock "0e394dbc-28c0-474e-8b21-257be11b1fea" "released" by "nova.context.set_target_cell..get_or_set_cached_cell_and_set_connections" :: held 0.000s {{(pid=98385) inner /opt/stack/data/venv/lib/python3.12/site-packages/oslo_concurrency/lockutils.py:544}}
Aug 22 10:11:13.425999 np0000190515 devstack@n-api.service[98385]: INFO nova.api.openstack.requestlog [None req-886fabca-fac0-49f0-9d58-26ec98d92b7a demo demo] 172.18.0.2 "GET /compute/v2.1/os-availability-zone" status: 200 len: 97 microversion: 2.38 time: 0.078554
Aug 22 10:11:13.426753 np0000190515 devstack@n-api.service[98385]: [pid: 98385|app: 0|req: 24/97] 199.19.213.200 () {68 vars in 1415 bytes} [Sat Aug 22 10:11:13 2026] GET /compute/v2.1/os-availability-zone => generated 97 bytes in 80 msecs (HTTP/1.1 200) 9 headers in 358 bytes (1 switches on core 0)
Aug 22 10:11:14.161350 np0000190515 devstack@n-api.service[98384]: DEBUG nova.api.openstack.wsgi [None req-36ebe20e-2525-4b77-a3a6-376bcaab51e8 demo demo] Calling method '>' {{(pid=98384) _process_stack /opt/stack/nova/nova/api/openstack/wsgi.py:551}}
Aug 22 10:11:14.166977 np0000190515 devstack@n-api.service[98384]: INFO nova.api.openstack.requestlog [None req-36ebe20e-2525-4b77-a3a6-376bcaab51e8 demo demo] 172.18.0.2 "GET /compute/v2.1/" status: 200 len: 393 microversion: 2.1 time: 0.006075
Aug 22 10:11:14.167417 np0000190515 devstack@n-api.service[98384]: [pid: 98384|app: 0|req: 25/98] 199.19.213.200 () {64 vars in 1272 bytes} [Sat Aug 22 10:11:14 2026] GET /compute/v2.1/ => generated 393 bytes in 7 msecs (HTTP/1.1 200) 9 headers in 357 bytes (1 switches on core 0)
Aug 22 10:11:14.176767 np0000190515 devstack@n-api.service[98383]: DEBUG nova.api.openstack.wsgi [None req-a3f006bf-922c-4960-9c93-2dafcdce08ee demo demo] Calling method '>' {{(pid=98383) _process_stack /opt/stack/nova/nova/api/openstack/wsgi.py:551}}
Aug 22 10:11:14.179837 np0000190515 devstack@n-api.service[98383]: DEBUG oslo_concurrency.lockutils [None req-a3f006bf-922c-4960-9c93-2dafcdce08ee demo demo] Acquiring lock "00000000-0000-0000-0000-000000000000" by "nova.context.set_target_cell..get_or_set_cached_cell_and_set_connections" {{(pid=98383) inner /opt/stack/data/venv/lib/python3.12/site-packages/oslo_concurrency/lockutils.py:512}}
Aug 22 10:11:14.180054 np0000190515 devstack@n-api.service[98383]: DEBUG oslo_concurrency.lockutils [None req-a3f006bf-922c-4960-9c93-2dafcdce08ee demo demo] Lock "00000000-0000-0000-0000-000000000000" acquired by "nova.context.set_target_cell..get_or_set_cached_cell_and_set_connections" :: waited 0.000s {{(pid=98383) inner /opt/stack/data/venv/lib/python3.12/site-packages/oslo_concurrency/lockutils.py:525}}
Aug 22 10:11:14.180230 np0000190515 devstack@n-api.service[98383]: DEBUG oslo_concurrency.lockutils [None req-a3f006bf-922c-4960-9c93-2dafcdce08ee demo demo] Lock "00000000-0000-0000-0000-000000000000" "released" by "nova.context.set_target_cell..get_or_set_cached_cell_and_set_connections" :: held 0.000s {{(pid=98383) inner /opt/stack/data/venv/lib/python3.12/site-packages/oslo_concurrency/lockutils.py:544}}
Aug 22 10:11:14.181265 np0000190515 devstack@n-api.service[98383]: DEBUG oslo_concurrency.lockutils [None req-a3f006bf-922c-4960-9c93-2dafcdce08ee demo demo] Acquiring lock "0e394dbc-28c0-474e-8b21-257be11b1fea" by "nova.context.set_target_cell..get_or_set_cached_cell_and_set_connections" {{(pid=98383) inner /opt/stack/data/venv/lib/python3.12/site-packages/oslo_concurrency/lockutils.py:512}}
Aug 22 10:11:14.181463 np0000190515 devstack@n-api.service[98383]: DEBUG oslo_concurrency.lockutils [None req-a3f006bf-922c-4960-9c93-2dafcdce08ee demo demo] Lock "0e394dbc-28c0-474e-8b21-257be11b1fea" acquired by "nova.context.set_target_cell..get_or_set_cached_cell_and_set_connections" :: waited 0.000s {{(pid=98383) inner /opt/stack/data/venv/lib/python3.12/site-packages/oslo_concurrency/lockutils.py:525}}
Aug 22 10:11:14.181663 np0000190515 devstack@n-api.service[98383]: DEBUG oslo_concurrency.lockutils [None req-a3f006bf-922c-4960-9c93-2dafcdce08ee demo demo] Lock "0e394dbc-28c0-474e-8b21-257be11b1fea" "released" by "nova.context.set_target_cell..get_or_set_cached_cell_and_set_connections" :: held 0.000s {{(pid=98383) inner /opt/stack/data/venv/lib/python3.12/site-packages/oslo_concurrency/lockutils.py:544}}
Aug 22 10:11:14.248184 np0000190515 devstack@n-api.service[98383]: INFO nova.api.openstack.requestlog [None req-a3f006bf-922c-4960-9c93-2dafcdce08ee demo demo] 172.18.0.2 "GET /compute/v2.1/os-availability-zone" status: 200 len: 97 microversion: 2.38 time: 0.074265
Aug 22 10:11:14.248905 np0000190515 devstack@n-api.service[98383]: [pid: 98383|app: 0|req: 25/99] 199.19.213.200 () {68 vars in 1415 bytes} [Sat Aug 22 10:11:14 2026] GET /compute/v2.1/os-availability-zone => generated 97 bytes in 75 msecs (HTTP/1.1 200) 9 headers in 358 bytes (2 switches on core 0)
Aug 22 10:11:20.082314 np0000190515 devstack@n-api.service[98382]: DEBUG nova.api.openstack.wsgi [None req-23776996-1bb4-4b25-b4bd-677da92c14be demo demo] Calling method '>' {{(pid=98382) _process_stack /opt/stack/nova/nova/api/openstack/wsgi.py:551}}
Aug 22 10:11:20.087416 np0000190515 devstack@n-api.service[98382]: INFO nova.api.openstack.requestlog [None req-23776996-1bb4-4b25-b4bd-677da92c14be demo demo] 172.18.0.2 "GET /compute/v2.1/" status: 200 len: 393 microversion: 2.1 time: 0.005658
Aug 22 10:11:20.087685 np0000190515 devstack@n-api.service[98382]: [pid: 98382|app: 0|req: 26/100] 199.19.213.200 () {64 vars in 1272 bytes} [Sat Aug 22 10:11:20 2026] GET /compute/v2.1/ => generated 393 bytes in 6 msecs (HTTP/1.1 200) 9 headers in 357 bytes (1 switches on core 0)
Aug 22 10:11:20.097733 np0000190515 devstack@n-api.service[98385]: DEBUG nova.api.openstack.wsgi [None req-578ee7cd-1310-4db7-99a7-dfddbdc139bd demo demo] Calling method '>' {{(pid=98385) _process_stack /opt/stack/nova/nova/api/openstack/wsgi.py:551}}
Aug 22 10:11:20.125897 np0000190515 devstack@n-api.service[98385]: INFO nova.api.openstack.requestlog [None req-578ee7cd-1310-4db7-99a7-dfddbdc139bd demo demo] 172.18.0.2 "GET /compute/v2.1/flavors/detail" status: 200 len: 4022 microversion: 2.38 time: 0.032677
Aug 22 10:11:20.126278 np0000190515 devstack@n-api.service[98385]: [pid: 98385|app: 0|req: 25/101] 199.19.213.200 () {68 vars in 1397 bytes} [Sat Aug 22 10:11:20 2026] GET /compute/v2.1/flavors/detail => generated 4022 bytes in 33 msecs (HTTP/1.1 200) 9 headers in 360 bytes (1 switches on core 0)
Aug 22 10:11:20.828658 np0000190515 devstack@n-api.service[98384]: DEBUG nova.api.openstack.wsgi [None req-36ebe20e-2525-4b77-a3a6-376bcaab51e8 demo demo] Calling method '>' {{(pid=98384) _process_stack /opt/stack/nova/nova/api/openstack/wsgi.py:551}}
Aug 22 10:11:20.833817 np0000190515 devstack@n-api.service[98384]: INFO nova.api.openstack.requestlog [None req-36ebe20e-2525-4b77-a3a6-376bcaab51e8 demo demo] 172.18.0.2 "GET /compute/v2.1/" status: 200 len: 393 microversion: 2.1 time: 0.005894
Aug 22 10:11:20.834229 np0000190515 devstack@n-api.service[98384]: [pid: 98384|app: 0|req: 26/102] 199.19.213.200 () {64 vars in 1272 bytes} [Sat Aug 22 10:11:20 2026] GET /compute/v2.1/ => generated 393 bytes in 7 msecs (HTTP/1.1 200) 9 headers in 357 bytes (1 switches on core 0)
Aug 22 10:11:20.841729 np0000190515 devstack@n-api.service[98383]: DEBUG nova.api.openstack.wsgi [None req-57079b91-0c17-43d8-b758-87b87dad48b9 demo demo] Calling method '>' {{(pid=98383) _process_stack /opt/stack/nova/nova/api/openstack/wsgi.py:551}}
Aug 22 10:11:20.844485 np0000190515 devstack@n-api.service[98383]: DEBUG nova.policy [None req-57079b91-0c17-43d8-b758-87b87dad48b9 demo demo] Policy check for os_compute_api:servers:allow_all_filters failed with credentials {'is_admin': False, 'user_id': '4293cd74505e4a58b373dbe39dd262e5', 'user_domain_id': 'default', 'system_scope': None, 'domain_id': None, 'project_id': 'e73b907113a745d481bf8b9cc8d2814e', 'project_domain_id': 'default', 'roles': ['load-balancer_member', 'member', 'reader', 'anotherrole'], 'is_admin_project': True, 'service_user_id': None, 'service_user_domain_id': None, 'service_project_id': None, 'service_project_domain_id': None, 'service_roles': []} {{(pid=98383) authorize /opt/stack/nova/nova/policy.py:202}}
Aug 22 10:11:20.844864 np0000190515 devstack@n-api.service[98383]: DEBUG nova.compute.api [None req-57079b91-0c17-43d8-b758-87b87dad48b9 demo demo] Searching by: {'name': '^kube-9kt3w-kwrwt-f82md$', 'deleted': False, 'project_id': 'e73b907113a745d481bf8b9cc8d2814e'} {{(pid=98383) get_all /opt/stack/nova/nova/compute/api.py:3110}}
Aug 22 10:11:20.850728 np0000190515 devstack@n-api.service[98383]: DEBUG oslo_concurrency.lockutils [None req-57079b91-0c17-43d8-b758-87b87dad48b9 demo demo] Acquiring lock "00000000-0000-0000-0000-000000000000" by "nova.context.set_target_cell..get_or_set_cached_cell_and_set_connections" {{(pid=98383) inner /opt/stack/data/venv/lib/python3.12/site-packages/oslo_concurrency/lockutils.py:512}}
Aug 22 10:11:20.851074 np0000190515 devstack@n-api.service[98383]: DEBUG oslo_concurrency.lockutils [None req-57079b91-0c17-43d8-b758-87b87dad48b9 demo demo] Lock "00000000-0000-0000-0000-000000000000" acquired by "nova.context.set_target_cell..get_or_set_cached_cell_and_set_connections" :: waited 0.000s {{(pid=98383) inner /opt/stack/data/venv/lib/python3.12/site-packages/oslo_concurrency/lockutils.py:525}}
Aug 22 10:11:20.851377 np0000190515 devstack@n-api.service[98383]: DEBUG oslo_concurrency.lockutils [None req-57079b91-0c17-43d8-b758-87b87dad48b9 demo demo] Lock "00000000-0000-0000-0000-000000000000" "released" by "nova.context.set_target_cell..get_or_set_cached_cell_and_set_connections" :: held 0.000s {{(pid=98383) inner /opt/stack/data/venv/lib/python3.12/site-packages/oslo_concurrency/lockutils.py:544}}
Aug 22 10:11:20.852582 np0000190515 devstack@n-api.service[98383]: DEBUG oslo_concurrency.lockutils [None req-57079b91-0c17-43d8-b758-87b87dad48b9 demo demo] Acquiring lock "0e394dbc-28c0-474e-8b21-257be11b1fea" by "nova.context.set_target_cell..get_or_set_cached_cell_and_set_connections" {{(pid=98383) inner /opt/stack/data/venv/lib/python3.12/site-packages/oslo_concurrency/lockutils.py:512}}
Aug 22 10:11:20.852910 np0000190515 devstack@n-api.service[98383]: DEBUG oslo_concurrency.lockutils [None req-57079b91-0c17-43d8-b758-87b87dad48b9 demo demo] Lock "0e394dbc-28c0-474e-8b21-257be11b1fea" acquired by "nova.context.set_target_cell..get_or_set_cached_cell_and_set_connections" :: waited 0.000s {{(pid=98383) inner /opt/stack/data/venv/lib/python3.12/site-packages/oslo_concurrency/lockutils.py:525}}
Aug 22 10:11:20.853224 np0000190515 devstack@n-api.service[98383]: DEBUG oslo_concurrency.lockutils [None req-57079b91-0c17-43d8-b758-87b87dad48b9 demo demo] Lock "0e394dbc-28c0-474e-8b21-257be11b1fea" "released" by "nova.context.set_target_cell..get_or_set_cached_cell_and_set_connections" :: held 0.000s {{(pid=98383) inner /opt/stack/data/venv/lib/python3.12/site-packages/oslo_concurrency/lockutils.py:544}}
Aug 22 10:11:20.919830 np0000190515 devstack@n-api.service[98383]: DEBUG oslo_concurrency.lockutils [None req-57079b91-0c17-43d8-b758-87b87dad48b9 demo demo] Acquiring lock "00000000-0000-0000-0000-000000000000" by "nova.context.set_target_cell..get_or_set_cached_cell_and_set_connections" {{(pid=98383) inner /opt/stack/data/venv/lib/python3.12/site-packages/oslo_concurrency/lockutils.py:512}}
Aug 22 10:11:20.920127 np0000190515 devstack@n-api.service[98383]: DEBUG oslo_concurrency.lockutils [None req-57079b91-0c17-43d8-b758-87b87dad48b9 demo demo] Lock "00000000-0000-0000-0000-000000000000" acquired by "nova.context.set_target_cell..get_or_set_cached_cell_and_set_connections" :: waited 0.000s {{(pid=98383) inner /opt/stack/data/venv/lib/python3.12/site-packages/oslo_concurrency/lockutils.py:525}}
Aug 22 10:11:20.920393 np0000190515 devstack@n-api.service[98383]: DEBUG oslo_concurrency.lockutils [None req-57079b91-0c17-43d8-b758-87b87dad48b9 demo demo] Lock "00000000-0000-0000-0000-000000000000" "released" by "nova.context.set_target_cell..get_or_set_cached_cell_and_set_connections" :: held 0.000s {{(pid=98383) inner /opt/stack/data/venv/lib/python3.12/site-packages/oslo_concurrency/lockutils.py:544}}
Aug 22 10:11:20.920859 np0000190515 devstack@n-api.service[98383]: DEBUG oslo_concurrency.lockutils [None req-57079b91-0c17-43d8-b758-87b87dad48b9 demo demo] Acquiring lock "0e394dbc-28c0-474e-8b21-257be11b1fea" by "nova.context.set_target_cell..get_or_set_cached_cell_and_set_connections" {{(pid=98383) inner /opt/stack/data/venv/lib/python3.12/site-packages/oslo_concurrency/lockutils.py:512}}
Aug 22 10:11:20.921162 np0000190515 devstack@n-api.service[98383]: DEBUG oslo_concurrency.lockutils [None req-57079b91-0c17-43d8-b758-87b87dad48b9 demo demo] Lock "0e394dbc-28c0-474e-8b21-257be11b1fea" acquired by "nova.context.set_target_cell..get_or_set_cached_cell_and_set_connections" :: waited 0.000s {{(pid=98383) inner /opt/stack/data/venv/lib/python3.12/site-packages/oslo_concurrency/lockutils.py:525}}
