2026-07-14 11:46:13.601 7 INFO placement.requestlog [None req-8bf9f06b-a19d-46af-b7df-a7b200043dbf c868d8a54ec6463db2fc2ea8e7fe5c31 14d7c241bc6b44e8b5f5c538bf577c0b - - 0b2bfe626f0b409ca93fa05c8ac6657d 0b2bfe626f0b409ca93fa05c8ac6657d] 10.0.0.216 "DELETE /resource_providers/cb3ba422-40f6-4a29-8657-da5a703522a0" status: 404 len: 246 microversion: 1.1 [pid: 7|app: 0|req: 398/793] 10.0.0.216 () {34 vars in 816 bytes} [Tue Jul 14 11:46:13 2026] DELETE /resource_providers/cb3ba422-40f6-4a29-8657-da5a703522a0 => generated 246 bytes in 9 msecs (HTTP/1.1 404) 6 headers in 231 bytes (1 switches on core 0)
2026-07-14 11:46:13.631 8 INFO placement.requestlog [None req-e97f8c22-ac4f-428f-b3d6-bd1b8cf3493d c868d8a54ec6463db2fc2ea8e7fe5c31 14d7c241bc6b44e8b5f5c538bf577c0b - - 0b2bfe626f0b409ca93fa05c8ac6657d 0b2bfe626f0b409ca93fa05c8ac6657d] 10.0.0.216 "GET /resource_providers/6e2cde55-8d8a-471c-b3bd-5b480cf067e7/aggregates" status: 404 len: 235 microversion: 1.1 [pid: 8|app: 0|req: 396/794] 10.0.0.216 () {32 vars in 816 bytes} [Tue Jul 14 11:46:13 2026] GET /resource_providers/6e2cde55-8d8a-471c-b3bd-5b480cf067e7/aggregates => generated 235 bytes in 11 msecs (HTTP/1.1 404) 5 headers in 202 bytes (1 switches on core 0)
2026-07-14 11:46:13.646 7 INFO placement.requestlog [None req-28467dee-a1be-4d7d-8308-988a21a940ac c868d8a54ec6463db2fc2ea8e7fe5c31 14d7c241bc6b44e8b5f5c538bf577c0b - - 0b2bfe626f0b409ca93fa05c8ac6657d 0b2bfe626f0b409ca93fa05c8ac6657d] 10.0.0.216 "GET /resource_providers/6e2cde55-8d8a-471c-b3bd-5b480cf067e7/aggregates" status: 404 len: 235 microversion: 1.1 [pid: 7|app: 0|req: 399/795] 10.0.0.216 () {32 vars in 816 bytes} [Tue Jul 14 11:46:13 2026] GET /resource_providers/6e2cde55-8d8a-471c-b3bd-5b480cf067e7/aggregates => generated 235 bytes in 10 msecs (HTTP/1.1 404) 5 headers in 202 bytes (1 switches on core 0)
2026-07-14 11:46:13.652 8 INFO placement.requestlog [None req-ccb0fdce-e34a-4ff3-913c-e285321ec55b c868d8a54ec6463db2fc2ea8e7fe5c31 14d7c241bc6b44e8b5f5c538bf577c0b - - 0b2bfe626f0b409ca93fa05c8ac6657d 0b2bfe626f0b409ca93fa05c8ac6657d] 10.0.0.216 "DELETE /resource_providers/6e2cde55-8d8a-471c-b3bd-5b480cf067e7" status: 404 len: 246 microversion: 1.1 [pid: 8|app: 0|req: 397/796] 10.0.0.216 () {34 vars in 816 bytes} [Tue Jul 14 11:46:13 2026] DELETE /resource_providers/6e2cde55-8d8a-471c-b3bd-5b480cf067e7 => generated 246 bytes in 13 msecs (HTTP/1.1 404) 6 headers in 231 bytes (1 switches on core 0)
2026-07-14 11:46:13.667 7 INFO placement.requestlog [None req-1b541548-e58e-445d-98d3-7eab88425a85 c868d8a54ec6463db2fc2ea8e7fe5c31 14d7c241bc6b44e8b5f5c538bf577c0b - - 0b2bfe626f0b409ca93fa05c8ac6657d 0b2bfe626f0b409ca93fa05c8ac6657d] 10.0.0.216 "DELETE /resource_providers/6e2cde55-8d8a-471c-b3bd-5b480cf067e7" status: 404 len: 246 microversion: 1.1 [pid: 7|app: 0|req: 400/797] 10.0.0.216 () {34 vars in 816 bytes} [Tue Jul 14 11:46:13 2026] DELETE /resource_providers/6e2cde55-8d8a-471c-b3bd-5b480cf067e7 => generated 246 bytes in 9 msecs (HTTP/1.1 404) 6 headers in 231 bytes (1 switches on core 0)
2026-07-14 11:46:13.673 8 INFO placement.requestlog [None req-1db78c3c-aadf-4d53-9d62-450fb62919a9 c868d8a54ec6463db2fc2ea8e7fe5c31 14d7c241bc6b44e8b5f5c538bf577c0b - - 0b2bfe626f0b409ca93fa05c8ac6657d 0b2bfe626f0b409ca93fa05c8ac6657d] 10.0.0.216 "GET /resource_providers/f9b2c511-e7ad-48b9-94a6-7e8051cf48b3/aggregates" status: 404 len: 235 microversion: 1.1 [pid: 8|app: 0|req: 398/798] 10.0.0.216 () {32 vars in 816 bytes} [Tue Jul 14 11:46:13 2026] GET /resource_providers/f9b2c511-e7ad-48b9-94a6-7e8051cf48b3/aggregates => generated 235 bytes in 11 msecs (HTTP/1.1 404) 5 headers in 202 bytes (1 switches on core 0)
2026-07-14 11:46:13.693 8 INFO placement.requestlog [None req-7ef42be7-a339-46ba-bdde-b5c0424623bf c868d8a54ec6463db2fc2ea8e7fe5c31 14d7c241bc6b44e8b5f5c538bf577c0b - - 0b2bfe626f0b409ca93fa05c8ac6657d 0b2bfe626f0b409ca93fa05c8ac6657d] 10.0.0.216 "DELETE /resource_providers/f9b2c511-e7ad-48b9-94a6-7e8051cf48b3" status: 404 len: 246 microversion: 1.1 [pid: 8|app: 0|req: 399/799] 10.0.0.216 () {34 vars in 816 bytes} [Tue Jul 14 11:46:13 2026] DELETE /resource_providers/f9b2c511-e7ad-48b9-94a6-7e8051cf48b3 => generated 246 bytes in 11 msecs (HTTP/1.1 404) 6 headers in 231 bytes (1 switches on core 0)
2026-07-14 11:46:13.695 7 INFO placement.requestlog [None req-84f17258-6abe-423c-a615-b5ad85ee1892 c868d8a54ec6463db2fc2ea8e7fe5c31 14d7c241bc6b44e8b5f5c538bf577c0b - - 0b2bfe626f0b409ca93fa05c8ac6657d 0b2bfe626f0b409ca93fa05c8ac6657d] 10.0.0.216 "GET /resource_providers/f9b2c511-e7ad-48b9-94a6-7e8051cf48b3/aggregates" status: 404 len: 235 microversion: 1.1 [pid: 7|app: 0|req: 401/800] 10.0.0.216 () {32 vars in 816 bytes} [Tue Jul 14 11:46:13 2026] GET /resource_providers/f9b2c511-e7ad-48b9-94a6-7e8051cf48b3/aggregates => generated 235 bytes in 12 msecs (HTTP/1.1 404) 5 headers in 202 bytes (1 switches on core 0)
2026-07-14 11:46:13.718 8 INFO placement.requestlog [None req-c6d05c98-6710-4540-b824-5c3c97f41d22 c868d8a54ec6463db2fc2ea8e7fe5c31 14d7c241bc6b44e8b5f5c538bf577c0b - - 0b2bfe626f0b409ca93fa05c8ac6657d 0b2bfe626f0b409ca93fa05c8ac6657d] 10.0.0.216 "DELETE /resource_providers/f9b2c511-e7ad-48b9-94a6-7e8051cf48b3" status: 404 len: 246 microversion: 1.1 [pid: 8|app: 0|req: 400/801] 10.0.0.216 () {34 vars in 816 bytes} [Tue Jul 14 11:46:13 2026] DELETE /resource_providers/f9b2c511-e7ad-48b9-94a6-7e8051cf48b3 => generated 246 bytes in 11 msecs (HTTP/1.1 404) 6 headers in 231 bytes (1 switches on core 0)
2026-07-14 11:46:15.611 7 INFO placement.requestlog [None req-c72658f7-38e6-4018-b7ce-7d4256cb7e3f c868d8a54ec6463db2fc2ea8e7fe5c31 14d7c241bc6b44e8b5f5c538bf577c0b - - 0b2bfe626f0b409ca93fa05c8ac6657d 0b2bfe626f0b409ca93fa05c8ac6657d] 10.0.0.216 "GET /resource_providers/778ab902-2fed-4367-b05c-3cfa7c56e049/aggregates" status: 404 len: 235 microversion: 1.1 [pid: 7|app: 0|req: 402/802] 10.0.0.216 () {32 vars in 816 bytes} [Tue Jul 14 11:46:15 2026] GET /resource_providers/778ab902-2fed-4367-b05c-3cfa7c56e049/aggregates => generated 235 bytes in 11 msecs (HTTP/1.1 404) 5 headers in 202 bytes (1 switches on core 0)
2026-07-14 11:46:15.629 8 INFO placement.requestlog [None req-7ab7c8e6-af72-4671-b03c-d5204c03f862 c868d8a54ec6463db2fc2ea8e7fe5c31 14d7c241bc6b44e8b5f5c538bf577c0b - - 0b2bfe626f0b409ca93fa05c8ac6657d 0b2bfe626f0b409ca93fa05c8ac6657d] 10.0.0.216 "GET /resource_providers/778ab902-2fed-4367-b05c-3cfa7c56e049/aggregates" status: 404 len: 235 microversion: 1.1 [pid: 8|app: 0|req: 401/803] 10.0.0.216 () {32 vars in 816 bytes} [Tue Jul 14 11:46:15 2026] GET /resource_providers/778ab902-2fed-4367-b05c-3cfa7c56e049/aggregates => generated 235 bytes in 14 msecs (HTTP/1.1 404) 5 headers in 202 bytes (1 switches on core 0)
2026-07-14 11:46:15.631 7 INFO placement.requestlog [None req-9a5268fa-e211-498d-9e47-6a2760a550b6 c868d8a54ec6463db2fc2ea8e7fe5c31 14d7c241bc6b44e8b5f5c538bf577c0b - - 0b2bfe626f0b409ca93fa05c8ac6657d 0b2bfe626f0b409ca93fa05c8ac6657d] 10.0.0.216 "DELETE /resource_providers/778ab902-2fed-4367-b05c-3cfa7c56e049" status: 404 len: 246 microversion: 1.1 [pid: 7|app: 0|req: 403/804] 10.0.0.216 () {34 vars in 816 bytes} [Tue Jul 14 11:46:15 2026] DELETE /resource_providers/778ab902-2fed-4367-b05c-3cfa7c56e049 => generated 246 bytes in 12 msecs (HTTP/1.1 404) 6 headers in 231 bytes (1 switches on core 0)
2026-07-14 11:46:15.658 8 INFO placement.requestlog [None req-d4405435-6b82-4148-8a37-9abf5d8dc697 c868d8a54ec6463db2fc2ea8e7fe5c31 14d7c241bc6b44e8b5f5c538bf577c0b - - 0b2bfe626f0b409ca93fa05c8ac6657d 0b2bfe626f0b409ca93fa05c8ac6657d] 10.0.0.216 "DELETE /resource_providers/778ab902-2fed-4367-b05c-3cfa7c56e049" status: 404 len: 246 microversion: 1.1 [pid: 8|app: 0|req: 402/805] 10.0.0.216 () {34 vars in 816 bytes} [Tue Jul 14 11:46:15 2026] DELETE /resource_providers/778ab902-2fed-4367-b05c-3cfa7c56e049 => generated 246 bytes in 15 msecs (HTTP/1.1 404) 6 headers in 231 bytes (1 switches on core 0)
2026-07-14 11:46:18.015 7 INFO placement.requestlog [None req-b1a99afd-3c7d-4040-a6d2-1145892c7bee - - - - - -] 10.0.0.122 "GET /" status: 200 len: 136 microversion: 1.0
2026-07-14 11:46:18.020 8 INFO placement.requestlog [None req-ff73f89d-cb7e-49c0-bc5d-2fb42f3d6222 - - - - - -] 10.0.0.122 "GET /" status: 200 len: 136 microversion: 1.0
2026-07-14 11:46:18.826 7 INFO placement.requestlog [None req-65c73643-175e-4d5d-868f-3c120d24d197 c868d8a54ec6463db2fc2ea8e7fe5c31 14d7c241bc6b44e8b5f5c538bf577c0b - - 0b2bfe626f0b409ca93fa05c8ac6657d 0b2bfe626f0b409ca93fa05c8ac6657d] 10.0.0.216 "GET /resource_providers/933c057f-3ea0-4407-9049-6e397f9c8a86/aggregates" status: 404 len: 235 microversion: 1.1 [pid: 7|app: 0|req: 405/808] 10.0.0.216 () {32 vars in 816 bytes} [Tue Jul 14 11:46:18 2026] GET /resource_providers/933c057f-3ea0-4407-9049-6e397f9c8a86/aggregates => generated 235 bytes in 17 msecs (HTTP/1.1 404) 5 headers in 202 bytes (1 switches on core 0)
2026-07-14 11:46:18.827 8 INFO placement.requestlog [None req-22b234b2-a0b4-40d3-9e02-fe0ad5c2416a c868d8a54ec6463db2fc2ea8e7fe5c31 14d7c241bc6b44e8b5f5c538bf577c0b - - 0b2bfe626f0b409ca93fa05c8ac6657d 0b2bfe626f0b409ca93fa05c8ac6657d] 10.0.0.216 "GET /resource_providers/933c057f-3ea0-4407-9049-6e397f9c8a86/aggregates" status: 404 len: 235 microversion: 1.1 [pid: 8|app: 0|req: 404/809] 10.0.0.216 () {32 vars in 816 bytes} [Tue Jul 14 11:46:18 2026] GET /resource_providers/933c057f-3ea0-4407-9049-6e397f9c8a86/aggregates => generated 235 bytes in 13 msecs (HTTP/1.1 404) 5 headers in 202 bytes (1 switches on core 0)
2026-07-14 11:46:18.852 8 INFO placement.requestlog [None req-d3d3e3a5-083d-465a-bb32-70bf6fee03de c868d8a54ec6463db2fc2ea8e7fe5c31 14d7c241bc6b44e8b5f5c538bf577c0b - - 0b2bfe626f0b409ca93fa05c8ac6657d 0b2bfe626f0b409ca93fa05c8ac6657d] 10.0.0.216 "DELETE /resource_providers/933c057f-3ea0-4407-9049-6e397f9c8a86" status: 404 len: 246 microversion: 1.1 [pid: 8|app: 0|req: 405/810] 10.0.0.216 () {34 vars in 816 bytes} [Tue Jul 14 11:46:18 2026] DELETE /resource_providers/933c057f-3ea0-4407-9049-6e397f9c8a86 => generated 246 bytes in 10 msecs (HTTP/1.1 404) 6 headers in 231 bytes (1 switches on core 0)
2026-07-14 11:46:18.856 7 INFO placement.requestlog [None req-2f76455c-8784-4f13-8abd-7561bb7b4e31 c868d8a54ec6463db2fc2ea8e7fe5c31 14d7c241bc6b44e8b5f5c538bf577c0b - - 0b2bfe626f0b409ca93fa05c8ac6657d 0b2bfe626f0b409ca93fa05c8ac6657d] 10.0.0.216 "DELETE /resource_providers/933c057f-3ea0-4407-9049-6e397f9c8a86" status: 404 len: 246 microversion: 1.1 [pid: 7|app: 0|req: 406/811] 10.0.0.216 () {34 vars in 816 bytes} [Tue Jul 14 11:46:18 2026] DELETE /resource_providers/933c057f-3ea0-4407-9049-6e397f9c8a86 => generated 246 bytes in 14 msecs (HTTP/1.1 404) 6 headers in 231 bytes (1 switches on core 0)
2026-07-14 11:46:20.510 7 INFO placement.requestlog [None req-b4810e22-ccaf-413f-afce-281528b2514f c868d8a54ec6463db2fc2ea8e7fe5c31 14d7c241bc6b44e8b5f5c538bf577c0b - - 0b2bfe626f0b409ca93fa05c8ac6657d 0b2bfe626f0b409ca93fa05c8ac6657d] 10.0.0.216 "GET /resource_providers/8163ba48-943c-470a-9904-58264ca61d5e/aggregates" status: 404 len: 235 microversion: 1.1 [pid: 7|app: 0|req: 407/812] 10.0.0.216 () {32 vars in 816 bytes} [Tue Jul 14 11:46:20 2026] GET /resource_providers/8163ba48-943c-470a-9904-58264ca61d5e/aggregates => generated 235 bytes in 10 msecs (HTTP/1.1 404) 5 headers in 202 bytes (1 switches on core 0)
2026-07-14 11:46:20.517 8 INFO placement.requestlog [None req-23dc457c-1918-433c-aa27-655fd0b2992e c868d8a54ec6463db2fc2ea8e7fe5c31 14d7c241bc6b44e8b5f5c538bf577c0b - - 0b2bfe626f0b409ca93fa05c8ac6657d 0b2bfe626f0b409ca93fa05c8ac6657d] 10.0.0.216 "GET /resource_providers/8163ba48-943c-470a-9904-58264ca61d5e/aggregates" status: 404 len: 235 microversion: 1.1 [pid: 8|app: 0|req: 406/813] 10.0.0.216 () {32 vars in 816 bytes} [Tue Jul 14 11:46:20 2026] GET /resource_providers/8163ba48-943c-470a-9904-58264ca61d5e/aggregates => generated 235 bytes in 17 msecs (HTTP/1.1 404) 5 headers in 202 bytes (1 switches on core 0)
2026-07-14 11:46:20.541 7 INFO placement.requestlog [None req-9a75891f-6d01-453d-98b8-579134bac17c c868d8a54ec6463db2fc2ea8e7fe5c31 14d7c241bc6b44e8b5f5c538bf577c0b - - 0b2bfe626f0b409ca93fa05c8ac6657d 0b2bfe626f0b409ca93fa05c8ac6657d] 10.0.0.216 "DELETE /resource_providers/8163ba48-943c-470a-9904-58264ca61d5e" status: 404 len: 246 microversion: 1.1 [pid: 7|app: 0|req: 408/814] 10.0.0.216 () {34 vars in 816 bytes} [Tue Jul 14 11:46:20 2026] DELETE /resource_providers/8163ba48-943c-470a-9904-58264ca61d5e => generated 246 bytes in 10 msecs (HTTP/1.1 404) 6 headers in 231 bytes (1 switches on core 0)
2026-07-14 11:46:20.543 8 INFO placement.requestlog [None req-8ba15932-a810-4f92-9c5b-1fc76ed7563d c868d8a54ec6463db2fc2ea8e7fe5c31 14d7c241bc6b44e8b5f5c538bf577c0b - - 0b2bfe626f0b409ca93fa05c8ac6657d 0b2bfe626f0b409ca93fa05c8ac6657d] 10.0.0.216 "DELETE /resource_providers/8163ba48-943c-470a-9904-58264ca61d5e" status: 404 len: 246 microversion: 1.1 [pid: 8|app: 0|req: 407/815] 10.0.0.216 () {34 vars in 816 bytes} [Tue Jul 14 11:46:20 2026] DELETE /resource_providers/8163ba48-943c-470a-9904-58264ca61d5e => generated 246 bytes in 11 msecs (HTTP/1.1 404) 6 headers in 231 bytes (1 switches on core 0)
2026-07-14 11:46:21.288 8 INFO placement.requestlog [None req-30388fe4-8a5f-4128-bdbf-07d43ca4036c c868d8a54ec6463db2fc2ea8e7fe5c31 14d7c241bc6b44e8b5f5c538bf577c0b - - 0b2bfe626f0b409ca93fa05c8ac6657d 0b2bfe626f0b409ca93fa05c8ac6657d] 10.0.0.216 "GET /resource_providers/bb54bf9b-3b3b-4da2-be60-8481b70c594d/aggregates" status: 404 len: 235 microversion: 1.1
2026-07-14 11:46:21.288 7 INFO placement.requestlog [None req-9cc349d9-115e-4f60-a419-aaee362ec856 c868d8a54ec6463db2fc2ea8e7fe5c31 14d7c241bc6b44e8b5f5c538bf577c0b - - 0b2bfe626f0b409ca93fa05c8ac6657d 0b2bfe626f0b409ca93fa05c8ac6657d] 10.0.0.216 "GET /resource_providers/bb54bf9b-3b3b-4da2-be60-8481b70c594d/aggregates" status: 404 len: 235 microversion: 1.1 [pid: 8|app: 0|req: 408/816] 10.0.0.216 () {32 vars in 816 bytes} [Tue Jul 14 11:46:21 2026] GET /resource_providers/bb54bf9b-3b3b-4da2-be60-8481b70c594d/aggregates => generated 235 bytes in 9 msecs (HTTP/1.1 404) 5 headers in 202 bytes (1 switches on core 0) [pid: 7|app: 0|req: 409/817] 10.0.0.216 () {32 vars in 816 bytes} [Tue Jul 14 11:46:21 2026] GET /resource_providers/bb54bf9b-3b3b-4da2-be60-8481b70c594d/aggregates => generated 235 bytes in 15 msecs (HTTP/1.1 404) 5 headers in 202 bytes (1 switches on core 0)
2026-07-14 11:46:21.311 8 INFO placement.requestlog [None req-a6dec24e-e714-471b-855d-c9d501290858 c868d8a54ec6463db2fc2ea8e7fe5c31 14d7c241bc6b44e8b5f5c538bf577c0b - - 0b2bfe626f0b409ca93fa05c8ac6657d 0b2bfe626f0b409ca93fa05c8ac6657d] 10.0.0.216 "DELETE /resource_providers/bb54bf9b-3b3b-4da2-be60-8481b70c594d" status: 404 len: 246 microversion: 1.1 [pid: 8|app: 0|req: 409/818] 10.0.0.216 () {34 vars in 816 bytes} [Tue Jul 14 11:46:21 2026] DELETE /resource_providers/bb54bf9b-3b3b-4da2-be60-8481b70c594d => generated 246 bytes in 10 msecs (HTTP/1.1 404) 6 headers in 231 bytes (1 switches on core 0)
2026-07-14 11:46:21.315 7 INFO placement.requestlog [None req-51dac8df-2d47-4f91-8132-e532f455dc5f c868d8a54ec6463db2fc2ea8e7fe5c31 14d7c241bc6b44e8b5f5c538bf577c0b - - 0b2bfe626f0b409ca93fa05c8ac6657d 0b2bfe626f0b409ca93fa05c8ac6657d] 10.0.0.216 "DELETE /resource_providers/bb54bf9b-3b3b-4da2-be60-8481b70c594d" status: 404 len: 246 microversion: 1.1 [pid: 7|app: 0|req: 410/819] 10.0.0.216 () {34 vars in 816 bytes} [Tue Jul 14 11:46:21 2026] DELETE /resource_providers/bb54bf9b-3b3b-4da2-be60-8481b70c594d => generated 246 bytes in 14 msecs (HTTP/1.1 404) 6 headers in 231 bytes (1 switches on core 0)
2026-07-14 11:46:22.566 7 INFO placement.requestlog [None req-a0071d1b-e2be-4ab2-9ccd-da4ddf4f7ea2 c868d8a54ec6463db2fc2ea8e7fe5c31 14d7c241bc6b44e8b5f5c538bf577c0b - - 0b2bfe626f0b409ca93fa05c8ac6657d 0b2bfe626f0b409ca93fa05c8ac6657d] 10.0.0.216 "GET /resource_providers/2156b8c8-589a-4d9c-8bbe-7b2298b4ec81/aggregates" status: 404 len: 235 microversion: 1.1 [pid: 7|app: 0|req: 411/820] 10.0.0.216 () {32 vars in 816 bytes} [Tue Jul 14 11:46:22 2026] GET /resource_providers/2156b8c8-589a-4d9c-8bbe-7b2298b4ec81/aggregates => generated 235 bytes in 12 msecs (HTTP/1.1 404) 5 headers in 202 bytes (1 switches on core 0)
2026-07-14 11:46:22.567 8 INFO placement.requestlog [None req-fef7f4d2-372d-432c-a4e3-0a26333e5d6d c868d8a54ec6463db2fc2ea8e7fe5c31 14d7c241bc6b44e8b5f5c538bf577c0b - - 0b2bfe626f0b409ca93fa05c8ac6657d 0b2bfe626f0b409ca93fa05c8ac6657d] 10.0.0.216 "GET /resource_providers/2156b8c8-589a-4d9c-8bbe-7b2298b4ec81/aggregates" status: 404 len: 235 microversion: 1.1 [pid: 8|app: 0|req: 410/821] 10.0.0.216 () {32 vars in 816 bytes} [Tue Jul 14 11:46:22 2026] GET /resource_providers/2156b8c8-589a-4d9c-8bbe-7b2298b4ec81/aggregates => generated 235 bytes in 13 msecs (HTTP/1.1 404) 5 headers in 202 bytes (1 switches on core 0)
2026-07-14 11:46:22.587 7 INFO placement.requestlog [None req-de470483-4529-41ce-9795-2341eb21eb0c c868d8a54ec6463db2fc2ea8e7fe5c31 14d7c241bc6b44e8b5f5c538bf577c0b - - 0b2bfe626f0b409ca93fa05c8ac6657d 0b2bfe626f0b409ca93fa05c8ac6657d] 10.0.0.216 "DELETE /resource_providers/2156b8c8-589a-4d9c-8bbe-7b2298b4ec81" status: 404 len: 246 microversion: 1.1 [pid: 7|app: 0|req: 412/822] 10.0.0.216 () {34 vars in 816 bytes} [Tue Jul 14 11:46:22 2026] DELETE /resource_providers/2156b8c8-589a-4d9c-8bbe-7b2298b4ec81 => generated 246 bytes in 9 msecs (HTTP/1.1 404) 6 headers in 231 bytes (1 switches on core 0)
2026-07-14 11:46:22.591 8 INFO placement.requestlog [None req-48389587-f5d5-4866-9cdc-db8aa66650e2 c868d8a54ec6463db2fc2ea8e7fe5c31 14d7c241bc6b44e8b5f5c538bf577c0b - - 0b2bfe626f0b409ca93fa05c8ac6657d 0b2bfe626f0b409ca93fa05c8ac6657d] 10.0.0.216 "DELETE /resource_providers/2156b8c8-589a-4d9c-8bbe-7b2298b4ec81" status: 404 len: 246 microversion: 1.1 [pid: 8|app: 0|req: 411/823] 10.0.0.216 () {34 vars in 816 bytes} [Tue Jul 14 11:46:22 2026] DELETE /resource_providers/2156b8c8-589a-4d9c-8bbe-7b2298b4ec81 => generated 246 bytes in 8 msecs (HTTP/1.1 404) 6 headers in 231 bytes (1 switches on core 0)
2026-07-14 11:46:22.610 8 INFO placement.requestlog [None req-bf386694-2857-4bd1-84d6-b06524ab2df4 c868d8a54ec6463db2fc2ea8e7fe5c31 14d7c241bc6b44e8b5f5c538bf577c0b - - 0b2bfe626f0b409ca93fa05c8ac6657d 0b2bfe626f0b409ca93fa05c8ac6657d] 10.0.0.216 "GET /resource_providers/c1d9ee45-5958-42d8-a903-312947f1af6e/aggregates" status: 404 len: 235 microversion: 1.1
2026-07-14 11:46:22.610 7 INFO placement.requestlog [None req-bebf9663-9d63-4dc5-9c14-e199c206a5b5 c868d8a54ec6463db2fc2ea8e7fe5c31 14d7c241bc6b44e8b5f5c538bf577c0b - - 0b2bfe626f0b409ca93fa05c8ac6657d 0b2bfe626f0b409ca93fa05c8ac6657d] 10.0.0.216 "GET /resource_providers/c1d9ee45-5958-42d8-a903-312947f1af6e/aggregates" status: 404 len: 235 microversion: 1.1 [pid: 8|app: 0|req: 412/824] 10.0.0.216 () {32 vars in 816 bytes} [Tue Jul 14 11:46:22 2026] GET /resource_providers/c1d9ee45-5958-42d8-a903-312947f1af6e/aggregates => generated 235 bytes in 9 msecs (HTTP/1.1 404) 5 headers in 202 bytes (1 switches on core 0) [pid: 7|app: 0|req: 413/825] 10.0.0.216 () {32 vars in 816 bytes} [Tue Jul 14 11:46:22 2026] GET /resource_providers/c1d9ee45-5958-42d8-a903-312947f1af6e/aggregates => generated 235 bytes in 10 msecs (HTTP/1.1 404) 5 headers in 202 bytes (1 switches on core 0)
2026-07-14 11:46:22.633 8 INFO placement.requestlog [None req-f3a60579-1e36-41f3-9278-cadc66120fcf c868d8a54ec6463db2fc2ea8e7fe5c31 14d7c241bc6b44e8b5f5c538bf577c0b - - 0b2bfe626f0b409ca93fa05c8ac6657d 0b2bfe626f0b409ca93fa05c8ac6657d] 10.0.0.216 "DELETE /resource_providers/c1d9ee45-5958-42d8-a903-312947f1af6e" status: 404 len: 246 microversion: 1.1 [pid: 8|app: 0|req: 413/826] 10.0.0.216 () {34 vars in 816 bytes} [Tue Jul 14 11:46:22 2026] DELETE /resource_providers/c1d9ee45-5958-42d8-a903-312947f1af6e => generated 246 bytes in 12 msecs (HTTP/1.1 404) 6 headers in 231 bytes (1 switches on core 0)
2026-07-14 11:46:22.635 7 INFO placement.requestlog [None req-4e96052d-80fa-4912-b90a-252b3fcc85bb c868d8a54ec6463db2fc2ea8e7fe5c31 14d7c241bc6b44e8b5f5c538bf577c0b - - 0b2bfe626f0b409ca93fa05c8ac6657d 0b2bfe626f0b409ca93fa05c8ac6657d] 10.0.0.216 "DELETE /resource_providers/c1d9ee45-5958-42d8-a903-312947f1af6e" status: 404 len: 246 microversion: 1.1 [pid: 7|app: 0|req: 414/827] 10.0.0.216 () {34 vars in 816 bytes} [Tue Jul 14 11:46:22 2026] DELETE /resource_providers/c1d9ee45-5958-42d8-a903-312947f1af6e => generated 246 bytes in 14 msecs (HTTP/1.1 404) 6 headers in 231 bytes (1 switches on core 0)
2026-07-14 11:46:24.368 8 INFO placement.requestlog [req-9bd9e3ff-ed53-4258-9cca-5561dcc5f501 req-a73455b1-61ce-4a08-ae1f-155eb1777b24 547f9a122a064f84a809d8bfaa797e01 14d7c241bc6b44e8b5f5c538bf577c0b - - 0b2bfe626f0b409ca93fa05c8ac6657d 0b2bfe626f0b409ca93fa05c8ac6657d] 10.0.0.19 "GET /allocation_candidates?limit=1000&resources=DISK_GB%3A1%2CMEMORY_MB%3A512%2CVCPU%3A1&root_required=%21COMPUTE_STATUS_DISABLED" status: 200 len: 2781 microversion: 1.36 [pid: 8|app: 0|req: 414/828] 10.0.0.19 () {34 vars in 1011 bytes} [Tue Jul 14 11:46:24 2026] GET /allocation_candidates?limit=1000&resources=DISK_GB%3A1%2CMEMORY_MB%3A512%2CVCPU%3A1&root_required=%21COMPUTE_STATUS_DISABLED => generated 2781 bytes in 56 msecs (HTTP/1.1 200) 8 headers in 297 bytes (1 switches on core 0)
2026-07-14 11:46:24.402 7 INFO placement.requestlog [req-9bd9e3ff-ed53-4258-9cca-5561dcc5f501 req-d237fe00-33d8-4f40-a938-a35d54eb26ce 547f9a122a064f84a809d8bfaa797e01 14d7c241bc6b44e8b5f5c538bf577c0b - - 0b2bfe626f0b409ca93fa05c8ac6657d 0b2bfe626f0b409ca93fa05c8ac6657d] 10.0.0.19 "GET /allocations/38b2c9a9-a6a3-4fd4-a77c-668e2a8ea4b9" status: 200 len: 19 microversion: 1.28 [pid: 7|app: 0|req: 415/829] 10.0.0.19 () {34 vars in 860 bytes} [Tue Jul 14 11:46:24 2026] GET /allocations/38b2c9a9-a6a3-4fd4-a77c-668e2a8ea4b9 => generated 19 bytes in 13 msecs (HTTP/1.1 200) 8 headers in 295 bytes (1 switches on core 0)
2026-07-14 11:46:24.521 8 INFO placement.requestlog [req-9bd9e3ff-ed53-4258-9cca-5561dcc5f501 req-9df6874a-86c2-4fd1-a959-7a2cb7cbe7b7 547f9a122a064f84a809d8bfaa797e01 14d7c241bc6b44e8b5f5c538bf577c0b - - 0b2bfe626f0b409ca93fa05c8ac6657d 0b2bfe626f0b409ca93fa05c8ac6657d] 10.0.0.19 "PUT /allocations/38b2c9a9-a6a3-4fd4-a77c-668e2a8ea4b9" status: 204 len: 0 microversion: 1.36 [pid: 8|app: 0|req: 415/830] 10.0.0.19 () {38 vars in 913 bytes} [Tue Jul 14 11:46:24 2026] PUT /allocations/38b2c9a9-a6a3-4fd4-a77c-668e2a8ea4b9 => generated 0 bytes in 112 msecs (HTTP/1.1 204) 5 headers in 199 bytes (1 switches on core 0)
2026-07-14 11:46:26.291 7 INFO placement.requestlog [req-9bd9e3ff-ed53-4258-9cca-5561dcc5f501 req-7d5fb30a-ee8b-41d3-ac26-1c2f79a0bf75 547f9a122a064f84a809d8bfaa797e01 14d7c241bc6b44e8b5f5c538bf577c0b - - 0b2bfe626f0b409ca93fa05c8ac6657d 0b2bfe626f0b409ca93fa05c8ac6657d] 199.204.45.77 "GET /allocations/38b2c9a9-a6a3-4fd4-a77c-668e2a8ea4b9" status: 200 len: 257 microversion: 1.28 [pid: 7|app: 0|req: 416/831] 199.204.45.77 () {34 vars in 862 bytes} [Tue Jul 14 11:46:25 2026] GET /allocations/38b2c9a9-a6a3-4fd4-a77c-668e2a8ea4b9 => generated 257 bytes in 301 msecs (HTTP/1.1 200) 8 headers in 296 bytes (1 switches on core 0)
2026-07-14 11:46:27.350 8 INFO placement.requestlog [req-9bd9e3ff-ed53-4258-9cca-5561dcc5f501 req-f1b0346d-003f-467f-a3ea-36e33b71876e 547f9a122a064f84a809d8bfaa797e01 14d7c241bc6b44e8b5f5c538bf577c0b - - 0b2bfe626f0b409ca93fa05c8ac6657d 0b2bfe626f0b409ca93fa05c8ac6657d] 199.204.45.77 "GET /resource_providers?in_tree=60787266-7048-4644-a6a5-aa68c92ac955" status: 200 len: 797 microversion: 1.14 [pid: 8|app: 0|req: 416/832] 199.204.45.77 () {34 vars in 891 bytes} [Tue Jul 14 11:46:27 2026] GET /resource_providers?in_tree=60787266-7048-4644-a6a5-aa68c92ac955 => generated 797 bytes in 30 msecs (HTTP/1.1 200) 6 headers in 225 bytes (1 switches on core 0)
2026-07-14 11:46:27.380 7 INFO placement.requestlog [req-9bd9e3ff-ed53-4258-9cca-5561dcc5f501 req-3a305075-6ab5-49cb-b1a4-e651c357dd3b 547f9a122a064f84a809d8bfaa797e01 14d7c241bc6b44e8b5f5c538bf577c0b - - 0b2bfe626f0b409ca93fa05c8ac6657d 0b2bfe626f0b409ca93fa05c8ac6657d] 199.204.45.77 "GET /resource_providers/60787266-7048-4644-a6a5-aa68c92ac955/inventories" status: 200 len: 400 microversion: 1.0 [pid: 7|app: 0|req: 417/833] 199.204.45.77 () {32 vars in 856 bytes} [Tue Jul 14 11:46:27 2026] GET /resource_providers/60787266-7048-4644-a6a5-aa68c92ac955/inventories => generated 400 bytes in 21 msecs (HTTP/1.1 200) 6 headers in 224 bytes (1 switches on core 0)
2026-07-14 11:46:27.402 8 INFO placement.requestlog [req-9bd9e3ff-ed53-4258-9cca-5561dcc5f501 req-a6398d9c-8ae2-45c7-bfde-8deb19143b76 547f9a122a064f84a809d8bfaa797e01 14d7c241bc6b44e8b5f5c538bf577c0b - - 0b2bfe626f0b409ca93fa05c8ac6657d 0b2bfe626f0b409ca93fa05c8ac6657d] 199.204.45.77 "GET /resource_providers/60787266-7048-4644-a6a5-aa68c92ac955/aggregates" status: 200 len: 53 microversion: 1.19 [pid: 8|app: 0|req: 417/834] 199.204.45.77 () {34 vars in 898 bytes} [Tue Jul 14 11:46:27 2026] GET /resource_providers/60787266-7048-4644-a6a5-aa68c92ac955/aggregates => generated 53 bytes in 15 msecs (HTTP/1.1 200) 8 headers in 295 bytes (1 switches on core 0)
2026-07-14 11:46:27.433 7 INFO placement.requestlog [req-9bd9e3ff-ed53-4258-9cca-5561dcc5f501 req-3320be6c-024b-4466-9c37-9412dace2ff7 547f9a122a064f84a809d8bfaa797e01 14d7c241bc6b44e8b5f5c538bf577c0b - - 0b2bfe626f0b409ca93fa05c8ac6657d 0b2bfe626f0b409ca93fa05c8ac6657d] 199.204.45.77 "GET /resource_providers/60787266-7048-4644-a6a5-aa68c92ac955/traits" status: 200 len: 2316 microversion: 1.6 [pid: 7|app: 0|req: 418/835] 199.204.45.77 () {34 vars in 889 bytes} [Tue Jul 14 11:46:27 2026] GET /resource_providers/60787266-7048-4644-a6a5-aa68c92ac955/traits => generated 2316 bytes in 24 msecs (HTTP/1.1 200) 6 headers in 225 bytes (1 switches on core 0)
2026-07-14 11:46:27.462 8 INFO placement.requestlog [req-9bd9e3ff-ed53-4258-9cca-5561dcc5f501 req-66508cbe-0741-481b-9c19-8e9c5ee36d6c 547f9a122a064f84a809d8bfaa797e01 14d7c241bc6b44e8b5f5c538bf577c0b - - 0b2bfe626f0b409ca93fa05c8ac6657d 0b2bfe626f0b409ca93fa05c8ac6657d] 199.204.45.77 "GET /resource_providers/60787266-7048-4644-a6a5-aa68c92ac955/allocations" status: 200 len: 152 microversion: 1.0 [pid: 8|app: 0|req: 418/836] 199.204.45.77 () {32 vars in 856 bytes} [Tue Jul 14 11:46:27 2026] GET /resource_providers/60787266-7048-4644-a6a5-aa68c92ac955/allocations => generated 152 bytes in 20 msecs (HTTP/1.1 200) 6 headers in 224 bytes (1 switches on core 0)
2026-07-14 11:46:27.484 7 INFO placement.requestlog [req-9bd9e3ff-ed53-4258-9cca-5561dcc5f501 req-71e59876-5d56-4509-99cc-1ca98fdc56b8 547f9a122a064f84a809d8bfaa797e01 14d7c241bc6b44e8b5f5c538bf577c0b - - 0b2bfe626f0b409ca93fa05c8ac6657d 0b2bfe626f0b409ca93fa05c8ac6657d] 199.204.45.77 "GET /allocations/38b2c9a9-a6a3-4fd4-a77c-668e2a8ea4b9" status: 200 len: 257 microversion: 1.28 [pid: 7|app: 0|req: 419/837] 199.204.45.77 () {34 vars in 862 bytes} [Tue Jul 14 11:46:27 2026] GET /allocations/38b2c9a9-a6a3-4fd4-a77c-668e2a8ea4b9 => generated 257 bytes in 16 msecs (HTTP/1.1 200) 8 headers in 296 bytes (1 switches on core 0)
2026-07-14 11:46:28.013 7 INFO placement.requestlog [None req-c0f4fd3c-82c4-44d7-a30e-37ae47f87ed6 - - - - - -] 10.0.0.122 "GET /" status: 200 len: 136 microversion: 1.0
2026-07-14 11:46:28.013 8 INFO placement.requestlog [None req-52026278-7cee-42eb-8bf2-37a41e0db40a - - - - - -] 10.0.0.122 "GET /" status: 200 len: 136 microversion: 1.0
2026-07-14 11:46:29.576 7 INFO placement.requestlog [req-4e686996-f09e-441e-a2e1-6869194b8439 req-2fca4ba8-b85d-4683-9fa0-e1be1617e736 547f9a122a064f84a809d8bfaa797e01 14d7c241bc6b44e8b5f5c538bf577c0b - - 0b2bfe626f0b409ca93fa05c8ac6657d 0b2bfe626f0b409ca93fa05c8ac6657d] 199.204.45.77 "GET /resource_providers/60787266-7048-4644-a6a5-aa68c92ac955/allocations" status: 200 len: 152 microversion: 1.0 [pid: 7|app: 0|req: 421/840] 199.204.45.77 () {32 vars in 856 bytes} [Tue Jul 14 11:46:29 2026] GET /resource_providers/60787266-7048-4644-a6a5-aa68c92ac955/allocations => generated 152 bytes in 17 msecs (HTTP/1.1 200) 6 headers in 224 bytes (1 switches on core 0)
2026-07-14 11:46:29.611 8 INFO placement.requestlog [req-4e686996-f09e-441e-a2e1-6869194b8439 req-438d4d52-6baa-49a4-aa71-71a9f6eb9949 547f9a122a064f84a809d8bfaa797e01 14d7c241bc6b44e8b5f5c538bf577c0b - - 0b2bfe626f0b409ca93fa05c8ac6657d 0b2bfe626f0b409ca93fa05c8ac6657d] 199.204.45.77 "GET /resource_providers/60787266-7048-4644-a6a5-aa68c92ac955/allocations" status: 200 len: 152 microversion: 1.0 [pid: 8|app: 0|req: 420/841] 199.204.45.77 () {32 vars in 856 bytes} [Tue Jul 14 11:46:29 2026] GET /resource_providers/60787266-7048-4644-a6a5-aa68c92ac955/allocations => generated 152 bytes in 27 msecs (HTTP/1.1 200) 6 headers in 224 bytes (1 switches on core 0)
2026-07-14 11:46:29.633 7 INFO placement.requestlog [req-4e686996-f09e-441e-a2e1-6869194b8439 req-506d0689-a7ce-4ea1-bdc5-127c78f46cbe 547f9a122a064f84a809d8bfaa797e01 14d7c241bc6b44e8b5f5c538bf577c0b - - 0b2bfe626f0b409ca93fa05c8ac6657d 0b2bfe626f0b409ca93fa05c8ac6657d] 199.204.45.77 "GET /allocations/38b2c9a9-a6a3-4fd4-a77c-668e2a8ea4b9" status: 200 len: 257 microversion: 1.28 [pid: 7|app: 0|req: 422/842] 199.204.45.77 () {34 vars in 862 bytes} [Tue Jul 14 11:46:29 2026] GET /allocations/38b2c9a9-a6a3-4fd4-a77c-668e2a8ea4b9 => generated 257 bytes in 13 msecs (HTTP/1.1 200) 8 headers in 296 bytes (1 switches on core 0)
2026-07-14 11:46:31.757 8 INFO placement.requestlog [None req-d52ca73f-bfb1-4e84-bf1f-1536574f128a c868d8a54ec6463db2fc2ea8e7fe5c31 14d7c241bc6b44e8b5f5c538bf577c0b - - 0b2bfe626f0b409ca93fa05c8ac6657d 0b2bfe626f0b409ca93fa05c8ac6657d] 10.0.0.216 "GET /resource_providers/fc03f9a7-0fa0-4027-b8b2-747ee1d2a631/aggregates" status: 404 len: 235 microversion: 1.1 [pid: 8|app: 0|req: 421/843] 10.0.0.216 () {32 vars in 816 bytes} [Tue Jul 14 11:46:31 2026] GET /resource_providers/fc03f9a7-0fa0-4027-b8b2-747ee1d2a631/aggregates => generated 235 bytes in 14 msecs (HTTP/1.1 404) 5 headers in 202 bytes (1 switches on core 0)
2026-07-14 11:46:31.767 7 INFO placement.requestlog [None req-6d1051f0-d811-49a9-ace9-8e3cf2c91677 c868d8a54ec6463db2fc2ea8e7fe5c31 14d7c241bc6b44e8b5f5c538bf577c0b - - 0b2bfe626f0b409ca93fa05c8ac6657d 0b2bfe626f0b409ca93fa05c8ac6657d] 10.0.0.216 "GET /resource_providers/fc03f9a7-0fa0-4027-b8b2-747ee1d2a631/aggregates" status: 404 len: 235 microversion: 1.1 [pid: 7|app: 0|req: 423/844] 10.0.0.216 () {32 vars in 816 bytes} [Tue Jul 14 11:46:31 2026] GET /resource_providers/fc03f9a7-0fa0-4027-b8b2-747ee1d2a631/aggregates => generated 235 bytes in 18 msecs (HTTP/1.1 404) 5 headers in 202 bytes (1 switches on core 0)
2026-07-14 11:46:31.774 8 INFO placement.requestlog [None req-96a9879a-e289-47c0-8bdd-f4d32a7ccb04 c868d8a54ec6463db2fc2ea8e7fe5c31 14d7c241bc6b44e8b5f5c538bf577c0b - - 0b2bfe626f0b409ca93fa05c8ac6657d 0b2bfe626f0b409ca93fa05c8ac6657d] 10.0.0.216 "DELETE /resource_providers/fc03f9a7-0fa0-4027-b8b2-747ee1d2a631" status: 404 len: 246 microversion: 1.1 [pid: 8|app: 0|req: 422/845] 10.0.0.216 () {34 vars in 816 bytes} [Tue Jul 14 11:46:31 2026] DELETE /resource_providers/fc03f9a7-0fa0-4027-b8b2-747ee1d2a631 => generated 246 bytes in 9 msecs (HTTP/1.1 404) 6 headers in 231 bytes (1 switches on core 0)
2026-07-14 11:46:31.806 7 INFO placement.requestlog [None req-3f6fc27c-06de-4329-bcff-7514520b96fa c868d8a54ec6463db2fc2ea8e7fe5c31 14d7c241bc6b44e8b5f5c538bf577c0b - - 0b2bfe626f0b409ca93fa05c8ac6657d 0b2bfe626f0b409ca93fa05c8ac6657d] 10.0.0.216 "DELETE /resource_providers/fc03f9a7-0fa0-4027-b8b2-747ee1d2a631" status: 404 len: 246 microversion: 1.1 [pid: 7|app: 0|req: 424/846] 10.0.0.216 () {34 vars in 816 bytes} [Tue Jul 14 11:46:31 2026] DELETE /resource_providers/fc03f9a7-0fa0-4027-b8b2-747ee1d2a631 => generated 246 bytes in 23 msecs (HTTP/1.1 404) 6 headers in 231 bytes (1 switches on core 0)
2026-07-14 11:46:33.795 8 INFO placement.requestlog [None req-a9d6f5dd-b383-4fbc-9fcc-bf74138461c6 c868d8a54ec6463db2fc2ea8e7fe5c31 14d7c241bc6b44e8b5f5c538bf577c0b - - 0b2bfe626f0b409ca93fa05c8ac6657d 0b2bfe626f0b409ca93fa05c8ac6657d] 10.0.0.216 "GET /resource_providers/69152423-b002-4c21-bc2c-67422df4b228/aggregates" status: 404 len: 235 microversion: 1.1 [pid: 8|app: 0|req: 423/847] 10.0.0.216 () {32 vars in 816 bytes} [Tue Jul 14 11:46:33 2026] GET /resource_providers/69152423-b002-4c21-bc2c-67422df4b228/aggregates => generated 235 bytes in 8 msecs (HTTP/1.1 404) 5 headers in 202 bytes (1 switches on core 0)
2026-07-14 11:46:33.838 7 INFO placement.requestlog [None req-a0f43864-d197-427f-ac41-90af8f4d99f8 c868d8a54ec6463db2fc2ea8e7fe5c31 14d7c241bc6b44e8b5f5c538bf577c0b - - 0b2bfe626f0b409ca93fa05c8ac6657d 0b2bfe626f0b409ca93fa05c8ac6657d] 10.0.0.216 "DELETE /resource_providers/69152423-b002-4c21-bc2c-67422df4b228" status: 404 len: 246 microversion: 1.1 [pid: 7|app: 0|req: 425/848] 10.0.0.216 () {34 vars in 816 bytes} [Tue Jul 14 11:46:33 2026] DELETE /resource_providers/69152423-b002-4c21-bc2c-67422df4b228 => generated 246 bytes in 18 msecs (HTTP/1.1 404) 6 headers in 231 bytes (1 switches on core 0)
2026-07-14 11:46:33.841 8 INFO placement.requestlog [None req-95780bf6-2b53-4a27-a1a7-9c453de6df24 c868d8a54ec6463db2fc2ea8e7fe5c31 14d7c241bc6b44e8b5f5c538bf577c0b - - 0b2bfe626f0b409ca93fa05c8ac6657d 0b2bfe626f0b409ca93fa05c8ac6657d] 10.0.0.216 "GET /resource_providers/69152423-b002-4c21-bc2c-67422df4b228/aggregates" status: 404 len: 235 microversion: 1.1 [pid: 8|app: 0|req: 424/849] 10.0.0.216 () {32 vars in 816 bytes} [Tue Jul 14 11:46:33 2026] GET /resource_providers/69152423-b002-4c21-bc2c-67422df4b228/aggregates => generated 235 bytes in 18 msecs (HTTP/1.1 404) 5 headers in 202 bytes (1 switches on core 0)
2026-07-14 11:46:33.867 7 INFO placement.requestlog [None req-4a01779f-0a75-49a6-89fe-36b5e30117c3 c868d8a54ec6463db2fc2ea8e7fe5c31 14d7c241bc6b44e8b5f5c538bf577c0b - - 0b2bfe626f0b409ca93fa05c8ac6657d 0b2bfe626f0b409ca93fa05c8ac6657d] 10.0.0.216 "DELETE /resource_providers/69152423-b002-4c21-bc2c-67422df4b228" status: 404 len: 246 microversion: 1.1 [pid: 7|app: 0|req: 426/850] 10.0.0.216 () {34 vars in 816 bytes} [Tue Jul 14 11:46:33 2026] DELETE /resource_providers/69152423-b002-4c21-bc2c-67422df4b228 => generated 246 bytes in 16 msecs (HTTP/1.1 404) 6 headers in 231 bytes (1 switches on core 0)
2026-07-14 11:46:35.108 8 INFO placement.requestlog [None req-bc504105-7b28-405e-8f7b-479067a901eb c868d8a54ec6463db2fc2ea8e7fe5c31 14d7c241bc6b44e8b5f5c538bf577c0b - - 0b2bfe626f0b409ca93fa05c8ac6657d 0b2bfe626f0b409ca93fa05c8ac6657d] 10.0.0.216 "GET /resource_providers/5deee656-4912-4dcf-9749-c1c59adb29fd/aggregates" status: 404 len: 235 microversion: 1.1 [pid: 8|app: 0|req: 425/851] 10.0.0.216 () {32 vars in 816 bytes} [Tue Jul 14 11:46:35 2026] GET /resource_providers/5deee656-4912-4dcf-9749-c1c59adb29fd/aggregates => generated 235 bytes in 19 msecs (HTTP/1.1 404) 5 headers in 202 bytes (1 switches on core 0)
2026-07-14 11:46:35.111 7 INFO placement.requestlog [None req-cec4a829-c8c6-46db-9442-353814951973 c868d8a54ec6463db2fc2ea8e7fe5c31 14d7c241bc6b44e8b5f5c538bf577c0b - - 0b2bfe626f0b409ca93fa05c8ac6657d 0b2bfe626f0b409ca93fa05c8ac6657d] 10.0.0.216 "GET /resource_providers/5deee656-4912-4dcf-9749-c1c59adb29fd/aggregates" status: 404 len: 235 microversion: 1.1 [pid: 7|app: 0|req: 427/852] 10.0.0.216 () {32 vars in 816 bytes} [Tue Jul 14 11:46:35 2026] GET /resource_providers/5deee656-4912-4dcf-9749-c1c59adb29fd/aggregates => generated 235 bytes in 13 msecs (HTTP/1.1 404) 5 headers in 202 bytes (1 switches on core 0)
2026-07-14 11:46:35.134 8 INFO placement.requestlog [None req-9dff59e7-75d4-4330-aca0-238e7636091d c868d8a54ec6463db2fc2ea8e7fe5c31 14d7c241bc6b44e8b5f5c538bf577c0b - - 0b2bfe626f0b409ca93fa05c8ac6657d 0b2bfe626f0b409ca93fa05c8ac6657d] 10.0.0.216 "DELETE /resource_providers/5deee656-4912-4dcf-9749-c1c59adb29fd" status: 404 len: 246 microversion: 1.1
2026-07-14 11:46:35.134 7 INFO placement.requestlog [None req-f3f0e091-9327-4ab8-9c87-40370371d4cb c868d8a54ec6463db2fc2ea8e7fe5c31 14d7c241bc6b44e8b5f5c538bf577c0b - - 0b2bfe626f0b409ca93fa05c8ac6657d 0b2bfe626f0b409ca93fa05c8ac6657d] 10.0.0.216 "DELETE /resource_providers/5deee656-4912-4dcf-9749-c1c59adb29fd" status: 404 len: 246 microversion: 1.1 [pid: 8|app: 0|req: 426/853] 10.0.0.216 () {34 vars in 816 bytes} [Tue Jul 14 11:46:35 2026] DELETE /resource_providers/5deee656-4912-4dcf-9749-c1c59adb29fd => generated 246 bytes in 16 msecs (HTTP/1.1 404) 6 headers in 231 bytes (1 switches on core 0) [pid: 7|app: 0|req: 428/854] 10.0.0.216 () {34 vars in 816 bytes} [Tue Jul 14 11:46:35 2026] DELETE /resource_providers/5deee656-4912-4dcf-9749-c1c59adb29fd => generated 246 bytes in 15 msecs (HTTP/1.1 404) 6 headers in 231 bytes (1 switches on core 0)
2026-07-14 11:46:35.868 8 INFO placement.requestlog [None req-90d73dfd-a4d8-4512-8b7b-4c0764bd9642 c868d8a54ec6463db2fc2ea8e7fe5c31 14d7c241bc6b44e8b5f5c538bf577c0b - - 0b2bfe626f0b409ca93fa05c8ac6657d 0b2bfe626f0b409ca93fa05c8ac6657d] 10.0.0.216 "GET /resource_providers/4045b326-c012-4d10-a784-c715f91de602/aggregates" status: 404 len: 235 microversion: 1.1 [pid: 8|app: 0|req: 427/855] 10.0.0.216 () {32 vars in 816 bytes} [Tue Jul 14 11:46:35 2026] GET /resource_providers/4045b326-c012-4d10-a784-c715f91de602/aggregates => generated 235 bytes in 11 msecs (HTTP/1.1 404) 5 headers in 202 bytes (1 switches on core 0)
2026-07-14 11:46:35.895 7 INFO placement.requestlog [None req-49d99285-d98a-4665-966f-46e33b3e6e15 c868d8a54ec6463db2fc2ea8e7fe5c31 14d7c241bc6b44e8b5f5c538bf577c0b - - 0b2bfe626f0b409ca93fa05c8ac6657d 0b2bfe626f0b409ca93fa05c8ac6657d] 10.0.0.216 "DELETE /resource_providers/4045b326-c012-4d10-a784-c715f91de602" status: 404 len: 246 microversion: 1.1 [pid: 7|app: 0|req: 429/856] 10.0.0.216 () {34 vars in 816 bytes} [Tue Jul 14 11:46:35 2026] DELETE /resource_providers/4045b326-c012-4d10-a784-c715f91de602 => generated 246 bytes in 11 msecs (HTTP/1.1 404) 6 headers in 231 bytes (1 switches on core 0)
2026-07-14 11:46:35.901 8 INFO placement.requestlog [None req-93102ea8-bf2a-4551-afe4-b242ea75a4b5 c868d8a54ec6463db2fc2ea8e7fe5c31 14d7c241bc6b44e8b5f5c538bf577c0b - - 0b2bfe626f0b409ca93fa05c8ac6657d 0b2bfe626f0b409ca93fa05c8ac6657d] 10.0.0.216 "GET /resource_providers/4045b326-c012-4d10-a784-c715f91de602/aggregates" status: 404 len: 235 microversion: 1.1 [pid: 8|app: 0|req: 428/857] 10.0.0.216 () {32 vars in 816 bytes} [Tue Jul 14 11:46:35 2026] GET /resource_providers/4045b326-c012-4d10-a784-c715f91de602/aggregates => generated 235 bytes in 14 msecs (HTTP/1.1 404) 5 headers in 202 bytes (1 switches on core 0)
2026-07-14 11:46:35.918 7 INFO placement.requestlog [None req-0d5220fa-e461-4c98-8c57-ebacfc31fd78 c868d8a54ec6463db2fc2ea8e7fe5c31 14d7c241bc6b44e8b5f5c538bf577c0b - - 0b2bfe626f0b409ca93fa05c8ac6657d 0b2bfe626f0b409ca93fa05c8ac6657d] 10.0.0.216 "GET /resource_providers/b68cd00b-9b07-46f2-8ac4-ed69cb42453b/aggregates" status: 404 len: 235 microversion: 1.1 [pid: 7|app: 0|req: 430/858] 10.0.0.216 () {32 vars in 816 bytes} [Tue Jul 14 11:46:35 2026] GET /resource_providers/b68cd00b-9b07-46f2-8ac4-ed69cb42453b/aggregates => generated 235 bytes in 10 msecs (HTTP/1.1 404) 5 headers in 202 bytes (1 switches on core 0)
2026-07-14 11:46:35.921 8 INFO placement.requestlog [None req-e93870a7-aa54-467a-a096-3dc9221f67a9 c868d8a54ec6463db2fc2ea8e7fe5c31 14d7c241bc6b44e8b5f5c538bf577c0b - - 0b2bfe626f0b409ca93fa05c8ac6657d 0b2bfe626f0b409ca93fa05c8ac6657d] 10.0.0.216 "DELETE /resource_providers/4045b326-c012-4d10-a784-c715f91de602" status: 404 len: 246 microversion: 1.1 [pid: 8|app: 0|req: 429/859] 10.0.0.216 () {34 vars in 816 bytes} [Tue Jul 14 11:46:35 2026] DELETE /resource_providers/4045b326-c012-4d10-a784-c715f91de602 => generated 246 bytes in 11 msecs (HTTP/1.1 404) 6 headers in 231 bytes (1 switches on core 0)
2026-07-14 11:46:35.939 7 INFO placement.requestlog [None req-ef52050c-e070-4b23-ae7b-b3303ff8dd82 c868d8a54ec6463db2fc2ea8e7fe5c31 14d7c241bc6b44e8b5f5c538bf577c0b - - 0b2bfe626f0b409ca93fa05c8ac6657d 0b2bfe626f0b409ca93fa05c8ac6657d] 10.0.0.216 "DELETE /resource_providers/b68cd00b-9b07-46f2-8ac4-ed69cb42453b" status: 404 len: 246 microversion: 1.1 [pid: 7|app: 0|req: 431/860] 10.0.0.216 () {34 vars in 816 bytes} [Tue Jul 14 11:46:35 2026] DELETE /resource_providers/b68cd00b-9b07-46f2-8ac4-ed69cb42453b => generated 246 bytes in 9 msecs (HTTP/1.1 404) 6 headers in 231 bytes (1 switches on core 0)
2026-07-14 11:46:35.942 8 INFO placement.requestlog [None req-3f03ef05-0075-428a-8e69-0be0488bff8b c868d8a54ec6463db2fc2ea8e7fe5c31 14d7c241bc6b44e8b5f5c538bf577c0b - - 0b2bfe626f0b409ca93fa05c8ac6657d 0b2bfe626f0b409ca93fa05c8ac6657d] 10.0.0.216 "GET /resource_providers/b68cd00b-9b07-46f2-8ac4-ed69cb42453b/aggregates" status: 404 len: 235 microversion: 1.1 [pid: 8|app: 0|req: 430/861] 10.0.0.216 () {32 vars in 816 bytes} [Tue Jul 14 11:46:35 2026] GET /resource_providers/b68cd00b-9b07-46f2-8ac4-ed69cb42453b/aggregates => generated 235 bytes in 10 msecs (HTTP/1.1 404) 5 headers in 202 bytes (1 switches on core 0)
2026-07-14 11:46:35.962 7 INFO placement.requestlog [None req-2b3a7fec-b304-47ce-a8c5-c1ee065359f2 c868d8a54ec6463db2fc2ea8e7fe5c31 14d7c241bc6b44e8b5f5c538bf577c0b - - 0b2bfe626f0b409ca93fa05c8ac6657d 0b2bfe626f0b409ca93fa05c8ac6657d] 10.0.0.216 "DELETE /resource_providers/b68cd00b-9b07-46f2-8ac4-ed69cb42453b" status: 404 len: 246 microversion: 1.1 [pid: 7|app: 0|req: 432/862] 10.0.0.216 () {34 vars in 816 bytes} [Tue Jul 14 11:46:35 2026] DELETE /resource_providers/b68cd00b-9b07-46f2-8ac4-ed69cb42453b => generated 246 bytes in 10 msecs (HTTP/1.1 404) 6 headers in 231 bytes (1 switches on core 0)
2026-07-14 11:46:36.774 8 INFO placement.requestlog [req-9bd9e3ff-ed53-4258-9cca-5561dcc5f501 req-db0ef4b6-f96f-4e3a-8fcc-64c15b88c721 547f9a122a064f84a809d8bfaa797e01 14d7c241bc6b44e8b5f5c538bf577c0b - - 0b2bfe626f0b409ca93fa05c8ac6657d 0b2bfe626f0b409ca93fa05c8ac6657d] 199.204.45.77 "GET /resource_providers/60787266-7048-4644-a6a5-aa68c92ac955/allocations" status: 200 len: 152 microversion: 1.0 [pid: 8|app: 0|req: 431/863] 199.204.45.77 () {32 vars in 856 bytes} [Tue Jul 14 11:46:36 2026] GET /resource_providers/60787266-7048-4644-a6a5-aa68c92ac955/allocations => generated 152 bytes in 17 msecs (HTTP/1.1 200) 6 headers in 224 bytes (1 switches on core 0)
2026-07-14 11:46:36.793 7 INFO placement.requestlog [req-9bd9e3ff-ed53-4258-9cca-5561dcc5f501 req-c75a8070-bafa-4715-8845-29dc09dc5c99 547f9a122a064f84a809d8bfaa797e01 14d7c241bc6b44e8b5f5c538bf577c0b - - 0b2bfe626f0b409ca93fa05c8ac6657d 0b2bfe626f0b409ca93fa05c8ac6657d] 199.204.45.77 "GET /allocations/38b2c9a9-a6a3-4fd4-a77c-668e2a8ea4b9" status: 200 len: 257 microversion: 1.28 [pid: 7|app: 0|req: 433/864] 199.204.45.77 () {34 vars in 862 bytes} [Tue Jul 14 11:46:36 2026] GET /allocations/38b2c9a9-a6a3-4fd4-a77c-668e2a8ea4b9 => generated 257 bytes in 11 msecs (HTTP/1.1 200) 8 headers in 296 bytes (1 switches on core 0)
2026-07-14 11:46:37.973 8 INFO placement.requestlog [None req-42a495d3-cdc2-4a56-9a01-83695efae6ca c868d8a54ec6463db2fc2ea8e7fe5c31 14d7c241bc6b44e8b5f5c538bf577c0b - - 0b2bfe626f0b409ca93fa05c8ac6657d 0b2bfe626f0b409ca93fa05c8ac6657d] 10.0.0.216 "GET /resource_providers/e35d59a3-2e5d-4356-a38c-20482a03873c/aggregates" status: 404 len: 235 microversion: 1.1 [pid: 8|app: 0|req: 432/865] 10.0.0.216 () {32 vars in 816 bytes} [Tue Jul 14 11:46:37 2026] GET /resource_providers/e35d59a3-2e5d-4356-a38c-20482a03873c/aggregates => generated 235 bytes in 20 msecs (HTTP/1.1 404) 5 headers in 202 bytes (1 switches on core 0)
2026-07-14 11:46:37.998 7 INFO placement.requestlog [None req-54e75992-3c99-483a-b173-5e32d6b0f727 c868d8a54ec6463db2fc2ea8e7fe5c31 14d7c241bc6b44e8b5f5c538bf577c0b - - 0b2bfe626f0b409ca93fa05c8ac6657d 0b2bfe626f0b409ca93fa05c8ac6657d] 10.0.0.216 "GET /resource_providers/e35d59a3-2e5d-4356-a38c-20482a03873c/aggregates" status: 404 len: 235 microversion: 1.1 [pid: 7|app: 0|req: 434/866] 10.0.0.216 () {32 vars in 816 bytes} [Tue Jul 14 11:46:37 2026] GET /resource_providers/e35d59a3-2e5d-4356-a38c-20482a03873c/aggregates => generated 235 bytes in 11 msecs (HTTP/1.1 404) 5 headers in 202 bytes (1 switches on core 0)
2026-07-14 11:46:38.001 8 INFO placement.requestlog [None req-e5199b2c-542a-4fd4-9b7a-2e1bc454ebc4 c868d8a54ec6463db2fc2ea8e7fe5c31 14d7c241bc6b44e8b5f5c538bf577c0b - - 0b2bfe626f0b409ca93fa05c8ac6657d 0b2bfe626f0b409ca93fa05c8ac6657d] 10.0.0.216 "DELETE /resource_providers/e35d59a3-2e5d-4356-a38c-20482a03873c" status: 404 len: 246 microversion: 1.1 [pid: 8|app: 0|req: 433/867] 10.0.0.216 () {34 vars in 816 bytes} [Tue Jul 14 11:46:37 2026] DELETE /resource_providers/e35d59a3-2e5d-4356-a38c-20482a03873c => generated 246 bytes in 13 msecs (HTTP/1.1 404) 6 headers in 231 bytes (1 switches on core 0)
2026-07-14 11:46:38.012 8 INFO placement.requestlog [None req-1acb8ef4-45e9-4e8b-bc8e-c45d8516ba23 - - - - - -] 10.0.0.122 "GET /" status: 200 len: 136 microversion: 1.0
2026-07-14 11:46:38.012 7 INFO placement.requestlog [None req-45a06695-6eba-468c-93c2-cc2a3cb012a4 - - - - - -] 10.0.0.122 "GET /" status: 200 len: 136 microversion: 1.0
2026-07-14 11:46:38.022 8 INFO placement.requestlog [None req-c22cfc1f-40f6-4ec0-8a25-72f9053df969 c868d8a54ec6463db2fc2ea8e7fe5c31 14d7c241bc6b44e8b5f5c538bf577c0b - - 0b2bfe626f0b409ca93fa05c8ac6657d 0b2bfe626f0b409ca93fa05c8ac6657d] 10.0.0.216 "DELETE /resource_providers/e35d59a3-2e5d-4356-a38c-20482a03873c" status: 404 len: 246 microversion: 1.1 [pid: 8|app: 0|req: 435/870] 10.0.0.216 () {34 vars in 816 bytes} [Tue Jul 14 11:46:38 2026] DELETE /resource_providers/e35d59a3-2e5d-4356-a38c-20482a03873c => generated 246 bytes in 9 msecs (HTTP/1.1 404) 6 headers in 231 bytes (1 switches on core 0)
2026-07-14 11:46:40.030 7 INFO placement.requestlog [None req-766eb090-d026-469b-a09e-3e2b8818f57d c868d8a54ec6463db2fc2ea8e7fe5c31 14d7c241bc6b44e8b5f5c538bf577c0b - - 0b2bfe626f0b409ca93fa05c8ac6657d 0b2bfe626f0b409ca93fa05c8ac6657d] 10.0.0.216 "GET /resource_providers/66ce0edc-677d-49af-9c4e-2e5ca3a0ff66/aggregates" status: 404 len: 235 microversion: 1.1 [pid: 7|app: 0|req: 436/871] 10.0.0.216 () {32 vars in 816 bytes} [Tue Jul 14 11:46:40 2026] GET /resource_providers/66ce0edc-677d-49af-9c4e-2e5ca3a0ff66/aggregates => generated 235 bytes in 10 msecs (HTTP/1.1 404) 5 headers in 202 bytes (1 switches on core 0)
2026-07-14 11:46:40.045 8 INFO placement.requestlog [None req-4505e886-3c7d-464d-8201-8fdc5815c16e c868d8a54ec6463db2fc2ea8e7fe5c31 14d7c241bc6b44e8b5f5c538bf577c0b - - 0b2bfe626f0b409ca93fa05c8ac6657d 0b2bfe626f0b409ca93fa05c8ac6657d] 10.0.0.216 "GET /resource_providers/66ce0edc-677d-49af-9c4e-2e5ca3a0ff66/aggregates" status: 404 len: 235 microversion: 1.1 [pid: 8|app: 0|req: 436/872] 10.0.0.216 () {32 vars in 816 bytes} [Tue Jul 14 11:46:40 2026] GET /resource_providers/66ce0edc-677d-49af-9c4e-2e5ca3a0ff66/aggregates => generated 235 bytes in 10 msecs (HTTP/1.1 404) 5 headers in 202 bytes (1 switches on core 0)
2026-07-14 11:46:40.050 7 INFO placement.requestlog [None req-71abec5f-120f-4cd7-a074-ac56c29160c4 c868d8a54ec6463db2fc2ea8e7fe5c31 14d7c241bc6b44e8b5f5c538bf577c0b - - 0b2bfe626f0b409ca93fa05c8ac6657d 0b2bfe626f0b409ca93fa05c8ac6657d] 10.0.0.216 "DELETE /resource_providers/66ce0edc-677d-49af-9c4e-2e5ca3a0ff66" status: 404 len: 246 microversion: 1.1 [pid: 7|app: 0|req: 437/873] 10.0.0.216 () {34 vars in 816 bytes} [Tue Jul 14 11:46:40 2026] DELETE /resource_providers/66ce0edc-677d-49af-9c4e-2e5ca3a0ff66 => generated 246 bytes in 12 msecs (HTTP/1.1 404) 6 headers in 231 bytes (1 switches on core 0)
2026-07-14 11:46:40.065 8 INFO placement.requestlog [None req-cdf278bb-e405-4386-8d4a-a8ddfc4e7d7c c868d8a54ec6463db2fc2ea8e7fe5c31 14d7c241bc6b44e8b5f5c538bf577c0b - - 0b2bfe626f0b409ca93fa05c8ac6657d 0b2bfe626f0b409ca93fa05c8ac6657d] 10.0.0.216 "DELETE /resource_providers/66ce0edc-677d-49af-9c4e-2e5ca3a0ff66" status: 404 len: 246 microversion: 1.1 [pid: 8|app: 0|req: 437/874] 10.0.0.216 () {34 vars in 816 bytes} [Tue Jul 14 11:46:40 2026] DELETE /resource_providers/66ce0edc-677d-49af-9c4e-2e5ca3a0ff66 => generated 246 bytes in 11 msecs (HTTP/1.1 404) 6 headers in 231 bytes (1 switches on core 0)
2026-07-14 11:46:40.636 7 INFO placement.requestlog [req-9bd9e3ff-ed53-4258-9cca-5561dcc5f501 req-df6c47c6-a499-42fd-bf19-a754eac66dd8 547f9a122a064f84a809d8bfaa797e01 14d7c241bc6b44e8b5f5c538bf577c0b - - 0b2bfe626f0b409ca93fa05c8ac6657d 0b2bfe626f0b409ca93fa05c8ac6657d] 199.204.45.77 "DELETE /allocations/38b2c9a9-a6a3-4fd4-a77c-668e2a8ea4b9" status: 204 len: 0 microversion: 1.0 [pid: 7|app: 0|req: 438/875] 199.204.45.77 () {34 vars in 840 bytes} [Tue Jul 14 11:46:40 2026] DELETE /allocations/38b2c9a9-a6a3-4fd4-a77c-668e2a8ea4b9 => generated 0 bytes in 30 msecs (HTTP/1.1 204) 5 headers in 198 bytes (1 switches on core 0)
2026-07-14 11:46:40.827 8 INFO placement.requestlog [None req-f7c2d399-2c36-4356-aa1e-917fe304c12d c868d8a54ec6463db2fc2ea8e7fe5c31 14d7c241bc6b44e8b5f5c538bf577c0b - - 0b2bfe626f0b409ca93fa05c8ac6657d 0b2bfe626f0b409ca93fa05c8ac6657d] 10.0.0.216 "GET /resource_providers/5d0ea788-384b-44e2-9500-aa137ce121db/aggregates" status: 404 len: 235 microversion: 1.1 [pid: 8|app: 0|req: 438/876] 10.0.0.216 () {32 vars in 816 bytes} [Tue Jul 14 11:46:40 2026] GET /resource_providers/5d0ea788-384b-44e2-9500-aa137ce121db/aggregates => generated 235 bytes in 10 msecs (HTTP/1.1 404) 5 headers in 202 bytes (1 switches on core 0)
