2026-06-08 04:51:38.791 7 INFO neutron.notifiers.nova [-] Nova event matching ['req-79899328-06b0-46b0-9d81-3b123466dc5d'] response: {'name': 'network-changed', 'server_uuid': '7ade7639-8057-40bd-ad13-e6b0edfc5e39', 'tag': '749763bd-aaff-4ed3-8ddd-b7b5c96f2947', 'status': 'completed', 'code': 200} /var/lib/openstack/lib/python3.12/site-packages/pycadf/identifier.py:70: UserWarning: Invalid uuid: neutron. To ensure interoperability, identifiers should be a valid uuid. warnings.warn(('Invalid uuid: %s. To ensure interoperability, ' [pid: 7|app: 0|req: 1715/3487] 10.0.0.243 () {34 vars in 989 bytes} [Mon Jun 8 04:51:38 2026] GET /v2.0/ports?device_id=7ade7639-8057-40bd-ad13-e6b0edfc5e39 => generated 1200 bytes in 97 msecs (HTTP/1.1 200) 4 headers in 158 bytes (1 switches on core 0) [pid: 8|app: 0|req: 1773/3488] 10.0.0.243 () {34 vars in 1039 bytes} [Mon Jun 8 04:51:39 2026] GET /v2.0/security-groups?id=39f36240-9b23-44c2-91ee-ea02f95ba332&fields=id&fields=name => generated 111 bytes in 35 msecs (HTTP/1.1 200) 4 headers in 157 bytes (1 switches on core 0) [pid: 7|app: 0|req: 1716/3489] 199.204.45.78 () {34 vars in 1078 bytes} [Mon Jun 8 04:51:39 2026] GET /v2.0/ports?tenant_id=d72015cac90f4fb19f5c22cf6f4ab38b&device_id=7ade7639-8057-40bd-ad13-e6b0edfc5e39 => generated 1438 bytes in 38 msecs (HTTP/1.1 200) 4 headers in 158 bytes (1 switches on core 0) [pid: 8|app: 0|req: 1774/3490] 199.204.45.78 () {34 vars in 984 bytes} [Mon Jun 8 04:51:39 2026] GET /v2.0/networks?id=daaa6770-35bf-45d1-a75f-35dcbb265915 => generated 841 bytes in 46 msecs (HTTP/1.1 200) 4 headers in 157 bytes (1 switches on core 0) [pid: 7|app: 0|req: 1717/3491] 199.204.45.78 () {34 vars in 1056 bytes} [Mon Jun 8 04:51:39 2026] GET /v2.0/floatingips?fixed_ip_address=10.2.1.159&port_id=749763bd-aaff-4ed3-8ddd-b7b5c96f2947 => generated 19 bytes in 22 msecs (HTTP/1.1 200) 4 headers in 156 bytes (1 switches on core 0) [pid: 8|app: 0|req: 1775/3492] 199.204.45.78 () {34 vars in 1102 bytes} [Mon Jun 8 04:51:39 2026] GET /v2.0/floatingips?fixed_ip_address=fd7b%3Af9f7%3Afff%3A4eca%3A%3A39c&port_id=749763bd-aaff-4ed3-8ddd-b7b5c96f2947 => generated 19 bytes in 21 msecs (HTTP/1.1 200) 4 headers in 156 bytes (1 switches on core 0) [pid: 7|app: 0|req: 1718/3493] 199.204.45.78 () {34 vars in 1062 bytes} [Mon Jun 8 04:51:39 2026] GET /v2.0/subnets?id=d885548d-d2ec-4a17-8000-936b31bd676a&id=dd96a984-e65d-4cad-bb47-a6bf77e2e2af => generated 1410 bytes in 32 msecs (HTTP/1.1 200) 4 headers in 158 bytes (1 switches on core 0) [pid: 8|app: 0|req: 1776/3494] 199.204.45.78 () {34 vars in 1050 bytes} [Mon Jun 8 04:51:39 2026] GET /v2.0/ports?network_id=daaa6770-35bf-45d1-a75f-35dcbb265915&device_owner=network%3Adhcp => generated 12 bytes in 30 msecs (HTTP/1.1 200) 4 headers in 156 bytes (1 switches on core 0) [pid: 7|app: 0|req: 1719/3495] 199.204.45.78 () {34 vars in 1050 bytes} [Mon Jun 8 04:51:39 2026] GET /v2.0/ports?network_id=daaa6770-35bf-45d1-a75f-35dcbb265915&device_owner=network%3Adhcp => generated 12 bytes in 20 msecs (HTTP/1.1 200) 4 headers in 156 bytes (1 switches on core 0) [pid: 8|app: 0|req: 1777/3496] 199.204.45.78 () {34 vars in 1010 bytes} [Mon Jun 8 04:51:39 2026] GET /v2.0/networks/daaa6770-35bf-45d1-a75f-35dcbb265915?fields=segments => generated 14 bytes in 50 msecs (HTTP/1.1 200) 4 headers in 156 bytes (1 switches on core 0) [pid: 7|app: 0|req: 1720/3497] 199.204.45.78 () {34 vars in 1110 bytes} [Mon Jun 8 04:51:39 2026] GET /v2.0/networks/daaa6770-35bf-45d1-a75f-35dcbb265915?fields=provider%3Aphysical_network&fields=provider%3Anetwork_type => generated 79 bytes in 49 msecs (HTTP/1.1 200) 4 headers in 156 bytes (1 switches on core 0)
2026-06-08 04:51:40.038 8 INFO neutron.plugins.ml2.drivers.ovn.mech_driver.mech_driver [None req-0b247f77-a11f-418b-a273-056882d758ac - - - - - -] OVN reports status down for port: 749763bd-aaff-4ed3-8ddd-b7b5c96f2947
2026-06-08 04:51:40.177 8 INFO neutron.notifiers.nova [-] Nova event matching ['req-f04f3834-76b6-4a39-a24c-9fe692a44fe3'] response: {'server_uuid': '7ade7639-8057-40bd-ad13-e6b0edfc5e39', 'name': 'network-vif-unplugged', 'status': 'completed', 'tag': '749763bd-aaff-4ed3-8ddd-b7b5c96f2947', 'code': 200}
2026-06-08 04:51:40.324 8 INFO neutron.db.ovn_revision_numbers_db [None req-0b247f77-a11f-418b-a273-056882d758ac - - - - - -] Successfully bumped revision number for resource 749763bd-aaff-4ed3-8ddd-b7b5c96f2947 (type: ports) to 6 /var/lib/openstack/lib/python3.12/site-packages/pycadf/identifier.py:70: UserWarning: Invalid uuid: neutron. To ensure interoperability, identifiers should be a valid uuid. warnings.warn(('Invalid uuid: %s. To ensure interoperability, ' [pid: 8|app: 0|req: 1778/3498] 199.204.45.78 () {34 vars in 992 bytes} [Mon Jun 8 04:51:41 2026] GET /v2.0/ports?device_id=7ade7639-8057-40bd-ad13-e6b0edfc5e39 => generated 1198 bytes in 90 msecs (HTTP/1.1 200) 4 headers in 158 bytes (1 switches on core 0)
2026-06-08 04:51:41.432 7 INFO neutron_taas.services.taas.taas_plugin [req-f7b8f30f-0c73-4d2d-bd57-982628b39723 req-f3b5a21e-566d-4de6-b944-89e58b4d0938 a8b29372f9a94ba6ac7508332421e4a7 d72015cac90f4fb19f5c22cf6f4ab38b - - default default] TaaS: Handle Delete Port: 749763bd-aaff-4ed3-8ddd-b7b5c96f2947
2026-06-08 04:51:41.435 7 INFO neutron_taas.services.taas.tap_mirror_plugin [req-f7b8f30f-0c73-4d2d-bd57-982628b39723 req-f3b5a21e-566d-4de6-b944-89e58b4d0938 a8b29372f9a94ba6ac7508332421e4a7 d72015cac90f4fb19f5c22cf6f4ab38b - - default default] Tap Mirror: Handle Delete Port: 749763bd-aaff-4ed3-8ddd-b7b5c96f2947 [pid: 7|app: 0|req: 1721/3499] 199.204.45.78 () {36 vars in 995 bytes} [Mon Jun 8 04:51:41 2026] DELETE /v2.0/ports/749763bd-aaff-4ed3-8ddd-b7b5c96f2947 => generated 0 bytes in 291 msecs (HTTP/1.1 204) 3 headers in 131 bytes (1 switches on core 0)
2026-06-08 04:51:41.630 7 INFO neutron.notifiers.nova [-] Nova event matching ['req-65d070d1-fb74-41ec-810d-b459d56ca18b'] response: {'server_uuid': '7ade7639-8057-40bd-ad13-e6b0edfc5e39', 'name': 'network-vif-deleted', 'tag': '749763bd-aaff-4ed3-8ddd-b7b5c96f2947', 'status': 'completed', 'code': 200}
2026-06-08 04:51:42.228 8 INFO neutron.notifiers.nova [-] Nova event matching ['req-844f0d43-5659-4f85-9506-042f1510ebab'] response: {'server_uuid': '7ade7639-8057-40bd-ad13-e6b0edfc5e39', 'name': 'network-vif-unplugged', 'status': 'completed', 'tag': '749763bd-aaff-4ed3-8ddd-b7b5c96f2947', 'code': 200} [pid: 8|app: 0|req: 1779/3500] 10.0.0.243 () {34 vars in 989 bytes} [Mon Jun 8 04:51:44 2026] GET /v2.0/ports?device_id=7ade7639-8057-40bd-ad13-e6b0edfc5e39 => generated 12 bytes in 26 msecs (HTTP/1.1 200) 4 headers in 156 bytes (1 switches on core 0) [pid: 7|app: 0|req: 1722/3501] 10.0.0.141 () {32 vars in 749 bytes} [Mon Jun 8 04:51:49 2026] DELETE /v2.0/security-group-rules/da8137b3-00be-4a92-b7a6-2f01078b7ed6 => generated 0 bytes in 210 msecs (HTTP/1.1 204) 2 headers in 112 bytes (1 switches on core 0)
2026-06-08 04:51:49.509 8 INFO neutron.api.v2.resource [None req-441eca6f-ac2e-4bbf-ba24-6523b0d587f2 a8b29372f9a94ba6ac7508332421e4a7 d72015cac90f4fb19f5c22cf6f4ab38b - - default default] show failed (client error): The resource could not be found. [pid: 8|app: 0|req: 1780/3502] 10.0.0.141 () {32 vars in 746 bytes} [Mon Jun 8 04:51:49 2026] GET /v2.0/security-group-rules/da8137b3-00be-4a92-b7a6-2f01078b7ed6 => generated 155 bytes in 15 msecs (HTTP/1.1 404) 4 headers in 164 bytes (1 switches on core 0) [pid: 7|app: 0|req: 1723/3503] 10.0.0.141 () {32 vars in 749 bytes} [Mon Jun 8 04:51:49 2026] DELETE /v2.0/security-group-rules/488ae6dd-4cfb-4864-ae25-63df3dc21220 => generated 0 bytes in 190 msecs (HTTP/1.1 204) 2 headers in 112 bytes (1 switches on core 0)
2026-06-08 04:51:49.723 8 INFO neutron.api.v2.resource [None req-86e337ee-06e4-4069-acef-2de74e264e95 a8b29372f9a94ba6ac7508332421e4a7 d72015cac90f4fb19f5c22cf6f4ab38b - - default default] show failed (client error): The resource could not be found. [pid: 8|app: 0|req: 1781/3504] 10.0.0.141 () {32 vars in 746 bytes} [Mon Jun 8 04:51:49 2026] GET /v2.0/security-group-rules/488ae6dd-4cfb-4864-ae25-63df3dc21220 => generated 155 bytes in 14 msecs (HTTP/1.1 404) 4 headers in 164 bytes (1 switches on core 0) [pid: 7|app: 0|req: 1724/3505] 10.0.0.141 () {32 vars in 749 bytes} [Mon Jun 8 04:51:49 2026] DELETE /v2.0/security-group-rules/f8126e18-a717-4811-92f3-1ddb81ec5dc6 => generated 0 bytes in 188 msecs (HTTP/1.1 204) 2 headers in 112 bytes (1 switches on core 0)
2026-06-08 04:51:49.937 8 INFO neutron.api.v2.resource [None req-3f7a7eb7-06f9-4d17-8846-7d70a32e61d6 a8b29372f9a94ba6ac7508332421e4a7 d72015cac90f4fb19f5c22cf6f4ab38b - - default default] show failed (client error): The resource could not be found. [pid: 8|app: 0|req: 1782/3506] 10.0.0.141 () {32 vars in 746 bytes} [Mon Jun 8 04:51:49 2026] GET /v2.0/security-group-rules/f8126e18-a717-4811-92f3-1ddb81ec5dc6 => generated 155 bytes in 15 msecs (HTTP/1.1 404) 4 headers in 164 bytes (1 switches on core 0) [pid: 7|app: 0|req: 1725/3507] 10.0.0.141 () {32 vars in 749 bytes} [Mon Jun 8 04:51:49 2026] DELETE /v2.0/security-group-rules/90c86855-b080-4cc0-851d-221f20f41438 => generated 0 bytes in 126 msecs (HTTP/1.1 204) 2 headers in 112 bytes (1 switches on core 0)
2026-06-08 04:51:50.084 8 INFO neutron.api.v2.resource [None req-94119a90-17fa-4591-b4bf-561df71f995b a8b29372f9a94ba6ac7508332421e4a7 d72015cac90f4fb19f5c22cf6f4ab38b - - default default] show failed (client error): The resource could not be found. [pid: 8|app: 0|req: 1783/3508] 10.0.0.141 () {32 vars in 746 bytes} [Mon Jun 8 04:51:50 2026] GET /v2.0/security-group-rules/90c86855-b080-4cc0-851d-221f20f41438 => generated 155 bytes in 11 msecs (HTTP/1.1 404) 4 headers in 164 bytes (1 switches on core 0) [pid: 7|app: 0|req: 1726/3509] 10.0.0.141 () {32 vars in 749 bytes} [Mon Jun 8 04:51:50 2026] DELETE /v2.0/security-group-rules/49af9521-1485-42e0-801d-cdb6d85a4aad => generated 0 bytes in 109 msecs (HTTP/1.1 204) 2 headers in 112 bytes (1 switches on core 0)
2026-06-08 04:51:50.216 8 INFO neutron.api.v2.resource [None req-e59794df-4ace-4a09-88d2-cdda7779a652 a8b29372f9a94ba6ac7508332421e4a7 d72015cac90f4fb19f5c22cf6f4ab38b - - default default] show failed (client error): The resource could not be found. [pid: 8|app: 0|req: 1784/3510] 10.0.0.141 () {32 vars in 746 bytes} [Mon Jun 8 04:51:50 2026] GET /v2.0/security-group-rules/49af9521-1485-42e0-801d-cdb6d85a4aad => generated 155 bytes in 13 msecs (HTTP/1.1 404) 4 headers in 164 bytes (1 switches on core 0) [pid: 7|app: 0|req: 1727/3511] 10.0.0.141 () {32 vars in 749 bytes} [Mon Jun 8 04:51:50 2026] DELETE /v2.0/security-group-rules/062bb0ea-13bc-46a1-8af2-f987ae72732a => generated 0 bytes in 137 msecs (HTTP/1.1 204) 2 headers in 112 bytes (1 switches on core 0)
2026-06-08 04:51:50.380 8 INFO neutron.api.v2.resource [None req-bf9a6016-be48-4965-af15-83f20728bea4 a8b29372f9a94ba6ac7508332421e4a7 d72015cac90f4fb19f5c22cf6f4ab38b - - default default] show failed (client error): The resource could not be found. [pid: 8|app: 0|req: 1785/3512] 10.0.0.141 () {32 vars in 746 bytes} [Mon Jun 8 04:51:50 2026] GET /v2.0/security-group-rules/062bb0ea-13bc-46a1-8af2-f987ae72732a => generated 155 bytes in 16 msecs (HTTP/1.1 404) 4 headers in 164 bytes (1 switches on core 0) [pid: 7|app: 0|req: 1728/3513] 10.0.0.141 () {32 vars in 749 bytes} [Mon Jun 8 04:51:50 2026] DELETE /v2.0/security-group-rules/ae94a1e9-381a-4e84-bbf4-8e71d2b4d6c5 => generated 0 bytes in 125 msecs (HTTP/1.1 204) 2 headers in 112 bytes (1 switches on core 0)
2026-06-08 04:51:50.530 8 INFO neutron.api.v2.resource [None req-22df9af3-e8dd-4506-a966-37dd6cf307e0 a8b29372f9a94ba6ac7508332421e4a7 d72015cac90f4fb19f5c22cf6f4ab38b - - default default] show failed (client error): The resource could not be found. [pid: 8|app: 0|req: 1786/3514] 10.0.0.141 () {32 vars in 746 bytes} [Mon Jun 8 04:51:50 2026] GET /v2.0/security-group-rules/ae94a1e9-381a-4e84-bbf4-8e71d2b4d6c5 => generated 155 bytes in 12 msecs (HTTP/1.1 404) 4 headers in 164 bytes (1 switches on core 0) [pid: 7|app: 0|req: 1729/3515] 10.0.0.141 () {32 vars in 749 bytes} [Mon Jun 8 04:51:50 2026] DELETE /v2.0/security-group-rules/a1b25b07-dfe2-4efa-99e4-221499434aff => generated 0 bytes in 169 msecs (HTTP/1.1 204) 2 headers in 112 bytes (1 switches on core 0)
2026-06-08 04:51:50.720 8 INFO neutron.api.v2.resource [None req-ec495350-1e21-4983-9dcf-df5eb1f213e1 a8b29372f9a94ba6ac7508332421e4a7 d72015cac90f4fb19f5c22cf6f4ab38b - - default default] show failed (client error): The resource could not be found. [pid: 8|app: 0|req: 1787/3516] 10.0.0.141 () {32 vars in 746 bytes} [Mon Jun 8 04:51:50 2026] GET /v2.0/security-group-rules/a1b25b07-dfe2-4efa-99e4-221499434aff => generated 155 bytes in 13 msecs (HTTP/1.1 404) 4 headers in 164 bytes (1 switches on core 0) [pid: 7|app: 0|req: 1730/3517] 10.0.0.141 () {32 vars in 749 bytes} [Mon Jun 8 04:51:50 2026] DELETE /v2.0/security-group-rules/d8196500-f659-4020-a16b-eaaa4d08229c => generated 0 bytes in 157 msecs (HTTP/1.1 204) 2 headers in 112 bytes (1 switches on core 0)
2026-06-08 04:51:50.899 8 INFO neutron.api.v2.resource [None req-ec34caf3-f5ba-4d81-b710-0f1da45c6abd a8b29372f9a94ba6ac7508332421e4a7 d72015cac90f4fb19f5c22cf6f4ab38b - - default default] show failed (client error): The resource could not be found. [pid: 8|app: 0|req: 1788/3518] 10.0.0.141 () {32 vars in 746 bytes} [Mon Jun 8 04:51:50 2026] GET /v2.0/security-group-rules/d8196500-f659-4020-a16b-eaaa4d08229c => generated 155 bytes in 12 msecs (HTTP/1.1 404) 4 headers in 164 bytes (1 switches on core 0) [pid: 7|app: 0|req: 1731/3519] 10.0.0.141 () {32 vars in 749 bytes} [Mon Jun 8 04:51:50 2026] DELETE /v2.0/security-group-rules/0370837a-53b9-42ac-8719-5ed481ab5d36 => generated 0 bytes in 130 msecs (HTTP/1.1 204) 2 headers in 112 bytes (1 switches on core 0)
2026-06-08 04:51:51.051 8 INFO neutron.api.v2.resource [None req-69864c25-7b8d-4491-a951-2d127ed88e02 a8b29372f9a94ba6ac7508332421e4a7 d72015cac90f4fb19f5c22cf6f4ab38b - - default default] show failed (client error): The resource could not be found. [pid: 8|app: 0|req: 1789/3520] 10.0.0.141 () {32 vars in 746 bytes} [Mon Jun 8 04:51:51 2026] GET /v2.0/security-group-rules/0370837a-53b9-42ac-8719-5ed481ab5d36 => generated 155 bytes in 14 msecs (HTTP/1.1 404) 4 headers in 164 bytes (1 switches on core 0) [pid: 7|app: 0|req: 1732/3521] 10.0.0.141 () {32 vars in 749 bytes} [Mon Jun 8 04:51:51 2026] DELETE /v2.0/security-group-rules/41d0548d-af58-4593-97c9-4f3b63f390fe => generated 0 bytes in 120 msecs (HTTP/1.1 204) 2 headers in 112 bytes (1 switches on core 0)
2026-06-08 04:51:51.194 8 INFO neutron.api.v2.resource [None req-dbcce869-067a-43e6-b7e8-41724911aada a8b29372f9a94ba6ac7508332421e4a7 d72015cac90f4fb19f5c22cf6f4ab38b - - default default] show failed (client error): The resource could not be found. [pid: 8|app: 0|req: 1790/3522] 10.0.0.141 () {32 vars in 746 bytes} [Mon Jun 8 04:51:51 2026] GET /v2.0/security-group-rules/41d0548d-af58-4593-97c9-4f3b63f390fe => generated 155 bytes in 12 msecs (HTTP/1.1 404) 4 headers in 164 bytes (1 switches on core 0) [pid: 7|app: 0|req: 1733/3525] 10.0.0.141 () {32 vars in 739 bytes} [Mon Jun 8 04:51:51 2026] DELETE /v2.0/security-groups/39f36240-9b23-44c2-91ee-ea02f95ba332 => generated 0 bytes in 128 msecs (HTTP/1.1 204) 2 headers in 112 bytes (1 switches on core 0)
2026-06-08 04:51:51.346 8 INFO neutron.api.v2.resource [None req-b3af81bf-d596-4ae7-a09a-5018f4f552bb a8b29372f9a94ba6ac7508332421e4a7 d72015cac90f4fb19f5c22cf6f4ab38b - - default default] show failed (client error): The resource could not be found. [pid: 8|app: 0|req: 1793/3526] 10.0.0.141 () {32 vars in 736 bytes} [Mon Jun 8 04:51:51 2026] GET /v2.0/security-groups/39f36240-9b23-44c2-91ee-ea02f95ba332 => generated 146 bytes in 15 msecs (HTTP/1.1 404) 4 headers in 164 bytes (1 switches on core 0)
2026-06-08 04:51:51.683 7 INFO neutron_taas.services.taas.taas_plugin [None req-b03ff08d-2225-49ce-a593-66ff655e65c2 a8b29372f9a94ba6ac7508332421e4a7 d72015cac90f4fb19f5c22cf6f4ab38b - - default default] TaaS: Handle Delete Port: 609e47bf-368c-4c3b-b32b-bb5664513258
2026-06-08 04:51:51.687 7 INFO neutron_taas.services.taas.tap_mirror_plugin [None req-b03ff08d-2225-49ce-a593-66ff655e65c2 a8b29372f9a94ba6ac7508332421e4a7 d72015cac90f4fb19f5c22cf6f4ab38b - - default default] Tap Mirror: Handle Delete Port: 609e47bf-368c-4c3b-b32b-bb5664513258 [pid: 7|app: 0|req: 1734/3527] 10.0.0.141 () {34 vars in 788 bytes} [Mon Jun 8 04:51:51 2026] PUT /v2.0/routers/6d743f90-ddc7-4d08-9ae6-c8e8567d98cb/remove_router_interface => generated 309 bytes in 849 msecs (HTTP/1.1 200) 4 headers in 157 bytes (1 switches on core 0)
2026-06-08 04:51:52.364 8 INFO neutron.api.v2.resource [None req-d90eb6d4-bf1d-4690-b9b9-e7dbcf96726a a8b29372f9a94ba6ac7508332421e4a7 d72015cac90f4fb19f5c22cf6f4ab38b - - default default] remove_router_interface failed (client error): The resource could not be found. [pid: 8|app: 0|req: 1794/3528] 10.0.0.141 () {34 vars in 788 bytes} [Mon Jun 8 04:51:52 2026] PUT /v2.0/routers/6d743f90-ddc7-4d08-9ae6-c8e8567d98cb/remove_router_interface => generated 198 bytes in 119 msecs (HTTP/1.1 404) 4 headers in 164 bytes (1 switches on core 0) /var/lib/openstack/lib/python3.12/site-packages/pycadf/identifier.py:70: UserWarning: Invalid uuid: neutron. To ensure interoperability, identifiers should be a valid uuid. warnings.warn(('Invalid uuid: %s. To ensure interoperability, '
2026-06-08 04:51:52.715 7 INFO neutron_taas.services.taas.taas_plugin [None req-24e6efd8-26a7-438a-8bb5-29248eaa1d81 a8b29372f9a94ba6ac7508332421e4a7 d72015cac90f4fb19f5c22cf6f4ab38b - - default default] TaaS: Handle Delete Port: d8625664-09ad-47bb-bd0f-4463df4dc5dd
2026-06-08 04:51:52.719 7 INFO neutron_taas.services.taas.tap_mirror_plugin [None req-24e6efd8-26a7-438a-8bb5-29248eaa1d81 a8b29372f9a94ba6ac7508332421e4a7 d72015cac90f4fb19f5c22cf6f4ab38b - - default default] Tap Mirror: Handle Delete Port: d8625664-09ad-47bb-bd0f-4463df4dc5dd [pid: 7|app: 0|req: 1735/3529] 10.0.0.141 () {34 vars in 788 bytes} [Mon Jun 8 04:51:52 2026] PUT /v2.0/routers/6d743f90-ddc7-4d08-9ae6-c8e8567d98cb/remove_router_interface => generated 309 bytes in 1028 msecs (HTTP/1.1 200) 4 headers in 157 bytes (1 switches on core 0)
2026-06-08 04:51:53.505 8 INFO neutron.api.v2.resource [None req-c9f7c3f5-ecf1-4447-ac19-739f3bcb37cd a8b29372f9a94ba6ac7508332421e4a7 d72015cac90f4fb19f5c22cf6f4ab38b - - default default] remove_router_interface failed (client error): The resource could not be found. [pid: 8|app: 0|req: 1795/3530] 10.0.0.141 () {34 vars in 788 bytes} [Mon Jun 8 04:51:53 2026] PUT /v2.0/routers/6d743f90-ddc7-4d08-9ae6-c8e8567d98cb/remove_router_interface => generated 198 bytes in 99 msecs (HTTP/1.1 404) 4 headers in 164 bytes (1 switches on core 0) /var/lib/openstack/lib/python3.12/site-packages/pycadf/identifier.py:70: UserWarning: Invalid uuid: neutron. To ensure interoperability, identifiers should be a valid uuid. warnings.warn(('Invalid uuid: %s. To ensure interoperability, '
2026-06-08 04:51:53.864 7 INFO neutron_taas.services.taas.taas_plugin [None req-18c86f75-e4b6-44b8-acce-bda515d63efd a8b29372f9a94ba6ac7508332421e4a7 d72015cac90f4fb19f5c22cf6f4ab38b - - default default] TaaS: Handle Delete Port: b2613cdf-a7d9-4fd6-87e6-533277e6ec06
2026-06-08 04:51:53.870 7 INFO neutron_taas.services.taas.tap_mirror_plugin [None req-18c86f75-e4b6-44b8-acce-bda515d63efd a8b29372f9a94ba6ac7508332421e4a7 d72015cac90f4fb19f5c22cf6f4ab38b - - default default] Tap Mirror: Handle Delete Port: b2613cdf-a7d9-4fd6-87e6-533277e6ec06 [pid: 7|app: 0|req: 1736/3531] 10.0.0.141 () {34 vars in 788 bytes} [Mon Jun 8 04:51:53 2026] PUT /v2.0/routers/6d743f90-ddc7-4d08-9ae6-c8e8567d98cb/remove_router_interface => generated 309 bytes in 903 msecs (HTTP/1.1 200) 4 headers in 157 bytes (1 switches on core 0)
2026-06-08 04:51:54.527 8 INFO neutron.api.v2.resource [None req-79b81455-72c8-443a-aa9d-beda435c9902 a8b29372f9a94ba6ac7508332421e4a7 d72015cac90f4fb19f5c22cf6f4ab38b - - default default] remove_router_interface failed (client error): The resource could not be found. [pid: 8|app: 0|req: 1796/3532] 10.0.0.141 () {34 vars in 788 bytes} [Mon Jun 8 04:51:54 2026] PUT /v2.0/routers/6d743f90-ddc7-4d08-9ae6-c8e8567d98cb/remove_router_interface => generated 198 bytes in 110 msecs (HTTP/1.1 404) 4 headers in 164 bytes (1 switches on core 0) /var/lib/openstack/lib/python3.12/site-packages/pycadf/identifier.py:70: UserWarning: Invalid uuid: neutron. To ensure interoperability, identifiers should be a valid uuid. warnings.warn(('Invalid uuid: %s. To ensure interoperability, '
2026-06-08 04:51:54.935 7 INFO neutron_taas.services.taas.taas_plugin [None req-79567b70-6eee-4dc6-bfd7-c3b8bc88944e a8b29372f9a94ba6ac7508332421e4a7 d72015cac90f4fb19f5c22cf6f4ab38b - - default default] TaaS: Handle Delete Port: 9a4bfe23-9b55-4bde-bde2-239c367d8cb1
2026-06-08 04:51:54.939 7 INFO neutron_taas.services.taas.tap_mirror_plugin [None req-79567b70-6eee-4dc6-bfd7-c3b8bc88944e a8b29372f9a94ba6ac7508332421e4a7 d72015cac90f4fb19f5c22cf6f4ab38b - - default default] Tap Mirror: Handle Delete Port: 9a4bfe23-9b55-4bde-bde2-239c367d8cb1 [pid: 7|app: 0|req: 1737/3533] 10.0.0.141 () {32 vars in 723 bytes} [Mon Jun 8 04:51:54 2026] DELETE /v2.0/routers/6d743f90-ddc7-4d08-9ae6-c8e8567d98cb => generated 0 bytes in 1491 msecs (HTTP/1.1 204) 2 headers in 112 bytes (1 switches on core 0)
2026-06-08 04:51:56.054 8 INFO neutron.api.v2.resource [None req-be23287a-198b-4f78-b5f1-bef57c4c0ede a8b29372f9a94ba6ac7508332421e4a7 d72015cac90f4fb19f5c22cf6f4ab38b - - default default] show failed (client error): The resource could not be found. [pid: 8|app: 0|req: 1797/3534] 10.0.0.141 () {32 vars in 720 bytes} [Mon Jun 8 04:51:56 2026] GET /v2.0/routers/6d743f90-ddc7-4d08-9ae6-c8e8567d98cb => generated 135 bytes in 23 msecs (HTTP/1.1 404) 4 headers in 164 bytes (1 switches on core 0) [pid: 7|app: 0|req: 1738/3535] 10.0.0.141 () {32 vars in 723 bytes} [Mon Jun 8 04:51:56 2026] DELETE /v2.0/subnets/31b1ee73-74de-46e8-a38d-45c7c84a2064 => generated 0 bytes in 146 msecs (HTTP/1.1 204) 3 headers in 131 bytes (1 switches on core 0)
2026-06-08 04:51:56.227 8 INFO neutron.pecan_wsgi.hooks.translation [None req-9814bb76-2e0f-4316-8b21-358b5b2dd917 a8b29372f9a94ba6ac7508332421e4a7 d72015cac90f4fb19f5c22cf6f4ab38b - - default default] GET failed (client error): The resource could not be found. [pid: 8|app: 0|req: 1798/3536] 10.0.0.141 () {32 vars in 720 bytes} [Mon Jun 8 04:51:56 2026] GET /v2.0/subnets/31b1ee73-74de-46e8-a38d-45c7c84a2064 => generated 136 bytes in 18 msecs (HTTP/1.1 404) 4 headers in 164 bytes (1 switches on core 0) [pid: 7|app: 0|req: 1739/3537] 10.0.0.141 () {32 vars in 723 bytes} [Mon Jun 8 04:51:56 2026] DELETE /v2.0/subnets/3d329527-5bcf-4a55-b990-2840d5e39961 => generated 0 bytes in 175 msecs (HTTP/1.1 204) 3 headers in 131 bytes (1 switches on core 0)
2026-06-08 04:51:56.429 8 INFO neutron.pecan_wsgi.hooks.translation [None req-63646c35-f3ff-4d4a-a989-a64795413c0b a8b29372f9a94ba6ac7508332421e4a7 d72015cac90f4fb19f5c22cf6f4ab38b - - default default] GET failed (client error): The resource could not be found. [pid: 8|app: 0|req: 1799/3538] 10.0.0.141 () {32 vars in 720 bytes} [Mon Jun 8 04:51:56 2026] GET /v2.0/subnets/3d329527-5bcf-4a55-b990-2840d5e39961 => generated 136 bytes in 18 msecs (HTTP/1.1 404) 4 headers in 164 bytes (1 switches on core 0)
2026-06-08 04:51:56.554 7 INFO neutron_taas.services.taas.taas_plugin [None req-dc30a8a7-d4a6-4fb3-abb5-f1e681291c09 a8b29372f9a94ba6ac7508332421e4a7 d72015cac90f4fb19f5c22cf6f4ab38b - - default default] TaaS: Handle Delete Port: fa785b35-a10b-430e-9354-47470dbdf972
2026-06-08 04:51:56.557 7 INFO neutron_taas.services.taas.tap_mirror_plugin [None req-dc30a8a7-d4a6-4fb3-abb5-f1e681291c09 a8b29372f9a94ba6ac7508332421e4a7 d72015cac90f4fb19f5c22cf6f4ab38b - - default default] Tap Mirror: Handle Delete Port: fa785b35-a10b-430e-9354-47470dbdf972
2026-06-08 04:51:56.733 7 INFO neutron.services.segments.plugin [-] Segment da83a54d-b0b3-48c0-8d06-b5c886252002 resource provider aggregate not found
2026-06-08 04:51:56.738 7 INFO neutron.services.segments.plugin [-] Segment da83a54d-b0b3-48c0-8d06-b5c886252002 resource provider aggregate not found
2026-06-08 04:51:56.752 7 INFO neutron.services.segments.plugin [-] Segment da83a54d-b0b3-48c0-8d06-b5c886252002 resource provider not found; error: Placement Client Error (4xx): {"errors": [{"status": 404, "title": "Not Found", "detail": "The resource could not be found.\n\n No resource provider with uuid da83a54d-b0b3-48c0-8d06-b5c886252002 found for delete ", "request_id": "req-dd6a2366-ff82-486e-9019-3a81a81d4821"}]}
2026-06-08 04:51:56.762 7 INFO neutron.services.segments.plugin [-] Segment da83a54d-b0b3-48c0-8d06-b5c886252002 resource provider not found; error: Placement Client Error (4xx): {"errors": [{"status": 404, "title": "Not Found", "detail": "The resource could not be found.\n\n No resource provider with uuid da83a54d-b0b3-48c0-8d06-b5c886252002 found for delete ", "request_id": "req-3146108d-6814-4188-93e0-71740cc6cc75"}]} [pid: 7|app: 0|req: 1740/3539] 10.0.0.141 () {32 vars in 725 bytes} [Mon Jun 8 04:51:56 2026] DELETE /v2.0/networks/1db6f043-30c3-4e16-9d75-0888c3c4e126 => generated 0 bytes in 393 msecs (HTTP/1.1 204) 3 headers in 131 bytes (1 switches on core 0)
2026-06-08 04:51:56.938 8 INFO neutron.pecan_wsgi.hooks.translation [None req-54961735-5e4c-463e-902f-7176bec3256c a8b29372f9a94ba6ac7508332421e4a7 d72015cac90f4fb19f5c22cf6f4ab38b - - default default] GET failed (client error): The resource could not be found. [pid: 8|app: 0|req: 1800/3540] 10.0.0.141 () {32 vars in 722 bytes} [Mon Jun 8 04:51:56 2026] GET /v2.0/networks/1db6f043-30c3-4e16-9d75-0888c3c4e126 => generated 138 bytes in 106 msecs (HTTP/1.1 404) 4 headers in 164 bytes (1 switches on core 0) [pid: 7|app: 0|req: 1741/3541] 10.0.0.141 () {32 vars in 723 bytes} [Mon Jun 8 04:51:56 2026] DELETE /v2.0/subnets/d885548d-d2ec-4a17-8000-936b31bd676a => generated 0 bytes in 132 msecs (HTTP/1.1 204) 3 headers in 131 bytes (1 switches on core 0)
2026-06-08 04:51:57.098 8 INFO neutron.pecan_wsgi.hooks.translation [None req-8c0d8c4c-c481-4ff8-8d73-a86ef7f1ae6c a8b29372f9a94ba6ac7508332421e4a7 d72015cac90f4fb19f5c22cf6f4ab38b - - default default] GET failed (client error): The resource could not be found. [pid: 8|app: 0|req: 1801/3542] 10.0.0.141 () {32 vars in 720 bytes} [Mon Jun 8 04:51:57 2026] GET /v2.0/subnets/d885548d-d2ec-4a17-8000-936b31bd676a => generated 136 bytes in 17 msecs (HTTP/1.1 404) 4 headers in 164 bytes (1 switches on core 0) [pid: 7|app: 0|req: 1742/3543] 10.0.0.141 () {32 vars in 723 bytes} [Mon Jun 8 04:51:57 2026] DELETE /v2.0/subnets/dd96a984-e65d-4cad-bb47-a6bf77e2e2af => generated 0 bytes in 182 msecs (HTTP/1.1 204) 3 headers in 131 bytes (1 switches on core 0)
2026-06-08 04:51:57.308 8 INFO neutron.pecan_wsgi.hooks.translation [None req-38ab093a-339b-4fa4-8412-32d91fa0519d a8b29372f9a94ba6ac7508332421e4a7 d72015cac90f4fb19f5c22cf6f4ab38b - - default default] GET failed (client error): The resource could not be found. [pid: 8|app: 0|req: 1802/3544] 10.0.0.141 () {32 vars in 720 bytes} [Mon Jun 8 04:51:57 2026] GET /v2.0/subnets/dd96a984-e65d-4cad-bb47-a6bf77e2e2af => generated 136 bytes in 16 msecs (HTTP/1.1 404) 4 headers in 164 bytes (1 switches on core 0)
2026-06-08 04:51:57.432 7 INFO neutron_taas.services.taas.taas_plugin [None req-e5bdf65b-800a-49ef-a360-84b8c8f50796 a8b29372f9a94ba6ac7508332421e4a7 d72015cac90f4fb19f5c22cf6f4ab38b - - default default] TaaS: Handle Delete Port: e25554a5-27bb-4741-80d2-52010b71e56a
2026-06-08 04:51:57.435 7 INFO neutron_taas.services.taas.tap_mirror_plugin [None req-e5bdf65b-800a-49ef-a360-84b8c8f50796 a8b29372f9a94ba6ac7508332421e4a7 d72015cac90f4fb19f5c22cf6f4ab38b - - default default] Tap Mirror: Handle Delete Port: e25554a5-27bb-4741-80d2-52010b71e56a [pid: 7|app: 0|req: 1743/3545] 10.0.0.141 () {32 vars in 725 bytes} [Mon Jun 8 04:51:57 2026] DELETE /v2.0/networks/daaa6770-35bf-45d1-a75f-35dcbb265915 => generated 0 bytes in 389 msecs (HTTP/1.1 204) 3 headers in 131 bytes (1 switches on core 0)
2026-06-08 04:51:57.734 8 INFO neutron.pecan_wsgi.hooks.translation [None req-b0536a36-ecfb-40c7-8d15-4afa39d15be0 a8b29372f9a94ba6ac7508332421e4a7 d72015cac90f4fb19f5c22cf6f4ab38b - - default default] GET failed (client error): The resource could not be found. [pid: 8|app: 0|req: 1803/3546] 10.0.0.141 () {32 vars in 722 bytes} [Mon Jun 8 04:51:57 2026] GET /v2.0/networks/daaa6770-35bf-45d1-a75f-35dcbb265915 => generated 138 bytes in 23 msecs (HTTP/1.1 404) 4 headers in 164 bytes (1 switches on core 0) [pid: 7|app: 0|req: 1744/3547] 10.0.0.141 () {32 vars in 723 bytes} [Mon Jun 8 04:51:57 2026] DELETE /v2.0/subnets/4dcdbca1-da59-4182-88e5-4da8b3ff902c => generated 0 bytes in 206 msecs (HTTP/1.1 204) 3 headers in 131 bytes (1 switches on core 0)
2026-06-08 04:51:57.967 8 INFO neutron.pecan_wsgi.hooks.translation [None req-c2bbd798-a2a1-434c-a787-e163d6fd0a0a a8b29372f9a94ba6ac7508332421e4a7 d72015cac90f4fb19f5c22cf6f4ab38b - - default default] GET failed (client error): The resource could not be found. [pid: 8|app: 0|req: 1804/3548] 10.0.0.141 () {32 vars in 720 bytes} [Mon Jun 8 04:51:57 2026] GET /v2.0/subnets/4dcdbca1-da59-4182-88e5-4da8b3ff902c => generated 136 bytes in 18 msecs (HTTP/1.1 404) 4 headers in 164 bytes (1 switches on core 0) [pid: 7|app: 0|req: 1745/3549] 10.0.0.141 () {32 vars in 723 bytes} [Mon Jun 8 04:51:57 2026] DELETE /v2.0/subnets/ebb0f4d7-63a0-4f95-9af0-c3a0b900ac49 => generated 0 bytes in 224 msecs (HTTP/1.1 204) 3 headers in 131 bytes (1 switches on core 0)
2026-06-08 04:51:58.219 8 INFO neutron.pecan_wsgi.hooks.translation [None req-d550ef91-9b4a-486b-a14e-d6d1ebcb7146 a8b29372f9a94ba6ac7508332421e4a7 d72015cac90f4fb19f5c22cf6f4ab38b - - default default] GET failed (client error): The resource could not be found. [pid: 8|app: 0|req: 1805/3550] 10.0.0.141 () {32 vars in 720 bytes} [Mon Jun 8 04:51:58 2026] GET /v2.0/subnets/ebb0f4d7-63a0-4f95-9af0-c3a0b900ac49 => generated 136 bytes in 17 msecs (HTTP/1.1 404) 4 headers in 164 bytes (1 switches on core 0)
2026-06-08 04:51:58.341 7 INFO neutron_taas.services.taas.taas_plugin [None req-07f369ff-57c4-42e2-bb60-25796430e670 a8b29372f9a94ba6ac7508332421e4a7 d72015cac90f4fb19f5c22cf6f4ab38b - - default default] TaaS: Handle Delete Port: de98dceb-c0d1-4e98-beb5-60dce32ded02
2026-06-08 04:51:58.344 7 INFO neutron_taas.services.taas.tap_mirror_plugin [None req-07f369ff-57c4-42e2-bb60-25796430e670 a8b29372f9a94ba6ac7508332421e4a7 d72015cac90f4fb19f5c22cf6f4ab38b - - default default] Tap Mirror: Handle Delete Port: de98dceb-c0d1-4e98-beb5-60dce32ded02
2026-06-08 04:51:58.777 7 INFO neutron.services.segments.plugin [-] Segment 367cb7a7-6995-4e03-bc71-e24a77db3a3e resource provider aggregate not found [pid: 7|app: 0|req: 1746/3551] 10.0.0.141 () {32 vars in 725 bytes} [Mon Jun 8 04:51:58 2026] DELETE /v2.0/networks/8a62e57d-279b-4ed8-9ba9-311cc7d60f2b => generated 0 bytes in 563 msecs (HTTP/1.1 204) 3 headers in 131 bytes (1 switches on core 0)
2026-06-08 04:51:58.790 7 INFO neutron.services.segments.plugin [-] Segment 367cb7a7-6995-4e03-bc71-e24a77db3a3e resource provider aggregate not found
2026-06-08 04:51:58.804 7 INFO neutron.services.segments.plugin [-] Segment 367cb7a7-6995-4e03-bc71-e24a77db3a3e resource provider not found; error: Placement Client Error (4xx): {"errors": [{"status": 404, "title": "Not Found", "detail": "The resource could not be found.\n\n No resource provider with uuid 367cb7a7-6995-4e03-bc71-e24a77db3a3e found for delete ", "request_id": "req-ce5149df-c9cf-4788-b5c1-873bce297a8a"}]}
2026-06-08 04:51:58.811 8 INFO neutron.pecan_wsgi.hooks.translation [None req-d1d87f91-8c7e-44cf-aae8-419bfd641fb3 a8b29372f9a94ba6ac7508332421e4a7 d72015cac90f4fb19f5c22cf6f4ab38b - - default default] GET failed (client error): The resource could not be found.
2026-06-08 04:51:58.813 7 INFO neutron.services.segments.plugin [-] Segment 367cb7a7-6995-4e03-bc71-e24a77db3a3e resource provider not found; error: Placement Client Error (4xx): {"errors": [{"status": 404, "title": "Not Found", "detail": "The resource could not be found.\n\n No resource provider with uuid 367cb7a7-6995-4e03-bc71-e24a77db3a3e found for delete ", "request_id": "req-f86cf049-7747-4e42-a2d6-87816efe5ae3"}]} [pid: 8|app: 0|req: 1806/3552] 10.0.0.141 () {32 vars in 722 bytes} [Mon Jun 8 04:51:58 2026] GET /v2.0/networks/8a62e57d-279b-4ed8-9ba9-311cc7d60f2b => generated 138 bytes in 18 msecs (HTTP/1.1 404) 4 headers in 164 bytes (1 switches on core 0)
2026-06-08 04:51:58.822 7 INFO neutron.services.segments.plugin [-] Segment 577f8e81-4fb4-41a2-add1-8a05b045b19c resource provider aggregate not found
2026-06-08 04:51:58.832 7 INFO neutron.services.segments.plugin [-] Segment 577f8e81-4fb4-41a2-add1-8a05b045b19c resource provider aggregate not found
2026-06-08 04:51:58.840 7 INFO neutron.services.segments.plugin [-] Segment 577f8e81-4fb4-41a2-add1-8a05b045b19c resource provider not found; error: Placement Client Error (4xx): {"errors": [{"status": 404, "title": "Not Found", "detail": "The resource could not be found.\n\n No resource provider with uuid 577f8e81-4fb4-41a2-add1-8a05b045b19c found for delete ", "request_id": "req-e38b0c9e-0290-46df-b848-e54e465e4dfc"}]}
2026-06-08 04:51:58.844 7 INFO neutron.services.segments.plugin [-] Segment 577f8e81-4fb4-41a2-add1-8a05b045b19c resource provider not found; error: Placement Client Error (4xx): {"errors": [{"status": 404, "title": "Not Found", "detail": "The resource could not be found.\n\n No resource provider with uuid 577f8e81-4fb4-41a2-add1-8a05b045b19c found for delete ", "request_id": "req-8af9744c-f38a-451e-a5b5-c4f571739de1"}]} [pid: 7|app: 0|req: 1747/3553] 10.0.0.141 () {32 vars in 773 bytes} [Mon Jun 8 04:52:00 2026] GET /v2.0/security-groups?tenant_id=d72015cac90f4fb19f5c22cf6f4ab38b&name=default => generated 2925 bytes in 195 msecs (HTTP/1.1 200) 4 headers in 158 bytes (1 switches on core 0) [pid: 8|app: 0|req: 1807/3554] 10.0.0.141 () {32 vars in 739 bytes} [Mon Jun 8 04:52:01 2026] DELETE /v2.0/security-groups/2e69c319-3483-4d9b-82e8-7c0f0fdce71c => generated 0 bytes in 264 msecs (HTTP/1.1 204) 2 headers in 112 bytes (1 switches on core 0)
2026-06-08 04:52:01.548 7 INFO neutron.db.ovn_revision_numbers_db [None req-211b5bd6-db33-43ab-92ed-cbc17ac236c2 5998ff88bb084c36b0d5c988f03271d0 00b40853dbab455081f6a8be0079bb94 - - default default] Successfully bumped revision number for resource 5b5fd29a-839b-4479-ae5f-29bd424b6a78 (type: security_groups) to 1
2026-06-08 04:52:01.563 7 INFO neutron.db.ovn_revision_numbers_db [None req-211b5bd6-db33-43ab-92ed-cbc17ac236c2 5998ff88bb084c36b0d5c988f03271d0 00b40853dbab455081f6a8be0079bb94 - - default default] Successfully bumped revision number for resource 93e27b3f-3a2a-496f-b157-444bd90bba98 (type: security_group_rules) to 0
2026-06-08 04:52:01.576 7 INFO neutron.db.ovn_revision_numbers_db [None req-211b5bd6-db33-43ab-92ed-cbc17ac236c2 5998ff88bb084c36b0d5c988f03271d0 00b40853dbab455081f6a8be0079bb94 - - default default] Successfully bumped revision number for resource a3d23e78-9765-4215-b2fe-68d600c9515d (type: security_group_rules) to 0
2026-06-08 04:52:01.588 7 INFO neutron.db.ovn_revision_numbers_db [None req-211b5bd6-db33-43ab-92ed-cbc17ac236c2 5998ff88bb084c36b0d5c988f03271d0 00b40853dbab455081f6a8be0079bb94 - - default default] Successfully bumped revision number for resource dd3b2a0a-7641-4878-b3ef-2d1cbde2d26c (type: security_group_rules) to 0
2026-06-08 04:52:01.603 7 INFO neutron.db.ovn_revision_numbers_db [None req-211b5bd6-db33-43ab-92ed-cbc17ac236c2 5998ff88bb084c36b0d5c988f03271d0 00b40853dbab455081f6a8be0079bb94 - - default default] Successfully bumped revision number for resource fa1a257d-6d2c-4688-902b-53969c384503 (type: security_group_rules) to 0 [pid: 7|app: 0|req: 1748/3555] 10.0.0.141 () {32 vars in 773 bytes} [Mon Jun 8 04:52:01 2026] GET /v2.0/security-groups?tenant_id=bb083bb6abac4a69a846eea00e8c9cb8&name=default => generated 2929 bytes in 242 msecs (HTTP/1.1 200) 4 headers in 158 bytes (1 switches on core 0) [pid: 8|app: 0|req: 1808/3556] 10.0.0.141 () {32 vars in 739 bytes} [Mon Jun 8 04:52:01 2026] DELETE /v2.0/security-groups/5b5fd29a-839b-4479-ae5f-29bd424b6a78 => generated 0 bytes in 332 msecs (HTTP/1.1 204) 2 headers in 112 bytes (1 switches on core 0)
2026-06-08 04:52:02.411 7 INFO neutron.db.ovn_revision_numbers_db [None req-b161644f-4503-4b2d-be98-ede6e4609693 5998ff88bb084c36b0d5c988f03271d0 00b40853dbab455081f6a8be0079bb94 - - default default] Successfully bumped revision number for resource f2749139-b601-405d-b1c3-7422ed601bba (type: security_groups) to 1
2026-06-08 04:52:02.447 7 INFO neutron.db.ovn_revision_numbers_db [None req-b161644f-4503-4b2d-be98-ede6e4609693 5998ff88bb084c36b0d5c988f03271d0 00b40853dbab455081f6a8be0079bb94 - - default default] Successfully bumped revision number for resource 4bec6297-31d7-48c4-bedc-1c07dfe66dc5 (type: security_group_rules) to 0
2026-06-08 04:52:02.462 7 INFO neutron.db.ovn_revision_numbers_db [None req-b161644f-4503-4b2d-be98-ede6e4609693 5998ff88bb084c36b0d5c988f03271d0 00b40853dbab455081f6a8be0079bb94 - - default default] Successfully bumped revision number for resource 5743e523-1bd0-4621-a611-0b1c999492c5 (type: security_group_rules) to 0
2026-06-08 04:52:02.474 7 INFO neutron.db.ovn_revision_numbers_db [None req-b161644f-4503-4b2d-be98-ede6e4609693 5998ff88bb084c36b0d5c988f03271d0 00b40853dbab455081f6a8be0079bb94 - - default default] Successfully bumped revision number for resource b134449d-2aa3-4e41-8d43-d78df6ed5079 (type: security_group_rules) to 0
2026-06-08 04:52:02.488 7 INFO neutron.db.ovn_revision_numbers_db [None req-b161644f-4503-4b2d-be98-ede6e4609693 5998ff88bb084c36b0d5c988f03271d0 00b40853dbab455081f6a8be0079bb94 - - default default] Successfully bumped revision number for resource b4e7f91b-170a-49c1-8849-6dc5a3f4246f (type: security_group_rules) to 0 [pid: 7|app: 0|req: 1749/3557] 10.0.0.141 () {32 vars in 773 bytes} [Mon Jun 8 04:52:02 2026] GET /v2.0/security-groups?tenant_id=cae10880fa024fe087f1a6e7d03915fe&name=default => generated 2929 bytes in 321 msecs (HTTP/1.1 200) 4 headers in 158 bytes (1 switches on core 0) [pid: 8|app: 0|req: 1809/3558] 10.0.0.141 () {32 vars in 739 bytes} [Mon Jun 8 04:52:02 2026] DELETE /v2.0/security-groups/f2749139-b601-405d-b1c3-7422ed601bba => generated 0 bytes in 272 msecs (HTTP/1.1 204) 2 headers in 112 bytes (1 switches on core 0)
2026-06-08 04:52:03.148 7 INFO neutron.db.ovn_revision_numbers_db [None req-7a3f7de4-f78b-46a6-9797-0edcf00dcdb5 5998ff88bb084c36b0d5c988f03271d0 00b40853dbab455081f6a8be0079bb94 - - default default] Successfully bumped revision number for resource 66f7fb42-957e-42d9-92ff-b20bde7fb706 (type: security_groups) to 1
2026-06-08 04:52:03.164 7 INFO neutron.db.ovn_revision_numbers_db [None req-7a3f7de4-f78b-46a6-9797-0edcf00dcdb5 5998ff88bb084c36b0d5c988f03271d0 00b40853dbab455081f6a8be0079bb94 - - default default] Successfully bumped revision number for resource 1449252b-b9b4-48ca-83de-5caa308b9b3e (type: security_group_rules) to 0
2026-06-08 04:52:03.179 7 INFO neutron.db.ovn_revision_numbers_db [None req-7a3f7de4-f78b-46a6-9797-0edcf00dcdb5 5998ff88bb084c36b0d5c988f03271d0 00b40853dbab455081f6a8be0079bb94 - - default default] Successfully bumped revision number for resource 52115566-f368-4e6f-8b38-aa2f8a8810df (type: security_group_rules) to 0
2026-06-08 04:52:03.193 7 INFO neutron.db.ovn_revision_numbers_db [None req-7a3f7de4-f78b-46a6-9797-0edcf00dcdb5 5998ff88bb084c36b0d5c988f03271d0 00b40853dbab455081f6a8be0079bb94 - - default default] Successfully bumped revision number for resource c0a17b7a-1dc1-4882-b070-539cee2f2fcc (type: security_group_rules) to 0
2026-06-08 04:52:03.209 7 INFO neutron.db.ovn_revision_numbers_db [None req-7a3f7de4-f78b-46a6-9797-0edcf00dcdb5 5998ff88bb084c36b0d5c988f03271d0 00b40853dbab455081f6a8be0079bb94 - - default default] Successfully bumped revision number for resource f90f870b-d0e9-4e47-92cf-287fe9369703 (type: security_group_rules) to 0 [pid: 7|app: 0|req: 1750/3559] 10.0.0.141 () {32 vars in 773 bytes} [Mon Jun 8 04:52:02 2026] GET /v2.0/security-groups?tenant_id=d80b44c8b33f4278bfacc9f9972b830a&name=default => generated 2929 bytes in 268 msecs (HTTP/1.1 200) 4 headers in 158 bytes (1 switches on core 0) [pid: 8|app: 0|req: 1810/3560] 10.0.0.141 () {32 vars in 739 bytes} [Mon Jun 8 04:52:03 2026] DELETE /v2.0/security-groups/66f7fb42-957e-42d9-92ff-b20bde7fb706 => generated 0 bytes in 297 msecs (HTTP/1.1 204) 2 headers in 112 bytes (1 switches on core 0)
2026-06-08 04:52:03.914 7 INFO neutron.db.ovn_revision_numbers_db [None req-024cf044-0861-4274-ba8e-981511988bcb 5998ff88bb084c36b0d5c988f03271d0 00b40853dbab455081f6a8be0079bb94 - - default default] Successfully bumped revision number for resource 33da2cf1-7ece-492c-a835-724da5a16811 (type: security_groups) to 1
2026-06-08 04:52:03.931 7 INFO neutron.db.ovn_revision_numbers_db [None req-024cf044-0861-4274-ba8e-981511988bcb 5998ff88bb084c36b0d5c988f03271d0 00b40853dbab455081f6a8be0079bb94 - - default default] Successfully bumped revision number for resource 988d8495-d36e-430a-a488-433f5a7b0d1a (type: security_group_rules) to 0
2026-06-08 04:52:03.945 7 INFO neutron.db.ovn_revision_numbers_db [None req-024cf044-0861-4274-ba8e-981511988bcb 5998ff88bb084c36b0d5c988f03271d0 00b40853dbab455081f6a8be0079bb94 - - default default] Successfully bumped revision number for resource cb3323db-bfa0-4bde-ae9c-f780b2352cce (type: security_group_rules) to 0
2026-06-08 04:52:03.959 7 INFO neutron.db.ovn_revision_numbers_db [None req-024cf044-0861-4274-ba8e-981511988bcb 5998ff88bb084c36b0d5c988f03271d0 00b40853dbab455081f6a8be0079bb94 - - default default] Successfully bumped revision number for resource e0fa64be-995d-4cee-896a-1a137a49f003 (type: security_group_rules) to 0
2026-06-08 04:52:03.970 7 INFO neutron.db.ovn_revision_numbers_db [None req-024cf044-0861-4274-ba8e-981511988bcb 5998ff88bb084c36b0d5c988f03271d0 00b40853dbab455081f6a8be0079bb94 - - default default] Successfully bumped revision number for resource e7abe473-7701-4735-8264-a0c552b459ee (type: security_group_rules) to 0 [pid: 7|app: 0|req: 1751/3561] 10.0.0.141 () {32 vars in 773 bytes} [Mon Jun 8 04:52:03 2026] GET /v2.0/security-groups?tenant_id=f2ab3193ef0b4ace85fefbe65f127dc4&name=default => generated 2929 bytes in 251 msecs (HTTP/1.1 200) 4 headers in 158 bytes (1 switches on core 0) [pid: 8|app: 0|req: 1811/3562] 10.0.0.141 () {32 vars in 739 bytes} [Mon Jun 8 04:52:04 2026] DELETE /v2.0/security-groups/33da2cf1-7ece-492c-a835-724da5a16811 => generated 0 bytes in 255 msecs (HTTP/1.1 204) 2 headers in 112 bytes (1 switches on core 0)
2026-06-08 04:52:04.619 7 INFO neutron.db.ovn_revision_numbers_db [None req-ef23f763-97eb-4b65-87e1-aeecddfbdf10 5998ff88bb084c36b0d5c988f03271d0 00b40853dbab455081f6a8be0079bb94 - - default default] Successfully bumped revision number for resource 4a7e4ac5-c746-4d5f-aa1f-e38909b33dea (type: security_groups) to 1
2026-06-08 04:52:04.643 7 INFO neutron.db.ovn_revision_numbers_db [None req-ef23f763-97eb-4b65-87e1-aeecddfbdf10 5998ff88bb084c36b0d5c988f03271d0 00b40853dbab455081f6a8be0079bb94 - - default default] Successfully bumped revision number for resource 27e44021-237e-4744-bff7-e515e28fb26c (type: security_group_rules) to 0
2026-06-08 04:52:04.661 7 INFO neutron.db.ovn_revision_numbers_db [None req-ef23f763-97eb-4b65-87e1-aeecddfbdf10 5998ff88bb084c36b0d5c988f03271d0 00b40853dbab455081f6a8be0079bb94 - - default default] Successfully bumped revision number for resource 3160c57e-0e6d-4f0e-907c-3b99d5ea51df (type: security_group_rules) to 0
2026-06-08 04:52:04.675 7 INFO neutron.db.ovn_revision_numbers_db [None req-ef23f763-97eb-4b65-87e1-aeecddfbdf10 5998ff88bb084c36b0d5c988f03271d0 00b40853dbab455081f6a8be0079bb94 - - default default] Successfully bumped revision number for resource 8606ea87-7eef-4461-be2c-c6f3cc6d8f28 (type: security_group_rules) to 0
2026-06-08 04:52:04.695 7 INFO neutron.db.ovn_revision_numbers_db [None req-ef23f763-97eb-4b65-87e1-aeecddfbdf10 5998ff88bb084c36b0d5c988f03271d0 00b40853dbab455081f6a8be0079bb94 - - default default] Successfully bumped revision number for resource 86854aee-08fe-439d-99de-378620089851 (type: security_group_rules) to 0 [pid: 7|app: 0|req: 1752/3563] 10.0.0.141 () {32 vars in 773 bytes} [Mon Jun 8 04:52:04 2026] GET /v2.0/security-groups?tenant_id=04e180419255474c82a67a2c915349ce&name=default => generated 2929 bytes in 283 msecs (HTTP/1.1 200) 4 headers in 158 bytes (1 switches on core 0) [pid: 8|app: 0|req: 1812/3564] 10.0.0.141 () {32 vars in 739 bytes} [Mon Jun 8 04:52:04 2026] DELETE /v2.0/security-groups/4a7e4ac5-c746-4d5f-aa1f-e38909b33dea => generated 0 bytes in 269 msecs (HTTP/1.1 204) 2 headers in 112 bytes (1 switches on core 0)
2026-06-08 04:52:05.298 7 INFO neutron.db.ovn_revision_numbers_db [None req-bd3ee2c2-4c11-4535-9915-5af7e055732a 5998ff88bb084c36b0d5c988f03271d0 00b40853dbab455081f6a8be0079bb94 - - default default] Successfully bumped revision number for resource 4c51e6cc-3dcb-43f4-905b-ff7b1d186b08 (type: security_groups) to 1
2026-06-08 04:52:05.314 7 INFO neutron.db.ovn_revision_numbers_db [None req-bd3ee2c2-4c11-4535-9915-5af7e055732a 5998ff88bb084c36b0d5c988f03271d0 00b40853dbab455081f6a8be0079bb94 - - default default] Successfully bumped revision number for resource 06278265-760b-42e7-a7be-51a6130ed8ae (type: security_group_rules) to 0
2026-06-08 04:52:05.328 7 INFO neutron.db.ovn_revision_numbers_db [None req-bd3ee2c2-4c11-4535-9915-5af7e055732a 5998ff88bb084c36b0d5c988f03271d0 00b40853dbab455081f6a8be0079bb94 - - default default] Successfully bumped revision number for resource 08e8ce16-797c-4acf-a010-f3f7788a6ffd (type: security_group_rules) to 0
2026-06-08 04:52:05.342 7 INFO neutron.db.ovn_revision_numbers_db [None req-bd3ee2c2-4c11-4535-9915-5af7e055732a 5998ff88bb084c36b0d5c988f03271d0 00b40853dbab455081f6a8be0079bb94 - - default default] Successfully bumped revision number for resource 55ec6224-01b6-4119-952e-a8d96322b86a (type: security_group_rules) to 0
2026-06-08 04:52:05.356 7 INFO neutron.db.ovn_revision_numbers_db [None req-bd3ee2c2-4c11-4535-9915-5af7e055732a 5998ff88bb084c36b0d5c988f03271d0 00b40853dbab455081f6a8be0079bb94 - - default default] Successfully bumped revision number for resource ec6f0085-990c-488c-a972-9afa9fa28ba9 (type: security_group_rules) to 0 [pid: 7|app: 0|req: 1753/3565] 10.0.0.141 () {32 vars in 773 bytes} [Mon Jun 8 04:52:05 2026] GET /v2.0/security-groups?tenant_id=61f1f63d9cda45248c61277e6c642b9d&name=default => generated 2929 bytes in 248 msecs (HTTP/1.1 200) 4 headers in 158 bytes (1 switches on core 0) [pid: 8|app: 0|req: 1813/3566] 10.0.0.141 () {32 vars in 739 bytes} [Mon Jun 8 04:52:05 2026] DELETE /v2.0/security-groups/4c51e6cc-3dcb-43f4-905b-ff7b1d186b08 => generated 0 bytes in 243 msecs (HTTP/1.1 204) 2 headers in 112 bytes (1 switches on core 0)
2026-06-08 04:52:10.612 7 WARNING neutron.scheduler.dhcp_agent_scheduler [None req-a27dcfb4-56f3-47d7-a314-da40b5dbcc67 d60365dd239a47c3bbf4687d2cfda498 d52b1d6d29454f28b7a8735fa1a88b26 - - default default] No more DHCP agents
2026-06-08 04:52:10.613 7 WARNING neutron.api.rpc.agentnotifiers.dhcp_rpc_agent_api [None req-a27dcfb4-56f3-47d7-a314-da40b5dbcc67 d60365dd239a47c3bbf4687d2cfda498 d52b1d6d29454f28b7a8735fa1a88b26 - - default default] Unable to schedule network d0ab014d-dd9e-4164-9f2f-c6bd7c544ca3: no agents available; will retry on subsequent port and subnet creation events. [pid: 7|app: 0|req: 1755/3569] 10.0.0.141 () {34 vars in 675 bytes} [Mon Jun 8 04:52:10 2026] POST /v2.0/floatingips => generated 552 bytes in 809 msecs (HTTP/1.1 201) 4 headers in 162 bytes (1 switches on core 0)
2026-06-08 04:52:11.257 8 WARNING neutron.scheduler.dhcp_agent_scheduler [None req-807fad5a-2c4b-40e5-a09b-4997ab40bb48 d60365dd239a47c3bbf4687d2cfda498 d52b1d6d29454f28b7a8735fa1a88b26 - - default default] No more DHCP agents
2026-06-08 04:52:11.259 8 WARNING neutron.api.rpc.agentnotifiers.dhcp_rpc_agent_api [None req-807fad5a-2c4b-40e5-a09b-4997ab40bb48 d60365dd239a47c3bbf4687d2cfda498 d52b1d6d29454f28b7a8735fa1a88b26 - - default default] Unable to schedule network d0ab014d-dd9e-4164-9f2f-c6bd7c544ca3: no agents available; will retry on subsequent port and subnet creation events. [pid: 8|app: 0|req: 1815/3570] 10.0.0.141 () {34 vars in 675 bytes} [Mon Jun 8 04:52:11 2026] POST /v2.0/floatingips => generated 552 bytes in 577 msecs (HTTP/1.1 201) 4 headers in 162 bytes (1 switches on core 0)
2026-06-08 04:52:11.862 7 WARNING neutron.scheduler.dhcp_agent_scheduler [None req-a175c0b8-52be-47da-b314-7338b99e0be9 d60365dd239a47c3bbf4687d2cfda498 d52b1d6d29454f28b7a8735fa1a88b26 - - default default] No more DHCP agents
2026-06-08 04:52:11.863 7 WARNING neutron.api.rpc.agentnotifiers.dhcp_rpc_agent_api [None req-a175c0b8-52be-47da-b314-7338b99e0be9 d60365dd239a47c3bbf4687d2cfda498 d52b1d6d29454f28b7a8735fa1a88b26 - - default default] Unable to schedule network d0ab014d-dd9e-4164-9f2f-c6bd7c544ca3: no agents available; will retry on subsequent port and subnet creation events. [pid: 7|app: 0|req: 1756/3571] 10.0.0.141 () {34 vars in 675 bytes} [Mon Jun 8 04:52:11 2026] POST /v2.0/floatingips => generated 552 bytes in 618 msecs (HTTP/1.1 201) 4 headers in 162 bytes (1 switches on core 0)
2026-06-08 04:52:12.534 8 WARNING neutron.scheduler.dhcp_agent_scheduler [None req-28e95dd2-b1fd-4180-8683-f794bff5cb0b d60365dd239a47c3bbf4687d2cfda498 d52b1d6d29454f28b7a8735fa1a88b26 - - default default] No more DHCP agents
