2026-06-08 04:44:01.273 7 WARNING neutron.scheduler.dhcp_agent_scheduler [None req-fb272aa2-3d63-4440-8867-8365e0eb4327 82c5ee7244974ed284481d3b7e4464d7 45e7c9706f8947179398ac2211287be5 - - default default] No more DHCP agents
2026-06-08 04:44:01.274 7 WARNING neutron.api.rpc.agentnotifiers.dhcp_rpc_agent_api [None req-fb272aa2-3d63-4440-8867-8365e0eb4327 82c5ee7244974ed284481d3b7e4464d7 45e7c9706f8947179398ac2211287be5 - - default default] Unable to schedule network f47d73b3-beff-4f04-858d-89322aac37c1: no agents available; will retry on subsequent port and subnet creation events.
2026-06-08 04:44:01.324 8 INFO neutron.plugins.ml2.drivers.ovn.mech_driver.mech_driver [None req-98c7c1db-c5de-4d48-ab8d-0d1da87285ac - - - - - -] OVN reports status down for port: 8cc84bc3-ada3-41b0-9bb2-552455883c3c
2026-06-08 04:44:01.358 7 INFO neutron.db.ovn_revision_numbers_db [None req-fb272aa2-3d63-4440-8867-8365e0eb4327 82c5ee7244974ed284481d3b7e4464d7 45e7c9706f8947179398ac2211287be5 - - default default] Successfully bumped revision number for resource 8cc84bc3-ada3-41b0-9bb2-552455883c3c (type: ports) to 1 [pid: 7|app: 0|req: 543/1027] 10.0.0.141 () {34 vars in 669 bytes} [Mon Jun 8 04:44:00 2026] POST /v2.0/networks => generated 653 bytes in 480 msecs (HTTP/1.1 201) 4 headers in 162 bytes (1 switches on core 0)
2026-06-08 04:44:01.571 8 WARNING neutron.scheduler.dhcp_agent_scheduler [req-00809742-0020-46c8-b196-6da03e62b90c req-d3853346-0c39-4fa8-8dbe-0395429d352d 037500a75e21461cbe29e434e39bdaf5 a92a91ca6c844a1ba510e5e2f361ef4a - - default default] No more DHCP agents
2026-06-08 04:44:01.572 8 WARNING neutron.api.rpc.agentnotifiers.dhcp_rpc_agent_api [req-00809742-0020-46c8-b196-6da03e62b90c req-d3853346-0c39-4fa8-8dbe-0395429d352d 037500a75e21461cbe29e434e39bdaf5 a92a91ca6c844a1ba510e5e2f361ef4a - - default default] Unable to schedule network 942bf89c-f420-4ac5-b1f6-23807f78de90: no agents available; will retry on subsequent port and subnet creation events.
2026-06-08 04:44:01.671 7 INFO neutron.db.ovn_revision_numbers_db [None req-21d41f72-48c9-463c-8b16-eac771e0be8a 5998ff88bb084c36b0d5c988f03271d0 00b40853dbab455081f6a8be0079bb94 - - default default] Successfully bumped revision number for resource fd8c34ab-0cd9-4a8e-a495-ac0b8b45d6d2 (type: security_groups) to 1
2026-06-08 04:44:01.705 7 INFO neutron.db.ovn_revision_numbers_db [None req-21d41f72-48c9-463c-8b16-eac771e0be8a 5998ff88bb084c36b0d5c988f03271d0 00b40853dbab455081f6a8be0079bb94 - - default default] Successfully bumped revision number for resource 5f5117ea-3ef2-4f24-8e00-6489d3861b7f (type: security_group_rules) to 0
2026-06-08 04:44:01.712 7 INFO neutron.plugins.ml2.drivers.ovn.mech_driver.mech_driver [None req-a2a256ef-bb0c-42bd-a0db-6d3906154dd8 - - - - - -] OVN reports status down for port: 144e5861-8106-40d0-9df4-48003f20ccd4
2026-06-08 04:44:01.733 7 INFO neutron.db.ovn_revision_numbers_db [None req-21d41f72-48c9-463c-8b16-eac771e0be8a 5998ff88bb084c36b0d5c988f03271d0 00b40853dbab455081f6a8be0079bb94 - - default default] Successfully bumped revision number for resource 75c9ffaf-5b1e-47dd-9096-743913c95564 (type: security_group_rules) to 0
2026-06-08 04:44:01.751 8 INFO neutron.db.ovn_revision_numbers_db [req-00809742-0020-46c8-b196-6da03e62b90c req-d3853346-0c39-4fa8-8dbe-0395429d352d 037500a75e21461cbe29e434e39bdaf5 a92a91ca6c844a1ba510e5e2f361ef4a - - default default] Successfully bumped revision number for resource 144e5861-8106-40d0-9df4-48003f20ccd4 (type: ports) to 1
2026-06-08 04:44:01.772 7 INFO neutron.db.ovn_revision_numbers_db [None req-21d41f72-48c9-463c-8b16-eac771e0be8a 5998ff88bb084c36b0d5c988f03271d0 00b40853dbab455081f6a8be0079bb94 - - default default] Successfully bumped revision number for resource 8076d8ec-f2fd-4fda-bb70-1ca0c770fec4 (type: security_group_rules) to 0
2026-06-08 04:44:01.796 7 INFO neutron.db.ovn_revision_numbers_db [None req-21d41f72-48c9-463c-8b16-eac771e0be8a 5998ff88bb084c36b0d5c988f03271d0 00b40853dbab455081f6a8be0079bb94 - - default default] Successfully bumped revision number for resource a0bfc23c-2a6f-49e6-9b11-b6336c10ebf3 (type: security_group_rules) to 0 [pid: 8|app: 0|req: 485/1028] 199.204.45.78 () {38 vars in 953 bytes} [Mon Jun 8 04:44:01 2026] POST /v2.0/ports => generated 954 bytes in 547 msecs (HTTP/1.1 201) 4 headers in 162 bytes (1 switches on core 0) /var/lib/openstack/lib/python3.12/site-packages/pycadf/identifier.py:70: UserWarning: Invalid uuid: neutron. To ensure interoperability, identifiers should be a valid uuid. warnings.warn(('Invalid uuid: %s. To ensure interoperability, ' [pid: 7|app: 0|req: 544/1029] 10.0.0.141 () {32 vars in 773 bytes} [Mon Jun 8 04:44:01 2026] GET /v2.0/security-groups?tenant_id=2676a39024c14a1099078a50360aaa74&name=default => generated 2925 bytes in 476 msecs (HTTP/1.1 200) 4 headers in 158 bytes (1 switches on core 0)
2026-06-08 04:44:01.931 8 INFO neutron_taas.services.taas.taas_plugin [None req-c52bb125-cb78-4371-8ef6-e53d4b97d57b 5998ff88bb084c36b0d5c988f03271d0 00b40853dbab455081f6a8be0079bb94 - - default default] TaaS: Handle Delete Port: e58d8331-9aa9-46bd-b811-f8f0a6879788
2026-06-08 04:44:01.934 8 INFO neutron_taas.services.taas.tap_mirror_plugin [None req-c52bb125-cb78-4371-8ef6-e53d4b97d57b 5998ff88bb084c36b0d5c988f03271d0 00b40853dbab455081f6a8be0079bb94 - - default default] Tap Mirror: Handle Delete Port: e58d8331-9aa9-46bd-b811-f8f0a6879788
2026-06-08 04:44:02.046 7 WARNING neutron.scheduler.dhcp_agent_scheduler [None req-5962223a-4a24-4e4a-bfd9-dc8f58fd7241 82c5ee7244974ed284481d3b7e4464d7 45e7c9706f8947179398ac2211287be5 - - default default] No more DHCP agents
2026-06-08 04:44:02.047 7 WARNING neutron.api.rpc.agentnotifiers.dhcp_rpc_agent_api [None req-5962223a-4a24-4e4a-bfd9-dc8f58fd7241 82c5ee7244974ed284481d3b7e4464d7 45e7c9706f8947179398ac2211287be5 - - default default] Unable to schedule network a7b046ef-ebec-4321-9b59-fe993e7eea52: no agents available; will retry on subsequent port and subnet creation events.
2026-06-08 04:44:02.085 7 INFO neutron.db.ovn_revision_numbers_db [None req-5962223a-4a24-4e4a-bfd9-dc8f58fd7241 82c5ee7244974ed284481d3b7e4464d7 45e7c9706f8947179398ac2211287be5 - - default default] Successfully bumped revision number for resource 9d0b6fe0-4a4a-477d-8727-f760dc5aae0f (type: subnets) to 0 [pid: 7|app: 0|req: 545/1030] 10.0.0.141 () {34 vars in 668 bytes} [Mon Jun 8 04:44:01 2026] POST /v2.0/subnets => generated 646 bytes in 245 msecs (HTTP/1.1 201) 4 headers in 162 bytes (1 switches on core 0)
2026-06-08 04:44:02.113 8 INFO neutron.services.segments.plugin [-] Segment 4e8c6903-cdbd-4e4e-9236-409aa5944f4f resource provider aggregate not found
2026-06-08 04:44:02.129 8 INFO neutron.services.segments.plugin [-] Segment 4e8c6903-cdbd-4e4e-9236-409aa5944f4f resource provider aggregate not found
2026-06-08 04:44:02.133 8 INFO neutron.services.segments.plugin [-] Segment 4e8c6903-cdbd-4e4e-9236-409aa5944f4f resource provider not found; error: Placement Client Error (4xx): {"errors": [{"status": 404, "title": "Not Found", "detail": "The resource could not be found.\n\n No resource provider with uuid 4e8c6903-cdbd-4e4e-9236-409aa5944f4f found for delete ", "request_id": "req-cbb306de-bd36-4936-baf9-0490a991631b"}]}
2026-06-08 04:44:02.147 8 INFO neutron.services.segments.plugin [-] Segment 4e8c6903-cdbd-4e4e-9236-409aa5944f4f resource provider not found; error: Placement Client Error (4xx): {"errors": [{"status": 404, "title": "Not Found", "detail": "The resource could not be found.\n\n No resource provider with uuid 4e8c6903-cdbd-4e4e-9236-409aa5944f4f found for delete ", "request_id": "req-121087c7-2003-499c-b2a1-005fff046835"}]} [pid: 8|app: 0|req: 486/1031] 10.0.0.141 () {32 vars in 725 bytes} [Mon Jun 8 04:44:01 2026] DELETE /v2.0/networks/a5d9091f-bd57-4587-9e4e-7cf7f68a7bcf => generated 0 bytes in 370 msecs (HTTP/1.1 204) 3 headers in 131 bytes (1 switches on core 0) [pid: 8|app: 0|req: 487/1032] 10.0.0.141 () {32 vars in 739 bytes} [Mon Jun 8 04:44:02 2026] DELETE /v2.0/security-groups/fd8c34ab-0cd9-4a8e-a495-ac0b8b45d6d2 => generated 0 bytes in 220 msecs (HTTP/1.1 204) 2 headers in 112 bytes (1 switches on core 0)
2026-06-08 04:44:02.512 7 INFO neutron.db.ovn_revision_numbers_db [req-00809742-0020-46c8-b196-6da03e62b90c req-f9038631-6ead-43c0-a58b-ec7d191db9aa 868593e2b1fe45db91d73301074b712d 9b2de4b587d54b0f8a67a18914dd4391 - - ccdb024b2ffb4e019565f557680f12a4 ccdb024b2ffb4e019565f557680f12a4] Successfully bumped revision number for resource 144e5861-8106-40d0-9df4-48003f20ccd4 (type: ports) to 2
2026-06-08 04:44:02.642 8 WARNING neutron.scheduler.dhcp_agent_scheduler [None req-659a9562-9d4e-41f8-a1b0-7c61f2767c03 82c5ee7244974ed284481d3b7e4464d7 45e7c9706f8947179398ac2211287be5 - - default default] No more DHCP agents
2026-06-08 04:44:02.644 8 WARNING neutron.api.rpc.agentnotifiers.dhcp_rpc_agent_api [None req-659a9562-9d4e-41f8-a1b0-7c61f2767c03 82c5ee7244974ed284481d3b7e4464d7 45e7c9706f8947179398ac2211287be5 - - default default] Unable to schedule network f47d73b3-beff-4f04-858d-89322aac37c1: no agents available; will retry on subsequent port and subnet creation events.
2026-06-08 04:44:02.685 8 INFO neutron.db.ovn_revision_numbers_db [None req-659a9562-9d4e-41f8-a1b0-7c61f2767c03 82c5ee7244974ed284481d3b7e4464d7 45e7c9706f8947179398ac2211287be5 - - default default] Successfully bumped revision number for resource cdd2413b-0cbb-46d4-8959-1af3a7c786ee (type: subnets) to 0 [pid: 8|app: 0|req: 488/1033] 10.0.0.141 () {34 vars in 668 bytes} [Mon Jun 8 04:44:02 2026] POST /v2.0/subnets => generated 655 bytes in 303 msecs (HTTP/1.1 201) 4 headers in 162 bytes (1 switches on core 0) [pid: 8|app: 0|req: 489/1034] 10.0.0.243 () {34 vars in 989 bytes} [Mon Jun 8 04:44:02 2026] GET /v2.0/ports?device_id=df127974-3149-4c0c-9094-927493e798e6 => generated 969 bytes in 53 msecs (HTTP/1.1 200) 4 headers in 157 bytes (1 switches on core 0)
2026-06-08 04:44:02.763 7 INFO neutron.db.ovn_revision_numbers_db [req-00809742-0020-46c8-b196-6da03e62b90c req-f9038631-6ead-43c0-a58b-ec7d191db9aa 868593e2b1fe45db91d73301074b712d 9b2de4b587d54b0f8a67a18914dd4391 - - ccdb024b2ffb4e019565f557680f12a4 ccdb024b2ffb4e019565f557680f12a4] Successfully bumped revision number for resource 144e5861-8106-40d0-9df4-48003f20ccd4 (type: ports) to 4 [pid: 8|app: 0|req: 490/1035] 10.0.0.141 () {32 vars in 773 bytes} [Mon Jun 8 04:44:02 2026] GET /v2.0/security-groups?tenant_id=6b2dfbda545743a59b7e381baa25a912&name=default => generated 2921 bytes in 25 msecs (HTTP/1.1 200) 4 headers in 158 bytes (1 switches on core 0) [pid: 7|app: 0|req: 546/1036] 199.204.45.78 () {38 vars in 1026 bytes} [Mon Jun 8 04:44:02 2026] PUT /v2.0/ports/144e5861-8106-40d0-9df4-48003f20ccd4 => generated 1204 bytes in 680 msecs (HTTP/1.1 200) 4 headers in 158 bytes (1 switches on core 0) /var/lib/openstack/lib/python3.12/site-packages/pycadf/identifier.py:70: UserWarning: Invalid uuid: neutron. To ensure interoperability, identifiers should be a valid uuid. warnings.warn(('Invalid uuid: %s. To ensure interoperability, ' [pid: 7|app: 0|req: 547/1037] 10.0.0.243 () {34 vars in 1039 bytes} [Mon Jun 8 04:44:02 2026] GET /v2.0/security-groups?id=fd9c5cde-690b-40c8-92b4-bae99a242ec0&fields=id&fields=name => generated 113 bytes in 32 msecs (HTTP/1.1 200) 4 headers in 157 bytes (1 switches on core 0)
2026-06-08 04:44:02.824 7 INFO neutron.notifiers.nova [-] Nova event matching ['req-61bcfad7-d68d-47a9-96c1-534bc9261289'] response: {'name': 'network-changed', 'server_uuid': 'df127974-3149-4c0c-9094-927493e798e6', 'tag': '144e5861-8106-40d0-9df4-48003f20ccd4', 'status': 'completed', 'code': 200}
2026-06-08 04:44:02.896 8 INFO neutron.db.ovn_revision_numbers_db [None req-bd86289e-5fce-472d-b597-b8a9b970b89e 82c5ee7244974ed284481d3b7e4464d7 45e7c9706f8947179398ac2211287be5 - - default default] Successfully bumped revision number for resource 2e56829a-b0b5-4a91-a0de-6b60510226fd (type: routers) to 1 [pid: 8|app: 0|req: 491/1038] 10.0.0.141 () {34 vars in 668 bytes} [Mon Jun 8 04:44:02 2026] POST /v2.0/routers => generated 606 bytes in 130 msecs (HTTP/1.1 201) 4 headers in 162 bytes (1 switches on core 0) [pid: 7|app: 0|req: 548/1039] 10.0.0.141 () {32 vars in 739 bytes} [Mon Jun 8 04:44:02 2026] DELETE /v2.0/security-groups/be3d0bf7-ecf9-4bc1-bfb5-a1269824ba1c => generated 0 bytes in 257 msecs (HTTP/1.1 204) 2 headers in 112 bytes (1 switches on core 0)
2026-06-08 04:44:03.347 8 WARNING neutron.scheduler.dhcp_agent_scheduler [None req-67585119-95a7-4224-b79e-a6e01b1a5dc0 82c5ee7244974ed284481d3b7e4464d7 45e7c9706f8947179398ac2211287be5 - - default default] No more DHCP agents
2026-06-08 04:44:03.349 8 WARNING neutron.api.rpc.agentnotifiers.dhcp_rpc_agent_api [None req-67585119-95a7-4224-b79e-a6e01b1a5dc0 82c5ee7244974ed284481d3b7e4464d7 45e7c9706f8947179398ac2211287be5 - - default default] Unable to schedule network a7b046ef-ebec-4321-9b59-fe993e7eea52: no agents available; will retry on subsequent port and subnet creation events. [pid: 7|app: 0|req: 549/1040] 199.204.45.78 () {34 vars in 1078 bytes} [Mon Jun 8 04:44:03 2026] GET /v2.0/ports?tenant_id=a92a91ca6c844a1ba510e5e2f361ef4a&device_id=df127974-3149-4c0c-9094-927493e798e6 => generated 1207 bytes in 42 msecs (HTTP/1.1 200) 4 headers in 158 bytes (1 switches on core 0)
2026-06-08 04:44:03.420 8 INFO neutron.plugins.ml2.drivers.ovn.mech_driver.mech_driver [None req-98c7c1db-c5de-4d48-ab8d-0d1da87285ac - - - - - -] OVN reports status down for port: 591e9cce-922e-427e-ba10-533737c51a1c [pid: 7|app: 0|req: 550/1041] 199.204.45.78 () {34 vars in 1016 bytes} [Mon Jun 8 04:44:03 2026] GET /v2.0/networks?tenant_id=a92a91ca6c844a1ba510e5e2f361ef4a&shared=False => generated 813 bytes in 69 msecs (HTTP/1.1 200) 4 headers in 157 bytes (1 switches on core 0)
2026-06-08 04:44:03.478 8 INFO neutron.db.ovn_revision_numbers_db [None req-67585119-95a7-4224-b79e-a6e01b1a5dc0 82c5ee7244974ed284481d3b7e4464d7 45e7c9706f8947179398ac2211287be5 - - default default] Successfully bumped revision number for resource 591e9cce-922e-427e-ba10-533737c51a1c (type: ports) to 1 [pid: 7|app: 0|req: 551/1042] 199.204.45.78 () {34 vars in 928 bytes} [Mon Jun 8 04:44:03 2026] GET /v2.0/networks?shared=True => generated 791 bytes in 73 msecs (HTTP/1.1 200) 4 headers in 157 bytes (1 switches on core 0) [pid: 7|app: 0|req: 552/1043] 10.0.0.243 () {34 vars in 989 bytes} [Mon Jun 8 04:44:03 2026] GET /v2.0/ports?device_id=df127974-3149-4c0c-9094-927493e798e6 => generated 969 bytes in 77 msecs (HTTP/1.1 200) 4 headers in 157 bytes (1 switches on core 0) [pid: 7|app: 0|req: 553/1044] 10.0.0.243 () {34 vars in 1039 bytes} [Mon Jun 8 04:44:03 2026] GET /v2.0/security-groups?id=fd9c5cde-690b-40c8-92b4-bae99a242ec0&fields=id&fields=name => generated 113 bytes in 27 msecs (HTTP/1.1 200) 4 headers in 157 bytes (1 switches on core 0)
2026-06-08 04:44:04.077 8 INFO neutron.plugins.ml2.drivers.ovn.mech_driver.mech_driver [None req-98c7c1db-c5de-4d48-ab8d-0d1da87285ac - - - - - -] OVN reports status up for port: 591e9cce-922e-427e-ba10-533737c51a1c
2026-06-08 04:44:04.093 8 INFO neutron.plugins.ml2.plugin [None req-98c7c1db-c5de-4d48-ab8d-0d1da87285ac - - - - - -] Attempt 1 to provision port 591e9cce-922e-427e-ba10-533737c51a1c
2026-06-08 04:44:04.223 8 WARNING neutron.scheduler.dhcp_agent_scheduler [None req-67585119-95a7-4224-b79e-a6e01b1a5dc0 82c5ee7244974ed284481d3b7e4464d7 45e7c9706f8947179398ac2211287be5 - - default default] No more DHCP agents
2026-06-08 04:44:04.239 8 WARNING neutron.api.rpc.agentnotifiers.dhcp_rpc_agent_api [None req-67585119-95a7-4224-b79e-a6e01b1a5dc0 82c5ee7244974ed284481d3b7e4464d7 45e7c9706f8947179398ac2211287be5 - - default default] Unable to schedule network a7b046ef-ebec-4321-9b59-fe993e7eea52: no agents available; will retry on subsequent port and subnet creation events. [pid: 7|app: 0|req: 554/1045] 199.204.45.78 () {34 vars in 1078 bytes} [Mon Jun 8 04:44:04 2026] GET /v2.0/ports?tenant_id=a92a91ca6c844a1ba510e5e2f361ef4a&device_id=df127974-3149-4c0c-9094-927493e798e6 => generated 1207 bytes in 42 msecs (HTTP/1.1 200) 4 headers in 158 bytes (1 switches on core 0) [pid: 7|app: 0|req: 555/1046] 199.204.45.78 () {34 vars in 1056 bytes} [Mon Jun 8 04:44:04 2026] GET /v2.0/floatingips?fixed_ip_address=10.100.0.8&port_id=144e5861-8106-40d0-9df4-48003f20ccd4 => generated 19 bytes in 19 msecs (HTTP/1.1 200) 4 headers in 156 bytes (1 switches on core 0) [pid: 7|app: 0|req: 556/1047] 199.204.45.78 () {34 vars in 982 bytes} [Mon Jun 8 04:44:04 2026] GET /v2.0/subnets?id=501b95b6-2b83-4ada-9bd8-9843466bdf62 => generated 694 bytes in 22 msecs (HTTP/1.1 200) 4 headers in 157 bytes (1 switches on core 0) [pid: 7|app: 0|req: 557/1048] 199.204.45.78 () {34 vars in 1050 bytes} [Mon Jun 8 04:44:04 2026] GET /v2.0/ports?network_id=942bf89c-f420-4ac5-b1f6-23807f78de90&device_owner=network%3Adhcp => generated 12 bytes in 16 msecs (HTTP/1.1 200) 4 headers in 156 bytes (1 switches on core 0)
2026-06-08 04:44:04.666 8 INFO neutron.db.ovn_revision_numbers_db [None req-67585119-95a7-4224-b79e-a6e01b1a5dc0 82c5ee7244974ed284481d3b7e4464d7 45e7c9706f8947179398ac2211287be5 - - default default] Successfully bumped revision number for resource 591e9cce-922e-427e-ba10-533737c51a1c (type: router_ports) to 1 [pid: 8|app: 0|req: 492/1049] 10.0.0.141 () {34 vars in 782 bytes} [Mon Jun 8 04:44:02 2026] PUT /v2.0/routers/2e56829a-b0b5-4a91-a0de-6b60510226fd/add_router_interface => generated 309 bytes in 1755 msecs (HTTP/1.1 200) 4 headers in 157 bytes (1 switches on core 0) [pid: 7|app: 0|req: 558/1050] 199.204.45.78 () {34 vars in 1010 bytes} [Mon Jun 8 04:44:04 2026] GET /v2.0/networks/942bf89c-f420-4ac5-b1f6-23807f78de90?fields=segments => generated 14 bytes in 41 msecs (HTTP/1.1 200) 4 headers in 156 bytes (1 switches on core 0)
2026-06-08 04:44:04.751 8 INFO neutron.db.ovn_revision_numbers_db [None req-98c7c1db-c5de-4d48-ab8d-0d1da87285ac - - - - - -] Successfully bumped revision number for resource 591e9cce-922e-427e-ba10-533737c51a1c (type: ports) to 2 [pid: 7|app: 0|req: 559/1051] 199.204.45.78 () {34 vars in 1110 bytes} [Mon Jun 8 04:44:04 2026] GET /v2.0/networks/942bf89c-f420-4ac5-b1f6-23807f78de90?fields=provider%3Aphysical_network&fields=provider%3Anetwork_type => generated 79 bytes in 45 msecs (HTTP/1.1 200) 4 headers in 156 bytes (1 switches on core 0) [pid: 8|app: 0|req: 493/1052] 10.0.0.141 () {32 vars in 716 bytes} [Mon Jun 8 04:44:04 2026] GET /v2.0/ports/591e9cce-922e-427e-ba10-533737c51a1c => generated 947 bytes in 148 msecs (HTTP/1.1 200) 4 headers in 157 bytes (1 switches on core 0)
2026-06-08 04:44:05.230 7 WARNING neutron.scheduler.dhcp_agent_scheduler [None req-733072f1-49c6-417e-ba2d-12c4ba21f6bc 82c5ee7244974ed284481d3b7e4464d7 45e7c9706f8947179398ac2211287be5 - - default default] No more DHCP agents
2026-06-08 04:44:05.232 7 WARNING neutron.api.rpc.agentnotifiers.dhcp_rpc_agent_api [None req-733072f1-49c6-417e-ba2d-12c4ba21f6bc 82c5ee7244974ed284481d3b7e4464d7 45e7c9706f8947179398ac2211287be5 - - default default] Unable to schedule network f47d73b3-beff-4f04-858d-89322aac37c1: no agents available; will retry on subsequent port and subnet creation events.
2026-06-08 04:44:05.336 7 INFO neutron.plugins.ml2.drivers.ovn.mech_driver.mech_driver [None req-a2a256ef-bb0c-42bd-a0db-6d3906154dd8 - - - - - -] OVN reports status down for port: 2ff7d89c-2d43-48ca-9b92-b319f857200a
2026-06-08 04:44:05.348 8 INFO neutron.db.ovn_revision_numbers_db [None req-2b33bf57-9c0a-4201-a51b-694f449b55ee 5998ff88bb084c36b0d5c988f03271d0 00b40853dbab455081f6a8be0079bb94 - - default default] Successfully bumped revision number for resource a784109e-e8dc-4b17-997b-73a159676b4f (type: security_groups) to 1
2026-06-08 04:44:05.359 8 INFO neutron.db.ovn_revision_numbers_db [None req-2b33bf57-9c0a-4201-a51b-694f449b55ee 5998ff88bb084c36b0d5c988f03271d0 00b40853dbab455081f6a8be0079bb94 - - default default] Successfully bumped revision number for resource 1491eca3-4765-4d3f-bd92-2a5810e81b05 (type: security_group_rules) to 0
2026-06-08 04:44:05.373 8 INFO neutron.db.ovn_revision_numbers_db [None req-2b33bf57-9c0a-4201-a51b-694f449b55ee 5998ff88bb084c36b0d5c988f03271d0 00b40853dbab455081f6a8be0079bb94 - - default default] Successfully bumped revision number for resource 475491a0-186e-4a10-bbaf-8d27dc3f8562 (type: security_group_rules) to 0
2026-06-08 04:44:05.385 8 INFO neutron.db.ovn_revision_numbers_db [None req-2b33bf57-9c0a-4201-a51b-694f449b55ee 5998ff88bb084c36b0d5c988f03271d0 00b40853dbab455081f6a8be0079bb94 - - default default] Successfully bumped revision number for resource 6ce63c9e-22b5-4e0d-98ed-b262b28ba1cb (type: security_group_rules) to 0
2026-06-08 04:44:05.389 7 INFO neutron.db.ovn_revision_numbers_db [None req-733072f1-49c6-417e-ba2d-12c4ba21f6bc 82c5ee7244974ed284481d3b7e4464d7 45e7c9706f8947179398ac2211287be5 - - default default] Successfully bumped revision number for resource 2ff7d89c-2d43-48ca-9b92-b319f857200a (type: ports) to 1
2026-06-08 04:44:05.403 8 INFO neutron.db.ovn_revision_numbers_db [None req-2b33bf57-9c0a-4201-a51b-694f449b55ee 5998ff88bb084c36b0d5c988f03271d0 00b40853dbab455081f6a8be0079bb94 - - default default] Successfully bumped revision number for resource b5ba1b1b-e8af-4789-b9ca-57174839177c (type: security_group_rules) to 0
2026-06-08 04:44:05.493 8 INFO neutron.db.segments_db [None req-2b33bf57-9c0a-4201-a51b-694f449b55ee 5998ff88bb084c36b0d5c988f03271d0 00b40853dbab455081f6a8be0079bb94 - - default default] Added segment 43e6ffa9-85ce-4084-84f0-2ac9a64fbf79 of type geneve for network 580dc103-d908-4af8-bd25-cdc79a06abfe
2026-06-08 04:44:05.603 8 INFO neutron.db.ovn_revision_numbers_db [None req-2b33bf57-9c0a-4201-a51b-694f449b55ee 5998ff88bb084c36b0d5c988f03271d0 00b40853dbab455081f6a8be0079bb94 - - default default] Successfully bumped revision number for resource 580dc103-d908-4af8-bd25-cdc79a06abfe (type: networks) to 1
2026-06-08 04:44:05.819 8 WARNING neutron.scheduler.dhcp_agent_scheduler [None req-2b33bf57-9c0a-4201-a51b-694f449b55ee 5998ff88bb084c36b0d5c988f03271d0 00b40853dbab455081f6a8be0079bb94 - - default default] No more DHCP agents
2026-06-08 04:44:05.828 8 WARNING neutron.api.rpc.agentnotifiers.dhcp_rpc_agent_api [None req-2b33bf57-9c0a-4201-a51b-694f449b55ee 5998ff88bb084c36b0d5c988f03271d0 00b40853dbab455081f6a8be0079bb94 - - default default] Unable to schedule network 580dc103-d908-4af8-bd25-cdc79a06abfe: no agents available; will retry on subsequent port and subnet creation events.
2026-06-08 04:44:05.926 8 INFO neutron.db.ovn_revision_numbers_db [None req-2b33bf57-9c0a-4201-a51b-694f449b55ee 5998ff88bb084c36b0d5c988f03271d0 00b40853dbab455081f6a8be0079bb94 - - default default] Successfully bumped revision number for resource 3c588982-5097-42a4-bfea-f7dd20d99437 (type: ports) to 1 [pid: 8|app: 0|req: 494/1053] 10.0.0.141 () {34 vars in 670 bytes} [Mon Jun 8 04:44:04 2026] POST /v2.0/networks => generated 759 bytes in 954 msecs (HTTP/1.1 201) 4 headers in 162 bytes (1 switches on core 0) [pid: 8|app: 0|req: 495/1054] 10.0.0.243 () {34 vars in 989 bytes} [Mon Jun 8 04:44:05 2026] GET /v2.0/ports?device_id=df127974-3149-4c0c-9094-927493e798e6 => generated 969 bytes in 36 msecs (HTTP/1.1 200) 4 headers in 157 bytes (1 switches on core 0)
2026-06-08 04:44:06.044 7 INFO neutron.plugins.ml2.drivers.ovn.mech_driver.mech_driver [None req-a2a256ef-bb0c-42bd-a0db-6d3906154dd8 - - - - - -] OVN reports status up for port: 2ff7d89c-2d43-48ca-9b92-b319f857200a
2026-06-08 04:44:06.067 7 INFO neutron.plugins.ml2.plugin [None req-a2a256ef-bb0c-42bd-a0db-6d3906154dd8 - - - - - -] Attempt 1 to provision port 2ff7d89c-2d43-48ca-9b92-b319f857200a
2026-06-08 04:44:06.126 8 WARNING neutron.scheduler.dhcp_agent_scheduler [None req-37345069-ed15-4178-a4c5-c3bd9e44b719 5998ff88bb084c36b0d5c988f03271d0 00b40853dbab455081f6a8be0079bb94 - - default default] No more DHCP agents
2026-06-08 04:44:06.129 8 WARNING neutron.api.rpc.agentnotifiers.dhcp_rpc_agent_api [None req-37345069-ed15-4178-a4c5-c3bd9e44b719 5998ff88bb084c36b0d5c988f03271d0 00b40853dbab455081f6a8be0079bb94 - - default default] Unable to schedule network 580dc103-d908-4af8-bd25-cdc79a06abfe: no agents available; will retry on subsequent port and subnet creation events.
2026-06-08 04:44:06.187 7 WARNING neutron.scheduler.dhcp_agent_scheduler [None req-733072f1-49c6-417e-ba2d-12c4ba21f6bc 82c5ee7244974ed284481d3b7e4464d7 45e7c9706f8947179398ac2211287be5 - - default default] No more DHCP agents
2026-06-08 04:44:06.190 7 WARNING neutron.api.rpc.agentnotifiers.dhcp_rpc_agent_api [None req-733072f1-49c6-417e-ba2d-12c4ba21f6bc 82c5ee7244974ed284481d3b7e4464d7 45e7c9706f8947179398ac2211287be5 - - default default] Unable to schedule network f47d73b3-beff-4f04-858d-89322aac37c1: no agents available; will retry on subsequent port and subnet creation events.
2026-06-08 04:44:06.599 8 INFO neutron.db.ovn_revision_numbers_db [None req-6f131959-bb02-4c26-9aab-74480f509717 - - - - - -] Successfully bumped revision number for resource 3c588982-5097-42a4-bfea-f7dd20d99437 (type: ports) to 2
2026-06-08 04:44:06.611 7 INFO neutron.db.ovn_revision_numbers_db [None req-733072f1-49c6-417e-ba2d-12c4ba21f6bc 82c5ee7244974ed284481d3b7e4464d7 45e7c9706f8947179398ac2211287be5 - - default default] Successfully bumped revision number for resource 2ff7d89c-2d43-48ca-9b92-b319f857200a (type: router_ports) to 1 [pid: 7|app: 0|req: 560/1055] 10.0.0.141 () {34 vars in 782 bytes} [Mon Jun 8 04:44:04 2026] PUT /v2.0/routers/2e56829a-b0b5-4a91-a0de-6b60510226fd/add_router_interface => generated 309 bytes in 1792 msecs (HTTP/1.1 200) 4 headers in 157 bytes (1 switches on core 0)
2026-06-08 04:44:06.638 8 INFO neutron.db.ovn_revision_numbers_db [None req-6f131959-bb02-4c26-9aab-74480f509717 - - - - - -] Successfully bumped revision number for resource dfc42629-dc6d-4032-b689-27d9bfa1ec39 (type: subnets) to 0 [pid: 8|app: 0|req: 496/1056] 10.0.0.141 () {34 vars in 668 bytes} [Mon Jun 8 04:44:05 2026] POST /v2.0/subnets => generated 684 bytes in 681 msecs (HTTP/1.1 201) 4 headers in 162 bytes (1 switches on core 0) [pid: 7|app: 0|req: 561/1059] 10.0.0.243 () {34 vars in 1039 bytes} [Mon Jun 8 04:44:06 2026] GET /v2.0/security-groups?id=fd9c5cde-690b-40c8-92b4-bae99a242ec0&fields=id&fields=name => generated 113 bytes in 57 msecs (HTTP/1.1 200) 4 headers in 157 bytes (1 switches on core 0) [pid: 8|app: 0|req: 499/1060] 10.0.0.141 () {32 vars in 716 bytes} [Mon Jun 8 04:44:06 2026] GET /v2.0/ports/2ff7d89c-2d43-48ca-9b92-b319f857200a => generated 955 bytes in 40 msecs (HTTP/1.1 200) 4 headers in 157 bytes (1 switches on core 0) [pid: 8|app: 0|req: 500/1061] 10.0.0.141 () {32 vars in 716 bytes} [Mon Jun 8 04:44:06 2026] GET /v2.0/ports/2ff7d89c-2d43-48ca-9b92-b319f857200a => generated 955 bytes in 40 msecs (HTTP/1.1 200) 4 headers in 157 bytes (1 switches on core 0)
2026-06-08 04:44:06.825 7 INFO neutron.db.ovn_revision_numbers_db [None req-a2a256ef-bb0c-42bd-a0db-6d3906154dd8 - - - - - -] Successfully bumped revision number for resource 2ff7d89c-2d43-48ca-9b92-b319f857200a (type: ports) to 2
2026-06-08 04:44:07.026 8 INFO neutron_taas.services.taas.taas_plugin [None req-ba42358c-6aed-4a1d-8191-80f4d9452187 82c5ee7244974ed284481d3b7e4464d7 45e7c9706f8947179398ac2211287be5 - - default default] TaaS: Handle Delete Port: 2ff7d89c-2d43-48ca-9b92-b319f857200a
2026-06-08 04:44:07.033 8 INFO neutron_taas.services.taas.tap_mirror_plugin [None req-ba42358c-6aed-4a1d-8191-80f4d9452187 82c5ee7244974ed284481d3b7e4464d7 45e7c9706f8947179398ac2211287be5 - - default default] Tap Mirror: Handle Delete Port: 2ff7d89c-2d43-48ca-9b92-b319f857200a
2026-06-08 04:44:07.214 7 WARNING neutron.scheduler.dhcp_agent_scheduler [None req-62c7e7cf-d02a-49b1-b8ff-a1f0837c1e70 5998ff88bb084c36b0d5c988f03271d0 00b40853dbab455081f6a8be0079bb94 - - default default] No more DHCP agents
2026-06-08 04:44:07.215 7 WARNING neutron.api.rpc.agentnotifiers.dhcp_rpc_agent_api [None req-62c7e7cf-d02a-49b1-b8ff-a1f0837c1e70 5998ff88bb084c36b0d5c988f03271d0 00b40853dbab455081f6a8be0079bb94 - - default default] Unable to schedule network d0ab014d-dd9e-4164-9f2f-c6bd7c544ca3: no agents available; will retry on subsequent port and subnet creation events. [pid: 8|app: 0|req: 501/1062] 10.0.0.141 () {34 vars in 788 bytes} [Mon Jun 8 04:44:06 2026] PUT /v2.0/routers/2e56829a-b0b5-4a91-a0de-6b60510226fd/remove_router_interface => generated 309 bytes in 621 msecs (HTTP/1.1 200) 4 headers in 157 bytes (1 switches on core 0)
2026-06-08 04:44:07.385 7 INFO neutron.db.ovn_revision_numbers_db [None req-62c7e7cf-d02a-49b1-b8ff-a1f0837c1e70 5998ff88bb084c36b0d5c988f03271d0 00b40853dbab455081f6a8be0079bb94 - - default default] Successfully bumped revision number for resource 1657743c-3cc8-4dcd-a82b-792158220ad4 (type: ports) to 1 /var/lib/openstack/lib/python3.12/site-packages/pycadf/identifier.py:70: UserWarning: Invalid uuid: neutron. To ensure interoperability, identifiers should be a valid uuid. warnings.warn(('Invalid uuid: %s. To ensure interoperability, ' [pid: 8|app: 0|req: 502/1063] 10.0.0.141 () {32 vars in 716 bytes} [Mon Jun 8 04:44:07 2026] GET /v2.0/ports/591e9cce-922e-427e-ba10-533737c51a1c => generated 947 bytes in 41 msecs (HTTP/1.1 200) 4 headers in 157 bytes (1 switches on core 0)
2026-06-08 04:44:07.804 8 INFO neutron_taas.services.taas.taas_plugin [None req-592eedae-7464-4368-94f4-0be7add0d47b 82c5ee7244974ed284481d3b7e4464d7 45e7c9706f8947179398ac2211287be5 - - default default] TaaS: Handle Delete Port: 591e9cce-922e-427e-ba10-533737c51a1c
2026-06-08 04:44:07.808 8 INFO neutron_taas.services.taas.tap_mirror_plugin [None req-592eedae-7464-4368-94f4-0be7add0d47b 82c5ee7244974ed284481d3b7e4464d7 45e7c9706f8947179398ac2211287be5 - - default default] Tap Mirror: Handle Delete Port: 591e9cce-922e-427e-ba10-533737c51a1c [pid: 8|app: 0|req: 503/1064] 10.0.0.141 () {34 vars in 788 bytes} [Mon Jun 8 04:44:07 2026] PUT /v2.0/routers/2e56829a-b0b5-4a91-a0de-6b60510226fd/remove_router_interface => generated 309 bytes in 683 msecs (HTTP/1.1 200) 4 headers in 157 bytes (1 switches on core 0) /var/lib/openstack/lib/python3.12/site-packages/pycadf/identifier.py:70: UserWarning: Invalid uuid: neutron. To ensure interoperability, identifiers should be a valid uuid. warnings.warn(('Invalid uuid: %s. To ensure interoperability, ' [pid: 8|app: 0|req: 504/1065] 10.0.0.243 () {34 vars in 989 bytes} [Mon Jun 8 04:44:08 2026] GET /v2.0/ports?device_id=df127974-3149-4c0c-9094-927493e798e6 => generated 969 bytes in 87 msecs (HTTP/1.1 200) 4 headers in 157 bytes (1 switches on core 0) [pid: 8|app: 0|req: 505/1066] 10.0.0.141 () {32 vars in 735 bytes} [Mon Jun 8 04:44:08 2026] GET /v2.0/ports?device_id=2e56829a-b0b5-4a91-a0de-6b60510226fd => generated 12 bytes in 17 msecs (HTTP/1.1 200) 4 headers in 156 bytes (1 switches on core 0) [pid: 8|app: 0|req: 506/1067] 10.0.0.243 () {34 vars in 1039 bytes} [Mon Jun 8 04:44:08 2026] GET /v2.0/security-groups?id=fd9c5cde-690b-40c8-92b4-bae99a242ec0&fields=id&fields=name => generated 113 bytes in 28 msecs (HTTP/1.1 200) 4 headers in 157 bytes (1 switches on core 0) [pid: 8|app: 0|req: 507/1068] 10.0.0.141 () {32 vars in 723 bytes} [Mon Jun 8 04:44:08 2026] DELETE /v2.0/routers/2e56829a-b0b5-4a91-a0de-6b60510226fd => generated 0 bytes in 182 msecs (HTTP/1.1 204) 2 headers in 112 bytes (1 switches on core 0)
2026-06-08 04:44:08.570 7 INFO neutron.plugins.ml2.drivers.ovn.mech_driver.ovsdb.commands [None req-7b4e84c7-271b-4de7-84d2-03c631cc43af - - - - - -] Schedule LRP lrp-1657743c-3cc8-4dcd-a82b-792158220ad4 on gateway 45f8a29e-214b-4f26-af2e-050c7c29a985 with priority 1
2026-06-08 04:44:08.659 8 INFO neutron.plugins.ml2.drivers.ovn.mech_driver.ovsdb.ovsdb_monitor [None req-16c5df47-3b64-4a52-b6e5-3939059142e8 - - - - - -] Router 09dd19e8-89ac-4a79-9526-94905f3c9279 is bound to host instance
2026-06-08 04:44:08.674 7 INFO neutron.db.ovn_revision_numbers_db [None req-62c7e7cf-d02a-49b1-b8ff-a1f0837c1e70 5998ff88bb084c36b0d5c988f03271d0 00b40853dbab455081f6a8be0079bb94 - - default default] Successfully bumped revision number for resource 1657743c-3cc8-4dcd-a82b-792158220ad4 (type: router_ports) to 1 [pid: 8|app: 0|req: 508/1069] 10.0.0.141 () {32 vars in 723 bytes} [Mon Jun 8 04:44:08 2026] DELETE /v2.0/subnets/cdd2413b-0cbb-46d4-8959-1af3a7c786ee => generated 0 bytes in 300 msecs (HTTP/1.1 204) 3 headers in 131 bytes (1 switches on core 0)
2026-06-08 04:44:08.773 7 INFO neutron.db.ovn_revision_numbers_db [None req-62c7e7cf-d02a-49b1-b8ff-a1f0837c1e70 5998ff88bb084c36b0d5c988f03271d0 00b40853dbab455081f6a8be0079bb94 - - default default] Successfully bumped revision number for resource 09dd19e8-89ac-4a79-9526-94905f3c9279 (type: routers) to 2 [pid: 7|app: 0|req: 562/1070] 10.0.0.141 () {34 vars in 668 bytes} [Mon Jun 8 04:44:06 2026] POST /v2.0/routers => generated 962 bytes in 2113 msecs (HTTP/1.1 201) 4 headers in 162 bytes (1 switches on core 0) [pid: 8|app: 0|req: 509/1071] 10.0.0.141 () {32 vars in 723 bytes} [Mon Jun 8 04:44:08 2026] DELETE /v2.0/subnets/9d0b6fe0-4a4a-477d-8727-f760dc5aae0f => generated 0 bytes in 286 msecs (HTTP/1.1 204) 3 headers in 131 bytes (1 switches on core 0)
2026-06-08 04:44:09.252 8 INFO neutron_taas.services.taas.taas_plugin [None req-e5224afe-90e2-4f03-847a-2df80e6fb78d 82c5ee7244974ed284481d3b7e4464d7 45e7c9706f8947179398ac2211287be5 - - default default] TaaS: Handle Delete Port: 8cc84bc3-ada3-41b0-9bb2-552455883c3c
2026-06-08 04:44:09.256 7 WARNING neutron.scheduler.dhcp_agent_scheduler [None req-caa9a015-11e6-4218-a1aa-4622843871c2 5998ff88bb084c36b0d5c988f03271d0 00b40853dbab455081f6a8be0079bb94 - - default default] No more DHCP agents
2026-06-08 04:44:09.258 7 WARNING neutron.api.rpc.agentnotifiers.dhcp_rpc_agent_api [None req-caa9a015-11e6-4218-a1aa-4622843871c2 5998ff88bb084c36b0d5c988f03271d0 00b40853dbab455081f6a8be0079bb94 - - default default] Unable to schedule network 580dc103-d908-4af8-bd25-cdc79a06abfe: no agents available; will retry on subsequent port and subnet creation events.
2026-06-08 04:44:09.258 8 INFO neutron_taas.services.taas.tap_mirror_plugin [None req-e5224afe-90e2-4f03-847a-2df80e6fb78d 82c5ee7244974ed284481d3b7e4464d7 45e7c9706f8947179398ac2211287be5 - - default default] Tap Mirror: Handle Delete Port: 8cc84bc3-ada3-41b0-9bb2-552455883c3c
2026-06-08 04:44:09.390 7 INFO neutron.db.ovn_revision_numbers_db [None req-caa9a015-11e6-4218-a1aa-4622843871c2 5998ff88bb084c36b0d5c988f03271d0 00b40853dbab455081f6a8be0079bb94 - - default default] Successfully bumped revision number for resource 247c600f-0cf2-404f-8fd5-4c5011e0cb21 (type: ports) to 1
2026-06-08 04:44:09.609 8 INFO neutron.services.segments.plugin [-] Segment f2f67cf9-d066-4290-b88b-dddf5b862e75 resource provider aggregate not found
2026-06-08 04:44:09.611 8 INFO neutron.services.segments.plugin [-] Segment f2f67cf9-d066-4290-b88b-dddf5b862e75 resource provider aggregate not found
2026-06-08 04:44:09.630 8 INFO neutron.services.segments.plugin [-] Segment f2f67cf9-d066-4290-b88b-dddf5b862e75 resource provider not found; error: Placement Client Error (4xx): {"errors": [{"status": 404, "title": "Not Found", "detail": "The resource could not be found.\n\n No resource provider with uuid f2f67cf9-d066-4290-b88b-dddf5b862e75 found for delete ", "request_id": "req-a8f0f5b9-9fbd-4523-b8d3-7621d0ac06ee"}]}
2026-06-08 04:44:09.646 8 INFO neutron.services.segments.plugin [-] Segment f2f67cf9-d066-4290-b88b-dddf5b862e75 resource provider not found; error: Placement Client Error (4xx): {"errors": [{"status": 404, "title": "Not Found", "detail": "The resource could not be found.\n\n No resource provider with uuid f2f67cf9-d066-4290-b88b-dddf5b862e75 found for delete ", "request_id": "req-dffd94d4-ba02-4b2a-8a1a-4a1fc6de71ef"}]} [pid: 8|app: 0|req: 510/1072] 10.0.0.141 () {32 vars in 725 bytes} [Mon Jun 8 04:44:09 2026] DELETE /v2.0/networks/f47d73b3-beff-4f04-858d-89322aac37c1 => generated 0 bytes in 664 msecs (HTTP/1.1 204) 3 headers in 131 bytes (1 switches on core 0) [pid: 8|app: 0|req: 511/1073] 10.0.0.243 () {34 vars in 989 bytes} [Mon Jun 8 04:44:09 2026] GET /v2.0/ports?device_id=df127974-3149-4c0c-9094-927493e798e6 => generated 969 bytes in 84 msecs (HTTP/1.1 200) 4 headers in 157 bytes (1 switches on core 0)
2026-06-08 04:44:09.954 8 WARNING neutron.plugins.ml2.drivers.ovn.mech_driver.ovsdb.ovn_client [None req-36bb62ad-5455-4369-9d32-04f4e4a8a111 - - - - - -] No port found with ID 591e9cce-922e-427e-ba10-533737c51a1c: RuntimeError: No port found with ID 591e9cce-922e-427e-ba10-533737c51a1c
2026-06-08 04:44:10.051 8 INFO neutron.plugins.ml2.drivers.ovn.mech_driver.mech_driver [None req-36bb62ad-5455-4369-9d32-04f4e4a8a111 - - - - - -] OVN reports status down for port: 3c588982-5097-42a4-bfea-f7dd20d99437
2026-06-08 04:44:10.097 8 INFO neutron_taas.services.taas.taas_plugin [None req-d13b6f5a-7ad9-4afd-9418-136b35fedf69 82c5ee7244974ed284481d3b7e4464d7 45e7c9706f8947179398ac2211287be5 - - default default] TaaS: Handle Delete Port: 68a25103-6b1c-4a96-93f8-3175543db00e
2026-06-08 04:44:10.118 7 WARNING neutron.scheduler.dhcp_agent_scheduler [None req-caa9a015-11e6-4218-a1aa-4622843871c2 5998ff88bb084c36b0d5c988f03271d0 00b40853dbab455081f6a8be0079bb94 - - default default] No more DHCP agents
2026-06-08 04:44:10.124 8 INFO neutron_taas.services.taas.tap_mirror_plugin [None req-d13b6f5a-7ad9-4afd-9418-136b35fedf69 82c5ee7244974ed284481d3b7e4464d7 45e7c9706f8947179398ac2211287be5 - - default default] Tap Mirror: Handle Delete Port: 68a25103-6b1c-4a96-93f8-3175543db00e
2026-06-08 04:44:10.128 7 WARNING neutron.api.rpc.agentnotifiers.dhcp_rpc_agent_api [None req-caa9a015-11e6-4218-a1aa-4622843871c2 5998ff88bb084c36b0d5c988f03271d0 00b40853dbab455081f6a8be0079bb94 - - default default] Unable to schedule network 580dc103-d908-4af8-bd25-cdc79a06abfe: no agents available; will retry on subsequent port and subnet creation events.
2026-06-08 04:44:10.233 8 INFO neutron.db.ovn_revision_numbers_db [None req-cfdfb540-3c5a-44d3-9889-9ef977784411 - - - - - -] Successfully bumped revision number for resource 1657743c-3cc8-4dcd-a82b-792158220ad4 (type: ports) to 4
2026-06-08 04:44:10.285 8 INFO neutron.plugins.ml2.drivers.ovn.mech_driver.mech_driver [None req-36bb62ad-5455-4369-9d32-04f4e4a8a111 - - - - - -] OVN reports status down for port: 247c600f-0cf2-404f-8fd5-4c5011e0cb21
2026-06-08 04:44:10.474 8 WARNING neutron.plugins.ml2.drivers.ovn.mech_driver.ovsdb.ovn_client [None req-36bb62ad-5455-4369-9d32-04f4e4a8a111 - - - - - -] Logical_Switch_Port %s host information not removed, the port state is up
2026-06-08 04:44:10.474 8 INFO neutron.plugins.ml2.drivers.ovn.mech_driver.mech_driver [None req-36bb62ad-5455-4369-9d32-04f4e4a8a111 - - - - - -] OVN reports status up for port: 247c600f-0cf2-404f-8fd5-4c5011e0cb21
2026-06-08 04:44:10.503 8 INFO neutron.plugins.ml2.plugin [None req-36bb62ad-5455-4369-9d32-04f4e4a8a111 - - - - - -] Attempt 1 to provision port 247c600f-0cf2-404f-8fd5-4c5011e0cb21
2026-06-08 04:44:10.614 7 INFO neutron.db.ovn_revision_numbers_db [None req-caa9a015-11e6-4218-a1aa-4622843871c2 5998ff88bb084c36b0d5c988f03271d0 00b40853dbab455081f6a8be0079bb94 - - default default] Successfully bumped revision number for resource 247c600f-0cf2-404f-8fd5-4c5011e0cb21 (type: router_ports) to 1 [pid: 7|app: 0|req: 563/1074] 10.0.0.141 () {34 vars in 782 bytes} [Mon Jun 8 04:44:08 2026] PUT /v2.0/routers/09dd19e8-89ac-4a79-9526-94905f3c9279/add_router_interface => generated 309 bytes in 1820 msecs (HTTP/1.1 200) 4 headers in 157 bytes (1 switches on core 0) [pid: 7|app: 0|req: 564/1075] 10.0.0.243 () {34 vars in 1039 bytes} [Mon Jun 8 04:44:10 2026] GET /v2.0/security-groups?id=fd9c5cde-690b-40c8-92b4-bae99a242ec0&fields=id&fields=name => generated 113 bytes in 27 msecs (HTTP/1.1 200) 4 headers in 157 bytes (1 switches on core 0) [pid: 8|app: 0|req: 512/1076] 10.0.0.141 () {32 vars in 725 bytes} [Mon Jun 8 04:44:09 2026] DELETE /v2.0/networks/a7b046ef-ebec-4321-9b59-fe993e7eea52 => generated 0 bytes in 1136 msecs (HTTP/1.1 204) 3 headers in 131 bytes (1 switches on core 0)
2026-06-08 04:44:11.008 7 INFO neutron.db.segments_db [None req-4a91aeb5-76cb-4400-9790-ebd944bda73b 82c5ee7244974ed284481d3b7e4464d7 45e7c9706f8947179398ac2211287be5 - - default default] Added segment 9553190b-0265-4d7c-99cf-415a75a66454 of type geneve for network 15b466cb-8689-482e-bc24-d3bee4e9c890
2026-06-08 04:44:11.134 7 INFO neutron.db.ovn_revision_numbers_db [None req-4a91aeb5-76cb-4400-9790-ebd944bda73b 82c5ee7244974ed284481d3b7e4464d7 45e7c9706f8947179398ac2211287be5 - - default default] Successfully bumped revision number for resource 15b466cb-8689-482e-bc24-d3bee4e9c890 (type: networks) to 1
2026-06-08 04:44:11.302 7 WARNING neutron.scheduler.dhcp_agent_scheduler [None req-4a91aeb5-76cb-4400-9790-ebd944bda73b 82c5ee7244974ed284481d3b7e4464d7 45e7c9706f8947179398ac2211287be5 - - default default] No more DHCP agents
2026-06-08 04:44:11.303 7 WARNING neutron.api.rpc.agentnotifiers.dhcp_rpc_agent_api [None req-4a91aeb5-76cb-4400-9790-ebd944bda73b 82c5ee7244974ed284481d3b7e4464d7 45e7c9706f8947179398ac2211287be5 - - default default] Unable to schedule network 15b466cb-8689-482e-bc24-d3bee4e9c890: no agents available; will retry on subsequent port and subnet creation events.
2026-06-08 04:44:11.379 7 INFO neutron.db.ovn_revision_numbers_db [None req-4a91aeb5-76cb-4400-9790-ebd944bda73b 82c5ee7244974ed284481d3b7e4464d7 45e7c9706f8947179398ac2211287be5 - - default default] Successfully bumped revision number for resource fa0db7da-abf3-4475-9e7d-d82c2a185188 (type: ports) to 1 [pid: 7|app: 0|req: 565/1077] 10.0.0.141 () {34 vars in 669 bytes} [Mon Jun 8 04:44:10 2026] POST /v2.0/networks => generated 652 bytes in 474 msecs (HTTP/1.1 201) 4 headers in 162 bytes (1 switches on core 0)
2026-06-08 04:44:11.563 7 WARNING neutron.scheduler.dhcp_agent_scheduler [None req-41339ffb-2af5-458d-92d8-3acec0c3714d 82c5ee7244974ed284481d3b7e4464d7 45e7c9706f8947179398ac2211287be5 - - default default] No more DHCP agents
2026-06-08 04:44:11.565 7 WARNING neutron.api.rpc.agentnotifiers.dhcp_rpc_agent_api [None req-41339ffb-2af5-458d-92d8-3acec0c3714d 82c5ee7244974ed284481d3b7e4464d7 45e7c9706f8947179398ac2211287be5 - - default default] Unable to schedule network 15b466cb-8689-482e-bc24-d3bee4e9c890: no agents available; will retry on subsequent port and subnet creation events.
2026-06-08 04:44:11.579 8 INFO neutron.db.ovn_revision_numbers_db [None req-cfdfb540-3c5a-44d3-9889-9ef977784411 - - - - - -] Successfully bumped revision number for resource 1657743c-3cc8-4dcd-a82b-792158220ad4 (type: ports) to 5
2026-06-08 04:44:11.597 7 INFO neutron.db.ovn_revision_numbers_db [None req-41339ffb-2af5-458d-92d8-3acec0c3714d 82c5ee7244974ed284481d3b7e4464d7 45e7c9706f8947179398ac2211287be5 - - default default] Successfully bumped revision number for resource d3bea62c-9b4e-419f-ae1c-8a8759894e3b (type: subnets) to 0 [pid: 7|app: 0|req: 566/1078] 10.0.0.141 () {34 vars in 668 bytes} [Mon Jun 8 04:44:11 2026] POST /v2.0/subnets => generated 646 bytes in 207 msecs (HTTP/1.1 201) 4 headers in 162 bytes (1 switches on core 0)
2026-06-08 04:44:11.658 8 INFO neutron.services.segments.plugin [-] Segment fecaacdc-b299-4177-84e9-d98a8937c9c1 resource provider aggregate not found
2026-06-08 04:44:11.685 8 INFO neutron.services.segments.plugin [-] Segment fecaacdc-b299-4177-84e9-d98a8937c9c1 resource provider aggregate not found
2026-06-08 04:44:11.707 8 INFO neutron.services.segments.plugin [-] Segment fecaacdc-b299-4177-84e9-d98a8937c9c1 resource provider not found; error: Placement Client Error (4xx): {"errors": [{"status": 404, "title": "Not Found", "detail": "The resource could not be found.\n\n No resource provider with uuid fecaacdc-b299-4177-84e9-d98a8937c9c1 found for delete ", "request_id": "req-99bf03be-4da1-4f86-acfd-f51ae9620cc1"}]}
2026-06-08 04:44:11.713 8 INFO neutron.services.segments.plugin [-] Segment fecaacdc-b299-4177-84e9-d98a8937c9c1 resource provider not found; error: Placement Client Error (4xx): {"errors": [{"status": 404, "title": "Not Found", "detail": "The resource could not be found.\n\n No resource provider with uuid fecaacdc-b299-4177-84e9-d98a8937c9c1 found for delete ", "request_id": "req-29f065ef-a2ae-4641-8256-1dee232ca2ff"}]}
2026-06-08 04:44:11.759 7 INFO neutron.db.ovn_revision_numbers_db [None req-fc856c3a-9479-46b8-890f-741dd7227773 82c5ee7244974ed284481d3b7e4464d7 45e7c9706f8947179398ac2211287be5 - - default default] Successfully bumped revision number for resource ba368e3a-1894-4b2f-8fc4-e29e83e6f7b9 (type: routers) to 1 [pid: 7|app: 0|req: 567/1079] 10.0.0.141 () {34 vars in 668 bytes} [Mon Jun 8 04:44:11 2026] POST /v2.0/routers => generated 606 bytes in 158 msecs (HTTP/1.1 201) 4 headers in 162 bytes (1 switches on core 0)
2026-06-08 04:44:11.820 7 WARNING neutron.plugins.ml2.drivers.ovn.mech_driver.ovsdb.ovn_client [None req-2d6dde8f-4416-4edc-b89f-159cb0c0e421 - - - - - -] No port found with ID 2ff7d89c-2d43-48ca-9b92-b319f857200a: RuntimeError: No port found with ID 2ff7d89c-2d43-48ca-9b92-b319f857200a
2026-06-08 04:44:11.841 7 INFO neutron.plugins.ml2.drivers.ovn.mech_driver.mech_driver [None req-2d6dde8f-4416-4edc-b89f-159cb0c0e421 - - - - - -] OVN reports status down for port: 1657743c-3cc8-4dcd-a82b-792158220ad4 [pid: 7|app: 0|req: 568/1080] 10.0.0.243 () {34 vars in 989 bytes} [Mon Jun 8 04:44:11 2026] GET /v2.0/ports?device_id=df127974-3149-4c0c-9094-927493e798e6 => generated 969 bytes in 92 msecs (HTTP/1.1 200) 4 headers in 157 bytes (1 switches on core 0)
2026-06-08 04:44:11.992 8 INFO neutron.db.ovn_revision_numbers_db [None req-36bb62ad-5455-4369-9d32-04f4e4a8a111 - - - - - -] Successfully bumped revision number for resource 247c600f-0cf2-404f-8fd5-4c5011e0cb21 (type: ports) to 2
2026-06-08 04:44:12.000 8 INFO neutron.db.ovn_revision_numbers_db [None req-ac2bb105-aafc-4a24-ba48-5e13b94d217e f3b1ec5de7c848c4b07996e9c354fd49 dc482a7bd5e346bb9f44b081cd2bfd49 - - default default] Successfully bumped revision number for resource 18e8ec08-8c15-4fcc-a74a-7fe2cb58eede (type: security_groups) to 1
2026-06-08 04:44:12.026 8 INFO neutron.db.ovn_revision_numbers_db [None req-ac2bb105-aafc-4a24-ba48-5e13b94d217e f3b1ec5de7c848c4b07996e9c354fd49 dc482a7bd5e346bb9f44b081cd2bfd49 - - default default] Successfully bumped revision number for resource 3ae10ba9-f385-4844-a8de-08a215b5c39c (type: security_group_rules) to 0
2026-06-08 04:44:12.048 8 INFO neutron.db.ovn_revision_numbers_db [None req-ac2bb105-aafc-4a24-ba48-5e13b94d217e f3b1ec5de7c848c4b07996e9c354fd49 dc482a7bd5e346bb9f44b081cd2bfd49 - - default default] Successfully bumped revision number for resource 87c01491-25b8-4820-9983-d58f760512be (type: security_group_rules) to 0 [pid: 8|app: 0|req: 513/1081] 10.0.0.141 () {34 vars in 684 bytes} [Mon Jun 8 04:44:11 2026] POST /v2.0/security-groups => generated 1660 bytes in 972 msecs (HTTP/1.1 201) 4 headers in 163 bytes (1 switches on core 0) [pid: 8|app: 0|req: 514/1082] 10.0.0.243 () {34 vars in 1039 bytes} [Mon Jun 8 04:44:12 2026] GET /v2.0/security-groups?id=fd9c5cde-690b-40c8-92b4-bae99a242ec0&fields=id&fields=name => generated 113 bytes in 39 msecs (HTTP/1.1 200) 4 headers in 157 bytes (1 switches on core 0)
2026-06-08 04:44:12.284 8 INFO neutron.db.ovn_revision_numbers_db [None req-09609b7b-4103-4eaa-957f-8c38e5db50d2 f3b1ec5de7c848c4b07996e9c354fd49 dc482a7bd5e346bb9f44b081cd2bfd49 - - default default] Successfully bumped revision number for resource 1286545b-9820-45ae-a875-7288a73a8691 (type: security_group_rules) to 0 [pid: 8|app: 0|req: 515/1083] 10.0.0.141 () {34 vars in 694 bytes} [Mon Jun 8 04:44:12 2026] POST /v2.0/security-group-rules => generated 597 bytes in 165 msecs (HTTP/1.1 201) 4 headers in 162 bytes (1 switches on core 0)
2026-06-08 04:44:12.443 7 WARNING neutron.scheduler.dhcp_agent_scheduler [None req-1d5c93a0-5563-4758-8f2f-ddc384a4b612 82c5ee7244974ed284481d3b7e4464d7 45e7c9706f8947179398ac2211287be5 - - default default] No more DHCP agents
2026-06-08 04:44:12.454 7 WARNING neutron.api.rpc.agentnotifiers.dhcp_rpc_agent_api [None req-1d5c93a0-5563-4758-8f2f-ddc384a4b612 82c5ee7244974ed284481d3b7e4464d7 45e7c9706f8947179398ac2211287be5 - - default default] Unable to schedule network 15b466cb-8689-482e-bc24-d3bee4e9c890: no agents available; will retry on subsequent port and subnet creation events.
2026-06-08 04:44:12.493 7 INFO neutron.db.ovn_revision_numbers_db [None req-2d6dde8f-4416-4edc-b89f-159cb0c0e421 - - - - - -] Successfully bumped revision number for resource 1657743c-3cc8-4dcd-a82b-792158220ad4 (type: ports) to 6
2026-06-08 04:44:12.501 8 INFO neutron.db.ovn_revision_numbers_db [None req-7b7fcd4b-33dc-49da-91e0-136cc327ceda f3b1ec5de7c848c4b07996e9c354fd49 dc482a7bd5e346bb9f44b081cd2bfd49 - - default default] Successfully bumped revision number for resource fd3b8d66-d0de-4975-859b-06cc6bab6023 (type: security_group_rules) to 0 [pid: 8|app: 0|req: 516/1084] 10.0.0.141 () {34 vars in 694 bytes} [Mon Jun 8 04:44:12 2026] POST /v2.0/security-group-rules => generated 602 bytes in 205 msecs (HTTP/1.1 201) 4 headers in 162 bytes (1 switches on core 0)
2026-06-08 04:44:12.697 7 WARNING neutron.plugins.ml2.drivers.ovn.mech_driver.ovsdb.ovn_client [None req-0daea13e-54e4-493a-978b-2b8516e0bc5c - - - - - -] Logical_Switch_Port %s host information not removed, the port state is up
2026-06-08 04:44:12.699 7 INFO neutron.plugins.ml2.drivers.ovn.mech_driver.mech_driver [None req-0daea13e-54e4-493a-978b-2b8516e0bc5c - - - - - -] OVN reports status up for port: 144e5861-8106-40d0-9df4-48003f20ccd4
2026-06-08 04:44:12.738 7 INFO neutron.plugins.ml2.plugin [None req-0daea13e-54e4-493a-978b-2b8516e0bc5c - - - - - -] Attempt 1 to provision port 144e5861-8106-40d0-9df4-48003f20ccd4
