Aug 31 07:35:10.160232 np0000191569 nova-scheduler[107170]: DEBUG nova.service [None req-2d485567-b306-47fb-aae7-97742200ee5e None None] Join ServiceGroup membership for this service scheduler {{(pid=107170) start /opt/stack/nova/nova/service.py:288}}
Aug 31 07:35:10.160487 np0000191569 nova-scheduler[107170]: DEBUG nova.servicegroup.drivers.db [None req-2d485567-b306-47fb-aae7-97742200ee5e None None] DB_Driver: join new ServiceGroup member np0000191569 to the scheduler group, service = {{(pid=107170) join /opt/stack/nova/nova/servicegroup/drivers/db.py:44}}
Aug 31 07:35:15.163494 np0000191569 nova-scheduler[107147]: DEBUG oslo.service.backend._threading.loopingcall [-] Fixed interval looping call 'nova.servicegroup.drivers.db.DbDriver._report_state' sleeping for 119.97 seconds {{(pid=107147) _run_loop /opt/stack/data/venv/lib/python3.12/site-packages/oslo_service/backend/_threading/loopingcall.py:125}}
Aug 31 07:35:15.164410 np0000191569 nova-scheduler[107153]: DEBUG oslo.service.backend._threading.loopingcall [-] Fixed interval looping call 'nova.servicegroup.drivers.db.DbDriver._report_state' sleeping for 119.98 seconds {{(pid=107153) _run_loop /opt/stack/data/venv/lib/python3.12/site-packages/oslo_service/backend/_threading/loopingcall.py:125}}
Aug 31 07:35:15.172607 np0000191569 nova-scheduler[107164]: DEBUG oslo.service.backend._threading.loopingcall [-] Fixed interval looping call 'nova.servicegroup.drivers.db.DbDriver._report_state' sleeping for 119.98 seconds {{(pid=107164) _run_loop /opt/stack/data/venv/lib/python3.12/site-packages/oslo_service/backend/_threading/loopingcall.py:125}}
Aug 31 07:35:15.185599 np0000191569 nova-scheduler[107170]: DEBUG oslo.service.backend._threading.loopingcall [-] Fixed interval looping call 'nova.servicegroup.drivers.db.DbDriver._report_state' sleeping for 119.98 seconds {{(pid=107170) _run_loop /opt/stack/data/venv/lib/python3.12/site-packages/oslo_service/backend/_threading/loopingcall.py:125}}
Aug 31 07:35:18.602533 np0000191569 nova-scheduler[106459]: DEBUG dbcounter [-] [106459] Writing DB stats nova_api:SELECT=3 {{(pid=106459) stat_writer /opt/stack/data/venv/lib/python3.12/site-packages/dbcounter.py:115}}
Aug 31 07:35:18.770274 np0000191569 nova-scheduler[106459]: DEBUG dbcounter [-] [106459] Writing DB stats nova_cell0:SELECT=1 {{(pid=106459) stat_writer /opt/stack/data/venv/lib/python3.12/site-packages/dbcounter.py:115}}
Aug 31 07:35:18.776672 np0000191569 nova-scheduler[106459]: DEBUG dbcounter [-] [106459] Writing DB stats nova_cell1:SELECT=1 {{(pid=106459) stat_writer /opt/stack/data/venv/lib/python3.12/site-packages/dbcounter.py:115}}
Aug 31 07:35:25.151762 np0000191569 nova-scheduler[107147]: DEBUG dbcounter [-] [107147] Writing DB stats nova_cell0:SELECT=4,nova_cell0:INSERT=1,nova_cell0:UPDATE=1 {{(pid=107147) stat_writer /opt/stack/data/venv/lib/python3.12/site-packages/dbcounter.py:115}}
Aug 31 07:35:25.160154 np0000191569 nova-scheduler[107153]: DEBUG dbcounter [-] [107153] Writing DB stats nova_cell0:SELECT=3,nova_cell0:UPDATE=1 {{(pid=107153) stat_writer /opt/stack/data/venv/lib/python3.12/site-packages/dbcounter.py:115}}
Aug 31 07:35:25.167546 np0000191569 nova-scheduler[107164]: DEBUG dbcounter [-] [107164] Writing DB stats nova_cell0:SELECT=3 {{(pid=107164) stat_writer /opt/stack/data/venv/lib/python3.12/site-packages/dbcounter.py:115}}
Aug 31 07:35:25.179218 np0000191569 nova-scheduler[107170]: DEBUG dbcounter [-] [107170] Writing DB stats nova_cell0:SELECT=3 {{(pid=107170) stat_writer /opt/stack/data/venv/lib/python3.12/site-packages/dbcounter.py:115}}
Aug 31 07:35:33.162864 np0000191569 nova-scheduler[107170]: DEBUG oslo.service.backend._threading.loopingcall [None req-25d19b9b-db2a-47d4-adee-447ff04ec158 None None] Dynamic interval looping call 'nova.service.Service.periodic_tasks' sleeping for 60.00 seconds {{(pid=107170) _run_loop /opt/stack/data/venv/lib/python3.12/site-packages/oslo_service/backend/_threading/loopingcall.py:125}}
Aug 31 07:35:36.141425 np0000191569 nova-scheduler[107153]: DEBUG oslo.service.backend._threading.loopingcall [None req-aeff9a80-2342-4879-a32c-316bb43c268c None None] Dynamic interval looping call 'nova.service.Service.periodic_tasks' sleeping for 60.00 seconds {{(pid=107153) _run_loop /opt/stack/data/venv/lib/python3.12/site-packages/oslo_service/backend/_threading/loopingcall.py:125}}
Aug 31 07:36:04.153340 np0000191569 nova-scheduler[107164]: DEBUG oslo.service.backend._threading.loopingcall [None req-fde49abf-af77-46c5-af87-b844641da669 None None] Dynamic interval looping call 'nova.service.Service.periodic_tasks' sleeping for 60.00 seconds {{(pid=107164) _run_loop /opt/stack/data/venv/lib/python3.12/site-packages/oslo_service/backend/_threading/loopingcall.py:125}}
Aug 31 07:36:05.132434 np0000191569 nova-scheduler[107147]: DEBUG oslo.service.backend._threading.loopingcall [None req-7cb75c3d-4617-4765-a9c3-2a29954cd6f1 None None] Dynamic interval looping call 'nova.service.Service.periodic_tasks' sleeping for 60.00 seconds {{(pid=107147) _run_loop /opt/stack/data/venv/lib/python3.12/site-packages/oslo_service/backend/_threading/loopingcall.py:125}}
Aug 31 07:36:33.163436 np0000191569 nova-scheduler[107170]: DEBUG oslo.service.backend._threading.loopingcall [None req-25d19b9b-db2a-47d4-adee-447ff04ec158 None None] Dynamic interval looping call 'nova.service.Service.periodic_tasks' sleeping for 60.00 seconds {{(pid=107170) _run_loop /opt/stack/data/venv/lib/python3.12/site-packages/oslo_service/backend/_threading/loopingcall.py:125}}
Aug 31 07:36:36.141993 np0000191569 nova-scheduler[107153]: DEBUG oslo.service.backend._threading.loopingcall [None req-aeff9a80-2342-4879-a32c-316bb43c268c None None] Dynamic interval looping call 'nova.service.Service.periodic_tasks' sleeping for 60.00 seconds {{(pid=107153) _run_loop /opt/stack/data/venv/lib/python3.12/site-packages/oslo_service/backend/_threading/loopingcall.py:125}}
Aug 31 07:37:04.154335 np0000191569 nova-scheduler[107164]: DEBUG oslo.service.backend._threading.loopingcall [None req-fde49abf-af77-46c5-af87-b844641da669 None None] Dynamic interval looping call 'nova.service.Service.periodic_tasks' sleeping for 60.00 seconds {{(pid=107164) _run_loop /opt/stack/data/venv/lib/python3.12/site-packages/oslo_service/backend/_threading/loopingcall.py:125}}
Aug 31 07:37:05.133270 np0000191569 nova-scheduler[107147]: DEBUG oslo.service.backend._threading.loopingcall [None req-7cb75c3d-4617-4765-a9c3-2a29954cd6f1 None None] Dynamic interval looping call 'nova.service.Service.periodic_tasks' sleeping for 60.00 seconds {{(pid=107147) _run_loop /opt/stack/data/venv/lib/python3.12/site-packages/oslo_service/backend/_threading/loopingcall.py:125}}
Aug 31 07:37:15.168617 np0000191569 nova-scheduler[107147]: DEBUG oslo.service.backend._threading.loopingcall [-] Fixed interval looping call 'nova.servicegroup.drivers.db.DbDriver._report_state' sleeping for 119.97 seconds {{(pid=107147) _run_loop /opt/stack/data/venv/lib/python3.12/site-packages/oslo_service/backend/_threading/loopingcall.py:125}}
Aug 31 07:37:15.169482 np0000191569 nova-scheduler[107153]: DEBUG oslo.service.backend._threading.loopingcall [-] Fixed interval looping call 'nova.servicegroup.drivers.db.DbDriver._report_state' sleeping for 119.98 seconds {{(pid=107153) _run_loop /opt/stack/data/venv/lib/python3.12/site-packages/oslo_service/backend/_threading/loopingcall.py:125}}
Aug 31 07:37:15.170040 np0000191569 nova-scheduler[107164]: DEBUG oslo.service.backend._threading.loopingcall [-] Fixed interval looping call 'nova.servicegroup.drivers.db.DbDriver._report_state' sleeping for 119.98 seconds {{(pid=107164) _run_loop /opt/stack/data/venv/lib/python3.12/site-packages/oslo_service/backend/_threading/loopingcall.py:125}}
Aug 31 07:37:15.170700 np0000191569 nova-scheduler[107170]: DEBUG oslo.service.backend._threading.loopingcall [-] Fixed interval looping call 'nova.servicegroup.drivers.db.DbDriver._report_state' sleeping for 120.00 seconds {{(pid=107170) _run_loop /opt/stack/data/venv/lib/python3.12/site-packages/oslo_service/backend/_threading/loopingcall.py:125}}
Aug 31 07:37:25.138551 np0000191569 nova-scheduler[107147]: DEBUG dbcounter [-] [107147] Writing DB stats nova_cell0:SELECT=1,nova_cell0:UPDATE=1 {{(pid=107147) stat_writer /opt/stack/data/venv/lib/python3.12/site-packages/dbcounter.py:115}}
Aug 31 07:37:25.150597 np0000191569 nova-scheduler[107153]: DEBUG dbcounter [-] [107153] Writing DB stats nova_cell0:SELECT=1,nova_cell0:UPDATE=1 {{(pid=107153) stat_writer /opt/stack/data/venv/lib/python3.12/site-packages/dbcounter.py:115}}
Aug 31 07:37:25.158793 np0000191569 nova-scheduler[107164]: DEBUG dbcounter [-] [107164] Writing DB stats nova_cell0:SELECT=1,nova_cell0:UPDATE=1 {{(pid=107164) stat_writer /opt/stack/data/venv/lib/python3.12/site-packages/dbcounter.py:115}}
Aug 31 07:37:25.169090 np0000191569 nova-scheduler[107170]: DEBUG dbcounter [-] [107170] Writing DB stats nova_cell0:SELECT=1 {{(pid=107170) stat_writer /opt/stack/data/venv/lib/python3.12/site-packages/dbcounter.py:115}}
Aug 31 07:37:33.164326 np0000191569 nova-scheduler[107170]: DEBUG oslo.service.backend._threading.loopingcall [None req-25d19b9b-db2a-47d4-adee-447ff04ec158 None None] Dynamic interval looping call 'nova.service.Service.periodic_tasks' sleeping for 60.00 seconds {{(pid=107170) _run_loop /opt/stack/data/venv/lib/python3.12/site-packages/oslo_service/backend/_threading/loopingcall.py:125}}
Aug 31 07:37:36.142581 np0000191569 nova-scheduler[107153]: DEBUG oslo.service.backend._threading.loopingcall [None req-aeff9a80-2342-4879-a32c-316bb43c268c None None] Dynamic interval looping call 'nova.service.Service.periodic_tasks' sleeping for 60.00 seconds {{(pid=107153) _run_loop /opt/stack/data/venv/lib/python3.12/site-packages/oslo_service/backend/_threading/loopingcall.py:125}}
Aug 31 07:38:04.155064 np0000191569 nova-scheduler[107164]: DEBUG oslo.service.backend._threading.loopingcall [None req-fde49abf-af77-46c5-af87-b844641da669 None None] Dynamic interval looping call 'nova.service.Service.periodic_tasks' sleeping for 60.00 seconds {{(pid=107164) _run_loop /opt/stack/data/venv/lib/python3.12/site-packages/oslo_service/backend/_threading/loopingcall.py:125}}
Aug 31 07:38:05.134106 np0000191569 nova-scheduler[107147]: DEBUG oslo.service.backend._threading.loopingcall [None req-7cb75c3d-4617-4765-a9c3-2a29954cd6f1 None None] Dynamic interval looping call 'nova.service.Service.periodic_tasks' sleeping for 60.00 seconds {{(pid=107147) _run_loop /opt/stack/data/venv/lib/python3.12/site-packages/oslo_service/backend/_threading/loopingcall.py:125}}
Aug 31 07:38:33.165075 np0000191569 nova-scheduler[107170]: DEBUG oslo.service.backend._threading.loopingcall [None req-25d19b9b-db2a-47d4-adee-447ff04ec158 None None] Dynamic interval looping call 'nova.service.Service.periodic_tasks' sleeping for 60.00 seconds {{(pid=107170) _run_loop /opt/stack/data/venv/lib/python3.12/site-packages/oslo_service/backend/_threading/loopingcall.py:125}}
Aug 31 07:38:36.143352 np0000191569 nova-scheduler[107153]: DEBUG oslo.service.backend._threading.loopingcall [None req-aeff9a80-2342-4879-a32c-316bb43c268c None None] Dynamic interval looping call 'nova.service.Service.periodic_tasks' sleeping for 60.00 seconds {{(pid=107153) _run_loop /opt/stack/data/venv/lib/python3.12/site-packages/oslo_service/backend/_threading/loopingcall.py:125}}
Aug 31 07:39:04.155959 np0000191569 nova-scheduler[107164]: DEBUG oslo.service.backend._threading.loopingcall [None req-fde49abf-af77-46c5-af87-b844641da669 None None] Dynamic interval looping call 'nova.service.Service.periodic_tasks' sleeping for 60.00 seconds {{(pid=107164) _run_loop /opt/stack/data/venv/lib/python3.12/site-packages/oslo_service/backend/_threading/loopingcall.py:125}}
Aug 31 07:39:05.134761 np0000191569 nova-scheduler[107147]: DEBUG oslo.service.backend._threading.loopingcall [None req-7cb75c3d-4617-4765-a9c3-2a29954cd6f1 None None] Dynamic interval looping call 'nova.service.Service.periodic_tasks' sleeping for 60.00 seconds {{(pid=107147) _run_loop /opt/stack/data/venv/lib/python3.12/site-packages/oslo_service/backend/_threading/loopingcall.py:125}}
Aug 31 07:39:15.155016 np0000191569 nova-scheduler[107153]: DEBUG oslo.service.backend._threading.loopingcall [-] Fixed interval looping call 'nova.servicegroup.drivers.db.DbDriver._report_state' sleeping for 119.99 seconds {{(pid=107153) _run_loop /opt/stack/data/venv/lib/python3.12/site-packages/oslo_service/backend/_threading/loopingcall.py:125}}
Aug 31 07:39:15.155715 np0000191569 nova-scheduler[107147]: DEBUG oslo.service.backend._threading.loopingcall [-] Fixed interval looping call 'nova.servicegroup.drivers.db.DbDriver._report_state' sleeping for 119.98 seconds {{(pid=107147) _run_loop /opt/stack/data/venv/lib/python3.12/site-packages/oslo_service/backend/_threading/loopingcall.py:125}}
Aug 31 07:39:15.156265 np0000191569 nova-scheduler[107164]: DEBUG oslo.service.backend._threading.loopingcall [-] Fixed interval looping call 'nova.servicegroup.drivers.db.DbDriver._report_state' sleeping for 119.99 seconds {{(pid=107164) _run_loop /opt/stack/data/venv/lib/python3.12/site-packages/oslo_service/backend/_threading/loopingcall.py:125}}
Aug 31 07:39:15.176257 np0000191569 nova-scheduler[107170]: DEBUG oslo.service.backend._threading.loopingcall [-] Fixed interval looping call 'nova.servicegroup.drivers.db.DbDriver._report_state' sleeping for 119.99 seconds {{(pid=107170) _run_loop /opt/stack/data/venv/lib/python3.12/site-packages/oslo_service/backend/_threading/loopingcall.py:125}}
Aug 31 07:39:25.143443 np0000191569 nova-scheduler[107147]: DEBUG dbcounter [-] [107147] Writing DB stats nova_cell0:SELECT=1,nova_cell0:UPDATE=1 {{(pid=107147) stat_writer /opt/stack/data/venv/lib/python3.12/site-packages/dbcounter.py:115}}
Aug 31 07:39:25.153061 np0000191569 nova-scheduler[107153]: DEBUG dbcounter [-] [107153] Writing DB stats nova_cell0:SELECT=1,nova_cell0:UPDATE=1 {{(pid=107153) stat_writer /opt/stack/data/venv/lib/python3.12/site-packages/dbcounter.py:115}}
Aug 31 07:39:25.154063 np0000191569 nova-scheduler[107164]: DEBUG dbcounter [-] [107164] Writing DB stats nova_cell0:SELECT=1,nova_cell0:UPDATE=1 {{(pid=107164) stat_writer /opt/stack/data/venv/lib/python3.12/site-packages/dbcounter.py:115}}
Aug 31 07:39:25.173581 np0000191569 nova-scheduler[107170]: DEBUG dbcounter [-] [107170] Writing DB stats nova_cell0:SELECT=1 {{(pid=107170) stat_writer /opt/stack/data/venv/lib/python3.12/site-packages/dbcounter.py:115}}
Aug 31 07:39:33.165867 np0000191569 nova-scheduler[107170]: DEBUG oslo.service.backend._threading.loopingcall [None req-25d19b9b-db2a-47d4-adee-447ff04ec158 None None] Dynamic interval looping call 'nova.service.Service.periodic_tasks' sleeping for 60.00 seconds {{(pid=107170) _run_loop /opt/stack/data/venv/lib/python3.12/site-packages/oslo_service/backend/_threading/loopingcall.py:125}}
Aug 31 07:39:36.143923 np0000191569 nova-scheduler[107153]: DEBUG oslo.service.backend._threading.loopingcall [None req-aeff9a80-2342-4879-a32c-316bb43c268c None None] Dynamic interval looping call 'nova.service.Service.periodic_tasks' sleeping for 60.00 seconds {{(pid=107153) _run_loop /opt/stack/data/venv/lib/python3.12/site-packages/oslo_service/backend/_threading/loopingcall.py:125}}
Aug 31 07:40:04.156684 np0000191569 nova-scheduler[107164]: DEBUG oslo.service.backend._threading.loopingcall [None req-fde49abf-af77-46c5-af87-b844641da669 None None] Dynamic interval looping call 'nova.service.Service.periodic_tasks' sleeping for 60.00 seconds {{(pid=107164) _run_loop /opt/stack/data/venv/lib/python3.12/site-packages/oslo_service/backend/_threading/loopingcall.py:125}}
Aug 31 07:40:05.135654 np0000191569 nova-scheduler[107147]: DEBUG oslo.service.backend._threading.loopingcall [None req-7cb75c3d-4617-4765-a9c3-2a29954cd6f1 None None] Dynamic interval looping call 'nova.service.Service.periodic_tasks' sleeping for 60.00 seconds {{(pid=107147) _run_loop /opt/stack/data/venv/lib/python3.12/site-packages/oslo_service/backend/_threading/loopingcall.py:125}}
Aug 31 07:40:10.916224 np0000191569 nova-scheduler[107147]: DEBUG nova.scheduler.manager [None req-28046483-3642-4611-ae7c-c8c0b5100eb1 demo demo] Starting to schedule for instances: ['1a2632b1-575c-4f59-90b3-c7e959c14ac6'] {{(pid=107147) select_destinations /opt/stack/nova/nova/scheduler/manager.py:215}}
Aug 31 07:40:10.919163 np0000191569 nova-scheduler[107147]: DEBUG oslo_db.sqlalchemy.engines [None req-28046483-3642-4611-ae7c-c8c0b5100eb1 demo demo] Parent process 106459 forked (107147) with an open database connection, which is being discarded and recreated. {{(pid=107147) checkout /opt/stack/data/venv/lib/python3.12/site-packages/oslo_db/sqlalchemy/engines.py:402}}
Aug 31 07:40:10.989184 np0000191569 nova-scheduler[107147]: DEBUG dbcounter [-] [107147] Writer thread running {{(pid=107147) stat_writer /opt/stack/data/venv/lib/python3.12/site-packages/dbcounter.py:102}}
Aug 31 07:40:10.991631 np0000191569 nova-scheduler[107147]: DEBUG nova.scheduler.request_filter [None req-28046483-3642-4611-ae7c-c8c0b5100eb1 demo demo] Request filter 'map_az_to_placement_aggregate' took 0.1 seconds {{(pid=107147) wrapper /opt/stack/nova/nova/scheduler/request_filter.py:51}}
Aug 31 07:40:10.991967 np0000191569 nova-scheduler[107147]: DEBUG nova.scheduler.request_filter [None req-28046483-3642-4611-ae7c-c8c0b5100eb1 demo demo] compute_status_filter request filter added forbidden trait COMPUTE_STATUS_DISABLED {{(pid=107147) compute_status_filter /opt/stack/nova/nova/scheduler/request_filter.py:258}}
Aug 31 07:40:10.992065 np0000191569 nova-scheduler[107147]: DEBUG nova.scheduler.request_filter [None req-28046483-3642-4611-ae7c-c8c0b5100eb1 demo demo] Request filter 'compute_status_filter' took 0.0 seconds {{(pid=107147) wrapper /opt/stack/nova/nova/scheduler/request_filter.py:51}}
Aug 31 07:40:10.992282 np0000191569 nova-scheduler[107147]: DEBUG nova.scheduler.request_filter [None req-28046483-3642-4611-ae7c-c8c0b5100eb1 demo demo] Request filter 'accelerators_filter' took 0.0 seconds {{(pid=107147) wrapper /opt/stack/nova/nova/scheduler/request_filter.py:51}}
Aug 31 07:40:10.992428 np0000191569 nova-scheduler[107147]: DEBUG nova.scheduler.request_filter [None req-28046483-3642-4611-ae7c-c8c0b5100eb1 demo demo] Request filter 'packed_virtqueue_filter' took 0.0 seconds {{(pid=107147) wrapper /opt/stack/nova/nova/scheduler/request_filter.py:51}}
Aug 31 07:40:10.994928 np0000191569 nova-scheduler[107147]: WARNING neutronclient.v2_0.client [None req-28046483-3642-4611-ae7c-c8c0b5100eb1 demo demo] The python binding code in neutronclient is deprecated in favor of OpenstackSDK, please use that as this will be removed in a future release.
Aug 31 07:40:11.240734 np0000191569 nova-scheduler[107147]: DEBUG nova.scheduler.request_filter [None req-28046483-3642-4611-ae7c-c8c0b5100eb1 demo demo] Request filter 'remote_managed_ports_filter' took 0.2 seconds {{(pid=107147) wrapper /opt/stack/nova/nova/scheduler/request_filter.py:51}}
Aug 31 07:40:11.241026 np0000191569 nova-scheduler[107147]: DEBUG nova.scheduler.request_filter [None req-28046483-3642-4611-ae7c-c8c0b5100eb1 demo demo] ephemeral_encryption_filter skipped {{(pid=107147) ephemeral_encryption_filter /opt/stack/nova/nova/scheduler/request_filter.py:431}}
Aug 31 07:40:11.241371 np0000191569 nova-scheduler[107147]: DEBUG nova.scheduler.request_filter [None req-28046483-3642-4611-ae7c-c8c0b5100eb1 demo demo] virtio_sound_filter skipped {{(pid=107147) virtio_sound_filter /opt/stack/nova/nova/scheduler/request_filter.py:465}}
Aug 31 07:40:11.241638 np0000191569 nova-scheduler[107147]: DEBUG nova.scheduler.request_filter [None req-28046483-3642-4611-ae7c-c8c0b5100eb1 demo demo] tpm_secret_security_filter skipped {{(pid=107147) tpm_secret_security_filter /opt/stack/nova/nova/scheduler/request_filter.py:482}}
Aug 31 07:40:11.242393 np0000191569 nova-scheduler[107147]: DEBUG oslo_concurrency.lockutils [None req-28046483-3642-4611-ae7c-c8c0b5100eb1 demo demo] Acquiring lock "00000000-0000-0000-0000-000000000000" by "nova.context.set_target_cell..get_or_set_cached_cell_and_set_connections" {{(pid=107147) inner /opt/stack/data/venv/lib/python3.12/site-packages/oslo_concurrency/lockutils.py:512}}
Aug 31 07:40:11.242766 np0000191569 nova-scheduler[107147]: DEBUG oslo_concurrency.lockutils [None req-28046483-3642-4611-ae7c-c8c0b5100eb1 demo demo] Lock "00000000-0000-0000-0000-000000000000" acquired by "nova.context.set_target_cell..get_or_set_cached_cell_and_set_connections" :: waited 0.000s {{(pid=107147) inner /opt/stack/data/venv/lib/python3.12/site-packages/oslo_concurrency/lockutils.py:525}}
Aug 31 07:40:11.243892 np0000191569 nova-scheduler[107147]: DEBUG oslo_concurrency.lockutils [None req-28046483-3642-4611-ae7c-c8c0b5100eb1 demo demo] Lock "00000000-0000-0000-0000-000000000000" "released" by "nova.context.set_target_cell..get_or_set_cached_cell_and_set_connections" :: held 0.001s {{(pid=107147) inner /opt/stack/data/venv/lib/python3.12/site-packages/oslo_concurrency/lockutils.py:544}}
Aug 31 07:40:11.244344 np0000191569 nova-scheduler[107147]: INFO nova.thread_pool_factory [None req-28046483-3642-4611-ae7c-c8c0b5100eb1 demo demo] The cell_worker thread pool ForkProcess-1.cell_worker is initialized
Aug 31 07:40:11.245404 np0000191569 nova-scheduler[107147]: DEBUG oslo_concurrency.lockutils [None req-28046483-3642-4611-ae7c-c8c0b5100eb1 demo demo] Acquiring lock "cef299ea-9a15-47b3-8d39-4b1d32be5e4b" by "nova.context.set_target_cell..get_or_set_cached_cell_and_set_connections" {{(pid=107147) inner /opt/stack/data/venv/lib/python3.12/site-packages/oslo_concurrency/lockutils.py:512}}
Aug 31 07:40:11.247163 np0000191569 nova-scheduler[107147]: INFO dbcounter [None req-28046483-3642-4611-ae7c-c8c0b5100eb1 demo demo] Registered counter for database nova_cell0
Aug 31 07:40:11.248715 np0000191569 nova-scheduler[107147]: DEBUG oslo_concurrency.lockutils [None req-28046483-3642-4611-ae7c-c8c0b5100eb1 demo demo] Lock "cef299ea-9a15-47b3-8d39-4b1d32be5e4b" acquired by "nova.context.set_target_cell..get_or_set_cached_cell_and_set_connections" :: waited 0.002s {{(pid=107147) inner /opt/stack/data/venv/lib/python3.12/site-packages/oslo_concurrency/lockutils.py:525}}
Aug 31 07:40:11.250488 np0000191569 nova-scheduler[107147]: DEBUG oslo_concurrency.lockutils [None req-28046483-3642-4611-ae7c-c8c0b5100eb1 demo demo] Lock "cef299ea-9a15-47b3-8d39-4b1d32be5e4b" "released" by "nova.context.set_target_cell..get_or_set_cached_cell_and_set_connections" :: held 0.003s {{(pid=107147) inner /opt/stack/data/venv/lib/python3.12/site-packages/oslo_concurrency/lockutils.py:544}}
Aug 31 07:40:11.253824 np0000191569 nova-scheduler[107147]: INFO dbcounter [None req-28046483-3642-4611-ae7c-c8c0b5100eb1 demo demo] Registered counter for database nova_cell1
Aug 31 07:40:11.334716 np0000191569 nova-scheduler[107147]: DEBUG oslo_db.sqlalchemy.engines [None req-28046483-3642-4611-ae7c-c8c0b5100eb1 demo demo] MySQL server mode set to STRICT_TRANS_TABLES,STRICT_ALL_TABLES,NO_ZERO_IN_DATE,NO_ZERO_DATE,ERROR_FOR_DIVISION_BY_ZERO,TRADITIONAL,NO_ENGINE_SUBSTITUTION {{(pid=107147) _check_effective_sql_mode /opt/stack/data/venv/lib/python3.12/site-packages/oslo_db/sqlalchemy/engines.py:325}}
Aug 31 07:40:11.340774 np0000191569 nova-scheduler[107147]: DEBUG oslo_db.sqlalchemy.engines [None req-28046483-3642-4611-ae7c-c8c0b5100eb1 demo demo] MySQL server mode set to STRICT_TRANS_TABLES,STRICT_ALL_TABLES,NO_ZERO_IN_DATE,NO_ZERO_DATE,ERROR_FOR_DIVISION_BY_ZERO,TRADITIONAL,NO_ENGINE_SUBSTITUTION {{(pid=107147) _check_effective_sql_mode /opt/stack/data/venv/lib/python3.12/site-packages/oslo_db/sqlalchemy/engines.py:325}}
Aug 31 07:40:11.343533 np0000191569 nova-scheduler[107147]: DEBUG dbcounter [-] [107147] Writer thread running {{(pid=107147) stat_writer /opt/stack/data/venv/lib/python3.12/site-packages/dbcounter.py:102}}
Aug 31 07:40:11.354339 np0000191569 nova-scheduler[107147]: DEBUG dbcounter [-] [107147] Writer thread running {{(pid=107147) stat_writer /opt/stack/data/venv/lib/python3.12/site-packages/dbcounter.py:102}}
Aug 31 07:40:11.357389 np0000191569 nova-scheduler[107147]: DEBUG nova.scheduler.request_filter [None req-28046483-3642-4611-ae7c-c8c0b5100eb1 demo demo] Added required trait OWNER_NOVA to root provider in request spec {{(pid=107147) owner_nova_filter /opt/stack/nova/nova/scheduler/request_filter.py:580}}
Aug 31 07:40:11.357671 np0000191569 nova-scheduler[107147]: DEBUG nova.scheduler.request_filter [None req-28046483-3642-4611-ae7c-c8c0b5100eb1 demo demo] Request filter 'owner_nova_filter' took 0.1 seconds {{(pid=107147) wrapper /opt/stack/nova/nova/scheduler/request_filter.py:51}}
Aug 31 07:40:11.675002 np0000191569 nova-scheduler[107147]: DEBUG oslo_concurrency.lockutils [None req-28046483-3642-4611-ae7c-c8c0b5100eb1 demo demo] Acquiring lock "cef299ea-9a15-47b3-8d39-4b1d32be5e4b" by "nova.context.set_target_cell..get_or_set_cached_cell_and_set_connections" {{(pid=107147) inner /opt/stack/data/venv/lib/python3.12/site-packages/oslo_concurrency/lockutils.py:512}}
Aug 31 07:40:11.675399 np0000191569 nova-scheduler[107147]: DEBUG oslo_concurrency.lockutils [None req-28046483-3642-4611-ae7c-c8c0b5100eb1 demo demo] Lock "cef299ea-9a15-47b3-8d39-4b1d32be5e4b" acquired by "nova.context.set_target_cell..get_or_set_cached_cell_and_set_connections" :: waited 0.000s {{(pid=107147) inner /opt/stack/data/venv/lib/python3.12/site-packages/oslo_concurrency/lockutils.py:525}}
Aug 31 07:40:11.675715 np0000191569 nova-scheduler[107147]: DEBUG oslo_concurrency.lockutils [None req-28046483-3642-4611-ae7c-c8c0b5100eb1 demo demo] Lock "cef299ea-9a15-47b3-8d39-4b1d32be5e4b" "released" by "nova.context.set_target_cell..get_or_set_cached_cell_and_set_connections" :: held 0.000s {{(pid=107147) inner /opt/stack/data/venv/lib/python3.12/site-packages/oslo_concurrency/lockutils.py:544}}
Aug 31 07:40:11.711695 np0000191569 nova-scheduler[107147]: DEBUG oslo_concurrency.lockutils [None req-28046483-3642-4611-ae7c-c8c0b5100eb1 demo demo] Acquiring lock "cef299ea-9a15-47b3-8d39-4b1d32be5e4b" by "nova.context.set_target_cell..get_or_set_cached_cell_and_set_connections" {{(pid=107147) inner /opt/stack/data/venv/lib/python3.12/site-packages/oslo_concurrency/lockutils.py:512}}
Aug 31 07:40:11.712022 np0000191569 nova-scheduler[107147]: DEBUG oslo_concurrency.lockutils [None req-28046483-3642-4611-ae7c-c8c0b5100eb1 demo demo] Lock "cef299ea-9a15-47b3-8d39-4b1d32be5e4b" acquired by "nova.context.set_target_cell..get_or_set_cached_cell_and_set_connections" :: waited 0.000s {{(pid=107147) inner /opt/stack/data/venv/lib/python3.12/site-packages/oslo_concurrency/lockutils.py:525}}
Aug 31 07:40:11.712338 np0000191569 nova-scheduler[107147]: DEBUG oslo_concurrency.lockutils [None req-28046483-3642-4611-ae7c-c8c0b5100eb1 demo demo] Lock "cef299ea-9a15-47b3-8d39-4b1d32be5e4b" "released" by "nova.context.set_target_cell..get_or_set_cached_cell_and_set_connections" :: held 0.000s {{(pid=107147) inner /opt/stack/data/venv/lib/python3.12/site-packages/oslo_concurrency/lockutils.py:544}}
Aug 31 07:40:11.718227 np0000191569 nova-scheduler[107147]: DEBUG oslo_concurrency.lockutils [None req-28046483-3642-4611-ae7c-c8c0b5100eb1 demo demo] Acquiring lock "np0000191569-np0000191569.novalocal" by "nova.scheduler.host_manager.HostState.update.._locked_update" {{(pid=107147) inner /opt/stack/data/venv/lib/python3.12/site-packages/oslo_concurrency/lockutils.py:512}}
Aug 31 07:40:11.718542 np0000191569 nova-scheduler[107147]: DEBUG oslo_concurrency.lockutils [None req-28046483-3642-4611-ae7c-c8c0b5100eb1 demo demo] Lock "np0000191569-np0000191569.novalocal" acquired by "nova.scheduler.host_manager.HostState.update.._locked_update" :: waited 0.000s {{(pid=107147) inner /opt/stack/data/venv/lib/python3.12/site-packages/oslo_concurrency/lockutils.py:525}}
Aug 31 07:40:11.720652 np0000191569 nova-scheduler[107147]: DEBUG nova.scheduler.host_manager [None req-28046483-3642-4611-ae7c-c8c0b5100eb1 demo demo] Update host state from compute node: ComputeNode(cpu_allocation_ratio=4.0,cpu_info='{"arch": "x86_64", "model": "EPYC-Rome", "vendor": "AMD", "topology": {"cells": 1, "sockets": 16, "cores": 1, "threads": 1}, "maxphysaddr": {"mode": "emulate", "bits": 40}, "features": ["svm", "sse2", "v-vmsave-vmload", "apic", "mds-no", "nrip-save", "xgetbv1", "sse4.1", "null-sel-clr-base", "smap", "amd-ssbd", "gds-no", "svme-addr-chk", "cx16", "cx8", "xsaves", "tsc-scale", "arat", "avx", "bmi1", "pause-filter", "npt", "lm", "mce", "vmcb-clean", "xsaveopt", "ssbd", "x2apic", "pae", "pat", "cmov", "abm", "lbrv", "rdctl-no", "avx2", "mtrr", "ssse3", "3dnowprefetch", "ibpb", "rdseed", "tsc-deadline", "fxsr_opt", "xsave", "mmx", "xsaveerptr", "sse4.2", "sse", "smep", "vme", "sep", "stibp", "sha-ni", "bmi2", "vgif", "perfctr_core", "adx", "pse36", "rdrand", "tsc_adjust", "ibrs", "msr", "sse4a", "umip", "nx", "cr8legacy", "pge", "mca", "osvw", "pschange-mc-no", "clflush", "amd-stibp", "mmxext", "fpu", "pse", "rdpid", "de", "syscall", "aes", "arch-capabilities", "pni", "popcnt", "clzero", "flushbyasid", "fsgsbase", "clflushopt", "lfence-always-serializing", "movbe", "rdtscp", "virt-ssbd", "pdpe1gb", "xsavec", "skip-l1dfl-vmentry", "clwb", "pfthreshold", "misalignsse", "tsc", "pclmuldq", "wbnoinvd", "fma", "f16c", "topoext", "fxsr", "hypervisor", "lahf_lm", "cmp_legacy"]}',created_at=2026-08-31T07:35:37Z,current_workload=0,deleted=False,deleted_at=None,disk_allocation_ratio=1.0,disk_available_least=256,free_disk_gb=299,free_ram_mb=63789,host='np0000191569',host_ip=162.253.55.155,hypervisor_hostname='np0000191569.novalocal',hypervisor_type='QEMU',hypervisor_version=8002002,id=1,local_gb=299,local_gb_used=0,mapped=1,memory_mb=64301,memory_mb_used=512,metrics='[]',numa_topology='{"nova_object.name": "NUMATopology", "nova_object.namespace": "nova", "nova_object.version": "1.2", "nova_object.data": {"cells": [{"nova_object.name": "NUMACell", "nova_object.namespace": "nova", "nova_object.version": "1.5", "nova_object.data": {"id": 0, "cpuset": [0, 1, 2, 3, 4, 5, 6, 7, 8, 9, 10, 11, 12, 13, 14, 15], "pcpuset": [0, 1, 2, 3, 4, 5, 6, 7, 8, 9, 10, 11, 12, 13, 14, 15], "memory": 64301, "cpu_usage": 0, "memory_usage": 0, "pinned_cpus": [], "siblings": [[6], [12], [2], [15], [5], [11], [8], [14], [4], [1], [7], [10], [0], [13], [3], [9]], "mempages": [{"nova_object.name": "NUMAPagesTopology", "nova_object.namespace": "nova", "nova_object.version": "1.1", "nova_object.data": {"size_kb": 4, "total": 16461065, "used": 0, "reserved": 0}, "nova_object.changes": ["size_kb", "total", "used", "reserved"]}, {"nova_object.name": "NUMAPagesTopology", "nova_object.namespace": "nova", "nova_object.version": "1.1", "nova_object.data": {"size_kb": 2048, "total": 0, "used": 0, "reserved": 0}, "nova_object.changes": ["size_kb", "total", "used", "reserved"]}, {"nova_object.name": "NUMAPagesTopology", "nova_object.namespace": "nova", "nova_object.version": "1.1", "nova_object.data": {"size_kb": 1048576, "total": 0, "used": 0, "reserved": 0}, "nova_object.changes": ["size_kb", "total", "used", "reserved"]}], "network_metadata": {"nova_object.name": "NetworkMetadata", "nova_object.namespace": "nova", "nova_object.version": "1.0", "nova_object.data": {"physnets": [], "tunneled": false}, "nova_object.changes": ["tunneled", "physnets"]}, "socket": null}, "nova_object.changes": ["cpuset", "id", "pcpuset", "cpu_usage", "socket", "mempages", "memory_usage", "pinned_cpus", "network_metadata", "memory", "siblings"]}]}, "nova_object.changes": ["cells"]}',pci_device_pools=PciDevicePoolList,ram_allocation_ratio=1.0,running_vms=0,service_id=5,stats={failed_builds='0',uptime=' 07:39:27 up 31 min, 2 users, load average: 1.47, 2.05, 1.84
Aug 31 07:40:11.720652 np0000191569 nova-scheduler[107147]: '},supported_hv_specs=[HVSpec,HVSpec,HVSpec,HVSpec,HVSpec,HVSpec,HVSpec,HVSpec,HVSpec,HVSpec,HVSpec,HVSpec,HVSpec,HVSpec,HVSpec,HVSpec,HVSpec,HVSpec,HVSpec,HVSpec,HVSpec,HVSpec,HVSpec,HVSpec,HVSpec],updated_at=2026-08-31T07:39:27Z,uuid=9191ca0d-f251-4d28-844e-8ca29b8d9d26,vcpus=16,vcpus_used=0) {{(pid=107147) _locked_update /opt/stack/nova/nova/scheduler/host_manager.py:169}}
Aug 31 07:40:11.722386 np0000191569 nova-scheduler[107147]: DEBUG nova.scheduler.host_manager [None req-28046483-3642-4611-ae7c-c8c0b5100eb1 demo demo] Update host state with aggregates: [] {{(pid=107147) _locked_update /opt/stack/nova/nova/scheduler/host_manager.py:172}}
Aug 31 07:40:11.722736 np0000191569 nova-scheduler[107147]: DEBUG nova.scheduler.host_manager [None req-28046483-3642-4611-ae7c-c8c0b5100eb1 demo demo] Update host state with service dict: {'id': 5, 'uuid': 'f52da6ee-d907-48bd-a45b-87ca74af145a', 'host': 'np0000191569', 'binary': 'nova-compute', 'topic': 'compute', 'report_count': 3, 'disabled': False, 'disabled_reason': None, 'last_seen_up': datetime.datetime(2026, 8, 31, 7, 39, 44, tzinfo=datetime.timezone.utc), 'forced_down': False, 'version': 73, 'created_at': datetime.datetime(2026, 8, 31, 7, 35, 37, tzinfo=datetime.timezone.utc), 'updated_at': datetime.datetime(2026, 8, 31, 7, 39, 44, tzinfo=datetime.timezone.utc), 'deleted_at': None, 'deleted': False} {{(pid=107147) _locked_update /opt/stack/nova/nova/scheduler/host_manager.py:175}}
Aug 31 07:40:11.723075 np0000191569 nova-scheduler[107147]: DEBUG nova.scheduler.host_manager [None req-28046483-3642-4611-ae7c-c8c0b5100eb1 demo demo] Update host state with instances: [] {{(pid=107147) _locked_update /opt/stack/nova/nova/scheduler/host_manager.py:178}}
Aug 31 07:40:11.723301 np0000191569 nova-scheduler[107147]: DEBUG oslo_concurrency.lockutils [None req-28046483-3642-4611-ae7c-c8c0b5100eb1 demo demo] Lock "np0000191569-np0000191569.novalocal" "released" by "nova.scheduler.host_manager.HostState.update.._locked_update" :: held 0.005s {{(pid=107147) inner /opt/stack/data/venv/lib/python3.12/site-packages/oslo_concurrency/lockutils.py:544}}
Aug 31 07:40:11.724305 np0000191569 nova-scheduler[107147]: DEBUG nova.filters [None req-28046483-3642-4611-ae7c-c8c0b5100eb1 demo demo] Starting with 1 host(s) {{(pid=107147) get_filtered_objects /opt/stack/nova/nova/filters.py:70}}
Aug 31 07:40:11.724770 np0000191569 nova-scheduler[107147]: DEBUG nova.filters [None req-28046483-3642-4611-ae7c-c8c0b5100eb1 demo demo] Filter ComputeFilter returned 1 host(s) {{(pid=107147) get_filtered_objects /opt/stack/nova/nova/filters.py:102}}
Aug 31 07:40:11.725146 np0000191569 nova-scheduler[107147]: DEBUG nova.filters [None req-28046483-3642-4611-ae7c-c8c0b5100eb1 demo demo] Filter ComputeCapabilitiesFilter returned 1 host(s) {{(pid=107147) get_filtered_objects /opt/stack/nova/nova/filters.py:102}}
Aug 31 07:40:11.725659 np0000191569 nova-scheduler[107147]: DEBUG nova.filters [None req-28046483-3642-4611-ae7c-c8c0b5100eb1 demo demo] Filter ImagePropertiesFilter returned 1 host(s) {{(pid=107147) get_filtered_objects /opt/stack/nova/nova/filters.py:102}}
Aug 31 07:40:11.725942 np0000191569 nova-scheduler[107147]: DEBUG nova.filters [None req-28046483-3642-4611-ae7c-c8c0b5100eb1 demo demo] Filter ServerGroupAntiAffinityFilter returned 1 host(s) {{(pid=107147) get_filtered_objects /opt/stack/nova/nova/filters.py:102}}
Aug 31 07:40:11.726308 np0000191569 nova-scheduler[107147]: DEBUG nova.filters [None req-28046483-3642-4611-ae7c-c8c0b5100eb1 demo demo] Filter ServerGroupAffinityFilter returned 1 host(s) {{(pid=107147) get_filtered_objects /opt/stack/nova/nova/filters.py:102}}
Aug 31 07:40:11.726733 np0000191569 nova-scheduler[107147]: DEBUG nova.filters [None req-28046483-3642-4611-ae7c-c8c0b5100eb1 demo demo] Filter SameHostFilter returned 1 host(s) {{(pid=107147) get_filtered_objects /opt/stack/nova/nova/filters.py:102}}
Aug 31 07:40:11.726973 np0000191569 nova-scheduler[107147]: DEBUG nova.filters [None req-28046483-3642-4611-ae7c-c8c0b5100eb1 demo demo] Filter DifferentHostFilter returned 1 host(s) {{(pid=107147) get_filtered_objects /opt/stack/nova/nova/filters.py:102}}
Aug 31 07:40:11.727272 np0000191569 nova-scheduler[107147]: DEBUG nova.scheduler.manager [None req-28046483-3642-4611-ae7c-c8c0b5100eb1 demo demo] Filtered [(np0000191569, np0000191569.novalocal) ram: 63789MB disk: 262144MB io_ops: 0 instances: 0, allocation_candidates: 1] {{(pid=107147) _get_sorted_hosts /opt/stack/nova/nova/scheduler/manager.py:748}}
Aug 31 07:40:11.727728 np0000191569 nova-scheduler[107147]: DEBUG nova.scheduler.manager [None req-28046483-3642-4611-ae7c-c8c0b5100eb1 demo demo] Weighed [WeighedHost [host: (np0000191569, np0000191569.novalocal) ram: 63789MB disk: 262144MB io_ops: 0 instances: 0, allocation_candidates: 1, weight: 0.0]] {{(pid=107147) _get_sorted_hosts /opt/stack/nova/nova/scheduler/manager.py:770}}
Aug 31 07:40:11.728156 np0000191569 nova-scheduler[107147]: DEBUG nova.scheduler.utils [None req-28046483-3642-4611-ae7c-c8c0b5100eb1 demo demo] Attempting to claim resources in the placement API for instance 1a2632b1-575c-4f59-90b3-c7e959c14ac6 {{(pid=107147) claim_resources /opt/stack/nova/nova/scheduler/utils.py:1345}}
Aug 31 07:40:11.912434 np0000191569 nova-scheduler[107147]: DEBUG nova.scheduler.manager [None req-28046483-3642-4611-ae7c-c8c0b5100eb1 demo demo] [instance: 1a2632b1-575c-4f59-90b3-c7e959c14ac6] Selected host: (np0000191569, np0000191569.novalocal) ram: 63789MB disk: 262144MB io_ops: 0 instances: 0, allocation_candidates: 1 {{(pid=107147) _consume_selected_host /opt/stack/nova/nova/scheduler/manager.py:630}}
Aug 31 07:40:11.912658 np0000191569 nova-scheduler[107147]: DEBUG oslo_concurrency.lockutils [None req-28046483-3642-4611-ae7c-c8c0b5100eb1 demo demo] Acquiring lock "np0000191569-np0000191569.novalocal" by "nova.scheduler.host_manager.HostState.consume_from_request.._locked" {{(pid=107147) inner /opt/stack/data/venv/lib/python3.12/site-packages/oslo_concurrency/lockutils.py:512}}
Aug 31 07:40:11.912745 np0000191569 nova-scheduler[107147]: DEBUG oslo_concurrency.lockutils [None req-28046483-3642-4611-ae7c-c8c0b5100eb1 demo demo] Lock "np0000191569-np0000191569.novalocal" acquired by "nova.scheduler.host_manager.HostState.consume_from_request.._locked" :: waited 0.000s {{(pid=107147) inner /opt/stack/data/venv/lib/python3.12/site-packages/oslo_concurrency/lockutils.py:525}}
Aug 31 07:40:11.912910 np0000191569 nova-scheduler[107147]: DEBUG oslo_concurrency.lockutils [None req-28046483-3642-4611-ae7c-c8c0b5100eb1 demo demo] Lock "np0000191569-np0000191569.novalocal" "released" by "nova.scheduler.host_manager.HostState.consume_from_request.._locked" :: held 0.000s {{(pid=107147) inner /opt/stack/data/venv/lib/python3.12/site-packages/oslo_concurrency/lockutils.py:544}}
Aug 31 07:40:21.344556 np0000191569 nova-scheduler[107147]: DEBUG dbcounter [-] [107147] Writing DB stats nova_cell0:SELECT=1 {{(pid=107147) stat_writer /opt/stack/data/venv/lib/python3.12/site-packages/dbcounter.py:115}}
Aug 31 07:40:21.707723 np0000191569 nova-scheduler[107147]: DEBUG dbcounter [-] [107147] Writing DB stats nova_api:SELECT=2 {{(pid=107147) stat_writer /opt/stack/data/venv/lib/python3.12/site-packages/dbcounter.py:115}}
Aug 31 07:40:21.715850 np0000191569 nova-scheduler[107147]: DEBUG dbcounter [-] [107147] Writing DB stats nova_cell1:SELECT=4 {{(pid=107147) stat_writer /opt/stack/data/venv/lib/python3.12/site-packages/dbcounter.py:115}}
Aug 31 07:40:33.166354 np0000191569 nova-scheduler[107170]: DEBUG oslo.service.backend._threading.loopingcall [None req-25d19b9b-db2a-47d4-adee-447ff04ec158 None None] Dynamic interval looping call 'nova.service.Service.periodic_tasks' sleeping for 60.00 seconds {{(pid=107170) _run_loop /opt/stack/data/venv/lib/python3.12/site-packages/oslo_service/backend/_threading/loopingcall.py:125}}
Aug 31 07:40:36.144461 np0000191569 nova-scheduler[107153]: DEBUG oslo.service.backend._threading.loopingcall [None req-aeff9a80-2342-4879-a32c-316bb43c268c None None] Dynamic interval looping call 'nova.service.Service.periodic_tasks' sleeping for 60.00 seconds {{(pid=107153) _run_loop /opt/stack/data/venv/lib/python3.12/site-packages/oslo_service/backend/_threading/loopingcall.py:125}}
Aug 31 07:41:04.157543 np0000191569 nova-scheduler[107164]: DEBUG oslo.service.backend._threading.loopingcall [None req-fde49abf-af77-46c5-af87-b844641da669 None None] Dynamic interval looping call 'nova.service.Service.periodic_tasks' sleeping for 60.00 seconds {{(pid=107164) _run_loop /opt/stack/data/venv/lib/python3.12/site-packages/oslo_service/backend/_threading/loopingcall.py:125}}
Aug 31 07:41:05.136557 np0000191569 nova-scheduler[107147]: DEBUG oslo.service.backend._threading.loopingcall [None req-7cb75c3d-4617-4765-a9c3-2a29954cd6f1 None None] Dynamic interval looping call 'nova.service.Service.periodic_tasks' sleeping for 60.00 seconds {{(pid=107147) _run_loop /opt/stack/data/venv/lib/python3.12/site-packages/oslo_service/backend/_threading/loopingcall.py:125}}
Aug 31 07:41:15.150416 np0000191569 nova-scheduler[107147]: DEBUG oslo.service.backend._threading.loopingcall [-] Fixed interval looping call 'nova.servicegroup.drivers.db.DbDriver._report_state' sleeping for 119.99 seconds {{(pid=107147) _run_loop /opt/stack/data/venv/lib/python3.12/site-packages/oslo_service/backend/_threading/loopingcall.py:125}}
Aug 31 07:41:15.152450 np0000191569 nova-scheduler[107153]: DEBUG oslo.service.backend._threading.loopingcall [-] Fixed interval looping call 'nova.servicegroup.drivers.db.DbDriver._report_state' sleeping for 119.99 seconds {{(pid=107153) _run_loop /opt/stack/data/venv/lib/python3.12/site-packages/oslo_service/backend/_threading/loopingcall.py:125}}
Aug 31 07:41:15.152949 np0000191569 nova-scheduler[107164]: DEBUG oslo.service.backend._threading.loopingcall [-] Fixed interval looping call 'nova.servicegroup.drivers.db.DbDriver._report_state' sleeping for 119.99 seconds {{(pid=107164) _run_loop /opt/stack/data/venv/lib/python3.12/site-packages/oslo_service/backend/_threading/loopingcall.py:125}}
Aug 31 07:41:15.171746 np0000191569 nova-scheduler[107170]: DEBUG oslo.service.backend._threading.loopingcall [-] Fixed interval looping call 'nova.servicegroup.drivers.db.DbDriver._report_state' sleeping for 119.99 seconds {{(pid=107170) _run_loop /opt/stack/data/venv/lib/python3.12/site-packages/oslo_service/backend/_threading/loopingcall.py:125}}
Aug 31 07:41:25.140642 np0000191569 nova-scheduler[107147]: DEBUG dbcounter [-] [107147] Writing DB stats nova_cell0:SELECT=1,nova_cell0:UPDATE=1 {{(pid=107147) stat_writer /opt/stack/data/venv/lib/python3.12/site-packages/dbcounter.py:115}}
Aug 31 07:41:25.149220 np0000191569 nova-scheduler[107164]: DEBUG dbcounter [-] [107164] Writing DB stats nova_cell0:SELECT=1 {{(pid=107164) stat_writer /opt/stack/data/venv/lib/python3.12/site-packages/dbcounter.py:115}}
Aug 31 07:41:25.150688 np0000191569 nova-scheduler[107153]: DEBUG dbcounter [-] [107153] Writing DB stats nova_cell0:SELECT=1,nova_cell0:UPDATE=1 {{(pid=107153) stat_writer /opt/stack/data/venv/lib/python3.12/site-packages/dbcounter.py:115}}
Aug 31 07:41:25.169314 np0000191569 nova-scheduler[107170]: DEBUG dbcounter [-] [107170] Writing DB stats nova_cell0:SELECT=1 {{(pid=107170) stat_writer /opt/stack/data/venv/lib/python3.12/site-packages/dbcounter.py:115}}
Aug 31 07:41:33.167020 np0000191569 nova-scheduler[107170]: DEBUG oslo.service.backend._threading.loopingcall [None req-25d19b9b-db2a-47d4-adee-447ff04ec158 None None] Dynamic interval looping call 'nova.service.Service.periodic_tasks' sleeping for 60.00 seconds {{(pid=107170) _run_loop /opt/stack/data/venv/lib/python3.12/site-packages/oslo_service/backend/_threading/loopingcall.py:125}}
Aug 31 07:41:36.145230 np0000191569 nova-scheduler[107153]: DEBUG oslo.service.backend._threading.loopingcall [None req-aeff9a80-2342-4879-a32c-316bb43c268c None None] Dynamic interval looping call 'nova.service.Service.periodic_tasks' sleeping for 60.00 seconds {{(pid=107153) _run_loop /opt/stack/data/venv/lib/python3.12/site-packages/oslo_service/backend/_threading/loopingcall.py:125}}
Aug 31 07:42:04.158628 np0000191569 nova-scheduler[107164]: DEBUG oslo.service.backend._threading.loopingcall [None req-fde49abf-af77-46c5-af87-b844641da669 None None] Dynamic interval looping call 'nova.service.Service.periodic_tasks' sleeping for 60.00 seconds {{(pid=107164) _run_loop /opt/stack/data/venv/lib/python3.12/site-packages/oslo_service/backend/_threading/loopingcall.py:125}}
Aug 31 07:42:05.137606 np0000191569 nova-scheduler[107147]: DEBUG oslo.service.backend._threading.loopingcall [None req-7cb75c3d-4617-4765-a9c3-2a29954cd6f1 None None] Dynamic interval looping call 'nova.service.Service.periodic_tasks' sleeping for 60.00 seconds {{(pid=107147) _run_loop /opt/stack/data/venv/lib/python3.12/site-packages/oslo_service/backend/_threading/loopingcall.py:125}}
Aug 31 07:42:33.167952 np0000191569 nova-scheduler[107170]: DEBUG oslo.service.backend._threading.loopingcall [None req-25d19b9b-db2a-47d4-adee-447ff04ec158 None None] Dynamic interval looping call 'nova.service.Service.periodic_tasks' sleeping for 60.00 seconds {{(pid=107170) _run_loop /opt/stack/data/venv/lib/python3.12/site-packages/oslo_service/backend/_threading/loopingcall.py:125}}
Aug 31 07:42:36.146211 np0000191569 nova-scheduler[107153]: DEBUG oslo.service.backend._threading.loopingcall [None req-aeff9a80-2342-4879-a32c-316bb43c268c None None] Dynamic interval looping call 'nova.service.Service.periodic_tasks' sleeping for 60.00 seconds {{(pid=107153) _run_loop /opt/stack/data/venv/lib/python3.12/site-packages/oslo_service/backend/_threading/loopingcall.py:125}}
Aug 31 07:43:04.159378 np0000191569 nova-scheduler[107164]: DEBUG oslo.service.backend._threading.loopingcall [None req-fde49abf-af77-46c5-af87-b844641da669 None None] Dynamic interval looping call 'nova.service.Service.periodic_tasks' sleeping for 60.00 seconds {{(pid=107164) _run_loop /opt/stack/data/venv/lib/python3.12/site-packages/oslo_service/backend/_threading/loopingcall.py:125}}
Aug 31 07:43:05.138674 np0000191569 nova-scheduler[107147]: DEBUG oslo.service.backend._threading.loopingcall [None req-7cb75c3d-4617-4765-a9c3-2a29954cd6f1 None None] Dynamic interval looping call 'nova.service.Service.periodic_tasks' sleeping for 60.00 seconds {{(pid=107147) _run_loop /opt/stack/data/venv/lib/python3.12/site-packages/oslo_service/backend/_threading/loopingcall.py:125}}
Aug 31 07:43:15.155634 np0000191569 nova-scheduler[107147]: DEBUG oslo.service.backend._threading.loopingcall [-] Fixed interval looping call 'nova.servicegroup.drivers.db.DbDriver._report_state' sleeping for 119.99 seconds {{(pid=107147) _run_loop /opt/stack/data/venv/lib/python3.12/site-packages/oslo_service/backend/_threading/loopingcall.py:125}}
Aug 31 07:43:15.156625 np0000191569 nova-scheduler[107164]: DEBUG oslo.service.backend._threading.loopingcall [-] Fixed interval looping call 'nova.servicegroup.drivers.db.DbDriver._report_state' sleeping for 119.99 seconds {{(pid=107164) _run_loop /opt/stack/data/venv/lib/python3.12/site-packages/oslo_service/backend/_threading/loopingcall.py:125}}
Aug 31 07:43:15.157364 np0000191569 nova-scheduler[107153]: DEBUG oslo.service.backend._threading.loopingcall [-] Fixed interval looping call 'nova.servicegroup.drivers.db.DbDriver._report_state' sleeping for 119.99 seconds {{(pid=107153) _run_loop /opt/stack/data/venv/lib/python3.12/site-packages/oslo_service/backend/_threading/loopingcall.py:125}}
Aug 31 07:43:15.167552 np0000191569 nova-scheduler[107170]: DEBUG oslo.service.backend._threading.loopingcall [-] Fixed interval looping call 'nova.servicegroup.drivers.db.DbDriver._report_state' sleeping for 119.99 seconds {{(pid=107170) _run_loop /opt/stack/data/venv/lib/python3.12/site-packages/oslo_service/backend/_threading/loopingcall.py:125}}
Aug 31 07:43:25.146053 np0000191569 nova-scheduler[107147]: DEBUG dbcounter [-] [107147] Writing DB stats nova_cell0:SELECT=1,nova_cell0:UPDATE=1 {{(pid=107147) stat_writer /opt/stack/data/venv/lib/python3.12/site-packages/dbcounter.py:115}}
Aug 31 07:43:25.148514 np0000191569 nova-scheduler[107153]: DEBUG dbcounter [-] [107153] Writing DB stats nova_cell0:SELECT=1,nova_cell0:UPDATE=1 {{(pid=107153) stat_writer /opt/stack/data/venv/lib/python3.12/site-packages/dbcounter.py:115}}
Aug 31 07:43:25.149170 np0000191569 nova-scheduler[107164]: DEBUG dbcounter [-] [107164] Writing DB stats nova_cell0:SELECT=1,nova_cell0:UPDATE=1 {{(pid=107164) stat_writer /opt/stack/data/venv/lib/python3.12/site-packages/dbcounter.py:115}}
Aug 31 07:43:25.164775 np0000191569 nova-scheduler[107170]: DEBUG dbcounter [-] [107170] Writing DB stats nova_cell0:SELECT=1 {{(pid=107170) stat_writer /opt/stack/data/venv/lib/python3.12/site-packages/dbcounter.py:115}}
Aug 31 07:43:33.168624 np0000191569 nova-scheduler[107170]: DEBUG oslo.service.backend._threading.loopingcall [None req-25d19b9b-db2a-47d4-adee-447ff04ec158 None None] Dynamic interval looping call 'nova.service.Service.periodic_tasks' sleeping for 60.00 seconds {{(pid=107170) _run_loop /opt/stack/data/venv/lib/python3.12/site-packages/oslo_service/backend/_threading/loopingcall.py:125}}
Aug 31 07:43:36.146793 np0000191569 nova-scheduler[107153]: DEBUG oslo.service.backend._threading.loopingcall [None req-aeff9a80-2342-4879-a32c-316bb43c268c None None] Dynamic interval looping call 'nova.service.Service.periodic_tasks' sleeping for 60.00 seconds {{(pid=107153) _run_loop /opt/stack/data/venv/lib/python3.12/site-packages/oslo_service/backend/_threading/loopingcall.py:125}}
Aug 31 07:43:38.270140 np0000191569 nova-scheduler[107153]: DEBUG nova.scheduler.manager [None req-9d86fced-72fa-495a-918c-b8ecf16a4c72 demo demo] Starting to schedule for instances: ['82b98eda-38d5-4f9b-bed3-51b68a10b6b4'] {{(pid=107153) select_destinations /opt/stack/nova/nova/scheduler/manager.py:215}}
