2026-05-12 16:19:28.516 7 INFO cinder.api.openstack.wsgi [None req-89199ce2-2ea2-4327-afc6-81d87ec32ef6 de8a30973055408484ae9c5c08aa6e6e b58ad7a5fa8e499cbd9fe335d08e2e2f - - default default] http://cinder-api.openstack.svc.cluster.local:8776/v3/b58ad7a5fa8e499cbd9fe335d08e2e2f/volumes/99dd7ed9-903b-4468-b872-445f25e2469e returned with HTTP 200 [pid: 7|app: 0|req: 389/782] 10.0.0.168 () {32 vars in 775 bytes} [Tue May 12 16:19:28 2026] GET /v3/b58ad7a5fa8e499cbd9fe335d08e2e2f/volumes/99dd7ed9-903b-4468-b872-445f25e2469e => generated 929 bytes in 38 msecs (HTTP/1.1 200) 7 headers in 285 bytes (1 switches on core 0) /var/lib/openstack/lib/python3.12/site-packages/pycadf/identifier.py:70: UserWarning: Invalid uuid: cinderv3. To ensure interoperability, identifiers should be a valid uuid. warnings.warn(('Invalid uuid: %s. To ensure interoperability, '
2026-05-12 16:19:28.587 8 INFO cinder.api.openstack.wsgi [None req-bbbaeace-cdfa-43a6-9a1e-568fe500cf1e 7fc64047dd254ded87a95614a7ebea1c da35c33c211c4ce6babea15e29915c37 - - default default] GET http://cinder-api.openstack.svc.cluster.local:8776/v3/da35c33c211c4ce6babea15e29915c37/volumes/9f01ebb2-26a2-4bcd-9935-6d36f011c696
2026-05-12 16:19:28.599 8 INFO cinder.api.openstack.wsgi [None req-bbbaeace-cdfa-43a6-9a1e-568fe500cf1e 7fc64047dd254ded87a95614a7ebea1c da35c33c211c4ce6babea15e29915c37 - - default default] http://cinder-api.openstack.svc.cluster.local:8776/v3/da35c33c211c4ce6babea15e29915c37/volumes/9f01ebb2-26a2-4bcd-9935-6d36f011c696 returned with HTTP 404 [pid: 8|app: 0|req: 394/783] 10.0.0.168 () {32 vars in 775 bytes} [Tue May 12 16:19:28 2026] GET /v3/da35c33c211c4ce6babea15e29915c37/volumes/9f01ebb2-26a2-4bcd-9935-6d36f011c696 => generated 109 bytes in 22 msecs (HTTP/1.1 404) 7 headers in 292 bytes (1 switches on core 0) /var/lib/openstack/lib/python3.12/site-packages/pycadf/identifier.py:70: UserWarning: Invalid uuid: cinderv3. To ensure interoperability, identifiers should be a valid uuid. warnings.warn(('Invalid uuid: %s. To ensure interoperability, '
2026-05-12 16:19:28.611 7 INFO cinder.api.openstack.wsgi [None req-4e6bf86a-2352-4965-93cb-f9f3ae6e02d9 7fc64047dd254ded87a95614a7ebea1c da35c33c211c4ce6babea15e29915c37 - - default default] GET http://cinder-api.openstack.svc.cluster.local:8776/v3/da35c33c211c4ce6babea15e29915c37/volumes/ae905d26-8a76-4505-92f8-ae05a8387764 /var/lib/openstack/lib/python3.12/site-packages/oslo_context/context.py:101: DeprecationWarning: Policy enforcement is depending on the value of is_admin. This key is deprecated. Please update your policy file to use the standard policy values. warnings.warn(
2026-05-12 16:19:28.636 7 INFO cinder.volume.api [None req-4e6bf86a-2352-4965-93cb-f9f3ae6e02d9 7fc64047dd254ded87a95614a7ebea1c da35c33c211c4ce6babea15e29915c37 - - default default] Volume info retrieved successfully.
2026-05-12 16:19:28.644 7 INFO cinder.api.openstack.wsgi [None req-4e6bf86a-2352-4965-93cb-f9f3ae6e02d9 7fc64047dd254ded87a95614a7ebea1c da35c33c211c4ce6babea15e29915c37 - - default default] http://cinder-api.openstack.svc.cluster.local:8776/v3/da35c33c211c4ce6babea15e29915c37/volumes/ae905d26-8a76-4505-92f8-ae05a8387764 returned with HTTP 200 [pid: 7|app: 0|req: 390/784] 10.0.0.168 () {32 vars in 775 bytes} [Tue May 12 16:19:28 2026] GET /v3/da35c33c211c4ce6babea15e29915c37/volumes/ae905d26-8a76-4505-92f8-ae05a8387764 => generated 968 bytes in 40 msecs (HTTP/1.1 200) 7 headers in 285 bytes (1 switches on core 0)
2026-05-12 16:19:28.671 8 INFO cinder.api.openstack.wsgi [None req-4254ccac-99f3-42d1-8962-3f65207f0c1b 7fc64047dd254ded87a95614a7ebea1c da35c33c211c4ce6babea15e29915c37 - - default default] DELETE http://cinder-api.openstack.svc.cluster.local:8776/v3/da35c33c211c4ce6babea15e29915c37/volumes/ae905d26-8a76-4505-92f8-ae05a8387764
2026-05-12 16:19:28.674 8 INFO cinder.api.v3.volumes [None req-4254ccac-99f3-42d1-8962-3f65207f0c1b 7fc64047dd254ded87a95614a7ebea1c da35c33c211c4ce6babea15e29915c37 - - default default] Delete volume with id: ae905d26-8a76-4505-92f8-ae05a8387764 /var/lib/openstack/lib/python3.12/site-packages/oslo_context/context.py:101: DeprecationWarning: Policy enforcement is depending on the value of is_admin. This key is deprecated. Please update your policy file to use the standard policy values. warnings.warn(
2026-05-12 16:19:28.693 8 INFO cinder.volume.api [None req-4254ccac-99f3-42d1-8962-3f65207f0c1b 7fc64047dd254ded87a95614a7ebea1c da35c33c211c4ce6babea15e29915c37 - - default default] Volume info retrieved successfully.
2026-05-12 16:19:28.717 8 INFO cinder.volume.api [None req-4254ccac-99f3-42d1-8962-3f65207f0c1b 7fc64047dd254ded87a95614a7ebea1c da35c33c211c4ce6babea15e29915c37 - - default default] Delete volume request issued successfully.
2026-05-12 16:19:28.718 8 INFO cinder.api.openstack.wsgi [None req-4254ccac-99f3-42d1-8962-3f65207f0c1b 7fc64047dd254ded87a95614a7ebea1c da35c33c211c4ce6babea15e29915c37 - - default default] http://cinder-api.openstack.svc.cluster.local:8776/v3/da35c33c211c4ce6babea15e29915c37/volumes/ae905d26-8a76-4505-92f8-ae05a8387764 returned with HTTP 202 [pid: 8|app: 0|req: 395/785] 10.0.0.168 () {32 vars in 778 bytes} [Tue May 12 16:19:28 2026] DELETE /v3/da35c33c211c4ce6babea15e29915c37/volumes/ae905d26-8a76-4505-92f8-ae05a8387764 => generated 0 bytes in 54 msecs (HTTP/1.1 202) 6 headers in 233 bytes (1 switches on core 0) /var/lib/openstack/lib/python3.12/site-packages/pycadf/identifier.py:70: UserWarning: Invalid uuid: cinderv3. To ensure interoperability, identifiers should be a valid uuid. warnings.warn(('Invalid uuid: %s. To ensure interoperability, '
2026-05-12 16:19:28.732 7 INFO cinder.api.openstack.wsgi [None req-98a79128-4266-4d8a-8afc-db33a273cfbc 7fc64047dd254ded87a95614a7ebea1c da35c33c211c4ce6babea15e29915c37 - - default default] GET http://cinder-api.openstack.svc.cluster.local:8776/v3/da35c33c211c4ce6babea15e29915c37/volumes/ae905d26-8a76-4505-92f8-ae05a8387764 /var/lib/openstack/lib/python3.12/site-packages/oslo_context/context.py:101: DeprecationWarning: Policy enforcement is depending on the value of is_admin. This key is deprecated. Please update your policy file to use the standard policy values. warnings.warn(
2026-05-12 16:19:28.745 7 INFO cinder.volume.api [None req-98a79128-4266-4d8a-8afc-db33a273cfbc 7fc64047dd254ded87a95614a7ebea1c da35c33c211c4ce6babea15e29915c37 - - default default] Volume info retrieved successfully.
2026-05-12 16:19:28.751 7 INFO cinder.api.openstack.wsgi [None req-98a79128-4266-4d8a-8afc-db33a273cfbc 7fc64047dd254ded87a95614a7ebea1c da35c33c211c4ce6babea15e29915c37 - - default default] http://cinder-api.openstack.svc.cluster.local:8776/v3/da35c33c211c4ce6babea15e29915c37/volumes/ae905d26-8a76-4505-92f8-ae05a8387764 returned with HTTP 200 [pid: 7|app: 0|req: 391/786] 10.0.0.168 () {32 vars in 775 bytes} [Tue May 12 16:19:28 2026] GET /v3/da35c33c211c4ce6babea15e29915c37/volumes/ae905d26-8a76-4505-92f8-ae05a8387764 => generated 967 bytes in 28 msecs (HTTP/1.1 200) 7 headers in 285 bytes (1 switches on core 0) /var/lib/openstack/lib/python3.12/site-packages/pycadf/identifier.py:70: UserWarning: Invalid uuid: cinderv3. To ensure interoperability, identifiers should be a valid uuid. warnings.warn(('Invalid uuid: %s. To ensure interoperability, '
2026-05-12 16:19:29.542 8 INFO cinder.api.openstack.wsgi [None req-b4fab277-0552-4b68-b674-560e75f0d83a de8a30973055408484ae9c5c08aa6e6e b58ad7a5fa8e499cbd9fe335d08e2e2f - - default default] GET http://cinder-api.openstack.svc.cluster.local:8776/v3/b58ad7a5fa8e499cbd9fe335d08e2e2f/volumes/99dd7ed9-903b-4468-b872-445f25e2469e /var/lib/openstack/lib/python3.12/site-packages/oslo_context/context.py:101: DeprecationWarning: Policy enforcement is depending on the value of is_admin. This key is deprecated. Please update your policy file to use the standard policy values. warnings.warn(
2026-05-12 16:19:29.560 8 INFO cinder.volume.api [None req-b4fab277-0552-4b68-b674-560e75f0d83a de8a30973055408484ae9c5c08aa6e6e b58ad7a5fa8e499cbd9fe335d08e2e2f - - default default] Volume info retrieved successfully.
2026-05-12 16:19:29.566 8 INFO cinder.api.openstack.wsgi [None req-b4fab277-0552-4b68-b674-560e75f0d83a de8a30973055408484ae9c5c08aa6e6e b58ad7a5fa8e499cbd9fe335d08e2e2f - - default default] http://cinder-api.openstack.svc.cluster.local:8776/v3/b58ad7a5fa8e499cbd9fe335d08e2e2f/volumes/99dd7ed9-903b-4468-b872-445f25e2469e returned with HTTP 200 [pid: 8|app: 0|req: 396/787] 10.0.0.168 () {32 vars in 775 bytes} [Tue May 12 16:19:29 2026] GET /v3/b58ad7a5fa8e499cbd9fe335d08e2e2f/volumes/99dd7ed9-903b-4468-b872-445f25e2469e => generated 954 bytes in 32 msecs (HTTP/1.1 200) 7 headers in 285 bytes (1 switches on core 0)
2026-05-12 16:19:29.724 8 INFO cinder.api.openstack.wsgi [None req-b4fab277-0552-4b68-b674-560e75f0d83a de8a30973055408484ae9c5c08aa6e6e b58ad7a5fa8e499cbd9fe335d08e2e2f - - default default] GET http://10.0.0.173:8776/
2026-05-12 16:19:29.724 7 INFO cinder.api.openstack.wsgi [None req-98a79128-4266-4d8a-8afc-db33a273cfbc 7fc64047dd254ded87a95614a7ebea1c da35c33c211c4ce6babea15e29915c37 - - default default] GET http://10.0.0.173:8776/
2026-05-12 16:19:29.724 8 INFO cinder.api.openstack.wsgi [None req-b4fab277-0552-4b68-b674-560e75f0d83a de8a30973055408484ae9c5c08aa6e6e b58ad7a5fa8e499cbd9fe335d08e2e2f - - default default] http://10.0.0.173:8776/ returned with HTTP 300
2026-05-12 16:19:29.725 7 INFO cinder.api.openstack.wsgi [None req-98a79128-4266-4d8a-8afc-db33a273cfbc 7fc64047dd254ded87a95614a7ebea1c da35c33c211c4ce6babea15e29915c37 - - default default] http://10.0.0.173:8776/ returned with HTTP 300 /var/lib/openstack/lib/python3.12/site-packages/pycadf/identifier.py:70: UserWarning: Invalid uuid: cinderv3. To ensure interoperability, identifiers should be a valid uuid. warnings.warn(('Invalid uuid: %s. To ensure interoperability, '
2026-05-12 16:19:29.771 8 INFO cinder.api.openstack.wsgi [None req-e164db38-9566-44f9-bac2-a04718cbad2f 7fc64047dd254ded87a95614a7ebea1c da35c33c211c4ce6babea15e29915c37 - - default default] GET http://cinder-api.openstack.svc.cluster.local:8776/v3/da35c33c211c4ce6babea15e29915c37/volumes/ae905d26-8a76-4505-92f8-ae05a8387764
2026-05-12 16:19:29.779 8 INFO cinder.api.openstack.wsgi [None req-e164db38-9566-44f9-bac2-a04718cbad2f 7fc64047dd254ded87a95614a7ebea1c da35c33c211c4ce6babea15e29915c37 - - default default] http://cinder-api.openstack.svc.cluster.local:8776/v3/da35c33c211c4ce6babea15e29915c37/volumes/ae905d26-8a76-4505-92f8-ae05a8387764 returned with HTTP 404 [pid: 8|app: 0|req: 398/790] 10.0.0.168 () {32 vars in 775 bytes} [Tue May 12 16:19:29 2026] GET /v3/da35c33c211c4ce6babea15e29915c37/volumes/ae905d26-8a76-4505-92f8-ae05a8387764 => generated 109 bytes in 12 msecs (HTTP/1.1 404) 7 headers in 292 bytes (1 switches on core 0)
2026-05-12 16:19:30.987 7 INFO cinder.api.openstack.wsgi [None req-98a79128-4266-4d8a-8afc-db33a273cfbc 7fc64047dd254ded87a95614a7ebea1c da35c33c211c4ce6babea15e29915c37 - - default default] GET http://cinder-api.openstack.svc.cluster.local:8776/
2026-05-12 16:19:30.988 7 INFO cinder.api.openstack.wsgi [None req-98a79128-4266-4d8a-8afc-db33a273cfbc 7fc64047dd254ded87a95614a7ebea1c da35c33c211c4ce6babea15e29915c37 - - default default] http://cinder-api.openstack.svc.cluster.local:8776/ returned with HTTP 300 [pid: 7|app: 0|req: 393/791] 10.0.0.168 () {30 vars in 411 bytes} [Tue May 12 16:19:30 2026] GET / => generated 411 bytes in 2 msecs (HTTP/1.1 300) 5 headers in 169 bytes (1 switches on core 0)
2026-05-12 16:19:32.221 8 INFO cinder.api.openstack.wsgi [req-b05f6d4f-1700-4c91-b6f5-9dda0d7900ca req-298e6211-2e9a-4c0c-9418-acc6e18b1f3c 19e9a6dac0c64fa69f55769a160d0f32 7651f524dc5f4a5f8768f24429693151 - - default default] GET http://cinder-api.openstack.svc.cluster.local:8776/v3/7651f524dc5f4a5f8768f24429693151/attachments?instance_id=ae1a0476-f2c5-4c15-90cd-f058b969367f
2026-05-12 16:19:32.237 8 INFO cinder.api.openstack.wsgi [req-b05f6d4f-1700-4c91-b6f5-9dda0d7900ca req-298e6211-2e9a-4c0c-9418-acc6e18b1f3c 19e9a6dac0c64fa69f55769a160d0f32 7651f524dc5f4a5f8768f24429693151 - - default default] http://cinder-api.openstack.svc.cluster.local:8776/v3/7651f524dc5f4a5f8768f24429693151/attachments?instance_id=ae1a0476-f2c5-4c15-90cd-f058b969367f returned with HTTP 200 [pid: 8|app: 0|req: 399/792] 199.204.45.162 () {36 vars in 1104 bytes} [Tue May 12 16:19:32 2026] GET /v3/7651f524dc5f4a5f8768f24429693151/attachments?instance_id=ae1a0476-f2c5-4c15-90cd-f058b969367f => generated 19 bytes in 23 msecs (HTTP/1.1 200) 7 headers in 285 bytes (1 switches on core 0)
2026-05-12 16:19:35.115 7 INFO cinder.api.openstack.wsgi [None req-98a79128-4266-4d8a-8afc-db33a273cfbc 7fc64047dd254ded87a95614a7ebea1c da35c33c211c4ce6babea15e29915c37 - - default default] GET http://cinder-api.openstack.svc.cluster.local:8776/
2026-05-12 16:19:35.117 7 INFO cinder.api.openstack.wsgi [None req-98a79128-4266-4d8a-8afc-db33a273cfbc 7fc64047dd254ded87a95614a7ebea1c da35c33c211c4ce6babea15e29915c37 - - default default] http://cinder-api.openstack.svc.cluster.local:8776/ returned with HTTP 300 [pid: 7|app: 0|req: 394/793] 10.0.0.59 () {28 vars in 375 bytes} [Tue May 12 16:19:35 2026] GET / => generated 411 bytes in 3 msecs (HTTP/1.1 300) 5 headers in 169 bytes (1 switches on core 0)
2026-05-12 16:19:35.129 8 INFO cinder.api.openstack.wsgi [None req-0abe7b5e-35cb-44de-8e7e-ff88cfc27ef8 0f9d2d5ee7a644008e71b754ea153084 088bf3ed760c4b77a81a61a2e509f3c4 - - default default] GET http://cinder-api.openstack.svc.cluster.local:8776/v3/088bf3ed760c4b77a81a61a2e509f3c4/limits?tenant_id=088bf3ed760c4b77a81a61a2e509f3c4
2026-05-12 16:19:35.159 8 INFO cinder.api.openstack.wsgi [None req-0abe7b5e-35cb-44de-8e7e-ff88cfc27ef8 0f9d2d5ee7a644008e71b754ea153084 088bf3ed760c4b77a81a61a2e509f3c4 - - default default] http://cinder-api.openstack.svc.cluster.local:8776/v3/088bf3ed760c4b77a81a61a2e509f3c4/limits?tenant_id=088bf3ed760c4b77a81a61a2e509f3c4 returned with HTTP 200 [pid: 8|app: 0|req: 400/794] 10.0.0.59 () {34 vars in 878 bytes} [Tue May 12 16:19:35 2026] GET /v3/088bf3ed760c4b77a81a61a2e509f3c4/limits?tenant_id=088bf3ed760c4b77a81a61a2e509f3c4 => generated 302 bytes in 38 msecs (HTTP/1.1 200) 7 headers in 286 bytes (1 switches on core 0)
2026-05-12 16:19:37.962 7 INFO cinder.api.openstack.wsgi [None req-98a79128-4266-4d8a-8afc-db33a273cfbc 7fc64047dd254ded87a95614a7ebea1c da35c33c211c4ce6babea15e29915c37 - - default default] GET http://cinder-api.openstack.svc.cluster.local:8776/
2026-05-12 16:19:37.963 7 INFO cinder.api.openstack.wsgi [None req-98a79128-4266-4d8a-8afc-db33a273cfbc 7fc64047dd254ded87a95614a7ebea1c da35c33c211c4ce6babea15e29915c37 - - default default] http://cinder-api.openstack.svc.cluster.local:8776/ returned with HTTP 300 [pid: 7|app: 0|req: 395/795] 10.0.0.59 () {28 vars in 375 bytes} [Tue May 12 16:19:37 2026] GET / => generated 411 bytes in 2 msecs (HTTP/1.1 300) 5 headers in 169 bytes (1 switches on core 0)
2026-05-12 16:19:37.972 8 INFO cinder.api.openstack.wsgi [None req-0abe7b5e-35cb-44de-8e7e-ff88cfc27ef8 0f9d2d5ee7a644008e71b754ea153084 088bf3ed760c4b77a81a61a2e509f3c4 - - default default] GET http://cinder-api.openstack.svc.cluster.local:8776/
2026-05-12 16:19:37.973 8 INFO cinder.api.openstack.wsgi [None req-0abe7b5e-35cb-44de-8e7e-ff88cfc27ef8 0f9d2d5ee7a644008e71b754ea153084 088bf3ed760c4b77a81a61a2e509f3c4 - - default default] http://cinder-api.openstack.svc.cluster.local:8776/ returned with HTTP 300 [pid: 8|app: 0|req: 401/796] 10.0.0.59 () {28 vars in 375 bytes} [Tue May 12 16:19:37 2026] GET / => generated 411 bytes in 1 msecs (HTTP/1.1 300) 5 headers in 169 bytes (1 switches on core 0)
2026-05-12 16:19:38.569 8 INFO cinder.api.openstack.wsgi [None req-0abe7b5e-35cb-44de-8e7e-ff88cfc27ef8 0f9d2d5ee7a644008e71b754ea153084 088bf3ed760c4b77a81a61a2e509f3c4 - - default default] GET http://cinder-api.openstack.svc.cluster.local:8776/
2026-05-12 16:19:38.570 8 INFO cinder.api.openstack.wsgi [None req-0abe7b5e-35cb-44de-8e7e-ff88cfc27ef8 0f9d2d5ee7a644008e71b754ea153084 088bf3ed760c4b77a81a61a2e509f3c4 - - default default] http://cinder-api.openstack.svc.cluster.local:8776/ returned with HTTP 300 [pid: 8|app: 0|req: 402/797] 10.0.0.59 () {28 vars in 375 bytes} [Tue May 12 16:19:38 2026] GET / => generated 411 bytes in 1 msecs (HTTP/1.1 300) 5 headers in 169 bytes (1 switches on core 0) /var/lib/openstack/lib/python3.12/site-packages/pycadf/identifier.py:70: UserWarning: Invalid uuid: cinderv3. To ensure interoperability, identifiers should be a valid uuid. warnings.warn(('Invalid uuid: %s. To ensure interoperability, '
2026-05-12 16:19:38.577 7 INFO cinder.api.openstack.wsgi [None req-0de1b3c6-a3dc-4bba-8cba-b4b5c213288f 3b84e7ad09a24718898a101cf0d816fc 221206c1cbec472781d042be8fab4877 - - default default] GET http://cinder-api.openstack.svc.cluster.local:8776/v3/221206c1cbec472781d042be8fab4877/volumes/detail?all_tenants=true
2026-05-12 16:19:38.584 8 INFO cinder.api.openstack.wsgi [None req-37edff07-4f12-46e5-8baa-f3c7cadc2d16 0f9d2d5ee7a644008e71b754ea153084 088bf3ed760c4b77a81a61a2e509f3c4 - - default default] GET http://cinder-api.openstack.svc.cluster.local:8776/v3/088bf3ed760c4b77a81a61a2e509f3c4/limits?tenant_id=088bf3ed760c4b77a81a61a2e509f3c4
2026-05-12 16:19:38.588 7 INFO cinder.volume.api [None req-0de1b3c6-a3dc-4bba-8cba-b4b5c213288f 3b84e7ad09a24718898a101cf0d816fc 221206c1cbec472781d042be8fab4877 - - default default] Get all volumes completed successfully. /var/lib/openstack/lib/python3.12/site-packages/oslo_context/context.py:101: DeprecationWarning: Policy enforcement is depending on the value of is_admin. This key is deprecated. Please update your policy file to use the standard policy values. warnings.warn(
2026-05-12 16:19:38.594 7 INFO cinder.api.openstack.wsgi [None req-0de1b3c6-a3dc-4bba-8cba-b4b5c213288f 3b84e7ad09a24718898a101cf0d816fc 221206c1cbec472781d042be8fab4877 - - default default] http://cinder-api.openstack.svc.cluster.local:8776/v3/221206c1cbec472781d042be8fab4877/volumes/detail?all_tenants=true returned with HTTP 200 [pid: 7|app: 0|req: 396/798] 10.0.0.237 () {28 vars in 684 bytes} [Tue May 12 16:19:38 2026] GET /v3/221206c1cbec472781d042be8fab4877/volumes/detail?all_tenants=true => generated 1122 bytes in 141 msecs (HTTP/1.1 200) 7 headers in 286 bytes (1 switches on core 0) /var/lib/openstack/lib/python3.12/site-packages/pycadf/identifier.py:70: UserWarning: Invalid uuid: cinderv3. To ensure interoperability, identifiers should be a valid uuid. warnings.warn(('Invalid uuid: %s. To ensure interoperability, '
2026-05-12 16:19:38.610 7 INFO cinder.api.openstack.wsgi [None req-e1e40f9a-bfda-4eed-b154-860db796be91 3b84e7ad09a24718898a101cf0d816fc 221206c1cbec472781d042be8fab4877 - - default default] GET http://cinder-api.openstack.svc.cluster.local:8776/v3/221206c1cbec472781d042be8fab4877/scheduler-stats/get_pools?detail=true
2026-05-12 16:19:38.622 8 INFO cinder.api.openstack.wsgi [None req-37edff07-4f12-46e5-8baa-f3c7cadc2d16 0f9d2d5ee7a644008e71b754ea153084 088bf3ed760c4b77a81a61a2e509f3c4 - - default default] http://cinder-api.openstack.svc.cluster.local:8776/v3/088bf3ed760c4b77a81a61a2e509f3c4/limits?tenant_id=088bf3ed760c4b77a81a61a2e509f3c4 returned with HTTP 200 [pid: 8|app: 0|req: 403/799] 10.0.0.59 () {34 vars in 878 bytes} [Tue May 12 16:19:38 2026] GET /v3/088bf3ed760c4b77a81a61a2e509f3c4/limits?tenant_id=088bf3ed760c4b77a81a61a2e509f3c4 => generated 302 bytes in 51 msecs (HTTP/1.1 200) 7 headers in 286 bytes (1 switches on core 0)
2026-05-12 16:19:39.114 7 INFO cinder.api.openstack.wsgi [None req-e1e40f9a-bfda-4eed-b154-860db796be91 3b84e7ad09a24718898a101cf0d816fc 221206c1cbec472781d042be8fab4877 - - default default] http://cinder-api.openstack.svc.cluster.local:8776/v3/221206c1cbec472781d042be8fab4877/scheduler-stats/get_pools?detail=true returned with HTTP 200 [pid: 7|app: 0|req: 397/800] 10.0.0.237 () {28 vars in 696 bytes} [Tue May 12 16:19:38 2026] GET /v3/221206c1cbec472781d042be8fab4877/scheduler-stats/get_pools?detail=true => generated 670 bytes in 514 msecs (HTTP/1.1 200) 7 headers in 285 bytes (1 switches on core 0)
2026-05-12 16:19:39.132 8 INFO cinder.api.openstack.wsgi [None req-1bbea848-aaaa-467d-9954-fc01ec070bfb 3b84e7ad09a24718898a101cf0d816fc 221206c1cbec472781d042be8fab4877 - - default default] GET http://cinder-api.openstack.svc.cluster.local:8776/v3/221206c1cbec472781d042be8fab4877/volumes/detail?all_tenants=true
2026-05-12 16:19:39.143 8 INFO cinder.volume.api [None req-1bbea848-aaaa-467d-9954-fc01ec070bfb 3b84e7ad09a24718898a101cf0d816fc 221206c1cbec472781d042be8fab4877 - - default default] Get all volumes completed successfully. /var/lib/openstack/lib/python3.12/site-packages/oslo_context/context.py:101: DeprecationWarning: Policy enforcement is depending on the value of is_admin. This key is deprecated. Please update your policy file to use the standard policy values. warnings.warn(
2026-05-12 16:19:39.151 8 INFO cinder.api.openstack.wsgi [None req-1bbea848-aaaa-467d-9954-fc01ec070bfb 3b84e7ad09a24718898a101cf0d816fc 221206c1cbec472781d042be8fab4877 - - default default] http://cinder-api.openstack.svc.cluster.local:8776/v3/221206c1cbec472781d042be8fab4877/volumes/detail?all_tenants=true returned with HTTP 200 [pid: 8|app: 0|req: 404/801] 10.0.0.237 () {28 vars in 684 bytes} [Tue May 12 16:19:39 2026] GET /v3/221206c1cbec472781d042be8fab4877/volumes/detail?all_tenants=true => generated 1122 bytes in 27 msecs (HTTP/1.1 200) 7 headers in 286 bytes (1 switches on core 0)
2026-05-12 16:19:39.195 7 INFO cinder.api.openstack.wsgi [None req-601c18cd-7528-42e0-8a7e-e4bd160d0f03 3b84e7ad09a24718898a101cf0d816fc 221206c1cbec472781d042be8fab4877 - - default default] GET http://cinder-api.openstack.svc.cluster.local:8776/v3/221206c1cbec472781d042be8fab4877/os-quota-sets/088bf3ed760c4b77a81a61a2e509f3c4?usage=true
2026-05-12 16:19:39.217 7 INFO cinder.api.openstack.wsgi [None req-601c18cd-7528-42e0-8a7e-e4bd160d0f03 3b84e7ad09a24718898a101cf0d816fc 221206c1cbec472781d042be8fab4877 - - default default] http://cinder-api.openstack.svc.cluster.local:8776/v3/221206c1cbec472781d042be8fab4877/os-quota-sets/088bf3ed760c4b77a81a61a2e509f3c4?usage=true returned with HTTP 200 [pid: 7|app: 0|req: 398/802] 10.0.0.237 () {28 vars in 736 bytes} [Tue May 12 16:19:39 2026] GET /v3/221206c1cbec472781d042be8fab4877/os-quota-sets/088bf3ed760c4b77a81a61a2e509f3c4?usage=true => generated 847 bytes in 31 msecs (HTTP/1.1 200) 7 headers in 285 bytes (1 switches on core 0) /var/lib/openstack/lib/python3.12/site-packages/pycadf/identifier.py:70: UserWarning: Invalid uuid: cinderv3. To ensure interoperability, identifiers should be a valid uuid. warnings.warn(('Invalid uuid: %s. To ensure interoperability, '
2026-05-12 16:19:39.229 8 INFO cinder.api.openstack.wsgi [None req-af63a52d-1186-4052-91b0-716d392ac191 3b84e7ad09a24718898a101cf0d816fc 221206c1cbec472781d042be8fab4877 - - default default] GET http://cinder-api.openstack.svc.cluster.local:8776/v3/221206c1cbec472781d042be8fab4877/os-quota-sets/221206c1cbec472781d042be8fab4877?usage=true
2026-05-12 16:19:39.251 8 INFO cinder.api.openstack.wsgi [None req-af63a52d-1186-4052-91b0-716d392ac191 3b84e7ad09a24718898a101cf0d816fc 221206c1cbec472781d042be8fab4877 - - default default] http://cinder-api.openstack.svc.cluster.local:8776/v3/221206c1cbec472781d042be8fab4877/os-quota-sets/221206c1cbec472781d042be8fab4877?usage=true returned with HTTP 200 [pid: 8|app: 0|req: 405/803] 10.0.0.237 () {28 vars in 736 bytes} [Tue May 12 16:19:39 2026] GET /v3/221206c1cbec472781d042be8fab4877/os-quota-sets/221206c1cbec472781d042be8fab4877?usage=true => generated 845 bytes in 31 msecs (HTTP/1.1 200) 7 headers in 285 bytes (1 switches on core 0)
2026-05-12 16:19:39.264 7 INFO cinder.api.openstack.wsgi [None req-053e6bb1-bc72-43e5-bf9f-569e094b7c29 3b84e7ad09a24718898a101cf0d816fc 221206c1cbec472781d042be8fab4877 - - default default] GET http://cinder-api.openstack.svc.cluster.local:8776/v3/221206c1cbec472781d042be8fab4877/os-quota-sets/4c6b0dd7394b4eed945738b1754585a3?usage=true
2026-05-12 16:19:39.288 7 INFO cinder.api.openstack.wsgi [None req-053e6bb1-bc72-43e5-bf9f-569e094b7c29 3b84e7ad09a24718898a101cf0d816fc 221206c1cbec472781d042be8fab4877 - - default default] http://cinder-api.openstack.svc.cluster.local:8776/v3/221206c1cbec472781d042be8fab4877/os-quota-sets/4c6b0dd7394b4eed945738b1754585a3?usage=true returned with HTTP 200 [pid: 7|app: 0|req: 399/804] 10.0.0.237 () {28 vars in 736 bytes} [Tue May 12 16:19:39 2026] GET /v3/221206c1cbec472781d042be8fab4877/os-quota-sets/4c6b0dd7394b4eed945738b1754585a3?usage=true => generated 845 bytes in 33 msecs (HTTP/1.1 200) 7 headers in 285 bytes (1 switches on core 0)
2026-05-12 16:19:39.300 8 INFO cinder.api.openstack.wsgi [None req-44716f93-6a09-416f-9954-752038625f8e 3b84e7ad09a24718898a101cf0d816fc 221206c1cbec472781d042be8fab4877 - - default default] GET http://cinder-api.openstack.svc.cluster.local:8776/v3/221206c1cbec472781d042be8fab4877/os-quota-sets/5306405b874a42e3b1b6920801149214?usage=true
2026-05-12 16:19:39.320 8 INFO cinder.api.openstack.wsgi [None req-44716f93-6a09-416f-9954-752038625f8e 3b84e7ad09a24718898a101cf0d816fc 221206c1cbec472781d042be8fab4877 - - default default] http://cinder-api.openstack.svc.cluster.local:8776/v3/221206c1cbec472781d042be8fab4877/os-quota-sets/5306405b874a42e3b1b6920801149214?usage=true returned with HTTP 200 [pid: 8|app: 0|req: 406/805] 10.0.0.237 () {28 vars in 736 bytes} [Tue May 12 16:19:39 2026] GET /v3/221206c1cbec472781d042be8fab4877/os-quota-sets/5306405b874a42e3b1b6920801149214?usage=true => generated 847 bytes in 28 msecs (HTTP/1.1 200) 7 headers in 285 bytes (1 switches on core 0)
2026-05-12 16:19:39.335 7 INFO cinder.api.openstack.wsgi [None req-b804ae2b-f572-46e0-aa58-fa869d234000 3b84e7ad09a24718898a101cf0d816fc 221206c1cbec472781d042be8fab4877 - - default default] GET http://cinder-api.openstack.svc.cluster.local:8776/v3/221206c1cbec472781d042be8fab4877/os-quota-sets/7651f524dc5f4a5f8768f24429693151?usage=true
2026-05-12 16:19:39.364 7 INFO cinder.api.openstack.wsgi [None req-b804ae2b-f572-46e0-aa58-fa869d234000 3b84e7ad09a24718898a101cf0d816fc 221206c1cbec472781d042be8fab4877 - - default default] http://cinder-api.openstack.svc.cluster.local:8776/v3/221206c1cbec472781d042be8fab4877/os-quota-sets/7651f524dc5f4a5f8768f24429693151?usage=true returned with HTTP 200 [pid: 7|app: 0|req: 400/806] 10.0.0.237 () {28 vars in 736 bytes} [Tue May 12 16:19:39 2026] GET /v3/221206c1cbec472781d042be8fab4877/os-quota-sets/7651f524dc5f4a5f8768f24429693151?usage=true => generated 847 bytes in 40 msecs (HTTP/1.1 200) 7 headers in 285 bytes (1 switches on core 0)
2026-05-12 16:19:39.377 8 INFO cinder.api.openstack.wsgi [None req-8bef06d8-0a2b-402a-85d8-2b4e33ec4d10 3b84e7ad09a24718898a101cf0d816fc 221206c1cbec472781d042be8fab4877 - - default default] GET http://cinder-api.openstack.svc.cluster.local:8776/v3/221206c1cbec472781d042be8fab4877/os-quota-sets/9eb48b78304c4837a2e87f8eb30b60a5?usage=true
2026-05-12 16:19:39.398 8 INFO cinder.api.openstack.wsgi [None req-8bef06d8-0a2b-402a-85d8-2b4e33ec4d10 3b84e7ad09a24718898a101cf0d816fc 221206c1cbec472781d042be8fab4877 - - default default] http://cinder-api.openstack.svc.cluster.local:8776/v3/221206c1cbec472781d042be8fab4877/os-quota-sets/9eb48b78304c4837a2e87f8eb30b60a5?usage=true returned with HTTP 200 [pid: 8|app: 0|req: 407/807] 10.0.0.237 () {28 vars in 736 bytes} [Tue May 12 16:19:39 2026] GET /v3/221206c1cbec472781d042be8fab4877/os-quota-sets/9eb48b78304c4837a2e87f8eb30b60a5?usage=true => generated 847 bytes in 30 msecs (HTTP/1.1 200) 7 headers in 285 bytes (1 switches on core 0)
2026-05-12 16:19:39.411 7 INFO cinder.api.openstack.wsgi [None req-ec267525-27b1-4dad-9846-623f9ce6da87 3b84e7ad09a24718898a101cf0d816fc 221206c1cbec472781d042be8fab4877 - - default default] GET http://cinder-api.openstack.svc.cluster.local:8776/v3/221206c1cbec472781d042be8fab4877/os-quota-sets/b58ad7a5fa8e499cbd9fe335d08e2e2f?usage=true
2026-05-12 16:19:39.443 7 INFO cinder.api.openstack.wsgi [None req-ec267525-27b1-4dad-9846-623f9ce6da87 3b84e7ad09a24718898a101cf0d816fc 221206c1cbec472781d042be8fab4877 - - default default] http://cinder-api.openstack.svc.cluster.local:8776/v3/221206c1cbec472781d042be8fab4877/os-quota-sets/b58ad7a5fa8e499cbd9fe335d08e2e2f?usage=true returned with HTTP 200 [pid: 7|app: 0|req: 401/808] 10.0.0.237 () {28 vars in 736 bytes} [Tue May 12 16:19:39 2026] GET /v3/221206c1cbec472781d042be8fab4877/os-quota-sets/b58ad7a5fa8e499cbd9fe335d08e2e2f?usage=true => generated 847 bytes in 42 msecs (HTTP/1.1 200) 7 headers in 285 bytes (1 switches on core 0)
2026-05-12 16:19:39.454 8 INFO cinder.api.openstack.wsgi [None req-cab2223e-553b-42d7-a97e-e18cb12f0a39 3b84e7ad09a24718898a101cf0d816fc 221206c1cbec472781d042be8fab4877 - - default default] GET http://cinder-api.openstack.svc.cluster.local:8776/v3/221206c1cbec472781d042be8fab4877/os-quota-sets/c94cbd7db66f497ba0ab2f76b013b103?usage=true
2026-05-12 16:19:39.501 8 INFO cinder.api.openstack.wsgi [None req-cab2223e-553b-42d7-a97e-e18cb12f0a39 3b84e7ad09a24718898a101cf0d816fc 221206c1cbec472781d042be8fab4877 - - default default] http://cinder-api.openstack.svc.cluster.local:8776/v3/221206c1cbec472781d042be8fab4877/os-quota-sets/c94cbd7db66f497ba0ab2f76b013b103?usage=true returned with HTTP 200 [pid: 8|app: 0|req: 408/809] 10.0.0.237 () {28 vars in 736 bytes} [Tue May 12 16:19:39 2026] GET /v3/221206c1cbec472781d042be8fab4877/os-quota-sets/c94cbd7db66f497ba0ab2f76b013b103?usage=true => generated 847 bytes in 54 msecs (HTTP/1.1 200) 7 headers in 285 bytes (1 switches on core 0)
2026-05-12 16:19:39.514 7 INFO cinder.api.openstack.wsgi [None req-6b5e46e7-6eca-4ea1-8770-d0db43552eed 3b84e7ad09a24718898a101cf0d816fc 221206c1cbec472781d042be8fab4877 - - default default] GET http://cinder-api.openstack.svc.cluster.local:8776/v3/221206c1cbec472781d042be8fab4877/os-quota-sets/e91e1e17e266439f8430255770a11893?usage=true
2026-05-12 16:19:39.534 7 INFO cinder.api.openstack.wsgi [None req-6b5e46e7-6eca-4ea1-8770-d0db43552eed 3b84e7ad09a24718898a101cf0d816fc 221206c1cbec472781d042be8fab4877 - - default default] http://cinder-api.openstack.svc.cluster.local:8776/v3/221206c1cbec472781d042be8fab4877/os-quota-sets/e91e1e17e266439f8430255770a11893?usage=true returned with HTTP 200 [pid: 7|app: 0|req: 402/810] 10.0.0.237 () {28 vars in 736 bytes} [Tue May 12 16:19:39 2026] GET /v3/221206c1cbec472781d042be8fab4877/os-quota-sets/e91e1e17e266439f8430255770a11893?usage=true => generated 847 bytes in 28 msecs (HTTP/1.1 200) 7 headers in 285 bytes (1 switches on core 0)
2026-05-12 16:19:39.544 8 INFO cinder.api.openstack.wsgi [None req-39559e02-07c3-4463-8aa0-803078b12341 3b84e7ad09a24718898a101cf0d816fc 221206c1cbec472781d042be8fab4877 - - default default] GET http://cinder-api.openstack.svc.cluster.local:8776/v3/221206c1cbec472781d042be8fab4877/snapshots?all_tenants=true
2026-05-12 16:19:39.549 8 INFO cinder.volume.api [None req-39559e02-07c3-4463-8aa0-803078b12341 3b84e7ad09a24718898a101cf0d816fc 221206c1cbec472781d042be8fab4877 - - default default] Get all snapshots completed successfully.
2026-05-12 16:19:39.549 8 INFO cinder.api.openstack.wsgi [None req-39559e02-07c3-4463-8aa0-803078b12341 3b84e7ad09a24718898a101cf0d816fc 221206c1cbec472781d042be8fab4877 - - default default] http://cinder-api.openstack.svc.cluster.local:8776/v3/221206c1cbec472781d042be8fab4877/snapshots?all_tenants=true returned with HTTP 200 [pid: 8|app: 0|req: 409/811] 10.0.0.237 () {28 vars in 674 bytes} [Tue May 12 16:19:39 2026] GET /v3/221206c1cbec472781d042be8fab4877/snapshots?all_tenants=true => generated 17 bytes in 12 msecs (HTTP/1.1 200) 7 headers in 284 bytes (1 switches on core 0)
2026-05-12 16:19:39.559 7 INFO cinder.api.openstack.wsgi [None req-98342233-f268-4b1e-818e-a19bdae904dc 3b84e7ad09a24718898a101cf0d816fc 221206c1cbec472781d042be8fab4877 - - default default] GET http://cinder-api.openstack.svc.cluster.local:8776/v3/221206c1cbec472781d042be8fab4877/os-services
2026-05-12 16:19:39.564 7 INFO cinder.api.openstack.wsgi [None req-98342233-f268-4b1e-818e-a19bdae904dc 3b84e7ad09a24718898a101cf0d816fc 221206c1cbec472781d042be8fab4877 - - default default] http://cinder-api.openstack.svc.cluster.local:8776/v3/221206c1cbec472781d042be8fab4877/os-services returned with HTTP 200 [pid: 7|app: 0|req: 403/812] 10.0.0.237 () {28 vars in 645 bytes} [Tue May 12 16:19:39 2026] GET /v3/221206c1cbec472781d042be8fab4877/os-services => generated 646 bytes in 11 msecs (HTTP/1.1 200) 7 headers in 285 bytes (1 switches on core 0)
2026-05-12 16:19:39.724 8 INFO cinder.api.openstack.wsgi [None req-39559e02-07c3-4463-8aa0-803078b12341 3b84e7ad09a24718898a101cf0d816fc 221206c1cbec472781d042be8fab4877 - - default default] GET http://10.0.0.173:8776/
2026-05-12 16:19:39.724 7 INFO cinder.api.openstack.wsgi [None req-98342233-f268-4b1e-818e-a19bdae904dc 3b84e7ad09a24718898a101cf0d816fc 221206c1cbec472781d042be8fab4877 - - default default] GET http://10.0.0.173:8776/
2026-05-12 16:19:39.725 8 INFO cinder.api.openstack.wsgi [None req-39559e02-07c3-4463-8aa0-803078b12341 3b84e7ad09a24718898a101cf0d816fc 221206c1cbec472781d042be8fab4877 - - default default] http://10.0.0.173:8776/ returned with HTTP 300
2026-05-12 16:19:39.725 7 INFO cinder.api.openstack.wsgi [None req-98342233-f268-4b1e-818e-a19bdae904dc 3b84e7ad09a24718898a101cf0d816fc 221206c1cbec472781d042be8fab4877 - - default default] http://10.0.0.173:8776/ returned with HTTP 300
2026-05-12 16:19:41.157 8 INFO cinder.api.openstack.wsgi [None req-39559e02-07c3-4463-8aa0-803078b12341 3b84e7ad09a24718898a101cf0d816fc 221206c1cbec472781d042be8fab4877 - - default default] GET http://cinder-api.openstack.svc.cluster.local:8776/
2026-05-12 16:19:41.159 8 INFO cinder.api.openstack.wsgi [None req-39559e02-07c3-4463-8aa0-803078b12341 3b84e7ad09a24718898a101cf0d816fc 221206c1cbec472781d042be8fab4877 - - default default] http://cinder-api.openstack.svc.cluster.local:8776/ returned with HTTP 300 [pid: 8|app: 0|req: 411/815] 10.0.0.59 () {28 vars in 375 bytes} [Tue May 12 16:19:41 2026] GET / => generated 411 bytes in 2 msecs (HTTP/1.1 300) 5 headers in 169 bytes (1 switches on core 0)
2026-05-12 16:19:41.165 7 INFO cinder.api.openstack.wsgi [None req-98342233-f268-4b1e-818e-a19bdae904dc 3b84e7ad09a24718898a101cf0d816fc 221206c1cbec472781d042be8fab4877 - - default default] GET http://cinder-api.openstack.svc.cluster.local:8776/
2026-05-12 16:19:41.165 7 INFO cinder.api.openstack.wsgi [None req-98342233-f268-4b1e-818e-a19bdae904dc 3b84e7ad09a24718898a101cf0d816fc 221206c1cbec472781d042be8fab4877 - - default default] http://cinder-api.openstack.svc.cluster.local:8776/ returned with HTTP 300 [pid: 7|app: 0|req: 405/816] 10.0.0.59 () {28 vars in 375 bytes} [Tue May 12 16:19:41 2026] GET / => generated 411 bytes in 1 msecs (HTTP/1.1 300) 5 headers in 169 bytes (1 switches on core 0)
2026-05-12 16:19:44.471 8 INFO cinder.api.openstack.wsgi [None req-dd2ad783-fac7-4ed3-a79e-990e412be8e7 de8a30973055408484ae9c5c08aa6e6e b58ad7a5fa8e499cbd9fe335d08e2e2f - - default default] POST http://cinder-api.openstack.svc.cluster.local:8776/v3/b58ad7a5fa8e499cbd9fe335d08e2e2f/volumes/99dd7ed9-903b-4468-b872-445f25e2469e/action /var/lib/openstack/lib/python3.12/site-packages/oslo_context/context.py:101: DeprecationWarning: Policy enforcement is depending on the value of is_admin. This key is deprecated. Please update your policy file to use the standard policy values. warnings.warn(
2026-05-12 16:19:44.486 8 INFO cinder.volume.api [None req-dd2ad783-fac7-4ed3-a79e-990e412be8e7 de8a30973055408484ae9c5c08aa6e6e b58ad7a5fa8e499cbd9fe335d08e2e2f - - default default] Volume info retrieved successfully.
2026-05-12 16:19:44.497 8 INFO cinder.volume.api [None req-dd2ad783-fac7-4ed3-a79e-990e412be8e7 de8a30973055408484ae9c5c08aa6e6e b58ad7a5fa8e499cbd9fe335d08e2e2f - - default default] Update volume admin metadata completed successfully.
2026-05-12 16:19:45.003 8 INFO cinder.volume.api [None req-dd2ad783-fac7-4ed3-a79e-990e412be8e7 de8a30973055408484ae9c5c08aa6e6e b58ad7a5fa8e499cbd9fe335d08e2e2f - - default default] Attach volume completed successfully.
2026-05-12 16:19:45.004 8 INFO cinder.api.openstack.wsgi [None req-dd2ad783-fac7-4ed3-a79e-990e412be8e7 de8a30973055408484ae9c5c08aa6e6e b58ad7a5fa8e499cbd9fe335d08e2e2f - - default default] http://cinder-api.openstack.svc.cluster.local:8776/v3/b58ad7a5fa8e499cbd9fe335d08e2e2f/volumes/99dd7ed9-903b-4468-b872-445f25e2469e/action returned with HTTP 202 [pid: 8|app: 0|req: 412/817] 10.0.0.168 () {34 vars in 810 bytes} [Tue May 12 16:19:44 2026] POST /v3/b58ad7a5fa8e499cbd9fe335d08e2e2f/volumes/99dd7ed9-903b-4468-b872-445f25e2469e/action => generated 0 bytes in 542 msecs (HTTP/1.1 202) 7 headers in 289 bytes (1 switches on core 0)
2026-05-12 16:19:45.017 7 INFO cinder.api.openstack.wsgi [None req-ff82ad76-1c7f-4d64-83cd-a7653fe0d728 de8a30973055408484ae9c5c08aa6e6e b58ad7a5fa8e499cbd9fe335d08e2e2f - - default default] GET http://cinder-api.openstack.svc.cluster.local:8776/v3/b58ad7a5fa8e499cbd9fe335d08e2e2f/volumes/99dd7ed9-903b-4468-b872-445f25e2469e /var/lib/openstack/lib/python3.12/site-packages/oslo_context/context.py:101: DeprecationWarning: Policy enforcement is depending on the value of is_admin. This key is deprecated. Please update your policy file to use the standard policy values. warnings.warn(
2026-05-12 16:19:45.039 7 INFO cinder.volume.api [None req-ff82ad76-1c7f-4d64-83cd-a7653fe0d728 de8a30973055408484ae9c5c08aa6e6e b58ad7a5fa8e499cbd9fe335d08e2e2f - - default default] Volume info retrieved successfully.
2026-05-12 16:19:45.048 7 INFO cinder.api.openstack.wsgi [None req-ff82ad76-1c7f-4d64-83cd-a7653fe0d728 de8a30973055408484ae9c5c08aa6e6e b58ad7a5fa8e499cbd9fe335d08e2e2f - - default default] http://cinder-api.openstack.svc.cluster.local:8776/v3/b58ad7a5fa8e499cbd9fe335d08e2e2f/volumes/99dd7ed9-903b-4468-b872-445f25e2469e returned with HTTP 200 [pid: 7|app: 0|req: 406/818] 10.0.0.168 () {32 vars in 775 bytes} [Tue May 12 16:19:45 2026] GET /v3/b58ad7a5fa8e499cbd9fe335d08e2e2f/volumes/99dd7ed9-903b-4468-b872-445f25e2469e => generated 1288 bytes in 39 msecs (HTTP/1.1 200) 7 headers in 286 bytes (1 switches on core 0) /var/lib/openstack/lib/python3.12/site-packages/pycadf/identifier.py:70: UserWarning: Invalid uuid: cinderv3. To ensure interoperability, identifiers should be a valid uuid. warnings.warn(('Invalid uuid: %s. To ensure interoperability, '
2026-05-12 16:19:45.070 8 INFO cinder.api.openstack.wsgi [None req-72027338-2431-44a7-b1bf-d2b5ada8337d de8a30973055408484ae9c5c08aa6e6e b58ad7a5fa8e499cbd9fe335d08e2e2f - - default default] POST http://cinder-api.openstack.svc.cluster.local:8776/v3/b58ad7a5fa8e499cbd9fe335d08e2e2f/volumes/99dd7ed9-903b-4468-b872-445f25e2469e/action /var/lib/openstack/lib/python3.12/site-packages/oslo_context/context.py:101: DeprecationWarning: Policy enforcement is depending on the value of is_admin. This key is deprecated. Please update your policy file to use the standard policy values. warnings.warn(
2026-05-12 16:19:45.089 8 INFO cinder.volume.api [None req-72027338-2431-44a7-b1bf-d2b5ada8337d de8a30973055408484ae9c5c08aa6e6e b58ad7a5fa8e499cbd9fe335d08e2e2f - - default default] Volume info retrieved successfully.
2026-05-12 16:19:45.600 8 INFO cinder.volume.api [None req-72027338-2431-44a7-b1bf-d2b5ada8337d de8a30973055408484ae9c5c08aa6e6e b58ad7a5fa8e499cbd9fe335d08e2e2f - - default default] Detach volume completed successfully.
2026-05-12 16:19:45.601 8 INFO cinder.api.openstack.wsgi [None req-72027338-2431-44a7-b1bf-d2b5ada8337d de8a30973055408484ae9c5c08aa6e6e b58ad7a5fa8e499cbd9fe335d08e2e2f - - default default] http://cinder-api.openstack.svc.cluster.local:8776/v3/b58ad7a5fa8e499cbd9fe335d08e2e2f/volumes/99dd7ed9-903b-4468-b872-445f25e2469e/action returned with HTTP 202 [pid: 8|app: 0|req: 413/819] 10.0.0.168 () {34 vars in 810 bytes} [Tue May 12 16:19:45 2026] POST /v3/b58ad7a5fa8e499cbd9fe335d08e2e2f/volumes/99dd7ed9-903b-4468-b872-445f25e2469e/action => generated 0 bytes in 537 msecs (HTTP/1.1 202) 7 headers in 289 bytes (1 switches on core 0) /var/lib/openstack/lib/python3.12/site-packages/pycadf/identifier.py:70: UserWarning: Invalid uuid: cinderv3. To ensure interoperability, identifiers should be a valid uuid. warnings.warn(('Invalid uuid: %s. To ensure interoperability, '
2026-05-12 16:19:45.616 7 INFO cinder.api.openstack.wsgi [None req-ec2771e5-8256-4e2e-9491-537554b2ca53 de8a30973055408484ae9c5c08aa6e6e b58ad7a5fa8e499cbd9fe335d08e2e2f - - default default] GET http://cinder-api.openstack.svc.cluster.local:8776/v3/b58ad7a5fa8e499cbd9fe335d08e2e2f/volumes/99dd7ed9-903b-4468-b872-445f25e2469e /var/lib/openstack/lib/python3.12/site-packages/oslo_context/context.py:101: DeprecationWarning: Policy enforcement is depending on the value of is_admin. This key is deprecated. Please update your policy file to use the standard policy values. warnings.warn(
2026-05-12 16:19:45.645 7 INFO cinder.volume.api [None req-ec2771e5-8256-4e2e-9491-537554b2ca53 de8a30973055408484ae9c5c08aa6e6e b58ad7a5fa8e499cbd9fe335d08e2e2f - - default default] Volume info retrieved successfully.
2026-05-12 16:19:45.649 7 INFO cinder.api.openstack.wsgi [None req-ec2771e5-8256-4e2e-9491-537554b2ca53 de8a30973055408484ae9c5c08aa6e6e b58ad7a5fa8e499cbd9fe335d08e2e2f - - default default] http://cinder-api.openstack.svc.cluster.local:8776/v3/b58ad7a5fa8e499cbd9fe335d08e2e2f/volumes/99dd7ed9-903b-4468-b872-445f25e2469e returned with HTTP 200 [pid: 7|app: 0|req: 407/820] 10.0.0.168 () {32 vars in 775 bytes} [Tue May 12 16:19:45 2026] GET /v3/b58ad7a5fa8e499cbd9fe335d08e2e2f/volumes/99dd7ed9-903b-4468-b872-445f25e2469e => generated 973 bytes in 39 msecs (HTTP/1.1 200) 7 headers in 285 bytes (1 switches on core 0)
2026-05-12 16:19:49.723 8 INFO cinder.api.openstack.wsgi [None req-72027338-2431-44a7-b1bf-d2b5ada8337d de8a30973055408484ae9c5c08aa6e6e b58ad7a5fa8e499cbd9fe335d08e2e2f - - default default] GET http://10.0.0.173:8776/
2026-05-12 16:19:49.724 7 INFO cinder.api.openstack.wsgi [None req-ec2771e5-8256-4e2e-9491-537554b2ca53 de8a30973055408484ae9c5c08aa6e6e b58ad7a5fa8e499cbd9fe335d08e2e2f - - default default] GET http://10.0.0.173:8776/
2026-05-12 16:19:49.724 8 INFO cinder.api.openstack.wsgi [None req-72027338-2431-44a7-b1bf-d2b5ada8337d de8a30973055408484ae9c5c08aa6e6e b58ad7a5fa8e499cbd9fe335d08e2e2f - - default default] http://10.0.0.173:8776/ returned with HTTP 300
2026-05-12 16:19:49.725 7 INFO cinder.api.openstack.wsgi [None req-ec2771e5-8256-4e2e-9491-537554b2ca53 de8a30973055408484ae9c5c08aa6e6e b58ad7a5fa8e499cbd9fe335d08e2e2f - - default default] http://10.0.0.173:8776/ returned with HTTP 300 /var/lib/openstack/lib/python3.12/site-packages/pycadf/identifier.py:70: UserWarning: Invalid uuid: cinderv3. To ensure interoperability, identifiers should be a valid uuid. warnings.warn(('Invalid uuid: %s. To ensure interoperability, '
2026-05-12 16:19:52.614 8 INFO cinder.api.openstack.wsgi [None req-1ae26018-83c9-4955-bebc-e26839691210 de8a30973055408484ae9c5c08aa6e6e b58ad7a5fa8e499cbd9fe335d08e2e2f - - default default] GET http://cinder-api.openstack.svc.cluster.local:8776/v3/b58ad7a5fa8e499cbd9fe335d08e2e2f/volumes/99dd7ed9-903b-4468-b872-445f25e2469e /var/lib/openstack/lib/python3.12/site-packages/oslo_context/context.py:101: DeprecationWarning: Policy enforcement is depending on the value of is_admin. This key is deprecated. Please update your policy file to use the standard policy values. warnings.warn(
2026-05-12 16:19:52.628 8 INFO cinder.volume.api [None req-1ae26018-83c9-4955-bebc-e26839691210 de8a30973055408484ae9c5c08aa6e6e b58ad7a5fa8e499cbd9fe335d08e2e2f - - default default] Volume info retrieved successfully.
2026-05-12 16:19:52.635 8 INFO cinder.api.openstack.wsgi [None req-1ae26018-83c9-4955-bebc-e26839691210 de8a30973055408484ae9c5c08aa6e6e b58ad7a5fa8e499cbd9fe335d08e2e2f - - default default] http://cinder-api.openstack.svc.cluster.local:8776/v3/b58ad7a5fa8e499cbd9fe335d08e2e2f/volumes/99dd7ed9-903b-4468-b872-445f25e2469e returned with HTTP 200 [pid: 8|app: 0|req: 415/823] 10.0.0.168 () {32 vars in 775 bytes} [Tue May 12 16:19:52 2026] GET /v3/b58ad7a5fa8e499cbd9fe335d08e2e2f/volumes/99dd7ed9-903b-4468-b872-445f25e2469e => generated 973 bytes in 28 msecs (HTTP/1.1 200) 7 headers in 285 bytes (1 switches on core 0) /var/lib/openstack/lib/python3.12/site-packages/pycadf/identifier.py:70: UserWarning: Invalid uuid: cinderv3. To ensure interoperability, identifiers should be a valid uuid. warnings.warn(('Invalid uuid: %s. To ensure interoperability, '
2026-05-12 16:19:52.652 7 INFO cinder.api.openstack.wsgi [None req-93387382-3394-4776-84f1-326ed5d351a7 de8a30973055408484ae9c5c08aa6e6e b58ad7a5fa8e499cbd9fe335d08e2e2f - - default default] DELETE http://cinder-api.openstack.svc.cluster.local:8776/v3/b58ad7a5fa8e499cbd9fe335d08e2e2f/volumes/99dd7ed9-903b-4468-b872-445f25e2469e
2026-05-12 16:19:52.653 7 INFO cinder.api.v3.volumes [None req-93387382-3394-4776-84f1-326ed5d351a7 de8a30973055408484ae9c5c08aa6e6e b58ad7a5fa8e499cbd9fe335d08e2e2f - - default default] Delete volume with id: 99dd7ed9-903b-4468-b872-445f25e2469e /var/lib/openstack/lib/python3.12/site-packages/oslo_context/context.py:101: DeprecationWarning: Policy enforcement is depending on the value of is_admin. This key is deprecated. Please update your policy file to use the standard policy values. warnings.warn(
2026-05-12 16:19:52.665 7 INFO cinder.volume.api [None req-93387382-3394-4776-84f1-326ed5d351a7 de8a30973055408484ae9c5c08aa6e6e b58ad7a5fa8e499cbd9fe335d08e2e2f - - default default] Volume info retrieved successfully.
2026-05-12 16:19:52.685 7 INFO cinder.volume.api [None req-93387382-3394-4776-84f1-326ed5d351a7 de8a30973055408484ae9c5c08aa6e6e b58ad7a5fa8e499cbd9fe335d08e2e2f - - default default] Delete volume request issued successfully.
2026-05-12 16:19:52.686 7 INFO cinder.api.openstack.wsgi [None req-93387382-3394-4776-84f1-326ed5d351a7 de8a30973055408484ae9c5c08aa6e6e b58ad7a5fa8e499cbd9fe335d08e2e2f - - default default] http://cinder-api.openstack.svc.cluster.local:8776/v3/b58ad7a5fa8e499cbd9fe335d08e2e2f/volumes/99dd7ed9-903b-4468-b872-445f25e2469e returned with HTTP 202 [pid: 7|app: 0|req: 409/824] 10.0.0.168 () {32 vars in 778 bytes} [Tue May 12 16:19:52 2026] DELETE /v3/b58ad7a5fa8e499cbd9fe335d08e2e2f/volumes/99dd7ed9-903b-4468-b872-445f25e2469e => generated 0 bytes in 40 msecs (HTTP/1.1 202) 6 headers in 233 bytes (1 switches on core 0) /var/lib/openstack/lib/python3.12/site-packages/pycadf/identifier.py:70: UserWarning: Invalid uuid: cinderv3. To ensure interoperability, identifiers should be a valid uuid. warnings.warn(('Invalid uuid: %s. To ensure interoperability, '
2026-05-12 16:19:52.698 8 INFO cinder.api.openstack.wsgi [None req-3c6515fd-6006-4c49-b743-a980d274ccfa de8a30973055408484ae9c5c08aa6e6e b58ad7a5fa8e499cbd9fe335d08e2e2f - - default default] GET http://cinder-api.openstack.svc.cluster.local:8776/v3/b58ad7a5fa8e499cbd9fe335d08e2e2f/volumes/99dd7ed9-903b-4468-b872-445f25e2469e /var/lib/openstack/lib/python3.12/site-packages/oslo_context/context.py:101: DeprecationWarning: Policy enforcement is depending on the value of is_admin. This key is deprecated. Please update your policy file to use the standard policy values. warnings.warn(
2026-05-12 16:19:52.709 8 INFO cinder.volume.api [None req-3c6515fd-6006-4c49-b743-a980d274ccfa de8a30973055408484ae9c5c08aa6e6e b58ad7a5fa8e499cbd9fe335d08e2e2f - - default default] Volume info retrieved successfully.
2026-05-12 16:19:52.715 8 INFO cinder.api.openstack.wsgi [None req-3c6515fd-6006-4c49-b743-a980d274ccfa de8a30973055408484ae9c5c08aa6e6e b58ad7a5fa8e499cbd9fe335d08e2e2f - - default default] http://cinder-api.openstack.svc.cluster.local:8776/v3/b58ad7a5fa8e499cbd9fe335d08e2e2f/volumes/99dd7ed9-903b-4468-b872-445f25e2469e returned with HTTP 200 [pid: 8|app: 0|req: 416/825] 10.0.0.168 () {32 vars in 775 bytes} [Tue May 12 16:19:52 2026] GET /v3/b58ad7a5fa8e499cbd9fe335d08e2e2f/volumes/99dd7ed9-903b-4468-b872-445f25e2469e => generated 972 bytes in 24 msecs (HTTP/1.1 200) 7 headers in 285 bytes (1 switches on core 0) /var/lib/openstack/lib/python3.12/site-packages/pycadf/identifier.py:70: UserWarning: Invalid uuid: cinderv3. To ensure interoperability, identifiers should be a valid uuid. warnings.warn(('Invalid uuid: %s. To ensure interoperability, '
2026-05-12 16:19:53.735 7 INFO cinder.api.openstack.wsgi [None req-2997620f-178d-4d3b-ba9e-f2e5ddb649c4 de8a30973055408484ae9c5c08aa6e6e b58ad7a5fa8e499cbd9fe335d08e2e2f - - default default] GET http://cinder-api.openstack.svc.cluster.local:8776/v3/b58ad7a5fa8e499cbd9fe335d08e2e2f/volumes/99dd7ed9-903b-4468-b872-445f25e2469e
2026-05-12 16:19:53.743 7 INFO cinder.api.openstack.wsgi [None req-2997620f-178d-4d3b-ba9e-f2e5ddb649c4 de8a30973055408484ae9c5c08aa6e6e b58ad7a5fa8e499cbd9fe335d08e2e2f - - default default] http://cinder-api.openstack.svc.cluster.local:8776/v3/b58ad7a5fa8e499cbd9fe335d08e2e2f/volumes/99dd7ed9-903b-4468-b872-445f25e2469e returned with HTTP 404 [pid: 7|app: 0|req: 410/826] 10.0.0.168 () {32 vars in 775 bytes} [Tue May 12 16:19:53 2026] GET /v3/b58ad7a5fa8e499cbd9fe335d08e2e2f/volumes/99dd7ed9-903b-4468-b872-445f25e2469e => generated 109 bytes in 18 msecs (HTTP/1.1 404) 7 headers in 292 bytes (1 switches on core 0)
2026-05-12 16:19:59.724 7 INFO cinder.api.openstack.wsgi [None req-2997620f-178d-4d3b-ba9e-f2e5ddb649c4 de8a30973055408484ae9c5c08aa6e6e b58ad7a5fa8e499cbd9fe335d08e2e2f - - default default] GET http://10.0.0.173:8776/
2026-05-12 16:19:59.724 8 INFO cinder.api.openstack.wsgi [None req-3c6515fd-6006-4c49-b743-a980d274ccfa de8a30973055408484ae9c5c08aa6e6e b58ad7a5fa8e499cbd9fe335d08e2e2f - - default default] GET http://10.0.0.173:8776/
