Jul 28 00:10:55.271695 np0000187140 devstack@n-api.service[99129]: DEBUG dbcounter [-] [99129] Writing DB stats nova_cell0:SELECT=1 {{(pid=99129) stat_writer /opt/stack/data/venv/lib/python3.12/site-packages/dbcounter.py:115}}
Jul 28 00:10:55.277151 np0000187140 devstack@n-api.service[99129]: DEBUG dbcounter [-] [99129] Writing DB stats nova_cell1:SELECT=1 {{(pid=99129) stat_writer /opt/stack/data/venv/lib/python3.12/site-packages/dbcounter.py:115}}
Jul 28 00:10:55.319940 np0000187140 devstack@n-api.service[99129]: DEBUG dbcounter [-] [99129] Writing DB stats nova_api:SELECT=2 {{(pid=99129) stat_writer /opt/stack/data/venv/lib/python3.12/site-packages/dbcounter.py:115}}
Jul 28 00:11:19.580368 np0000187140 devstack@n-api.service[99128]: DEBUG nova.api.openstack.wsgi [None req-7088bb9f-edc2-4ad8-b8bf-16961144763a admin admin] Calling method '>' {{(pid=99128) _process_stack /opt/stack/nova/nova/api/openstack/wsgi.py:551}}
Jul 28 00:11:19.586388 np0000187140 devstack@n-api.service[99128]: INFO nova.api.openstack.requestlog [None req-7088bb9f-edc2-4ad8-b8bf-16961144763a admin admin] 199.204.45.222 "GET /compute/v2.1" status: 200 len: 393 microversion: 2.1 time: 0.006429
Jul 28 00:11:19.586870 np0000187140 devstack@n-api.service[99128]: [pid: 99128|app: 0|req: 15/61] 199.204.45.222 () {62 vars in 1063 bytes} [Tue Jul 28 00:11:19 2026] GET /compute/v2.1 => generated 393 bytes in 7 msecs (HTTP/1.1 200) 9 headers in 357 bytes (1 switches on core 0)
Jul 28 00:11:19.618819 np0000187140 devstack@n-api.service[99130]: DEBUG nova.api.openstack.wsgi [None req-835a4434-21d7-4639-8245-edc1e969691d admin admin] Calling method '>' {{(pid=99130) _process_stack /opt/stack/nova/nova/api/openstack/wsgi.py:551}}
Jul 28 00:11:19.624430 np0000187140 devstack@n-api.service[99130]: INFO nova.api.openstack.requestlog [None req-835a4434-21d7-4639-8245-edc1e969691d admin admin] 199.204.45.222 "GET /compute/v2.1/" status: 200 len: 393 microversion: 2.1 time: 0.005886
Jul 28 00:11:19.624813 np0000187140 devstack@n-api.service[99130]: [pid: 99130|app: 0|req: 17/62] 199.204.45.222 () {62 vars in 1066 bytes} [Tue Jul 28 00:11:19 2026] GET /compute/v2.1/ => generated 393 bytes in 7 msecs (HTTP/1.1 200) 9 headers in 357 bytes (1 switches on core 0)
Jul 28 00:11:19.663527 np0000187140 devstack@n-api.service[99127]: DEBUG nova.api.openstack.wsgi [None req-30926ae1-d75b-447e-9963-91831cf0d499 demo demo] Calling method '>' {{(pid=99127) _process_stack /opt/stack/nova/nova/api/openstack/wsgi.py:551}}
Jul 28 00:11:19.697485 np0000187140 devstack@n-api.service[99127]: INFO nova.api.openstack.requestlog [None req-30926ae1-d75b-447e-9963-91831cf0d499 demo demo] 199.204.45.222 "GET /compute/v2.1/flavors/detail?is_public=None" status: 200 len: 5262 microversion: 2.61 time: 0.037904
Jul 28 00:11:19.697868 np0000187140 devstack@n-api.service[99127]: [pid: 99127|app: 0|req: 16/63] 199.204.45.222 () {68 vars in 1424 bytes} [Tue Jul 28 00:11:19 2026] GET /compute/v2.1/flavors/detail?is_public=None => generated 5262 bytes in 39 msecs (HTTP/1.1 200) 9 headers in 360 bytes (1 switches on core 0)
Jul 28 00:11:19.750070 np0000187140 devstack@n-api.service[99129]: DEBUG nova.api.openstack.wsgi [None req-9249918b-b4e1-4059-a512-91d9349df253 demo demo] Calling method '>' {{(pid=99129) _process_stack /opt/stack/nova/nova/api/openstack/wsgi.py:551}}
Jul 28 00:11:19.781161 np0000187140 devstack@n-api.service[99129]: INFO nova.api.openstack.requestlog [None req-9249918b-b4e1-4059-a512-91d9349df253 demo demo] 199.204.45.222 "GET /compute/v2.1/flavors/detail?is_public=None" status: 200 len: 5262 microversion: 2.61 time: 0.034623
Jul 28 00:11:19.781533 np0000187140 devstack@n-api.service[99129]: [pid: 99129|app: 0|req: 16/64] 199.204.45.222 () {68 vars in 1424 bytes} [Tue Jul 28 00:11:19 2026] GET /compute/v2.1/flavors/detail?is_public=None => generated 5262 bytes in 36 msecs (HTTP/1.1 200) 9 headers in 360 bytes (1 switches on core 0)
Jul 28 00:11:20.048019 np0000187140 devstack@n-api.service[99128]: DEBUG nova.api.openstack.wsgi [None req-7088bb9f-edc2-4ad8-b8bf-16961144763a admin admin] Calling method '>' {{(pid=99128) _process_stack /opt/stack/nova/nova/api/openstack/wsgi.py:551}}
Jul 28 00:11:20.053180 np0000187140 devstack@n-api.service[99128]: INFO nova.api.openstack.requestlog [None req-7088bb9f-edc2-4ad8-b8bf-16961144763a admin admin] 199.204.45.222 "GET /compute/v2.1" status: 200 len: 393 microversion: 2.1 time: 0.005807
Jul 28 00:11:20.053449 np0000187140 devstack@n-api.service[99128]: [pid: 99128|app: 0|req: 16/65] 199.204.45.222 () {62 vars in 1063 bytes} [Tue Jul 28 00:11:20 2026] GET /compute/v2.1 => generated 393 bytes in 6 msecs (HTTP/1.1 200) 9 headers in 357 bytes (1 switches on core 0)
Jul 28 00:11:20.092071 np0000187140 devstack@n-api.service[99130]: DEBUG nova.api.openstack.wsgi [None req-835a4434-21d7-4639-8245-edc1e969691d admin admin] Calling method '>' {{(pid=99130) _process_stack /opt/stack/nova/nova/api/openstack/wsgi.py:551}}
Jul 28 00:11:20.097764 np0000187140 devstack@n-api.service[99130]: INFO nova.api.openstack.requestlog [None req-835a4434-21d7-4639-8245-edc1e969691d admin admin] 199.204.45.222 "GET /compute/v2.1/" status: 200 len: 393 microversion: 2.1 time: 0.005754
Jul 28 00:11:20.098133 np0000187140 devstack@n-api.service[99130]: [pid: 99130|app: 0|req: 18/66] 199.204.45.222 () {62 vars in 1066 bytes} [Tue Jul 28 00:11:20 2026] GET /compute/v2.1/ => generated 393 bytes in 7 msecs (HTTP/1.1 200) 9 headers in 357 bytes (1 switches on core 0)
Jul 28 00:11:20.135680 np0000187140 devstack@n-api.service[99127]: DEBUG nova.api.openstack.wsgi [None req-245f89f8-5d79-4d9e-bd37-f60392416ebc demo demo] Calling method '>' {{(pid=99127) _process_stack /opt/stack/nova/nova/api/openstack/wsgi.py:551}}
Jul 28 00:11:20.153455 np0000187140 devstack@n-api.service[99127]: INFO nova.api.openstack.requestlog [None req-245f89f8-5d79-4d9e-bd37-f60392416ebc demo demo] 199.204.45.222 "GET /compute/v2.1/flavors/detail?is_public=None" status: 200 len: 5262 microversion: 2.61 time: 0.020074
Jul 28 00:11:20.153658 np0000187140 devstack@n-api.service[99127]: [pid: 99127|app: 0|req: 17/67] 199.204.45.222 () {68 vars in 1424 bytes} [Tue Jul 28 00:11:20 2026] GET /compute/v2.1/flavors/detail?is_public=None => generated 5262 bytes in 21 msecs (HTTP/1.1 200) 9 headers in 360 bytes (1 switches on core 0)
Jul 28 00:11:20.209383 np0000187140 devstack@n-api.service[99129]: DEBUG nova.api.openstack.wsgi [None req-4ee43192-ae90-4216-ba42-66af43bf6533 demo demo] Calling method '>' {{(pid=99129) _process_stack /opt/stack/nova/nova/api/openstack/wsgi.py:551}}
Jul 28 00:11:20.231314 np0000187140 devstack@n-api.service[99129]: INFO nova.api.openstack.requestlog [None req-4ee43192-ae90-4216-ba42-66af43bf6533 demo demo] 199.204.45.222 "GET /compute/v2.1/flavors/detail?is_public=None" status: 200 len: 5262 microversion: 2.61 time: 0.025213
Jul 28 00:11:20.231647 np0000187140 devstack@n-api.service[99129]: [pid: 99129|app: 0|req: 17/68] 199.204.45.222 () {68 vars in 1424 bytes} [Tue Jul 28 00:11:20 2026] GET /compute/v2.1/flavors/detail?is_public=None => generated 5262 bytes in 26 msecs (HTTP/1.1 200) 9 headers in 360 bytes (1 switches on core 0)
Jul 28 00:11:24.328663 np0000187140 devstack@n-api.service[99128]: DEBUG nova.api.openstack.wsgi [None req-7088bb9f-edc2-4ad8-b8bf-16961144763a admin admin] Calling method '>' {{(pid=99128) _process_stack /opt/stack/nova/nova/api/openstack/wsgi.py:551}}
Jul 28 00:11:24.335047 np0000187140 devstack@n-api.service[99128]: INFO nova.api.openstack.requestlog [None req-7088bb9f-edc2-4ad8-b8bf-16961144763a admin admin] 199.204.45.222 "GET /compute/v2.1" status: 200 len: 393 microversion: 2.1 time: 0.007063
Jul 28 00:11:24.335405 np0000187140 devstack@n-api.service[99128]: [pid: 99128|app: 0|req: 17/69] 199.204.45.222 () {62 vars in 1063 bytes} [Tue Jul 28 00:11:24 2026] GET /compute/v2.1 => generated 393 bytes in 8 msecs (HTTP/1.1 200) 9 headers in 357 bytes (1 switches on core 0)
Jul 28 00:11:24.374535 np0000187140 devstack@n-api.service[99130]: DEBUG nova.api.openstack.wsgi [None req-835a4434-21d7-4639-8245-edc1e969691d admin admin] Calling method '>' {{(pid=99130) _process_stack /opt/stack/nova/nova/api/openstack/wsgi.py:551}}
Jul 28 00:11:24.381043 np0000187140 devstack@n-api.service[99130]: INFO nova.api.openstack.requestlog [None req-835a4434-21d7-4639-8245-edc1e969691d admin admin] 199.204.45.222 "GET /compute/v2.1/" status: 200 len: 393 microversion: 2.1 time: 0.007054
Jul 28 00:11:24.381301 np0000187140 devstack@n-api.service[99130]: [pid: 99130|app: 0|req: 19/70] 199.204.45.222 () {62 vars in 1066 bytes} [Tue Jul 28 00:11:24 2026] GET /compute/v2.1/ => generated 393 bytes in 8 msecs (HTTP/1.1 200) 9 headers in 357 bytes (1 switches on core 0)
Jul 28 00:11:24.441026 np0000187140 devstack@n-api.service[99127]: DEBUG nova.api.openstack.wsgi [None req-7a3681d5-0cc8-4fe7-b71b-a7385a364f9d demo demo] Calling method '>' {{(pid=99127) _process_stack /opt/stack/nova/nova/api/openstack/wsgi.py:551}}
Jul 28 00:11:24.463010 np0000187140 devstack@n-api.service[99127]: INFO nova.api.openstack.requestlog [None req-7a3681d5-0cc8-4fe7-b71b-a7385a364f9d demo demo] 199.204.45.222 "GET /compute/v2.1/flavors/detail?is_public=None" status: 200 len: 5262 microversion: 2.61 time: 0.027339
Jul 28 00:11:24.463322 np0000187140 devstack@n-api.service[99127]: [pid: 99127|app: 0|req: 18/71] 199.204.45.222 () {68 vars in 1424 bytes} [Tue Jul 28 00:11:24 2026] GET /compute/v2.1/flavors/detail?is_public=None => generated 5262 bytes in 28 msecs (HTTP/1.1 200) 9 headers in 360 bytes (1 switches on core 0)
Jul 28 00:11:24.522632 np0000187140 devstack@n-api.service[99129]: DEBUG nova.api.openstack.wsgi [None req-c6aa3702-1099-41cc-8407-c6e451eb1a0b demo demo] Calling method '>' {{(pid=99129) _process_stack /opt/stack/nova/nova/api/openstack/wsgi.py:551}}
Jul 28 00:11:24.542413 np0000187140 devstack@n-api.service[99129]: INFO nova.api.openstack.requestlog [None req-c6aa3702-1099-41cc-8407-c6e451eb1a0b demo demo] 199.204.45.222 "GET /compute/v2.1/flavors/detail?is_public=None" status: 200 len: 5262 microversion: 2.61 time: 0.023256
Jul 28 00:11:24.542680 np0000187140 devstack@n-api.service[99129]: [pid: 99129|app: 0|req: 18/72] 199.204.45.222 () {68 vars in 1424 bytes} [Tue Jul 28 00:11:24 2026] GET /compute/v2.1/flavors/detail?is_public=None => generated 5262 bytes in 24 msecs (HTTP/1.1 200) 9 headers in 360 bytes (1 switches on core 0)
Jul 28 00:11:24.690700 np0000187140 devstack@n-api.service[99128]: DEBUG nova.api.openstack.wsgi [None req-7088bb9f-edc2-4ad8-b8bf-16961144763a admin admin] Calling method '>' {{(pid=99128) _process_stack /opt/stack/nova/nova/api/openstack/wsgi.py:551}}
Jul 28 00:11:24.694658 np0000187140 devstack@n-api.service[99128]: INFO nova.api.openstack.requestlog [None req-7088bb9f-edc2-4ad8-b8bf-16961144763a admin admin] 199.204.45.222 "GET /compute/v2.1" status: 200 len: 393 microversion: 2.1 time: 0.004453
Jul 28 00:11:24.694915 np0000187140 devstack@n-api.service[99128]: [pid: 99128|app: 0|req: 18/73] 199.204.45.222 () {62 vars in 1063 bytes} [Tue Jul 28 00:11:24 2026] GET /compute/v2.1 => generated 393 bytes in 5 msecs (HTTP/1.1 200) 9 headers in 357 bytes (1 switches on core 0)
Jul 28 00:11:24.732631 np0000187140 devstack@n-api.service[99130]: DEBUG nova.api.openstack.wsgi [None req-835a4434-21d7-4639-8245-edc1e969691d admin admin] Calling method '>' {{(pid=99130) _process_stack /opt/stack/nova/nova/api/openstack/wsgi.py:551}}
Jul 28 00:11:24.737695 np0000187140 devstack@n-api.service[99130]: INFO nova.api.openstack.requestlog [None req-835a4434-21d7-4639-8245-edc1e969691d admin admin] 199.204.45.222 "GET /compute/v2.1/" status: 200 len: 393 microversion: 2.1 time: 0.005691
Jul 28 00:11:24.737955 np0000187140 devstack@n-api.service[99130]: [pid: 99130|app: 0|req: 20/74] 199.204.45.222 () {62 vars in 1066 bytes} [Tue Jul 28 00:11:24 2026] GET /compute/v2.1/ => generated 393 bytes in 6 msecs (HTTP/1.1 200) 9 headers in 357 bytes (1 switches on core 0)
Jul 28 00:11:24.777451 np0000187140 devstack@n-api.service[99127]: DEBUG nova.api.openstack.wsgi [None req-b627277f-b0be-4cbb-afab-361272637552 demo demo] Calling method '>' {{(pid=99127) _process_stack /opt/stack/nova/nova/api/openstack/wsgi.py:551}}
Jul 28 00:11:24.797402 np0000187140 devstack@n-api.service[99127]: INFO nova.api.openstack.requestlog [None req-b627277f-b0be-4cbb-afab-361272637552 demo demo] 199.204.45.222 "GET /compute/v2.1/flavors/detail?is_public=None" status: 200 len: 5262 microversion: 2.61 time: 0.023443
Jul 28 00:11:24.797634 np0000187140 devstack@n-api.service[99127]: [pid: 99127|app: 0|req: 19/75] 199.204.45.222 () {68 vars in 1424 bytes} [Tue Jul 28 00:11:24 2026] GET /compute/v2.1/flavors/detail?is_public=None => generated 5262 bytes in 24 msecs (HTTP/1.1 200) 9 headers in 360 bytes (1 switches on core 0)
Jul 28 00:11:24.850946 np0000187140 devstack@n-api.service[99129]: DEBUG nova.api.openstack.wsgi [None req-65065ca3-194d-4396-9401-5a51bf007fb4 demo demo] Calling method '>' {{(pid=99129) _process_stack /opt/stack/nova/nova/api/openstack/wsgi.py:551}}
Jul 28 00:11:24.874017 np0000187140 devstack@n-api.service[99129]: INFO nova.api.openstack.requestlog [None req-65065ca3-194d-4396-9401-5a51bf007fb4 demo demo] 199.204.45.222 "GET /compute/v2.1/flavors/detail?is_public=None" status: 200 len: 5262 microversion: 2.61 time: 0.027102
Jul 28 00:11:24.874370 np0000187140 devstack@n-api.service[99129]: [pid: 99129|app: 0|req: 19/76] 199.204.45.222 () {68 vars in 1424 bytes} [Tue Jul 28 00:11:24 2026] GET /compute/v2.1/flavors/detail?is_public=None => generated 5262 bytes in 28 msecs (HTTP/1.1 200) 9 headers in 360 bytes (1 switches on core 0)
Jul 28 00:11:28.736328 np0000187140 devstack@n-api.service[99128]: DEBUG nova.api.openstack.wsgi [None req-7088bb9f-edc2-4ad8-b8bf-16961144763a admin admin] Calling method '>' {{(pid=99128) _process_stack /opt/stack/nova/nova/api/openstack/wsgi.py:551}}
Jul 28 00:11:28.742104 np0000187140 devstack@n-api.service[99128]: INFO nova.api.openstack.requestlog [None req-7088bb9f-edc2-4ad8-b8bf-16961144763a admin admin] 199.204.45.222 "GET /compute/v2.1" status: 200 len: 393 microversion: 2.1 time: 0.006170
Jul 28 00:11:28.742438 np0000187140 devstack@n-api.service[99128]: [pid: 99128|app: 0|req: 19/77] 199.204.45.222 () {62 vars in 1074 bytes} [Tue Jul 28 00:11:28 2026] GET /compute/v2.1 => generated 393 bytes in 7 msecs (HTTP/1.1 200) 9 headers in 357 bytes (1 switches on core 0)
Jul 28 00:11:28.784801 np0000187140 devstack@n-api.service[99130]: DEBUG nova.api.openstack.wsgi [None req-835a4434-21d7-4639-8245-edc1e969691d admin admin] Calling method '>' {{(pid=99130) _process_stack /opt/stack/nova/nova/api/openstack/wsgi.py:551}}
Jul 28 00:11:28.791178 np0000187140 devstack@n-api.service[99130]: INFO nova.api.openstack.requestlog [None req-835a4434-21d7-4639-8245-edc1e969691d admin admin] 199.204.45.222 "GET /compute/v2.1/" status: 200 len: 393 microversion: 2.1 time: 0.006696
Jul 28 00:11:28.791460 np0000187140 devstack@n-api.service[99130]: [pid: 99130|app: 0|req: 21/78] 199.204.45.222 () {62 vars in 1077 bytes} [Tue Jul 28 00:11:28 2026] GET /compute/v2.1/ => generated 393 bytes in 7 msecs (HTTP/1.1 200) 9 headers in 357 bytes (1 switches on core 0)
Jul 28 00:11:28.829739 np0000187140 devstack@n-api.service[99127]: DEBUG nova.api.openstack.wsgi [None req-2ba0854a-e16f-463c-a7bf-bdf020c140ec demo demo] Calling method '>' {{(pid=99127) _process_stack /opt/stack/nova/nova/api/openstack/wsgi.py:551}}
Jul 28 00:11:28.858547 np0000187140 devstack@n-api.service[99127]: INFO nova.api.openstack.requestlog [None req-2ba0854a-e16f-463c-a7bf-bdf020c140ec demo demo] 199.204.45.222 "GET /compute/v2.1/os-server-groups" status: 200 len: 21 microversion: 2.64 time: 0.030582
Jul 28 00:11:28.858547 np0000187140 devstack@n-api.service[99127]: [pid: 99127|app: 0|req: 20/79] 199.204.45.222 () {68 vars in 1412 bytes} [Tue Jul 28 00:11:28 2026] GET /compute/v2.1/os-server-groups => generated 21 bytes in 31 msecs (HTTP/1.1 200) 9 headers in 358 bytes (1 switches on core 0)
Jul 28 00:11:28.897561 np0000187140 devstack@n-api.service[99129]: DEBUG nova.api.openstack.wsgi [None req-65065ca3-194d-4396-9401-5a51bf007fb4 demo demo] Calling method '>' {{(pid=99129) _process_stack /opt/stack/nova/nova/api/openstack/wsgi.py:551}}
Jul 28 00:11:28.902445 np0000187140 devstack@n-api.service[99129]: INFO nova.api.openstack.requestlog [None req-65065ca3-194d-4396-9401-5a51bf007fb4 demo demo] 199.204.45.222 "GET /compute/v2.1" status: 200 len: 393 microversion: 2.1 time: 0.005204
Jul 28 00:11:28.902685 np0000187140 devstack@n-api.service[99129]: [pid: 99129|app: 0|req: 20/80] 199.204.45.222 () {62 vars in 1074 bytes} [Tue Jul 28 00:11:28 2026] GET /compute/v2.1 => generated 393 bytes in 6 msecs (HTTP/1.1 200) 9 headers in 357 bytes (1 switches on core 0)
Jul 28 00:11:28.940077 np0000187140 devstack@n-api.service[99128]: DEBUG nova.api.openstack.wsgi [None req-7088bb9f-edc2-4ad8-b8bf-16961144763a admin admin] Calling method '>' {{(pid=99128) _process_stack /opt/stack/nova/nova/api/openstack/wsgi.py:551}}
Jul 28 00:11:28.944765 np0000187140 devstack@n-api.service[99128]: INFO nova.api.openstack.requestlog [None req-7088bb9f-edc2-4ad8-b8bf-16961144763a admin admin] 199.204.45.222 "GET /compute/v2.1/" status: 200 len: 393 microversion: 2.1 time: 0.004993
Jul 28 00:11:28.945033 np0000187140 devstack@n-api.service[99128]: [pid: 99128|app: 0|req: 20/81] 199.204.45.222 () {62 vars in 1077 bytes} [Tue Jul 28 00:11:28 2026] GET /compute/v2.1/ => generated 393 bytes in 5 msecs (HTTP/1.1 200) 9 headers in 357 bytes (1 switches on core 0)
Jul 28 00:11:28.985707 np0000187140 devstack@n-api.service[99130]: DEBUG nova.api.openstack.wsgi [None req-40b64750-93ee-4801-97ec-f820e282fa4f demo demo] Action: 'create', calling method: >, body: {"server_group": {"name": "kube-91vv8", "policy": "soft-anti-affinity"}} {{(pid=99130) _process_stack /opt/stack/nova/nova/api/openstack/wsgi.py:549}}
Jul 28 00:11:29.009425 np0000187140 devstack@n-api.service[99130]: DEBUG nova.quota [None req-40b64750-93ee-4801-97ec-f820e282fa4f demo demo] Getting quotas for project c22dfb60cb9b403a8f94f3bf6dce982f. Resources: {'server_groups'} {{(pid=99130) _get_quotas /opt/stack/nova/nova/quota.py:389}}
Jul 28 00:11:29.012726 np0000187140 devstack@n-api.service[99130]: DEBUG nova.quota [None req-40b64750-93ee-4801-97ec-f820e282fa4f demo demo] Getting quotas for user 90f9b4a028fe4b67b5858554043cefae and project c22dfb60cb9b403a8f94f3bf6dce982f. Resources: {'server_groups'} {{(pid=99130) _get_quotas /opt/stack/nova/nova/quota.py:379}}
Jul 28 00:11:29.067428 np0000187140 devstack@n-api.service[99130]: DEBUG nova.quota [None req-40b64750-93ee-4801-97ec-f820e282fa4f demo demo] Getting quotas for project c22dfb60cb9b403a8f94f3bf6dce982f. Resources: {'server_groups'} {{(pid=99130) _get_quotas /opt/stack/nova/nova/quota.py:389}}
Jul 28 00:11:29.069313 np0000187140 devstack@n-api.service[99130]: DEBUG nova.quota [None req-40b64750-93ee-4801-97ec-f820e282fa4f demo demo] Getting quotas for user 90f9b4a028fe4b67b5858554043cefae and project c22dfb60cb9b403a8f94f3bf6dce982f. Resources: {'server_groups'} {{(pid=99130) _get_quotas /opt/stack/nova/nova/quota.py:379}}
Jul 28 00:11:29.077413 np0000187140 devstack@n-api.service[99130]: INFO nova.api.openstack.requestlog [None req-40b64750-93ee-4801-97ec-f820e282fa4f demo demo] 199.204.45.222 "POST /compute/v2.1/os-server-groups" status: 200 len: 243 microversion: 2.64 time: 0.095775
Jul 28 00:11:29.077685 np0000187140 devstack@n-api.service[99130]: [pid: 99130|app: 0|req: 22/82] 199.204.45.222 () {72 vars in 1452 bytes} [Tue Jul 28 00:11:28 2026] POST /compute/v2.1/os-server-groups => generated 243 bytes in 96 msecs (HTTP/1.1 200) 9 headers in 359 bytes (1 switches on core 0)
Jul 28 00:11:29.125726 np0000187140 devstack@n-api.service[99127]: DEBUG nova.api.openstack.wsgi [None req-2ba0854a-e16f-463c-a7bf-bdf020c140ec demo demo] Calling method '>' {{(pid=99127) _process_stack /opt/stack/nova/nova/api/openstack/wsgi.py:551}}
Jul 28 00:11:29.132138 np0000187140 devstack@n-api.service[99127]: INFO nova.api.openstack.requestlog [None req-2ba0854a-e16f-463c-a7bf-bdf020c140ec demo demo] 199.204.45.222 "GET /compute/v2.1" status: 200 len: 393 microversion: 2.1 time: 0.006779
Jul 28 00:11:29.132512 np0000187140 devstack@n-api.service[99127]: [pid: 99127|app: 0|req: 21/83] 199.204.45.222 () {62 vars in 1074 bytes} [Tue Jul 28 00:11:29 2026] GET /compute/v2.1 => generated 393 bytes in 8 msecs (HTTP/1.1 200) 9 headers in 357 bytes (1 switches on core 0)
Jul 28 00:11:29.169144 np0000187140 devstack@n-api.service[99129]: DEBUG nova.api.openstack.wsgi [None req-65065ca3-194d-4396-9401-5a51bf007fb4 demo demo] Calling method '>' {{(pid=99129) _process_stack /opt/stack/nova/nova/api/openstack/wsgi.py:551}}
Jul 28 00:11:29.173754 np0000187140 devstack@n-api.service[99129]: INFO nova.api.openstack.requestlog [None req-65065ca3-194d-4396-9401-5a51bf007fb4 demo demo] 199.204.45.222 "GET /compute/v2.1/" status: 200 len: 393 microversion: 2.1 time: 0.005191
Jul 28 00:11:29.174063 np0000187140 devstack@n-api.service[99129]: [pid: 99129|app: 0|req: 21/84] 199.204.45.222 () {62 vars in 1077 bytes} [Tue Jul 28 00:11:29 2026] GET /compute/v2.1/ => generated 393 bytes in 6 msecs (HTTP/1.1 200) 9 headers in 357 bytes (1 switches on core 0)
Jul 28 00:11:29.213168 np0000187140 devstack@n-api.service[99128]: DEBUG nova.api.openstack.wsgi [None req-2987b6c9-be3e-4a90-b950-7c1262d41814 demo demo] Calling method '>' {{(pid=99128) _process_stack /opt/stack/nova/nova/api/openstack/wsgi.py:551}}
Jul 28 00:11:29.235900 np0000187140 devstack@n-api.service[99128]: INFO nova.api.openstack.requestlog [None req-2987b6c9-be3e-4a90-b950-7c1262d41814 demo demo] 199.204.45.222 "GET /compute/v2.1/os-server-groups" status: 200 len: 246 microversion: 2.64 time: 0.027032
Jul 28 00:11:29.236175 np0000187140 devstack@n-api.service[99128]: [pid: 99128|app: 0|req: 21/85] 199.204.45.222 () {68 vars in 1412 bytes} [Tue Jul 28 00:11:29 2026] GET /compute/v2.1/os-server-groups => generated 246 bytes in 28 msecs (HTTP/1.1 200) 9 headers in 359 bytes (1 switches on core 0)
Jul 28 00:11:29.279057 np0000187140 devstack@n-api.service[99130]: DEBUG nova.api.openstack.wsgi [None req-40b64750-93ee-4801-97ec-f820e282fa4f demo demo] Calling method '>' {{(pid=99130) _process_stack /opt/stack/nova/nova/api/openstack/wsgi.py:551}}
Jul 28 00:11:29.284806 np0000187140 devstack@n-api.service[99130]: INFO nova.api.openstack.requestlog [None req-40b64750-93ee-4801-97ec-f820e282fa4f demo demo] 199.204.45.222 "GET /compute/v2.1" status: 200 len: 393 microversion: 2.1 time: 0.006240
Jul 28 00:11:29.285565 np0000187140 devstack@n-api.service[99130]: [pid: 99130|app: 0|req: 23/86] 199.204.45.222 () {62 vars in 1074 bytes} [Tue Jul 28 00:11:29 2026] GET /compute/v2.1 => generated 393 bytes in 7 msecs (HTTP/1.1 200) 9 headers in 357 bytes (1 switches on core 0)
Jul 28 00:11:29.325943 np0000187140 devstack@n-api.service[99127]: DEBUG nova.api.openstack.wsgi [None req-2ba0854a-e16f-463c-a7bf-bdf020c140ec demo demo] Calling method '>' {{(pid=99127) _process_stack /opt/stack/nova/nova/api/openstack/wsgi.py:551}}
Jul 28 00:11:29.332476 np0000187140 devstack@n-api.service[99127]: INFO nova.api.openstack.requestlog [None req-2ba0854a-e16f-463c-a7bf-bdf020c140ec demo demo] 199.204.45.222 "GET /compute/v2.1/" status: 200 len: 393 microversion: 2.1 time: 0.006828
Jul 28 00:11:29.332756 np0000187140 devstack@n-api.service[99127]: [pid: 99127|app: 0|req: 22/87] 199.204.45.222 () {62 vars in 1077 bytes} [Tue Jul 28 00:11:29 2026] GET /compute/v2.1/ => generated 393 bytes in 7 msecs (HTTP/1.1 200) 9 headers in 357 bytes (1 switches on core 0)
Jul 28 00:11:29.369551 np0000187140 devstack@n-api.service[99129]: DEBUG nova.api.openstack.wsgi [None req-2a7d8f70-9106-4f40-8388-a5d44a48f7b5 demo demo] Action: 'create', calling method: >, body: {"server_group": {"name": "kube-91vv8-default-worker", "policy": "soft-anti-affinity"}} {{(pid=99129) _process_stack /opt/stack/nova/nova/api/openstack/wsgi.py:549}}
Jul 28 00:11:29.399291 np0000187140 devstack@n-api.service[99129]: DEBUG nova.quota [None req-2a7d8f70-9106-4f40-8388-a5d44a48f7b5 demo demo] Getting quotas for project c22dfb60cb9b403a8f94f3bf6dce982f. Resources: {'server_groups'} {{(pid=99129) _get_quotas /opt/stack/nova/nova/quota.py:389}}
Jul 28 00:11:29.403657 np0000187140 devstack@n-api.service[99129]: DEBUG nova.quota [None req-2a7d8f70-9106-4f40-8388-a5d44a48f7b5 demo demo] Getting quotas for user 90f9b4a028fe4b67b5858554043cefae and project c22dfb60cb9b403a8f94f3bf6dce982f. Resources: {'server_groups'} {{(pid=99129) _get_quotas /opt/stack/nova/nova/quota.py:379}}
Jul 28 00:11:29.458542 np0000187140 devstack@n-api.service[99129]: DEBUG nova.quota [None req-2a7d8f70-9106-4f40-8388-a5d44a48f7b5 demo demo] Getting quotas for project c22dfb60cb9b403a8f94f3bf6dce982f. Resources: {'server_groups'} {{(pid=99129) _get_quotas /opt/stack/nova/nova/quota.py:389}}
Jul 28 00:11:29.460804 np0000187140 devstack@n-api.service[99129]: DEBUG nova.quota [None req-2a7d8f70-9106-4f40-8388-a5d44a48f7b5 demo demo] Getting quotas for user 90f9b4a028fe4b67b5858554043cefae and project c22dfb60cb9b403a8f94f3bf6dce982f. Resources: {'server_groups'} {{(pid=99129) _get_quotas /opt/stack/nova/nova/quota.py:379}}
Jul 28 00:11:29.468927 np0000187140 devstack@n-api.service[99129]: INFO nova.api.openstack.requestlog [None req-2a7d8f70-9106-4f40-8388-a5d44a48f7b5 demo demo] 199.204.45.222 "POST /compute/v2.1/os-server-groups" status: 200 len: 258 microversion: 2.64 time: 0.102151
Jul 28 00:11:29.469278 np0000187140 devstack@n-api.service[99129]: [pid: 99129|app: 0|req: 22/88] 199.204.45.222 () {72 vars in 1452 bytes} [Tue Jul 28 00:11:29 2026] POST /compute/v2.1/os-server-groups => generated 258 bytes in 103 msecs (HTTP/1.1 200) 9 headers in 359 bytes (1 switches on core 0)
Jul 28 00:11:32.730439 np0000187140 devstack@n-api.service[99128]: DEBUG nova.api.openstack.wsgi [None req-2987b6c9-be3e-4a90-b950-7c1262d41814 demo demo] Calling method '>' {{(pid=99128) _process_stack /opt/stack/nova/nova/api/openstack/wsgi.py:551}}
Jul 28 00:11:32.734335 np0000187140 devstack@n-api.service[99128]: INFO nova.api.openstack.requestlog [None req-2987b6c9-be3e-4a90-b950-7c1262d41814 demo demo] 199.204.45.222 "GET /compute/v2.1" status: 200 len: 393 microversion: 2.1 time: 0.004772
Jul 28 00:11:32.734609 np0000187140 devstack@n-api.service[99128]: [pid: 99128|app: 0|req: 22/89] 199.204.45.222 () {62 vars in 1074 bytes} [Tue Jul 28 00:11:32 2026] GET /compute/v2.1 => generated 393 bytes in 6 msecs (HTTP/1.1 200) 9 headers in 357 bytes (2 switches on core 0)
Jul 28 00:11:32.773711 np0000187140 devstack@n-api.service[99130]: DEBUG nova.api.openstack.wsgi [None req-40b64750-93ee-4801-97ec-f820e282fa4f demo demo] Calling method '>' {{(pid=99130) _process_stack /opt/stack/nova/nova/api/openstack/wsgi.py:551}}
Jul 28 00:11:32.778726 np0000187140 devstack@n-api.service[99130]: INFO nova.api.openstack.requestlog [None req-40b64750-93ee-4801-97ec-f820e282fa4f demo demo] 199.204.45.222 "GET /compute/v2.1/" status: 200 len: 393 microversion: 2.1 time: 0.005582
Jul 28 00:11:32.779007 np0000187140 devstack@n-api.service[99130]: [pid: 99130|app: 0|req: 24/90] 199.204.45.222 () {62 vars in 1077 bytes} [Tue Jul 28 00:11:32 2026] GET /compute/v2.1/ => generated 393 bytes in 6 msecs (HTTP/1.1 200) 9 headers in 357 bytes (1 switches on core 0)
Jul 28 00:11:32.816864 np0000187140 devstack@n-api.service[99127]: DEBUG nova.api.openstack.wsgi [None req-fe5e6055-4af9-416b-beee-fcb3bed6ca71 demo demo] Calling method '>' {{(pid=99127) _process_stack /opt/stack/nova/nova/api/openstack/wsgi.py:551}}
Jul 28 00:11:32.837521 np0000187140 devstack@n-api.service[99127]: INFO nova.api.openstack.requestlog [None req-fe5e6055-4af9-416b-beee-fcb3bed6ca71 demo demo] 199.204.45.222 "GET /compute/v2.1/flavors/detail?is_public=None" status: 200 len: 5262 microversion: 2.61 time: 0.024835
Jul 28 00:11:32.837772 np0000187140 devstack@n-api.service[99127]: [pid: 99127|app: 0|req: 23/91] 199.204.45.222 () {68 vars in 1435 bytes} [Tue Jul 28 00:11:32 2026] GET /compute/v2.1/flavors/detail?is_public=None => generated 5262 bytes in 26 msecs (HTTP/1.1 200) 9 headers in 360 bytes (1 switches on core 0)
Jul 28 00:11:32.884739 np0000187140 devstack@n-api.service[99129]: DEBUG nova.api.openstack.wsgi [None req-7e8bf1ab-1606-4e72-a771-3ac5fecc8ead demo demo] Calling method '>' {{(pid=99129) _process_stack /opt/stack/nova/nova/api/openstack/wsgi.py:551}}
Jul 28 00:11:32.903738 np0000187140 devstack@n-api.service[99129]: INFO nova.api.openstack.requestlog [None req-7e8bf1ab-1606-4e72-a771-3ac5fecc8ead demo demo] 199.204.45.222 "GET /compute/v2.1/flavors/detail?is_public=None" status: 200 len: 5262 microversion: 2.61 time: 0.021872
Jul 28 00:11:32.904071 np0000187140 devstack@n-api.service[99129]: [pid: 99129|app: 0|req: 23/92] 199.204.45.222 () {68 vars in 1435 bytes} [Tue Jul 28 00:11:32 2026] GET /compute/v2.1/flavors/detail?is_public=None => generated 5262 bytes in 23 msecs (HTTP/1.1 200) 9 headers in 360 bytes (1 switches on core 0)
Jul 28 00:11:33.070185 np0000187140 devstack@n-api.service[99128]: DEBUG nova.api.openstack.wsgi [None req-2987b6c9-be3e-4a90-b950-7c1262d41814 demo demo] Calling method '>' {{(pid=99128) _process_stack /opt/stack/nova/nova/api/openstack/wsgi.py:551}}
Jul 28 00:11:33.076788 np0000187140 devstack@n-api.service[99128]: INFO nova.api.openstack.requestlog [None req-2987b6c9-be3e-4a90-b950-7c1262d41814 demo demo] 199.204.45.222 "GET /compute/v2.1" status: 200 len: 393 microversion: 2.1 time: 0.006963
Jul 28 00:11:33.077385 np0000187140 devstack@n-api.service[99128]: [pid: 99128|app: 0|req: 23/93] 199.204.45.222 () {62 vars in 1074 bytes} [Tue Jul 28 00:11:33 2026] GET /compute/v2.1 => generated 393 bytes in 8 msecs (HTTP/1.1 200) 9 headers in 357 bytes (1 switches on core 0)
Jul 28 00:11:33.117796 np0000187140 devstack@n-api.service[99130]: DEBUG nova.api.openstack.wsgi [None req-40b64750-93ee-4801-97ec-f820e282fa4f demo demo] Calling method '>' {{(pid=99130) _process_stack /opt/stack/nova/nova/api/openstack/wsgi.py:551}}
Jul 28 00:11:33.126055 np0000187140 devstack@n-api.service[99130]: INFO nova.api.openstack.requestlog [None req-40b64750-93ee-4801-97ec-f820e282fa4f demo demo] 199.204.45.222 "GET /compute/v2.1/" status: 200 len: 393 microversion: 2.1 time: 0.008782
Jul 28 00:11:33.126426 np0000187140 devstack@n-api.service[99130]: [pid: 99130|app: 0|req: 25/94] 199.204.45.222 () {62 vars in 1077 bytes} [Tue Jul 28 00:11:33 2026] GET /compute/v2.1/ => generated 393 bytes in 10 msecs (HTTP/1.1 200) 9 headers in 357 bytes (1 switches on core 0)
Jul 28 00:11:33.167684 np0000187140 devstack@n-api.service[99127]: DEBUG nova.api.openstack.wsgi [None req-aae00b80-c4c6-4160-850f-1790cd123cb6 demo demo] Calling method '>' {{(pid=99127) _process_stack /opt/stack/nova/nova/api/openstack/wsgi.py:551}}
Jul 28 00:11:33.192817 np0000187140 devstack@n-api.service[99127]: INFO nova.api.openstack.requestlog [None req-aae00b80-c4c6-4160-850f-1790cd123cb6 demo demo] 199.204.45.222 "GET /compute/v2.1/flavors/detail?is_public=None" status: 200 len: 5262 microversion: 2.61 time: 0.029019
Jul 28 00:11:33.193181 np0000187140 devstack@n-api.service[99127]: [pid: 99127|app: 0|req: 24/95] 199.204.45.222 () {68 vars in 1435 bytes} [Tue Jul 28 00:11:33 2026] GET /compute/v2.1/flavors/detail?is_public=None => generated 5262 bytes in 30 msecs (HTTP/1.1 200) 9 headers in 360 bytes (1 switches on core 0)
Jul 28 00:11:39.072519 np0000187140 devstack@n-api.service[99130]: DEBUG dbcounter [-] [99130] Writing DB stats nova_cell0:SELECT=4 {{(pid=99130) stat_writer /opt/stack/data/venv/lib/python3.12/site-packages/dbcounter.py:115}}
Jul 28 00:11:39.074691 np0000187140 devstack@n-api.service[99130]: DEBUG dbcounter [-] [99130] Writing DB stats nova_api:SELECT=14,nova_api:INSERT=2 {{(pid=99130) stat_writer /opt/stack/data/venv/lib/python3.12/site-packages/dbcounter.py:115}}
Jul 28 00:11:39.232642 np0000187140 devstack@n-api.service[99128]: DEBUG dbcounter [-] [99128] Writing DB stats nova_api:SELECT=2 {{(pid=99128) stat_writer /opt/stack/data/venv/lib/python3.12/site-packages/dbcounter.py:115}}
Jul 28 00:11:39.464353 np0000187140 devstack@n-api.service[99129]: DEBUG dbcounter [-] [99129] Writing DB stats nova_cell0:SELECT=4 {{(pid=99129) stat_writer /opt/stack/data/venv/lib/python3.12/site-packages/dbcounter.py:115}}
Jul 28 00:11:42.890614 np0000187140 devstack@n-api.service[99129]: DEBUG dbcounter [-] [99129] Writing DB stats nova_api:SELECT=19,nova_api:INSERT=2 {{(pid=99129) stat_writer /opt/stack/data/venv/lib/python3.12/site-packages/dbcounter.py:115}}
Jul 28 00:11:43.175921 np0000187140 devstack@n-api.service[99127]: DEBUG dbcounter [-] [99127] Writing DB stats nova_api:SELECT=8 {{(pid=99127) stat_writer /opt/stack/data/venv/lib/python3.12/site-packages/dbcounter.py:115}}
Jul 28 00:11:56.063410 np0000187140 devstack@n-api.service[99129]: DEBUG nova.api.openstack.wsgi [None req-7e8bf1ab-1606-4e72-a771-3ac5fecc8ead demo demo] Calling method '>' {{(pid=99129) _process_stack /opt/stack/nova/nova/api/openstack/wsgi.py:551}}
Jul 28 00:11:56.068900 np0000187140 devstack@n-api.service[99129]: INFO nova.api.openstack.requestlog [None req-7e8bf1ab-1606-4e72-a771-3ac5fecc8ead demo demo] 172.18.0.2 "GET /compute/v2.1/" status: 200 len: 393 microversion: 2.1 time: 0.005864
Jul 28 00:11:56.069268 np0000187140 devstack@n-api.service[99129]: [pid: 99129|app: 0|req: 24/96] 199.204.45.222 () {64 vars in 1272 bytes} [Tue Jul 28 00:11:56 2026] GET /compute/v2.1/ => generated 393 bytes in 7 msecs (HTTP/1.1 200) 9 headers in 357 bytes (1 switches on core 0)
Jul 28 00:11:56.079326 np0000187140 devstack@n-api.service[99128]: DEBUG nova.api.openstack.wsgi [None req-788b3154-c565-41e3-8d49-7655fbcbac0a demo demo] Calling method '>' {{(pid=99128) _process_stack /opt/stack/nova/nova/api/openstack/wsgi.py:551}}
Jul 28 00:11:56.082792 np0000187140 devstack@n-api.service[99128]: DEBUG oslo_concurrency.lockutils [None req-788b3154-c565-41e3-8d49-7655fbcbac0a demo demo] Acquiring lock "00000000-0000-0000-0000-000000000000" by "nova.context.set_target_cell..get_or_set_cached_cell_and_set_connections" {{(pid=99128) inner /opt/stack/data/venv/lib/python3.12/site-packages/oslo_concurrency/lockutils.py:512}}
Jul 28 00:11:56.083154 np0000187140 devstack@n-api.service[99128]: DEBUG oslo_concurrency.lockutils [None req-788b3154-c565-41e3-8d49-7655fbcbac0a demo demo] Lock "00000000-0000-0000-0000-000000000000" acquired by "nova.context.set_target_cell..get_or_set_cached_cell_and_set_connections" :: waited 0.000s {{(pid=99128) inner /opt/stack/data/venv/lib/python3.12/site-packages/oslo_concurrency/lockutils.py:525}}
Jul 28 00:11:56.083423 np0000187140 devstack@n-api.service[99128]: DEBUG oslo_concurrency.lockutils [None req-788b3154-c565-41e3-8d49-7655fbcbac0a demo demo] Lock "00000000-0000-0000-0000-000000000000" "released" by "nova.context.set_target_cell..get_or_set_cached_cell_and_set_connections" :: held 0.000s {{(pid=99128) inner /opt/stack/data/venv/lib/python3.12/site-packages/oslo_concurrency/lockutils.py:544}}
Jul 28 00:11:56.084924 np0000187140 devstack@n-api.service[99128]: DEBUG oslo_concurrency.lockutils [None req-788b3154-c565-41e3-8d49-7655fbcbac0a demo demo] Acquiring lock "fc441497-8690-4bee-8703-12a4c6998711" by "nova.context.set_target_cell..get_or_set_cached_cell_and_set_connections" {{(pid=99128) inner /opt/stack/data/venv/lib/python3.12/site-packages/oslo_concurrency/lockutils.py:512}}
Jul 28 00:11:56.086440 np0000187140 devstack@n-api.service[99128]: DEBUG oslo_concurrency.lockutils [None req-788b3154-c565-41e3-8d49-7655fbcbac0a demo demo] Lock "fc441497-8690-4bee-8703-12a4c6998711" acquired by "nova.context.set_target_cell..get_or_set_cached_cell_and_set_connections" :: waited 0.002s {{(pid=99128) inner /opt/stack/data/venv/lib/python3.12/site-packages/oslo_concurrency/lockutils.py:525}}
Jul 28 00:11:56.086716 np0000187140 devstack@n-api.service[99128]: DEBUG oslo_concurrency.lockutils [None req-788b3154-c565-41e3-8d49-7655fbcbac0a demo demo] Lock "fc441497-8690-4bee-8703-12a4c6998711" "released" by "nova.context.set_target_cell..get_or_set_cached_cell_and_set_connections" :: held 0.000s {{(pid=99128) inner /opt/stack/data/venv/lib/python3.12/site-packages/oslo_concurrency/lockutils.py:544}}
Jul 28 00:11:56.151022 np0000187140 devstack@n-api.service[99128]: INFO nova.api.openstack.requestlog [None req-788b3154-c565-41e3-8d49-7655fbcbac0a demo demo] 172.18.0.2 "GET /compute/v2.1/os-availability-zone" status: 200 len: 97 microversion: 2.38 time: 0.074874
Jul 28 00:11:56.151905 np0000187140 devstack@n-api.service[99128]: [pid: 99128|app: 0|req: 24/97] 199.204.45.222 () {68 vars in 1415 bytes} [Tue Jul 28 00:11:56 2026] GET /compute/v2.1/os-availability-zone => generated 97 bytes in 76 msecs (HTTP/1.1 200) 9 headers in 358 bytes (1 switches on core 0)
Jul 28 00:11:56.915974 np0000187140 devstack@n-api.service[99130]: DEBUG nova.api.openstack.wsgi [None req-40b64750-93ee-4801-97ec-f820e282fa4f demo demo] Calling method '>' {{(pid=99130) _process_stack /opt/stack/nova/nova/api/openstack/wsgi.py:551}}
Jul 28 00:11:56.922208 np0000187140 devstack@n-api.service[99130]: INFO nova.api.openstack.requestlog [None req-40b64750-93ee-4801-97ec-f820e282fa4f demo demo] 172.18.0.2 "GET /compute/v2.1/" status: 200 len: 393 microversion: 2.1 time: 0.006601
Jul 28 00:11:56.922701 np0000187140 devstack@n-api.service[99130]: [pid: 99130|app: 0|req: 26/98] 199.204.45.222 () {64 vars in 1272 bytes} [Tue Jul 28 00:11:56 2026] GET /compute/v2.1/ => generated 393 bytes in 8 msecs (HTTP/1.1 200) 9 headers in 357 bytes (1 switches on core 0)
Jul 28 00:11:56.934709 np0000187140 devstack@n-api.service[99127]: DEBUG nova.api.openstack.wsgi [None req-256077af-90e6-40c2-ace7-4b6c2afd433e demo demo] Calling method '>' {{(pid=99127) _process_stack /opt/stack/nova/nova/api/openstack/wsgi.py:551}}
Jul 28 00:11:56.939229 np0000187140 devstack@n-api.service[99127]: DEBUG oslo_concurrency.lockutils [None req-256077af-90e6-40c2-ace7-4b6c2afd433e demo demo] Acquiring lock "00000000-0000-0000-0000-000000000000" by "nova.context.set_target_cell..get_or_set_cached_cell_and_set_connections" {{(pid=99127) inner /opt/stack/data/venv/lib/python3.12/site-packages/oslo_concurrency/lockutils.py:512}}
Jul 28 00:11:56.939596 np0000187140 devstack@n-api.service[99127]: DEBUG oslo_concurrency.lockutils [None req-256077af-90e6-40c2-ace7-4b6c2afd433e demo demo] Lock "00000000-0000-0000-0000-000000000000" acquired by "nova.context.set_target_cell..get_or_set_cached_cell_and_set_connections" :: waited 0.001s {{(pid=99127) inner /opt/stack/data/venv/lib/python3.12/site-packages/oslo_concurrency/lockutils.py:525}}
Jul 28 00:11:56.939980 np0000187140 devstack@n-api.service[99127]: DEBUG oslo_concurrency.lockutils [None req-256077af-90e6-40c2-ace7-4b6c2afd433e demo demo] Lock "00000000-0000-0000-0000-000000000000" "released" by "nova.context.set_target_cell..get_or_set_cached_cell_and_set_connections" :: held 0.000s {{(pid=99127) inner /opt/stack/data/venv/lib/python3.12/site-packages/oslo_concurrency/lockutils.py:544}}
Jul 28 00:11:56.942229 np0000187140 devstack@n-api.service[99127]: DEBUG oslo_concurrency.lockutils [None req-256077af-90e6-40c2-ace7-4b6c2afd433e demo demo] Acquiring lock "fc441497-8690-4bee-8703-12a4c6998711" by "nova.context.set_target_cell..get_or_set_cached_cell_and_set_connections" {{(pid=99127) inner /opt/stack/data/venv/lib/python3.12/site-packages/oslo_concurrency/lockutils.py:512}}
Jul 28 00:11:56.944102 np0000187140 devstack@n-api.service[99127]: DEBUG oslo_concurrency.lockutils [None req-256077af-90e6-40c2-ace7-4b6c2afd433e demo demo] Lock "fc441497-8690-4bee-8703-12a4c6998711" acquired by "nova.context.set_target_cell..get_or_set_cached_cell_and_set_connections" :: waited 0.002s {{(pid=99127) inner /opt/stack/data/venv/lib/python3.12/site-packages/oslo_concurrency/lockutils.py:525}}
Jul 28 00:11:56.944491 np0000187140 devstack@n-api.service[99127]: DEBUG oslo_concurrency.lockutils [None req-256077af-90e6-40c2-ace7-4b6c2afd433e demo demo] Lock "fc441497-8690-4bee-8703-12a4c6998711" "released" by "nova.context.set_target_cell..get_or_set_cached_cell_and_set_connections" :: held 0.001s {{(pid=99127) inner /opt/stack/data/venv/lib/python3.12/site-packages/oslo_concurrency/lockutils.py:544}}
Jul 28 00:11:57.013576 np0000187140 devstack@n-api.service[99127]: INFO nova.api.openstack.requestlog [None req-256077af-90e6-40c2-ace7-4b6c2afd433e demo demo] 172.18.0.2 "GET /compute/v2.1/os-availability-zone" status: 200 len: 97 microversion: 2.38 time: 0.082434
Jul 28 00:11:57.014239 np0000187140 devstack@n-api.service[99127]: [pid: 99127|app: 0|req: 25/99] 199.204.45.222 () {68 vars in 1415 bytes} [Tue Jul 28 00:11:56 2026] GET /compute/v2.1/os-availability-zone => generated 97 bytes in 84 msecs (HTTP/1.1 200) 9 headers in 358 bytes (1 switches on core 0)
Jul 28 00:11:57.683611 np0000187140 devstack@n-api.service[99129]: DEBUG nova.api.openstack.wsgi [None req-7e8bf1ab-1606-4e72-a771-3ac5fecc8ead demo demo] Calling method '>' {{(pid=99129) _process_stack /opt/stack/nova/nova/api/openstack/wsgi.py:551}}
Jul 28 00:11:57.687610 np0000187140 devstack@n-api.service[99129]: INFO nova.api.openstack.requestlog [None req-7e8bf1ab-1606-4e72-a771-3ac5fecc8ead demo demo] 172.18.0.2 "GET /compute/v2.1/" status: 200 len: 393 microversion: 2.1 time: 0.004365
Jul 28 00:11:57.687868 np0000187140 devstack@n-api.service[99129]: [pid: 99129|app: 0|req: 25/100] 199.204.45.222 () {64 vars in 1272 bytes} [Tue Jul 28 00:11:57 2026] GET /compute/v2.1/ => generated 393 bytes in 5 msecs (HTTP/1.1 200) 9 headers in 357 bytes (1 switches on core 0)
Jul 28 00:11:57.697002 np0000187140 devstack@n-api.service[99128]: DEBUG nova.api.openstack.wsgi [None req-1e184201-5dc4-4659-b177-e90e09f5c556 demo demo] Calling method '>' {{(pid=99128) _process_stack /opt/stack/nova/nova/api/openstack/wsgi.py:551}}
Jul 28 00:11:57.699364 np0000187140 devstack@n-api.service[99128]: DEBUG oslo_concurrency.lockutils [None req-1e184201-5dc4-4659-b177-e90e09f5c556 demo demo] Acquiring lock "00000000-0000-0000-0000-000000000000" by "nova.context.set_target_cell..get_or_set_cached_cell_and_set_connections" {{(pid=99128) inner /opt/stack/data/venv/lib/python3.12/site-packages/oslo_concurrency/lockutils.py:512}}
Jul 28 00:11:57.699619 np0000187140 devstack@n-api.service[99128]: DEBUG oslo_concurrency.lockutils [None req-1e184201-5dc4-4659-b177-e90e09f5c556 demo demo] Lock "00000000-0000-0000-0000-000000000000" acquired by "nova.context.set_target_cell..get_or_set_cached_cell_and_set_connections" :: waited 0.000s {{(pid=99128) inner /opt/stack/data/venv/lib/python3.12/site-packages/oslo_concurrency/lockutils.py:525}}
Jul 28 00:11:57.699797 np0000187140 devstack@n-api.service[99128]: DEBUG oslo_concurrency.lockutils [None req-1e184201-5dc4-4659-b177-e90e09f5c556 demo demo] Lock "00000000-0000-0000-0000-000000000000" "released" by "nova.context.set_target_cell..get_or_set_cached_cell_and_set_connections" :: held 0.000s {{(pid=99128) inner /opt/stack/data/venv/lib/python3.12/site-packages/oslo_concurrency/lockutils.py:544}}
Jul 28 00:11:57.700909 np0000187140 devstack@n-api.service[99128]: DEBUG oslo_concurrency.lockutils [None req-1e184201-5dc4-4659-b177-e90e09f5c556 demo demo] Acquiring lock "fc441497-8690-4bee-8703-12a4c6998711" by "nova.context.set_target_cell..get_or_set_cached_cell_and_set_connections" {{(pid=99128) inner /opt/stack/data/venv/lib/python3.12/site-packages/oslo_concurrency/lockutils.py:512}}
Jul 28 00:11:57.701143 np0000187140 devstack@n-api.service[99128]: DEBUG oslo_concurrency.lockutils [None req-1e184201-5dc4-4659-b177-e90e09f5c556 demo demo] Lock "fc441497-8690-4bee-8703-12a4c6998711" acquired by "nova.context.set_target_cell..get_or_set_cached_cell_and_set_connections" :: waited 0.000s {{(pid=99128) inner /opt/stack/data/venv/lib/python3.12/site-packages/oslo_concurrency/lockutils.py:525}}
Jul 28 00:11:57.701336 np0000187140 devstack@n-api.service[99128]: DEBUG oslo_concurrency.lockutils [None req-1e184201-5dc4-4659-b177-e90e09f5c556 demo demo] Lock "fc441497-8690-4bee-8703-12a4c6998711" "released" by "nova.context.set_target_cell..get_or_set_cached_cell_and_set_connections" :: held 0.000s {{(pid=99128) inner /opt/stack/data/venv/lib/python3.12/site-packages/oslo_concurrency/lockutils.py:544}}
Jul 28 00:11:57.726456 np0000187140 devstack@n-api.service[99128]: INFO nova.api.openstack.requestlog [None req-1e184201-5dc4-4659-b177-e90e09f5c556 demo demo] 172.18.0.2 "GET /compute/v2.1/os-availability-zone" status: 200 len: 97 microversion: 2.38 time: 0.031671
Jul 28 00:11:57.727096 np0000187140 devstack@n-api.service[99128]: [pid: 99128|app: 0|req: 25/101] 199.204.45.222 () {68 vars in 1415 bytes} [Tue Jul 28 00:11:57 2026] GET /compute/v2.1/os-availability-zone => generated 97 bytes in 33 msecs (HTTP/1.1 200) 9 headers in 358 bytes (1 switches on core 0)
Jul 28 00:12:02.770295 np0000187140 devstack@n-api.service[99130]: DEBUG nova.api.openstack.wsgi [None req-40b64750-93ee-4801-97ec-f820e282fa4f demo demo] Calling method '>' {{(pid=99130) _process_stack /opt/stack/nova/nova/api/openstack/wsgi.py:551}}
Jul 28 00:12:02.776641 np0000187140 devstack@n-api.service[99130]: INFO nova.api.openstack.requestlog [None req-40b64750-93ee-4801-97ec-f820e282fa4f demo demo] 172.18.0.2 "GET /compute/v2.1/" status: 200 len: 393 microversion: 2.1 time: 0.006917
Jul 28 00:12:02.776828 np0000187140 devstack@n-api.service[99130]: [pid: 99130|app: 0|req: 27/102] 199.204.45.222 () {64 vars in 1272 bytes} [Tue Jul 28 00:12:02 2026] GET /compute/v2.1/ => generated 393 bytes in 7 msecs (HTTP/1.1 200) 9 headers in 357 bytes (1 switches on core 0)
Jul 28 00:12:02.787501 np0000187140 devstack@n-api.service[99127]: DEBUG nova.api.openstack.wsgi [None req-ee25a0f9-8526-42ac-912c-1577fdc1a563 demo demo] Calling method '>' {{(pid=99127) _process_stack /opt/stack/nova/nova/api/openstack/wsgi.py:551}}
Jul 28 00:12:02.813474 np0000187140 devstack@n-api.service[99127]: INFO nova.api.openstack.requestlog [None req-ee25a0f9-8526-42ac-912c-1577fdc1a563 demo demo] 172.18.0.2 "GET /compute/v2.1/flavors/detail" status: 200 len: 4022 microversion: 2.38 time: 0.028350
Jul 28 00:12:02.813879 np0000187140 devstack@n-api.service[99127]: [pid: 99127|app: 0|req: 26/103] 199.204.45.222 () {68 vars in 1397 bytes} [Tue Jul 28 00:12:02 2026] GET /compute/v2.1/flavors/detail => generated 4022 bytes in 31 msecs (HTTP/1.1 200) 9 headers in 360 bytes (1 switches on core 0)
Jul 28 00:12:03.453227 np0000187140 devstack@n-api.service[99129]: DEBUG nova.api.openstack.wsgi [None req-7e8bf1ab-1606-4e72-a771-3ac5fecc8ead demo demo] Calling method '>' {{(pid=99129) _process_stack /opt/stack/nova/nova/api/openstack/wsgi.py:551}}
Jul 28 00:12:03.458724 np0000187140 devstack@n-api.service[99129]: INFO nova.api.openstack.requestlog [None req-7e8bf1ab-1606-4e72-a771-3ac5fecc8ead demo demo] 172.18.0.2 "GET /compute/v2.1/" status: 200 len: 393 microversion: 2.1 time: 0.006068
Jul 28 00:12:03.458992 np0000187140 devstack@n-api.service[99129]: [pid: 99129|app: 0|req: 26/104] 199.204.45.222 () {64 vars in 1272 bytes} [Tue Jul 28 00:12:03 2026] GET /compute/v2.1/ => generated 393 bytes in 7 msecs (HTTP/1.1 200) 9 headers in 357 bytes (1 switches on core 0)
Jul 28 00:12:03.469810 np0000187140 devstack@n-api.service[99128]: DEBUG nova.api.openstack.wsgi [None req-8abebfab-4795-4da9-9e1c-7e18e68ea837 demo demo] Calling method '>' {{(pid=99128) _process_stack /opt/stack/nova/nova/api/openstack/wsgi.py:551}}
Jul 28 00:12:03.474254 np0000187140 devstack@n-api.service[99128]: DEBUG nova.policy [None req-8abebfab-4795-4da9-9e1c-7e18e68ea837 demo demo] Policy check for os_compute_api:servers:allow_all_filters failed with credentials {'is_admin': False, 'user_id': '90f9b4a028fe4b67b5858554043cefae', 'user_domain_id': 'default', 'system_scope': None, 'domain_id': None, 'project_id': 'c22dfb60cb9b403a8f94f3bf6dce982f', 'project_domain_id': 'default', 'roles': ['member', 'reader', 'load-balancer_member', 'anotherrole'], 'is_admin_project': True, 'service_user_id': None, 'service_user_domain_id': None, 'service_project_id': None, 'service_project_domain_id': None, 'service_roles': []} {{(pid=99128) authorize /opt/stack/nova/nova/policy.py:202}}
Jul 28 00:12:03.474938 np0000187140 devstack@n-api.service[99128]: DEBUG nova.compute.api [None req-8abebfab-4795-4da9-9e1c-7e18e68ea837 demo demo] Searching by: {'name': '^kube-91vv8-mztp7-nqx6t$', 'deleted': False, 'project_id': 'c22dfb60cb9b403a8f94f3bf6dce982f'} {{(pid=99128) get_all /opt/stack/nova/nova/compute/api.py:3110}}
Jul 28 00:12:03.480346 np0000187140 devstack@n-api.service[99128]: DEBUG oslo_concurrency.lockutils [None req-8abebfab-4795-4da9-9e1c-7e18e68ea837 demo demo] Acquiring lock "00000000-0000-0000-0000-000000000000" by "nova.context.set_target_cell..get_or_set_cached_cell_and_set_connections" {{(pid=99128) inner /opt/stack/data/venv/lib/python3.12/site-packages/oslo_concurrency/lockutils.py:512}}
Jul 28 00:12:03.480561 np0000187140 devstack@n-api.service[99128]: DEBUG oslo_concurrency.lockutils [None req-8abebfab-4795-4da9-9e1c-7e18e68ea837 demo demo] Lock "00000000-0000-0000-0000-000000000000" acquired by "nova.context.set_target_cell..get_or_set_cached_cell_and_set_connections" :: waited 0.000s {{(pid=99128) inner /opt/stack/data/venv/lib/python3.12/site-packages/oslo_concurrency/lockutils.py:525}}
