May 20 19:00:33.146561 np0000175420 neutron-periodic-workers[105029]: DEBUG cotyledon.oslo_config_glue [-] database.connection_recycle_time = 3600 {{(pid=105029) log_opt_values /opt/stack/data/venv/lib/python3.12/site-packages/oslo_config/cfg.py:3256}}
May 20 19:00:33.146561 np0000175420 neutron-periodic-workers[105029]: DEBUG cotyledon.oslo_config_glue [-] database.connection_trace = False {{(pid=105029) log_opt_values /opt/stack/data/venv/lib/python3.12/site-packages/oslo_config/cfg.py:3256}}
May 20 19:00:33.146561 np0000175420 neutron-periodic-workers[105029]: DEBUG cotyledon.oslo_config_glue [-] database.db_inc_retry_interval = True {{(pid=105029) log_opt_values /opt/stack/data/venv/lib/python3.12/site-packages/oslo_config/cfg.py:3256}}
May 20 19:00:33.146561 np0000175420 neutron-periodic-workers[105029]: DEBUG cotyledon.oslo_config_glue [-] database.db_max_retries = 20 {{(pid=105029) log_opt_values /opt/stack/data/venv/lib/python3.12/site-packages/oslo_config/cfg.py:3256}}
May 20 19:00:33.146561 np0000175420 neutron-periodic-workers[105029]: DEBUG cotyledon.oslo_config_glue [-] database.db_max_retry_interval = 10 {{(pid=105029) log_opt_values /opt/stack/data/venv/lib/python3.12/site-packages/oslo_config/cfg.py:3256}}
May 20 19:00:33.146561 np0000175420 neutron-periodic-workers[105029]: DEBUG cotyledon.oslo_config_glue [-] database.db_retry_interval = 1 {{(pid=105029) log_opt_values /opt/stack/data/venv/lib/python3.12/site-packages/oslo_config/cfg.py:3256}}
May 20 19:00:33.146561 np0000175420 neutron-periodic-workers[105029]: DEBUG cotyledon.oslo_config_glue [-] database.max_overflow = 50 {{(pid=105029) log_opt_values /opt/stack/data/venv/lib/python3.12/site-packages/oslo_config/cfg.py:3256}}
May 20 19:00:33.146754 np0000175420 neutron-periodic-workers[105029]: DEBUG cotyledon.oslo_config_glue [-] database.max_pool_size = 5 {{(pid=105029) log_opt_values /opt/stack/data/venv/lib/python3.12/site-packages/oslo_config/cfg.py:3256}}
May 20 19:00:33.146754 np0000175420 neutron-periodic-workers[105029]: DEBUG cotyledon.oslo_config_glue [-] database.max_retries = 10 {{(pid=105029) log_opt_values /opt/stack/data/venv/lib/python3.12/site-packages/oslo_config/cfg.py:3256}}
May 20 19:00:33.146754 np0000175420 neutron-periodic-workers[105029]: DEBUG cotyledon.oslo_config_glue [-] database.mysql_sql_mode = TRADITIONAL {{(pid=105029) log_opt_values /opt/stack/data/venv/lib/python3.12/site-packages/oslo_config/cfg.py:3256}}
May 20 19:00:33.146754 np0000175420 neutron-periodic-workers[105029]: DEBUG cotyledon.oslo_config_glue [-] database.mysql_wsrep_sync_wait = None {{(pid=105029) log_opt_values /opt/stack/data/venv/lib/python3.12/site-packages/oslo_config/cfg.py:3256}}
May 20 19:00:33.146754 np0000175420 neutron-periodic-workers[105029]: DEBUG cotyledon.oslo_config_glue [-] database.pool_timeout = None {{(pid=105029) log_opt_values /opt/stack/data/venv/lib/python3.12/site-packages/oslo_config/cfg.py:3256}}
May 20 19:00:33.146754 np0000175420 neutron-periodic-workers[105029]: DEBUG cotyledon.oslo_config_glue [-] database.retry_interval = 10 {{(pid=105029) log_opt_values /opt/stack/data/venv/lib/python3.12/site-packages/oslo_config/cfg.py:3256}}
May 20 19:00:33.146754 np0000175420 neutron-periodic-workers[105029]: DEBUG cotyledon.oslo_config_glue [-] database.slave_connection = **** {{(pid=105029) log_opt_values /opt/stack/data/venv/lib/python3.12/site-packages/oslo_config/cfg.py:3256}}
May 20 19:00:33.146754 np0000175420 neutron-periodic-workers[105029]: DEBUG cotyledon.oslo_config_glue [-] database.sqlite_synchronous = True {{(pid=105029) log_opt_values /opt/stack/data/venv/lib/python3.12/site-packages/oslo_config/cfg.py:3256}}
May 20 19:00:33.146754 np0000175420 neutron-periodic-workers[105029]: DEBUG cotyledon.oslo_config_glue [-] database.synchronous_reader = True {{(pid=105029) log_opt_values /opt/stack/data/venv/lib/python3.12/site-packages/oslo_config/cfg.py:3256}}
May 20 19:00:33.146947 np0000175420 neutron-periodic-workers[105029]: DEBUG cotyledon.oslo_config_glue [-] database.use_db_reconnect = False {{(pid=105029) log_opt_values /opt/stack/data/venv/lib/python3.12/site-packages/oslo_config/cfg.py:3256}}
May 20 19:00:33.146947 np0000175420 neutron-periodic-workers[105029]: DEBUG cotyledon.oslo_config_glue [-] ovn.bfd_min_rx = 1000 {{(pid=105029) log_opt_values /opt/stack/data/venv/lib/python3.12/site-packages/oslo_config/cfg.py:3256}}
May 20 19:00:33.146947 np0000175420 neutron-periodic-workers[105029]: DEBUG cotyledon.oslo_config_glue [-] ovn.bfd_min_tx = 100 {{(pid=105029) log_opt_values /opt/stack/data/venv/lib/python3.12/site-packages/oslo_config/cfg.py:3256}}
May 20 19:00:33.146947 np0000175420 neutron-periodic-workers[105029]: DEBUG cotyledon.oslo_config_glue [-] ovn.bfd_mult = 3 {{(pid=105029) log_opt_values /opt/stack/data/venv/lib/python3.12/site-packages/oslo_config/cfg.py:3256}}
May 20 19:00:33.146947 np0000175420 neutron-periodic-workers[105029]: DEBUG cotyledon.oslo_config_glue [-] ovn.broadcast_arps_to_all_routers = True {{(pid=105029) log_opt_values /opt/stack/data/venv/lib/python3.12/site-packages/oslo_config/cfg.py:3256}}
May 20 19:00:33.146947 np0000175420 neutron-periodic-workers[105029]: DEBUG cotyledon.oslo_config_glue [-] ovn.dhcp_default_lease_time = 43200 {{(pid=105029) log_opt_values /opt/stack/data/venv/lib/python3.12/site-packages/oslo_config/cfg.py:3256}}
May 20 19:00:33.146947 np0000175420 neutron-periodic-workers[105029]: DEBUG cotyledon.oslo_config_glue [-] ovn.disable_ovn_dhcp_for_baremetal_ports = False {{(pid=105029) log_opt_values /opt/stack/data/venv/lib/python3.12/site-packages/oslo_config/cfg.py:3256}}
May 20 19:00:33.146947 np0000175420 neutron-periodic-workers[105029]: DEBUG cotyledon.oslo_config_glue [-] ovn.dns_records_ovn_owned = False {{(pid=105029) log_opt_values /opt/stack/data/venv/lib/python3.12/site-packages/oslo_config/cfg.py:3256}}
May 20 19:00:33.146947 np0000175420 neutron-periodic-workers[105029]: DEBUG cotyledon.oslo_config_glue [-] ovn.dns_servers = [] {{(pid=105029) log_opt_values /opt/stack/data/venv/lib/python3.12/site-packages/oslo_config/cfg.py:3256}}
May 20 19:00:33.147163 np0000175420 neutron-periodic-workers[105029]: DEBUG cotyledon.oslo_config_glue [-] ovn.enable_distributed_floating_ip = False {{(pid=105029) log_opt_values /opt/stack/data/venv/lib/python3.12/site-packages/oslo_config/cfg.py:3256}}
May 20 19:00:33.147163 np0000175420 neutron-periodic-workers[105029]: DEBUG cotyledon.oslo_config_glue [-] ovn.fdb_age_threshold = 300 {{(pid=105029) log_opt_values /opt/stack/data/venv/lib/python3.12/site-packages/oslo_config/cfg.py:3256}}
May 20 19:00:33.147163 np0000175420 neutron-periodic-workers[105029]: DEBUG cotyledon.oslo_config_glue [-] ovn.ha_failover_strategy = normal {{(pid=105029) log_opt_values /opt/stack/data/venv/lib/python3.12/site-packages/oslo_config/cfg.py:3256}}
May 20 19:00:33.147163 np0000175420 neutron-periodic-workers[105029]: DEBUG cotyledon.oslo_config_glue [-] ovn.live_migration_activation_strategy = rarp {{(pid=105029) log_opt_values /opt/stack/data/venv/lib/python3.12/site-packages/oslo_config/cfg.py:3256}}
May 20 19:00:33.147163 np0000175420 neutron-periodic-workers[105029]: DEBUG cotyledon.oslo_config_glue [-] ovn.localnet_learn_fdb = False {{(pid=105029) log_opt_values /opt/stack/data/venv/lib/python3.12/site-packages/oslo_config/cfg.py:3256}}
May 20 19:00:33.147163 np0000175420 neutron-periodic-workers[105029]: DEBUG cotyledon.oslo_config_glue [-] ovn.mac_binding_age_threshold = 300 {{(pid=105029) log_opt_values /opt/stack/data/venv/lib/python3.12/site-packages/oslo_config/cfg.py:3256}}
May 20 19:00:33.147163 np0000175420 neutron-periodic-workers[105029]: DEBUG cotyledon.oslo_config_glue [-] ovn.neutron_sync_mode = log {{(pid=105029) log_opt_values /opt/stack/data/venv/lib/python3.12/site-packages/oslo_config/cfg.py:3256}}
May 20 19:00:33.147163 np0000175420 neutron-periodic-workers[105029]: DEBUG cotyledon.oslo_config_glue [-] ovn.ovn_dhcp4_global_options = {} {{(pid=105029) log_opt_values /opt/stack/data/venv/lib/python3.12/site-packages/oslo_config/cfg.py:3256}}
May 20 19:00:33.147163 np0000175420 neutron-periodic-workers[105029]: DEBUG cotyledon.oslo_config_glue [-] ovn.ovn_dhcp6_global_options = {} {{(pid=105029) log_opt_values /opt/stack/data/venv/lib/python3.12/site-packages/oslo_config/cfg.py:3256}}
May 20 19:00:33.147367 np0000175420 neutron-periodic-workers[105029]: DEBUG cotyledon.oslo_config_glue [-] ovn.ovn_l3_scheduler = leastloaded {{(pid=105029) log_opt_values /opt/stack/data/venv/lib/python3.12/site-packages/oslo_config/cfg.py:3256}}
May 20 19:00:33.147367 np0000175420 neutron-periodic-workers[105029]: DEBUG cotyledon.oslo_config_glue [-] ovn.ovn_metadata_enabled = True {{(pid=105029) log_opt_values /opt/stack/data/venv/lib/python3.12/site-packages/oslo_config/cfg.py:3256}}
May 20 19:00:33.147367 np0000175420 neutron-periodic-workers[105029]: DEBUG cotyledon.oslo_config_glue [-] ovn.ovn_nb_ca_cert = /opt/stack/data/CA/int-ca/ca-chain.pem {{(pid=105029) log_opt_values /opt/stack/data/venv/lib/python3.12/site-packages/oslo_config/cfg.py:3256}}
May 20 19:00:33.147367 np0000175420 neutron-periodic-workers[105029]: DEBUG cotyledon.oslo_config_glue [-] ovn.ovn_nb_certificate = /opt/stack/data/CA/int-ca/devstack-cert.crt {{(pid=105029) log_opt_values /opt/stack/data/venv/lib/python3.12/site-packages/oslo_config/cfg.py:3256}}
May 20 19:00:33.147367 np0000175420 neutron-periodic-workers[105029]: DEBUG cotyledon.oslo_config_glue [-] ovn.ovn_nb_connection = ['ssl:199.204.45.244:6641'] {{(pid=105029) log_opt_values /opt/stack/data/venv/lib/python3.12/site-packages/oslo_config/cfg.py:3256}}
May 20 19:00:33.147367 np0000175420 neutron-periodic-workers[105029]: DEBUG cotyledon.oslo_config_glue [-] ovn.ovn_nb_private_key = /opt/stack/data/CA/int-ca/private/devstack-cert.key {{(pid=105029) log_opt_values /opt/stack/data/venv/lib/python3.12/site-packages/oslo_config/cfg.py:3256}}
May 20 19:00:33.147367 np0000175420 neutron-periodic-workers[105029]: DEBUG cotyledon.oslo_config_glue [-] ovn.ovn_router_indirect_snat = False {{(pid=105029) log_opt_values /opt/stack/data/venv/lib/python3.12/site-packages/oslo_config/cfg.py:3256}}
May 20 19:00:33.147367 np0000175420 neutron-periodic-workers[105029]: DEBUG cotyledon.oslo_config_glue [-] ovn.ovn_sb_ca_cert = /opt/stack/data/CA/int-ca/ca-chain.pem {{(pid=105029) log_opt_values /opt/stack/data/venv/lib/python3.12/site-packages/oslo_config/cfg.py:3256}}
May 20 19:00:33.147548 np0000175420 neutron-periodic-workers[105029]: DEBUG cotyledon.oslo_config_glue [-] ovn.ovn_sb_certificate = /opt/stack/data/CA/int-ca/devstack-cert.crt {{(pid=105029) log_opt_values /opt/stack/data/venv/lib/python3.12/site-packages/oslo_config/cfg.py:3256}}
May 20 19:00:33.147548 np0000175420 neutron-periodic-workers[105029]: DEBUG cotyledon.oslo_config_glue [-] ovn.ovn_sb_connection = ['ssl:199.204.45.244:6642'] {{(pid=105029) log_opt_values /opt/stack/data/venv/lib/python3.12/site-packages/oslo_config/cfg.py:3256}}
May 20 19:00:33.147548 np0000175420 neutron-periodic-workers[105029]: DEBUG cotyledon.oslo_config_glue [-] ovn.ovn_sb_private_key = /opt/stack/data/CA/int-ca/private/devstack-cert.key {{(pid=105029) log_opt_values /opt/stack/data/venv/lib/python3.12/site-packages/oslo_config/cfg.py:3256}}
May 20 19:00:33.147548 np0000175420 neutron-periodic-workers[105029]: DEBUG cotyledon.oslo_config_glue [-] ovn.ovs_create_tap = False {{(pid=105029) log_opt_values /opt/stack/data/venv/lib/python3.12/site-packages/oslo_config/cfg.py:3256}}
May 20 19:00:33.147548 np0000175420 neutron-periodic-workers[105029]: DEBUG cotyledon.oslo_config_glue [-] ovn.ovsdb_connection_timeout = 180 {{(pid=105029) log_opt_values /opt/stack/data/venv/lib/python3.12/site-packages/oslo_config/cfg.py:3256}}
May 20 19:00:33.147548 np0000175420 neutron-periodic-workers[105029]: DEBUG cotyledon.oslo_config_glue [-] ovn.ovsdb_log_level = INFO {{(pid=105029) log_opt_values /opt/stack/data/venv/lib/python3.12/site-packages/oslo_config/cfg.py:3256}}
May 20 19:00:33.147548 np0000175420 neutron-periodic-workers[105029]: DEBUG cotyledon.oslo_config_glue [-] ovn.ovsdb_probe_interval = 60000 {{(pid=105029) log_opt_values /opt/stack/data/venv/lib/python3.12/site-packages/oslo_config/cfg.py:3256}}
May 20 19:00:33.147548 np0000175420 neutron-periodic-workers[105029]: DEBUG cotyledon.oslo_config_glue [-] ovn.ovsdb_retry_max_interval = 180 {{(pid=105029) log_opt_values /opt/stack/data/venv/lib/python3.12/site-packages/oslo_config/cfg.py:3256}}
May 20 19:00:33.147548 np0000175420 neutron-periodic-workers[105029]: DEBUG cotyledon.oslo_config_glue [-] ovn.stateless_nat_enabled = False {{(pid=105029) log_opt_values /opt/stack/data/venv/lib/python3.12/site-packages/oslo_config/cfg.py:3256}}
May 20 19:00:33.147735 np0000175420 neutron-periodic-workers[105029]: DEBUG cotyledon.oslo_config_glue [-] ovn.vhost_sock_dir = /var/run/openvswitch {{(pid=105029) log_opt_values /opt/stack/data/venv/lib/python3.12/site-packages/oslo_config/cfg.py:3256}}
May 20 19:00:33.147735 np0000175420 neutron-periodic-workers[105029]: DEBUG cotyledon.oslo_config_glue [-] OVS.bridge_mac_table_size = 50000 {{(pid=105029) log_opt_values /opt/stack/data/venv/lib/python3.12/site-packages/oslo_config/cfg.py:3256}}
May 20 19:00:33.147735 np0000175420 neutron-periodic-workers[105029]: DEBUG cotyledon.oslo_config_glue [-] OVS.igmp_flood = False {{(pid=105029) log_opt_values /opt/stack/data/venv/lib/python3.12/site-packages/oslo_config/cfg.py:3256}}
May 20 19:00:33.147735 np0000175420 neutron-periodic-workers[105029]: DEBUG cotyledon.oslo_config_glue [-] OVS.igmp_flood_reports = True {{(pid=105029) log_opt_values /opt/stack/data/venv/lib/python3.12/site-packages/oslo_config/cfg.py:3256}}
May 20 19:00:33.147735 np0000175420 neutron-periodic-workers[105029]: DEBUG cotyledon.oslo_config_glue [-] OVS.igmp_flood_unregistered = False {{(pid=105029) log_opt_values /opt/stack/data/venv/lib/python3.12/site-packages/oslo_config/cfg.py:3256}}
May 20 19:00:33.147735 np0000175420 neutron-periodic-workers[105029]: DEBUG cotyledon.oslo_config_glue [-] OVS.igmp_snooping_enable = False {{(pid=105029) log_opt_values /opt/stack/data/venv/lib/python3.12/site-packages/oslo_config/cfg.py:3256}}
May 20 19:00:33.147735 np0000175420 neutron-periodic-workers[105029]: DEBUG cotyledon.oslo_config_glue [-] OVS.ovsdb_timeout = 10 {{(pid=105029) log_opt_values /opt/stack/data/venv/lib/python3.12/site-packages/oslo_config/cfg.py:3256}}
May 20 19:00:33.147735 np0000175420 neutron-periodic-workers[105029]: DEBUG cotyledon.oslo_config_glue [-] ovn_nb_global.fdb_removal_limit = 0 {{(pid=105029) log_opt_values /opt/stack/data/venv/lib/python3.12/site-packages/oslo_config/cfg.py:3256}}
May 20 19:00:33.147735 np0000175420 neutron-periodic-workers[105029]: DEBUG cotyledon.oslo_config_glue [-] ovn_nb_global.ignore_lsp_down = False {{(pid=105029) log_opt_values /opt/stack/data/venv/lib/python3.12/site-packages/oslo_config/cfg.py:3256}}
May 20 19:00:33.147929 np0000175420 neutron-periodic-workers[105029]: DEBUG cotyledon.oslo_config_glue [-] ovn_nb_global.mac_binding_removal_limit = 0 {{(pid=105029) log_opt_values /opt/stack/data/venv/lib/python3.12/site-packages/oslo_config/cfg.py:3256}}
May 20 19:00:33.147929 np0000175420 neutron-periodic-workers[105029]: DEBUG cotyledon.oslo_config_glue [-] ******************************************************************************** {{(pid=105029) log_opt_values /opt/stack/data/venv/lib/python3.12/site-packages/oslo_config/cfg.py:3263}}
May 20 19:00:33.147929 np0000175420 neutron-periodic-workers[105029]: DEBUG cotyledon._service_worker [-] Run service ServiceWrapper(0) [105029] {{(pid=105029) wait_forever /opt/stack/data/venv/lib/python3.12/site-packages/cotyledon/_service_worker.py:218}}
May 20 19:00:42.754601 np0000175420 neutron-periodic-workers[104175]: DEBUG dbcounter [-] [104175] Writing DB stats neutron:SELECT=4 {{(pid=104175) stat_writer /opt/stack/data/venv/lib/python3.12/site-packages/dbcounter.py:115}}
May 20 19:01:44.100066 np0000175420 neutron-periodic-workers[105001]: DEBUG oslo_db.sqlalchemy.engines [None req-d6cabce0-0646-45a2-881a-4e76dea2925f None None] Parent process 104175 forked (105001) with an open database connection, which is being discarded and recreated. {{(pid=105001) checkout /opt/stack/data/venv/lib/python3.12/site-packages/oslo_db/sqlalchemy/engines.py:402}}
May 20 19:01:44.108946 np0000175420 neutron-periodic-workers[105001]: DEBUG dbcounter [-] [105001] Writer thread running {{(pid=105001) stat_writer /opt/stack/data/venv/lib/python3.12/site-packages/dbcounter.py:102}}
May 20 19:01:44.118108 np0000175420 neutron-periodic-workers[105001]: DEBUG oslo.service.backend._threading.loopingcall [None req-d6cabce0-0646-45a2-881a-4e76dea2925f None None] Fixed interval looping call 'neutron.plugins.ml2.plugin.DhcpAgentSchedulerDbMixin.remove_networks_from_down_agents' sleeping for 36.97 seconds {{(pid=105001) _run_loop /opt/stack/data/venv/lib/python3.12/site-packages/oslo_service/backend/_threading/loopingcall.py:125}}
May 20 19:01:46.129916 np0000175420 neutron-periodic-workers[105008]: DEBUG dbcounter [-] [105008] Writer thread running {{(pid=105008) stat_writer /opt/stack/data/venv/lib/python3.12/site-packages/dbcounter.py:102}}
May 20 19:01:46.133890 np0000175420 neutron-periodic-workers[105008]: DEBUG neutron.db.agents_db [None req-6d8f26ac-69e3-4e45-b7ea-6dbd0fd55f4e None None] Agent healthcheck: found 0 active agents {{(pid=105008) agent_health_check /opt/stack/neutron/neutron/db/agents_db.py:322}}
May 20 19:01:46.134206 np0000175420 neutron-periodic-workers[105008]: DEBUG oslo.service.backend._threading.loopingcall [None req-6d8f26ac-69e3-4e45-b7ea-6dbd0fd55f4e None None] Fixed interval looping call 'neutron.plugins.ml2.plugin.AgentDbMixin.agent_health_check' sleeping for 36.98 seconds {{(pid=105008) _run_loop /opt/stack/data/venv/lib/python3.12/site-packages/oslo_service/backend/_threading/loopingcall.py:125}}
May 20 19:01:54.117125 np0000175420 neutron-periodic-workers[105001]: DEBUG dbcounter [-] [105001] Writing DB stats neutron:SELECT=3 {{(pid=105001) stat_writer /opt/stack/data/venv/lib/python3.12/site-packages/dbcounter.py:115}}
May 20 19:01:56.130539 np0000175420 neutron-periodic-workers[105008]: DEBUG dbcounter [-] [105008] Writing DB stats neutron:SELECT=1 {{(pid=105008) stat_writer /opt/stack/data/venv/lib/python3.12/site-packages/dbcounter.py:115}}
May 20 19:02:21.098278 np0000175420 neutron-periodic-workers[105001]: DEBUG oslo.service.backend._threading.loopingcall [None req-d6cabce0-0646-45a2-881a-4e76dea2925f None None] Fixed interval looping call 'neutron.plugins.ml2.plugin.DhcpAgentSchedulerDbMixin.remove_networks_from_down_agents' sleeping for 36.99 seconds {{(pid=105001) _run_loop /opt/stack/data/venv/lib/python3.12/site-packages/oslo_service/backend/_threading/loopingcall.py:125}}
May 20 19:02:23.120813 np0000175420 neutron-periodic-workers[105008]: DEBUG neutron.db.agents_db [None req-6d8f26ac-69e3-4e45-b7ea-6dbd0fd55f4e None None] Agent healthcheck: found 0 active agents {{(pid=105008) agent_health_check /opt/stack/neutron/neutron/db/agents_db.py:322}}
May 20 19:02:23.121635 np0000175420 neutron-periodic-workers[105008]: DEBUG oslo.service.backend._threading.loopingcall [None req-6d8f26ac-69e3-4e45-b7ea-6dbd0fd55f4e None None] Fixed interval looping call 'neutron.plugins.ml2.plugin.AgentDbMixin.agent_health_check' sleeping for 36.99 seconds {{(pid=105008) _run_loop /opt/stack/data/venv/lib/python3.12/site-packages/oslo_service/backend/_threading/loopingcall.py:125}}
May 20 19:02:31.097314 np0000175420 neutron-periodic-workers[105001]: DEBUG dbcounter [-] [105001] Writing DB stats neutron:SELECT=3 {{(pid=105001) stat_writer /opt/stack/data/venv/lib/python3.12/site-packages/dbcounter.py:115}}
May 20 19:02:33.118517 np0000175420 neutron-periodic-workers[105008]: DEBUG dbcounter [-] [105008] Writing DB stats neutron:SELECT=1 {{(pid=105008) stat_writer /opt/stack/data/venv/lib/python3.12/site-packages/dbcounter.py:115}}
May 20 19:02:33.146107 np0000175420 neutron-periodic-workers[105021]: DEBUG dbcounter [-] [105021] Writer thread running {{(pid=105021) stat_writer /opt/stack/data/venv/lib/python3.12/site-packages/dbcounter.py:102}}
May 20 19:02:33.148048 np0000175420 neutron-periodic-workers[105021]: DEBUG oslo.service.backend._threading.loopingcall [None req-de987311-4c3a-4a42-a1eb-5708b757704d None None] Fixed interval looping call 'neutron.db.quota.driver_nolock.DbQuotaNoLockDriver._remove_expired_reservations' sleeping for 119.98 seconds {{(pid=105021) _run_loop /opt/stack/data/venv/lib/python3.12/site-packages/oslo_service/backend/_threading/loopingcall.py:125}}
May 20 19:02:43.147300 np0000175420 neutron-periodic-workers[105021]: DEBUG dbcounter [-] [105021] Writing DB stats neutron:DELETE=1 {{(pid=105021) stat_writer /opt/stack/data/venv/lib/python3.12/site-packages/dbcounter.py:115}}
May 20 19:02:58.097050 np0000175420 neutron-periodic-workers[105001]: DEBUG oslo.service.backend._threading.loopingcall [None req-d6cabce0-0646-45a2-881a-4e76dea2925f None None] Fixed interval looping call 'neutron.plugins.ml2.plugin.DhcpAgentSchedulerDbMixin.remove_networks_from_down_agents' sleeping for 36.99 seconds {{(pid=105001) _run_loop /opt/stack/data/venv/lib/python3.12/site-packages/oslo_service/backend/_threading/loopingcall.py:125}}
May 20 19:03:00.114761 np0000175420 neutron-periodic-workers[105008]: DEBUG neutron.db.agents_db [None req-6d8f26ac-69e3-4e45-b7ea-6dbd0fd55f4e None None] Agent healthcheck: found 0 active agents {{(pid=105008) agent_health_check /opt/stack/neutron/neutron/db/agents_db.py:322}}
May 20 19:03:00.115568 np0000175420 neutron-periodic-workers[105008]: DEBUG oslo.service.backend._threading.loopingcall [None req-6d8f26ac-69e3-4e45-b7ea-6dbd0fd55f4e None None] Fixed interval looping call 'neutron.plugins.ml2.plugin.AgentDbMixin.agent_health_check' sleeping for 37.00 seconds {{(pid=105008) _run_loop /opt/stack/data/venv/lib/python3.12/site-packages/oslo_service/backend/_threading/loopingcall.py:125}}
May 20 19:03:08.097222 np0000175420 neutron-periodic-workers[105001]: DEBUG dbcounter [-] [105001] Writing DB stats neutron:SELECT=3 {{(pid=105001) stat_writer /opt/stack/data/venv/lib/python3.12/site-packages/dbcounter.py:115}}
May 20 19:03:10.114205 np0000175420 neutron-periodic-workers[105008]: DEBUG dbcounter [-] [105008] Writing DB stats neutron:SELECT=1 {{(pid=105008) stat_writer /opt/stack/data/venv/lib/python3.12/site-packages/dbcounter.py:115}}
May 20 19:03:11.173718 np0000175420 neutron-periodic-workers[105029]: DEBUG dbcounter [-] [105029] Writer thread running {{(pid=105029) stat_writer /opt/stack/data/venv/lib/python3.12/site-packages/dbcounter.py:102}}
May 20 19:03:11.185102 np0000175420 neutron-periodic-workers[105029]: DEBUG oslo.service.backend._threading.loopingcall [None req-313d72a3-a78f-4d07-b283-7e62f36eced0 None None] Fixed interval looping call 'neutron.services.ovn_l3.plugin.L3_NAT_dbonly_mixin._clean_garbage' sleeping for 299.96 seconds {{(pid=105029) _run_loop /opt/stack/data/venv/lib/python3.12/site-packages/oslo_service/backend/_threading/loopingcall.py:125}}
May 20 19:03:21.174402 np0000175420 neutron-periodic-workers[105029]: DEBUG dbcounter [-] [105029] Writing DB stats neutron:SELECT=1 {{(pid=105029) stat_writer /opt/stack/data/venv/lib/python3.12/site-packages/dbcounter.py:115}}
May 20 19:03:35.096535 np0000175420 neutron-periodic-workers[105001]: DEBUG oslo.service.backend._threading.loopingcall [None req-d6cabce0-0646-45a2-881a-4e76dea2925f None None] Fixed interval looping call 'neutron.plugins.ml2.plugin.DhcpAgentSchedulerDbMixin.remove_networks_from_down_agents' sleeping for 36.99 seconds {{(pid=105001) _run_loop /opt/stack/data/venv/lib/python3.12/site-packages/oslo_service/backend/_threading/loopingcall.py:125}}
May 20 19:03:37.120267 np0000175420 neutron-periodic-workers[105008]: DEBUG neutron.db.agents_db [None req-6d8f26ac-69e3-4e45-b7ea-6dbd0fd55f4e None None] Agent healthcheck: found 0 active agents {{(pid=105008) agent_health_check /opt/stack/neutron/neutron/db/agents_db.py:322}}
May 20 19:03:37.120951 np0000175420 neutron-periodic-workers[105008]: DEBUG oslo.service.backend._threading.loopingcall [None req-6d8f26ac-69e3-4e45-b7ea-6dbd0fd55f4e None None] Fixed interval looping call 'neutron.plugins.ml2.plugin.AgentDbMixin.agent_health_check' sleeping for 36.99 seconds {{(pid=105008) _run_loop /opt/stack/data/venv/lib/python3.12/site-packages/oslo_service/backend/_threading/loopingcall.py:125}}
May 20 19:03:45.095327 np0000175420 neutron-periodic-workers[105001]: DEBUG dbcounter [-] [105001] Writing DB stats neutron:SELECT=3 {{(pid=105001) stat_writer /opt/stack/data/venv/lib/python3.12/site-packages/dbcounter.py:115}}
May 20 19:03:47.118702 np0000175420 neutron-periodic-workers[105008]: DEBUG dbcounter [-] [105008] Writing DB stats neutron:SELECT=1 {{(pid=105008) stat_writer /opt/stack/data/venv/lib/python3.12/site-packages/dbcounter.py:115}}
May 20 19:04:12.097277 np0000175420 neutron-periodic-workers[105001]: DEBUG oslo.service.backend._threading.loopingcall [None req-d6cabce0-0646-45a2-881a-4e76dea2925f None None] Fixed interval looping call 'neutron.plugins.ml2.plugin.DhcpAgentSchedulerDbMixin.remove_networks_from_down_agents' sleeping for 36.99 seconds {{(pid=105001) _run_loop /opt/stack/data/venv/lib/python3.12/site-packages/oslo_service/backend/_threading/loopingcall.py:125}}
May 20 19:04:14.116204 np0000175420 neutron-periodic-workers[105008]: DEBUG neutron.db.agents_db [None req-6d8f26ac-69e3-4e45-b7ea-6dbd0fd55f4e None None] Agent healthcheck: found 0 active agents {{(pid=105008) agent_health_check /opt/stack/neutron/neutron/db/agents_db.py:322}}
May 20 19:04:14.117111 np0000175420 neutron-periodic-workers[105008]: DEBUG oslo.service.backend._threading.loopingcall [None req-6d8f26ac-69e3-4e45-b7ea-6dbd0fd55f4e None None] Fixed interval looping call 'neutron.plugins.ml2.plugin.AgentDbMixin.agent_health_check' sleeping for 36.99 seconds {{(pid=105008) _run_loop /opt/stack/data/venv/lib/python3.12/site-packages/oslo_service/backend/_threading/loopingcall.py:125}}
May 20 19:04:22.095486 np0000175420 neutron-periodic-workers[105001]: DEBUG dbcounter [-] [105001] Writing DB stats neutron:SELECT=3 {{(pid=105001) stat_writer /opt/stack/data/venv/lib/python3.12/site-packages/dbcounter.py:115}}
May 20 19:04:24.114177 np0000175420 neutron-periodic-workers[105008]: DEBUG dbcounter [-] [105008] Writing DB stats neutron:SELECT=1 {{(pid=105008) stat_writer /opt/stack/data/venv/lib/python3.12/site-packages/dbcounter.py:115}}
May 20 19:04:33.132813 np0000175420 neutron-periodic-workers[105021]: DEBUG oslo.service.backend._threading.loopingcall [None req-de987311-4c3a-4a42-a1eb-5708b757704d None None] Fixed interval looping call 'neutron.db.quota.driver_nolock.DbQuotaNoLockDriver._remove_expired_reservations' sleeping for 120.00 seconds {{(pid=105021) _run_loop /opt/stack/data/venv/lib/python3.12/site-packages/oslo_service/backend/_threading/loopingcall.py:125}}
May 20 19:04:43.131631 np0000175420 neutron-periodic-workers[105021]: DEBUG dbcounter [-] [105021] Writing DB stats neutron:DELETE=1 {{(pid=105021) stat_writer /opt/stack/data/venv/lib/python3.12/site-packages/dbcounter.py:115}}
May 20 19:04:49.097667 np0000175420 neutron-periodic-workers[105001]: DEBUG oslo.service.backend._threading.loopingcall [None req-d6cabce0-0646-45a2-881a-4e76dea2925f None None] Fixed interval looping call 'neutron.plugins.ml2.plugin.DhcpAgentSchedulerDbMixin.remove_networks_from_down_agents' sleeping for 36.99 seconds {{(pid=105001) _run_loop /opt/stack/data/venv/lib/python3.12/site-packages/oslo_service/backend/_threading/loopingcall.py:125}}
May 20 19:04:51.113362 np0000175420 neutron-periodic-workers[105008]: DEBUG neutron.db.agents_db [None req-6d8f26ac-69e3-4e45-b7ea-6dbd0fd55f4e None None] Agent healthcheck: found 0 active agents {{(pid=105008) agent_health_check /opt/stack/neutron/neutron/db/agents_db.py:322}}
May 20 19:04:51.114017 np0000175420 neutron-periodic-workers[105008]: DEBUG oslo.service.backend._threading.loopingcall [None req-6d8f26ac-69e3-4e45-b7ea-6dbd0fd55f4e None None] Fixed interval looping call 'neutron.plugins.ml2.plugin.AgentDbMixin.agent_health_check' sleeping for 36.99 seconds {{(pid=105008) _run_loop /opt/stack/data/venv/lib/python3.12/site-packages/oslo_service/backend/_threading/loopingcall.py:125}}
May 20 19:04:59.096718 np0000175420 neutron-periodic-workers[105001]: DEBUG dbcounter [-] [105001] Writing DB stats neutron:SELECT=3 {{(pid=105001) stat_writer /opt/stack/data/venv/lib/python3.12/site-packages/dbcounter.py:115}}
May 20 19:05:01.111292 np0000175420 neutron-periodic-workers[105008]: DEBUG dbcounter [-] [105008] Writing DB stats neutron:SELECT=1 {{(pid=105008) stat_writer /opt/stack/data/venv/lib/python3.12/site-packages/dbcounter.py:115}}
May 20 19:05:26.095975 np0000175420 neutron-periodic-workers[105001]: DEBUG oslo.service.backend._threading.loopingcall [None req-d6cabce0-0646-45a2-881a-4e76dea2925f None None] Fixed interval looping call 'neutron.plugins.ml2.plugin.DhcpAgentSchedulerDbMixin.remove_networks_from_down_agents' sleeping for 36.99 seconds {{(pid=105001) _run_loop /opt/stack/data/venv/lib/python3.12/site-packages/oslo_service/backend/_threading/loopingcall.py:125}}
May 20 19:05:28.109590 np0000175420 neutron-periodic-workers[105008]: DEBUG neutron.db.agents_db [None req-6d8f26ac-69e3-4e45-b7ea-6dbd0fd55f4e None None] Agent healthcheck: found 0 active agents {{(pid=105008) agent_health_check /opt/stack/neutron/neutron/db/agents_db.py:322}}
May 20 19:05:28.109971 np0000175420 neutron-periodic-workers[105008]: DEBUG oslo.service.backend._threading.loopingcall [None req-6d8f26ac-69e3-4e45-b7ea-6dbd0fd55f4e None None] Fixed interval looping call 'neutron.plugins.ml2.plugin.AgentDbMixin.agent_health_check' sleeping for 36.99 seconds {{(pid=105008) _run_loop /opt/stack/data/venv/lib/python3.12/site-packages/oslo_service/backend/_threading/loopingcall.py:125}}
May 20 19:05:36.094980 np0000175420 neutron-periodic-workers[105001]: DEBUG dbcounter [-] [105001] Writing DB stats neutron:SELECT=3 {{(pid=105001) stat_writer /opt/stack/data/venv/lib/python3.12/site-packages/dbcounter.py:115}}
May 20 19:05:38.107686 np0000175420 neutron-periodic-workers[105008]: DEBUG dbcounter [-] [105008] Writing DB stats neutron:SELECT=1 {{(pid=105008) stat_writer /opt/stack/data/venv/lib/python3.12/site-packages/dbcounter.py:115}}
May 20 19:06:03.096992 np0000175420 neutron-periodic-workers[105001]: DEBUG oslo.service.backend._threading.loopingcall [None req-d6cabce0-0646-45a2-881a-4e76dea2925f None None] Fixed interval looping call 'neutron.plugins.ml2.plugin.DhcpAgentSchedulerDbMixin.remove_networks_from_down_agents' sleeping for 36.99 seconds {{(pid=105001) _run_loop /opt/stack/data/venv/lib/python3.12/site-packages/oslo_service/backend/_threading/loopingcall.py:125}}
May 20 19:06:05.105393 np0000175420 neutron-periodic-workers[105008]: DEBUG neutron.db.agents_db [None req-6d8f26ac-69e3-4e45-b7ea-6dbd0fd55f4e None None] Agent healthcheck: found 0 active agents {{(pid=105008) agent_health_check /opt/stack/neutron/neutron/db/agents_db.py:322}}
May 20 19:06:05.106112 np0000175420 neutron-periodic-workers[105008]: DEBUG oslo.service.backend._threading.loopingcall [None req-6d8f26ac-69e3-4e45-b7ea-6dbd0fd55f4e None None] Fixed interval looping call 'neutron.plugins.ml2.plugin.AgentDbMixin.agent_health_check' sleeping for 36.99 seconds {{(pid=105008) _run_loop /opt/stack/data/venv/lib/python3.12/site-packages/oslo_service/backend/_threading/loopingcall.py:125}}
May 20 19:06:13.096704 np0000175420 neutron-periodic-workers[105001]: DEBUG dbcounter [-] [105001] Writing DB stats neutron:SELECT=3 {{(pid=105001) stat_writer /opt/stack/data/venv/lib/python3.12/site-packages/dbcounter.py:115}}
May 20 19:06:15.103732 np0000175420 neutron-periodic-workers[105008]: DEBUG dbcounter [-] [105008] Writing DB stats neutron:SELECT=1 {{(pid=105008) stat_writer /opt/stack/data/venv/lib/python3.12/site-packages/dbcounter.py:115}}
May 20 19:06:33.136577 np0000175420 neutron-periodic-workers[105021]: DEBUG oslo.service.backend._threading.loopingcall [None req-de987311-4c3a-4a42-a1eb-5708b757704d None None] Fixed interval looping call 'neutron.db.quota.driver_nolock.DbQuotaNoLockDriver._remove_expired_reservations' sleeping for 120.00 seconds {{(pid=105021) _run_loop /opt/stack/data/venv/lib/python3.12/site-packages/oslo_service/backend/_threading/loopingcall.py:125}}
May 20 19:06:40.099562 np0000175420 neutron-periodic-workers[105001]: DEBUG oslo.service.backend._threading.loopingcall [None req-d6cabce0-0646-45a2-881a-4e76dea2925f None None] Fixed interval looping call 'neutron.plugins.ml2.plugin.DhcpAgentSchedulerDbMixin.remove_networks_from_down_agents' sleeping for 36.99 seconds {{(pid=105001) _run_loop /opt/stack/data/venv/lib/python3.12/site-packages/oslo_service/backend/_threading/loopingcall.py:125}}
May 20 19:06:42.101365 np0000175420 neutron-periodic-workers[105008]: DEBUG neutron.db.agents_db [None req-6d8f26ac-69e3-4e45-b7ea-6dbd0fd55f4e None None] Agent healthcheck: found 0 active agents {{(pid=105008) agent_health_check /opt/stack/neutron/neutron/db/agents_db.py:322}}
May 20 19:06:42.101888 np0000175420 neutron-periodic-workers[105008]: DEBUG oslo.service.backend._threading.loopingcall [None req-6d8f26ac-69e3-4e45-b7ea-6dbd0fd55f4e None None] Fixed interval looping call 'neutron.plugins.ml2.plugin.AgentDbMixin.agent_health_check' sleeping for 36.99 seconds {{(pid=105008) _run_loop /opt/stack/data/venv/lib/python3.12/site-packages/oslo_service/backend/_threading/loopingcall.py:125}}
May 20 19:06:43.135740 np0000175420 neutron-periodic-workers[105021]: DEBUG dbcounter [-] [105021] Writing DB stats neutron:DELETE=1 {{(pid=105021) stat_writer /opt/stack/data/venv/lib/python3.12/site-packages/dbcounter.py:115}}
May 20 19:06:50.099123 np0000175420 neutron-periodic-workers[105001]: DEBUG dbcounter [-] [105001] Writing DB stats neutron:SELECT=3 {{(pid=105001) stat_writer /opt/stack/data/venv/lib/python3.12/site-packages/dbcounter.py:115}}