2026-05-30 02:58:18.247 10 INFO neutron.wsgi [req-ce5e08ea-29d3-4fb7-b1fa-f61ea7fb3c77 req-fad31f00-ab51-448a-9359-d675b1329711 e4846b997c244ad39ba985ef728c18b0 554117ef52094691863c2f76bcc47aea - - 086c14915e1744adb37f7df17ca4858a 086c14915e1744adb37f7df17ca4858a] 10.0.0.31 "GET /v2.0/networks/986df58c-55ab-44f5-9b69-02f33b09e9df?fields=provider%3Aphysical_network&fields=provider%3Anetwork_type HTTP/1.1" status: 200 len: 277 time: 0.0770764
2026-05-30 02:58:18.282 9 INFO neutron.db.ovn_revision_numbers_db [None req-80fb42e5-3dc7-4c8b-93e3-6d705c986950 5edb02b4cb0444ef949b94b1de33b691 a00236af58484b30a93367345b3ac4d2 - - default default] Successfully bumped revision number for resource 8a053acb-768c-4f67-a005-76c3d8f5682c (type: router_ports) to 2
2026-05-30 02:58:18.285 9 INFO neutron.wsgi [None req-80fb42e5-3dc7-4c8b-93e3-6d705c986950 5edb02b4cb0444ef949b94b1de33b691 a00236af58484b30a93367345b3ac4d2 - - default default] 10.0.0.78 "PUT /v2.0/routers/19b593d0-e4a5-411b-ac32-55d00a7bddd5/add_router_interface HTTP/1.1" status: 200 len: 503 time: 1.8153811
2026-05-30 02:58:18.343 9 INFO neutron.wsgi [None req-3e85b9fa-1b59-4e71-a8b2-f5bb7fa0e0ad a725d6324237453e807d27015fc32512 269db063986247d5bc3864b7c9500512 - - default default] 10.0.0.78 "DELETE /v2.0/subnets/95442dc9-dce0-4c3d-b7c5-af996fb74591 HTTP/1.1" status: 204 len: 168 time: 0.2692454
2026-05-30 02:58:18.390 10 INFO neutron.wsgi [None req-ab3a033a-8880-4d8e-9637-9876d2b71062 a725d6324237453e807d27015fc32512 269db063986247d5bc3864b7c9500512 - - default default] 10.0.0.78 "GET /v2.0/subnets HTTP/1.1" status: 200 len: 820 time: 0.0416489
2026-05-30 02:58:18.417 9 INFO neutron.wsgi [None req-e3e061e6-796b-4b5b-af55-a34240e5fb48 5edb02b4cb0444ef949b94b1de33b691 a00236af58484b30a93367345b3ac4d2 - - default default] 10.0.0.78 "GET /v2.0/ports/8a053acb-768c-4f67-a005-76c3d8f5682c HTTP/1.1" status: 200 len: 1137 time: 0.1223798
2026-05-30 02:58:18.428 9 INFO neutron.wsgi [req-670348ec-1209-43fc-a632-0bf713d55844 req-896f66c0-aa27-4380-8117-e85fb237debc 88748d8d1190423592fbfdb275443ac7 31dd26b1b1f444dc8141bdabb0e4323a - - default default] 10.0.0.31 "GET /v2.0/ports?device_id=6ec58eb4-aa1f-46da-85f0-8aca255990af HTTP/1.1" status: 200 len: 210 time: 0.0263577
2026-05-30 02:58:18.526 10 INFO neutron.wsgi [None req-bc2905e9-70a9-4779-844c-6647195129a9 5edb02b4cb0444ef949b94b1de33b691 a00236af58484b30a93367345b3ac4d2 - - default default] 10.0.0.78 "GET /v2.0/ports/8a053acb-768c-4f67-a005-76c3d8f5682c HTTP/1.1" status: 200 len: 1137 time: 0.1049330
2026-05-30 02:58:19.045 10 INFO neutron.services.segments.plugin [-] Segment 3567dc71-482e-41f0-84f2-5ec178c777f8 resource provider aggregate not found
2026-05-30 02:58:19.048 10 INFO neutron.services.segments.plugin [-] Segment 3567dc71-482e-41f0-84f2-5ec178c777f8 resource provider aggregate not found
2026-05-30 02:58:19.062 10 INFO neutron.services.segments.plugin [-] Segment 3567dc71-482e-41f0-84f2-5ec178c777f8 resource provider not found; error: Placement Client Error (4xx): {"errors": [{"status": 404, "title": "Not Found", "detail": "The resource could not be found.\n\n No resource provider with uuid 3567dc71-482e-41f0-84f2-5ec178c777f8 found for delete ", "request_id": "req-19acafb0-ded0-4f3e-9d8f-a4a1c1df2e9e"}]}
2026-05-30 02:58:19.065 10 INFO neutron.services.segments.plugin [-] Segment 3567dc71-482e-41f0-84f2-5ec178c777f8 resource provider not found; error: Placement Client Error (4xx): {"errors": [{"status": 404, "title": "Not Found", "detail": "The resource could not be found.\n\n No resource provider with uuid 3567dc71-482e-41f0-84f2-5ec178c777f8 found for delete ", "request_id": "req-d4c27d5a-cfef-44ca-aae5-045492c22457"}]}
2026-05-30 02:58:19.105 10 INFO neutron.wsgi [None req-e370389d-a206-43bf-b861-f9e67f1d5bd2 a725d6324237453e807d27015fc32512 269db063986247d5bc3864b7c9500512 - - default default] 10.0.0.78 "DELETE /v2.0/networks/43e6c8d3-8212-4b08-8f6d-85c6f14c6bbc HTTP/1.1" status: 204 len: 168 time: 0.7090883
2026-05-30 02:58:19.118 10 INFO neutron.wsgi [req-c9f2e4b2-1cc8-4f7d-bb63-2dc122e3fdb8 req-7460b27b-51fa-4de0-83e8-f2f3c2799b87 a01322a9a4324917bbd8563d4cf0550e fb24dfb9fcae405ba59274f9b1e60101 - - default default] 10.0.0.31 "GET /v2.0/ports?device_id=11b03dd1-4b1a-4af6-b541-109a96d95b1a HTTP/1.1" status: 200 len: 1168 time: 0.1130023
2026-05-30 02:58:19.167 10 INFO neutron.wsgi [req-c9f2e4b2-1cc8-4f7d-bb63-2dc122e3fdb8 req-b50689a9-786e-427a-94c2-ffea8b0748e7 a01322a9a4324917bbd8563d4cf0550e fb24dfb9fcae405ba59274f9b1e60101 - - default default] 10.0.0.31 "GET /v2.0/security-groups?id=2a93be56-c7df-4bf7-ab83-169bc749e3f9&fields=id&fields=name HTTP/1.1" status: 200 len: 313 time: 0.0402949
2026-05-30 02:58:19.263 9 INFO neutron.wsgi [req-ce5e08ea-29d3-4fb7-b1fa-f61ea7fb3c77 req-a01fdaaf-8d71-4e5b-8cf8-47b08d6b9259 88748d8d1190423592fbfdb275443ac7 31dd26b1b1f444dc8141bdabb0e4323a - - default default] 199.204.45.65 "GET /v2.0/networks?id=986df58c-55ab-44f5-9b69-02f33b09e9df HTTP/1.1" status: 200 len: 868 time: 0.0942123
2026-05-30 02:58:19.344 9 INFO neutron.wsgi [req-ce5e08ea-29d3-4fb7-b1fa-f61ea7fb3c77 req-629cda48-0861-420b-810a-c54b16bc8733 88748d8d1190423592fbfdb275443ac7 31dd26b1b1f444dc8141bdabb0e4323a - - default default] 199.204.45.65 "GET /v2.0/security-groups?fields=id&fields=name&tenant_id=31dd26b1b1f444dc8141bdabb0e4323a HTTP/1.1" status: 200 len: 380 time: 0.0714681
2026-05-30 02:58:19.363 9 WARNING neutron_lib.context [req-ce5e08ea-29d3-4fb7-b1fa-f61ea7fb3c77 req-20dfa313-ab5e-4da7-bb85-adbd1d1daf41 88748d8d1190423592fbfdb275443ac7 31dd26b1b1f444dc8141bdabb0e4323a - - default default] Method 'is_advsvc' is deprecated since 2023.2 release (neutron-lib 3.8.0) and will be removed once support for the old RBAC API policies will be removed from Neutron. Please use method 'is_service_role' instead.
2026-05-30 02:58:19.531 9 INFO neutron.wsgi [req-98c8a3fb-4449-43a1-a2db-6a954c6a9ae3 req-8329f428-eb57-4321-a492-221fb141af4c 88748d8d1190423592fbfdb275443ac7 31dd26b1b1f444dc8141bdabb0e4323a - - default default] 10.0.0.31 "GET /v2.0/ports?device_id=6ec58eb4-aa1f-46da-85f0-8aca255990af HTTP/1.1" status: 200 len: 210 time: 0.0379059
2026-05-30 02:58:19.760 9 INFO neutron.services.segments.plugin [-] Segment 183e2c51-3112-48bf-b2db-0f2f3a7fea7e resource provider aggregate not found
2026-05-30 02:58:19.777 9 INFO neutron.services.segments.plugin [-] Segment 183e2c51-3112-48bf-b2db-0f2f3a7fea7e resource provider aggregate not found
2026-05-30 02:58:19.795 9 INFO neutron.services.segments.plugin [-] Segment 183e2c51-3112-48bf-b2db-0f2f3a7fea7e resource provider not found; error: Placement Client Error (4xx): {"errors": [{"status": 404, "title": "Not Found", "detail": "The resource could not be found.\n\n No resource provider with uuid 183e2c51-3112-48bf-b2db-0f2f3a7fea7e found for delete ", "request_id": "req-c06a76df-959d-4312-803e-23459b501922"}]}
2026-05-30 02:58:19.798 9 INFO neutron.wsgi [None req-5072687b-afae-438d-a7af-7ba7e7469a60 5edb02b4cb0444ef949b94b1de33b691 a00236af58484b30a93367345b3ac4d2 - - default default] 10.0.0.78 "PUT /v2.0/routers/19b593d0-e4a5-411b-ac32-55d00a7bddd5/remove_router_interface HTTP/1.1" status: 200 len: 503 time: 1.2649524
2026-05-30 02:58:19.799 9 INFO neutron.services.segments.plugin [-] Segment 183e2c51-3112-48bf-b2db-0f2f3a7fea7e resource provider not found; error: Placement Client Error (4xx): {"errors": [{"status": 404, "title": "Not Found", "detail": "The resource could not be found.\n\n No resource provider with uuid 183e2c51-3112-48bf-b2db-0f2f3a7fea7e found for delete ", "request_id": "req-6c37d82f-dc52-4908-9401-604b9b11316f"}]}
2026-05-30 02:58:19.828 9 INFO neutron.wsgi [None req-429b2a9e-f509-4382-8b5d-8489aa713a89 a725d6324237453e807d27015fc32512 269db063986247d5bc3864b7c9500512 - - default default] 10.0.0.78 "DELETE /v2.0/networks/380f1042-3384-4fa0-8c54-994f4283b8b9 HTTP/1.1" status: 204 len: 168 time: 0.7155631
2026-05-30 02:58:19.883 9 WARNING neutron.scheduler.dhcp_agent_scheduler [req-ce5e08ea-29d3-4fb7-b1fa-f61ea7fb3c77 req-20dfa313-ab5e-4da7-bb85-adbd1d1daf41 88748d8d1190423592fbfdb275443ac7 31dd26b1b1f444dc8141bdabb0e4323a - - default default] No more DHCP agents
2026-05-30 02:58:19.885 9 WARNING neutron.api.rpc.agentnotifiers.dhcp_rpc_agent_api [req-ce5e08ea-29d3-4fb7-b1fa-f61ea7fb3c77 req-20dfa313-ab5e-4da7-bb85-adbd1d1daf41 88748d8d1190423592fbfdb275443ac7 31dd26b1b1f444dc8141bdabb0e4323a - - default default] Unable to schedule network 986df58c-55ab-44f5-9b69-02f33b09e9df: no agents available; will retry on subsequent port and subnet creation events.
2026-05-30 02:58:19.925 10 INFO neutron.wsgi [None req-e34f8ba9-807f-4703-927f-63bd1071e0de 5edb02b4cb0444ef949b94b1de33b691 a00236af58484b30a93367345b3ac4d2 - - default default] 10.0.0.78 "GET /v2.0/ports/5f2f1b41-427d-4267-b0ed-835c152eae99 HTTP/1.1" status: 200 len: 1135 time: 0.1221871
2026-05-30 02:58:20.040 9 INFO neutron.db.ovn_revision_numbers_db [req-ce5e08ea-29d3-4fb7-b1fa-f61ea7fb3c77 req-20dfa313-ab5e-4da7-bb85-adbd1d1daf41 88748d8d1190423592fbfdb275443ac7 31dd26b1b1f444dc8141bdabb0e4323a - - default default] Successfully bumped revision number for resource 17afe4e5-d043-46c2-be1b-7166074e1193 (type: ports) to 1
2026-05-30 02:58:20.065 9 INFO neutron.wsgi [req-ce5e08ea-29d3-4fb7-b1fa-f61ea7fb3c77 req-20dfa313-ab5e-4da7-bb85-adbd1d1daf41 88748d8d1190423592fbfdb275443ac7 31dd26b1b1f444dc8141bdabb0e4323a - - default default] 199.204.45.65 "POST /v2.0/ports HTTP/1.1" status: 201 len: 1158 time: 0.7105877 /var/lib/openstack/lib/python3.10/site-packages/pycadf/identifier.py:71: UserWarning: Invalid uuid: neutron. To ensure interoperability, identifiers should be a valid uuid. warnings.warn(('Invalid uuid: %s. To ensure interoperability, '
2026-05-30 02:58:20.284 10 INFO neutron.wsgi [req-005d21bd-f8fe-4ef4-973e-4be8e45dd31a req-8d46033f-1095-4878-ae0f-d415f6168ebd a01322a9a4324917bbd8563d4cf0550e fb24dfb9fcae405ba59274f9b1e60101 - - default default] 10.0.0.31 "GET /v2.0/ports?device_id=11b03dd1-4b1a-4af6-b541-109a96d95b1a HTTP/1.1" status: 200 len: 1168 time: 0.0424669
2026-05-30 02:58:20.301 10 INFO neutron.wsgi [None req-e1f04f6d-c569-404e-958f-204454828d6d a725d6324237453e807d27015fc32512 269db063986247d5bc3864b7c9500512 - - default default] 10.0.0.78 "DELETE /v2.0/networks/55667298-f5d2-480c-bb7f-2ab09cc0fb15 HTTP/1.1" status: 204 len: 168 time: 0.4670815
2026-05-30 02:58:20.362 10 INFO neutron.wsgi [req-005d21bd-f8fe-4ef4-973e-4be8e45dd31a req-16194e02-2dbc-42bd-bced-5942023091e6 a01322a9a4324917bbd8563d4cf0550e fb24dfb9fcae405ba59274f9b1e60101 - - default default] 10.0.0.31 "GET /v2.0/security-groups?id=2a93be56-c7df-4bf7-ab83-169bc749e3f9&fields=id&fields=name HTTP/1.1" status: 200 len: 313 time: 0.0683405
2026-05-30 02:58:20.400 9 WARNING neutron.plugins.ml2.drivers.ovn.mech_driver.ovsdb.ovn_client [None req-aac1a681-d7ab-412f-a4f5-58a54f6b1fdb - - - - - -] No hosting information found for port 8b733aa8-655e-4a64-a0fa-4461362b46a6: RuntimeError: No hosting information found for port 8b733aa8-655e-4a64-a0fa-4461362b46a6
2026-05-30 02:58:20.400 9 INFO neutron.plugins.ml2.drivers.ovn.mech_driver.mech_driver [None req-aac1a681-d7ab-412f-a4f5-58a54f6b1fdb - - - - - -] OVN reports status up for port: 5f2f1b41-427d-4267-b0ed-835c152eae99
2026-05-30 02:58:20.414 9 INFO neutron.plugins.ml2.plugin [None req-aac1a681-d7ab-412f-a4f5-58a54f6b1fdb - - - - - -] Attempt 1 to provision port 5f2f1b41-427d-4267-b0ed-835c152eae99
2026-05-30 02:58:20.504 9 INFO neutron.db.ovn_revision_numbers_db [req-ce5e08ea-29d3-4fb7-b1fa-f61ea7fb3c77 req-77067b48-58f5-47b3-9e99-d6e3c865591a e4846b997c244ad39ba985ef728c18b0 554117ef52094691863c2f76bcc47aea - - 086c14915e1744adb37f7df17ca4858a 086c14915e1744adb37f7df17ca4858a] Successfully bumped revision number for resource 17afe4e5-d043-46c2-be1b-7166074e1193 (type: ports) to 2 /var/lib/openstack/lib/python3.10/site-packages/pycadf/identifier.py:71: UserWarning: Invalid uuid: neutron. To ensure interoperability, identifiers should be a valid uuid. warnings.warn(('Invalid uuid: %s. To ensure interoperability, '
2026-05-30 02:58:20.671 10 INFO neutron.wsgi [None req-9e7d804d-16dd-4855-b76e-a5b223bf1a41 a725d6324237453e807d27015fc32512 269db063986247d5bc3864b7c9500512 - - default default] 10.0.0.78 "DELETE /v2.0/networks/bebe400a-0a07-4488-8887-35b9f9ff6e1a HTTP/1.1" status: 204 len: 168 time: 0.3616161
2026-05-30 02:58:20.773 9 INFO neutron.wsgi [req-ad5c5037-7d8f-44ce-88c7-36634d3271b4 req-2b4c2dbb-96c1-4bdd-8224-e3a72c931648 88748d8d1190423592fbfdb275443ac7 31dd26b1b1f444dc8141bdabb0e4323a - - default default] 10.0.0.31 "GET /v2.0/ports?device_id=6ec58eb4-aa1f-46da-85f0-8aca255990af HTTP/1.1" status: 200 len: 1168 time: 0.1691546 /var/lib/openstack/lib/python3.10/site-packages/pycadf/identifier.py:71: UserWarning: Invalid uuid: neutron. To ensure interoperability, identifiers should be a valid uuid. warnings.warn(('Invalid uuid: %s. To ensure interoperability, '
2026-05-30 02:58:20.845 9 INFO neutron.db.ovn_revision_numbers_db [req-ce5e08ea-29d3-4fb7-b1fa-f61ea7fb3c77 req-77067b48-58f5-47b3-9e99-d6e3c865591a e4846b997c244ad39ba985ef728c18b0 554117ef52094691863c2f76bcc47aea - - 086c14915e1744adb37f7df17ca4858a 086c14915e1744adb37f7df17ca4858a] Successfully bumped revision number for resource 17afe4e5-d043-46c2-be1b-7166074e1193 (type: ports) to 2
2026-05-30 02:58:20.850 9 INFO neutron.wsgi [req-ad5c5037-7d8f-44ce-88c7-36634d3271b4 req-fe4b01e5-b4fe-41f1-b011-a0c6db519824 88748d8d1190423592fbfdb275443ac7 31dd26b1b1f444dc8141bdabb0e4323a - - default default] 10.0.0.31 "GET /v2.0/security-groups?id=349083dc-6633-4d15-b510-d0be292a47c6&fields=id&fields=name HTTP/1.1" status: 200 len: 313 time: 0.0664785
2026-05-30 02:58:20.864 9 INFO neutron.wsgi [req-ce5e08ea-29d3-4fb7-b1fa-f61ea7fb3c77 req-77067b48-58f5-47b3-9e99-d6e3c865591a e4846b997c244ad39ba985ef728c18b0 554117ef52094691863c2f76bcc47aea - - 086c14915e1744adb37f7df17ca4858a 086c14915e1744adb37f7df17ca4858a] 199.204.45.65 "PUT /v2.0/ports/17afe4e5-d043-46c2-be1b-7166074e1193 HTTP/1.1" status: 200 len: 1376 time: 0.7928882
2026-05-30 02:58:20.870 9 INFO neutron.db.ovn_revision_numbers_db [None req-aac1a681-d7ab-412f-a4f5-58a54f6b1fdb - - - - - -] Successfully bumped revision number for resource 5f2f1b41-427d-4267-b0ed-835c152eae99 (type: ports) to 2
2026-05-30 02:58:20.967 10 INFO neutron.wsgi [None req-78d1bd37-7ced-4579-810f-7bb93ecf85ea 5edb02b4cb0444ef949b94b1de33b691 a00236af58484b30a93367345b3ac4d2 - - default default] 10.0.0.78 "GET /v2.0/ports/5f2f1b41-427d-4267-b0ed-835c152eae99 HTTP/1.1" status: 200 len: 1137 time: 0.0341532
2026-05-30 02:58:21.077 9 INFO neutron.notifiers.nova [-] Nova event matching ['req-22926c17-d509-4fee-b942-8b0fb0301af5'] response: {'name': 'network-changed', 'server_uuid': '6ec58eb4-aa1f-46da-85f0-8aca255990af', 'tag': '17afe4e5-d043-46c2-be1b-7166074e1193', 'status': 'completed', 'code': 200}
2026-05-30 02:58:21.080 10 INFO neutron.services.segments.plugin [-] Segment 33e066dd-bd1c-40c2-a0f5-85ecffb9ac9d resource provider aggregate not found
2026-05-30 02:58:21.088 10 INFO neutron.services.segments.plugin [-] Segment 33e066dd-bd1c-40c2-a0f5-85ecffb9ac9d resource provider aggregate not found
2026-05-30 02:58:21.099 10 INFO neutron.services.segments.plugin [-] Segment 33e066dd-bd1c-40c2-a0f5-85ecffb9ac9d resource provider not found; error: Placement Client Error (4xx): {"errors": [{"status": 404, "title": "Not Found", "detail": "The resource could not be found.\n\n No resource provider with uuid 33e066dd-bd1c-40c2-a0f5-85ecffb9ac9d found for delete ", "request_id": "req-1e6e7318-38fe-47aa-9c46-d36d2819771d"}]}
2026-05-30 02:58:21.108 10 INFO neutron.services.segments.plugin [-] Segment 33e066dd-bd1c-40c2-a0f5-85ecffb9ac9d resource provider not found; error: Placement Client Error (4xx): {"errors": [{"status": 404, "title": "Not Found", "detail": "The resource could not be found.\n\n No resource provider with uuid 33e066dd-bd1c-40c2-a0f5-85ecffb9ac9d found for delete ", "request_id": "req-79106787-7284-450c-bfe2-a040d0ef0551"}]}
2026-05-30 02:58:21.125 10 INFO neutron.services.segments.plugin [-] Segment 1bdb76fa-5b07-4e9e-a421-5aa73c6b50e2 resource provider aggregate not found
2026-05-30 02:58:21.131 9 INFO neutron.wsgi [req-ce5e08ea-29d3-4fb7-b1fa-f61ea7fb3c77 req-a0cc5117-5232-4796-9b84-39d6d257322a e4846b997c244ad39ba985ef728c18b0 554117ef52094691863c2f76bcc47aea - - 086c14915e1744adb37f7df17ca4858a 086c14915e1744adb37f7df17ca4858a] 199.204.45.65 "GET /v2.0/ports?tenant_id=31dd26b1b1f444dc8141bdabb0e4323a&device_id=6ec58eb4-aa1f-46da-85f0-8aca255990af HTTP/1.1" status: 200 len: 1407 time: 0.0532508
2026-05-30 02:58:21.131 10 INFO neutron.services.segments.plugin [-] Segment 1bdb76fa-5b07-4e9e-a421-5aa73c6b50e2 resource provider aggregate not found
2026-05-30 02:58:21.141 10 INFO neutron.services.segments.plugin [-] Segment 1bdb76fa-5b07-4e9e-a421-5aa73c6b50e2 resource provider not found; error: Placement Client Error (4xx): {"errors": [{"status": 404, "title": "Not Found", "detail": "The resource could not be found.\n\n No resource provider with uuid 1bdb76fa-5b07-4e9e-a421-5aa73c6b50e2 found for delete ", "request_id": "req-4e75790b-f692-4e74-9bbf-56295d5ebfd0"}]}
2026-05-30 02:58:21.155 10 INFO neutron.services.segments.plugin [-] Segment 1bdb76fa-5b07-4e9e-a421-5aa73c6b50e2 resource provider not found; error: Placement Client Error (4xx): {"errors": [{"status": 404, "title": "Not Found", "detail": "The resource could not be found.\n\n No resource provider with uuid 1bdb76fa-5b07-4e9e-a421-5aa73c6b50e2 found for delete ", "request_id": "req-8cbc9834-71b4-4159-abc3-038036567fea"}]}
2026-05-30 02:58:21.161 9 INFO neutron.wsgi [req-ce5e08ea-29d3-4fb7-b1fa-f61ea7fb3c77 req-6b15194e-a344-4b28-bbf7-e92cd3c70062 e4846b997c244ad39ba985ef728c18b0 554117ef52094691863c2f76bcc47aea - - 086c14915e1744adb37f7df17ca4858a 086c14915e1744adb37f7df17ca4858a] 199.204.45.65 "GET /v2.0/floatingips?fixed_ip_address=10.100.0.7&port_id=17afe4e5-d043-46c2-be1b-7166074e1193 HTTP/1.1" status: 200 len: 217 time: 0.0234179
2026-05-30 02:58:21.172 9 INFO neutron.db.ovn_revision_numbers_db [None req-aac1a681-d7ab-412f-a4f5-58a54f6b1fdb - - - - - -] Successfully bumped revision number for resource 5f2f1b41-427d-4267-b0ed-835c152eae99 (type: router_ports) to 2
2026-05-30 02:58:21.204 9 INFO neutron.wsgi [req-ce5e08ea-29d3-4fb7-b1fa-f61ea7fb3c77 req-1eafb0ec-60b8-4f31-914b-7cab9070bca2 e4846b997c244ad39ba985ef728c18b0 554117ef52094691863c2f76bcc47aea - - 086c14915e1744adb37f7df17ca4858a 086c14915e1744adb37f7df17ca4858a] 199.204.45.65 "GET /v2.0/subnets?id=c6dde545-2c30-41ac-9828-dc6ef2704c1d HTTP/1.1" status: 200 len: 862 time: 0.0378597
2026-05-30 02:58:21.242 9 INFO neutron.wsgi [req-ce5e08ea-29d3-4fb7-b1fa-f61ea7fb3c77 req-8e7569a4-388a-4d75-be68-12d5326a2a88 e4846b997c244ad39ba985ef728c18b0 554117ef52094691863c2f76bcc47aea - - 086c14915e1744adb37f7df17ca4858a 086c14915e1744adb37f7df17ca4858a] 199.204.45.65 "GET /v2.0/ports?network_id=986df58c-55ab-44f5-9b69-02f33b09e9df&device_owner=network%3Adhcp HTTP/1.1" status: 200 len: 210 time: 0.0274892
2026-05-30 02:58:21.303 9 INFO neutron.wsgi [req-ce5e08ea-29d3-4fb7-b1fa-f61ea7fb3c77 req-8b580134-0b9e-4094-bbea-c4a751a7e34a e4846b997c244ad39ba985ef728c18b0 554117ef52094691863c2f76bcc47aea - - 086c14915e1744adb37f7df17ca4858a 086c14915e1744adb37f7df17ca4858a] 199.204.45.65 "GET /v2.0/networks/986df58c-55ab-44f5-9b69-02f33b09e9df?fields=segments HTTP/1.1" status: 200 len: 212 time: 0.0500364
2026-05-30 02:58:21.387 9 INFO neutron.wsgi [req-ce5e08ea-29d3-4fb7-b1fa-f61ea7fb3c77 req-42f7d83f-8166-4f34-90d8-b4d901277fa3 e4846b997c244ad39ba985ef728c18b0 554117ef52094691863c2f76bcc47aea - - 086c14915e1744adb37f7df17ca4858a 086c14915e1744adb37f7df17ca4858a] 199.204.45.65 "GET /v2.0/networks/986df58c-55ab-44f5-9b69-02f33b09e9df?fields=provider%3Aphysical_network&fields=provider%3Anetwork_type HTTP/1.1" status: 200 len: 277 time: 0.0773304
2026-05-30 02:58:21.389 9 INFO neutron.wsgi [None req-42c15fad-3af9-45d9-a8ad-a75aeadcff89 0aa8b3db02e844fea94f41a4e43dcbf5 68ad9cc310aa4c6db3ebe292785ea6b4 - - default default] 10.0.0.78 "GET /v2.0/security-groups?tenant_id=269db063986247d5bc3864b7c9500512&name=default HTTP/1.1" status: 200 len: 2996 time: 0.1638277
2026-05-30 02:58:21.506 9 INFO neutron.wsgi [req-2d29d6a8-db3a-48c4-acc7-def0423f0890 req-a4b37d7d-e023-4140-b019-a4fc45d2e27b e4846b997c244ad39ba985ef728c18b0 554117ef52094691863c2f76bcc47aea - - 086c14915e1744adb37f7df17ca4858a 086c14915e1744adb37f7df17ca4858a] 199.204.45.65 "GET /v2.0/ports?tenant_id=31dd26b1b1f444dc8141bdabb0e4323a&device_id=6ec58eb4-aa1f-46da-85f0-8aca255990af HTTP/1.1" status: 200 len: 1407 time: 0.0661051
2026-05-30 02:58:21.589 9 INFO neutron.wsgi [req-7bd270a8-ef7b-449e-82b7-b9cc36dedec5 req-a32924ea-5fa3-40e6-97be-39795fa65afc a01322a9a4324917bbd8563d4cf0550e fb24dfb9fcae405ba59274f9b1e60101 - - default default] 10.0.0.31 "GET /v2.0/ports?device_id=11b03dd1-4b1a-4af6-b541-109a96d95b1a HTTP/1.1" status: 200 len: 1168 time: 0.1602085
2026-05-30 02:58:21.648 9 INFO neutron.wsgi [req-2d29d6a8-db3a-48c4-acc7-def0423f0890 req-ab259ba8-d08b-4053-8b3b-d6d27be817f4 e4846b997c244ad39ba985ef728c18b0 554117ef52094691863c2f76bcc47aea - - 086c14915e1744adb37f7df17ca4858a 086c14915e1744adb37f7df17ca4858a] 199.204.45.65 "GET /v2.0/networks?id=986df58c-55ab-44f5-9b69-02f33b09e9df HTTP/1.1" status: 200 len: 967 time: 0.1275012
2026-05-30 02:58:21.679 10 INFO neutron.wsgi [None req-d84ff2ef-4647-47f1-88a4-3d62b4eb80fc 5edb02b4cb0444ef949b94b1de33b691 a00236af58484b30a93367345b3ac4d2 - - default default] 10.0.0.78 "PUT /v2.0/routers/19b593d0-e4a5-411b-ac32-55d00a7bddd5/remove_router_interface HTTP/1.1" status: 200 len: 503 time: 0.7046404
2026-05-30 02:58:21.689 9 INFO neutron.wsgi [req-7bd270a8-ef7b-449e-82b7-b9cc36dedec5 req-e6764a90-4324-4898-a347-44f2e2a368ca a01322a9a4324917bbd8563d4cf0550e fb24dfb9fcae405ba59274f9b1e60101 - - default default] 10.0.0.31 "GET /v2.0/security-groups?id=2a93be56-c7df-4bf7-ab83-169bc749e3f9&fields=id&fields=name HTTP/1.1" status: 200 len: 313 time: 0.0901160 /var/lib/openstack/lib/python3.10/site-packages/pycadf/identifier.py:71: UserWarning: Invalid uuid: neutron. To ensure interoperability, identifiers should be a valid uuid. warnings.warn(('Invalid uuid: %s. To ensure interoperability, '
2026-05-30 02:58:21.691 9 INFO neutron.wsgi [req-2d29d6a8-db3a-48c4-acc7-def0423f0890 req-5efd6968-d8b6-4b3e-8127-d06cc612ba50 e4846b997c244ad39ba985ef728c18b0 554117ef52094691863c2f76bcc47aea - - 086c14915e1744adb37f7df17ca4858a 086c14915e1744adb37f7df17ca4858a] 199.204.45.65 "GET /v2.0/floatingips?fixed_ip_address=10.100.0.7&port_id=17afe4e5-d043-46c2-be1b-7166074e1193 HTTP/1.1" status: 200 len: 217 time: 0.0369165
2026-05-30 02:58:21.732 9 INFO neutron.wsgi [req-2d29d6a8-db3a-48c4-acc7-def0423f0890 req-c0b80424-8dd6-48a4-a405-1aa1f866623c e4846b997c244ad39ba985ef728c18b0 554117ef52094691863c2f76bcc47aea - - 086c14915e1744adb37f7df17ca4858a 086c14915e1744adb37f7df17ca4858a] 199.204.45.65 "GET /v2.0/subnets?id=c6dde545-2c30-41ac-9828-dc6ef2704c1d HTTP/1.1" status: 200 len: 862 time: 0.0373826
2026-05-30 02:58:21.733 10 INFO neutron.wsgi [None req-485c169d-6e2f-485f-8a0c-5959988818b2 5edb02b4cb0444ef949b94b1de33b691 a00236af58484b30a93367345b3ac4d2 - - default default] 10.0.0.78 "GET /v2.0/ports?device_id=19b593d0-e4a5-411b-ac32-55d00a7bddd5 HTTP/1.1" status: 200 len: 205 time: 0.0465629
2026-05-30 02:58:21.762 9 INFO neutron.wsgi [req-2d29d6a8-db3a-48c4-acc7-def0423f0890 req-54d3b93b-eefb-4a3c-9601-e848ff0e2533 e4846b997c244ad39ba985ef728c18b0 554117ef52094691863c2f76bcc47aea - - 086c14915e1744adb37f7df17ca4858a 086c14915e1744adb37f7df17ca4858a] 199.204.45.65 "GET /v2.0/ports?network_id=986df58c-55ab-44f5-9b69-02f33b09e9df&device_owner=network%3Adhcp HTTP/1.1" status: 200 len: 210 time: 0.0225132
2026-05-30 02:58:21.817 9 INFO neutron.wsgi [None req-4b1455bb-6ceb-4847-a580-e65e21649467 0aa8b3db02e844fea94f41a4e43dcbf5 68ad9cc310aa4c6db3ebe292785ea6b4 - - default default] 10.0.0.78 "DELETE /v2.0/security-groups/b7a31294-db6f-4ef7-a39e-2cf6ac0c73f8 HTTP/1.1" status: 204 len: 168 time: 0.4214327
2026-05-30 02:58:21.840 9 INFO neutron.wsgi [req-2d29d6a8-db3a-48c4-acc7-def0423f0890 req-8ede119a-8a3f-488a-940b-a22899e47611 e4846b997c244ad39ba985ef728c18b0 554117ef52094691863c2f76bcc47aea - - 086c14915e1744adb37f7df17ca4858a 086c14915e1744adb37f7df17ca4858a] 199.204.45.65 "GET /v2.0/networks/986df58c-55ab-44f5-9b69-02f33b09e9df?fields=segments HTTP/1.1" status: 200 len: 212 time: 0.0698555
2026-05-30 02:58:21.902 9 INFO neutron.wsgi [req-2d29d6a8-db3a-48c4-acc7-def0423f0890 req-55a1f5e5-42a0-4819-a683-daeb8f59b159 e4846b997c244ad39ba985ef728c18b0 554117ef52094691863c2f76bcc47aea - - 086c14915e1744adb37f7df17ca4858a 086c14915e1744adb37f7df17ca4858a] 199.204.45.65 "GET /v2.0/networks/986df58c-55ab-44f5-9b69-02f33b09e9df?fields=provider%3Aphysical_network&fields=provider%3Anetwork_type HTTP/1.1" status: 200 len: 277 time: 0.0534744
2026-05-30 02:58:21.984 10 INFO neutron.wsgi [req-f42f2efe-9f46-4144-ad37-80b54c26e0b0 req-58f4e092-2470-4311-bae4-fa6b79a7cfbf 88748d8d1190423592fbfdb275443ac7 31dd26b1b1f444dc8141bdabb0e4323a - - default default] 10.0.0.31 "GET /v2.0/ports?device_id=6ec58eb4-aa1f-46da-85f0-8aca255990af HTTP/1.1" status: 200 len: 1168 time: 0.0703101
2026-05-30 02:58:22.052 10 INFO neutron.wsgi [req-f42f2efe-9f46-4144-ad37-80b54c26e0b0 req-4675e288-38e2-4e22-b027-97db13690c83 88748d8d1190423592fbfdb275443ac7 31dd26b1b1f444dc8141bdabb0e4323a - - default default] 10.0.0.31 "GET /v2.0/security-groups?id=349083dc-6633-4d15-b510-d0be292a47c6&fields=id&fields=name HTTP/1.1" status: 200 len: 313 time: 0.0618885
2026-05-30 02:58:22.067 10 INFO neutron.wsgi [None req-06690d93-440a-4563-90f0-fe3c29bf3337 5edb02b4cb0444ef949b94b1de33b691 a00236af58484b30a93367345b3ac4d2 - - default default] 10.0.0.78 "DELETE /v2.0/routers/19b593d0-e4a5-411b-ac32-55d00a7bddd5 HTTP/1.1" status: 204 len: 168 time: 0.3293567
2026-05-30 02:58:22.122 10 INFO neutron.wsgi [-] 10.0.0.42 "GET / HTTP/1.1" status: 200 len: 247 time: 0.0014768
2026-05-30 02:58:22.125 9 INFO neutron.wsgi [-] 10.0.0.42 "GET / HTTP/1.1" status: 200 len: 247 time: 0.0046725
2026-05-30 02:58:22.286 10 INFO neutron.wsgi [None req-69da801d-52bc-4032-908e-408d792f0333 5edb02b4cb0444ef949b94b1de33b691 a00236af58484b30a93367345b3ac4d2 - - default default] 10.0.0.78 "DELETE /v2.0/subnets/d01d1c6d-57ee-4396-98f8-379cf64d5c91 HTTP/1.1" status: 204 len: 168 time: 0.2135971
2026-05-30 02:58:22.527 9 INFO neutron.wsgi [None req-66200dc5-336a-4f09-bd0f-c98aea599dbe 5edb02b4cb0444ef949b94b1de33b691 a00236af58484b30a93367345b3ac4d2 - - default default] 10.0.0.78 "DELETE /v2.0/subnets/8eb8e58f-6b56-42ca-bb07-2edf82d86c03 HTTP/1.1" status: 204 len: 168 time: 0.2348361
2026-05-30 02:58:22.811 9 INFO neutron.wsgi [req-d0db3f13-8431-4168-a960-bf22010506bc req-fc77a6ab-d3b2-419d-be68-8935b38a1b0c a01322a9a4324917bbd8563d4cf0550e fb24dfb9fcae405ba59274f9b1e60101 - - default default] 10.0.0.31 "GET /v2.0/ports?device_id=11b03dd1-4b1a-4af6-b541-109a96d95b1a HTTP/1.1" status: 200 len: 1168 time: 0.0508327
2026-05-30 02:58:22.863 9 INFO neutron.wsgi [req-d0db3f13-8431-4168-a960-bf22010506bc req-3491fcc1-805c-4e71-9145-da61626d019a a01322a9a4324917bbd8563d4cf0550e fb24dfb9fcae405ba59274f9b1e60101 - - default default] 10.0.0.31 "GET /v2.0/security-groups?id=2a93be56-c7df-4bf7-ab83-169bc749e3f9&fields=id&fields=name HTTP/1.1" status: 200 len: 313 time: 0.0418780
2026-05-30 02:58:22.906 9 INFO neutron.services.segments.plugin [-] Segment 555a6493-a691-4179-9cfa-ed4ea00180ff resource provider aggregate not found
2026-05-30 02:58:22.910 9 INFO neutron.services.segments.plugin [-] Segment 555a6493-a691-4179-9cfa-ed4ea00180ff resource provider aggregate not found
2026-05-30 02:58:22.930 9 INFO neutron.services.segments.plugin [-] Segment 555a6493-a691-4179-9cfa-ed4ea00180ff resource provider not found; error: Placement Client Error (4xx): {"errors": [{"status": 404, "title": "Not Found", "detail": "The resource could not be found.\n\n No resource provider with uuid 555a6493-a691-4179-9cfa-ed4ea00180ff found for delete ", "request_id": "req-63da8c5d-beb1-4cb2-bf4d-7dad45c20c43"}]}
2026-05-30 02:58:22.931 9 INFO neutron.services.segments.plugin [-] Segment 555a6493-a691-4179-9cfa-ed4ea00180ff resource provider not found; error: Placement Client Error (4xx): {"errors": [{"status": 404, "title": "Not Found", "detail": "The resource could not be found.\n\n No resource provider with uuid 555a6493-a691-4179-9cfa-ed4ea00180ff found for delete ", "request_id": "req-017f965a-d57b-49c7-8243-86b0a48f4fbd"}]}
2026-05-30 02:58:22.960 9 INFO neutron.wsgi [None req-f925266a-6182-4a8c-981d-401246ae9852 5edb02b4cb0444ef949b94b1de33b691 a00236af58484b30a93367345b3ac4d2 - - default default] 10.0.0.78 "DELETE /v2.0/networks/efd8b810-2521-4874-a196-1fb5bc57229d HTTP/1.1" status: 204 len: 168 time: 0.4275460
2026-05-30 02:58:23.250 10 INFO neutron.wsgi [req-1df84b26-a5b4-4db5-b918-0b09695900c8 req-25a49b95-b55b-467b-9580-a6c535b2e4a8 88748d8d1190423592fbfdb275443ac7 31dd26b1b1f444dc8141bdabb0e4323a - - default default] 10.0.0.31 "GET /v2.0/ports?device_id=6ec58eb4-aa1f-46da-85f0-8aca255990af HTTP/1.1" status: 200 len: 1168 time: 0.1206727
2026-05-30 02:58:23.307 10 WARNING neutron.plugins.ml2.drivers.ovn.mech_driver.ovsdb.ovn_client [None req-6c3f93a1-c130-497e-9a8d-ffb6e57dd8ac - - - - - -] No port found with ID 8a053acb-768c-4f67-a005-76c3d8f5682c: RuntimeError: No port found with ID 8a053acb-768c-4f67-a005-76c3d8f5682c
2026-05-30 02:58:23.330 10 INFO neutron.wsgi [req-1df84b26-a5b4-4db5-b918-0b09695900c8 req-97348d6d-7842-44bc-990a-fcc5bf53e3bd 88748d8d1190423592fbfdb275443ac7 31dd26b1b1f444dc8141bdabb0e4323a - - default default] 10.0.0.31 "GET /v2.0/security-groups?id=349083dc-6633-4d15-b510-d0be292a47c6&fields=id&fields=name HTTP/1.1" status: 200 len: 313 time: 0.0749600
2026-05-30 02:58:23.408 10 INFO neutron.services.segments.plugin [-] Segment f2674cb9-d8d2-4009-b789-d6341fa790cf resource provider aggregate not found
2026-05-30 02:58:23.414 10 INFO neutron.services.segments.plugin [-] Segment f2674cb9-d8d2-4009-b789-d6341fa790cf resource provider aggregate not found
2026-05-30 02:58:23.428 10 INFO neutron.services.segments.plugin [-] Segment f2674cb9-d8d2-4009-b789-d6341fa790cf resource provider not found; error: Placement Client Error (4xx): {"errors": [{"status": 404, "title": "Not Found", "detail": "The resource could not be found.\n\n No resource provider with uuid f2674cb9-d8d2-4009-b789-d6341fa790cf found for delete ", "request_id": "req-a35fa5de-8e82-431b-9443-6b6d9ceabeaa"}]}
2026-05-30 02:58:23.432 10 INFO neutron.services.segments.plugin [-] Segment f2674cb9-d8d2-4009-b789-d6341fa790cf resource provider not found; error: Placement Client Error (4xx): {"errors": [{"status": 404, "title": "Not Found", "detail": "The resource could not be found.\n\n No resource provider with uuid f2674cb9-d8d2-4009-b789-d6341fa790cf found for delete ", "request_id": "req-85e728c0-543b-4556-8dd3-0e4c29026a64"}]}
2026-05-30 02:58:23.449 10 INFO neutron.wsgi [None req-74d4c09f-e23f-4892-a906-71e7e73aaf63 5edb02b4cb0444ef949b94b1de33b691 a00236af58484b30a93367345b3ac4d2 - - default default] 10.0.0.78 "DELETE /v2.0/networks/efb9a41d-0fba-4fba-b297-c53525af37ec HTTP/1.1" status: 204 len: 168 time: 0.4824066
2026-05-30 02:58:23.464 9 WARNING neutron_lib.context [None req-db733e65-8377-4e83-8a6d-721d3bdf2128 5edb02b4cb0444ef949b94b1de33b691 a00236af58484b30a93367345b3ac4d2 - - default default] Method 'is_advsvc' is deprecated since 2023.2 release (neutron-lib 3.8.0) and will be removed once support for the old RBAC API policies will be removed from Neutron. Please use method 'is_service_role' instead.
2026-05-30 02:58:23.544 9 INFO neutron.db.segments_db [None req-db733e65-8377-4e83-8a6d-721d3bdf2128 5edb02b4cb0444ef949b94b1de33b691 a00236af58484b30a93367345b3ac4d2 - - default default] Added segment 84e24821-1ccc-4f19-88d6-7650f560446e of type geneve for network 4de64290-ad5a-4029-904f-b928e6c2f8aa
2026-05-30 02:58:23.654 9 WARNING neutron_lib.context [None req-59ad845d-d149-46dc-a9b8-f495a1034d37 9eb2f310824841a29e773504bcafc8bd 24ea2049646a411c8758c08dc586ee73 - - default default] Method 'is_advsvc' is deprecated since 2023.2 release (neutron-lib 3.8.0) and will be removed once support for the old RBAC API policies will be removed from Neutron. Please use method 'is_service_role' instead.
2026-05-30 02:58:23.654 9 WARNING neutron_lib.context [None req-59ad845d-d149-46dc-a9b8-f495a1034d37 9eb2f310824841a29e773504bcafc8bd 24ea2049646a411c8758c08dc586ee73 - - default default] Method 'is_advsvc' is deprecated since 2023.2 release (neutron-lib 3.8.0) and will be removed once support for the old RBAC API policies will be removed from Neutron. Please use method 'is_service_role' instead.
2026-05-30 02:58:23.703 9 INFO neutron.db.ovn_revision_numbers_db [None req-db733e65-8377-4e83-8a6d-721d3bdf2128 5edb02b4cb0444ef949b94b1de33b691 a00236af58484b30a93367345b3ac4d2 - - default default] Successfully bumped revision number for resource 4de64290-ad5a-4029-904f-b928e6c2f8aa (type: networks) to 1
2026-05-30 02:58:23.848 9 INFO neutron.db.ovn_revision_numbers_db [None req-59ad845d-d149-46dc-a9b8-f495a1034d37 9eb2f310824841a29e773504bcafc8bd 24ea2049646a411c8758c08dc586ee73 - - default default] Successfully bumped revision number for resource 0af914c7-8fb7-48d8-b4d5-8da7497e1c62 (type: security_groups) to 1
2026-05-30 02:58:23.895 9 WARNING neutron.scheduler.dhcp_agent_scheduler [None req-db733e65-8377-4e83-8a6d-721d3bdf2128 5edb02b4cb0444ef949b94b1de33b691 a00236af58484b30a93367345b3ac4d2 - - default default] No more DHCP agents
2026-05-30 02:58:23.896 9 WARNING neutron.api.rpc.agentnotifiers.dhcp_rpc_agent_api [None req-db733e65-8377-4e83-8a6d-721d3bdf2128 5edb02b4cb0444ef949b94b1de33b691 a00236af58484b30a93367345b3ac4d2 - - default default] Unable to schedule network 4de64290-ad5a-4029-904f-b928e6c2f8aa: no agents available; will retry on subsequent port and subnet creation events.
2026-05-30 02:58:23.904 9 INFO neutron.db.ovn_revision_numbers_db [None req-59ad845d-d149-46dc-a9b8-f495a1034d37 9eb2f310824841a29e773504bcafc8bd 24ea2049646a411c8758c08dc586ee73 - - default default] Successfully bumped revision number for resource 0232a5a8-8aa1-4919-abb2-909153f16acb (type: security_group_rules) to 0
2026-05-30 02:58:23.928 9 INFO neutron.db.ovn_revision_numbers_db [None req-59ad845d-d149-46dc-a9b8-f495a1034d37 9eb2f310824841a29e773504bcafc8bd 24ea2049646a411c8758c08dc586ee73 - - default default] Successfully bumped revision number for resource 1045fc63-0319-49be-94d4-fefc735f9868 (type: security_group_rules) to 0
2026-05-30 02:58:23.949 9 INFO neutron.db.ovn_revision_numbers_db [None req-59ad845d-d149-46dc-a9b8-f495a1034d37 9eb2f310824841a29e773504bcafc8bd 24ea2049646a411c8758c08dc586ee73 - - default default] Successfully bumped revision number for resource 332f3791-c7ac-4892-a4d6-d378731ae124 (type: security_group_rules) to 0
2026-05-30 02:58:23.967 10 INFO neutron.wsgi [req-be51e6b1-3441-4c2d-98b6-96d2ea66b47e req-7e9aaecd-3280-49cd-a66c-45bacb9e446b a01322a9a4324917bbd8563d4cf0550e fb24dfb9fcae405ba59274f9b1e60101 - - default default] 10.0.0.31 "GET /v2.0/ports?device_id=11b03dd1-4b1a-4af6-b541-109a96d95b1a HTTP/1.1" status: 200 len: 1168 time: 0.0416417
2026-05-30 02:58:23.972 9 INFO neutron.db.ovn_revision_numbers_db [None req-59ad845d-d149-46dc-a9b8-f495a1034d37 9eb2f310824841a29e773504bcafc8bd 24ea2049646a411c8758c08dc586ee73 - - default default] Successfully bumped revision number for resource 77a4e6f6-f05b-4288-b857-c25badf8f2f1 (type: security_group_rules) to 0
2026-05-30 02:58:23.976 9 INFO neutron.db.ovn_revision_numbers_db [None req-db733e65-8377-4e83-8a6d-721d3bdf2128 5edb02b4cb0444ef949b94b1de33b691 a00236af58484b30a93367345b3ac4d2 - - default default] Successfully bumped revision number for resource ab1720fa-30b9-4239-b04c-ae592a8a0326 (type: ports) to 1
2026-05-30 02:58:24.006 9 INFO neutron.wsgi [None req-db733e65-8377-4e83-8a6d-721d3bdf2128 5edb02b4cb0444ef949b94b1de33b691 a00236af58484b30a93367345b3ac4d2 - - default default] 10.0.0.78 "POST /v2.0/networks HTTP/1.1" status: 201 len: 829 time: 0.5492418
2026-05-30 02:58:24.011 10 INFO neutron.wsgi [req-be51e6b1-3441-4c2d-98b6-96d2ea66b47e req-f5474350-9998-44cf-bcb3-1847a7063006 a01322a9a4324917bbd8563d4cf0550e fb24dfb9fcae405ba59274f9b1e60101 - - default default] 10.0.0.31 "GET /v2.0/security-groups?id=2a93be56-c7df-4bf7-ab83-169bc749e3f9&fields=id&fields=name HTTP/1.1" status: 200 len: 313 time: 0.0400515
2026-05-30 02:58:24.016 9 WARNING neutron_lib.context [None req-d1ffefe5-dd4c-4705-8ee3-57a00ffb75bc 5edb02b4cb0444ef949b94b1de33b691 a00236af58484b30a93367345b3ac4d2 - - default default] Method 'is_advsvc' is deprecated since 2023.2 release (neutron-lib 3.8.0) and will be removed once support for the old RBAC API policies will be removed from Neutron. Please use method 'is_service_role' instead.
2026-05-30 02:58:24.058 9 INFO neutron.db.segments_db [None req-59ad845d-d149-46dc-a9b8-f495a1034d37 9eb2f310824841a29e773504bcafc8bd 24ea2049646a411c8758c08dc586ee73 - - default default] Added segment 241a448c-e0b9-4c66-adc4-fbba850c4132 of type geneve for network 4cb56981-3e62-4e72-9202-0d43c653b2ab
2026-05-30 02:58:24.211 9 INFO neutron.db.segments_db [None req-59ad845d-d149-46dc-a9b8-f495a1034d37 9eb2f310824841a29e773504bcafc8bd 24ea2049646a411c8758c08dc586ee73 - - default default] Added segment a56d5910-370d-4e59-bd38-bdea71106b2e of type geneve for network 93fa168d-1608-4d83-9f0a-11b6627c6b2b
2026-05-30 02:58:24.371 9 WARNING neutron.scheduler.dhcp_agent_scheduler [None req-d1ffefe5-dd4c-4705-8ee3-57a00ffb75bc 5edb02b4cb0444ef949b94b1de33b691 a00236af58484b30a93367345b3ac4d2 - - default default] No more DHCP agents
2026-05-30 02:58:24.380 9 WARNING neutron.api.rpc.agentnotifiers.dhcp_rpc_agent_api [None req-d1ffefe5-dd4c-4705-8ee3-57a00ffb75bc 5edb02b4cb0444ef949b94b1de33b691 a00236af58484b30a93367345b3ac4d2 - - default default] Unable to schedule network 4de64290-ad5a-4029-904f-b928e6c2f8aa: no agents available; will retry on subsequent port and subnet creation events.
2026-05-30 02:58:24.425 9 INFO neutron.db.ovn_revision_numbers_db [None req-59ad845d-d149-46dc-a9b8-f495a1034d37 9eb2f310824841a29e773504bcafc8bd 24ea2049646a411c8758c08dc586ee73 - - default default] Successfully bumped revision number for resource 4cb56981-3e62-4e72-9202-0d43c653b2ab (type: networks) to 1
2026-05-30 02:58:24.460 9 INFO neutron.wsgi [req-b5a9e6ef-3787-48cc-a181-ff061e3f7d20 req-a8d1da3e-a460-430c-86af-ac8de3a24dcc 88748d8d1190423592fbfdb275443ac7 31dd26b1b1f444dc8141bdabb0e4323a - - default default] 10.0.0.31 "GET /v2.0/ports?device_id=6ec58eb4-aa1f-46da-85f0-8aca255990af HTTP/1.1" status: 200 len: 1168 time: 0.0612235
2026-05-30 02:58:24.559 9 INFO neutron.wsgi [req-b5a9e6ef-3787-48cc-a181-ff061e3f7d20 req-384be9dd-da1c-482d-8eef-e04684fbaeb4 88748d8d1190423592fbfdb275443ac7 31dd26b1b1f444dc8141bdabb0e4323a - - default default] 10.0.0.31 "GET /v2.0/security-groups?id=349083dc-6633-4d15-b510-d0be292a47c6&fields=id&fields=name HTTP/1.1" status: 200 len: 313 time: 0.0909007
2026-05-30 02:58:24.679 9 WARNING neutron.scheduler.dhcp_agent_scheduler [None req-59ad845d-d149-46dc-a9b8-f495a1034d37 9eb2f310824841a29e773504bcafc8bd 24ea2049646a411c8758c08dc586ee73 - - default default] No more DHCP agents
2026-05-30 02:58:24.683 9 WARNING neutron.api.rpc.agentnotifiers.dhcp_rpc_agent_api [None req-59ad845d-d149-46dc-a9b8-f495a1034d37 9eb2f310824841a29e773504bcafc8bd 24ea2049646a411c8758c08dc586ee73 - - default default] Unable to schedule network 4cb56981-3e62-4e72-9202-0d43c653b2ab: no agents available; will retry on subsequent port and subnet creation events.
2026-05-30 02:58:24.789 9 INFO neutron.db.ovn_revision_numbers_db [None req-59ad845d-d149-46dc-a9b8-f495a1034d37 9eb2f310824841a29e773504bcafc8bd 24ea2049646a411c8758c08dc586ee73 - - default default] Successfully bumped revision number for resource e9faf4c0-0347-4b86-8610-3db1beafa9cf (type: ports) to 1
2026-05-30 02:58:25.085 9 INFO neutron.db.ovn_revision_numbers_db [None req-59ad845d-d149-46dc-a9b8-f495a1034d37 9eb2f310824841a29e773504bcafc8bd 24ea2049646a411c8758c08dc586ee73 - - default default] Successfully bumped revision number for resource 93fa168d-1608-4d83-9f0a-11b6627c6b2b (type: networks) to 1
2026-05-30 02:58:25.173 10 INFO neutron.wsgi [req-19127f88-cb6a-46da-9a3a-f6a3ba7d8e8a req-88f586cb-a2b8-4d8c-a7b6-04278e53ccd8 a01322a9a4324917bbd8563d4cf0550e fb24dfb9fcae405ba59274f9b1e60101 - - default default] 10.0.0.31 "GET /v2.0/ports?device_id=11b03dd1-4b1a-4af6-b541-109a96d95b1a HTTP/1.1" status: 200 len: 1168 time: 0.1044068
2026-05-30 02:58:25.244 10 INFO neutron.wsgi [req-19127f88-cb6a-46da-9a3a-f6a3ba7d8e8a req-9cda4c2f-d7f2-4a50-af7e-031660a7820b a01322a9a4324917bbd8563d4cf0550e fb24dfb9fcae405ba59274f9b1e60101 - - default default] 10.0.0.31 "GET /v2.0/security-groups?id=2a93be56-c7df-4bf7-ab83-169bc749e3f9&fields=id&fields=name HTTP/1.1" status: 200 len: 313 time: 0.0611115
2026-05-30 02:58:25.328 9 WARNING neutron.scheduler.dhcp_agent_scheduler [None req-59ad845d-d149-46dc-a9b8-f495a1034d37 9eb2f310824841a29e773504bcafc8bd 24ea2049646a411c8758c08dc586ee73 - - default default] No more DHCP agents
2026-05-30 02:58:25.332 9 WARNING neutron.api.rpc.agentnotifiers.dhcp_rpc_agent_api [None req-59ad845d-d149-46dc-a9b8-f495a1034d37 9eb2f310824841a29e773504bcafc8bd 24ea2049646a411c8758c08dc586ee73 - - default default] Unable to schedule network 93fa168d-1608-4d83-9f0a-11b6627c6b2b: no agents available; will retry on subsequent port and subnet creation events.
2026-05-30 02:58:25.357 9 INFO neutron.db.ovn_revision_numbers_db [None req-d1ffefe5-dd4c-4705-8ee3-57a00ffb75bc 5edb02b4cb0444ef949b94b1de33b691 a00236af58484b30a93367345b3ac4d2 - - default default] Successfully bumped revision number for resource ab1720fa-30b9-4239-b04c-ae592a8a0326 (type: ports) to 2
2026-05-30 02:58:25.414 9 INFO neutron.db.ovn_revision_numbers_db [None req-d1ffefe5-dd4c-4705-8ee3-57a00ffb75bc 5edb02b4cb0444ef949b94b1de33b691 a00236af58484b30a93367345b3ac4d2 - - default default] Successfully bumped revision number for resource dab7644f-8d9e-4000-9095-5d7d0f420567 (type: subnets) to 0
2026-05-30 02:58:25.427 9 INFO neutron.db.ovn_revision_numbers_db [None req-59ad845d-d149-46dc-a9b8-f495a1034d37 9eb2f310824841a29e773504bcafc8bd 24ea2049646a411c8758c08dc586ee73 - - default default] Successfully bumped revision number for resource aa266945-5bd1-4cf9-892b-edb9abc4d5bc (type: ports) to 1
2026-05-30 02:58:25.430 9 INFO neutron.wsgi [None req-d1ffefe5-dd4c-4705-8ee3-57a00ffb75bc 5edb02b4cb0444ef949b94b1de33b691 a00236af58484b30a93367345b3ac4d2 - - default default] 10.0.0.78 "POST /v2.0/subnets HTTP/1.1" status: 201 len: 801 time: 1.4194870
2026-05-30 02:58:25.443 10 WARNING neutron_lib.context [None req-a0b04f14-57f8-4759-b163-2b25b0ea0e68 5edb02b4cb0444ef949b94b1de33b691 a00236af58484b30a93367345b3ac4d2 - - default default] Method 'is_advsvc' is deprecated since 2023.2 release (neutron-lib 3.8.0) and will be removed once support for the old RBAC API policies will be removed from Neutron. Please use method 'is_service_role' instead.
2026-05-30 02:58:25.452 9 INFO neutron.wsgi [None req-59ad845d-d149-46dc-a9b8-f495a1034d37 9eb2f310824841a29e773504bcafc8bd 24ea2049646a411c8758c08dc586ee73 - - default default] 10.0.0.78 "POST /v2.0/networks HTTP/1.1" status: 201 len: 1445 time: 1.9730623
2026-05-30 02:58:25.560 10 INFO neutron.wsgi [None req-377d4811-ae36-4eec-b7f3-ed4d374ece45 9eb2f310824841a29e773504bcafc8bd 24ea2049646a411c8758c08dc586ee73 - - default default] 10.0.0.78 "GET /v2.0/networks HTTP/1.1" status: 200 len: 2051 time: 0.1028972
2026-05-30 02:58:25.632 10 INFO neutron.db.ovn_revision_numbers_db [None req-a0b04f14-57f8-4759-b163-2b25b0ea0e68 5edb02b4cb0444ef949b94b1de33b691 a00236af58484b30a93367345b3ac4d2 - - default default] Successfully bumped revision number for resource a5357b9c-7385-47ec-8fd4-91ace2963e81 (type: routers) to 1
2026-05-30 02:58:25.647 10 INFO neutron.wsgi [None req-a0b04f14-57f8-4759-b163-2b25b0ea0e68 5edb02b4cb0444ef949b94b1de33b691 a00236af58484b30a93367345b3ac4d2 - - default default] 10.0.0.78 "POST /v2.0/routers HTTP/1.1" status: 201 len: 687 time: 0.2100098
2026-05-30 02:58:25.659 10 WARNING neutron_lib.context [None req-d5600531-4e17-4ecc-88d0-9ba84d1970c2 5edb02b4cb0444ef949b94b1de33b691 a00236af58484b30a93367345b3ac4d2 - - default default] Method 'is_advsvc' is deprecated since 2023.2 release (neutron-lib 3.8.0) and will be removed once support for the old RBAC API policies will be removed from Neutron. Please use method 'is_service_role' instead.
2026-05-30 02:58:25.665 9 INFO neutron.wsgi [req-87d3ff08-8e2c-4f1d-bd77-ad94f780435e req-1d8c08da-b582-4d65-aa86-d36ae1d022e1 88748d8d1190423592fbfdb275443ac7 31dd26b1b1f444dc8141bdabb0e4323a - - default default] 10.0.0.31 "GET /v2.0/ports?device_id=6ec58eb4-aa1f-46da-85f0-8aca255990af HTTP/1.1" status: 200 len: 1168 time: 0.0424476
2026-05-30 02:58:25.714 9 INFO neutron.wsgi [req-87d3ff08-8e2c-4f1d-bd77-ad94f780435e req-f06bc189-eeda-4d7f-8bb8-f9c9d5dce743 88748d8d1190423592fbfdb275443ac7 31dd26b1b1f444dc8141bdabb0e4323a - - default default] 10.0.0.31 "GET /v2.0/security-groups?id=349083dc-6633-4d15-b510-d0be292a47c6&fields=id&fields=name HTTP/1.1" status: 200 len: 313 time: 0.0424874
2026-05-30 02:58:25.990 9 INFO neutron.services.segments.plugin [-] Segment 241a448c-e0b9-4c66-adc4-fbba850c4132 resource provider aggregate not found
2026-05-30 02:58:25.995 9 INFO neutron.services.segments.plugin [-] Segment 241a448c-e0b9-4c66-adc4-fbba850c4132 resource provider aggregate not found
2026-05-30 02:58:26.013 9 INFO neutron.services.segments.plugin [-] Segment 241a448c-e0b9-4c66-adc4-fbba850c4132 resource provider not found; error: Placement Client Error (4xx): {"errors": [{"status": 404, "title": "Not Found", "detail": "The resource could not be found.\n\n No resource provider with uuid 241a448c-e0b9-4c66-adc4-fbba850c4132 found for delete ", "request_id": "req-2e1ebe49-2dbb-4d08-a4ed-4c1bac153b12"}]}
2026-05-30 02:58:26.014 9 INFO neutron.services.segments.plugin [-] Segment 241a448c-e0b9-4c66-adc4-fbba850c4132 resource provider not found; error: Placement Client Error (4xx): {"errors": [{"status": 404, "title": "Not Found", "detail": "The resource could not be found.\n\n No resource provider with uuid 241a448c-e0b9-4c66-adc4-fbba850c4132 found for delete ", "request_id": "req-d95da3b0-f833-4725-8d25-89a2fd6e233b"}]}
2026-05-30 02:58:26.035 9 INFO neutron.wsgi [None req-3d2be187-7f49-45bb-a2ee-f284c422feb7 9eb2f310824841a29e773504bcafc8bd 24ea2049646a411c8758c08dc586ee73 - - default default] 10.0.0.78 "DELETE /v2.0/networks/4cb56981-3e62-4e72-9202-0d43c653b2ab HTTP/1.1" status: 204 len: 168 time: 0.4702668
2026-05-30 02:58:26.250 9 WARNING neutron.plugins.ml2.drivers.ovn.mech_driver.ovsdb.ovn_client [None req-aac1a681-d7ab-412f-a4f5-58a54f6b1fdb - - - - - -] No port found with ID 5f2f1b41-427d-4267-b0ed-835c152eae99: RuntimeError: No port found with ID 5f2f1b41-427d-4267-b0ed-835c152eae99
2026-05-30 02:58:26.251 9 INFO neutron.plugins.ml2.drivers.ovn.mech_driver.mech_driver [None req-aac1a681-d7ab-412f-a4f5-58a54f6b1fdb - - - - - -] OVN reports status up for port: 7f80eac2-9aeb-4818-a0f1-d8d086c1de66
2026-05-30 02:58:26.263 9 INFO neutron.plugins.ml2.plugin [None req-aac1a681-d7ab-412f-a4f5-58a54f6b1fdb - - - - - -] Attempt 1 to provision port 7f80eac2-9aeb-4818-a0f1-d8d086c1de66
2026-05-30 02:58:26.271 10 WARNING neutron.scheduler.dhcp_agent_scheduler [None req-d5600531-4e17-4ecc-88d0-9ba84d1970c2 5edb02b4cb0444ef949b94b1de33b691 a00236af58484b30a93367345b3ac4d2 - - default default] No more DHCP agents
2026-05-30 02:58:26.272 10 WARNING neutron.api.rpc.agentnotifiers.dhcp_rpc_agent_api [None req-d5600531-4e17-4ecc-88d0-9ba84d1970c2 5edb02b4cb0444ef949b94b1de33b691 a00236af58484b30a93367345b3ac4d2 - - default default] Unable to schedule network 4de64290-ad5a-4029-904f-b928e6c2f8aa: no agents available; will retry on subsequent port and subnet creation events. /var/lib/openstack/lib/python3.10/site-packages/pycadf/identifier.py:71: UserWarning: Invalid uuid: neutron. To ensure interoperability, identifiers should be a valid uuid. warnings.warn(('Invalid uuid: %s. To ensure interoperability, '
2026-05-30 02:58:26.355 10 INFO neutron.wsgi [req-2c7aa381-d3a0-46ca-858f-acf6761fd4da req-f83198c9-60c5-49fb-aeb9-7e02157c4181 a01322a9a4324917bbd8563d4cf0550e fb24dfb9fcae405ba59274f9b1e60101 - - default default] 10.0.0.31 "GET /v2.0/ports?device_id=11b03dd1-4b1a-4af6-b541-109a96d95b1a HTTP/1.1" status: 200 len: 1168 time: 0.0477335
2026-05-30 02:58:26.425 9 INFO neutron.notifiers.nova [-] Nova event matching ['req-ede54b8c-ff6f-4b98-a0cb-7d7083723a3c'] response: {'server_uuid': '11b03dd1-4b1a-4af6-b541-109a96d95b1a', 'name': 'network-vif-plugged', 'status': 'completed', 'tag': '7f80eac2-9aeb-4818-a0f1-d8d086c1de66', 'code': 200}
2026-05-30 02:58:26.434 10 INFO neutron.wsgi [req-2c7aa381-d3a0-46ca-858f-acf6761fd4da req-f3f5f746-df9b-45b0-ad15-da544f808aa7 a01322a9a4324917bbd8563d4cf0550e fb24dfb9fcae405ba59274f9b1e60101 - - default default] 10.0.0.31 "GET /v2.0/security-groups?id=2a93be56-c7df-4bf7-ab83-169bc749e3f9&fields=id&fields=name HTTP/1.1" status: 200 len: 313 time: 0.0693526
2026-05-30 02:58:26.538 10 INFO neutron.db.ovn_revision_numbers_db [None req-d5600531-4e17-4ecc-88d0-9ba84d1970c2 5edb02b4cb0444ef949b94b1de33b691 a00236af58484b30a93367345b3ac4d2 - - default default] Successfully bumped revision number for resource cca74210-469b-4726-8b3f-355a6d8719f3 (type: ports) to 1
