2026-05-30 02:57:42.173 9 INFO neutron.wsgi [None req-405781cb-2797-424c-8ed4-f957e16cea8a 0aa8b3db02e844fea94f41a4e43dcbf5 68ad9cc310aa4c6db3ebe292785ea6b4 - - default default] 10.0.0.78 "DELETE /v2.0/security-groups/bb09cf5d-52a4-4042-b638-b726e9dd87be HTTP/1.1" status: 204 len: 168 time: 0.1745603
2026-05-30 02:57:43.245 9 INFO neutron.wsgi [None req-24c4fe31-1a5e-499a-a1d6-df04c3ac861c 0aa8b3db02e844fea94f41a4e43dcbf5 68ad9cc310aa4c6db3ebe292785ea6b4 - - default default] 10.0.0.127 "GET /v2.0/agents HTTP/1.1" status: 200 len: 997 time: 0.1744950
2026-05-30 02:57:43.263 9 INFO neutron.wsgi [None req-01ded094-5980-427b-9bfa-d299b9490287 0aa8b3db02e844fea94f41a4e43dcbf5 68ad9cc310aa4c6db3ebe292785ea6b4 - - default default] 10.0.0.127 "GET /v2.0/network-ip-availabilities HTTP/1.1" status: 200 len: 2258 time: 0.0177767
2026-05-30 02:57:43.332 9 INFO neutron.wsgi [None req-7403fb1a-ae6a-4916-ab89-95e536c51234 0aa8b3db02e844fea94f41a4e43dcbf5 68ad9cc310aa4c6db3ebe292785ea6b4 - - default default] 10.0.0.127 "GET /v2.0/ports HTTP/1.1" status: 200 len: 14988 time: 0.0673270
2026-05-30 02:57:43.421 9 INFO neutron.wsgi [None req-a65da68e-9966-44e2-a6e3-859bd15b6115 0aa8b3db02e844fea94f41a4e43dcbf5 68ad9cc310aa4c6db3ebe292785ea6b4 - - default default] 10.0.0.127 "GET /v2.0/networks HTTP/1.1" status: 200 len: 3882 time: 0.0806532
2026-05-30 02:57:43.455 9 INFO neutron.wsgi [None req-e61e90d8-1cdb-4698-9ea3-b818b3ee7f4d 0aa8b3db02e844fea94f41a4e43dcbf5 68ad9cc310aa4c6db3ebe292785ea6b4 - - default default] 10.0.0.127 "GET /v2.0/subnets HTTP/1.1" status: 200 len: 2762 time: 0.0313671
2026-05-30 02:57:43.959 9 INFO neutron.wsgi [None req-010f2e74-c4ab-4f1c-b9cf-793cf68a6ccc 0aa8b3db02e844fea94f41a4e43dcbf5 68ad9cc310aa4c6db3ebe292785ea6b4 - - default default] 10.0.0.127 "GET /v2.0/routers HTTP/1.1" status: 200 len: 1548 time: 0.5027876
2026-05-30 02:57:43.972 9 INFO neutron.wsgi [None req-60d7a532-c5d8-43cc-b84f-5c9324792915 0aa8b3db02e844fea94f41a4e43dcbf5 68ad9cc310aa4c6db3ebe292785ea6b4 - - default default] 10.0.0.127 "GET /v2.0/agents?binary=ovn-controller HTTP/1.1" status: 200 len: 591 time: 0.0118980
2026-05-30 02:57:44.026 9 INFO neutron.wsgi [None req-9399eff3-6730-406c-bb29-1f74d59de282 0aa8b3db02e844fea94f41a4e43dcbf5 68ad9cc310aa4c6db3ebe292785ea6b4 - - default default] 10.0.0.127 "GET /v2.0/floatingips HTTP/1.1" status: 200 len: 1574 time: 0.0526462
2026-05-30 02:57:44.065 9 INFO neutron.wsgi [None req-f982938b-22e9-4e4c-9bad-35bac9b7e4d5 0aa8b3db02e844fea94f41a4e43dcbf5 68ad9cc310aa4c6db3ebe292785ea6b4 - - default default] 10.0.0.127 "GET /v2.0/subnets HTTP/1.1" status: 200 len: 2762 time: 0.0386398
2026-05-30 02:57:44.077 9 INFO neutron.wsgi [None req-3e4f85e1-7681-4611-b576-0d9ba5612520 0aa8b3db02e844fea94f41a4e43dcbf5 68ad9cc310aa4c6db3ebe292785ea6b4 - - default default] 10.0.0.127 "GET /v2.0/subnetpools HTTP/1.1" status: 200 len: 193 time: 0.0095761
2026-05-30 02:57:44.155 9 INFO neutron.wsgi [None req-6f995eaa-e419-49dc-bd70-a2ad8c35b692 0aa8b3db02e844fea94f41a4e43dcbf5 68ad9cc310aa4c6db3ebe292785ea6b4 - - default default] 10.0.0.127 "GET /v2.0/security-groups HTTP/1.1" status: 200 len: 27839 time: 0.0773592
2026-05-30 02:57:44.883 10 INFO neutron.db.ovn_revision_numbers_db [None req-3c765070-e5cd-4c12-bca8-117a5783f591 0aa8b3db02e844fea94f41a4e43dcbf5 68ad9cc310aa4c6db3ebe292785ea6b4 - - default default] Successfully bumped revision number for resource 6850e33f-8765-462c-a4a2-32fb0a09c9c4 (type: security_groups) to 1
2026-05-30 02:57:44.897 10 INFO neutron.db.ovn_revision_numbers_db [None req-3c765070-e5cd-4c12-bca8-117a5783f591 0aa8b3db02e844fea94f41a4e43dcbf5 68ad9cc310aa4c6db3ebe292785ea6b4 - - default default] Successfully bumped revision number for resource 62a0d302-a50f-42f9-96d5-3f4b428aef46 (type: security_group_rules) to 0
2026-05-30 02:57:44.910 10 INFO neutron.db.ovn_revision_numbers_db [None req-3c765070-e5cd-4c12-bca8-117a5783f591 0aa8b3db02e844fea94f41a4e43dcbf5 68ad9cc310aa4c6db3ebe292785ea6b4 - - default default] Successfully bumped revision number for resource 6731b20b-0738-4675-bbd6-09466bb1a4a4 (type: security_group_rules) to 0
2026-05-30 02:57:44.923 10 INFO neutron.db.ovn_revision_numbers_db [None req-3c765070-e5cd-4c12-bca8-117a5783f591 0aa8b3db02e844fea94f41a4e43dcbf5 68ad9cc310aa4c6db3ebe292785ea6b4 - - default default] Successfully bumped revision number for resource 9c582407-abb8-424f-b374-308e274b076e (type: security_group_rules) to 0
2026-05-30 02:57:44.934 10 INFO neutron.db.ovn_revision_numbers_db [None req-3c765070-e5cd-4c12-bca8-117a5783f591 0aa8b3db02e844fea94f41a4e43dcbf5 68ad9cc310aa4c6db3ebe292785ea6b4 - - default default] Successfully bumped revision number for resource e73a4275-6132-4c07-89c1-c0c70f8883a8 (type: security_group_rules) to 0
2026-05-30 02:57:44.956 10 INFO neutron.wsgi [None req-3c765070-e5cd-4c12-bca8-117a5783f591 0aa8b3db02e844fea94f41a4e43dcbf5 68ad9cc310aa4c6db3ebe292785ea6b4 - - default default] 10.0.0.78 "GET /v2.0/security-groups?tenant_id=57079a490a4c41898f9f22aa33cdf1ac&name=default HTTP/1.1" status: 200 len: 2996 time: 0.3010051
2026-05-30 02:57:45.169 10 INFO neutron.wsgi [None req-12cf75cb-6181-4484-a2f8-9317fb473831 0aa8b3db02e844fea94f41a4e43dcbf5 68ad9cc310aa4c6db3ebe292785ea6b4 - - default default] 10.0.0.78 "DELETE /v2.0/security-groups/6850e33f-8765-462c-a4a2-32fb0a09c9c4 HTTP/1.1" status: 204 len: 168 time: 0.2087300
2026-05-30 02:57:45.412 9 INFO neutron.db.ovn_revision_numbers_db [None req-a72c980e-363a-479a-bf7a-411868a6b4d3 0aa8b3db02e844fea94f41a4e43dcbf5 68ad9cc310aa4c6db3ebe292785ea6b4 - - default default] Successfully bumped revision number for resource cb7dcae5-3e79-4eba-bfa9-d36bfa71473e (type: security_groups) to 1
2026-05-30 02:57:45.424 10 INFO neutron.db.ovn_revision_numbers_db [None req-66962ed5-c109-4014-b08c-8c6c00079712 0aa8b3db02e844fea94f41a4e43dcbf5 68ad9cc310aa4c6db3ebe292785ea6b4 - - default default] Successfully bumped revision number for resource c82018c7-bcc2-499f-84b5-e9348a0abc35 (type: security_groups) to 1
2026-05-30 02:57:45.429 9 INFO neutron.db.ovn_revision_numbers_db [None req-a72c980e-363a-479a-bf7a-411868a6b4d3 0aa8b3db02e844fea94f41a4e43dcbf5 68ad9cc310aa4c6db3ebe292785ea6b4 - - default default] Successfully bumped revision number for resource 2422f13d-f43e-45f5-8c4b-fbab24a0637d (type: security_group_rules) to 0
2026-05-30 02:57:45.444 10 INFO neutron.db.ovn_revision_numbers_db [None req-66962ed5-c109-4014-b08c-8c6c00079712 0aa8b3db02e844fea94f41a4e43dcbf5 68ad9cc310aa4c6db3ebe292785ea6b4 - - default default] Successfully bumped revision number for resource 73f492f4-39c3-475a-8dea-33284fab235a (type: security_group_rules) to 0
2026-05-30 02:57:45.448 9 INFO neutron.db.ovn_revision_numbers_db [None req-a72c980e-363a-479a-bf7a-411868a6b4d3 0aa8b3db02e844fea94f41a4e43dcbf5 68ad9cc310aa4c6db3ebe292785ea6b4 - - default default] Successfully bumped revision number for resource 5ae5db29-b135-4eb6-8eb8-c828a27e24df (type: security_group_rules) to 0
2026-05-30 02:57:45.460 10 INFO neutron.db.ovn_revision_numbers_db [None req-66962ed5-c109-4014-b08c-8c6c00079712 0aa8b3db02e844fea94f41a4e43dcbf5 68ad9cc310aa4c6db3ebe292785ea6b4 - - default default] Successfully bumped revision number for resource 7a9042f2-b027-4455-9ac7-335123d58467 (type: security_group_rules) to 0
2026-05-30 02:57:45.465 9 INFO neutron.db.ovn_revision_numbers_db [None req-a72c980e-363a-479a-bf7a-411868a6b4d3 0aa8b3db02e844fea94f41a4e43dcbf5 68ad9cc310aa4c6db3ebe292785ea6b4 - - default default] Successfully bumped revision number for resource ccadf5cc-a1e1-494f-8510-9b0376a6414d (type: security_group_rules) to 0
2026-05-30 02:57:45.479 10 INFO neutron.db.ovn_revision_numbers_db [None req-66962ed5-c109-4014-b08c-8c6c00079712 0aa8b3db02e844fea94f41a4e43dcbf5 68ad9cc310aa4c6db3ebe292785ea6b4 - - default default] Successfully bumped revision number for resource b1c22e5e-bd32-4f28-95b9-9d589640bc06 (type: security_group_rules) to 0
2026-05-30 02:57:45.482 9 INFO neutron.db.ovn_revision_numbers_db [None req-a72c980e-363a-479a-bf7a-411868a6b4d3 0aa8b3db02e844fea94f41a4e43dcbf5 68ad9cc310aa4c6db3ebe292785ea6b4 - - default default] Successfully bumped revision number for resource f38a22ae-2baa-453c-af75-afebb9162092 (type: security_group_rules) to 0
2026-05-30 02:57:45.497 10 INFO neutron.db.ovn_revision_numbers_db [None req-66962ed5-c109-4014-b08c-8c6c00079712 0aa8b3db02e844fea94f41a4e43dcbf5 68ad9cc310aa4c6db3ebe292785ea6b4 - - default default] Successfully bumped revision number for resource ceb13b16-d0df-48ee-bdc1-cd0a551ab9fd (type: security_group_rules) to 0
2026-05-30 02:57:45.509 9 INFO neutron.wsgi [None req-a72c980e-363a-479a-bf7a-411868a6b4d3 0aa8b3db02e844fea94f41a4e43dcbf5 68ad9cc310aa4c6db3ebe292785ea6b4 - - default default] 10.0.0.78 "GET /v2.0/security-groups?tenant_id=baa0b6db27354480a711234dee253a96&name=default HTTP/1.1" status: 200 len: 2996 time: 0.2435811
2026-05-30 02:57:45.535 10 INFO neutron.wsgi [None req-66962ed5-c109-4014-b08c-8c6c00079712 0aa8b3db02e844fea94f41a4e43dcbf5 68ad9cc310aa4c6db3ebe292785ea6b4 - - default default] 10.0.0.78 "GET /v2.0/security-groups?tenant_id=1bcc1854e13848a2988df93d15b0db36&name=default HTTP/1.1" status: 200 len: 2996 time: 0.3458922
2026-05-30 02:57:45.695 10 INFO neutron.wsgi [None req-8c45a2ff-8bf5-4dd2-ac8b-2cce4c9c981c 0aa8b3db02e844fea94f41a4e43dcbf5 68ad9cc310aa4c6db3ebe292785ea6b4 - - default default] 10.0.0.78 "DELETE /v2.0/security-groups/cb7dcae5-3e79-4eba-bfa9-d36bfa71473e HTTP/1.1" status: 204 len: 168 time: 0.1816840
2026-05-30 02:57:45.749 9 INFO neutron.wsgi [None req-98e528bd-28a2-4d06-a049-d5d6e96a2bee 0aa8b3db02e844fea94f41a4e43dcbf5 68ad9cc310aa4c6db3ebe292785ea6b4 - - default default] 10.0.0.78 "DELETE /v2.0/security-groups/c82018c7-bcc2-499f-84b5-e9348a0abc35 HTTP/1.1" status: 204 len: 168 time: 0.2057626
2026-05-30 02:57:46.488 9 INFO neutron.wsgi [req-d3c3e609-f016-487f-aed1-044d0349dc50 req-7739c83e-325d-4544-8f9b-1067c9b4be9d d0823fb3b3d34334a60122cb99d13f33 2950fc4ce08640f08695352b6b9453e7 - - default default] 10.0.0.31 "GET /v2.0/security-groups?name=tempest-securitygroup--2062461377&fields=id&tenant_id=2950fc4ce08640f08695352b6b9453e7 HTTP/1.1" status: 200 len: 267 time: 0.0439658
2026-05-30 02:57:46.649 9 INFO neutron.wsgi [req-d3c3e609-f016-487f-aed1-044d0349dc50 req-3965edd7-e061-41e7-84a4-9976169d8e18 d0823fb3b3d34334a60122cb99d13f33 2950fc4ce08640f08695352b6b9453e7 - - default default] 10.0.0.31 "GET /v2.0/networks?id=e3d98500-8781-41e7-b2a7-191527f2fcdb HTTP/1.1" status: 200 len: 878 time: 0.1562996
2026-05-30 02:57:46.665 9 INFO neutron.wsgi [req-d3c3e609-f016-487f-aed1-044d0349dc50 req-75984593-ffd3-44a5-8f5e-b947b8118df1 d0823fb3b3d34334a60122cb99d13f33 2950fc4ce08640f08695352b6b9453e7 - - default default] 10.0.0.31 "GET /v2.0/quotas/2950fc4ce08640f08695352b6b9453e7 HTTP/1.1" status: 200 len: 386 time: 0.0109608
2026-05-30 02:57:46.759 9 INFO neutron.wsgi [req-d3c3e609-f016-487f-aed1-044d0349dc50 req-cceca6e0-950b-45d6-91e8-3ff0d5155b85 d0823fb3b3d34334a60122cb99d13f33 2950fc4ce08640f08695352b6b9453e7 - - default default] 10.0.0.31 "GET /v2.0/ports?tenant_id=2950fc4ce08640f08695352b6b9453e7&fields=id HTTP/1.1" status: 200 len: 302 time: 0.0884311
2026-05-30 02:57:46.826 9 INFO neutron.wsgi [req-d3c3e609-f016-487f-aed1-044d0349dc50 req-5c01dbe7-81fd-4d19-b1d5-e71de1d152cc e4846b997c244ad39ba985ef728c18b0 554117ef52094691863c2f76bcc47aea - - 086c14915e1744adb37f7df17ca4858a 086c14915e1744adb37f7df17ca4858a] 10.0.0.31 "GET /v2.0/networks/e3d98500-8781-41e7-b2a7-191527f2fcdb?fields=segments HTTP/1.1" status: 200 len: 212 time: 0.0537088
2026-05-30 02:57:46.903 9 INFO neutron.wsgi [req-d3c3e609-f016-487f-aed1-044d0349dc50 req-2386f048-ff79-45ce-8bc0-758c6cf19636 e4846b997c244ad39ba985ef728c18b0 554117ef52094691863c2f76bcc47aea - - 086c14915e1744adb37f7df17ca4858a 086c14915e1744adb37f7df17ca4858a] 10.0.0.31 "GET /v2.0/networks/e3d98500-8781-41e7-b2a7-191527f2fcdb?fields=provider%3Aphysical_network&fields=provider%3Anetwork_type HTTP/1.1" status: 200 len: 277 time: 0.0717037
2026-05-30 02:57:46.928 10 WARNING neutron.plugins.ml2.drivers.ovn.mech_driver.ovsdb.ovn_client [None req-6c3f93a1-c130-497e-9a8d-ffb6e57dd8ac - - - - - -] No hosting information found for port de73db0c-7aa4-40e5-9d56-a04978c959b5: RuntimeError: No hosting information found for port de73db0c-7aa4-40e5-9d56-a04978c959b5
2026-05-30 02:57:47.219 10 INFO neutron.wsgi [req-38a6a2cc-3887-40e9-a845-2b17d7baeb8c req-c0a64b3b-3910-4783-8e4a-e594cc2aa725 d0823fb3b3d34334a60122cb99d13f33 2950fc4ce08640f08695352b6b9453e7 - - default default] 10.0.0.31 "GET /v2.0/ports?device_id=dceb97e0-5dd6-475e-b39f-9f73e5072832 HTTP/1.1" status: 200 len: 210 time: 0.0206699
2026-05-30 02:57:47.916 9 INFO neutron.wsgi [req-d3c3e609-f016-487f-aed1-044d0349dc50 req-674f7d26-5d5f-4d29-b2f9-8d8eeba6fa86 d0823fb3b3d34334a60122cb99d13f33 2950fc4ce08640f08695352b6b9453e7 - - default default] 199.204.45.65 "GET /v2.0/networks?id=e3d98500-8781-41e7-b2a7-191527f2fcdb HTTP/1.1" status: 200 len: 878 time: 0.0872979
2026-05-30 02:57:47.985 9 INFO neutron.wsgi [req-d3c3e609-f016-487f-aed1-044d0349dc50 req-259b40de-0177-4f49-83e5-f913fae7c3cd d0823fb3b3d34334a60122cb99d13f33 2950fc4ce08640f08695352b6b9453e7 - - default default] 199.204.45.65 "GET /v2.0/security-groups?fields=id&fields=name&tenant_id=2950fc4ce08640f08695352b6b9453e7 HTTP/1.1" status: 200 len: 380 time: 0.0611866
2026-05-30 02:57:48.005 9 WARNING neutron_lib.context [req-d3c3e609-f016-487f-aed1-044d0349dc50 req-f3bbcff5-d6ed-4d6c-a277-d564ce938075 d0823fb3b3d34334a60122cb99d13f33 2950fc4ce08640f08695352b6b9453e7 - - default default] Method 'is_advsvc' is deprecated since 2023.2 release (neutron-lib 3.8.0) and will be removed once support for the old RBAC API policies will be removed from Neutron. Please use method 'is_service_role' instead.
2026-05-30 02:57:48.306 9 INFO neutron.wsgi [req-0cbd3fd1-af70-4173-9833-dccf4bf1e12e req-986bb34a-95a8-4dac-ac02-6bd14b484795 d0823fb3b3d34334a60122cb99d13f33 2950fc4ce08640f08695352b6b9453e7 - - default default] 10.0.0.31 "GET /v2.0/ports?device_id=dceb97e0-5dd6-475e-b39f-9f73e5072832 HTTP/1.1" status: 200 len: 210 time: 0.0257320
2026-05-30 02:57:48.385 9 WARNING neutron.scheduler.dhcp_agent_scheduler [req-d3c3e609-f016-487f-aed1-044d0349dc50 req-f3bbcff5-d6ed-4d6c-a277-d564ce938075 d0823fb3b3d34334a60122cb99d13f33 2950fc4ce08640f08695352b6b9453e7 - - default default] No more DHCP agents
2026-05-30 02:57:48.388 9 WARNING neutron.api.rpc.agentnotifiers.dhcp_rpc_agent_api [req-d3c3e609-f016-487f-aed1-044d0349dc50 req-f3bbcff5-d6ed-4d6c-a277-d564ce938075 d0823fb3b3d34334a60122cb99d13f33 2950fc4ce08640f08695352b6b9453e7 - - default default] Unable to schedule network e3d98500-8781-41e7-b2a7-191527f2fcdb: no agents available; will retry on subsequent port and subnet creation events.
2026-05-30 02:57:48.582 9 INFO neutron.db.ovn_revision_numbers_db [req-d3c3e609-f016-487f-aed1-044d0349dc50 req-f3bbcff5-d6ed-4d6c-a277-d564ce938075 d0823fb3b3d34334a60122cb99d13f33 2950fc4ce08640f08695352b6b9453e7 - - default default] Successfully bumped revision number for resource 377c440e-9be4-423a-8458-bddc428ddd09 (type: ports) to 1
2026-05-30 02:57:48.614 9 INFO neutron.wsgi [req-d3c3e609-f016-487f-aed1-044d0349dc50 req-f3bbcff5-d6ed-4d6c-a277-d564ce938075 d0823fb3b3d34334a60122cb99d13f33 2950fc4ce08640f08695352b6b9453e7 - - default default] 199.204.45.65 "POST /v2.0/ports HTTP/1.1" status: 201 len: 1158 time: 0.6170845 /var/lib/openstack/lib/python3.10/site-packages/pycadf/identifier.py:71: UserWarning: Invalid uuid: neutron. To ensure interoperability, identifiers should be a valid uuid. warnings.warn(('Invalid uuid: %s. To ensure interoperability, '
2026-05-30 02:57:48.948 10 WARNING keystonemiddleware.audit [None req-5ce3aeec-a99e-4ee7-a91f-8aa5f759445f - - - - - -] Skipping service tempest-service-716036185 as it have no endpoints.
2026-05-30 02:57:49.002 10 INFO neutron.wsgi [req-1c91c6c6-a355-4823-a850-176cc9134662 req-fc741d74-f944-4465-a8f7-5339e353778c e4846b997c244ad39ba985ef728c18b0 554117ef52094691863c2f76bcc47aea - - 086c14915e1744adb37f7df17ca4858a 086c14915e1744adb37f7df17ca4858a] 10.0.0.220 "GET /v2.0/ports?device_id=a21c5a47-ad29-4fc9-92a3-37fd4399da54 HTTP/1.1" status: 200 len: 1409 time: 0.2095494
2026-05-30 02:57:49.009 10 WARNING keystonemiddleware.audit [req-1c91c6c6-a355-4823-a850-176cc9134662 req-fc741d74-f944-4465-a8f7-5339e353778c e4846b997c244ad39ba985ef728c18b0 554117ef52094691863c2f76bcc47aea - - 086c14915e1744adb37f7df17ca4858a 086c14915e1744adb37f7df17ca4858a] Skipping service tempest-service-716036185 as it have no endpoints.
2026-05-30 02:57:49.042 9 INFO neutron.db.ovn_revision_numbers_db [req-d3c3e609-f016-487f-aed1-044d0349dc50 req-7759bca5-447f-457c-84cc-b5a3f556953c e4846b997c244ad39ba985ef728c18b0 554117ef52094691863c2f76bcc47aea - - 086c14915e1744adb37f7df17ca4858a 086c14915e1744adb37f7df17ca4858a] Successfully bumped revision number for resource 377c440e-9be4-423a-8458-bddc428ddd09 (type: ports) to 2
2026-05-30 02:57:49.045 10 INFO neutron.wsgi [req-1c91c6c6-a355-4823-a850-176cc9134662 req-3b8c0b5b-4334-475b-ad91-e47f8536c991 e4846b997c244ad39ba985ef728c18b0 554117ef52094691863c2f76bcc47aea - - 086c14915e1744adb37f7df17ca4858a 086c14915e1744adb37f7df17ca4858a] 10.0.0.220 "GET /v2.0/security-groups?id=b0efd665-ae21-4506-9c53-b40a544a4e14&fields=id&fields=name HTTP/1.1" status: 200 len: 312 time: 0.0386944
2026-05-30 02:57:49.236 9 INFO neutron.db.ovn_revision_numbers_db [req-d3c3e609-f016-487f-aed1-044d0349dc50 req-7759bca5-447f-457c-84cc-b5a3f556953c e4846b997c244ad39ba985ef728c18b0 554117ef52094691863c2f76bcc47aea - - 086c14915e1744adb37f7df17ca4858a 086c14915e1744adb37f7df17ca4858a] Successfully bumped revision number for resource 377c440e-9be4-423a-8458-bddc428ddd09 (type: ports) to 2
2026-05-30 02:57:49.260 9 INFO neutron.wsgi [req-d3c3e609-f016-487f-aed1-044d0349dc50 req-7759bca5-447f-457c-84cc-b5a3f556953c e4846b997c244ad39ba985ef728c18b0 554117ef52094691863c2f76bcc47aea - - 086c14915e1744adb37f7df17ca4858a 086c14915e1744adb37f7df17ca4858a] 199.204.45.65 "PUT /v2.0/ports/377c440e-9be4-423a-8458-bddc428ddd09 HTTP/1.1" status: 200 len: 1376 time: 0.6312947
2026-05-30 02:57:49.309 9 INFO neutron.notifiers.nova [-] Nova event matching ['req-77b36b8f-55d9-45ba-83c3-09bd134e90b2'] response: {'name': 'network-changed', 'server_uuid': 'dceb97e0-5dd6-475e-b39f-9f73e5072832', 'tag': '377c440e-9be4-423a-8458-bddc428ddd09', 'status': 'completed', 'code': 200} /var/lib/openstack/lib/python3.10/site-packages/pycadf/identifier.py:71: UserWarning: Invalid uuid: neutron. To ensure interoperability, identifiers should be a valid uuid. warnings.warn(('Invalid uuid: %s. To ensure interoperability, '
2026-05-30 02:57:49.354 9 INFO neutron.wsgi [req-d3c3e609-f016-487f-aed1-044d0349dc50 req-5220850a-6b1d-492a-9a25-3247988bd9c2 e4846b997c244ad39ba985ef728c18b0 554117ef52094691863c2f76bcc47aea - - 086c14915e1744adb37f7df17ca4858a 086c14915e1744adb37f7df17ca4858a] 199.204.45.65 "GET /v2.0/ports?tenant_id=2950fc4ce08640f08695352b6b9453e7&device_id=dceb97e0-5dd6-475e-b39f-9f73e5072832 HTTP/1.1" status: 200 len: 1407 time: 0.0433080
2026-05-30 02:57:49.394 9 INFO neutron.wsgi [req-d3c3e609-f016-487f-aed1-044d0349dc50 req-8f8f3413-4598-431c-b473-4e5e47ef21a0 e4846b997c244ad39ba985ef728c18b0 554117ef52094691863c2f76bcc47aea - - 086c14915e1744adb37f7df17ca4858a 086c14915e1744adb37f7df17ca4858a] 199.204.45.65 "GET /v2.0/floatingips?fixed_ip_address=10.100.0.7&port_id=377c440e-9be4-423a-8458-bddc428ddd09 HTTP/1.1" status: 200 len: 217 time: 0.0338135
2026-05-30 02:57:49.436 9 INFO neutron.wsgi [req-dec4964b-62c1-4d4c-9283-16912d0c8b34 req-cf5590bf-d60d-4a04-bfa8-9409e6040a19 d0823fb3b3d34334a60122cb99d13f33 2950fc4ce08640f08695352b6b9453e7 - - default default] 10.0.0.31 "GET /v2.0/ports?device_id=dceb97e0-5dd6-475e-b39f-9f73e5072832 HTTP/1.1" status: 200 len: 1168 time: 0.0633838
2026-05-30 02:57:49.447 9 INFO neutron.wsgi [req-d3c3e609-f016-487f-aed1-044d0349dc50 req-b0dda061-9a61-4935-9fa4-a1b235ad30a7 e4846b997c244ad39ba985ef728c18b0 554117ef52094691863c2f76bcc47aea - - 086c14915e1744adb37f7df17ca4858a 086c14915e1744adb37f7df17ca4858a] 199.204.45.65 "GET /v2.0/subnets?id=5a656386-93ca-4031-a145-e4bdd543efcc HTTP/1.1" status: 200 len: 872 time: 0.0385151
2026-05-30 02:57:49.484 9 INFO neutron.wsgi [req-d3c3e609-f016-487f-aed1-044d0349dc50 req-755e16b8-601d-40c7-8309-738e00a15a63 e4846b997c244ad39ba985ef728c18b0 554117ef52094691863c2f76bcc47aea - - 086c14915e1744adb37f7df17ca4858a 086c14915e1744adb37f7df17ca4858a] 199.204.45.65 "GET /v2.0/ports?network_id=e3d98500-8781-41e7-b2a7-191527f2fcdb&device_owner=network%3Adhcp HTTP/1.1" status: 200 len: 210 time: 0.0262930
2026-05-30 02:57:49.501 9 INFO neutron.wsgi [req-dec4964b-62c1-4d4c-9283-16912d0c8b34 req-cf26e244-80c6-44f2-b6cd-f7ab9bb6aa81 d0823fb3b3d34334a60122cb99d13f33 2950fc4ce08640f08695352b6b9453e7 - - default default] 10.0.0.31 "GET /v2.0/security-groups?id=3994eac5-2681-43b1-b0d3-6f17920c3ca0&fields=id&fields=name HTTP/1.1" status: 200 len: 313 time: 0.0583618
2026-05-30 02:57:49.545 9 INFO neutron.wsgi [req-d3c3e609-f016-487f-aed1-044d0349dc50 req-9204b013-354c-4e2f-8001-105e7751224d e4846b997c244ad39ba985ef728c18b0 554117ef52094691863c2f76bcc47aea - - 086c14915e1744adb37f7df17ca4858a 086c14915e1744adb37f7df17ca4858a] 199.204.45.65 "GET /v2.0/networks/e3d98500-8781-41e7-b2a7-191527f2fcdb?fields=segments HTTP/1.1" status: 200 len: 212 time: 0.0526114
2026-05-30 02:57:49.605 9 INFO neutron.wsgi [req-d3c3e609-f016-487f-aed1-044d0349dc50 req-a4600302-9c6e-484e-968f-ba17036e5a28 e4846b997c244ad39ba985ef728c18b0 554117ef52094691863c2f76bcc47aea - - 086c14915e1744adb37f7df17ca4858a 086c14915e1744adb37f7df17ca4858a] 199.204.45.65 "GET /v2.0/networks/e3d98500-8781-41e7-b2a7-191527f2fcdb?fields=provider%3Aphysical_network&fields=provider%3Anetwork_type HTTP/1.1" status: 200 len: 277 time: 0.0521975
2026-05-30 02:57:49.689 9 INFO neutron.wsgi [req-f8c0837e-47f2-4762-aeec-999afd9ff4bd req-e203f4b2-a467-4776-adc8-50e2fbd66552 e4846b997c244ad39ba985ef728c18b0 554117ef52094691863c2f76bcc47aea - - 086c14915e1744adb37f7df17ca4858a 086c14915e1744adb37f7df17ca4858a] 199.204.45.65 "GET /v2.0/ports?tenant_id=2950fc4ce08640f08695352b6b9453e7&device_id=dceb97e0-5dd6-475e-b39f-9f73e5072832 HTTP/1.1" status: 200 len: 1407 time: 0.0420818
2026-05-30 02:57:49.754 9 INFO neutron.wsgi [req-f8c0837e-47f2-4762-aeec-999afd9ff4bd req-fed7916c-f007-4621-bf63-b9d145be7240 e4846b997c244ad39ba985ef728c18b0 554117ef52094691863c2f76bcc47aea - - 086c14915e1744adb37f7df17ca4858a 086c14915e1744adb37f7df17ca4858a] 199.204.45.65 "GET /v2.0/networks?id=e3d98500-8781-41e7-b2a7-191527f2fcdb HTTP/1.1" status: 200 len: 976 time: 0.0571814
2026-05-30 02:57:49.793 9 INFO neutron.wsgi [req-f8c0837e-47f2-4762-aeec-999afd9ff4bd req-e45c6d3a-8b27-4c72-a909-5988ceec61ac e4846b997c244ad39ba985ef728c18b0 554117ef52094691863c2f76bcc47aea - - 086c14915e1744adb37f7df17ca4858a 086c14915e1744adb37f7df17ca4858a] 199.204.45.65 "GET /v2.0/floatingips?fixed_ip_address=10.100.0.7&port_id=377c440e-9be4-423a-8458-bddc428ddd09 HTTP/1.1" status: 200 len: 217 time: 0.0322974
2026-05-30 02:57:49.830 9 INFO neutron.wsgi [req-f8c0837e-47f2-4762-aeec-999afd9ff4bd req-b5e4f5e3-8c37-4ae2-b59f-efcf6045363e e4846b997c244ad39ba985ef728c18b0 554117ef52094691863c2f76bcc47aea - - 086c14915e1744adb37f7df17ca4858a 086c14915e1744adb37f7df17ca4858a] 199.204.45.65 "GET /v2.0/subnets?id=5a656386-93ca-4031-a145-e4bdd543efcc HTTP/1.1" status: 200 len: 872 time: 0.0314367
2026-05-30 02:57:49.854 9 INFO neutron.wsgi [req-f8c0837e-47f2-4762-aeec-999afd9ff4bd req-792ac9b5-4f2f-476f-a582-9efbed5064d3 e4846b997c244ad39ba985ef728c18b0 554117ef52094691863c2f76bcc47aea - - 086c14915e1744adb37f7df17ca4858a 086c14915e1744adb37f7df17ca4858a] 199.204.45.65 "GET /v2.0/ports?network_id=e3d98500-8781-41e7-b2a7-191527f2fcdb&device_owner=network%3Adhcp HTTP/1.1" status: 200 len: 210 time: 0.0181670
2026-05-30 02:57:49.923 9 INFO neutron.wsgi [req-f8c0837e-47f2-4762-aeec-999afd9ff4bd req-6106fc85-f534-4eff-ba2d-58e7147c574f e4846b997c244ad39ba985ef728c18b0 554117ef52094691863c2f76bcc47aea - - 086c14915e1744adb37f7df17ca4858a 086c14915e1744adb37f7df17ca4858a] 199.204.45.65 "GET /v2.0/networks/e3d98500-8781-41e7-b2a7-191527f2fcdb?fields=segments HTTP/1.1" status: 200 len: 212 time: 0.0590992
2026-05-30 02:57:50.023 9 INFO neutron.wsgi [req-f8c0837e-47f2-4762-aeec-999afd9ff4bd req-0e81530e-32ce-4bce-bbdc-d73e83656358 e4846b997c244ad39ba985ef728c18b0 554117ef52094691863c2f76bcc47aea - - 086c14915e1744adb37f7df17ca4858a 086c14915e1744adb37f7df17ca4858a] 199.204.45.65 "GET /v2.0/networks/e3d98500-8781-41e7-b2a7-191527f2fcdb?fields=provider%3Aphysical_network&fields=provider%3Anetwork_type HTTP/1.1" status: 200 len: 277 time: 0.0923493
2026-05-30 02:57:50.660 10 INFO neutron.wsgi [req-f44d491c-d23f-46f5-a6dc-c00439f5ba0e req-ec153eca-013d-476a-8a09-a2d4b2df5665 d0823fb3b3d34334a60122cb99d13f33 2950fc4ce08640f08695352b6b9453e7 - - default default] 10.0.0.31 "GET /v2.0/ports?device_id=dceb97e0-5dd6-475e-b39f-9f73e5072832 HTTP/1.1" status: 200 len: 1168 time: 0.0985115
2026-05-30 02:57:50.704 10 INFO neutron.wsgi [req-f44d491c-d23f-46f5-a6dc-c00439f5ba0e req-28b96924-6cf0-4908-b8e3-de59dd367f95 d0823fb3b3d34334a60122cb99d13f33 2950fc4ce08640f08695352b6b9453e7 - - default default] 10.0.0.31 "GET /v2.0/security-groups?id=3994eac5-2681-43b1-b0d3-6f17920c3ca0&fields=id&fields=name HTTP/1.1" status: 200 len: 313 time: 0.0387778
2026-05-30 02:57:50.992 10 INFO neutron.plugins.ml2.drivers.ovn.mech_driver.mech_driver [None req-6c3f93a1-c130-497e-9a8d-ffb6e57dd8ac - - - - - -] OVN reports status up for port: 377c440e-9be4-423a-8458-bddc428ddd09
2026-05-30 02:57:51.013 10 INFO neutron.plugins.ml2.plugin [None req-6c3f93a1-c130-497e-9a8d-ffb6e57dd8ac - - - - - -] Attempt 1 to provision port 377c440e-9be4-423a-8458-bddc428ddd09
2026-05-30 02:57:51.133 10 INFO neutron.notifiers.nova [-] Nova event matching ['req-d6337af3-086f-4237-b993-fba155c050e8'] response: {'server_uuid': 'dceb97e0-5dd6-475e-b39f-9f73e5072832', 'name': 'network-vif-plugged', 'status': 'completed', 'tag': '377c440e-9be4-423a-8458-bddc428ddd09', 'code': 200}
2026-05-30 02:57:51.305 10 INFO neutron.db.ovn_revision_numbers_db [None req-6c3f93a1-c130-497e-9a8d-ffb6e57dd8ac - - - - - -] Successfully bumped revision number for resource 377c440e-9be4-423a-8458-bddc428ddd09 (type: ports) to 4
2026-05-30 02:57:51.478 9 INFO neutron.db.ovn_revision_numbers_db [None req-e32b1638-ed4b-4ae4-9093-b13f7a3af96c 0aa8b3db02e844fea94f41a4e43dcbf5 68ad9cc310aa4c6db3ebe292785ea6b4 - - default default] Successfully bumped revision number for resource b527954a-4685-4b97-b8b0-caba7ff7cc95 (type: security_groups) to 1
2026-05-30 02:57:51.495 9 INFO neutron.db.ovn_revision_numbers_db [None req-e32b1638-ed4b-4ae4-9093-b13f7a3af96c 0aa8b3db02e844fea94f41a4e43dcbf5 68ad9cc310aa4c6db3ebe292785ea6b4 - - default default] Successfully bumped revision number for resource 2d9c02c0-09ed-4daa-a11d-bbf574bff2cf (type: security_group_rules) to 0
2026-05-30 02:57:51.538 9 INFO neutron.db.ovn_revision_numbers_db [None req-e32b1638-ed4b-4ae4-9093-b13f7a3af96c 0aa8b3db02e844fea94f41a4e43dcbf5 68ad9cc310aa4c6db3ebe292785ea6b4 - - default default] Successfully bumped revision number for resource 765eac53-6aa0-4148-970c-e0854ffc1e07 (type: security_group_rules) to 0
2026-05-30 02:57:51.555 9 INFO neutron.db.ovn_revision_numbers_db [None req-e32b1638-ed4b-4ae4-9093-b13f7a3af96c 0aa8b3db02e844fea94f41a4e43dcbf5 68ad9cc310aa4c6db3ebe292785ea6b4 - - default default] Successfully bumped revision number for resource 99b8b296-2581-48e7-b3a4-d046c1d4bd21 (type: security_group_rules) to 0
2026-05-30 02:57:51.568 9 INFO neutron.db.ovn_revision_numbers_db [None req-e32b1638-ed4b-4ae4-9093-b13f7a3af96c 0aa8b3db02e844fea94f41a4e43dcbf5 68ad9cc310aa4c6db3ebe292785ea6b4 - - default default] Successfully bumped revision number for resource cfe9e816-ddb3-4528-80cf-8ae978e38db4 (type: security_group_rules) to 0
2026-05-30 02:57:51.596 9 INFO neutron.wsgi [None req-e32b1638-ed4b-4ae4-9093-b13f7a3af96c 0aa8b3db02e844fea94f41a4e43dcbf5 68ad9cc310aa4c6db3ebe292785ea6b4 - - default default] 10.0.0.78 "GET /v2.0/security-groups?tenant_id=df19b06c240f40738fd9b9e1f03ef191&name=default HTTP/1.1" status: 200 len: 2996 time: 0.5060952 /var/lib/openstack/lib/python3.10/site-packages/pycadf/identifier.py:71: UserWarning: Invalid uuid: neutron. To ensure interoperability, identifiers should be a valid uuid. warnings.warn(('Invalid uuid: %s. To ensure interoperability, '
2026-05-30 02:57:51.801 10 INFO neutron.wsgi [req-d3933916-65a3-4933-a4a1-5ef1e8808cef req-02cbd315-1342-4597-b36c-e344866a256a d0823fb3b3d34334a60122cb99d13f33 2950fc4ce08640f08695352b6b9453e7 - - default default] 10.0.0.31 "GET /v2.0/ports?device_id=dceb97e0-5dd6-475e-b39f-9f73e5072832 HTTP/1.1" status: 200 len: 1170 time: 0.0360889
2026-05-30 02:57:51.807 9 INFO neutron.wsgi [None req-14842e20-f5de-4a2d-b09d-2c948c503bbb 0aa8b3db02e844fea94f41a4e43dcbf5 68ad9cc310aa4c6db3ebe292785ea6b4 - - default default] 10.0.0.78 "DELETE /v2.0/security-groups/b527954a-4685-4b97-b8b0-caba7ff7cc95 HTTP/1.1" status: 204 len: 168 time: 0.2061553
2026-05-30 02:57:51.845 10 INFO neutron.wsgi [req-d3933916-65a3-4933-a4a1-5ef1e8808cef req-f94b528b-8a29-4400-8293-b213377e89d7 d0823fb3b3d34334a60122cb99d13f33 2950fc4ce08640f08695352b6b9453e7 - - default default] 10.0.0.31 "GET /v2.0/security-groups?id=3994eac5-2681-43b1-b0d3-6f17920c3ca0&fields=id&fields=name HTTP/1.1" status: 200 len: 313 time: 0.0378101
2026-05-30 02:57:52.122 9 INFO neutron.wsgi [-] 10.0.0.42 "GET / HTTP/1.1" status: 200 len: 247 time: 0.0015030
2026-05-30 02:57:52.124 9 INFO neutron.wsgi [-] 10.0.0.42 "GET / HTTP/1.1" status: 200 len: 247 time: 0.0012305
2026-05-30 02:57:52.242 9 INFO neutron.db.ovn_revision_numbers_db [None req-ef349915-407f-46a8-b13d-69dd734cd9a7 0aa8b3db02e844fea94f41a4e43dcbf5 68ad9cc310aa4c6db3ebe292785ea6b4 - - default default] Successfully bumped revision number for resource df80c84c-1cc7-4cec-bf04-a72ef8bc2fb8 (type: security_groups) to 1
2026-05-30 02:57:52.260 9 INFO neutron.db.ovn_revision_numbers_db [None req-ef349915-407f-46a8-b13d-69dd734cd9a7 0aa8b3db02e844fea94f41a4e43dcbf5 68ad9cc310aa4c6db3ebe292785ea6b4 - - default default] Successfully bumped revision number for resource a86c751c-5cb4-4b82-8416-4011fb0cc0b2 (type: security_group_rules) to 0
2026-05-30 02:57:52.276 9 INFO neutron.db.ovn_revision_numbers_db [None req-ef349915-407f-46a8-b13d-69dd734cd9a7 0aa8b3db02e844fea94f41a4e43dcbf5 68ad9cc310aa4c6db3ebe292785ea6b4 - - default default] Successfully bumped revision number for resource b0b9eb14-9ba2-480d-840d-201495872b15 (type: security_group_rules) to 0
2026-05-30 02:57:52.289 9 INFO neutron.db.ovn_revision_numbers_db [None req-ef349915-407f-46a8-b13d-69dd734cd9a7 0aa8b3db02e844fea94f41a4e43dcbf5 68ad9cc310aa4c6db3ebe292785ea6b4 - - default default] Successfully bumped revision number for resource ed47b200-ad8c-4297-ba2c-4cad441db630 (type: security_group_rules) to 0
2026-05-30 02:57:52.305 9 INFO neutron.db.ovn_revision_numbers_db [None req-ef349915-407f-46a8-b13d-69dd734cd9a7 0aa8b3db02e844fea94f41a4e43dcbf5 68ad9cc310aa4c6db3ebe292785ea6b4 - - default default] Successfully bumped revision number for resource f14339a9-c61e-445a-8815-60f15026cde5 (type: security_group_rules) to 0
2026-05-30 02:57:52.336 9 INFO neutron.wsgi [None req-ef349915-407f-46a8-b13d-69dd734cd9a7 0aa8b3db02e844fea94f41a4e43dcbf5 68ad9cc310aa4c6db3ebe292785ea6b4 - - default default] 10.0.0.78 "GET /v2.0/security-groups?tenant_id=6750d4f53d6444f38b397e099e21fea8&name=default HTTP/1.1" status: 200 len: 2996 time: 0.2793291
2026-05-30 02:57:52.543 9 INFO neutron.wsgi [None req-10212940-0ea2-431c-a941-08c3004ac616 0aa8b3db02e844fea94f41a4e43dcbf5 68ad9cc310aa4c6db3ebe292785ea6b4 - - default default] 10.0.0.78 "DELETE /v2.0/security-groups/df80c84c-1cc7-4cec-bf04-a72ef8bc2fb8 HTTP/1.1" status: 204 len: 168 time: 0.2021847
2026-05-30 02:57:52.772 10 INFO neutron.db.ovn_revision_numbers_db [None req-13da442c-2a3d-48c5-b41a-e67f5fd4076a 0aa8b3db02e844fea94f41a4e43dcbf5 68ad9cc310aa4c6db3ebe292785ea6b4 - - default default] Successfully bumped revision number for resource 8b0ae2a6-90fc-4c9b-9c07-9f0088180ece (type: security_groups) to 1
2026-05-30 02:57:52.785 10 INFO neutron.db.ovn_revision_numbers_db [None req-13da442c-2a3d-48c5-b41a-e67f5fd4076a 0aa8b3db02e844fea94f41a4e43dcbf5 68ad9cc310aa4c6db3ebe292785ea6b4 - - default default] Successfully bumped revision number for resource 105d2dad-c7bd-4295-ba1a-e31b954c00b0 (type: security_group_rules) to 0
2026-05-30 02:57:52.819 10 INFO neutron.db.ovn_revision_numbers_db [None req-13da442c-2a3d-48c5-b41a-e67f5fd4076a 0aa8b3db02e844fea94f41a4e43dcbf5 68ad9cc310aa4c6db3ebe292785ea6b4 - - default default] Successfully bumped revision number for resource 668eb600-ff34-4401-b180-81166d5f7d7c (type: security_group_rules) to 0
2026-05-30 02:57:52.833 10 INFO neutron.db.ovn_revision_numbers_db [None req-13da442c-2a3d-48c5-b41a-e67f5fd4076a 0aa8b3db02e844fea94f41a4e43dcbf5 68ad9cc310aa4c6db3ebe292785ea6b4 - - default default] Successfully bumped revision number for resource f745b48a-6457-4078-93d2-398facd539b8 (type: security_group_rules) to 0
2026-05-30 02:57:52.850 10 INFO neutron.db.ovn_revision_numbers_db [None req-13da442c-2a3d-48c5-b41a-e67f5fd4076a 0aa8b3db02e844fea94f41a4e43dcbf5 68ad9cc310aa4c6db3ebe292785ea6b4 - - default default] Successfully bumped revision number for resource fa852221-02a3-4319-8af8-4ca744c7ff49 (type: security_group_rules) to 0
2026-05-30 02:57:52.874 10 INFO neutron.wsgi [None req-13da442c-2a3d-48c5-b41a-e67f5fd4076a 0aa8b3db02e844fea94f41a4e43dcbf5 68ad9cc310aa4c6db3ebe292785ea6b4 - - default default] 10.0.0.78 "GET /v2.0/security-groups?tenant_id=0d5fe2ba5ae04148aa95bae449b48237&name=default HTTP/1.1" status: 200 len: 2996 time: 0.4166038
2026-05-30 02:57:53.009 9 INFO neutron.wsgi [req-6dcc497e-4362-4f6d-882b-7b1618768714 req-a3e90056-d75d-4f09-be3e-535a462340c0 d0823fb3b3d34334a60122cb99d13f33 2950fc4ce08640f08695352b6b9453e7 - - default default] 10.0.0.31 "GET /v2.0/ports?device_id=dceb97e0-5dd6-475e-b39f-9f73e5072832 HTTP/1.1" status: 200 len: 1170 time: 0.0972011
2026-05-30 02:57:53.067 9 INFO neutron.wsgi [req-6dcc497e-4362-4f6d-882b-7b1618768714 req-48359ad7-8e7d-4622-9778-c5f756581e67 d0823fb3b3d34334a60122cb99d13f33 2950fc4ce08640f08695352b6b9453e7 - - default default] 10.0.0.31 "GET /v2.0/security-groups?id=3994eac5-2681-43b1-b0d3-6f17920c3ca0&fields=id&fields=name HTTP/1.1" status: 200 len: 313 time: 0.0472820
2026-05-30 02:57:53.131 9 INFO neutron.wsgi [None req-098280dc-9174-4928-8c0e-ebe7872e2fcd 0aa8b3db02e844fea94f41a4e43dcbf5 68ad9cc310aa4c6db3ebe292785ea6b4 - - default default] 10.0.0.78 "DELETE /v2.0/security-groups/8b0ae2a6-90fc-4c9b-9c07-9f0088180ece HTTP/1.1" status: 204 len: 168 time: 0.2521396
2026-05-30 02:57:53.170 10 INFO neutron.notifiers.nova [-] Nova event matching ['req-3337b034-67f8-47cd-814c-9fb971daeee7'] response: {'server_uuid': 'dceb97e0-5dd6-475e-b39f-9f73e5072832', 'name': 'network-vif-plugged', 'status': 'completed', 'tag': '377c440e-9be4-423a-8458-bddc428ddd09', 'code': 200}
2026-05-30 02:57:53.187 10 INFO neutron.wsgi [req-4c69b51c-d752-42dd-9eb4-29cfa59e1893 req-69cd9030-9f61-4c32-b934-f2859f2fd2c6 d0823fb3b3d34334a60122cb99d13f33 2950fc4ce08640f08695352b6b9453e7 - - default default] 10.0.0.31 "GET /v2.0/ports?device_id=dceb97e0-5dd6-475e-b39f-9f73e5072832 HTTP/1.1" status: 200 len: 1170 time: 0.0443149
2026-05-30 02:57:53.381 9 INFO neutron.db.ovn_revision_numbers_db [None req-ed7b3377-0bec-46bf-afa4-e23c570f098e 0aa8b3db02e844fea94f41a4e43dcbf5 68ad9cc310aa4c6db3ebe292785ea6b4 - - default default] Successfully bumped revision number for resource e7d7c3ee-f227-4713-bf8e-574cea95a2c9 (type: security_groups) to 1
2026-05-30 02:57:53.403 9 INFO neutron.db.ovn_revision_numbers_db [None req-ed7b3377-0bec-46bf-afa4-e23c570f098e 0aa8b3db02e844fea94f41a4e43dcbf5 68ad9cc310aa4c6db3ebe292785ea6b4 - - default default] Successfully bumped revision number for resource 0d3a81f6-b41f-40c1-987e-11e7e1c361d7 (type: security_group_rules) to 0
2026-05-30 02:57:53.419 9 INFO neutron.db.ovn_revision_numbers_db [None req-ed7b3377-0bec-46bf-afa4-e23c570f098e 0aa8b3db02e844fea94f41a4e43dcbf5 68ad9cc310aa4c6db3ebe292785ea6b4 - - default default] Successfully bumped revision number for resource 62addf4d-90d2-448f-b4aa-bb2d16657bb6 (type: security_group_rules) to 0
2026-05-30 02:57:53.437 9 INFO neutron.db.ovn_revision_numbers_db [None req-ed7b3377-0bec-46bf-afa4-e23c570f098e 0aa8b3db02e844fea94f41a4e43dcbf5 68ad9cc310aa4c6db3ebe292785ea6b4 - - default default] Successfully bumped revision number for resource 66785ad5-3f8c-4744-9b1a-e752050e9772 (type: security_group_rules) to 0
2026-05-30 02:57:53.454 9 INFO neutron.db.ovn_revision_numbers_db [None req-ed7b3377-0bec-46bf-afa4-e23c570f098e 0aa8b3db02e844fea94f41a4e43dcbf5 68ad9cc310aa4c6db3ebe292785ea6b4 - - default default] Successfully bumped revision number for resource 75fdb96c-989d-41c2-b130-f873d6b5555c (type: security_group_rules) to 0
2026-05-30 02:57:53.480 9 INFO neutron.wsgi [None req-ed7b3377-0bec-46bf-afa4-e23c570f098e 0aa8b3db02e844fea94f41a4e43dcbf5 68ad9cc310aa4c6db3ebe292785ea6b4 - - default default] 10.0.0.78 "GET /v2.0/security-groups?tenant_id=4e974363880e4105b29850595a144092&name=default HTTP/1.1" status: 200 len: 2996 time: 0.2428932
2026-05-30 02:57:53.678 9 INFO neutron.wsgi [None req-acafca07-456e-47b1-808c-6e30f3e629e2 0aa8b3db02e844fea94f41a4e43dcbf5 68ad9cc310aa4c6db3ebe292785ea6b4 - - default default] 10.0.0.78 "DELETE /v2.0/security-groups/e7d7c3ee-f227-4713-bf8e-574cea95a2c9 HTTP/1.1" status: 204 len: 168 time: 0.1900277
2026-05-30 02:57:53.692 10 INFO neutron.db.l3_db [None req-2224358a-ab36-44d8-a307-ac05510dc2dd d0823fb3b3d34334a60122cb99d13f33 2950fc4ce08640f08695352b6b9453e7 - - default default] Floating IP 88270b91-c2ba-4dfe-9c8c-247bd88fc86e associated. External IP: 10.96.250.216, port: 377c440e-9be4-423a-8458-bddc428ddd09.
2026-05-30 02:57:53.920 10 INFO neutron.db.ovn_revision_numbers_db [None req-2224358a-ab36-44d8-a307-ac05510dc2dd d0823fb3b3d34334a60122cb99d13f33 2950fc4ce08640f08695352b6b9453e7 - - default default] Successfully bumped revision number for resource 88270b91-c2ba-4dfe-9c8c-247bd88fc86e (type: floatingips) to 1
2026-05-30 02:57:54.021 10 INFO neutron.db.ovn_revision_numbers_db [None req-2224358a-ab36-44d8-a307-ac05510dc2dd d0823fb3b3d34334a60122cb99d13f33 2950fc4ce08640f08695352b6b9453e7 - - default default] Successfully bumped revision number for resource 88270b91-c2ba-4dfe-9c8c-247bd88fc86e (type: floatingips) to 2
2026-05-30 02:57:54.043 10 INFO neutron.wsgi [None req-2224358a-ab36-44d8-a307-ac05510dc2dd d0823fb3b3d34334a60122cb99d13f33 2950fc4ce08640f08695352b6b9453e7 - - default default] 10.0.0.78 "PUT /v2.0/floatingips/88270b91-c2ba-4dfe-9c8c-247bd88fc86e HTTP/1.1" status: 200 len: 1049 time: 0.8435814
2026-05-30 02:57:54.126 10 INFO neutron.wsgi [req-fe5ef938-4d5a-4442-a843-8df160a4735d req-66a16de7-3e2b-4e43-aab9-76b699dec6cb d0823fb3b3d34334a60122cb99d13f33 2950fc4ce08640f08695352b6b9453e7 - - default default] 10.0.0.31 "GET /v2.0/ports?device_id=dceb97e0-5dd6-475e-b39f-9f73e5072832 HTTP/1.1" status: 200 len: 1170 time: 0.0343814
2026-05-30 02:57:54.178 10 INFO neutron.wsgi [req-fe5ef938-4d5a-4442-a843-8df160a4735d req-c944baca-f6f5-40fb-8546-b8e56dc073d6 d0823fb3b3d34334a60122cb99d13f33 2950fc4ce08640f08695352b6b9453e7 - - default default] 10.0.0.31 "GET /v2.0/security-groups?id=3994eac5-2681-43b1-b0d3-6f17920c3ca0&fields=id&fields=name HTTP/1.1" status: 200 len: 313 time: 0.0467570
2026-05-30 02:57:54.449 10 INFO neutron.wsgi [req-3a2a9337-bd43-4030-997e-aecbe1b2e376 req-7d5840a3-4e00-4d0b-8308-1bba52a70833 cd11d64d7bf14e7f9282404cdd8dd264 4c0e0960b9734152873e67d1a6600963 - - default default] 10.0.0.31 "GET /v2.0/ports?device_id=a21c5a47-ad29-4fc9-92a3-37fd4399da54 HTTP/1.1" status: 200 len: 1170 time: 0.0733552 /var/lib/openstack/lib/python3.10/site-packages/pycadf/identifier.py:71: UserWarning: Invalid uuid: neutron. To ensure interoperability, identifiers should be a valid uuid. warnings.warn(('Invalid uuid: %s. To ensure interoperability, '
2026-05-30 02:57:54.540 10 INFO neutron.wsgi [req-7bf4da28-dbe6-4d62-a82d-311efab7d264 req-1cba3dcf-c571-4f46-b694-9fa574aac941 cd11d64d7bf14e7f9282404cdd8dd264 4c0e0960b9734152873e67d1a6600963 - - default default] 10.0.0.31 "GET /v2.0/ports/a5439da3-c712-49f4-8936-3d55d9a912ca HTTP/1.1" status: 200 len: 1167 time: 0.0406511
2026-05-30 02:57:54.569 10 INFO neutron.plugins.ml2.drivers.ovn.mech_driver.mech_driver [None req-6c3f93a1-c130-497e-9a8d-ffb6e57dd8ac - - - - - -] OVN reports status down for port: 377c440e-9be4-423a-8458-bddc428ddd09
2026-05-30 02:57:54.576 9 INFO neutron.wsgi [req-866b7ed5-b2cf-4db9-94fd-8035c90d4044 req-f7986df7-fe4f-43bc-9fca-b850d6fdaeb8 d0823fb3b3d34334a60122cb99d13f33 2950fc4ce08640f08695352b6b9453e7 - - default default] 10.0.0.31 "GET /v2.0/ports?device_id=dceb97e0-5dd6-475e-b39f-9f73e5072832 HTTP/1.1" status: 200 len: 1170 time: 0.0505362
2026-05-30 02:57:54.620 9 INFO neutron.wsgi [req-866b7ed5-b2cf-4db9-94fd-8035c90d4044 req-8940c5fb-3c30-45e8-b703-6929e6db0b18 d0823fb3b3d34334a60122cb99d13f33 2950fc4ce08640f08695352b6b9453e7 - - default default] 10.0.0.31 "GET /v2.0/security-groups?id=3994eac5-2681-43b1-b0d3-6f17920c3ca0&fields=id&fields=name HTTP/1.1" status: 200 len: 313 time: 0.0371723
2026-05-30 02:57:54.722 9 INFO neutron.wsgi [req-ea937857-04d8-4e8b-83a0-55a1ad8c7d8b req-763e96bc-f3c8-46ba-9ed4-0ce4c83d955c cd11d64d7bf14e7f9282404cdd8dd264 4c0e0960b9734152873e67d1a6600963 - - default default] 199.204.45.65 "GET /v2.0/subnets?network_id=947aee8d-2cd7-4784-aedb-3e1861d1c8e7 HTTP/1.1" status: 200 len: 859 time: 0.0661802
2026-05-30 02:57:54.846 9 INFO neutron.wsgi [req-ea937857-04d8-4e8b-83a0-55a1ad8c7d8b req-78edba6f-3ff4-414c-bde7-95bb015f0b4d cd11d64d7bf14e7f9282404cdd8dd264 4c0e0960b9734152873e67d1a6600963 - - default default] 199.204.45.65 "GET /v2.0/ports?device_id=a21c5a47-ad29-4fc9-92a3-37fd4399da54&device_owner=compute%3Anova&network_id=947aee8d-2cd7-4784-aedb-3e1861d1c8e7 HTTP/1.1" status: 200 len: 1170 time: 0.1213322
2026-05-30 02:57:54.847 10 INFO neutron.wsgi [req-bff21bed-d45a-4102-bf97-cf19a268f9be req-54ef1068-b113-411a-b855-4bffb17f1693 d0823fb3b3d34334a60122cb99d13f33 2950fc4ce08640f08695352b6b9453e7 - - default default] 199.204.45.65 "GET /v2.0/ports?device_id=dceb97e0-5dd6-475e-b39f-9f73e5072832 HTTP/1.1" status: 200 len: 1168 time: 0.0368295
2026-05-30 02:57:54.902 10 INFO neutron.db.ovn_revision_numbers_db [None req-6c3f93a1-c130-497e-9a8d-ffb6e57dd8ac - - - - - -] Successfully bumped revision number for resource 377c440e-9be4-423a-8458-bddc428ddd09 (type: ports) to 5
2026-05-30 02:57:55.224 10 INFO neutron.notifiers.nova [-] Nova event matching ['req-d466e59a-dc13-4b05-90d9-9e7c884cf9a5'] response: {'name': 'network-changed', 'server_uuid': 'dceb97e0-5dd6-475e-b39f-9f73e5072832', 'tag': '377c440e-9be4-423a-8458-bddc428ddd09', 'status': 'completed', 'code': 200}
2026-05-30 02:57:55.224 10 INFO neutron.notifiers.nova [-] Nova event matching ['req-d466e59a-dc13-4b05-90d9-9e7c884cf9a5'] response: {'server_uuid': 'dceb97e0-5dd6-475e-b39f-9f73e5072832', 'name': 'network-vif-unplugged', 'status': 'completed', 'tag': '377c440e-9be4-423a-8458-bddc428ddd09', 'code': 200}
2026-05-30 02:57:55.224 10 INFO neutron.notifiers.nova [-] Nova event matching ['req-d466e59a-dc13-4b05-90d9-9e7c884cf9a5'] response: {'server_uuid': 'dceb97e0-5dd6-475e-b39f-9f73e5072832', 'name': 'network-vif-plugged', 'status': 'completed', 'tag': '377c440e-9be4-423a-8458-bddc428ddd09', 'code': 200}
2026-05-30 02:57:55.261 10 INFO neutron.db.l3_db [req-bff21bed-d45a-4102-bf97-cf19a268f9be req-21e38e1d-6bca-4314-975b-e31556e81d03 d0823fb3b3d34334a60122cb99d13f33 2950fc4ce08640f08695352b6b9453e7 - - default default] Floating IP 88270b91-c2ba-4dfe-9c8c-247bd88fc86e disassociated. External IP: 10.96.250.216, port: 377c440e-9be4-423a-8458-bddc428ddd09. /var/lib/openstack/lib/python3.10/site-packages/pycadf/identifier.py:71: UserWarning: Invalid uuid: neutron. To ensure interoperability, identifiers should be a valid uuid. warnings.warn(('Invalid uuid: %s. To ensure interoperability, '
2026-05-30 02:57:55.479 10 INFO neutron.wsgi [req-763691d6-0bb5-49e5-95a7-6e73c182d8de req-b32dfa30-6d48-419f-85d8-132a5bee19a1 e4846b997c244ad39ba985ef728c18b0 554117ef52094691863c2f76bcc47aea - - 086c14915e1744adb37f7df17ca4858a 086c14915e1744adb37f7df17ca4858a] 199.204.45.65 "GET /v2.0/ports?tenant_id=2950fc4ce08640f08695352b6b9453e7&device_id=dceb97e0-5dd6-475e-b39f-9f73e5072832 HTTP/1.1" status: 200 len: 1407 time: 0.2226892
2026-05-30 02:57:55.562 10 INFO neutron.wsgi [req-763691d6-0bb5-49e5-95a7-6e73c182d8de req-1e076b70-5078-4260-81b6-5e5145f41959 e4846b997c244ad39ba985ef728c18b0 554117ef52094691863c2f76bcc47aea - - 086c14915e1744adb37f7df17ca4858a 086c14915e1744adb37f7df17ca4858a] 199.204.45.65 "GET /v2.0/networks?id=e3d98500-8781-41e7-b2a7-191527f2fcdb HTTP/1.1" status: 200 len: 976 time: 0.0757759
2026-05-30 02:57:55.674 10 INFO neutron.wsgi [req-763691d6-0bb5-49e5-95a7-6e73c182d8de req-4a73e931-ba13-42e9-bbcb-bb11a919ee23 e4846b997c244ad39ba985ef728c18b0 554117ef52094691863c2f76bcc47aea - - 086c14915e1744adb37f7df17ca4858a 086c14915e1744adb37f7df17ca4858a] 199.204.45.65 "GET /v2.0/floatingips?fixed_ip_address=10.100.0.7&port_id=377c440e-9be4-423a-8458-bddc428ddd09 HTTP/1.1" status: 200 len: 1057 time: 0.1029634
2026-05-30 02:57:55.701 9 INFO neutron.db.ovn_revision_numbers_db [req-ea937857-04d8-4e8b-83a0-55a1ad8c7d8b req-a2426f4a-b4a6-46dd-a0fe-5f04135c1d44 cd11d64d7bf14e7f9282404cdd8dd264 4c0e0960b9734152873e67d1a6600963 - - default default] Successfully bumped revision number for resource a5439da3-c712-49f4-8936-3d55d9a912ca (type: ports) to 5
2026-05-30 02:57:55.724 9 INFO neutron.wsgi [req-ea937857-04d8-4e8b-83a0-55a1ad8c7d8b req-a2426f4a-b4a6-46dd-a0fe-5f04135c1d44 cd11d64d7bf14e7f9282404cdd8dd264 4c0e0960b9734152873e67d1a6600963 - - default default] 199.204.45.65 "PUT /v2.0/ports/a5439da3-c712-49f4-8936-3d55d9a912ca HTTP/1.1" status: 200 len: 1345 time: 0.8672733
2026-05-30 02:57:55.740 10 INFO neutron.wsgi [req-bc9f85a2-08f7-4d88-b1a2-934dcf511919 req-b859a654-46e4-4647-b86b-b056b05f6f3d d0823fb3b3d34334a60122cb99d13f33 2950fc4ce08640f08695352b6b9453e7 - - default default] 10.0.0.31 "GET /v2.0/ports?device_id=dceb97e0-5dd6-475e-b39f-9f73e5072832 HTTP/1.1" status: 200 len: 210 time: 0.0361745
2026-05-30 02:57:55.749 10 INFO neutron.wsgi [req-763691d6-0bb5-49e5-95a7-6e73c182d8de req-04ab973d-2f4e-4d0c-90a2-d74ee58b1037 e4846b997c244ad39ba985ef728c18b0 554117ef52094691863c2f76bcc47aea - - 086c14915e1744adb37f7df17ca4858a 086c14915e1744adb37f7df17ca4858a] 199.204.45.65 "GET /v2.0/subnets?id=5a656386-93ca-4031-a145-e4bdd543efcc HTTP/1.1" status: 200 len: 872 time: 0.0663383 /var/lib/openstack/lib/python3.10/site-packages/pycadf/identifier.py:71: UserWarning: Invalid uuid: neutron. To ensure interoperability, identifiers should be a valid uuid. warnings.warn(('Invalid uuid: %s. To ensure interoperability, '
2026-05-30 02:57:55.764 10 INFO neutron.wsgi [req-bff21bed-d45a-4102-bf97-cf19a268f9be req-21e38e1d-6bca-4314-975b-e31556e81d03 d0823fb3b3d34334a60122cb99d13f33 2950fc4ce08640f08695352b6b9453e7 - - default default] 199.204.45.65 "DELETE /v2.0/ports/377c440e-9be4-423a-8458-bddc428ddd09 HTTP/1.1" status: 204 len: 173 time: 0.9067626
2026-05-30 02:57:55.785 9 INFO neutron.notifiers.nova [-] Nova event matching ['req-2ededb65-130b-4d0c-b310-fd70b51443de'] response: {'name': 'network-changed', 'server_uuid': 'a21c5a47-ad29-4fc9-92a3-37fd4399da54', 'tag': 'a5439da3-c712-49f4-8936-3d55d9a912ca', 'status': 'completed', 'code': 200}
2026-05-30 02:57:55.792 10 INFO neutron.wsgi [req-763691d6-0bb5-49e5-95a7-6e73c182d8de req-14ba9afa-ead3-46b0-9005-8f6e035398cd e4846b997c244ad39ba985ef728c18b0 554117ef52094691863c2f76bcc47aea - - 086c14915e1744adb37f7df17ca4858a 086c14915e1744adb37f7df17ca4858a] 199.204.45.65 "GET /v2.0/ports?network_id=e3d98500-8781-41e7-b2a7-191527f2fcdb&device_owner=network%3Adhcp HTTP/1.1" status: 200 len: 210 time: 0.0349765
2026-05-30 02:57:55.807 9 INFO neutron.wsgi [req-ea937857-04d8-4e8b-83a0-55a1ad8c7d8b req-85254d93-d7fb-4568-80af-503e038729a1 e4846b997c244ad39ba985ef728c18b0 554117ef52094691863c2f76bcc47aea - - 086c14915e1744adb37f7df17ca4858a 086c14915e1744adb37f7df17ca4858a] 199.204.45.65 "GET /v2.0/ports?tenant_id=4c0e0960b9734152873e67d1a6600963&device_id=a21c5a47-ad29-4fc9-92a3-37fd4399da54 HTTP/1.1" status: 200 len: 1586 time: 0.0598857
2026-05-30 02:57:55.869 10 INFO neutron.wsgi [req-763691d6-0bb5-49e5-95a7-6e73c182d8de req-d8294017-44d2-47de-9795-352395ab5f84 e4846b997c244ad39ba985ef728c18b0 554117ef52094691863c2f76bcc47aea - - 086c14915e1744adb37f7df17ca4858a 086c14915e1744adb37f7df17ca4858a] 199.204.45.65 "GET /v2.0/networks/e3d98500-8781-41e7-b2a7-191527f2fcdb?fields=segments HTTP/1.1" status: 200 len: 212 time: 0.0713391
2026-05-30 02:57:55.880 9 INFO neutron.wsgi [req-ea937857-04d8-4e8b-83a0-55a1ad8c7d8b req-f0cdb839-5787-44d4-a23b-cf5090a152f5 e4846b997c244ad39ba985ef728c18b0 554117ef52094691863c2f76bcc47aea - - 086c14915e1744adb37f7df17ca4858a 086c14915e1744adb37f7df17ca4858a] 199.204.45.65 "GET /v2.0/networks?id=947aee8d-2cd7-4784-aedb-3e1861d1c8e7 HTTP/1.1" status: 200 len: 982 time: 0.0651934
2026-05-30 02:57:55.944 9 INFO neutron.wsgi [req-ea937857-04d8-4e8b-83a0-55a1ad8c7d8b req-689ed162-9bb0-4dc9-9db7-44a1810fefff e4846b997c244ad39ba985ef728c18b0 554117ef52094691863c2f76bcc47aea - - 086c14915e1744adb37f7df17ca4858a 086c14915e1744adb37f7df17ca4858a] 199.204.45.65 "GET /v2.0/floatingips?fixed_ip_address=10.100.0.5&port_id=a5439da3-c712-49f4-8936-3d55d9a912ca HTTP/1.1" status: 200 len: 1059 time: 0.0579805
