2026-05-30 02:57:33.443 9 INFO neutron.wsgi [req-504ff4b5-1bba-4a46-a398-f230dd7e5db4 req-8ddbad59-22e3-4c93-9fa4-b2b597311552 cd11d64d7bf14e7f9282404cdd8dd264 4c0e0960b9734152873e67d1a6600963 - - default default] 10.0.0.31 "GET /v2.0/ports?device_id=a21c5a47-ad29-4fc9-92a3-37fd4399da54 HTTP/1.1" status: 200 len: 210 time: 0.0275185
2026-05-30 02:57:33.550 10 INFO neutron.db.ovn_revision_numbers_db [None req-6c3f93a1-c130-497e-9a8d-ffb6e57dd8ac - - - - - -] Successfully bumped revision number for resource b2a8a98c-0926-457d-a7b5-bdfabb15a6d6 (type: ports) to 4
2026-05-30 02:57:33.779 9 WARNING neutron.scheduler.dhcp_agent_scheduler [req-7bdbda75-6d3b-4081-a29c-e0d189ecd926 req-a11732c5-eddb-43fd-b705-790cdad47b2a cd11d64d7bf14e7f9282404cdd8dd264 4c0e0960b9734152873e67d1a6600963 - - default default] No more DHCP agents
2026-05-30 02:57:33.781 9 WARNING neutron.api.rpc.agentnotifiers.dhcp_rpc_agent_api [req-7bdbda75-6d3b-4081-a29c-e0d189ecd926 req-a11732c5-eddb-43fd-b705-790cdad47b2a cd11d64d7bf14e7f9282404cdd8dd264 4c0e0960b9734152873e67d1a6600963 - - default default] Unable to schedule network 947aee8d-2cd7-4784-aedb-3e1861d1c8e7: no agents available; will retry on subsequent port and subnet creation events.
2026-05-30 02:57:33.831 10 INFO neutron.notifiers.nova [-] Nova event matching ['req-7dbeac79-554f-4eff-8e16-59f5a27205a3'] response: {'server_uuid': '86f124e0-02d7-4057-8046-0594120d145d', 'name': 'network-vif-plugged', 'status': 'completed', 'tag': 'b2a8a98c-0926-457d-a7b5-bdfabb15a6d6', 'code': 200}
2026-05-30 02:57:33.952 9 INFO neutron.db.ovn_revision_numbers_db [req-7bdbda75-6d3b-4081-a29c-e0d189ecd926 req-a11732c5-eddb-43fd-b705-790cdad47b2a cd11d64d7bf14e7f9282404cdd8dd264 4c0e0960b9734152873e67d1a6600963 - - default default] Successfully bumped revision number for resource a5439da3-c712-49f4-8936-3d55d9a912ca (type: ports) to 1
2026-05-30 02:57:33.980 9 INFO neutron.wsgi [req-7bdbda75-6d3b-4081-a29c-e0d189ecd926 req-a11732c5-eddb-43fd-b705-790cdad47b2a cd11d64d7bf14e7f9282404cdd8dd264 4c0e0960b9734152873e67d1a6600963 - - default default] 199.204.45.65 "POST /v2.0/ports HTTP/1.1" status: 201 len: 1158 time: 0.6145625 /var/lib/openstack/lib/python3.10/site-packages/pycadf/identifier.py:71: UserWarning: Invalid uuid: neutron. To ensure interoperability, identifiers should be a valid uuid. warnings.warn(('Invalid uuid: %s. To ensure interoperability, '
2026-05-30 02:57:34.138 9 INFO neutron.services.segments.plugin [-] Segment 63fdc827-a816-4b3c-a629-853feb6a7a7d resource provider aggregate not found
2026-05-30 02:57:34.163 9 INFO neutron.services.segments.plugin [-] Segment 63fdc827-a816-4b3c-a629-853feb6a7a7d resource provider not found; error: Placement Client Error (4xx): {"errors": [{"status": 404, "title": "Not Found", "detail": "The resource could not be found.\n\n No resource provider with uuid 63fdc827-a816-4b3c-a629-853feb6a7a7d found for delete ", "request_id": "req-c9c522db-5abb-4a35-b33a-f0ce9b76474b"}]}
2026-05-30 02:57:34.191 9 INFO neutron.services.segments.plugin [-] Segment 63fdc827-a816-4b3c-a629-853feb6a7a7d resource provider aggregate not found
2026-05-30 02:57:34.217 9 INFO neutron.services.segments.plugin [-] Segment 63fdc827-a816-4b3c-a629-853feb6a7a7d resource provider not found; error: Placement Client Error (4xx): {"errors": [{"status": 404, "title": "Not Found", "detail": "The resource could not be found.\n\n No resource provider with uuid 63fdc827-a816-4b3c-a629-853feb6a7a7d found for delete ", "request_id": "req-dc059228-f149-4343-aaf9-01b1c93c2cd5"}]}
2026-05-30 02:57:34.263 9 INFO neutron.wsgi [req-562bee8d-4186-4a69-a708-e88a52665905 req-d878af64-4e5f-40ce-9311-6bfbd709db3a 7b52a6ed486d454a962d5d10e947ff61 ee34e665f3214183ae87ed8f81d5df61 - - default default] 10.0.0.31 "GET /v2.0/ports?device_id=86f124e0-02d7-4057-8046-0594120d145d HTTP/1.1" status: 200 len: 1174 time: 0.0601599 /var/lib/openstack/lib/python3.10/site-packages/pycadf/identifier.py:71: UserWarning: Invalid uuid: neutron. To ensure interoperability, identifiers should be a valid uuid. warnings.warn(('Invalid uuid: %s. To ensure interoperability, '
2026-05-30 02:57:34.469 9 INFO neutron.wsgi [req-562bee8d-4186-4a69-a708-e88a52665905 req-d175233d-e804-4627-a290-f3c7451eee1c 7b52a6ed486d454a962d5d10e947ff61 ee34e665f3214183ae87ed8f81d5df61 - - default default] 10.0.0.31 "GET /v2.0/security-groups?id=bb09cf5d-52a4-4042-b638-b726e9dd87be&fields=id&fields=name HTTP/1.1" status: 200 len: 286 time: 0.2001448
2026-05-30 02:57:34.546 10 INFO neutron.db.ovn_revision_numbers_db [None req-b4fa711b-09f2-4312-9e76-50cb8c340a7c 0aa8b3db02e844fea94f41a4e43dcbf5 68ad9cc310aa4c6db3ebe292785ea6b4 - - default default] Successfully bumped revision number for resource ac448d8a-19ff-4e04-8744-092399863b78 (type: security_groups) to 1
2026-05-30 02:57:34.565 10 INFO neutron.wsgi [req-0f25ec6e-dd63-44ef-8115-df00893bcea3 req-8adcfbd7-8367-4d73-bea8-c5efbf434c50 cd11d64d7bf14e7f9282404cdd8dd264 4c0e0960b9734152873e67d1a6600963 - - default default] 10.0.0.31 "GET /v2.0/ports?device_id=a21c5a47-ad29-4fc9-92a3-37fd4399da54 HTTP/1.1" status: 200 len: 1168 time: 0.0541046
2026-05-30 02:57:34.570 9 WARNING neutron.plugins.ml2.drivers.ovn.mech_driver.ovsdb.ovn_client [None req-aac1a681-d7ab-412f-a4f5-58a54f6b1fdb - - - - - -] No hosting information found for port 5a9e32e7-f980-4cd7-a424-2ff915e1eed9: RuntimeError: No hosting information found for port 5a9e32e7-f980-4cd7-a424-2ff915e1eed9
2026-05-30 02:57:34.570 10 INFO neutron.db.ovn_revision_numbers_db [None req-b4fa711b-09f2-4312-9e76-50cb8c340a7c 0aa8b3db02e844fea94f41a4e43dcbf5 68ad9cc310aa4c6db3ebe292785ea6b4 - - default default] Successfully bumped revision number for resource 81e848cc-97d7-4bb2-a2e7-44dad33c3fba (type: security_group_rules) to 0
2026-05-30 02:57:34.601 10 INFO neutron.db.ovn_revision_numbers_db [None req-b4fa711b-09f2-4312-9e76-50cb8c340a7c 0aa8b3db02e844fea94f41a4e43dcbf5 68ad9cc310aa4c6db3ebe292785ea6b4 - - default default] Successfully bumped revision number for resource 9aa7b2e1-ad82-4b5d-9d0b-5e86639dabd6 (type: security_group_rules) to 0
2026-05-30 02:57:34.617 10 INFO neutron.db.ovn_revision_numbers_db [None req-b4fa711b-09f2-4312-9e76-50cb8c340a7c 0aa8b3db02e844fea94f41a4e43dcbf5 68ad9cc310aa4c6db3ebe292785ea6b4 - - default default] Successfully bumped revision number for resource cc2cdfff-859f-4696-b6f9-8fae1e2baa03 (type: security_group_rules) to 0
2026-05-30 02:57:34.623 10 INFO neutron.wsgi [req-0f25ec6e-dd63-44ef-8115-df00893bcea3 req-5f2bc93f-3009-4b3d-889c-b996a2fa2209 cd11d64d7bf14e7f9282404cdd8dd264 4c0e0960b9734152873e67d1a6600963 - - default default] 10.0.0.31 "GET /v2.0/security-groups?id=b0efd665-ae21-4506-9c53-b40a544a4e14&fields=id&fields=name HTTP/1.1" status: 200 len: 312 time: 0.0504677
2026-05-30 02:57:34.637 10 INFO neutron.db.ovn_revision_numbers_db [None req-b4fa711b-09f2-4312-9e76-50cb8c340a7c 0aa8b3db02e844fea94f41a4e43dcbf5 68ad9cc310aa4c6db3ebe292785ea6b4 - - default default] Successfully bumped revision number for resource f51e7b7e-fa10-4a70-aa77-46457c17d1ad (type: security_group_rules) to 0
2026-05-30 02:57:34.662 9 INFO neutron.db.ovn_revision_numbers_db [req-7bdbda75-6d3b-4081-a29c-e0d189ecd926 req-f5ec5d57-9eff-4bbe-9b57-38042c1057a5 e4846b997c244ad39ba985ef728c18b0 554117ef52094691863c2f76bcc47aea - - 086c14915e1744adb37f7df17ca4858a 086c14915e1744adb37f7df17ca4858a] Successfully bumped revision number for resource a5439da3-c712-49f4-8936-3d55d9a912ca (type: ports) to 2
2026-05-30 02:57:34.691 10 INFO neutron.db.segments_db [None req-b4fa711b-09f2-4312-9e76-50cb8c340a7c 0aa8b3db02e844fea94f41a4e43dcbf5 68ad9cc310aa4c6db3ebe292785ea6b4 - - default default] Added segment b75f2158-9e9b-4408-a57a-7c06f5c5d003 of type geneve for network e3d98500-8781-41e7-b2a7-191527f2fcdb
2026-05-30 02:57:34.864 10 INFO neutron.db.ovn_revision_numbers_db [None req-b4fa711b-09f2-4312-9e76-50cb8c340a7c 0aa8b3db02e844fea94f41a4e43dcbf5 68ad9cc310aa4c6db3ebe292785ea6b4 - - default default] Successfully bumped revision number for resource e3d98500-8781-41e7-b2a7-191527f2fcdb (type: networks) to 1
2026-05-30 02:57:34.920 9 INFO neutron.db.ovn_revision_numbers_db [req-7bdbda75-6d3b-4081-a29c-e0d189ecd926 req-f5ec5d57-9eff-4bbe-9b57-38042c1057a5 e4846b997c244ad39ba985ef728c18b0 554117ef52094691863c2f76bcc47aea - - 086c14915e1744adb37f7df17ca4858a 086c14915e1744adb37f7df17ca4858a] Successfully bumped revision number for resource a5439da3-c712-49f4-8936-3d55d9a912ca (type: ports) to 2
2026-05-30 02:57:34.938 9 INFO neutron.wsgi [req-7bdbda75-6d3b-4081-a29c-e0d189ecd926 req-f5ec5d57-9eff-4bbe-9b57-38042c1057a5 e4846b997c244ad39ba985ef728c18b0 554117ef52094691863c2f76bcc47aea - - 086c14915e1744adb37f7df17ca4858a 086c14915e1744adb37f7df17ca4858a] 199.204.45.65 "PUT /v2.0/ports/a5439da3-c712-49f4-8936-3d55d9a912ca HTTP/1.1" status: 200 len: 1376 time: 0.9478638 /var/lib/openstack/lib/python3.10/site-packages/pycadf/identifier.py:71: UserWarning: Invalid uuid: neutron. To ensure interoperability, identifiers should be a valid uuid. warnings.warn(('Invalid uuid: %s. To ensure interoperability, '
2026-05-30 02:57:34.994 9 INFO neutron.notifiers.nova [-] Nova event matching ['req-d4b6def9-6d90-4199-94c8-23d2224b2b4c'] response: {'name': 'network-changed', 'server_uuid': 'a21c5a47-ad29-4fc9-92a3-37fd4399da54', 'tag': 'a5439da3-c712-49f4-8936-3d55d9a912ca', 'status': 'completed', 'code': 200}
2026-05-30 02:57:35.011 9 INFO neutron.wsgi [req-7bdbda75-6d3b-4081-a29c-e0d189ecd926 req-75a3c2ee-94a1-4cc2-b1cd-285bb4ef14d1 e4846b997c244ad39ba985ef728c18b0 554117ef52094691863c2f76bcc47aea - - 086c14915e1744adb37f7df17ca4858a 086c14915e1744adb37f7df17ca4858a] 199.204.45.65 "GET /v2.0/ports?tenant_id=4c0e0960b9734152873e67d1a6600963&device_id=a21c5a47-ad29-4fc9-92a3-37fd4399da54 HTTP/1.1" status: 200 len: 1407 time: 0.0372200
2026-05-30 02:57:35.042 9 INFO neutron.wsgi [req-7bdbda75-6d3b-4081-a29c-e0d189ecd926 req-f2d01160-1807-4d63-8b3d-5e9d63d79d98 e4846b997c244ad39ba985ef728c18b0 554117ef52094691863c2f76bcc47aea - - 086c14915e1744adb37f7df17ca4858a 086c14915e1744adb37f7df17ca4858a] 199.204.45.65 "GET /v2.0/floatingips?fixed_ip_address=10.100.0.5&port_id=a5439da3-c712-49f4-8936-3d55d9a912ca HTTP/1.1" status: 200 len: 217 time: 0.0250194
2026-05-30 02:57:35.069 10 WARNING neutron.scheduler.dhcp_agent_scheduler [None req-b4fa711b-09f2-4312-9e76-50cb8c340a7c 0aa8b3db02e844fea94f41a4e43dcbf5 68ad9cc310aa4c6db3ebe292785ea6b4 - - default default] No more DHCP agents
2026-05-30 02:57:35.070 10 WARNING neutron.api.rpc.agentnotifiers.dhcp_rpc_agent_api [None req-b4fa711b-09f2-4312-9e76-50cb8c340a7c 0aa8b3db02e844fea94f41a4e43dcbf5 68ad9cc310aa4c6db3ebe292785ea6b4 - - default default] Unable to schedule network e3d98500-8781-41e7-b2a7-191527f2fcdb: no agents available; will retry on subsequent port and subnet creation events.
2026-05-30 02:57:35.084 9 INFO neutron.wsgi [req-7bdbda75-6d3b-4081-a29c-e0d189ecd926 req-d3700baa-396b-4513-a75e-7040b1c46092 e4846b997c244ad39ba985ef728c18b0 554117ef52094691863c2f76bcc47aea - - 086c14915e1744adb37f7df17ca4858a 086c14915e1744adb37f7df17ca4858a] 199.204.45.65 "GET /v2.0/subnets?id=31301a9d-a121-409c-b0f7-9ae681c3dec7 HTTP/1.1" status: 200 len: 877 time: 0.0349643
2026-05-30 02:57:35.111 9 INFO neutron.wsgi [req-7bdbda75-6d3b-4081-a29c-e0d189ecd926 req-e613917f-304d-40b7-a698-3d8ad6603743 e4846b997c244ad39ba985ef728c18b0 554117ef52094691863c2f76bcc47aea - - 086c14915e1744adb37f7df17ca4858a 086c14915e1744adb37f7df17ca4858a] 199.204.45.65 "GET /v2.0/ports?network_id=947aee8d-2cd7-4784-aedb-3e1861d1c8e7&device_owner=network%3Adhcp HTTP/1.1" status: 200 len: 210 time: 0.0216825
2026-05-30 02:57:35.160 10 INFO neutron.db.ovn_revision_numbers_db [None req-b4fa711b-09f2-4312-9e76-50cb8c340a7c 0aa8b3db02e844fea94f41a4e43dcbf5 68ad9cc310aa4c6db3ebe292785ea6b4 - - default default] Successfully bumped revision number for resource e1bfce3f-a78a-4f8b-ab36-7cd12d5a7590 (type: ports) to 1
2026-05-30 02:57:35.182 9 INFO neutron.wsgi [req-7bdbda75-6d3b-4081-a29c-e0d189ecd926 req-264f8419-8647-489b-ae0c-6a21a87315d7 e4846b997c244ad39ba985ef728c18b0 554117ef52094691863c2f76bcc47aea - - 086c14915e1744adb37f7df17ca4858a 086c14915e1744adb37f7df17ca4858a] 199.204.45.65 "GET /v2.0/networks/947aee8d-2cd7-4784-aedb-3e1861d1c8e7?fields=segments HTTP/1.1" status: 200 len: 212 time: 0.0649986
2026-05-30 02:57:35.199 10 INFO neutron.wsgi [None req-b4fa711b-09f2-4312-9e76-50cb8c340a7c 0aa8b3db02e844fea94f41a4e43dcbf5 68ad9cc310aa4c6db3ebe292785ea6b4 - - default default] 10.0.0.78 "POST /v2.0/networks HTTP/1.1" status: 201 len: 948 time: 1.0597000
2026-05-30 02:57:35.273 9 INFO neutron.wsgi [req-7bdbda75-6d3b-4081-a29c-e0d189ecd926 req-2b606a42-1eda-49c1-bae6-c1b68a43a9b2 e4846b997c244ad39ba985ef728c18b0 554117ef52094691863c2f76bcc47aea - - 086c14915e1744adb37f7df17ca4858a 086c14915e1744adb37f7df17ca4858a] 199.204.45.65 "GET /v2.0/networks/947aee8d-2cd7-4784-aedb-3e1861d1c8e7?fields=provider%3Aphysical_network&fields=provider%3Anetwork_type HTTP/1.1" status: 200 len: 277 time: 0.0804317
2026-05-30 02:57:35.367 9 INFO neutron.wsgi [req-5e0f6cb0-388b-4295-b737-084363972bde req-35681f66-07b3-44ba-8729-a4a562747eec e4846b997c244ad39ba985ef728c18b0 554117ef52094691863c2f76bcc47aea - - 086c14915e1744adb37f7df17ca4858a 086c14915e1744adb37f7df17ca4858a] 199.204.45.65 "GET /v2.0/ports?tenant_id=4c0e0960b9734152873e67d1a6600963&device_id=a21c5a47-ad29-4fc9-92a3-37fd4399da54 HTTP/1.1" status: 200 len: 1407 time: 0.0445731
2026-05-30 02:57:35.416 10 WARNING neutron.scheduler.dhcp_agent_scheduler [None req-86ef8318-cbb2-4504-bfdd-62c5a40268bd 0aa8b3db02e844fea94f41a4e43dcbf5 68ad9cc310aa4c6db3ebe292785ea6b4 - - default default] No more DHCP agents
2026-05-30 02:57:35.417 10 WARNING neutron.api.rpc.agentnotifiers.dhcp_rpc_agent_api [None req-86ef8318-cbb2-4504-bfdd-62c5a40268bd 0aa8b3db02e844fea94f41a4e43dcbf5 68ad9cc310aa4c6db3ebe292785ea6b4 - - default default] Unable to schedule network e3d98500-8781-41e7-b2a7-191527f2fcdb: no agents available; will retry on subsequent port and subnet creation events.
2026-05-30 02:57:35.450 9 INFO neutron.wsgi [req-5e0f6cb0-388b-4295-b737-084363972bde req-3c4efef9-50d3-437d-ab7a-a73c4b89e9b8 e4846b997c244ad39ba985ef728c18b0 554117ef52094691863c2f76bcc47aea - - 086c14915e1744adb37f7df17ca4858a 086c14915e1744adb37f7df17ca4858a] 199.204.45.65 "GET /v2.0/networks?id=947aee8d-2cd7-4784-aedb-3e1861d1c8e7 HTTP/1.1" status: 200 len: 982 time: 0.0743210
2026-05-30 02:57:35.473 10 INFO neutron.plugins.ml2.drivers.ovn.mech_driver.mech_driver [None req-6c3f93a1-c130-497e-9a8d-ffb6e57dd8ac - - - - - -] OVN reports status up for port: a5439da3-c712-49f4-8936-3d55d9a912ca
2026-05-30 02:57:35.481 9 INFO neutron.wsgi [req-5e0f6cb0-388b-4295-b737-084363972bde req-f67b6015-7832-438e-b89a-865b538425cc e4846b997c244ad39ba985ef728c18b0 554117ef52094691863c2f76bcc47aea - - 086c14915e1744adb37f7df17ca4858a 086c14915e1744adb37f7df17ca4858a] 199.204.45.65 "GET /v2.0/floatingips?fixed_ip_address=10.100.0.5&port_id=a5439da3-c712-49f4-8936-3d55d9a912ca HTTP/1.1" status: 200 len: 217 time: 0.0258017
2026-05-30 02:57:35.494 10 INFO neutron.plugins.ml2.plugin [None req-6c3f93a1-c130-497e-9a8d-ffb6e57dd8ac - - - - - -] Attempt 1 to provision port a5439da3-c712-49f4-8936-3d55d9a912ca
2026-05-30 02:57:35.514 9 INFO neutron.wsgi [req-5e0f6cb0-388b-4295-b737-084363972bde req-3bf84a88-8e25-48e7-9b35-3d37a6918fe3 e4846b997c244ad39ba985ef728c18b0 554117ef52094691863c2f76bcc47aea - - 086c14915e1744adb37f7df17ca4858a 086c14915e1744adb37f7df17ca4858a] 199.204.45.65 "GET /v2.0/subnets?id=31301a9d-a121-409c-b0f7-9ae681c3dec7 HTTP/1.1" status: 200 len: 877 time: 0.0288479
2026-05-30 02:57:35.538 9 INFO neutron.wsgi [req-5e0f6cb0-388b-4295-b737-084363972bde req-3a6088ee-7221-4c4b-a06e-35e813d0ebe1 e4846b997c244ad39ba985ef728c18b0 554117ef52094691863c2f76bcc47aea - - 086c14915e1744adb37f7df17ca4858a 086c14915e1744adb37f7df17ca4858a] 199.204.45.65 "GET /v2.0/ports?network_id=947aee8d-2cd7-4784-aedb-3e1861d1c8e7&device_owner=network%3Adhcp HTTP/1.1" status: 200 len: 210 time: 0.0161109
2026-05-30 02:57:35.599 10 INFO neutron.wsgi [req-f4c18dbb-a5e4-47a7-8591-91a25c5112d7 req-91d86c7f-d51f-4ded-8238-7598dc9c4bc6 7b52a6ed486d454a962d5d10e947ff61 ee34e665f3214183ae87ed8f81d5df61 - - default default] 10.0.0.31 "GET /v2.0/ports?device_id=86f124e0-02d7-4057-8046-0594120d145d HTTP/1.1" status: 200 len: 1174 time: 0.0487092
2026-05-30 02:57:35.624 9 INFO neutron.wsgi [req-5e0f6cb0-388b-4295-b737-084363972bde req-72a6d92b-c02a-473f-bc96-8e635a0aa23c e4846b997c244ad39ba985ef728c18b0 554117ef52094691863c2f76bcc47aea - - 086c14915e1744adb37f7df17ca4858a 086c14915e1744adb37f7df17ca4858a] 199.204.45.65 "GET /v2.0/networks/947aee8d-2cd7-4784-aedb-3e1861d1c8e7?fields=segments HTTP/1.1" status: 200 len: 212 time: 0.0793855
2026-05-30 02:57:35.670 10 INFO neutron.wsgi [req-f4c18dbb-a5e4-47a7-8591-91a25c5112d7 req-00ddd762-770c-4f77-a309-ad48af592e92 7b52a6ed486d454a962d5d10e947ff61 ee34e665f3214183ae87ed8f81d5df61 - - default default] 10.0.0.31 "GET /v2.0/security-groups?id=bb09cf5d-52a4-4042-b638-b726e9dd87be&fields=id&fields=name HTTP/1.1" status: 200 len: 286 time: 0.0568841
2026-05-30 02:57:35.696 9 INFO neutron.wsgi [req-5e0f6cb0-388b-4295-b737-084363972bde req-6986dce7-90ed-4ec5-afd6-bd41eb1dbe42 e4846b997c244ad39ba985ef728c18b0 554117ef52094691863c2f76bcc47aea - - 086c14915e1744adb37f7df17ca4858a 086c14915e1744adb37f7df17ca4858a] 199.204.45.65 "GET /v2.0/networks/947aee8d-2cd7-4784-aedb-3e1861d1c8e7?fields=provider%3Aphysical_network&fields=provider%3Anetwork_type HTTP/1.1" status: 200 len: 277 time: 0.0661321
2026-05-30 02:57:35.797 9 INFO neutron.wsgi [req-778461b5-7274-409c-94ae-d8cffdb09c46 req-6a27e7d2-7b46-40f4-bb2a-7bf1c4ca4700 cd11d64d7bf14e7f9282404cdd8dd264 4c0e0960b9734152873e67d1a6600963 - - default default] 10.0.0.31 "GET /v2.0/ports?device_id=a21c5a47-ad29-4fc9-92a3-37fd4399da54 HTTP/1.1" status: 200 len: 1170 time: 0.1009223
2026-05-30 02:57:35.844 9 INFO neutron.wsgi [req-778461b5-7274-409c-94ae-d8cffdb09c46 req-05986b6c-d237-4eff-915f-c0b922ea1d96 cd11d64d7bf14e7f9282404cdd8dd264 4c0e0960b9734152873e67d1a6600963 - - default default] 10.0.0.31 "GET /v2.0/security-groups?id=b0efd665-ae21-4506-9c53-b40a544a4e14&fields=id&fields=name HTTP/1.1" status: 200 len: 312 time: 0.0390832
2026-05-30 02:57:35.888 10 INFO neutron.notifiers.nova [-] Nova event matching ['req-9d421405-a270-451e-a8ac-6313303fcc0b'] response: {'server_uuid': '86f124e0-02d7-4057-8046-0594120d145d', 'name': 'network-vif-plugged', 'status': 'completed', 'tag': 'b2a8a98c-0926-457d-a7b5-bdfabb15a6d6', 'code': 200}
2026-05-30 02:57:35.889 10 INFO neutron.notifiers.nova [-] Nova event matching ['req-9d421405-a270-451e-a8ac-6313303fcc0b'] response: {'server_uuid': 'a21c5a47-ad29-4fc9-92a3-37fd4399da54', 'name': 'network-vif-plugged', 'status': 'completed', 'tag': 'a5439da3-c712-49f4-8936-3d55d9a912ca', 'code': 200}
2026-05-30 02:57:36.144 10 INFO neutron.db.ovn_revision_numbers_db [None req-6c3f93a1-c130-497e-9a8d-ffb6e57dd8ac - - - - - -] Successfully bumped revision number for resource a5439da3-c712-49f4-8936-3d55d9a912ca (type: ports) to 4
2026-05-30 02:57:36.181 9 INFO neutron.wsgi [req-24f808d4-89bd-4532-8bd9-5a09166f444c req-10a31c09-c9a2-4945-949b-fdb15efa9f23 7b52a6ed486d454a962d5d10e947ff61 ee34e665f3214183ae87ed8f81d5df61 - - default default] 10.0.0.31 "GET /v2.0/ports?device_id=86f124e0-02d7-4057-8046-0594120d145d HTTP/1.1" status: 200 len: 1174 time: 0.1179123
2026-05-30 02:57:36.216 10 INFO neutron.plugins.ml2.drivers.ovn.mech_driver.mech_driver [None req-6c3f93a1-c130-497e-9a8d-ffb6e57dd8ac - - - - - -] OVN reports status down for port: b2a8a98c-0926-457d-a7b5-bdfabb15a6d6
2026-05-30 02:57:36.265 9 INFO neutron.wsgi [req-24f808d4-89bd-4532-8bd9-5a09166f444c req-9f215519-54db-440c-a573-18af10fef5a4 7b52a6ed486d454a962d5d10e947ff61 ee34e665f3214183ae87ed8f81d5df61 - - default default] 10.0.0.31 "GET /v2.0/security-groups?id=bb09cf5d-52a4-4042-b638-b726e9dd87be&fields=id&fields=name HTTP/1.1" status: 200 len: 286 time: 0.0743096
2026-05-30 02:57:36.330 10 INFO neutron.db.ovn_revision_numbers_db [None req-86ef8318-cbb2-4504-bfdd-62c5a40268bd 0aa8b3db02e844fea94f41a4e43dcbf5 68ad9cc310aa4c6db3ebe292785ea6b4 - - default default] Successfully bumped revision number for resource e1bfce3f-a78a-4f8b-ab36-7cd12d5a7590 (type: ports) to 2
2026-05-30 02:57:36.374 10 INFO neutron.db.ovn_revision_numbers_db [None req-86ef8318-cbb2-4504-bfdd-62c5a40268bd 0aa8b3db02e844fea94f41a4e43dcbf5 68ad9cc310aa4c6db3ebe292785ea6b4 - - default default] Successfully bumped revision number for resource 5a656386-93ca-4031-a145-e4bdd543efcc (type: subnets) to 0
2026-05-30 02:57:36.399 10 INFO neutron.wsgi [None req-86ef8318-cbb2-4504-bfdd-62c5a40268bd 0aa8b3db02e844fea94f41a4e43dcbf5 68ad9cc310aa4c6db3ebe292785ea6b4 - - default default] 10.0.0.78 "POST /v2.0/subnets HTTP/1.1" status: 201 len: 869 time: 1.1917827 /var/lib/openstack/lib/python3.10/site-packages/pycadf/identifier.py:71: UserWarning: Invalid uuid: neutron. To ensure interoperability, identifiers should be a valid uuid. warnings.warn(('Invalid uuid: %s. To ensure interoperability, '
2026-05-30 02:57:36.435 9 INFO neutron.wsgi [req-c25b38f9-8588-43b3-9c4c-34707fced1f4 req-17b2c683-cc8a-4623-b0b7-35720cadd384 7b52a6ed486d454a962d5d10e947ff61 ee34e665f3214183ae87ed8f81d5df61 - - default default] 199.204.45.65 "GET /v2.0/ports?device_id=86f124e0-02d7-4057-8046-0594120d145d HTTP/1.1" status: 200 len: 1172 time: 0.0440412
2026-05-30 02:57:36.615 10 INFO neutron.db.ovn_revision_numbers_db [None req-6c3f93a1-c130-497e-9a8d-ffb6e57dd8ac - - - - - -] Successfully bumped revision number for resource b2a8a98c-0926-457d-a7b5-bdfabb15a6d6 (type: ports) to 5
2026-05-30 02:57:36.767 9 INFO neutron.wsgi [req-c25b38f9-8588-43b3-9c4c-34707fced1f4 req-20fe07c3-8f25-4f0b-8d7b-97e1be8e7c05 7b52a6ed486d454a962d5d10e947ff61 ee34e665f3214183ae87ed8f81d5df61 - - default default] 199.204.45.65 "DELETE /v2.0/ports/b2a8a98c-0926-457d-a7b5-bdfabb15a6d6 HTTP/1.1" status: 204 len: 173 time: 0.3258028 /var/lib/openstack/lib/python3.10/site-packages/pycadf/identifier.py:71: UserWarning: Invalid uuid: neutron. To ensure interoperability, identifiers should be a valid uuid. warnings.warn(('Invalid uuid: %s. To ensure interoperability, '
2026-05-30 02:57:36.950 10 WARNING neutron.scheduler.dhcp_agent_scheduler [None req-f3b280b4-297f-4d60-bbc6-46f9239d430a 0aa8b3db02e844fea94f41a4e43dcbf5 68ad9cc310aa4c6db3ebe292785ea6b4 - - default default] No more DHCP agents
2026-05-30 02:57:36.957 10 WARNING neutron.api.rpc.agentnotifiers.dhcp_rpc_agent_api [None req-f3b280b4-297f-4d60-bbc6-46f9239d430a 0aa8b3db02e844fea94f41a4e43dcbf5 68ad9cc310aa4c6db3ebe292785ea6b4 - - default default] Unable to schedule network a943bc15-3938-4712-be78-3646dce8b1af: no agents available; will retry on subsequent port and subnet creation events.
2026-05-30 02:57:37.029 9 INFO neutron.notifiers.nova [-] Nova event matching ['req-68a1f78e-d282-49de-b534-374a2c9519ca'] response: {'server_uuid': '86f124e0-02d7-4057-8046-0594120d145d', 'name': 'network-vif-deleted', 'tag': 'b2a8a98c-0926-457d-a7b5-bdfabb15a6d6', 'status': 'completed', 'code': 200}
2026-05-30 02:57:37.032 10 INFO neutron.wsgi [req-ade0415f-6f45-4582-a158-0fd6c7e7e1e9 req-7ed38900-5bee-4d59-bf16-db075d31bf9b cd11d64d7bf14e7f9282404cdd8dd264 4c0e0960b9734152873e67d1a6600963 - - default default] 10.0.0.31 "GET /v2.0/ports?device_id=a21c5a47-ad29-4fc9-92a3-37fd4399da54 HTTP/1.1" status: 200 len: 1170 time: 0.1182239
2026-05-30 02:57:37.087 10 INFO neutron.wsgi [req-ade0415f-6f45-4582-a158-0fd6c7e7e1e9 req-1860416a-27f7-4e0e-9cd8-f5e7222aca4e cd11d64d7bf14e7f9282404cdd8dd264 4c0e0960b9734152873e67d1a6600963 - - default default] 10.0.0.31 "GET /v2.0/security-groups?id=b0efd665-ae21-4506-9c53-b40a544a4e14&fields=id&fields=name HTTP/1.1" status: 200 len: 312 time: 0.0473306
2026-05-30 02:57:37.105 9 INFO neutron.db.ovn_revision_numbers_db [None req-775f0f43-25a2-4a0a-9f4d-593b2485eff3 0aa8b3db02e844fea94f41a4e43dcbf5 68ad9cc310aa4c6db3ebe292785ea6b4 - - default default] Successfully bumped revision number for resource 5917f4ab-9188-44a4-b112-80ec0ffb9109 (type: security_groups) to 1
2026-05-30 02:57:37.119 9 INFO neutron.db.ovn_revision_numbers_db [None req-775f0f43-25a2-4a0a-9f4d-593b2485eff3 0aa8b3db02e844fea94f41a4e43dcbf5 68ad9cc310aa4c6db3ebe292785ea6b4 - - default default] Successfully bumped revision number for resource 2a3ed4f1-36e2-42e1-aaee-d9c4ccc53744 (type: security_group_rules) to 0
2026-05-30 02:57:37.122 10 INFO neutron.wsgi [-] 10.0.0.42 "GET / HTTP/1.1" status: 200 len: 247 time: 0.0016766
2026-05-30 02:57:37.124 10 INFO neutron.wsgi [-] 10.0.0.42 "GET / HTTP/1.1" status: 200 len: 247 time: 0.0014837
2026-05-30 02:57:37.135 9 INFO neutron.db.ovn_revision_numbers_db [None req-775f0f43-25a2-4a0a-9f4d-593b2485eff3 0aa8b3db02e844fea94f41a4e43dcbf5 68ad9cc310aa4c6db3ebe292785ea6b4 - - default default] Successfully bumped revision number for resource 2b9a9d21-b1c3-4c74-bacc-6138a3ade84b (type: security_group_rules) to 0
2026-05-30 02:57:37.138 10 INFO neutron.db.ovn_revision_numbers_db [None req-f3b280b4-297f-4d60-bbc6-46f9239d430a 0aa8b3db02e844fea94f41a4e43dcbf5 68ad9cc310aa4c6db3ebe292785ea6b4 - - default default] Successfully bumped revision number for resource 2b57de3d-8172-44d1-b264-85f12c781f7f (type: ports) to 1
2026-05-30 02:57:37.155 9 INFO neutron.db.ovn_revision_numbers_db [None req-775f0f43-25a2-4a0a-9f4d-593b2485eff3 0aa8b3db02e844fea94f41a4e43dcbf5 68ad9cc310aa4c6db3ebe292785ea6b4 - - default default] Successfully bumped revision number for resource 856aa77f-eabd-46aa-a0b7-5a9afff3989d (type: security_group_rules) to 0
2026-05-30 02:57:37.171 9 INFO neutron.db.ovn_revision_numbers_db [None req-775f0f43-25a2-4a0a-9f4d-593b2485eff3 0aa8b3db02e844fea94f41a4e43dcbf5 68ad9cc310aa4c6db3ebe292785ea6b4 - - default default] Successfully bumped revision number for resource c0b28384-866d-4789-982f-a42b85b58486 (type: security_group_rules) to 0
2026-05-30 02:57:37.208 9 INFO neutron.wsgi [None req-775f0f43-25a2-4a0a-9f4d-593b2485eff3 0aa8b3db02e844fea94f41a4e43dcbf5 68ad9cc310aa4c6db3ebe292785ea6b4 - - default default] 10.0.0.78 "GET /v2.0/security-groups?tenant_id=414268102e904a8daf96932424333275&name=default HTTP/1.1" status: 200 len: 2996 time: 0.4395938
2026-05-30 02:57:37.224 9 INFO neutron.wsgi [req-c30fda43-4949-44a1-8c83-b65dd55ab81f req-93ac7a58-52f4-4da3-b972-77913334fa59 cd11d64d7bf14e7f9282404cdd8dd264 4c0e0960b9734152873e67d1a6600963 - - default default] 10.0.0.31 "GET /v2.0/ports?device_id=a21c5a47-ad29-4fc9-92a3-37fd4399da54 HTTP/1.1" status: 200 len: 1170 time: 0.0449412
2026-05-30 02:57:37.788 9 INFO neutron.db.l3_db [None req-99368cfe-3b85-468a-b4c0-dd8ed7246d73 cd11d64d7bf14e7f9282404cdd8dd264 4c0e0960b9734152873e67d1a6600963 - - default default] Floating IP d32fbf6a-40aa-4d6a-98ef-f87977535ddc associated. External IP: 10.96.250.219, port: a5439da3-c712-49f4-8936-3d55d9a912ca.
2026-05-30 02:57:37.867 10 INFO neutron.plugins.ml2.drivers.ovn.mech_driver.mech_driver [None req-6c3f93a1-c130-497e-9a8d-ffb6e57dd8ac - - - - - -] OVN reports status up for port: 2b57de3d-8172-44d1-b264-85f12c781f7f
2026-05-30 02:57:37.868 9 INFO neutron.wsgi [None req-5a617f04-0bda-4942-afe0-e3288d34969a 0aa8b3db02e844fea94f41a4e43dcbf5 68ad9cc310aa4c6db3ebe292785ea6b4 - - default default] 10.0.0.78 "DELETE /v2.0/security-groups/5917f4ab-9188-44a4-b112-80ec0ffb9109 HTTP/1.1" status: 204 len: 168 time: 0.6525502
2026-05-30 02:57:37.901 10 INFO neutron.db.ovn_revision_numbers_db [None req-f3b280b4-297f-4d60-bbc6-46f9239d430a 0aa8b3db02e844fea94f41a4e43dcbf5 68ad9cc310aa4c6db3ebe292785ea6b4 - - default default] Successfully bumped revision number for resource 2b57de3d-8172-44d1-b264-85f12c781f7f (type: router_ports) to 1
2026-05-30 02:57:37.902 10 INFO neutron.plugins.ml2.plugin [None req-6c3f93a1-c130-497e-9a8d-ffb6e57dd8ac - - - - - -] Attempt 1 to provision port 2b57de3d-8172-44d1-b264-85f12c781f7f
2026-05-30 02:57:37.905 9 INFO neutron.plugins.ml2.drivers.ovn.mech_driver.ovsdb.ovsdb_monitor [None req-fe4a7443-9e4d-463c-acc0-8d10b5534aee - - - - - -] Router dba06f92-5152-48c1-a81f-3c1307616cd2 is bound to host instance
2026-05-30 02:57:37.929 10 INFO neutron.notifiers.nova [-] Nova event matching ['req-f1ac0ecb-71ef-43a4-af44-f5bf3a8cda2f'] response: {'server_uuid': 'a21c5a47-ad29-4fc9-92a3-37fd4399da54', 'name': 'network-vif-plugged', 'status': 'completed', 'tag': 'a5439da3-c712-49f4-8936-3d55d9a912ca', 'code': 200}
2026-05-30 02:57:37.929 10 INFO neutron.notifiers.nova [-] Nova event matching ['req-f1ac0ecb-71ef-43a4-af44-f5bf3a8cda2f'] response: {'server_uuid': '86f124e0-02d7-4057-8046-0594120d145d', 'name': 'network-vif-unplugged', 'status': 'completed', 'tag': 'b2a8a98c-0926-457d-a7b5-bdfabb15a6d6', 'code': 200}
2026-05-30 02:57:37.929 10 INFO neutron.notifiers.nova [-] Nova event matching ['req-f1ac0ecb-71ef-43a4-af44-f5bf3a8cda2f'] response: {'server_uuid': '86f124e0-02d7-4057-8046-0594120d145d', 'name': 'network-vif-plugged', 'status': 'completed', 'tag': 'b2a8a98c-0926-457d-a7b5-bdfabb15a6d6', 'code': 200}
2026-05-30 02:57:37.992 10 INFO neutron.db.ovn_revision_numbers_db [None req-f3b280b4-297f-4d60-bbc6-46f9239d430a 0aa8b3db02e844fea94f41a4e43dcbf5 68ad9cc310aa4c6db3ebe292785ea6b4 - - default default] Successfully bumped revision number for resource dba06f92-5152-48c1-a81f-3c1307616cd2 (type: routers) to 2
2026-05-30 02:57:38.003 10 INFO neutron.wsgi [None req-f3b280b4-297f-4d60-bbc6-46f9239d430a 0aa8b3db02e844fea94f41a4e43dcbf5 68ad9cc310aa4c6db3ebe292785ea6b4 - - default default] 10.0.0.78 "POST /v2.0/routers HTTP/1.1" status: 201 len: 880 time: 1.5978498
2026-05-30 02:57:38.313 9 INFO neutron.db.ovn_revision_numbers_db [None req-99368cfe-3b85-468a-b4c0-dd8ed7246d73 cd11d64d7bf14e7f9282404cdd8dd264 4c0e0960b9734152873e67d1a6600963 - - default default] Successfully bumped revision number for resource d32fbf6a-40aa-4d6a-98ef-f87977535ddc (type: floatingips) to 1
2026-05-30 02:57:38.378 9 INFO neutron.db.ovn_revision_numbers_db [None req-97aeb952-2ba7-4491-bdb7-db3b3a8044c6 0aa8b3db02e844fea94f41a4e43dcbf5 68ad9cc310aa4c6db3ebe292785ea6b4 - - default default] Successfully bumped revision number for resource 7cc14501-7931-4df8-a078-6ccbe0ad331a (type: security_groups) to 1
2026-05-30 02:57:38.411 10 WARNING neutron.scheduler.dhcp_agent_scheduler [None req-ed51facb-a8b0-43fe-8b94-d8fef36ac65f 0aa8b3db02e844fea94f41a4e43dcbf5 68ad9cc310aa4c6db3ebe292785ea6b4 - - default default] No more DHCP agents
2026-05-30 02:57:38.413 10 WARNING neutron.api.rpc.agentnotifiers.dhcp_rpc_agent_api [None req-ed51facb-a8b0-43fe-8b94-d8fef36ac65f 0aa8b3db02e844fea94f41a4e43dcbf5 68ad9cc310aa4c6db3ebe292785ea6b4 - - default default] Unable to schedule network e3d98500-8781-41e7-b2a7-191527f2fcdb: no agents available; will retry on subsequent port and subnet creation events.
2026-05-30 02:57:38.427 9 INFO neutron.db.ovn_revision_numbers_db [None req-97aeb952-2ba7-4491-bdb7-db3b3a8044c6 0aa8b3db02e844fea94f41a4e43dcbf5 68ad9cc310aa4c6db3ebe292785ea6b4 - - default default] Successfully bumped revision number for resource 3e19550d-669b-4414-a6d9-049aab3bb13a (type: security_group_rules) to 0
2026-05-30 02:57:38.467 9 INFO neutron.db.ovn_revision_numbers_db [None req-97aeb952-2ba7-4491-bdb7-db3b3a8044c6 0aa8b3db02e844fea94f41a4e43dcbf5 68ad9cc310aa4c6db3ebe292785ea6b4 - - default default] Successfully bumped revision number for resource 980aed58-c6f9-4c9b-bbfa-c9f760a15879 (type: security_group_rules) to 0
2026-05-30 02:57:38.542 10 INFO neutron.db.ovn_revision_numbers_db [None req-ed51facb-a8b0-43fe-8b94-d8fef36ac65f 0aa8b3db02e844fea94f41a4e43dcbf5 68ad9cc310aa4c6db3ebe292785ea6b4 - - default default] Successfully bumped revision number for resource de73db0c-7aa4-40e5-9d56-a04978c959b5 (type: ports) to 1
2026-05-30 02:57:38.680 9 INFO neutron.db.ovn_revision_numbers_db [None req-97aeb952-2ba7-4491-bdb7-db3b3a8044c6 0aa8b3db02e844fea94f41a4e43dcbf5 68ad9cc310aa4c6db3ebe292785ea6b4 - - default default] Successfully bumped revision number for resource b9bd2eb5-39e5-48a0-9d12-b27ac77dc73a (type: security_group_rules) to 0
2026-05-30 02:57:38.731 9 INFO neutron.db.ovn_revision_numbers_db [None req-97aeb952-2ba7-4491-bdb7-db3b3a8044c6 0aa8b3db02e844fea94f41a4e43dcbf5 68ad9cc310aa4c6db3ebe292785ea6b4 - - default default] Successfully bumped revision number for resource d0c3edd8-a0e4-4b96-93ac-5fdaf93ab53f (type: security_group_rules) to 0
2026-05-30 02:57:38.744 9 INFO neutron.db.ovn_revision_numbers_db [None req-99368cfe-3b85-468a-b4c0-dd8ed7246d73 cd11d64d7bf14e7f9282404cdd8dd264 4c0e0960b9734152873e67d1a6600963 - - default default] Successfully bumped revision number for resource d32fbf6a-40aa-4d6a-98ef-f87977535ddc (type: floatingips) to 2
2026-05-30 02:57:38.777 9 INFO neutron.wsgi [None req-97aeb952-2ba7-4491-bdb7-db3b3a8044c6 0aa8b3db02e844fea94f41a4e43dcbf5 68ad9cc310aa4c6db3ebe292785ea6b4 - - default default] 10.0.0.78 "GET /v2.0/security-groups?tenant_id=6e54cfb933d0417981d23805e7b302c1&name=default HTTP/1.1" status: 200 len: 2996 time: 0.7978117 /var/lib/openstack/lib/python3.10/site-packages/pycadf/identifier.py:71: UserWarning: Invalid uuid: neutron. To ensure interoperability, identifiers should be a valid uuid. warnings.warn(('Invalid uuid: %s. To ensure interoperability, '
2026-05-30 02:57:38.802 9 INFO neutron.wsgi [None req-99368cfe-3b85-468a-b4c0-dd8ed7246d73 cd11d64d7bf14e7f9282404cdd8dd264 4c0e0960b9734152873e67d1a6600963 - - default default] 10.0.0.78 "PUT /v2.0/floatingips/d32fbf6a-40aa-4d6a-98ef-f87977535ddc HTTP/1.1" status: 200 len: 1049 time: 1.5660677
2026-05-30 02:57:38.882 10 INFO neutron.wsgi [req-8ea3c75b-15e8-462c-a160-70c8303e5280 req-712c2393-bb69-48b0-bb44-d3afc7c56e6e cd11d64d7bf14e7f9282404cdd8dd264 4c0e0960b9734152873e67d1a6600963 - - default default] 10.0.0.31 "GET /v2.0/ports?device_id=a21c5a47-ad29-4fc9-92a3-37fd4399da54 HTTP/1.1" status: 200 len: 1170 time: 0.0385795
2026-05-30 02:57:38.951 10 INFO neutron.wsgi [req-8ea3c75b-15e8-462c-a160-70c8303e5280 req-a45eac51-7ad2-4db2-bb8a-77bccbf63c27 cd11d64d7bf14e7f9282404cdd8dd264 4c0e0960b9734152873e67d1a6600963 - - default default] 10.0.0.31 "GET /v2.0/security-groups?id=b0efd665-ae21-4506-9c53-b40a544a4e14&fields=id&fields=name HTTP/1.1" status: 200 len: 312 time: 0.0617814
2026-05-30 02:57:38.982 10 INFO neutron.db.ovn_revision_numbers_db [None req-ed51facb-a8b0-43fe-8b94-d8fef36ac65f 0aa8b3db02e844fea94f41a4e43dcbf5 68ad9cc310aa4c6db3ebe292785ea6b4 - - default default] Successfully bumped revision number for resource de73db0c-7aa4-40e5-9d56-a04978c959b5 (type: router_ports) to 1
2026-05-30 02:57:39.079 9 INFO neutron.notifiers.nova [-] Nova event matching ['req-29767977-4c43-4437-b65f-4787676fc389'] response: {'name': 'network-changed', 'server_uuid': 'a21c5a47-ad29-4fc9-92a3-37fd4399da54', 'tag': 'a5439da3-c712-49f4-8936-3d55d9a912ca', 'status': 'completed', 'code': 200}
2026-05-30 02:57:39.109 10 INFO neutron.db.ovn_revision_numbers_db [None req-ed51facb-a8b0-43fe-8b94-d8fef36ac65f 0aa8b3db02e844fea94f41a4e43dcbf5 68ad9cc310aa4c6db3ebe292785ea6b4 - - default default] Successfully bumped revision number for resource de73db0c-7aa4-40e5-9d56-a04978c959b5 (type: ports) to 1
2026-05-30 02:57:39.162 9 INFO neutron.wsgi [req-b15101f8-5813-487a-bccc-914e477454c7 req-2b454a44-995c-4fd8-bb99-358824b3fb39 e4846b997c244ad39ba985ef728c18b0 554117ef52094691863c2f76bcc47aea - - 086c14915e1744adb37f7df17ca4858a 086c14915e1744adb37f7df17ca4858a] 199.204.45.65 "GET /v2.0/ports?tenant_id=4c0e0960b9734152873e67d1a6600963&device_id=a21c5a47-ad29-4fc9-92a3-37fd4399da54 HTTP/1.1" status: 200 len: 1409 time: 0.0552735
2026-05-30 02:57:39.170 9 INFO neutron.db.ovn_revision_numbers_db [None req-fe4a7443-9e4d-463c-acc0-8d10b5534aee - - - - - -] Successfully bumped revision number for resource 2b57de3d-8172-44d1-b264-85f12c781f7f (type: ports) to 1
2026-05-30 02:57:39.179 10 WARNING neutron.scheduler.dhcp_agent_scheduler [None req-ed51facb-a8b0-43fe-8b94-d8fef36ac65f 0aa8b3db02e844fea94f41a4e43dcbf5 68ad9cc310aa4c6db3ebe292785ea6b4 - - default default] No more DHCP agents
2026-05-30 02:57:39.180 10 WARNING neutron.api.rpc.agentnotifiers.dhcp_rpc_agent_api [None req-ed51facb-a8b0-43fe-8b94-d8fef36ac65f 0aa8b3db02e844fea94f41a4e43dcbf5 68ad9cc310aa4c6db3ebe292785ea6b4 - - default default] Unable to schedule network e3d98500-8781-41e7-b2a7-191527f2fcdb: no agents available; will retry on subsequent port and subnet creation events.
2026-05-30 02:57:39.213 9 INFO neutron.wsgi [None req-31317fdb-543a-4829-9813-3f5f9300a51d 0aa8b3db02e844fea94f41a4e43dcbf5 68ad9cc310aa4c6db3ebe292785ea6b4 - - default default] 10.0.0.78 "DELETE /v2.0/security-groups/7cc14501-7931-4df8-a078-6ccbe0ad331a HTTP/1.1" status: 204 len: 168 time: 0.4247558
2026-05-30 02:57:39.270 9 INFO neutron.wsgi [req-b15101f8-5813-487a-bccc-914e477454c7 req-cf30e784-c511-4158-a2f2-0e9f9e19df38 e4846b997c244ad39ba985ef728c18b0 554117ef52094691863c2f76bcc47aea - - 086c14915e1744adb37f7df17ca4858a 086c14915e1744adb37f7df17ca4858a] 199.204.45.65 "GET /v2.0/networks?id=947aee8d-2cd7-4784-aedb-3e1861d1c8e7 HTTP/1.1" status: 200 len: 982 time: 0.0953777
2026-05-30 02:57:39.366 9 INFO neutron.wsgi [req-b15101f8-5813-487a-bccc-914e477454c7 req-0a719c88-901f-4205-ae38-641149825081 e4846b997c244ad39ba985ef728c18b0 554117ef52094691863c2f76bcc47aea - - 086c14915e1744adb37f7df17ca4858a 086c14915e1744adb37f7df17ca4858a] 199.204.45.65 "GET /v2.0/floatingips?fixed_ip_address=10.100.0.5&port_id=a5439da3-c712-49f4-8936-3d55d9a912ca HTTP/1.1" status: 200 len: 1059 time: 0.0859594
2026-05-30 02:57:39.433 9 INFO neutron.wsgi [req-b15101f8-5813-487a-bccc-914e477454c7 req-494ba27f-c7ee-4d47-93d7-058425891137 e4846b997c244ad39ba985ef728c18b0 554117ef52094691863c2f76bcc47aea - - 086c14915e1744adb37f7df17ca4858a 086c14915e1744adb37f7df17ca4858a] 199.204.45.65 "GET /v2.0/subnets?id=31301a9d-a121-409c-b0f7-9ae681c3dec7 HTTP/1.1" status: 200 len: 877 time: 0.0538447
2026-05-30 02:57:39.485 9 INFO neutron.wsgi [req-b15101f8-5813-487a-bccc-914e477454c7 req-51a4c4f8-bbcf-499d-9b86-98e0907790cb e4846b997c244ad39ba985ef728c18b0 554117ef52094691863c2f76bcc47aea - - 086c14915e1744adb37f7df17ca4858a 086c14915e1744adb37f7df17ca4858a] 199.204.45.65 "GET /v2.0/ports?network_id=947aee8d-2cd7-4784-aedb-3e1861d1c8e7&device_owner=network%3Adhcp HTTP/1.1" status: 200 len: 210 time: 0.0403802
2026-05-30 02:57:39.605 9 INFO neutron.wsgi [req-b15101f8-5813-487a-bccc-914e477454c7 req-78167199-90e1-4b19-a6a6-5d20a08a093f e4846b997c244ad39ba985ef728c18b0 554117ef52094691863c2f76bcc47aea - - 086c14915e1744adb37f7df17ca4858a 086c14915e1744adb37f7df17ca4858a] 199.204.45.65 "GET /v2.0/networks/947aee8d-2cd7-4784-aedb-3e1861d1c8e7?fields=segments HTTP/1.1" status: 200 len: 212 time: 0.1124434
2026-05-30 02:57:39.718 9 INFO neutron.db.ovn_revision_numbers_db [None req-fe4a7443-9e4d-463c-acc0-8d10b5534aee - - - - - -] Successfully bumped revision number for resource 2b57de3d-8172-44d1-b264-85f12c781f7f (type: router_ports) to 3
2026-05-30 02:57:39.736 9 INFO neutron.wsgi [req-b15101f8-5813-487a-bccc-914e477454c7 req-06b5d9ec-9f8f-4f26-94fd-5993784e48a7 e4846b997c244ad39ba985ef728c18b0 554117ef52094691863c2f76bcc47aea - - 086c14915e1744adb37f7df17ca4858a 086c14915e1744adb37f7df17ca4858a] 199.204.45.65 "GET /v2.0/networks/947aee8d-2cd7-4784-aedb-3e1861d1c8e7?fields=provider%3Aphysical_network&fields=provider%3Anetwork_type HTTP/1.1" status: 200 len: 277 time: 0.1236653
2026-05-30 02:57:39.765 10 INFO neutron.db.ovn_revision_numbers_db [None req-ed51facb-a8b0-43fe-8b94-d8fef36ac65f 0aa8b3db02e844fea94f41a4e43dcbf5 68ad9cc310aa4c6db3ebe292785ea6b4 - - default default] Successfully bumped revision number for resource de73db0c-7aa4-40e5-9d56-a04978c959b5 (type: router_ports) to 1
2026-05-30 02:57:39.767 10 INFO neutron.wsgi [None req-ed51facb-a8b0-43fe-8b94-d8fef36ac65f 0aa8b3db02e844fea94f41a4e43dcbf5 68ad9cc310aa4c6db3ebe292785ea6b4 - - default default] 10.0.0.78 "PUT /v2.0/routers/dba06f92-5152-48c1-a81f-3c1307616cd2/add_router_interface HTTP/1.1" status: 200 len: 503 time: 1.7590640
2026-05-30 02:57:40.125 9 INFO neutron.wsgi [None req-110eab33-fcc9-489f-a357-f28b85a9b269 0aa8b3db02e844fea94f41a4e43dcbf5 68ad9cc310aa4c6db3ebe292785ea6b4 - - default default] 10.0.0.78 "PUT /v2.0/routers/64da0c55-4935-4e2f-8695-f9c46fb4f6a5/remove_router_interface HTTP/1.1" status: 200 len: 503 time: 2.7913456 /var/lib/openstack/lib/python3.10/site-packages/pycadf/identifier.py:71: UserWarning: Invalid uuid: neutron. To ensure interoperability, identifiers should be a valid uuid. warnings.warn(('Invalid uuid: %s. To ensure interoperability, '
2026-05-30 02:57:40.140 9 INFO neutron.db.ovn_revision_numbers_db [None req-fe4a7443-9e4d-463c-acc0-8d10b5534aee - - - - - -] Successfully bumped revision number for resource 2b57de3d-8172-44d1-b264-85f12c781f7f (type: ports) to 2
2026-05-30 02:57:40.463 10 WARNING neutron_lib.context [None req-a52d5541-3f86-41e6-bcda-7d3cbfcfaa9e d0823fb3b3d34334a60122cb99d13f33 2950fc4ce08640f08695352b6b9453e7 - - default default] Method 'is_advsvc' is deprecated since 2023.2 release (neutron-lib 3.8.0) and will be removed once support for the old RBAC API policies will be removed from Neutron. Please use method 'is_service_role' instead.
2026-05-30 02:57:40.538 9 INFO neutron.db.ovn_revision_numbers_db [None req-fe4a7443-9e4d-463c-acc0-8d10b5534aee - - - - - -] Successfully bumped revision number for resource 2b57de3d-8172-44d1-b264-85f12c781f7f (type: ports) to 4
2026-05-30 02:57:40.600 10 INFO neutron.db.ovn_revision_numbers_db [None req-a52d5541-3f86-41e6-bcda-7d3cbfcfaa9e d0823fb3b3d34334a60122cb99d13f33 2950fc4ce08640f08695352b6b9453e7 - - default default] Successfully bumped revision number for resource 3994eac5-2681-43b1-b0d3-6f17920c3ca0 (type: security_groups) to 1
2026-05-30 02:57:40.614 10 INFO neutron.db.ovn_revision_numbers_db [None req-a52d5541-3f86-41e6-bcda-7d3cbfcfaa9e d0823fb3b3d34334a60122cb99d13f33 2950fc4ce08640f08695352b6b9453e7 - - default default] Successfully bumped revision number for resource 52393a91-8f25-4429-997b-92af22eb8ced (type: security_group_rules) to 0
2026-05-30 02:57:40.628 10 INFO neutron.db.ovn_revision_numbers_db [None req-a52d5541-3f86-41e6-bcda-7d3cbfcfaa9e d0823fb3b3d34334a60122cb99d13f33 2950fc4ce08640f08695352b6b9453e7 - - default default] Successfully bumped revision number for resource a0a11ca7-a1f7-4f39-af86-db045f1716d1 (type: security_group_rules) to 0
2026-05-30 02:57:40.647 10 INFO neutron.wsgi [None req-a52d5541-3f86-41e6-bcda-7d3cbfcfaa9e d0823fb3b3d34334a60122cb99d13f33 2950fc4ce08640f08695352b6b9453e7 - - default default] 10.0.0.78 "POST /v2.0/security-groups HTTP/1.1" status: 201 len: 1796 time: 0.1886709
2026-05-30 02:57:40.659 10 WARNING neutron_lib.context [None req-c992d28f-cf53-43e1-9f1f-f4111212c1b6 d0823fb3b3d34334a60122cb99d13f33 2950fc4ce08640f08695352b6b9453e7 - - default default] Method 'is_advsvc' is deprecated since 2023.2 release (neutron-lib 3.8.0) and will be removed once support for the old RBAC API policies will be removed from Neutron. Please use method 'is_service_role' instead.
2026-05-30 02:57:40.778 10 INFO neutron.db.ovn_revision_numbers_db [None req-c992d28f-cf53-43e1-9f1f-f4111212c1b6 d0823fb3b3d34334a60122cb99d13f33 2950fc4ce08640f08695352b6b9453e7 - - default default] Successfully bumped revision number for resource 2d4f555e-7a6f-4b53-abbd-344b69b1c4ef (type: security_group_rules) to 0
2026-05-30 02:57:40.806 10 INFO neutron.wsgi [None req-c992d28f-cf53-43e1-9f1f-f4111212c1b6 d0823fb3b3d34334a60122cb99d13f33 2950fc4ce08640f08695352b6b9453e7 - - default default] 10.0.0.78 "POST /v2.0/security-group-rules HTTP/1.1" status: 201 len: 764 time: 0.1510720
2026-05-30 02:57:40.816 10 WARNING neutron_lib.context [None req-994e378f-e2f9-46ce-98ac-33281dabc3a3 d0823fb3b3d34334a60122cb99d13f33 2950fc4ce08640f08695352b6b9453e7 - - default default] Method 'is_advsvc' is deprecated since 2023.2 release (neutron-lib 3.8.0) and will be removed once support for the old RBAC API policies will be removed from Neutron. Please use method 'is_service_role' instead.
2026-05-30 02:57:40.833 9 INFO neutron.db.ovn_revision_numbers_db [None req-fe4a7443-9e4d-463c-acc0-8d10b5534aee - - - - - -] Successfully bumped revision number for resource 2b57de3d-8172-44d1-b264-85f12c781f7f (type: router_ports) to 4
2026-05-30 02:57:40.932 10 INFO neutron.plugins.ml2.drivers.ovn.mech_driver.mech_driver [None req-6c3f93a1-c130-497e-9a8d-ffb6e57dd8ac - - - - - -] OVN reports status up for port: de73db0c-7aa4-40e5-9d56-a04978c959b5
2026-05-30 02:57:40.939 10 INFO neutron.plugins.ml2.plugin [None req-6c3f93a1-c130-497e-9a8d-ffb6e57dd8ac - - - - - -] Attempt 1 to provision port de73db0c-7aa4-40e5-9d56-a04978c959b5
2026-05-30 02:57:40.941 10 INFO neutron.db.ovn_revision_numbers_db [None req-994e378f-e2f9-46ce-98ac-33281dabc3a3 d0823fb3b3d34334a60122cb99d13f33 2950fc4ce08640f08695352b6b9453e7 - - default default] Successfully bumped revision number for resource f38cfe2d-be08-4d64-97c2-935229ae105f (type: security_group_rules) to 0
2026-05-30 02:57:40.979 10 INFO neutron.wsgi [None req-994e378f-e2f9-46ce-98ac-33281dabc3a3 d0823fb3b3d34334a60122cb99d13f33 2950fc4ce08640f08695352b6b9453e7 - - default default] 10.0.0.78 "POST /v2.0/security-group-rules HTTP/1.1" status: 201 len: 769 time: 0.1690814
2026-05-30 02:57:40.988 10 WARNING neutron_lib.context [None req-b08ec35b-7055-4540-9804-f1d7fca30253 d0823fb3b3d34334a60122cb99d13f33 2950fc4ce08640f08695352b6b9453e7 - - default default] Method 'is_advsvc' is deprecated since 2023.2 release (neutron-lib 3.8.0) and will be removed once support for the old RBAC API policies will be removed from Neutron. Please use method 'is_service_role' instead.
2026-05-30 02:57:41.241 9 INFO neutron.wsgi [None req-2e8baa85-c711-4fc9-91ec-1e40a7bed604 0aa8b3db02e844fea94f41a4e43dcbf5 68ad9cc310aa4c6db3ebe292785ea6b4 - - default default] 10.0.0.78 "DELETE /v2.0/routers/64da0c55-4935-4e2f-8695-f9c46fb4f6a5 HTTP/1.1" status: 204 len: 168 time: 1.1096315
2026-05-30 02:57:41.416 9 INFO neutron.wsgi [None req-67c833e4-e5a3-4ff2-89c9-3b54bd682420 0aa8b3db02e844fea94f41a4e43dcbf5 68ad9cc310aa4c6db3ebe292785ea6b4 - - default default] 10.0.0.78 "DELETE /v2.0/subnets/1978b70d-a777-47ee-9272-7a649f2d1668 HTTP/1.1" status: 204 len: 168 time: 0.1633995
2026-05-30 02:57:41.470 10 INFO neutron.db.ovn_revision_numbers_db [None req-6c3f93a1-c130-497e-9a8d-ffb6e57dd8ac - - - - - -] Successfully bumped revision number for resource de73db0c-7aa4-40e5-9d56-a04978c959b5 (type: ports) to 2
2026-05-30 02:57:41.481 10 WARNING neutron.scheduler.dhcp_agent_scheduler [None req-b08ec35b-7055-4540-9804-f1d7fca30253 d0823fb3b3d34334a60122cb99d13f33 2950fc4ce08640f08695352b6b9453e7 - - default default] No more DHCP agents
2026-05-30 02:57:41.489 10 WARNING neutron.api.rpc.agentnotifiers.dhcp_rpc_agent_api [None req-b08ec35b-7055-4540-9804-f1d7fca30253 d0823fb3b3d34334a60122cb99d13f33 2950fc4ce08640f08695352b6b9453e7 - - default default] Unable to schedule network a943bc15-3938-4712-be78-3646dce8b1af: no agents available; will retry on subsequent port and subnet creation events.
2026-05-30 02:57:41.584 10 INFO neutron.db.ovn_revision_numbers_db [None req-6c3f93a1-c130-497e-9a8d-ffb6e57dd8ac - - - - - -] Successfully bumped revision number for resource de73db0c-7aa4-40e5-9d56-a04978c959b5 (type: router_ports) to 2
2026-05-30 02:57:41.734 9 INFO neutron.services.segments.plugin [-] Segment 448d0118-b42f-4248-957b-1e74700b9bd9 resource provider aggregate not found
2026-05-30 02:57:41.739 9 INFO neutron.services.segments.plugin [-] Segment 448d0118-b42f-4248-957b-1e74700b9bd9 resource provider aggregate not found
2026-05-30 02:57:41.751 9 INFO neutron.services.segments.plugin [-] Segment 448d0118-b42f-4248-957b-1e74700b9bd9 resource provider not found; error: Placement Client Error (4xx): {"errors": [{"status": 404, "title": "Not Found", "detail": "The resource could not be found.\n\n No resource provider with uuid 448d0118-b42f-4248-957b-1e74700b9bd9 found for delete ", "request_id": "req-98a7952e-9968-4b55-8798-d367d70ed0a9"}]}
2026-05-30 02:57:41.753 9 INFO neutron.services.segments.plugin [-] Segment 448d0118-b42f-4248-957b-1e74700b9bd9 resource provider not found; error: Placement Client Error (4xx): {"errors": [{"status": 404, "title": "Not Found", "detail": "The resource could not be found.\n\n No resource provider with uuid 448d0118-b42f-4248-957b-1e74700b9bd9 found for delete ", "request_id": "req-9177d9ce-d9b1-4605-8577-897a630e5d66"}]}
2026-05-30 02:57:41.786 9 INFO neutron.wsgi [None req-977b0de1-715f-4020-8d4d-2524ab0b0cb0 0aa8b3db02e844fea94f41a4e43dcbf5 68ad9cc310aa4c6db3ebe292785ea6b4 - - default default] 10.0.0.78 "DELETE /v2.0/networks/e06cd366-4e8d-45c4-bbb9-33c82f900107 HTTP/1.1" status: 204 len: 168 time: 0.3603361
2026-05-30 02:57:41.815 10 INFO neutron.db.ovn_revision_numbers_db [None req-b08ec35b-7055-4540-9804-f1d7fca30253 d0823fb3b3d34334a60122cb99d13f33 2950fc4ce08640f08695352b6b9453e7 - - default default] Successfully bumped revision number for resource 88270b91-c2ba-4dfe-9c8c-247bd88fc86e (type: floatingips) to 0
2026-05-30 02:57:41.828 10 INFO neutron.wsgi [None req-b08ec35b-7055-4540-9804-f1d7fca30253 d0823fb3b3d34334a60122cb99d13f33 2950fc4ce08640f08695352b6b9453e7 - - default default] 10.0.0.78 "POST /v2.0/floatingips HTTP/1.1" status: 201 len: 751 time: 0.8442152
2026-05-30 02:57:41.991 9 INFO neutron.wsgi [None req-eea1b90e-f645-47d2-8d3a-b7dff31f2f29 0aa8b3db02e844fea94f41a4e43dcbf5 68ad9cc310aa4c6db3ebe292785ea6b4 - - default default] 10.0.0.78 "GET /v2.0/security-groups?tenant_id=ee34e665f3214183ae87ed8f81d5df61&name=default HTTP/1.1" status: 200 len: 2992 time: 0.0288692
