2026-05-30 03:01:53.341 9 INFO neutron.wsgi [None req-3df3e059-7901-48b5-9bc7-8eef6866f5d8 8ba1e106dbde435198a285e489abf50c 8c41908bc7c6426ebb1da1a3168d70e2 - - default default] 10.0.0.78 "DELETE /v2.0/policies/b91b5e45-7eb4-4615-a8d1-215788bd99eb/tags HTTP/1.1" status: 204 len: 168 time: 0.0297554
2026-05-30 03:01:53.362 9 INFO neutron.wsgi [None req-68c2442c-50c5-478c-b4a1-5fad3871e899 8ba1e106dbde435198a285e489abf50c 8c41908bc7c6426ebb1da1a3168d70e2 - - default default] 10.0.0.78 "GET /v2.0/policies/b91b5e45-7eb4-4615-a8d1-215788bd99eb/tags HTTP/1.1" status: 200 len: 205 time: 0.0166163
2026-05-30 03:01:53.428 9 INFO neutron.wsgi [None req-7bc81d9a-fedb-4d61-9412-0fd4878d7679 8ba1e106dbde435198a285e489abf50c 8c41908bc7c6426ebb1da1a3168d70e2 - - default default] 10.0.0.78 "DELETE /v2.0/qos/policies/b91b5e45-7eb4-4615-a8d1-215788bd99eb HTTP/1.1" status: 204 len: 168 time: 0.0589221
2026-05-30 03:01:54.409 10 INFO neutron.db.ovn_revision_numbers_db [None req-e003ebd2-4802-4d20-88ae-fa715dd99452 0aa8b3db02e844fea94f41a4e43dcbf5 68ad9cc310aa4c6db3ebe292785ea6b4 - - default default] Successfully bumped revision number for resource ab0b7746-6440-4bf0-8ab7-bbf756d7787a (type: security_groups) to 1
2026-05-30 03:01:54.422 10 INFO neutron.db.ovn_revision_numbers_db [None req-e003ebd2-4802-4d20-88ae-fa715dd99452 0aa8b3db02e844fea94f41a4e43dcbf5 68ad9cc310aa4c6db3ebe292785ea6b4 - - default default] Successfully bumped revision number for resource a21d6d63-5207-4bfb-9beb-0c93e63e3f1d (type: security_group_rules) to 0
2026-05-30 03:01:54.438 10 INFO neutron.db.ovn_revision_numbers_db [None req-e003ebd2-4802-4d20-88ae-fa715dd99452 0aa8b3db02e844fea94f41a4e43dcbf5 68ad9cc310aa4c6db3ebe292785ea6b4 - - default default] Successfully bumped revision number for resource c642e01b-6458-4d65-8e2b-361df114e7b4 (type: security_group_rules) to 0
2026-05-30 03:01:54.454 10 INFO neutron.db.ovn_revision_numbers_db [None req-e003ebd2-4802-4d20-88ae-fa715dd99452 0aa8b3db02e844fea94f41a4e43dcbf5 68ad9cc310aa4c6db3ebe292785ea6b4 - - default default] Successfully bumped revision number for resource e196f4b9-9a3a-49ed-8ab3-7046ec976356 (type: security_group_rules) to 0
2026-05-30 03:01:54.467 10 INFO neutron.db.ovn_revision_numbers_db [None req-e003ebd2-4802-4d20-88ae-fa715dd99452 0aa8b3db02e844fea94f41a4e43dcbf5 68ad9cc310aa4c6db3ebe292785ea6b4 - - default default] Successfully bumped revision number for resource e7d0b538-a68b-4725-a9b3-b0820d83122d (type: security_group_rules) to 0
2026-05-30 03:01:54.492 10 INFO neutron.wsgi [None req-e003ebd2-4802-4d20-88ae-fa715dd99452 0aa8b3db02e844fea94f41a4e43dcbf5 68ad9cc310aa4c6db3ebe292785ea6b4 - - default default] 10.0.0.78 "GET /v2.0/security-groups?tenant_id=8c41908bc7c6426ebb1da1a3168d70e2&name=default HTTP/1.1" status: 200 len: 3000 time: 0.3395169
2026-05-30 03:01:54.700 10 INFO neutron.wsgi [None req-9e026256-2432-4bd4-8d03-f780616dd05e 0aa8b3db02e844fea94f41a4e43dcbf5 68ad9cc310aa4c6db3ebe292785ea6b4 - - default default] 10.0.0.78 "DELETE /v2.0/security-groups/ab0b7746-6440-4bf0-8ab7-bbf756d7787a HTTP/1.1" status: 204 len: 168 time: 0.2030613
2026-05-30 03:01:54.889 9 INFO neutron.wsgi [req-0ba6de9d-7278-43e0-a42a-d19e8edf2d54 req-1e30544a-7d14-4d95-9a24-03aa6c5ca647 7a11ca3bd99d48a188449c259d59a358 3f638d5244364d969c37c8e21bc76fb2 - - default default] 10.0.0.31 "GET /v2.0/ports?device_id=ce111ba2-bcdd-4d2e-a955-8468da212580 HTTP/1.1" status: 200 len: 1210 time: 0.0712738
2026-05-30 03:01:54.908 10 INFO neutron.plugins.ml2.drivers.ovn.mech_driver.mech_driver [None req-6c3f93a1-c130-497e-9a8d-ffb6e57dd8ac - - - - - -] OVN reports status down for port: 0623b134-d870-44e5-9ce9-81fd96e5503b
2026-05-30 03:01:54.969 9 INFO neutron.wsgi [req-0ba6de9d-7278-43e0-a42a-d19e8edf2d54 req-52174b58-7897-48e0-a0db-d39e3f303b31 7a11ca3bd99d48a188449c259d59a358 3f638d5244364d969c37c8e21bc76fb2 - - default default] 10.0.0.31 "GET /v2.0/security-groups?id=465409c2-3f63-4418-bc12-b7bea3e1d983&id=0bb6300e-08f0-4f38-82cc-c9320328d0b4&fields=id&fields=name HTTP/1.1" status: 200 len: 406 time: 0.0662940
2026-05-30 03:01:55.056 10 INFO neutron.db.ovn_revision_numbers_db [None req-f9963da3-619c-499b-b710-0567fa42c427 0aa8b3db02e844fea94f41a4e43dcbf5 68ad9cc310aa4c6db3ebe292785ea6b4 - - default default] Successfully bumped revision number for resource 6b4d4c9b-7b5a-4ba4-bf2c-deb56a069db3 (type: security_groups) to 1
2026-05-30 03:01:55.072 10 INFO neutron.db.ovn_revision_numbers_db [None req-f9963da3-619c-499b-b710-0567fa42c427 0aa8b3db02e844fea94f41a4e43dcbf5 68ad9cc310aa4c6db3ebe292785ea6b4 - - default default] Successfully bumped revision number for resource 34fe21d7-5c07-45cd-ae5e-f346a24d0783 (type: security_group_rules) to 0
2026-05-30 03:01:55.084 10 INFO neutron.db.ovn_revision_numbers_db [None req-f9963da3-619c-499b-b710-0567fa42c427 0aa8b3db02e844fea94f41a4e43dcbf5 68ad9cc310aa4c6db3ebe292785ea6b4 - - default default] Successfully bumped revision number for resource 7db7c2cb-870e-4de0-a7b1-d676aa4f0c84 (type: security_group_rules) to 0
2026-05-30 03:01:55.090 10 INFO neutron.notifiers.nova [-] Nova event matching ['req-a43f6311-4217-4b8c-8a0a-d9d972865ebf'] response: {'server_uuid': 'ce111ba2-bcdd-4d2e-a955-8468da212580', 'name': 'network-vif-unplugged', 'status': 'completed', 'tag': '0623b134-d870-44e5-9ce9-81fd96e5503b', 'code': 200}
2026-05-30 03:01:55.113 10 INFO neutron.db.ovn_revision_numbers_db [None req-f9963da3-619c-499b-b710-0567fa42c427 0aa8b3db02e844fea94f41a4e43dcbf5 68ad9cc310aa4c6db3ebe292785ea6b4 - - default default] Successfully bumped revision number for resource cba034a8-c4aa-4c79-b98b-72be2b931c43 (type: security_group_rules) to 0
2026-05-30 03:01:55.128 10 INFO neutron.db.ovn_revision_numbers_db [None req-f9963da3-619c-499b-b710-0567fa42c427 0aa8b3db02e844fea94f41a4e43dcbf5 68ad9cc310aa4c6db3ebe292785ea6b4 - - default default] Successfully bumped revision number for resource f4bf2850-28f2-4624-8b2d-5609ec70ec66 (type: security_group_rules) to 0
2026-05-30 03:01:55.156 10 INFO neutron.wsgi [None req-f9963da3-619c-499b-b710-0567fa42c427 0aa8b3db02e844fea94f41a4e43dcbf5 68ad9cc310aa4c6db3ebe292785ea6b4 - - default default] 10.0.0.78 "GET /v2.0/security-groups?tenant_id=99f43d7bd839459f83428857f198ff79&name=default HTTP/1.1" status: 200 len: 3000 time: 0.3016763
2026-05-30 03:01:55.310 10 INFO neutron.wsgi [req-0597660f-308b-4fb4-b3d4-70415cf0b34a req-d161273b-1160-441a-a65e-5bbbdf24ce9e 7a11ca3bd99d48a188449c259d59a358 3f638d5244364d969c37c8e21bc76fb2 - - default default] 199.204.45.65 "GET /v2.0/ports?device_id=ce111ba2-bcdd-4d2e-a955-8468da212580 HTTP/1.1" status: 200 len: 1208 time: 0.1398108
2026-05-30 03:01:55.359 10 INFO neutron.db.ovn_revision_numbers_db [None req-6c3f93a1-c130-497e-9a8d-ffb6e57dd8ac - - - - - -] Successfully bumped revision number for resource 0623b134-d870-44e5-9ce9-81fd96e5503b (type: ports) to 5
2026-05-30 03:01:55.523 10 INFO neutron.wsgi [None req-4a738023-d713-4d2f-aad1-6f60816dbf49 0aa8b3db02e844fea94f41a4e43dcbf5 68ad9cc310aa4c6db3ebe292785ea6b4 - - default default] 10.0.0.78 "DELETE /v2.0/security-groups/6b4d4c9b-7b5a-4ba4-bf2c-deb56a069db3 HTTP/1.1" status: 204 len: 168 time: 0.3616967
2026-05-30 03:01:55.689 10 INFO neutron.db.l3_db [req-0597660f-308b-4fb4-b3d4-70415cf0b34a req-f71ed4de-c4f4-49b5-8e1f-8b9c94cf25a2 7a11ca3bd99d48a188449c259d59a358 3f638d5244364d969c37c8e21bc76fb2 - - default default] Floating IP 95c53459-9211-4787-b392-a715d2b6854e disassociated. External IP: 10.96.250.203, port: 0623b134-d870-44e5-9ce9-81fd96e5503b.
2026-05-30 03:01:55.919 10 INFO neutron.wsgi [req-0597660f-308b-4fb4-b3d4-70415cf0b34a req-f71ed4de-c4f4-49b5-8e1f-8b9c94cf25a2 7a11ca3bd99d48a188449c259d59a358 3f638d5244364d969c37c8e21bc76fb2 - - default default] 199.204.45.65 "DELETE /v2.0/ports/0623b134-d870-44e5-9ce9-81fd96e5503b HTTP/1.1" status: 204 len: 173 time: 0.6004415
2026-05-30 03:01:56.057 9 INFO neutron.wsgi [req-09b75336-ea38-482b-be54-f0c00fe2d86a req-54fd2110-22e1-459c-8871-7e8ad1c65d06 7a11ca3bd99d48a188449c259d59a358 3f638d5244364d969c37c8e21bc76fb2 - - default default] 10.0.0.31 "GET /v2.0/ports?device_id=ce111ba2-bcdd-4d2e-a955-8468da212580 HTTP/1.1" status: 200 len: 210 time: 0.0190301
2026-05-30 03:01:57.147 10 INFO neutron.notifiers.nova [-] Nova event matching ['req-0e72a606-5779-499e-94e6-e3a0c520ebac'] response: {'server_uuid': 'ce111ba2-bcdd-4d2e-a955-8468da212580', 'name': 'network-vif-plugged', 'status': 'completed', 'tag': '0623b134-d870-44e5-9ce9-81fd96e5503b', 'code': 200}
2026-05-30 03:01:57.148 10 INFO neutron.notifiers.nova [-] Nova event matching ['req-0e72a606-5779-499e-94e6-e3a0c520ebac'] response: {'server_uuid': 'ce111ba2-bcdd-4d2e-a955-8468da212580', 'name': 'network-vif-deleted', 'tag': '0623b134-d870-44e5-9ce9-81fd96e5503b', 'status': 'completed', 'code': 200} /var/lib/openstack/lib/python3.10/site-packages/pycadf/identifier.py:71: UserWarning: Invalid uuid: neutron. To ensure interoperability, identifiers should be a valid uuid. warnings.warn(('Invalid uuid: %s. To ensure interoperability, '
2026-05-30 03:01:57.317 10 INFO neutron.wsgi [None req-95430441-6da5-47b5-860a-618352c1ded4 7a11ca3bd99d48a188449c259d59a358 3f638d5244364d969c37c8e21bc76fb2 - - default default] 10.0.0.78 "DELETE /v2.0/security-groups/0bb6300e-08f0-4f38-82cc-c9320328d0b4 HTTP/1.1" status: 204 len: 168 time: 0.1271217
2026-05-30 03:01:57.335 10 INFO neutron.api.v2.resource [None req-fffeb126-052f-4c0c-aca8-23bdf2fb1c0f 7a11ca3bd99d48a188449c259d59a358 3f638d5244364d969c37c8e21bc76fb2 - - default default] show failed (client error): The resource could not be found.
2026-05-30 03:01:57.336 10 INFO neutron.wsgi [None req-fffeb126-052f-4c0c-aca8-23bdf2fb1c0f 7a11ca3bd99d48a188449c259d59a358 3f638d5244364d969c37c8e21bc76fb2 - - default default] 10.0.0.78 "GET /v2.0/security-groups/0bb6300e-08f0-4f38-82cc-c9320328d0b4 HTTP/1.1" status: 404 len: 347 time: 0.0127792
2026-05-30 03:01:57.677 10 INFO neutron.wsgi [None req-23b83c7a-87b1-4ad6-9897-ca4e87a220c4 7a11ca3bd99d48a188449c259d59a358 3f638d5244364d969c37c8e21bc76fb2 - - default default] 10.0.0.78 "DELETE /v2.0/floatingips/95c53459-9211-4787-b392-a715d2b6854e HTTP/1.1" status: 204 len: 168 time: 0.3363688
2026-05-30 03:01:57.826 10 INFO neutron.wsgi [None req-5628496e-b8cd-4e86-91df-62c955bbd1d5 7a11ca3bd99d48a188449c259d59a358 3f638d5244364d969c37c8e21bc76fb2 - - default default] 10.0.0.78 "DELETE /v2.0/security-groups/465409c2-3f63-4418-bc12-b7bea3e1d983 HTTP/1.1" status: 204 len: 168 time: 0.1440935
2026-05-30 03:01:58.643 9 INFO neutron.wsgi [None req-d7324527-3d78-4892-adce-1be28ad5963a 0aa8b3db02e844fea94f41a4e43dcbf5 68ad9cc310aa4c6db3ebe292785ea6b4 - - default default] 199.204.45.65 "GET /v2.0/extensions/security-group HTTP/1.1" status: 200 len: 369 time: 0.0096579
2026-05-30 03:01:58.657 9 INFO neutron.wsgi [None req-42d8484e-be16-4723-be94-36790e553564 0aa8b3db02e844fea94f41a4e43dcbf5 68ad9cc310aa4c6db3ebe292785ea6b4 - - default default] 199.204.45.65 "GET /v2.0/extensions/dns-integration HTTP/1.1" status: 200 len: 371 time: 0.0082440
2026-05-30 03:01:58.667 9 INFO neutron.wsgi [None req-2f4ac1d4-c527-4351-b255-b69f62eee74d 0aa8b3db02e844fea94f41a4e43dcbf5 68ad9cc310aa4c6db3ebe292785ea6b4 - - default default] 199.204.45.65 "GET /v2.0/extensions/qos HTTP/1.1" status: 200 len: 365 time: 0.0042105
2026-05-30 03:01:58.687 9 INFO neutron.wsgi [None req-e356bb17-7b80-471a-8959-a7940409b26e 0aa8b3db02e844fea94f41a4e43dcbf5 68ad9cc310aa4c6db3ebe292785ea6b4 - - default default] 199.204.45.65 "GET /v2.0/extensions/allowed-address-pairs HTTP/1.1" status: 200 len: 383 time: 0.0080433
2026-05-30 03:01:58.740 9 INFO neutron.wsgi [None req-997b5bde-4193-429c-ab0b-57438efd1563 0aa8b3db02e844fea94f41a4e43dcbf5 68ad9cc310aa4c6db3ebe292785ea6b4 - - default default] 199.204.45.65 "GET /v2.0/subnets/b5e52c39-51ae-4a17-bc23-bb279b12bde2 HTTP/1.1" status: 200 len: 848 time: 0.0459516
2026-05-30 03:01:58.811 9 INFO neutron.wsgi [None req-cd48f712-4af9-4160-b848-a5ce7a2d395c 0aa8b3db02e844fea94f41a4e43dcbf5 68ad9cc310aa4c6db3ebe292785ea6b4 - - default default] 199.204.45.65 "GET /v2.0/ports?device_id=1f101a8e-70e8-43b6-b0c0-79e625ab65a8 HTTP/1.1" status: 200 len: 5123 time: 0.0641954
2026-05-30 03:01:58.818 10 WARNING neutron_lib.context [None req-86132d3d-519b-4242-9a9b-a0f72adeaa71 c5d76d96fef24ffebcfc55cbcc345c7c 747662f66dd14f418723f02f06f468dd - - default default] Method 'is_advsvc' is deprecated since 2023.2 release (neutron-lib 3.8.0) and will be removed once support for the old RBAC API policies will be removed from Neutron. Please use method 'is_service_role' instead.
2026-05-30 03:01:58.972 10 INFO neutron.db.ovn_revision_numbers_db [None req-86132d3d-519b-4242-9a9b-a0f72adeaa71 c5d76d96fef24ffebcfc55cbcc345c7c 747662f66dd14f418723f02f06f468dd - - default default] Successfully bumped revision number for resource 57da2fc3-424e-41b9-bd72-fadf678d07b5 (type: security_groups) to 1
2026-05-30 03:01:58.974 9 INFO neutron.wsgi [None req-0f6e7843-4e87-4589-91bc-db2afe108c58 0aa8b3db02e844fea94f41a4e43dcbf5 68ad9cc310aa4c6db3ebe292785ea6b4 - - default default] 199.204.45.65 "GET /v2.0/extensions/security-group HTTP/1.1" status: 200 len: 369 time: 0.0057271
2026-05-30 03:01:58.986 9 INFO neutron.wsgi [None req-522e7f32-1924-419a-865c-3bb37386fa50 0aa8b3db02e844fea94f41a4e43dcbf5 68ad9cc310aa4c6db3ebe292785ea6b4 - - default default] 199.204.45.65 "GET /v2.0/extensions/dns-integration HTTP/1.1" status: 200 len: 371 time: 0.0059819
2026-05-30 03:01:58.987 10 INFO neutron.db.ovn_revision_numbers_db [None req-86132d3d-519b-4242-9a9b-a0f72adeaa71 c5d76d96fef24ffebcfc55cbcc345c7c 747662f66dd14f418723f02f06f468dd - - default default] Successfully bumped revision number for resource 2c2cd115-2fb0-4a01-b983-fe095872ec1e (type: security_group_rules) to 0
2026-05-30 03:01:58.997 9 INFO neutron.wsgi [None req-92122e89-586c-4d8b-943e-88da3ef95c73 0aa8b3db02e844fea94f41a4e43dcbf5 68ad9cc310aa4c6db3ebe292785ea6b4 - - default default] 199.204.45.65 "GET /v2.0/extensions/qos HTTP/1.1" status: 200 len: 365 time: 0.0062852
2026-05-30 03:01:59.001 10 INFO neutron.db.ovn_revision_numbers_db [None req-86132d3d-519b-4242-9a9b-a0f72adeaa71 c5d76d96fef24ffebcfc55cbcc345c7c 747662f66dd14f418723f02f06f468dd - - default default] Successfully bumped revision number for resource 3545814b-a00f-4a09-97db-e33c1bc18c77 (type: security_group_rules) to 0
2026-05-30 03:01:59.006 9 INFO neutron.wsgi [None req-61d352d1-ee1d-4e81-95d3-3ec6d4ee860b 0aa8b3db02e844fea94f41a4e43dcbf5 68ad9cc310aa4c6db3ebe292785ea6b4 - - default default] 199.204.45.65 "GET /v2.0/extensions/allowed-address-pairs HTTP/1.1" status: 200 len: 383 time: 0.0054026
2026-05-30 03:01:59.020 10 INFO neutron.db.ovn_revision_numbers_db [None req-86132d3d-519b-4242-9a9b-a0f72adeaa71 c5d76d96fef24ffebcfc55cbcc345c7c 747662f66dd14f418723f02f06f468dd - - default default] Successfully bumped revision number for resource acef07f4-418e-4ab9-8b89-e08ee05e58c5 (type: security_group_rules) to 0
2026-05-30 03:01:59.038 10 INFO neutron.db.ovn_revision_numbers_db [None req-86132d3d-519b-4242-9a9b-a0f72adeaa71 c5d76d96fef24ffebcfc55cbcc345c7c 747662f66dd14f418723f02f06f468dd - - default default] Successfully bumped revision number for resource fc67f54a-be96-48e8-8e8b-c33f2110aa9e (type: security_group_rules) to 0
2026-05-30 03:01:59.050 9 INFO neutron.wsgi [None req-582e2efa-db23-4f59-b21b-ec88293438b1 0aa8b3db02e844fea94f41a4e43dcbf5 68ad9cc310aa4c6db3ebe292785ea6b4 - - default default] 199.204.45.65 "GET /v2.0/ports/98856eab-6a4e-44dc-b013-f28e67b7291d HTTP/1.1" status: 200 len: 1406 time: 0.0394959
2026-05-30 03:01:59.131 10 INFO neutron.db.ovn_revision_numbers_db [None req-86132d3d-519b-4242-9a9b-a0f72adeaa71 c5d76d96fef24ffebcfc55cbcc345c7c 747662f66dd14f418723f02f06f468dd - - default default] Successfully bumped revision number for resource fb7a9b89-3166-4a13-ac17-80e855efb4a1 (type: security_groups) to 1
2026-05-30 03:01:59.147 10 INFO neutron.db.ovn_revision_numbers_db [None req-86132d3d-519b-4242-9a9b-a0f72adeaa71 c5d76d96fef24ffebcfc55cbcc345c7c 747662f66dd14f418723f02f06f468dd - - default default] Successfully bumped revision number for resource 6cfe6cc2-5898-417c-af18-8c52b8e541cd (type: security_group_rules) to 0
2026-05-30 03:01:59.162 10 INFO neutron.db.ovn_revision_numbers_db [None req-86132d3d-519b-4242-9a9b-a0f72adeaa71 c5d76d96fef24ffebcfc55cbcc345c7c 747662f66dd14f418723f02f06f468dd - - default default] Successfully bumped revision number for resource 966a126a-9354-48ed-a420-e892258b5735 (type: security_group_rules) to 0
2026-05-30 03:01:59.180 10 INFO neutron.wsgi [None req-86132d3d-519b-4242-9a9b-a0f72adeaa71 c5d76d96fef24ffebcfc55cbcc345c7c 747662f66dd14f418723f02f06f468dd - - default default] 10.0.0.78 "POST /v2.0/security-groups HTTP/1.1" status: 201 len: 1739 time: 0.5195820
2026-05-30 03:01:59.204 9 INFO neutron.wsgi [None req-211b989b-f2b5-4285-a348-e090aea0893d 0aa8b3db02e844fea94f41a4e43dcbf5 68ad9cc310aa4c6db3ebe292785ea6b4 - - default default] 10.0.0.78 "PUT /v2.0/routers/bf25683b-a179-434b-be1a-f14a97d956b0/remove_router_interface HTTP/1.1" status: 200 len: 503 time: 1.3401561 /var/lib/openstack/lib/python3.10/site-packages/pycadf/identifier.py:71: UserWarning: Invalid uuid: neutron. To ensure interoperability, identifiers should be a valid uuid. warnings.warn(('Invalid uuid: %s. To ensure interoperability, '
2026-05-30 03:01:59.226 10 INFO neutron.wsgi [None req-00233271-dbb2-4280-8fa7-8a62da78ecb9 c5d76d96fef24ffebcfc55cbcc345c7c 747662f66dd14f418723f02f06f468dd - - default default] 10.0.0.78 "PUT /v2.0/security-groups/fb7a9b89-3166-4a13-ac17-80e855efb4a1/tags HTTP/1.1" status: 200 len: 218 time: 0.0404620
2026-05-30 03:01:59.250 10 INFO neutron.wsgi [None req-b8215257-cfb0-4354-ae4f-5b64ce8b9623 c5d76d96fef24ffebcfc55cbcc345c7c 747662f66dd14f418723f02f06f468dd - - default default] 10.0.0.78 "GET /v2.0/security-groups/fb7a9b89-3166-4a13-ac17-80e855efb4a1/tags HTTP/1.1" status: 200 len: 218 time: 0.0192742
2026-05-30 03:01:59.289 10 INFO neutron.wsgi [None req-e94fb714-bf7c-4b3e-b814-999d9fc16c36 c5d76d96fef24ffebcfc55cbcc345c7c 747662f66dd14f418723f02f06f468dd - - default default] 10.0.0.78 "PUT /v2.0/security-groups/fb7a9b89-3166-4a13-ac17-80e855efb4a1/tags/green HTTP/1.1" status: 201 len: 201 time: 0.0349333
2026-05-30 03:01:59.317 10 INFO neutron.wsgi [None req-b29ded7f-b77e-414e-a1d0-f9bf5d254a17 c5d76d96fef24ffebcfc55cbcc345c7c 747662f66dd14f418723f02f06f468dd - - default default] 10.0.0.78 "GET /v2.0/security-groups/fb7a9b89-3166-4a13-ac17-80e855efb4a1/tags HTTP/1.1" status: 200 len: 227 time: 0.0228946
2026-05-30 03:01:59.351 10 INFO neutron.wsgi [None req-915b3d73-0f5e-4c3f-beac-774682f9192e c5d76d96fef24ffebcfc55cbcc345c7c 747662f66dd14f418723f02f06f468dd - - default default] 10.0.0.78 "PUT /v2.0/security-groups/fb7a9b89-3166-4a13-ac17-80e855efb4a1/tags/red HTTP/1.1" status: 201 len: 201 time: 0.0272412
2026-05-30 03:01:59.374 10 INFO neutron.wsgi [None req-7d289b81-b17a-45a3-8adb-56597932d069 c5d76d96fef24ffebcfc55cbcc345c7c 747662f66dd14f418723f02f06f468dd - - default default] 10.0.0.78 "GET /v2.0/security-groups/fb7a9b89-3166-4a13-ac17-80e855efb4a1/tags HTTP/1.1" status: 200 len: 227 time: 0.0200005
2026-05-30 03:01:59.416 10 INFO neutron.wsgi [None req-e92a3ae2-e685-4afc-b8af-219ff4689272 c5d76d96fef24ffebcfc55cbcc345c7c 747662f66dd14f418723f02f06f468dd - - default default] 10.0.0.78 "PUT /v2.0/security-groups/fb7a9b89-3166-4a13-ac17-80e855efb4a1/tags/black.or.white HTTP/1.1" status: 201 len: 201 time: 0.0373578
2026-05-30 03:01:59.449 10 INFO neutron.wsgi [None req-149b42d0-beff-4166-b1a0-d95dcd921823 c5d76d96fef24ffebcfc55cbcc345c7c 747662f66dd14f418723f02f06f468dd - - default default] 10.0.0.78 "GET /v2.0/security-groups/fb7a9b89-3166-4a13-ac17-80e855efb4a1/tags HTTP/1.1" status: 200 len: 245 time: 0.0302217
2026-05-30 03:01:59.492 10 INFO neutron.wsgi [None req-21dcc2f5-33e1-4278-9835-1a17b46fa7e2 c5d76d96fef24ffebcfc55cbcc345c7c 747662f66dd14f418723f02f06f468dd - - default default] 10.0.0.78 "PUT /v2.0/security-groups/fb7a9b89-3166-4a13-ac17-80e855efb4a1/tags HTTP/1.1" status: 200 len: 230 time: 0.0377002
2026-05-30 03:01:59.517 10 INFO neutron.wsgi [None req-c7491702-c987-48db-bbbc-4bd674ed3fd6 c5d76d96fef24ffebcfc55cbcc345c7c 747662f66dd14f418723f02f06f468dd - - default default] 10.0.0.78 "GET /v2.0/security-groups/fb7a9b89-3166-4a13-ac17-80e855efb4a1/tags HTTP/1.1" status: 200 len: 230 time: 0.0212071
2026-05-30 03:01:59.540 10 INFO neutron.wsgi [None req-586181a8-3087-4975-9b96-8f7d55084f3a c5d76d96fef24ffebcfc55cbcc345c7c 747662f66dd14f418723f02f06f468dd - - default default] 10.0.0.78 "GET /v2.0/security-groups/fb7a9b89-3166-4a13-ac17-80e855efb4a1/tags/red HTTP/1.1" status: 204 len: 168 time: 0.0197620
2026-05-30 03:01:59.565 10 INFO neutron.api.v2.resource [None req-b50d1cfc-3920-449b-8f2d-6d92a63001a5 c5d76d96fef24ffebcfc55cbcc345c7c 747662f66dd14f418723f02f06f468dd - - default default] show failed (client error): The resource could not be found.
2026-05-30 03:01:59.566 10 INFO neutron.wsgi [None req-b50d1cfc-3920-449b-8f2d-6d92a63001a5 c5d76d96fef24ffebcfc55cbcc345c7c 747662f66dd14f418723f02f06f468dd - - default default] 10.0.0.78 "GET /v2.0/security-groups/fb7a9b89-3166-4a13-ac17-80e855efb4a1/tags/green HTTP/1.1" status: 404 len: 299 time: 0.0222483
2026-05-30 03:01:59.608 10 INFO neutron.wsgi [None req-ce1c414f-c6fa-4b75-9f07-7522ae2140fb c5d76d96fef24ffebcfc55cbcc345c7c 747662f66dd14f418723f02f06f468dd - - default default] 10.0.0.78 "DELETE /v2.0/security-groups/fb7a9b89-3166-4a13-ac17-80e855efb4a1/tags/red HTTP/1.1" status: 204 len: 168 time: 0.0379989
2026-05-30 03:01:59.638 10 INFO neutron.wsgi [None req-c39e12c8-e691-4e29-97f6-904323be5d3c c5d76d96fef24ffebcfc55cbcc345c7c 747662f66dd14f418723f02f06f468dd - - default default] 10.0.0.78 "GET /v2.0/security-groups/fb7a9b89-3166-4a13-ac17-80e855efb4a1/tags HTTP/1.1" status: 200 len: 223 time: 0.0245116
2026-05-30 03:01:59.666 10 INFO neutron.api.v2.resource [None req-2b080325-6a3a-47d9-a683-f8c0c9df1d97 c5d76d96fef24ffebcfc55cbcc345c7c 747662f66dd14f418723f02f06f468dd - - default default] delete failed (client error): The resource could not be found.
2026-05-30 03:01:59.668 10 INFO neutron.wsgi [None req-2b080325-6a3a-47d9-a683-f8c0c9df1d97 c5d76d96fef24ffebcfc55cbcc345c7c 747662f66dd14f418723f02f06f468dd - - default default] 10.0.0.78 "DELETE /v2.0/security-groups/fb7a9b89-3166-4a13-ac17-80e855efb4a1/tags/green HTTP/1.1" status: 404 len: 299 time: 0.0260725
2026-05-30 03:01:59.705 10 INFO neutron.wsgi [None req-531f35ac-56e1-44ae-8a2e-c3b38414104f c5d76d96fef24ffebcfc55cbcc345c7c 747662f66dd14f418723f02f06f468dd - - default default] 10.0.0.78 "DELETE /v2.0/security-groups/fb7a9b89-3166-4a13-ac17-80e855efb4a1/tags HTTP/1.1" status: 204 len: 168 time: 0.0334256
2026-05-30 03:01:59.741 10 INFO neutron.wsgi [None req-8b8e3552-51a5-4c3a-8af5-7644ecdef7fe c5d76d96fef24ffebcfc55cbcc345c7c 747662f66dd14f418723f02f06f468dd - - default default] 10.0.0.78 "GET /v2.0/security-groups/fb7a9b89-3166-4a13-ac17-80e855efb4a1/tags HTTP/1.1" status: 200 len: 205 time: 0.0236859
2026-05-30 03:01:59.889 10 INFO neutron.wsgi [None req-91493b5c-4ccd-4611-a795-ba4a8f3a5fe4 c5d76d96fef24ffebcfc55cbcc345c7c 747662f66dd14f418723f02f06f468dd - - default default] 10.0.0.78 "DELETE /v2.0/security-groups/fb7a9b89-3166-4a13-ac17-80e855efb4a1 HTTP/1.1" status: 204 len: 168 time: 0.1325526
2026-05-30 03:01:59.944 9 INFO neutron.db.ovn_revision_numbers_db [None req-2ed8eb5c-25bf-4cb8-bbe4-8f0949fb7fea 0aa8b3db02e844fea94f41a4e43dcbf5 68ad9cc310aa4c6db3ebe292785ea6b4 - - default default] Successfully bumped revision number for resource 98856eab-6a4e-44dc-b013-f28e67b7291d (type: ports) to 6
2026-05-30 03:01:59.955 9 INFO neutron.wsgi [None req-2ed8eb5c-25bf-4cb8-bbe4-8f0949fb7fea 0aa8b3db02e844fea94f41a4e43dcbf5 68ad9cc310aa4c6db3ebe292785ea6b4 - - default default] 199.204.45.65 "PUT /v2.0/ports/98856eab-6a4e-44dc-b013-f28e67b7291d HTTP/1.1" status: 200 len: 1203 time: 0.8963768 /var/lib/openstack/lib/python3.10/site-packages/pycadf/identifier.py:71: UserWarning: Invalid uuid: neutron. To ensure interoperability, identifiers should be a valid uuid. warnings.warn(('Invalid uuid: %s. To ensure interoperability, '
2026-05-30 03:01:59.987 9 INFO neutron.notifiers.nova [-] Nova event matching ['req-61e96e7b-1876-4de7-851c-50aaf94fc16d'] response: {'name': 'network-changed', 'server_uuid': '1f101a8e-70e8-43b6-b0c0-79e625ab65a8', 'tag': '98856eab-6a4e-44dc-b013-f28e67b7291d', 'status': 'completed', 'code': 200}
2026-05-30 03:02:00.036 9 INFO neutron.wsgi [None req-77284f21-16ed-4d53-b9ff-921108e4fd2d 0aa8b3db02e844fea94f41a4e43dcbf5 68ad9cc310aa4c6db3ebe292785ea6b4 - - default default] 199.204.45.65 "GET /v2.0/networks/0343cbd8-060a-4624-a9ad-ec198c0f44e0 HTTP/1.1" status: 200 len: 999 time: 0.0731666
2026-05-30 03:02:00.068 10 INFO neutron.wsgi [req-053df4d7-8cf6-4706-8573-4a3bfa5118d6 req-d0680140-5d62-417a-b776-c78677424c32 e4846b997c244ad39ba985ef728c18b0 554117ef52094691863c2f76bcc47aea - - 086c14915e1744adb37f7df17ca4858a 086c14915e1744adb37f7df17ca4858a] 199.204.45.65 "GET /v2.0/ports?tenant_id=68ad9cc310aa4c6db3ebe292785ea6b4&device_id=1f101a8e-70e8-43b6-b0c0-79e625ab65a8 HTTP/1.1" status: 200 len: 4948 time: 0.0492654
2026-05-30 03:02:00.099 9 INFO neutron.wsgi [None req-7839d8ef-f677-4e5f-8caf-e9bdd84e2b70 0aa8b3db02e844fea94f41a4e43dcbf5 68ad9cc310aa4c6db3ebe292785ea6b4 - - default default] 199.204.45.65 "GET /v2.0/ports?device_id=1f101a8e-70e8-43b6-b0c0-79e625ab65a8 HTTP/1.1" status: 200 len: 4948 time: 0.0575502
2026-05-30 03:02:00.140 10 INFO neutron.wsgi [req-053df4d7-8cf6-4706-8573-4a3bfa5118d6 req-53ac5b2b-b865-4ca8-bde2-27e84de0d6ee e4846b997c244ad39ba985ef728c18b0 554117ef52094691863c2f76bcc47aea - - 086c14915e1744adb37f7df17ca4858a 086c14915e1744adb37f7df17ca4858a] 199.204.45.65 "GET /v2.0/networks?id=0343cbd8-060a-4624-a9ad-ec198c0f44e0 HTTP/1.1" status: 200 len: 1002 time: 0.0641608
2026-05-30 03:02:00.217 10 INFO neutron.wsgi [req-053df4d7-8cf6-4706-8573-4a3bfa5118d6 req-f0ab7340-0df5-4f2d-8b4b-ab2f8cc26afb e4846b997c244ad39ba985ef728c18b0 554117ef52094691863c2f76bcc47aea - - 086c14915e1744adb37f7df17ca4858a 086c14915e1744adb37f7df17ca4858a] 199.204.45.65 "GET /v2.0/networks/0343cbd8-060a-4624-a9ad-ec198c0f44e0?fields=segments HTTP/1.1" status: 200 len: 212 time: 0.0698442
2026-05-30 03:02:00.245 9 INFO neutron.wsgi [None req-677716cd-5b2c-4980-aae0-2010131d66bd 0aa8b3db02e844fea94f41a4e43dcbf5 68ad9cc310aa4c6db3ebe292785ea6b4 - - default default] 199.204.45.65 "GET /v2.0/ports?device_id=1f101a8e-70e8-43b6-b0c0-79e625ab65a8 HTTP/1.1" status: 200 len: 4948 time: 0.0582294
2026-05-30 03:02:00.294 10 INFO neutron.wsgi [req-053df4d7-8cf6-4706-8573-4a3bfa5118d6 req-44660481-0bd5-4b1c-aa79-ff21e22b4d80 e4846b997c244ad39ba985ef728c18b0 554117ef52094691863c2f76bcc47aea - - 086c14915e1744adb37f7df17ca4858a 086c14915e1744adb37f7df17ca4858a] 199.204.45.65 "GET /v2.0/networks/0343cbd8-060a-4624-a9ad-ec198c0f44e0?fields=provider%3Aphysical_network&fields=provider%3Anetwork_type HTTP/1.1" status: 200 len: 277 time: 0.0678620
2026-05-30 03:02:00.531 9 INFO neutron.plugins.ml2.drivers.ovn.mech_driver.mech_driver [None req-aac1a681-d7ab-412f-a4f5-58a54f6b1fdb - - - - - -] OVN reports status down for port: 98856eab-6a4e-44dc-b013-f28e67b7291d
2026-05-30 03:02:00.594 10 INFO neutron.wsgi [req-6d19ceeb-f7b4-45d1-9e93-987ba14c1f40 req-230f0f17-71d3-4f2b-8c84-ca78ef594980 e4846b997c244ad39ba985ef728c18b0 554117ef52094691863c2f76bcc47aea - - 086c14915e1744adb37f7df17ca4858a 086c14915e1744adb37f7df17ca4858a] 199.204.45.65 "GET /v2.0/ports/98856eab-6a4e-44dc-b013-f28e67b7291d HTTP/1.1" status: 200 len: 1231 time: 0.0471780
2026-05-30 03:02:00.607 9 INFO neutron.wsgi [None req-53706a6b-30db-4b9a-a8e4-a8d2accda360 0aa8b3db02e844fea94f41a4e43dcbf5 68ad9cc310aa4c6db3ebe292785ea6b4 - - default default] 10.0.0.78 "DELETE /v2.0/routers/bf25683b-a179-434b-be1a-f14a97d956b0 HTTP/1.1" status: 204 len: 168 time: 1.3957486
2026-05-30 03:02:00.844 10 INFO neutron.wsgi [None req-714b7bf5-7267-4363-b2d9-7b147b04883e 0aa8b3db02e844fea94f41a4e43dcbf5 68ad9cc310aa4c6db3ebe292785ea6b4 - - default default] 10.0.0.78 "DELETE /v2.0/subnets/e1adad2b-a54f-469d-b168-6adce51d13d4 HTTP/1.1" status: 204 len: 168 time: 0.2301247
2026-05-30 03:02:00.871 9 INFO neutron.db.ovn_revision_numbers_db [None req-aac1a681-d7ab-412f-a4f5-58a54f6b1fdb - - - - - -] Successfully bumped revision number for resource 98856eab-6a4e-44dc-b013-f28e67b7291d (type: ports) to 7
2026-05-30 03:02:00.906 10 INFO neutron.wsgi [req-6d19ceeb-f7b4-45d1-9e93-987ba14c1f40 req-14c0af7d-02b2-4f34-9b16-48c7bd4c0552 0aa8b3db02e844fea94f41a4e43dcbf5 68ad9cc310aa4c6db3ebe292785ea6b4 - - default default] 199.204.45.65 "DELETE /v2.0/ports/98856eab-6a4e-44dc-b013-f28e67b7291d HTTP/1.1" status: 204 len: 173 time: 0.3088841
2026-05-30 03:02:00.947 10 INFO neutron.notifiers.nova [-] Nova event matching ['req-4910bbe3-14d3-4ef1-bd62-2542b47675d6'] response: {'server_uuid': '1f101a8e-70e8-43b6-b0c0-79e625ab65a8', 'name': 'network-vif-deleted', 'tag': '98856eab-6a4e-44dc-b013-f28e67b7291d', 'status': 'completed', 'code': 200}
2026-05-30 03:02:01.017 9 INFO neutron.db.ovn_revision_numbers_db [None req-baf7886c-c39d-4ca9-92d7-ef4ae5dee2f4 0aa8b3db02e844fea94f41a4e43dcbf5 68ad9cc310aa4c6db3ebe292785ea6b4 - - default default] Successfully bumped revision number for resource 7ff5b9d5-8b00-47f5-ab3a-1bab96333e93 (type: security_groups) to 1
2026-05-30 03:02:01.027 10 INFO neutron.wsgi [req-6d19ceeb-f7b4-45d1-9e93-987ba14c1f40 req-03a898f1-a75e-4463-84cf-03e95fb03c10 e4846b997c244ad39ba985ef728c18b0 554117ef52094691863c2f76bcc47aea - - 086c14915e1744adb37f7df17ca4858a 086c14915e1744adb37f7df17ca4858a] 199.204.45.65 "GET /v2.0/ports?tenant_id=68ad9cc310aa4c6db3ebe292785ea6b4&device_id=1f101a8e-70e8-43b6-b0c0-79e625ab65a8 HTTP/1.1" status: 200 len: 3925 time: 0.0634689
2026-05-30 03:02:01.037 9 INFO neutron.db.ovn_revision_numbers_db [None req-baf7886c-c39d-4ca9-92d7-ef4ae5dee2f4 0aa8b3db02e844fea94f41a4e43dcbf5 68ad9cc310aa4c6db3ebe292785ea6b4 - - default default] Successfully bumped revision number for resource 21d485b6-df9d-408c-8d81-2f4d81ecafe8 (type: security_group_rules) to 0
2026-05-30 03:02:01.063 9 INFO neutron.db.ovn_revision_numbers_db [None req-baf7886c-c39d-4ca9-92d7-ef4ae5dee2f4 0aa8b3db02e844fea94f41a4e43dcbf5 68ad9cc310aa4c6db3ebe292785ea6b4 - - default default] Successfully bumped revision number for resource 537e892b-3ba8-4b59-8a42-b92cd4f94b69 (type: security_group_rules) to 0
2026-05-30 03:02:01.080 9 INFO neutron.db.ovn_revision_numbers_db [None req-baf7886c-c39d-4ca9-92d7-ef4ae5dee2f4 0aa8b3db02e844fea94f41a4e43dcbf5 68ad9cc310aa4c6db3ebe292785ea6b4 - - default default] Successfully bumped revision number for resource 809c3f8f-0942-4bc8-9d53-537dcae28f54 (type: security_group_rules) to 0
2026-05-30 03:02:01.095 9 INFO neutron.db.ovn_revision_numbers_db [None req-baf7886c-c39d-4ca9-92d7-ef4ae5dee2f4 0aa8b3db02e844fea94f41a4e43dcbf5 68ad9cc310aa4c6db3ebe292785ea6b4 - - default default] Successfully bumped revision number for resource ca06f696-e7e8-461c-9f1f-4e206f7c8670 (type: security_group_rules) to 0
2026-05-30 03:02:01.120 9 INFO neutron.wsgi [None req-baf7886c-c39d-4ca9-92d7-ef4ae5dee2f4 0aa8b3db02e844fea94f41a4e43dcbf5 68ad9cc310aa4c6db3ebe292785ea6b4 - - default default] 10.0.0.78 "GET /v2.0/security-groups?tenant_id=00b2f0c089304427b9f224b259daed6a&name=default HTTP/1.1" status: 200 len: 3000 time: 0.3934939
2026-05-30 03:02:01.320 9 INFO neutron.wsgi [None req-89c2e2d9-f789-4150-b2c7-ea8eec9fcc1d 0aa8b3db02e844fea94f41a4e43dcbf5 68ad9cc310aa4c6db3ebe292785ea6b4 - - default default] 199.204.45.65 "GET /v2.0/ports?device_id=1f101a8e-70e8-43b6-b0c0-79e625ab65a8 HTTP/1.1" status: 200 len: 3925 time: 0.0510192
2026-05-30 03:02:01.352 9 INFO neutron.pecan_wsgi.hooks.translation [None req-4320d13a-adfb-4c92-874c-9ea125733192 0aa8b3db02e844fea94f41a4e43dcbf5 68ad9cc310aa4c6db3ebe292785ea6b4 - - default default] DELETE failed (client error): The resource could not be found.
2026-05-30 03:02:01.354 9 INFO neutron.wsgi [None req-4320d13a-adfb-4c92-874c-9ea125733192 0aa8b3db02e844fea94f41a4e43dcbf5 68ad9cc310aa4c6db3ebe292785ea6b4 - - default default] 199.204.45.65 "DELETE /v2.0/ports/98856eab-6a4e-44dc-b013-f28e67b7291d HTTP/1.1" status: 404 len: 338 time: 0.0174749
2026-05-30 03:02:01.389 9 INFO neutron.wsgi [None req-e2dd62a8-0327-4c80-91b9-7f7e44d9b49e 0aa8b3db02e844fea94f41a4e43dcbf5 68ad9cc310aa4c6db3ebe292785ea6b4 - - default default] 10.0.0.78 "DELETE /v2.0/security-groups/7ff5b9d5-8b00-47f5-ab3a-1bab96333e93 HTTP/1.1" status: 204 len: 168 time: 0.2629747
2026-05-30 03:02:01.400 10 INFO neutron.wsgi [req-6d19ceeb-f7b4-45d1-9e93-987ba14c1f40 req-7402336a-ec16-49e8-b95e-25b6d6ef8d97 e4846b997c244ad39ba985ef728c18b0 554117ef52094691863c2f76bcc47aea - - 086c14915e1744adb37f7df17ca4858a 086c14915e1744adb37f7df17ca4858a] 199.204.45.65 "GET /v2.0/networks?id=f7abc413-255c-4e76-9caf-e22da5af7c67&id=01b7123f-118c-47e6-9df1-256c5ac24b9b&id=aedabdc0-5c11-4a97-9de6-0c6707384a10&id=0343cbd8-060a-4624-a9ad-ec198c0f44e0 HTTP/1.1" status: 200 len: 3306 time: 0.3632615
2026-05-30 03:02:01.428 10 INFO neutron.wsgi [req-6d19ceeb-f7b4-45d1-9e93-987ba14c1f40 req-5ba93051-b51c-47db-abd5-9d427562bcd8 e4846b997c244ad39ba985ef728c18b0 554117ef52094691863c2f76bcc47aea - - 086c14915e1744adb37f7df17ca4858a 086c14915e1744adb37f7df17ca4858a] 199.204.45.65 "GET /v2.0/floatingips?fixed_ip_address=172.24.3.192&port_id=a82c28b5-a306-4823-af0c-a4fe576f194a HTTP/1.1" status: 200 len: 217 time: 0.0221088
2026-05-30 03:02:01.501 9 INFO neutron.wsgi [None req-30728637-b75d-4ae4-bfdb-5c363c52216a 0aa8b3db02e844fea94f41a4e43dcbf5 68ad9cc310aa4c6db3ebe292785ea6b4 - - default default] 199.204.45.65 "GET /v2.0/extensions/security-group HTTP/1.1" status: 200 len: 369 time: 0.0068197
2026-05-30 03:02:01.505 10 INFO neutron.wsgi [req-6d19ceeb-f7b4-45d1-9e93-987ba14c1f40 req-ea0aa7b0-b243-410a-8347-d2a25ec1071d e4846b997c244ad39ba985ef728c18b0 554117ef52094691863c2f76bcc47aea - - 086c14915e1744adb37f7df17ca4858a 086c14915e1744adb37f7df17ca4858a] 199.204.45.65 "GET /v2.0/subnets?id=e31f5b96-53fa-4fc6-a3ff-73b5567c9cea HTTP/1.1" status: 200 len: 829 time: 0.0674353
2026-05-30 03:02:01.510 9 INFO neutron.wsgi [None req-b071aaf4-6a0e-4594-a290-ed6733e1ec4a 0aa8b3db02e844fea94f41a4e43dcbf5 68ad9cc310aa4c6db3ebe292785ea6b4 - - default default] 199.204.45.65 "GET /v2.0/extensions/dns-integration HTTP/1.1" status: 200 len: 371 time: 0.0052996
2026-05-30 03:02:01.520 9 INFO neutron.wsgi [None req-8d6775c1-9622-4f41-b6b2-70c761c004fc 0aa8b3db02e844fea94f41a4e43dcbf5 68ad9cc310aa4c6db3ebe292785ea6b4 - - default default] 199.204.45.65 "GET /v2.0/extensions/qos HTTP/1.1" status: 200 len: 365 time: 0.0051446
2026-05-30 03:02:01.529 9 INFO neutron.wsgi [None req-b5972c71-2dc0-459b-b7b0-d43922942920 0aa8b3db02e844fea94f41a4e43dcbf5 68ad9cc310aa4c6db3ebe292785ea6b4 - - default default] 199.204.45.65 "GET /v2.0/extensions/allowed-address-pairs HTTP/1.1" status: 200 len: 383 time: 0.0055566
2026-05-30 03:02:01.542 10 INFO neutron.wsgi [req-6d19ceeb-f7b4-45d1-9e93-987ba14c1f40 req-ff8c0b26-3da0-453a-aa32-0b8a8360ae15 e4846b997c244ad39ba985ef728c18b0 554117ef52094691863c2f76bcc47aea - - 086c14915e1744adb37f7df17ca4858a 086c14915e1744adb37f7df17ca4858a] 199.204.45.65 "GET /v2.0/ports?network_id=f7abc413-255c-4e76-9caf-e22da5af7c67&device_owner=network%3Adhcp HTTP/1.1" status: 200 len: 210 time: 0.0229058
2026-05-30 03:02:01.576 9 INFO neutron.wsgi [None req-cce811a8-ad17-4729-b9f6-c9ab659cc3ba 0aa8b3db02e844fea94f41a4e43dcbf5 68ad9cc310aa4c6db3ebe292785ea6b4 - - default default] 199.204.45.65 "GET /v2.0/subnets/2f2ddc25-0d5c-4d06-acea-f0030e0bdbd3 HTTP/1.1" status: 200 len: 851 time: 0.0409210
2026-05-30 03:02:01.605 9 INFO neutron.wsgi [None req-7fe175b1-aad8-424b-9dcd-2cd45d85c2ca 0aa8b3db02e844fea94f41a4e43dcbf5 68ad9cc310aa4c6db3ebe292785ea6b4 - - default default] 10.0.0.78 "GET /v2.0/security-groups?tenant_id=747662f66dd14f418723f02f06f468dd&name=default HTTP/1.1" status: 200 len: 3000 time: 0.0627012
2026-05-30 03:02:01.623 10 INFO neutron.wsgi [req-6d19ceeb-f7b4-45d1-9e93-987ba14c1f40 req-98f67ec2-4f07-43aa-940d-d2ef741dc867 e4846b997c244ad39ba985ef728c18b0 554117ef52094691863c2f76bcc47aea - - 086c14915e1744adb37f7df17ca4858a 086c14915e1744adb37f7df17ca4858a] 199.204.45.65 "GET /v2.0/networks/f7abc413-255c-4e76-9caf-e22da5af7c67?fields=segments HTTP/1.1" status: 200 len: 212 time: 0.0676920
2026-05-30 03:02:01.631 9 INFO neutron.wsgi [None req-d46bd907-9502-44ae-8ccb-699dadda975f 0aa8b3db02e844fea94f41a4e43dcbf5 68ad9cc310aa4c6db3ebe292785ea6b4 - - default default] 199.204.45.65 "GET /v2.0/ports/da4a8223-b23c-41e4-8837-bfca7b756bf8 HTTP/1.1" status: 200 len: 1336 time: 0.0441403
2026-05-30 03:02:01.659 10 INFO neutron.services.segments.plugin [-] Segment f6550b39-fcb4-4b2b-bf2d-e24130de99cd resource provider aggregate not found
2026-05-30 03:02:01.663 10 INFO neutron.services.segments.plugin [-] Segment f6550b39-fcb4-4b2b-bf2d-e24130de99cd resource provider aggregate not found
2026-05-30 03:02:01.673 9 INFO neutron.wsgi [None req-9d104330-6c3c-479b-b253-9cc872baea9e 0aa8b3db02e844fea94f41a4e43dcbf5 68ad9cc310aa4c6db3ebe292785ea6b4 - - default default] 199.204.45.65 "GET /v2.0/ports/3623a82e-b571-4480-b15d-90be1dc04a3b HTTP/1.1" status: 200 len: 1518 time: 0.0341339
2026-05-30 03:02:01.686 10 INFO neutron.services.segments.plugin [-] Segment f6550b39-fcb4-4b2b-bf2d-e24130de99cd resource provider not found; error: Placement Client Error (4xx): {"errors": [{"status": 404, "title": "Not Found", "detail": "The resource could not be found.\n\n No resource provider with uuid f6550b39-fcb4-4b2b-bf2d-e24130de99cd found for delete ", "request_id": "req-33e33eae-938a-4c55-8de5-f8892d13f58d"}]}
2026-05-30 03:02:01.687 10 INFO neutron.services.segments.plugin [-] Segment f6550b39-fcb4-4b2b-bf2d-e24130de99cd resource provider not found; error: Placement Client Error (4xx): {"errors": [{"status": 404, "title": "Not Found", "detail": "The resource could not be found.\n\n No resource provider with uuid f6550b39-fcb4-4b2b-bf2d-e24130de99cd found for delete ", "request_id": "req-c4619331-73cd-4ac7-b58a-0b024d0cd997"}]}
2026-05-30 03:02:01.715 10 INFO neutron.wsgi [None req-66dc84cf-c017-4289-93c3-0986bf3200dc 0aa8b3db02e844fea94f41a4e43dcbf5 68ad9cc310aa4c6db3ebe292785ea6b4 - - default default] 10.0.0.78 "DELETE /v2.0/networks/92857f9f-d1c1-43db-add3-42532f8de100 HTTP/1.1" status: 204 len: 168 time: 0.8639166
2026-05-30 03:02:01.719 10 INFO neutron.wsgi [req-6d19ceeb-f7b4-45d1-9e93-987ba14c1f40 req-6f27b72a-8ba9-4db1-9327-91e806327c03 e4846b997c244ad39ba985ef728c18b0 554117ef52094691863c2f76bcc47aea - - 086c14915e1744adb37f7df17ca4858a 086c14915e1744adb37f7df17ca4858a] 199.204.45.65 "GET /v2.0/networks/f7abc413-255c-4e76-9caf-e22da5af7c67?fields=provider%3Aphysical_network&fields=provider%3Anetwork_type HTTP/1.1" status: 200 len: 277 time: 0.0896449
2026-05-30 03:02:01.722 9 INFO neutron.wsgi [None req-827da79b-290d-49b9-9957-35782bf212fd 0aa8b3db02e844fea94f41a4e43dcbf5 68ad9cc310aa4c6db3ebe292785ea6b4 - - default default] 199.204.45.65 "GET /v2.0/subnets/2f2ddc25-0d5c-4d06-acea-f0030e0bdbd3 HTTP/1.1" status: 200 len: 851 time: 0.0397837
2026-05-30 03:02:01.762 10 INFO neutron.wsgi [req-6d19ceeb-f7b4-45d1-9e93-987ba14c1f40 req-b6824fd0-75e2-46e3-b1b0-2b88d808d527 e4846b997c244ad39ba985ef728c18b0 554117ef52094691863c2f76bcc47aea - - 086c14915e1744adb37f7df17ca4858a 086c14915e1744adb37f7df17ca4858a] 199.204.45.65 "GET /v2.0/floatingips?fixed_ip_address=10.1.1.154&port_id=3623a82e-b571-4480-b15d-90be1dc04a3b HTTP/1.1" status: 200 len: 217 time: 0.0363452
2026-05-30 03:02:01.796 9 INFO neutron.wsgi [None req-01045ceb-5db5-43e1-a2d2-045206f88487 0aa8b3db02e844fea94f41a4e43dcbf5 68ad9cc310aa4c6db3ebe292785ea6b4 - - default default] 199.204.45.65 "GET /v2.0/networks/01b7123f-118c-47e6-9df1-256c5ac24b9b HTTP/1.1" status: 200 len: 1001 time: 0.0644720
2026-05-30 03:02:01.816 10 INFO neutron.wsgi [req-6d19ceeb-f7b4-45d1-9e93-987ba14c1f40 req-7c97c0b8-a2e4-4254-9a87-9e5b192b09ae e4846b997c244ad39ba985ef728c18b0 554117ef52094691863c2f76bcc47aea - - 086c14915e1744adb37f7df17ca4858a 086c14915e1744adb37f7df17ca4858a] 199.204.45.65 "GET /v2.0/subnets?id=2f2ddc25-0d5c-4d06-acea-f0030e0bdbd3 HTTP/1.1" status: 200 len: 854 time: 0.0334194
2026-05-30 03:02:01.842 9 INFO neutron.wsgi [None req-51c8b701-e43c-4f88-a287-fecea6b9aa6a 0aa8b3db02e844fea94f41a4e43dcbf5 68ad9cc310aa4c6db3ebe292785ea6b4 - - default default] 199.204.45.65 "GET /v2.0/ports/da4a8223-b23c-41e4-8837-bfca7b756bf8 HTTP/1.1" status: 200 len: 1336 time: 0.0374780
2026-05-30 03:02:01.846 10 INFO neutron.wsgi [req-6d19ceeb-f7b4-45d1-9e93-987ba14c1f40 req-a2b72c82-a54b-4897-9845-8e8eb7deda09 e4846b997c244ad39ba985ef728c18b0 554117ef52094691863c2f76bcc47aea - - 086c14915e1744adb37f7df17ca4858a 086c14915e1744adb37f7df17ca4858a] 199.204.45.65 "GET /v2.0/ports?network_id=01b7123f-118c-47e6-9df1-256c5ac24b9b&device_owner=network%3Adhcp HTTP/1.1" status: 200 len: 210 time: 0.0224459
2026-05-30 03:02:01.881 9 INFO neutron.wsgi [None req-7bb84b6c-65b9-4139-814d-4fdbb20934a7 0aa8b3db02e844fea94f41a4e43dcbf5 68ad9cc310aa4c6db3ebe292785ea6b4 - - default default] 199.204.45.65 "GET /v2.0/subnets/2f2ddc25-0d5c-4d06-acea-f0030e0bdbd3 HTTP/1.1" status: 200 len: 851 time: 0.0313373
2026-05-30 03:02:01.889 9 INFO neutron.wsgi [None req-e3d7c65e-c081-48b7-a6ce-7f3e43d2ad31 0aa8b3db02e844fea94f41a4e43dcbf5 68ad9cc310aa4c6db3ebe292785ea6b4 - - default default] 10.0.0.78 "DELETE /v2.0/security-groups/57da2fc3-424e-41b9-bd72-fadf678d07b5 HTTP/1.1" status: 204 len: 168 time: 0.2787685
2026-05-30 03:02:01.939 10 INFO neutron.wsgi [req-6d19ceeb-f7b4-45d1-9e93-987ba14c1f40 req-4783c18d-dd70-4bd8-8550-dd20967157bc e4846b997c244ad39ba985ef728c18b0 554117ef52094691863c2f76bcc47aea - - 086c14915e1744adb37f7df17ca4858a 086c14915e1744adb37f7df17ca4858a] 199.204.45.65 "GET /v2.0/networks/01b7123f-118c-47e6-9df1-256c5ac24b9b?fields=segments HTTP/1.1" status: 200 len: 212 time: 0.0854938
2026-05-30 03:02:02.026 9 INFO neutron.notifiers.nova [-] Nova event matching ['req-37802360-1753-4054-9d2e-97722f6bce8c'] response: {'server_uuid': '1f101a8e-70e8-43b6-b0c0-79e625ab65a8', 'name': 'network-vif-unplugged', 'status': 'completed', 'tag': '98856eab-6a4e-44dc-b013-f28e67b7291d', 'code': 200}
2026-05-30 03:02:02.026 9 INFO neutron.notifiers.nova [-] Nova event matching ['req-37802360-1753-4054-9d2e-97722f6bce8c'] response: {'server_uuid': '1f101a8e-70e8-43b6-b0c0-79e625ab65a8', 'name': 'network-vif-plugged', 'status': 'completed', 'tag': '98856eab-6a4e-44dc-b013-f28e67b7291d', 'code': 200}
2026-05-30 03:02:02.035 10 INFO neutron.wsgi [req-6d19ceeb-f7b4-45d1-9e93-987ba14c1f40 req-e770a987-ed2c-4e80-8296-e62e4a5f2016 e4846b997c244ad39ba985ef728c18b0 554117ef52094691863c2f76bcc47aea - - 086c14915e1744adb37f7df17ca4858a 086c14915e1744adb37f7df17ca4858a] 199.204.45.65 "GET /v2.0/networks/01b7123f-118c-47e6-9df1-256c5ac24b9b?fields=provider%3Aphysical_network&fields=provider%3Anetwork_type HTTP/1.1" status: 200 len: 277 time: 0.0888021
2026-05-30 03:02:02.067 10 INFO neutron.wsgi [req-6d19ceeb-f7b4-45d1-9e93-987ba14c1f40 req-5f5f2c39-7dd0-479c-bdbd-2e233da72728 e4846b997c244ad39ba985ef728c18b0 554117ef52094691863c2f76bcc47aea - - 086c14915e1744adb37f7df17ca4858a 086c14915e1744adb37f7df17ca4858a] 199.204.45.65 "GET /v2.0/floatingips?fixed_ip_address=10.2.1.106&port_id=89018914-5bcf-456e-be07-8c36f9140b67 HTTP/1.1" status: 200 len: 217 time: 0.0209978
2026-05-30 03:02:02.108 10 INFO neutron.wsgi [req-6d19ceeb-f7b4-45d1-9e93-987ba14c1f40 req-7854ad4c-7c15-4bea-afb6-62c25b921621 e4846b997c244ad39ba985ef728c18b0 554117ef52094691863c2f76bcc47aea - - 086c14915e1744adb37f7df17ca4858a 086c14915e1744adb37f7df17ca4858a] 199.204.45.65 "GET /v2.0/subnets?id=b5e52c39-51ae-4a17-bc23-bb279b12bde2 HTTP/1.1" status: 200 len: 851 time: 0.0347428
2026-05-30 03:02:02.146 10 INFO neutron.wsgi [req-6d19ceeb-f7b4-45d1-9e93-987ba14c1f40 req-1e55aa73-e578-4d54-b46d-33e41f704dee e4846b997c244ad39ba985ef728c18b0 554117ef52094691863c2f76bcc47aea - - 086c14915e1744adb37f7df17ca4858a 086c14915e1744adb37f7df17ca4858a] 199.204.45.65 "GET /v2.0/ports?network_id=aedabdc0-5c11-4a97-9de6-0c6707384a10&device_owner=network%3Adhcp HTTP/1.1" status: 200 len: 210 time: 0.0201905
2026-05-30 03:02:02.267 10 INFO neutron.wsgi [req-6d19ceeb-f7b4-45d1-9e93-987ba14c1f40 req-05fcdaf0-9efd-4582-8aad-f3ddb77c5117 e4846b997c244ad39ba985ef728c18b0 554117ef52094691863c2f76bcc47aea - - 086c14915e1744adb37f7df17ca4858a 086c14915e1744adb37f7df17ca4858a] 199.204.45.65 "GET /v2.0/networks/aedabdc0-5c11-4a97-9de6-0c6707384a10?fields=segments HTTP/1.1" status: 200 len: 212 time: 0.1140213
2026-05-30 03:02:02.355 10 INFO neutron.wsgi [req-6d19ceeb-f7b4-45d1-9e93-987ba14c1f40 req-84f93a0f-6c8b-45b2-942f-398d7e8c0082 e4846b997c244ad39ba985ef728c18b0 554117ef52094691863c2f76bcc47aea - - 086c14915e1744adb37f7df17ca4858a 086c14915e1744adb37f7df17ca4858a] 199.204.45.65 "GET /v2.0/networks/aedabdc0-5c11-4a97-9de6-0c6707384a10?fields=provider%3Aphysical_network&fields=provider%3Anetwork_type HTTP/1.1" status: 200 len: 277 time: 0.0728712
2026-05-30 03:02:02.974 10 INFO neutron.wsgi [None req-2d49248a-acef-463a-ac57-d5d6c599a582 0aa8b3db02e844fea94f41a4e43dcbf5 68ad9cc310aa4c6db3ebe292785ea6b4 - - default default] 10.0.0.78 "PUT /v2.0/routers/8a540a5f-285a-48f1-8d92-fe87e76908cc/remove_router_interface HTTP/1.1" status: 200 len: 503 time: 1.2522762 /var/lib/openstack/lib/python3.10/site-packages/pycadf/identifier.py:71: UserWarning: Invalid uuid: neutron. To ensure interoperability, identifiers should be a valid uuid. warnings.warn(('Invalid uuid: %s. To ensure interoperability, '
2026-05-30 03:02:03.850 10 INFO neutron.wsgi [None req-b13c46bb-3bef-4792-8d35-77a04f9d6cfb 0aa8b3db02e844fea94f41a4e43dcbf5 68ad9cc310aa4c6db3ebe292785ea6b4 - - default default] 10.0.0.78 "DELETE /v2.0/routers/8a540a5f-285a-48f1-8d92-fe87e76908cc HTTP/1.1" status: 204 len: 168 time: 0.8695488
2026-05-30 03:02:04.047 10 INFO neutron.wsgi [None req-7af7c4dd-d38d-473d-a677-b78de263cccc 0aa8b3db02e844fea94f41a4e43dcbf5 68ad9cc310aa4c6db3ebe292785ea6b4 - - default default] 10.0.0.78 "DELETE /v2.0/subnets/fe63c63e-62b9-493c-9454-bd856c98562b HTTP/1.1" status: 204 len: 168 time: 0.1931806
2026-05-30 03:02:04.406 10 INFO neutron.services.segments.plugin [-] Segment fe91bb61-aa91-4322-ac9d-5f330a1ca62e resource provider aggregate not found
2026-05-30 03:02:04.411 10 INFO neutron.services.segments.plugin [-] Segment fe91bb61-aa91-4322-ac9d-5f330a1ca62e resource provider aggregate not found
2026-05-30 03:02:04.428 10 INFO neutron.services.segments.plugin [-] Segment fe91bb61-aa91-4322-ac9d-5f330a1ca62e resource provider not found; error: Placement Client Error (4xx): {"errors": [{"status": 404, "title": "Not Found", "detail": "The resource could not be found.\n\n No resource provider with uuid fe91bb61-aa91-4322-ac9d-5f330a1ca62e found for delete ", "request_id": "req-c8361017-fa45-43dd-b32f-c75ac38c6079"}]}
2026-05-30 03:02:04.429 10 INFO neutron.services.segments.plugin [-] Segment fe91bb61-aa91-4322-ac9d-5f330a1ca62e resource provider not found; error: Placement Client Error (4xx): {"errors": [{"status": 404, "title": "Not Found", "detail": "The resource could not be found.\n\n No resource provider with uuid fe91bb61-aa91-4322-ac9d-5f330a1ca62e found for delete ", "request_id": "req-74b29d00-06ff-4e63-99b0-9423bed2ece9"}]}
2026-05-30 03:02:04.453 10 INFO neutron.wsgi [None req-6c7adec5-a38f-4bcc-b354-403ecdc2ec6c 0aa8b3db02e844fea94f41a4e43dcbf5 68ad9cc310aa4c6db3ebe292785ea6b4 - - default default] 10.0.0.78 "DELETE /v2.0/networks/1abb4655-742b-4bcd-a986-624373bc4cd8 HTTP/1.1" status: 204 len: 168 time: 0.4021311
2026-05-30 03:02:04.844 9 INFO neutron.wsgi [None req-5caae65b-f392-453f-a1b6-835d0e191e41 0aa8b3db02e844fea94f41a4e43dcbf5 68ad9cc310aa4c6db3ebe292785ea6b4 - - default default] 10.0.0.78 "GET /v2.0/security-groups?tenant_id=c4fbc8e299c4433ba6117a641610aa64&name=default HTTP/1.1" status: 200 len: 2996 time: 0.0709801
2026-05-30 03:02:05.087 10 INFO neutron.wsgi [None req-745fbffb-5dd4-4581-8456-ba8925a3da67 0aa8b3db02e844fea94f41a4e43dcbf5 68ad9cc310aa4c6db3ebe292785ea6b4 - - default default] 10.0.0.78 "DELETE /v2.0/security-groups/bd760052-7e88-4835-80db-9a7572844209 HTTP/1.1" status: 204 len: 168 time: 0.2352681
2026-05-30 03:02:05.250 10 INFO neutron.wsgi [None req-22febdad-ab5f-49d5-a8d8-84bb088d6647 0aa8b3db02e844fea94f41a4e43dcbf5 68ad9cc310aa4c6db3ebe292785ea6b4 - - default default] 10.0.0.78 "GET /v2.0/security-groups?tenant_id=3f638d5244364d969c37c8e21bc76fb2&name=default HTTP/1.1" status: 200 len: 2996 time: 0.0303755
2026-05-30 03:02:05.430 10 INFO neutron.wsgi [None req-b04d4cc2-d58d-4551-9033-82e4265783e3 0aa8b3db02e844fea94f41a4e43dcbf5 68ad9cc310aa4c6db3ebe292785ea6b4 - - default default] 10.0.0.78 "DELETE /v2.0/security-groups/b0fa3a5e-ffa2-465b-babb-24f7cbe108b9 HTTP/1.1" status: 204 len: 168 time: 0.1763055
2026-05-30 03:02:07.039 10 INFO neutron.wsgi [req-6fc59cbf-7e58-4ab4-9a00-67fddc729714 req-c792a44e-cfc8-4feb-91be-aaed61a9df09 e4846b997c244ad39ba985ef728c18b0 554117ef52094691863c2f76bcc47aea - - 086c14915e1744adb37f7df17ca4858a 086c14915e1744adb37f7df17ca4858a] 199.204.45.65 "GET /v2.0/ports?device_id=b891ae04-cca7-4a45-8301-af57fdb22be1&fields=binding%3Ahost_id&fields=binding%3Avif_type HTTP/1.1" status: 200 len: 265 time: 0.0381372
2026-05-30 03:02:07.122 9 INFO neutron.wsgi [-] 10.0.0.42 "GET / HTTP/1.1" status: 200 len: 247 time: 0.0015309
2026-05-30 03:02:07.124 9 INFO neutron.wsgi [-] 10.0.0.42 "GET / HTTP/1.1" status: 200 len: 247 time: 0.0013113
