2026-05-30 03:02:16.788 10 INFO neutron.wsgi [None req-edb2a138-a723-4db1-a021-c020df95738f bf90a2d6b88b4257b72d1b8db7bd4b54 b3f420ec5d134aa6b4e3942f2d33a5d8 - - default default] 10.0.0.78 "DELETE /v2.0/trunks/6a7bfa19-e1e4-4b4a-a2d7-7a1c0ce2b67a HTTP/1.1" status: 204 len: 168 time: 0.0831203
2026-05-30 03:02:16.809 10 INFO neutron.wsgi [None req-ffce913e-c9e6-4d4c-bd7b-fb7e47236e08 bf90a2d6b88b4257b72d1b8db7bd4b54 b3f420ec5d134aa6b4e3942f2d33a5d8 - - default default] 10.0.0.78 "GET /v2.0/trunks/92cec7c0-4fb3-4563-9b1c-8d927f805fd6 HTTP/1.1" status: 200 len: 616 time: 0.0155847
2026-05-30 03:02:16.892 10 INFO neutron.wsgi [None req-d228a433-464f-4eb5-bb8f-088803de7771 bf90a2d6b88b4257b72d1b8db7bd4b54 b3f420ec5d134aa6b4e3942f2d33a5d8 - - default default] 10.0.0.78 "GET /v2.0/ports/4dde804a-87ae-4747-abc0-f5699a571e9f HTTP/1.1" status: 200 len: 1020 time: 0.0794990
2026-05-30 03:02:16.967 10 INFO neutron.wsgi [None req-449fdb55-1203-4f4a-8694-5572a856c8a3 bf90a2d6b88b4257b72d1b8db7bd4b54 b3f420ec5d134aa6b4e3942f2d33a5d8 - - default default] 10.0.0.78 "DELETE /v2.0/trunks/92cec7c0-4fb3-4563-9b1c-8d927f805fd6 HTTP/1.1" status: 204 len: 168 time: 0.0695100
2026-05-30 03:02:16.987 10 INFO neutron.wsgi [None req-a30d3dc2-799f-486a-bb0c-54bae1a686b7 bf90a2d6b88b4257b72d1b8db7bd4b54 b3f420ec5d134aa6b4e3942f2d33a5d8 - - default default] 10.0.0.78 "GET /v2.0/trunks/e11b9c5c-2fcf-48ff-b865-0230ab90922d HTTP/1.1" status: 200 len: 625 time: 0.0155232
2026-05-30 03:02:17.089 10 INFO neutron.wsgi [None req-da4892ec-2290-4b67-bc82-2f568ca6c31c bf90a2d6b88b4257b72d1b8db7bd4b54 b3f420ec5d134aa6b4e3942f2d33a5d8 - - default default] 10.0.0.78 "GET /v2.0/ports/23b9d665-6468-4296-9dfb-a642500dd811 HTTP/1.1" status: 200 len: 1020 time: 0.0973463
2026-05-30 03:02:17.174 10 INFO neutron.wsgi [None req-ab05a070-3bd3-4678-a82c-23ea6ab4f7a9 bf90a2d6b88b4257b72d1b8db7bd4b54 b3f420ec5d134aa6b4e3942f2d33a5d8 - - default default] 10.0.0.78 "DELETE /v2.0/trunks/e11b9c5c-2fcf-48ff-b865-0230ab90922d HTTP/1.1" status: 204 len: 168 time: 0.0807159
2026-05-30 03:02:17.196 10 INFO neutron.wsgi [None req-8fdfbf46-1eb4-4ad4-81a4-8abf01f5a8a3 bf90a2d6b88b4257b72d1b8db7bd4b54 b3f420ec5d134aa6b4e3942f2d33a5d8 - - default default] 10.0.0.78 "GET /v2.0/trunks/0135dc7a-472f-4e90-b371-f96d532d59fb HTTP/1.1" status: 200 len: 610 time: 0.0163407
2026-05-30 03:02:17.291 10 INFO neutron.wsgi [None req-9a4c431a-45db-46d3-8a31-daad6b262f0d bf90a2d6b88b4257b72d1b8db7bd4b54 b3f420ec5d134aa6b4e3942f2d33a5d8 - - default default] 10.0.0.78 "GET /v2.0/ports/83eabf9c-d0c5-4ccb-bd6c-69d264420000 HTTP/1.1" status: 200 len: 1020 time: 0.0898874
2026-05-30 03:02:17.400 10 INFO neutron.wsgi [None req-8d9ae0d2-1f3c-4c8c-b654-9290b2a1cf42 bf90a2d6b88b4257b72d1b8db7bd4b54 b3f420ec5d134aa6b4e3942f2d33a5d8 - - default default] 10.0.0.78 "DELETE /v2.0/trunks/0135dc7a-472f-4e90-b371-f96d532d59fb HTTP/1.1" status: 204 len: 168 time: 0.1044712
2026-05-30 03:02:17.427 10 INFO neutron.wsgi [None req-86865cea-087e-418e-8461-f8c0223a04fb bf90a2d6b88b4257b72d1b8db7bd4b54 b3f420ec5d134aa6b4e3942f2d33a5d8 - - default default] 10.0.0.78 "GET /v2.0/trunks/93d90f6f-c7f1-41ba-beb1-6cdfebc09761 HTTP/1.1" status: 200 len: 603 time: 0.0208762
2026-05-30 03:02:17.527 10 INFO neutron.wsgi [None req-c5a91b38-91e7-472d-8582-d139316eab1f bf90a2d6b88b4257b72d1b8db7bd4b54 b3f420ec5d134aa6b4e3942f2d33a5d8 - - default default] 10.0.0.78 "GET /v2.0/ports/15851d91-7bfb-41b8-84b2-a34f5c70271d HTTP/1.1" status: 200 len: 1020 time: 0.0936253
2026-05-30 03:02:17.608 10 INFO neutron.wsgi [None req-cf6d0873-7a70-402e-be35-7f9f90d2c4cd bf90a2d6b88b4257b72d1b8db7bd4b54 b3f420ec5d134aa6b4e3942f2d33a5d8 - - default default] 10.0.0.78 "DELETE /v2.0/trunks/93d90f6f-c7f1-41ba-beb1-6cdfebc09761 HTTP/1.1" status: 204 len: 168 time: 0.0761218
2026-05-30 03:02:17.832 10 INFO neutron.wsgi [None req-a1307605-09ec-4dd2-a5da-0e4d695b7e74 bf90a2d6b88b4257b72d1b8db7bd4b54 b3f420ec5d134aa6b4e3942f2d33a5d8 - - default default] 10.0.0.78 "DELETE /v2.0/ports/3615fa74-324e-4ee4-9a1d-9c2037297e98 HTTP/1.1" status: 204 len: 168 time: 0.2198849
2026-05-30 03:02:18.054 10 INFO neutron.wsgi [None req-740db033-d586-4ccb-8bd8-226ac4571d3a bf90a2d6b88b4257b72d1b8db7bd4b54 b3f420ec5d134aa6b4e3942f2d33a5d8 - - default default] 10.0.0.78 "DELETE /v2.0/ports/4dde804a-87ae-4747-abc0-f5699a571e9f HTTP/1.1" status: 204 len: 168 time: 0.2173853
2026-05-30 03:02:18.318 10 INFO neutron.wsgi [None req-b4d28eef-b085-46d5-9433-c8608c541223 bf90a2d6b88b4257b72d1b8db7bd4b54 b3f420ec5d134aa6b4e3942f2d33a5d8 - - default default] 10.0.0.78 "DELETE /v2.0/ports/23b9d665-6468-4296-9dfb-a642500dd811 HTTP/1.1" status: 204 len: 168 time: 0.2589169
2026-05-30 03:02:18.547 9 INFO neutron.wsgi [None req-21f35c3e-1c2b-4ff7-918c-27eddf7d3c6f bf90a2d6b88b4257b72d1b8db7bd4b54 b3f420ec5d134aa6b4e3942f2d33a5d8 - - default default] 10.0.0.78 "DELETE /v2.0/ports/83eabf9c-d0c5-4ccb-bd6c-69d264420000 HTTP/1.1" status: 204 len: 168 time: 0.2252228
2026-05-30 03:02:18.774 9 INFO neutron.wsgi [None req-909dc5c3-d3eb-48e5-96ec-ada26c4d105d bf90a2d6b88b4257b72d1b8db7bd4b54 b3f420ec5d134aa6b4e3942f2d33a5d8 - - default default] 10.0.0.78 "DELETE /v2.0/ports/15851d91-7bfb-41b8-84b2-a34f5c70271d HTTP/1.1" status: 204 len: 168 time: 0.2213955
2026-05-30 03:02:19.285 9 INFO neutron.services.segments.plugin [-] Segment 4d4efc03-df00-46d1-b9da-c476430c8350 resource provider aggregate not found
2026-05-30 03:02:19.289 9 INFO neutron.services.segments.plugin [-] Segment 4d4efc03-df00-46d1-b9da-c476430c8350 resource provider aggregate not found
2026-05-30 03:02:19.303 9 INFO neutron.services.segments.plugin [-] Segment 4d4efc03-df00-46d1-b9da-c476430c8350 resource provider not found; error: Placement Client Error (4xx): {"errors": [{"status": 404, "title": "Not Found", "detail": "The resource could not be found.\n\n No resource provider with uuid 4d4efc03-df00-46d1-b9da-c476430c8350 found for delete ", "request_id": "req-cdff2ecf-40e6-41f5-af80-0befbc87cd9f"}]}
2026-05-30 03:02:19.308 9 INFO neutron.services.segments.plugin [-] Segment 4d4efc03-df00-46d1-b9da-c476430c8350 resource provider not found; error: Placement Client Error (4xx): {"errors": [{"status": 404, "title": "Not Found", "detail": "The resource could not be found.\n\n No resource provider with uuid 4d4efc03-df00-46d1-b9da-c476430c8350 found for delete ", "request_id": "req-55d9b352-3e34-458a-b16e-f24783627bd1"}]}
2026-05-30 03:02:19.326 9 INFO neutron.wsgi [None req-21fd2ebf-983b-4d4e-9196-177367e01219 bf90a2d6b88b4257b72d1b8db7bd4b54 b3f420ec5d134aa6b4e3942f2d33a5d8 - - default default] 10.0.0.78 "DELETE /v2.0/networks/e22244cc-16fb-4e69-9598-8c7cb81f722e HTTP/1.1" status: 204 len: 168 time: 0.5485027
2026-05-30 03:02:19.647 10 INFO neutron.services.segments.plugin [-] Segment e2efd3bd-707f-4fd3-b347-9bcddb63ab0b resource provider aggregate not found
2026-05-30 03:02:19.651 10 INFO neutron.services.segments.plugin [-] Segment e2efd3bd-707f-4fd3-b347-9bcddb63ab0b resource provider aggregate not found
2026-05-30 03:02:19.663 10 INFO neutron.services.segments.plugin [-] Segment e2efd3bd-707f-4fd3-b347-9bcddb63ab0b resource provider not found; error: Placement Client Error (4xx): {"errors": [{"status": 404, "title": "Not Found", "detail": "The resource could not be found.\n\n No resource provider with uuid e2efd3bd-707f-4fd3-b347-9bcddb63ab0b found for delete ", "request_id": "req-07184170-86fb-4f0c-9e53-208526aaec26"}]}
2026-05-30 03:02:19.685 10 INFO neutron.wsgi [None req-bc868ccd-de41-44a3-94a6-55de5be896be bf90a2d6b88b4257b72d1b8db7bd4b54 b3f420ec5d134aa6b4e3942f2d33a5d8 - - default default] 10.0.0.78 "DELETE /v2.0/networks/3aac46c8-74ad-40d2-a913-e984b39d10ab HTTP/1.1" status: 204 len: 168 time: 0.3529215
2026-05-30 03:02:19.718 10 INFO neutron.services.segments.plugin [-] Segment e2efd3bd-707f-4fd3-b347-9bcddb63ab0b resource provider not found; error: Placement Client Error (4xx): {"errors": [{"status": 404, "title": "Not Found", "detail": "The resource could not be found.\n\n No resource provider with uuid e2efd3bd-707f-4fd3-b347-9bcddb63ab0b found for delete ", "request_id": "req-546d843b-ab6a-4773-9f10-520889f2d4ed"}]}
2026-05-30 03:02:19.960 9 INFO neutron.wsgi [None req-f78bf35e-4d03-4a79-94ae-4c1b1550df70 0aa8b3db02e844fea94f41a4e43dcbf5 68ad9cc310aa4c6db3ebe292785ea6b4 - - default default] 199.204.45.65 "GET /v2.0/extensions/security-group HTTP/1.1" status: 200 len: 369 time: 0.0067012
2026-05-30 03:02:19.977 9 INFO neutron.wsgi [None req-30a4bc96-b4ee-43e9-bf11-7973645485cf 0aa8b3db02e844fea94f41a4e43dcbf5 68ad9cc310aa4c6db3ebe292785ea6b4 - - default default] 199.204.45.65 "GET /v2.0/extensions/dns-integration HTTP/1.1" status: 200 len: 371 time: 0.0050623
2026-05-30 03:02:19.988 9 INFO neutron.wsgi [None req-bd7d9e56-dfa6-4742-a0ff-0653991e43c0 0aa8b3db02e844fea94f41a4e43dcbf5 68ad9cc310aa4c6db3ebe292785ea6b4 - - default default] 199.204.45.65 "GET /v2.0/extensions/qos HTTP/1.1" status: 200 len: 365 time: 0.0064380
2026-05-30 03:02:19.998 9 INFO neutron.wsgi [None req-a82bb1b4-fa84-4c06-870c-cf627c8850c3 0aa8b3db02e844fea94f41a4e43dcbf5 68ad9cc310aa4c6db3ebe292785ea6b4 - - default default] 199.204.45.65 "GET /v2.0/extensions/allowed-address-pairs HTTP/1.1" status: 200 len: 383 time: 0.0053213
2026-05-30 03:02:20.015 9 INFO neutron.api.v2.resource [None req-281c71ae-8706-48ec-9be1-e5f0a5b8c716 0aa8b3db02e844fea94f41a4e43dcbf5 68ad9cc310aa4c6db3ebe292785ea6b4 - - default default] show failed (client error): The resource could not be found.
2026-05-30 03:02:20.016 9 INFO neutron.wsgi [None req-281c71ae-8706-48ec-9be1-e5f0a5b8c716 0aa8b3db02e844fea94f41a4e43dcbf5 68ad9cc310aa4c6db3ebe292785ea6b4 - - default default] 199.204.45.65 "GET /v2.0/security-groups/lb-a3b29e3d-85ef-4c4f-b524-2994d58c2ff2 HTTP/1.1" status: 404 len: 355 time: 0.0130577
2026-05-30 03:02:20.073 9 INFO neutron.wsgi [None req-b980bf80-7233-46bf-bc88-66cfa74b6e11 0aa8b3db02e844fea94f41a4e43dcbf5 68ad9cc310aa4c6db3ebe292785ea6b4 - - default default] 199.204.45.65 "GET /v2.0/security-groups?name=lb-a3b29e3d-85ef-4c4f-b524-2994d58c2ff2 HTTP/1.1" status: 200 len: 2937 time: 0.0517147
2026-05-30 03:02:20.105 9 INFO neutron.wsgi [None req-c40e580a-514d-4f4d-b883-96f7935759e6 bf90a2d6b88b4257b72d1b8db7bd4b54 b3f420ec5d134aa6b4e3942f2d33a5d8 - - default default] 10.0.0.78 "DELETE /v2.0/networks/06825e04-f051-4b6e-a712-c6098abda1bb HTTP/1.1" status: 204 len: 168 time: 0.4134107
2026-05-30 03:02:20.122 9 INFO neutron.wsgi [None req-10510aaa-e80c-428e-81c7-5b4a958f46e3 0aa8b3db02e844fea94f41a4e43dcbf5 68ad9cc310aa4c6db3ebe292785ea6b4 - - default default] 199.204.45.65 "GET /v2.0/security-group-rules?security_group_id=c1f8b905-6bb7-4826-9408-a94dbe1064ac HTTP/1.1" status: 200 len: 2406 time: 0.0423951
2026-05-30 03:02:20.244 9 INFO neutron.wsgi [None req-0fa2aa1b-4aab-4e2e-adfc-ce1a06cea4f0 0aa8b3db02e844fea94f41a4e43dcbf5 68ad9cc310aa4c6db3ebe292785ea6b4 - - default default] 199.204.45.65 "DELETE /v2.0/security-group-rules/3ce7481d-c8f9-4236-a3b0-aef7b1fbf01d HTTP/1.1" status: 204 len: 173 time: 0.1098237
2026-05-30 03:02:20.350 9 INFO neutron.wsgi [None req-e26731a4-8fa6-48ca-b625-a2fa23b510c5 0aa8b3db02e844fea94f41a4e43dcbf5 68ad9cc310aa4c6db3ebe292785ea6b4 - - default default] 199.204.45.65 "DELETE /v2.0/security-group-rules/b42ea320-dd43-4a1c-87e9-b78b2ccfb5b7 HTTP/1.1" status: 204 len: 173 time: 0.0982964
2026-05-30 03:02:20.450 10 INFO neutron.wsgi [None req-b954b27f-c506-4417-add7-a7e1239b75c5 bf90a2d6b88b4257b72d1b8db7bd4b54 b3f420ec5d134aa6b4e3942f2d33a5d8 - - default default] 10.0.0.78 "DELETE /v2.0/networks/98b79610-5ae7-4ab5-9a6b-1401cdebd10d HTTP/1.1" status: 204 len: 168 time: 0.3384080
2026-05-30 03:02:20.801 9 INFO neutron.wsgi [None req-fa939320-f251-400f-bdc2-866911fee6d8 bf90a2d6b88b4257b72d1b8db7bd4b54 b3f420ec5d134aa6b4e3942f2d33a5d8 - - default default] 10.0.0.78 "DELETE /v2.0/networks/4e296085-f899-4539-a400-f0c5fb5e30b7 HTTP/1.1" status: 204 len: 168 time: 0.3459809
2026-05-30 03:02:21.324 9 INFO neutron.services.segments.plugin [-] Segment 2333cd3c-ab27-487c-9b66-259b2040176d resource provider aggregate not found
2026-05-30 03:02:21.331 9 INFO neutron.services.segments.plugin [-] Segment 2333cd3c-ab27-487c-9b66-259b2040176d resource provider aggregate not found
2026-05-30 03:02:21.340 9 INFO neutron.services.segments.plugin [-] Segment 2333cd3c-ab27-487c-9b66-259b2040176d resource provider not found; error: Placement Client Error (4xx): {"errors": [{"status": 404, "title": "Not Found", "detail": "The resource could not be found.\n\n No resource provider with uuid 2333cd3c-ab27-487c-9b66-259b2040176d found for delete ", "request_id": "req-52806804-654b-42fe-b334-492872e2bcae"}]}
2026-05-30 03:02:21.345 9 INFO neutron.services.segments.plugin [-] Segment 2333cd3c-ab27-487c-9b66-259b2040176d resource provider not found; error: Placement Client Error (4xx): {"errors": [{"status": 404, "title": "Not Found", "detail": "The resource could not be found.\n\n No resource provider with uuid 2333cd3c-ab27-487c-9b66-259b2040176d found for delete ", "request_id": "req-432ed9eb-f68e-47ea-878c-66d130882eec"}]}
2026-05-30 03:02:21.361 9 INFO neutron.services.segments.plugin [-] Segment 1e1f47d3-ca73-43cc-8fca-9b976af23521 resource provider aggregate not found
2026-05-30 03:02:21.381 9 INFO neutron.services.segments.plugin [-] Segment 1e1f47d3-ca73-43cc-8fca-9b976af23521 resource provider aggregate not found
2026-05-30 03:02:21.390 9 INFO neutron.services.segments.plugin [-] Segment 1e1f47d3-ca73-43cc-8fca-9b976af23521 resource provider not found; error: Placement Client Error (4xx): {"errors": [{"status": 404, "title": "Not Found", "detail": "The resource could not be found.\n\n No resource provider with uuid 1e1f47d3-ca73-43cc-8fca-9b976af23521 found for delete ", "request_id": "req-1ac3d57d-26b6-429d-ae68-eeeba4f25a0e"}]}
2026-05-30 03:02:21.403 9 INFO neutron.services.segments.plugin [-] Segment 1e1f47d3-ca73-43cc-8fca-9b976af23521 resource provider not found; error: Placement Client Error (4xx): {"errors": [{"status": 404, "title": "Not Found", "detail": "The resource could not be found.\n\n No resource provider with uuid 1e1f47d3-ca73-43cc-8fca-9b976af23521 found for delete ", "request_id": "req-c5b552e6-6564-4f70-849b-f6d5fe0c910f"}]}
2026-05-30 03:02:21.684 10 INFO neutron.services.segments.plugin [-] Segment 4bb3481a-f25d-48a6-b012-8d3451d938d1 resource provider aggregate not found
2026-05-30 03:02:21.704 10 INFO neutron.services.segments.plugin [-] Segment 4bb3481a-f25d-48a6-b012-8d3451d938d1 resource provider not found; error: Placement Client Error (4xx): {"errors": [{"status": 404, "title": "Not Found", "detail": "The resource could not be found.\n\n No resource provider with uuid 4bb3481a-f25d-48a6-b012-8d3451d938d1 found for delete ", "request_id": "req-e8b30e36-cce5-4cb1-8e13-edc0c8905d3e"}]}
2026-05-30 03:02:21.743 10 INFO neutron.services.segments.plugin [-] Segment 4bb3481a-f25d-48a6-b012-8d3451d938d1 resource provider aggregate not found
2026-05-30 03:02:21.763 10 INFO neutron.services.segments.plugin [-] Segment 4bb3481a-f25d-48a6-b012-8d3451d938d1 resource provider not found; error: Placement Client Error (4xx): {"errors": [{"status": 404, "title": "Not Found", "detail": "The resource could not be found.\n\n No resource provider with uuid 4bb3481a-f25d-48a6-b012-8d3451d938d1 found for delete ", "request_id": "req-e4635921-0a10-4fd3-b3d9-c36ba6462542"}]}
2026-05-30 03:02:21.877 9 INFO neutron.db.ovn_revision_numbers_db [None req-04a4df39-8a8f-4b8b-a14b-92cbc17b2645 0aa8b3db02e844fea94f41a4e43dcbf5 68ad9cc310aa4c6db3ebe292785ea6b4 - - default default] Successfully bumped revision number for resource 5f8ae09e-4e2e-4545-a0ed-79e5b4896433 (type: security_groups) to 1
2026-05-30 03:02:21.897 9 INFO neutron.db.ovn_revision_numbers_db [None req-04a4df39-8a8f-4b8b-a14b-92cbc17b2645 0aa8b3db02e844fea94f41a4e43dcbf5 68ad9cc310aa4c6db3ebe292785ea6b4 - - default default] Successfully bumped revision number for resource 28ae3c2a-73d9-421e-91e1-3ce1cbe4aa4d (type: security_group_rules) to 0
2026-05-30 03:02:21.913 9 INFO neutron.db.ovn_revision_numbers_db [None req-04a4df39-8a8f-4b8b-a14b-92cbc17b2645 0aa8b3db02e844fea94f41a4e43dcbf5 68ad9cc310aa4c6db3ebe292785ea6b4 - - default default] Successfully bumped revision number for resource 4e930f67-f018-47a0-9c1f-48de1f814e97 (type: security_group_rules) to 0
2026-05-30 03:02:21.931 9 INFO neutron.db.ovn_revision_numbers_db [None req-04a4df39-8a8f-4b8b-a14b-92cbc17b2645 0aa8b3db02e844fea94f41a4e43dcbf5 68ad9cc310aa4c6db3ebe292785ea6b4 - - default default] Successfully bumped revision number for resource 86139647-954b-4132-89ca-8828cf995ad4 (type: security_group_rules) to 0
2026-05-30 03:02:21.949 9 INFO neutron.db.ovn_revision_numbers_db [None req-04a4df39-8a8f-4b8b-a14b-92cbc17b2645 0aa8b3db02e844fea94f41a4e43dcbf5 68ad9cc310aa4c6db3ebe292785ea6b4 - - default default] Successfully bumped revision number for resource e72cced2-507e-4a49-a3a8-15d05e5b5bdd (type: security_group_rules) to 0
2026-05-30 03:02:21.983 9 INFO neutron.wsgi [None req-04a4df39-8a8f-4b8b-a14b-92cbc17b2645 0aa8b3db02e844fea94f41a4e43dcbf5 68ad9cc310aa4c6db3ebe292785ea6b4 - - default default] 10.0.0.78 "GET /v2.0/security-groups?tenant_id=76217adf106142e0ae93f87d555778b3&name=default HTTP/1.1" status: 200 len: 3000 time: 0.3810570
2026-05-30 03:02:22.122 9 INFO neutron.wsgi [-] 10.0.0.42 "GET / HTTP/1.1" status: 200 len: 247 time: 0.0018165
2026-05-30 03:02:22.124 9 INFO neutron.wsgi [-] 10.0.0.42 "GET / HTTP/1.1" status: 200 len: 247 time: 0.0013850
2026-05-30 03:02:22.184 9 INFO neutron.wsgi [None req-25810bf0-cbfa-450b-8011-5ff368d51358 0aa8b3db02e844fea94f41a4e43dcbf5 68ad9cc310aa4c6db3ebe292785ea6b4 - - default default] 10.0.0.78 "DELETE /v2.0/security-groups/5f8ae09e-4e2e-4545-a0ed-79e5b4896433 HTTP/1.1" status: 204 len: 168 time: 0.1969910
2026-05-30 03:02:22.316 9 INFO neutron.wsgi [None req-3dbecac3-576a-4e2a-91c8-49935763255b 0aa8b3db02e844fea94f41a4e43dcbf5 68ad9cc310aa4c6db3ebe292785ea6b4 - - default default] 10.0.0.78 "GET /v2.0/security-groups?tenant_id=b3f420ec5d134aa6b4e3942f2d33a5d8&name=default HTTP/1.1" status: 200 len: 3000 time: 0.0365005
2026-05-30 03:02:22.509 9 INFO neutron.wsgi [None req-01948415-5d67-4b16-9f64-4a25db9b0c0a 0aa8b3db02e844fea94f41a4e43dcbf5 68ad9cc310aa4c6db3ebe292785ea6b4 - - default default] 10.0.0.78 "DELETE /v2.0/security-groups/cef1afc8-a990-45f9-b759-9ab32224426c HTTP/1.1" status: 204 len: 168 time: 0.1880791
2026-05-30 03:02:22.761 9 INFO neutron.db.ovn_revision_numbers_db [None req-8d0745e1-1131-4259-9999-356fa2a1a8b7 0aa8b3db02e844fea94f41a4e43dcbf5 68ad9cc310aa4c6db3ebe292785ea6b4 - - default default] Successfully bumped revision number for resource b33c4c2a-f423-420f-97d9-1943d2846bc1 (type: security_groups) to 1
2026-05-30 03:02:22.774 9 INFO neutron.db.ovn_revision_numbers_db [None req-8d0745e1-1131-4259-9999-356fa2a1a8b7 0aa8b3db02e844fea94f41a4e43dcbf5 68ad9cc310aa4c6db3ebe292785ea6b4 - - default default] Successfully bumped revision number for resource 363d59cc-2e17-4810-b3be-19668ad24934 (type: security_group_rules) to 0
2026-05-30 03:02:22.785 9 INFO neutron.db.ovn_revision_numbers_db [None req-8d0745e1-1131-4259-9999-356fa2a1a8b7 0aa8b3db02e844fea94f41a4e43dcbf5 68ad9cc310aa4c6db3ebe292785ea6b4 - - default default] Successfully bumped revision number for resource 4fe3225e-215b-4fdf-9de2-0b71a4d86b2a (type: security_group_rules) to 0
2026-05-30 03:02:22.797 9 INFO neutron.db.ovn_revision_numbers_db [None req-8d0745e1-1131-4259-9999-356fa2a1a8b7 0aa8b3db02e844fea94f41a4e43dcbf5 68ad9cc310aa4c6db3ebe292785ea6b4 - - default default] Successfully bumped revision number for resource 8a02870d-29c9-4309-bd45-9655e698021f (type: security_group_rules) to 0
2026-05-30 03:02:22.807 9 INFO neutron.db.ovn_revision_numbers_db [None req-8d0745e1-1131-4259-9999-356fa2a1a8b7 0aa8b3db02e844fea94f41a4e43dcbf5 68ad9cc310aa4c6db3ebe292785ea6b4 - - default default] Successfully bumped revision number for resource cb1bd01a-dac3-435f-bf40-425412879b48 (type: security_group_rules) to 0
2026-05-30 03:02:22.826 9 INFO neutron.wsgi [None req-8d0745e1-1131-4259-9999-356fa2a1a8b7 0aa8b3db02e844fea94f41a4e43dcbf5 68ad9cc310aa4c6db3ebe292785ea6b4 - - default default] 10.0.0.78 "GET /v2.0/security-groups?tenant_id=2879f99f7cce4b9b9ccda48b1f3edf0d&name=default HTTP/1.1" status: 200 len: 3000 time: 0.1740301
2026-05-30 03:02:22.993 9 INFO neutron.wsgi [None req-bd52678f-78fb-4e6d-a565-136d163e4a76 0aa8b3db02e844fea94f41a4e43dcbf5 68ad9cc310aa4c6db3ebe292785ea6b4 - - default default] 10.0.0.78 "DELETE /v2.0/security-groups/b33c4c2a-f423-420f-97d9-1943d2846bc1 HTTP/1.1" status: 204 len: 168 time: 0.1612759
2026-05-30 03:02:24.514 9 INFO neutron.db.l3_db [None req-a39b247c-cdb9-49be-8f1e-399731407673 8551b493eda34b1cb26d7970bb5e5fef e9054986cd784d1ab103afecc850d3ad - - default default] Floating IP 5a6e439f-7528-424f-a759-126630ecc298 disassociated (deleted). External IP: 10.96.250.207, port: da4a8223-b23c-41e4-8837-bfca7b756bf8.
2026-05-30 03:02:24.582 9 INFO neutron.wsgi [None req-a39b247c-cdb9-49be-8f1e-399731407673 8551b493eda34b1cb26d7970bb5e5fef e9054986cd784d1ab103afecc850d3ad - - default default] 10.0.0.78 "DELETE /v2.0/floatingips/5a6e439f-7528-424f-a759-126630ecc298 HTTP/1.1" status: 204 len: 168 time: 0.4592748
2026-05-30 03:02:24.609 9 INFO neutron.api.v2.resource [None req-251b3ff8-5141-43b5-bd3c-008a2ebf10aa 8551b493eda34b1cb26d7970bb5e5fef e9054986cd784d1ab103afecc850d3ad - - default default] show failed (client error): The resource could not be found.
2026-05-30 03:02:24.610 9 INFO neutron.wsgi [None req-251b3ff8-5141-43b5-bd3c-008a2ebf10aa 8551b493eda34b1cb26d7970bb5e5fef e9054986cd784d1ab103afecc850d3ad - - default default] 10.0.0.78 "GET /v2.0/floatingips/5a6e439f-7528-424f-a759-126630ecc298 HTTP/1.1" status: 404 len: 345 time: 0.0215461
2026-05-30 03:02:25.414 9 INFO neutron.wsgi [None req-435748d4-198c-4684-a9c5-e3985b1fdc48 0aa8b3db02e844fea94f41a4e43dcbf5 68ad9cc310aa4c6db3ebe292785ea6b4 - - default default] 199.204.45.65 "GET /v2.0/extensions/security-group HTTP/1.1" status: 200 len: 369 time: 0.0065689
2026-05-30 03:02:25.422 9 INFO neutron.wsgi [None req-8f5c9215-2c0d-4cb3-9f2d-61aec79510ff 0aa8b3db02e844fea94f41a4e43dcbf5 68ad9cc310aa4c6db3ebe292785ea6b4 - - default default] 199.204.45.65 "GET /v2.0/extensions/dns-integration HTTP/1.1" status: 200 len: 371 time: 0.0043988
2026-05-30 03:02:25.430 9 INFO neutron.wsgi [None req-84e2e810-1d82-450a-b452-e716f009fd54 0aa8b3db02e844fea94f41a4e43dcbf5 68ad9cc310aa4c6db3ebe292785ea6b4 - - default default] 199.204.45.65 "GET /v2.0/extensions/qos HTTP/1.1" status: 200 len: 365 time: 0.0042610
2026-05-30 03:02:25.439 9 INFO neutron.wsgi [None req-f9c06ff5-d3d4-4afb-99ce-256b19068da4 0aa8b3db02e844fea94f41a4e43dcbf5 68ad9cc310aa4c6db3ebe292785ea6b4 - - default default] 199.204.45.65 "GET /v2.0/extensions/allowed-address-pairs HTTP/1.1" status: 200 len: 383 time: 0.0049517
2026-05-30 03:02:25.482 9 INFO neutron.wsgi [None req-0c3f0c8b-e0c8-45a1-8115-de3befd90069 0aa8b3db02e844fea94f41a4e43dcbf5 68ad9cc310aa4c6db3ebe292785ea6b4 - - default default] 199.204.45.65 "GET /v2.0/subnets/2f2ddc25-0d5c-4d06-acea-f0030e0bdbd3 HTTP/1.1" status: 200 len: 851 time: 0.0351863
2026-05-30 03:02:25.522 9 INFO neutron.wsgi [None req-9327f8f6-3e39-4fe6-ae9c-d2d7beac8e1c 0aa8b3db02e844fea94f41a4e43dcbf5 68ad9cc310aa4c6db3ebe292785ea6b4 - - default default] 199.204.45.65 "GET /v2.0/ports?device_id=1f101a8e-70e8-43b6-b0c0-79e625ab65a8 HTTP/1.1" status: 200 len: 2727 time: 0.0352576
2026-05-30 03:02:25.566 9 INFO neutron.wsgi [None req-883569c1-07b8-4354-9ba4-07ffca17f5a6 0aa8b3db02e844fea94f41a4e43dcbf5 68ad9cc310aa4c6db3ebe292785ea6b4 - - default default] 199.204.45.65 "GET /v2.0/ports?device_id=1f101a8e-70e8-43b6-b0c0-79e625ab65a8 HTTP/1.1" status: 200 len: 2727 time: 0.0344076
2026-05-30 03:02:25.685 9 INFO neutron.wsgi [None req-43e1950f-1961-46d8-89f9-7a86c5f5f2c3 0aa8b3db02e844fea94f41a4e43dcbf5 68ad9cc310aa4c6db3ebe292785ea6b4 - - default default] 199.204.45.65 "GET /v2.0/ports?device_id=1f101a8e-70e8-43b6-b0c0-79e625ab65a8 HTTP/1.1" status: 200 len: 2727 time: 0.0385499
2026-05-30 03:02:25.919 10 INFO neutron.plugins.ml2.drivers.ovn.mech_driver.mech_driver [None req-6c3f93a1-c130-497e-9a8d-ffb6e57dd8ac - - - - - -] OVN reports status down for port: 3623a82e-b571-4480-b15d-90be1dc04a3b /var/lib/openstack/lib/python3.10/site-packages/pycadf/identifier.py:71: UserWarning: Invalid uuid: neutron. To ensure interoperability, identifiers should be a valid uuid. warnings.warn(('Invalid uuid: %s. To ensure interoperability, '
2026-05-30 03:02:26.050 10 INFO neutron.wsgi [req-32f53334-361b-45ec-a702-2ac1b329c3f5 req-564c7f07-6eac-4857-91b3-11f30784870d e4846b997c244ad39ba985ef728c18b0 554117ef52094691863c2f76bcc47aea - - 086c14915e1744adb37f7df17ca4858a 086c14915e1744adb37f7df17ca4858a] 199.204.45.65 "GET /v2.0/ports/3623a82e-b571-4480-b15d-90be1dc04a3b HTTP/1.1" status: 200 len: 1518 time: 0.0578039
2026-05-30 03:02:26.061 9 INFO neutron.db.ovn_revision_numbers_db [None req-fe4a7443-9e4d-463c-acc0-8d10b5534aee - - - - - -] Successfully bumped revision number for resource da4a8223-b23c-41e4-8837-bfca7b756bf8 (type: ports) to 6
2026-05-30 03:02:26.118 10 INFO neutron.wsgi [req-32f53334-361b-45ec-a702-2ac1b329c3f5 req-8352df2e-6be6-4b63-812f-b35dd19e333d 0aa8b3db02e844fea94f41a4e43dcbf5 68ad9cc310aa4c6db3ebe292785ea6b4 - - default default] 199.204.45.65 "GET /v2.0/ports/3623a82e-b571-4480-b15d-90be1dc04a3b?fields=binding%3Aprofile&fields=network_id HTTP/1.1" status: 200 len: 281 time: 0.0627687
2026-05-30 03:02:26.137 10 INFO neutron.notifiers.nova [-] Nova event matching ['req-90477ada-425a-4e16-9b90-05c106de4313'] response: {'server_uuid': '1f101a8e-70e8-43b6-b0c0-79e625ab65a8', 'name': 'network-vif-unplugged', 'status': 'completed', 'tag': '3623a82e-b571-4480-b15d-90be1dc04a3b', 'code': 200}
2026-05-30 03:02:26.215 10 INFO neutron.wsgi [req-32f53334-361b-45ec-a702-2ac1b329c3f5 req-25642758-1e27-42d5-a54f-f94556691b27 0aa8b3db02e844fea94f41a4e43dcbf5 68ad9cc310aa4c6db3ebe292785ea6b4 - - default default] 199.204.45.65 "GET /v2.0/networks/01b7123f-118c-47e6-9df1-256c5ac24b9b?fields=dns_domain HTTP/1.1" status: 200 len: 227 time: 0.0914419
2026-05-30 03:02:26.276 9 WARNING neutron_lib.context [None req-92c2afbe-a2e7-4bbb-bce4-fdde7a26fdb3 63a02bd261ff4441be9b914ee249196f 453ae101fbf043ebab26ccb25a555ecc - - default default] Method 'is_advsvc' is deprecated since 2023.2 release (neutron-lib 3.8.0) and will be removed once support for the old RBAC API policies will be removed from Neutron. Please use method 'is_service_role' instead.
2026-05-30 03:02:26.354 10 INFO neutron.db.ovn_revision_numbers_db [None req-6c3f93a1-c130-497e-9a8d-ffb6e57dd8ac - - - - - -] Successfully bumped revision number for resource 3623a82e-b571-4480-b15d-90be1dc04a3b (type: ports) to 7
2026-05-30 03:02:26.373 10 INFO neutron.plugins.ml2.drivers.ovn.mech_driver.mech_driver [None req-6c3f93a1-c130-497e-9a8d-ffb6e57dd8ac - - - - - -] OVN reports status down for port: da4a8223-b23c-41e4-8837-bfca7b756bf8
2026-05-30 03:02:26.474 9 INFO neutron.db.ovn_revision_numbers_db [None req-92c2afbe-a2e7-4bbb-bce4-fdde7a26fdb3 63a02bd261ff4441be9b914ee249196f 453ae101fbf043ebab26ccb25a555ecc - - default default] Successfully bumped revision number for resource dfe885b1-a5e2-44bf-9083-e93a931e3c36 (type: routers) to 1
2026-05-30 03:02:26.491 9 INFO neutron.wsgi [None req-92c2afbe-a2e7-4bbb-bce4-fdde7a26fdb3 63a02bd261ff4441be9b914ee249196f 453ae101fbf043ebab26ccb25a555ecc - - default default] 10.0.0.78 "POST /v2.0/routers HTTP/1.1" status: 201 len: 654 time: 0.3858638
2026-05-30 03:02:26.563 9 INFO neutron.wsgi [None req-86ebeddc-0cf5-40a1-b0fc-a268a12159a2 63a02bd261ff4441be9b914ee249196f 453ae101fbf043ebab26ccb25a555ecc - - default default] 10.0.0.78 "PUT /v2.0/routers/dfe885b1-a5e2-44bf-9083-e93a931e3c36/tags HTTP/1.1" status: 200 len: 218 time: 0.0673380
2026-05-30 03:02:26.616 9 INFO neutron.wsgi [None req-140d7ffe-a1fe-41f3-bfd7-fbfc3c8ef391 63a02bd261ff4441be9b914ee249196f 453ae101fbf043ebab26ccb25a555ecc - - default default] 10.0.0.78 "GET /v2.0/routers/dfe885b1-a5e2-44bf-9083-e93a931e3c36/tags HTTP/1.1" status: 200 len: 218 time: 0.0479715 /var/lib/openstack/lib/python3.10/site-packages/pycadf/identifier.py:71: UserWarning: Invalid uuid: neutron. To ensure interoperability, identifiers should be a valid uuid. warnings.warn(('Invalid uuid: %s. To ensure interoperability, '
2026-05-30 03:02:26.723 10 INFO neutron.wsgi [None req-3540d974-5f37-48cb-9296-2d5924f094b0 63a02bd261ff4441be9b914ee249196f 453ae101fbf043ebab26ccb25a555ecc - - default default] 10.0.0.78 "PUT /v2.0/routers/dfe885b1-a5e2-44bf-9083-e93a931e3c36/tags/green HTTP/1.1" status: 201 len: 201 time: 0.1024866 /var/lib/openstack/lib/python3.10/site-packages/pycadf/identifier.py:71: UserWarning: Invalid uuid: neutron. To ensure interoperability, identifiers should be a valid uuid. warnings.warn(('Invalid uuid: %s. To ensure interoperability, '
2026-05-30 03:02:26.799 10 INFO neutron.wsgi [None req-93bfe5c6-0f19-450f-9e53-c7609ae9559f 63a02bd261ff4441be9b914ee249196f 453ae101fbf043ebab26ccb25a555ecc - - default default] 10.0.0.78 "GET /v2.0/routers/dfe885b1-a5e2-44bf-9083-e93a931e3c36/tags HTTP/1.1" status: 200 len: 227 time: 0.0707483
2026-05-30 03:02:26.870 10 INFO neutron.wsgi [None req-7a9ffe5a-5571-47fc-8610-b325af1762b3 63a02bd261ff4441be9b914ee249196f 453ae101fbf043ebab26ccb25a555ecc - - default default] 10.0.0.78 "PUT /v2.0/routers/dfe885b1-a5e2-44bf-9083-e93a931e3c36/tags/red HTTP/1.1" status: 201 len: 201 time: 0.0676231
2026-05-30 03:02:26.967 9 INFO neutron.wsgi [None req-7a380991-c18d-4d83-91c5-d63a68510607 0aa8b3db02e844fea94f41a4e43dcbf5 68ad9cc310aa4c6db3ebe292785ea6b4 - - default default] 199.204.45.65 "GET /v2.0/ports?device_id=1f101a8e-70e8-43b6-b0c0-79e625ab65a8 HTTP/1.1" status: 200 len: 1417 time: 0.2720356
2026-05-30 03:02:27.243 10 INFO neutron.wsgi [None req-94247792-8d49-4704-8c84-5591af22a5ff 63a02bd261ff4441be9b914ee249196f 453ae101fbf043ebab26ccb25a555ecc - - default default] 10.0.0.78 "GET /v2.0/routers/dfe885b1-a5e2-44bf-9083-e93a931e3c36/tags HTTP/1.1" status: 200 len: 227 time: 0.3646631
2026-05-30 03:02:27.247 10 INFO neutron.db.ovn_revision_numbers_db [req-32f53334-361b-45ec-a702-2ac1b329c3f5 req-a3a81423-26f3-4ef9-af8d-c9ea6607d78e e4846b997c244ad39ba985ef728c18b0 554117ef52094691863c2f76bcc47aea - - 086c14915e1744adb37f7df17ca4858a 086c14915e1744adb37f7df17ca4858a] Successfully bumped revision number for resource 3623a82e-b571-4480-b15d-90be1dc04a3b (type: ports) to 8
2026-05-30 03:02:27.282 10 INFO neutron.wsgi [req-32f53334-361b-45ec-a702-2ac1b329c3f5 req-a3a81423-26f3-4ef9-af8d-c9ea6607d78e e4846b997c244ad39ba985ef728c18b0 554117ef52094691863c2f76bcc47aea - - 086c14915e1744adb37f7df17ca4858a 086c14915e1744adb37f7df17ca4858a] 199.204.45.65 "PUT /v2.0/ports/3623a82e-b571-4480-b15d-90be1dc04a3b HTTP/1.1" status: 200 len: 1350 time: 1.0583973
2026-05-30 03:02:27.316 10 INFO neutron.wsgi [None req-9147194b-c6b6-4ef5-aa01-2d227c1233ad 63a02bd261ff4441be9b914ee249196f 453ae101fbf043ebab26ccb25a555ecc - - default default] 10.0.0.78 "PUT /v2.0/routers/dfe885b1-a5e2-44bf-9083-e93a931e3c36/tags/black.or.white HTTP/1.1" status: 201 len: 201 time: 0.0671010
2026-05-30 03:02:27.379 10 INFO neutron.wsgi [None req-0647335d-0717-40e8-af93-b340a169f53f 63a02bd261ff4441be9b914ee249196f 453ae101fbf043ebab26ccb25a555ecc - - default default] 10.0.0.78 "GET /v2.0/routers/dfe885b1-a5e2-44bf-9083-e93a931e3c36/tags HTTP/1.1" status: 200 len: 245 time: 0.0552521
2026-05-30 03:02:27.380 9 INFO neutron.db.ovn_revision_numbers_db [None req-3b79dcef-4b44-482c-a466-7bc99cfa7e71 0aa8b3db02e844fea94f41a4e43dcbf5 68ad9cc310aa4c6db3ebe292785ea6b4 - - default default] Successfully bumped revision number for resource 3623a82e-b571-4480-b15d-90be1dc04a3b (type: ports) to 9 /var/lib/openstack/lib/python3.10/site-packages/pycadf/identifier.py:71: UserWarning: Invalid uuid: neutron. To ensure interoperability, identifiers should be a valid uuid. warnings.warn(('Invalid uuid: %s. To ensure interoperability, '
2026-05-30 03:02:27.406 9 INFO neutron.wsgi [None req-3b79dcef-4b44-482c-a466-7bc99cfa7e71 0aa8b3db02e844fea94f41a4e43dcbf5 68ad9cc310aa4c6db3ebe292785ea6b4 - - default default] 199.204.45.65 "PUT /v2.0/ports/3623a82e-b571-4480-b15d-90be1dc04a3b HTTP/1.1" status: 200 len: 1290 time: 0.4342239
2026-05-30 03:02:27.416 10 INFO neutron.wsgi [req-32f53334-361b-45ec-a702-2ac1b329c3f5 req-21092ce3-3c8a-44a7-b331-54eb604c5cdd e4846b997c244ad39ba985ef728c18b0 554117ef52094691863c2f76bcc47aea - - 086c14915e1744adb37f7df17ca4858a 086c14915e1744adb37f7df17ca4858a] 199.204.45.65 "GET /v2.0/ports?tenant_id=68ad9cc310aa4c6db3ebe292785ea6b4&device_id=1f101a8e-70e8-43b6-b0c0-79e625ab65a8 HTTP/1.1" status: 200 len: 1417 time: 0.0871439
2026-05-30 03:02:27.479 9 INFO neutron.wsgi [None req-f1f9567a-a02a-4ead-a1eb-ffee8469ff6b 0aa8b3db02e844fea94f41a4e43dcbf5 68ad9cc310aa4c6db3ebe292785ea6b4 - - default default] 199.204.45.65 "GET /v2.0/ports/3623a82e-b571-4480-b15d-90be1dc04a3b HTTP/1.1" status: 200 len: 1290 time: 0.0514011
2026-05-30 03:02:27.482 9 INFO neutron.wsgi [None req-01edba0d-eab3-4c6c-a123-d6faed4e9765 63a02bd261ff4441be9b914ee249196f 453ae101fbf043ebab26ccb25a555ecc - - default default] 10.0.0.78 "PUT /v2.0/routers/dfe885b1-a5e2-44bf-9083-e93a931e3c36/tags HTTP/1.1" status: 200 len: 230 time: 0.0983789
2026-05-30 03:02:27.501 10 INFO neutron.wsgi [req-32f53334-361b-45ec-a702-2ac1b329c3f5 req-a4ab106f-22d9-45ca-97ce-5a37d5d2231b e4846b997c244ad39ba985ef728c18b0 554117ef52094691863c2f76bcc47aea - - 086c14915e1744adb37f7df17ca4858a 086c14915e1744adb37f7df17ca4858a] 199.204.45.65 "GET /v2.0/networks?id=f7abc413-255c-4e76-9caf-e22da5af7c67&id=01b7123f-118c-47e6-9df1-256c5ac24b9b HTTP/1.1" status: 200 len: 1729 time: 0.0773528
2026-05-30 03:02:27.551 10 INFO neutron.wsgi [req-32f53334-361b-45ec-a702-2ac1b329c3f5 req-d8291687-0023-482f-8d46-4995461b0864 e4846b997c244ad39ba985ef728c18b0 554117ef52094691863c2f76bcc47aea - - 086c14915e1744adb37f7df17ca4858a 086c14915e1744adb37f7df17ca4858a] 199.204.45.65 "GET /v2.0/floatingips?fixed_ip_address=172.24.3.192&port_id=a82c28b5-a306-4823-af0c-a4fe576f194a HTTP/1.1" status: 200 len: 217 time: 0.0428259
2026-05-30 03:02:27.577 9 INFO neutron.db.ovn_revision_numbers_db [None req-fe4a7443-9e4d-463c-acc0-8d10b5534aee - - - - - -] Successfully bumped revision number for resource da4a8223-b23c-41e4-8837-bfca7b756bf8 (type: ports) to 8
2026-05-30 03:02:27.580 10 INFO neutron.wsgi [None req-b5616242-8a00-4d5c-81fe-f9011eeba7c7 63a02bd261ff4441be9b914ee249196f 453ae101fbf043ebab26ccb25a555ecc - - default default] 10.0.0.78 "GET /v2.0/routers/dfe885b1-a5e2-44bf-9083-e93a931e3c36/tags HTTP/1.1" status: 200 len: 230 time: 0.0907576
2026-05-30 03:02:27.603 10 INFO neutron.wsgi [req-32f53334-361b-45ec-a702-2ac1b329c3f5 req-8774b7fc-3b43-47e3-b2da-c85dc095f52d e4846b997c244ad39ba985ef728c18b0 554117ef52094691863c2f76bcc47aea - - 086c14915e1744adb37f7df17ca4858a 086c14915e1744adb37f7df17ca4858a] 199.204.45.65 "GET /v2.0/subnets?id=e31f5b96-53fa-4fc6-a3ff-73b5567c9cea HTTP/1.1" status: 200 len: 829 time: 0.0327904
2026-05-30 03:02:27.627 10 INFO neutron.wsgi [req-32f53334-361b-45ec-a702-2ac1b329c3f5 req-ddbedeea-3897-4e6e-aa0b-7aedcdfa1404 e4846b997c244ad39ba985ef728c18b0 554117ef52094691863c2f76bcc47aea - - 086c14915e1744adb37f7df17ca4858a 086c14915e1744adb37f7df17ca4858a] 199.204.45.65 "GET /v2.0/ports?network_id=f7abc413-255c-4e76-9caf-e22da5af7c67&device_owner=network%3Adhcp HTTP/1.1" status: 200 len: 210 time: 0.0178936
2026-05-30 03:02:27.658 9 INFO neutron.wsgi [None req-7157c1fe-603f-4690-85ba-f850661b9bf5 63a02bd261ff4441be9b914ee249196f 453ae101fbf043ebab26ccb25a555ecc - - default default] 10.0.0.78 "GET /v2.0/routers/dfe885b1-a5e2-44bf-9083-e93a931e3c36/tags/red HTTP/1.1" status: 204 len: 168 time: 0.0728014
2026-05-30 03:02:27.695 10 INFO neutron.wsgi [req-32f53334-361b-45ec-a702-2ac1b329c3f5 req-4fbe0f66-c6c2-416b-bda6-fba6132b4b13 e4846b997c244ad39ba985ef728c18b0 554117ef52094691863c2f76bcc47aea - - 086c14915e1744adb37f7df17ca4858a 086c14915e1744adb37f7df17ca4858a] 199.204.45.65 "GET /v2.0/networks/f7abc413-255c-4e76-9caf-e22da5af7c67?fields=segments HTTP/1.1" status: 200 len: 212 time: 0.0600984
2026-05-30 03:02:27.737 9 INFO neutron.api.v2.resource [None req-20159238-d484-4016-bbfa-24064825ad0a 63a02bd261ff4441be9b914ee249196f 453ae101fbf043ebab26ccb25a555ecc - - default default] show failed (client error): The resource could not be found.
2026-05-30 03:02:27.739 9 INFO neutron.wsgi [None req-20159238-d484-4016-bbfa-24064825ad0a 63a02bd261ff4441be9b914ee249196f 453ae101fbf043ebab26ccb25a555ecc - - default default] 10.0.0.78 "GET /v2.0/routers/dfe885b1-a5e2-44bf-9083-e93a931e3c36/tags/green HTTP/1.1" status: 404 len: 299 time: 0.0745618
2026-05-30 03:02:27.802 10 INFO neutron.wsgi [req-32f53334-361b-45ec-a702-2ac1b329c3f5 req-a36cd6f3-cf77-4036-99e2-f7fa444d3cc3 e4846b997c244ad39ba985ef728c18b0 554117ef52094691863c2f76bcc47aea - - 086c14915e1744adb37f7df17ca4858a 086c14915e1744adb37f7df17ca4858a] 199.204.45.65 "GET /v2.0/networks/f7abc413-255c-4e76-9caf-e22da5af7c67?fields=provider%3Aphysical_network&fields=provider%3Anetwork_type HTTP/1.1" status: 200 len: 277 time: 0.1018450
2026-05-30 03:02:27.815 10 INFO neutron.wsgi [None req-c83e5977-01c8-423b-8562-5037007963c6 63a02bd261ff4441be9b914ee249196f 453ae101fbf043ebab26ccb25a555ecc - - default default] 10.0.0.78 "DELETE /v2.0/routers/dfe885b1-a5e2-44bf-9083-e93a931e3c36/tags/red HTTP/1.1" status: 204 len: 168 time: 0.0684650
2026-05-30 03:02:27.866 10 INFO neutron.wsgi [None req-19cc702d-0529-44ce-b020-5bd3975d6753 63a02bd261ff4441be9b914ee249196f 453ae101fbf043ebab26ccb25a555ecc - - default default] 10.0.0.78 "GET /v2.0/routers/dfe885b1-a5e2-44bf-9083-e93a931e3c36/tags HTTP/1.1" status: 200 len: 223 time: 0.0459123
2026-05-30 03:02:27.896 9 INFO neutron.wsgi [None req-c716d1a4-9901-4413-ab35-bd5c87de546c 0aa8b3db02e844fea94f41a4e43dcbf5 68ad9cc310aa4c6db3ebe292785ea6b4 - - default default] 199.204.45.65 "DELETE /v2.0/ports/3623a82e-b571-4480-b15d-90be1dc04a3b HTTP/1.1" status: 204 len: 173 time: 0.3985543
2026-05-30 03:02:27.930 10 INFO neutron.api.v2.resource [None req-31f736bd-dfd2-4d39-bcd1-1fbf3d91ddbe 63a02bd261ff4441be9b914ee249196f 453ae101fbf043ebab26ccb25a555ecc - - default default] delete failed (client error): The resource could not be found.
2026-05-30 03:02:27.933 10 INFO neutron.wsgi [None req-31f736bd-dfd2-4d39-bcd1-1fbf3d91ddbe 63a02bd261ff4441be9b914ee249196f 453ae101fbf043ebab26ccb25a555ecc - - default default] 10.0.0.78 "DELETE /v2.0/routers/dfe885b1-a5e2-44bf-9083-e93a931e3c36/tags/green HTTP/1.1" status: 404 len: 299 time: 0.0626605
2026-05-30 03:02:27.982 9 INFO neutron.wsgi [None req-213b9db1-eba0-4d8b-a73b-862c43750318 0aa8b3db02e844fea94f41a4e43dcbf5 68ad9cc310aa4c6db3ebe292785ea6b4 - - default default] 199.204.45.65 "GET /v2.0/extensions/security-group HTTP/1.1" status: 200 len: 369 time: 0.0060122
2026-05-30 03:02:27.990 9 INFO neutron.wsgi [None req-a08f8d5e-3280-4b72-b2b2-aaca8a0b531a 0aa8b3db02e844fea94f41a4e43dcbf5 68ad9cc310aa4c6db3ebe292785ea6b4 - - default default] 199.204.45.65 "GET /v2.0/extensions/dns-integration HTTP/1.1" status: 200 len: 371 time: 0.0041118
2026-05-30 03:02:27.998 9 INFO neutron.wsgi [None req-e80fcfdc-de16-4ee3-8757-6db202ae411b 0aa8b3db02e844fea94f41a4e43dcbf5 68ad9cc310aa4c6db3ebe292785ea6b4 - - default default] 199.204.45.65 "GET /v2.0/extensions/qos HTTP/1.1" status: 200 len: 365 time: 0.0042458
2026-05-30 03:02:28.007 10 INFO neutron.wsgi [None req-6607b779-2bfd-4e4c-bdaf-3051a2e350e0 63a02bd261ff4441be9b914ee249196f 453ae101fbf043ebab26ccb25a555ecc - - default default] 10.0.0.78 "DELETE /v2.0/routers/dfe885b1-a5e2-44bf-9083-e93a931e3c36/tags HTTP/1.1" status: 204 len: 168 time: 0.0689795
2026-05-30 03:02:28.011 9 INFO neutron.wsgi [None req-e234e17e-574c-4f46-b774-f199147deefd 0aa8b3db02e844fea94f41a4e43dcbf5 68ad9cc310aa4c6db3ebe292785ea6b4 - - default default] 199.204.45.65 "GET /v2.0/extensions/allowed-address-pairs HTTP/1.1" status: 200 len: 383 time: 0.0080507
2026-05-30 03:02:28.037 9 INFO neutron.pecan_wsgi.hooks.translation [None req-7b965c88-64e0-4830-af81-9ba9136a6a2b 0aa8b3db02e844fea94f41a4e43dcbf5 68ad9cc310aa4c6db3ebe292785ea6b4 - - default default] DELETE failed (client error): The resource could not be found.
2026-05-30 03:02:28.039 9 INFO neutron.wsgi [None req-7b965c88-64e0-4830-af81-9ba9136a6a2b 0aa8b3db02e844fea94f41a4e43dcbf5 68ad9cc310aa4c6db3ebe292785ea6b4 - - default default] 199.204.45.65 "DELETE /v2.0/ports/3623a82e-b571-4480-b15d-90be1dc04a3b HTTP/1.1" status: 404 len: 338 time: 0.0230801
2026-05-30 03:02:28.068 10 INFO neutron.wsgi [None req-86e0f5eb-08f6-4a96-a2dd-9124dfad4aed 63a02bd261ff4441be9b914ee249196f 453ae101fbf043ebab26ccb25a555ecc - - default default] 10.0.0.78 "GET /v2.0/routers/dfe885b1-a5e2-44bf-9083-e93a931e3c36/tags HTTP/1.1" status: 200 len: 205 time: 0.0570300
2026-05-30 03:02:28.079 9 INFO neutron.wsgi [None req-e047255d-fbf0-4f25-b0ce-b67220dcd9c0 0aa8b3db02e844fea94f41a4e43dcbf5 68ad9cc310aa4c6db3ebe292785ea6b4 - - default default] 199.204.45.65 "GET /v2.0/ports/da4a8223-b23c-41e4-8837-bfca7b756bf8 HTTP/1.1" status: 200 len: 1328 time: 0.0346308
2026-05-30 03:02:28.098 9 INFO neutron.api.v2.resource [None req-4d5d9a84-809d-4bc5-8a8b-b86dd7117f0f 0aa8b3db02e844fea94f41a4e43dcbf5 68ad9cc310aa4c6db3ebe292785ea6b4 - - default default] show failed (client error): The resource could not be found.
2026-05-30 03:02:28.100 9 INFO neutron.wsgi [None req-4d5d9a84-809d-4bc5-8a8b-b86dd7117f0f 0aa8b3db02e844fea94f41a4e43dcbf5 68ad9cc310aa4c6db3ebe292785ea6b4 - - default default] 199.204.45.65 "GET /v2.0/security-groups/lb-a3b29e3d-85ef-4c4f-b524-2994d58c2ff2 HTTP/1.1" status: 404 len: 355 time: 0.0127828
2026-05-30 03:02:28.122 10 INFO neutron.wsgi [None req-bd39de5c-ce3e-4dcc-b41b-6d5cbb898d2d 63a02bd261ff4441be9b914ee249196f 453ae101fbf043ebab26ccb25a555ecc - - default default] 10.0.0.78 "GET /v2.0/routers/dfe885b1-a5e2-44bf-9083-e93a931e3c36 HTTP/1.1" status: 200 len: 655 time: 0.0485849
2026-05-30 03:02:28.142 9 INFO neutron.wsgi [None req-5130105f-79c6-47a1-8440-eda3e6c34660 0aa8b3db02e844fea94f41a4e43dcbf5 68ad9cc310aa4c6db3ebe292785ea6b4 - - default default] 199.204.45.65 "GET /v2.0/security-groups?name=lb-a3b29e3d-85ef-4c4f-b524-2994d58c2ff2 HTTP/1.1" status: 200 len: 1775 time: 0.0373998
2026-05-30 03:02:28.182 9 INFO neutron.wsgi [None req-6f321810-4ff3-4a77-979f-702aaf7805cb 0aa8b3db02e844fea94f41a4e43dcbf5 68ad9cc310aa4c6db3ebe292785ea6b4 - - default default] 199.204.45.65 "GET /v2.0/ports/da4a8223-b23c-41e4-8837-bfca7b756bf8 HTTP/1.1" status: 200 len: 1328 time: 0.0329363
2026-05-30 03:02:28.186 10 INFO neutron.notifiers.nova [-] Nova event matching ['req-deef2e46-0803-4514-8a4c-47764e7e2d3c'] response: {'server_uuid': '1f101a8e-70e8-43b6-b0c0-79e625ab65a8', 'name': 'network-vif-plugged', 'status': 'completed', 'tag': '3623a82e-b571-4480-b15d-90be1dc04a3b', 'code': 200}
2026-05-30 03:02:28.527 9 INFO neutron.db.ovn_revision_numbers_db [None req-daafa403-20b9-4629-b8c9-ba782c8cf207 0aa8b3db02e844fea94f41a4e43dcbf5 68ad9cc310aa4c6db3ebe292785ea6b4 - - default default] Successfully bumped revision number for resource da4a8223-b23c-41e4-8837-bfca7b756bf8 (type: ports) to 9
2026-05-30 03:02:28.543 10 INFO neutron.db.ovn_revision_numbers_db [None req-61720378-09fb-40aa-9a13-d3f51f4e1cd9 63a02bd261ff4441be9b914ee249196f 453ae101fbf043ebab26ccb25a555ecc - - default default] Successfully bumped revision number for resource dfe885b1-a5e2-44bf-9083-e93a931e3c36 (type: routers) to 7
2026-05-30 03:02:28.546 10 INFO neutron.wsgi [None req-61720378-09fb-40aa-9a13-d3f51f4e1cd9 63a02bd261ff4441be9b914ee249196f 453ae101fbf043ebab26ccb25a555ecc - - default default] 10.0.0.78 "PUT /v2.0/routers/dfe885b1-a5e2-44bf-9083-e93a931e3c36 HTTP/1.1" status: 200 len: 655 time: 0.4201155
2026-05-30 03:02:28.547 9 INFO neutron.wsgi [None req-daafa403-20b9-4629-b8c9-ba782c8cf207 0aa8b3db02e844fea94f41a4e43dcbf5 68ad9cc310aa4c6db3ebe292785ea6b4 - - default default] 199.204.45.65 "PUT /v2.0/ports/da4a8223-b23c-41e4-8837-bfca7b756bf8 HTTP/1.1" status: 200 len: 1290 time: 0.3570902
2026-05-30 03:02:28.575 10 INFO neutron.wsgi [None req-0a9a6976-ea43-4284-b224-23faa5412824 63a02bd261ff4441be9b914ee249196f 453ae101fbf043ebab26ccb25a555ecc - - default default] 10.0.0.78 "GET /v2.0/ports?device_id=dfe885b1-a5e2-44bf-9083-e93a931e3c36 HTTP/1.1" status: 200 len: 205 time: 0.0226305
2026-05-30 03:02:28.674 9 INFO neutron.wsgi [None req-cec571da-d783-43bc-a886-ec16eff4f92a 0aa8b3db02e844fea94f41a4e43dcbf5 68ad9cc310aa4c6db3ebe292785ea6b4 - - default default] 199.204.45.65 "DELETE /v2.0/security-groups/c1f8b905-6bb7-4826-9408-a94dbe1064ac HTTP/1.1" status: 204 len: 173 time: 0.1206548
2026-05-30 03:02:29.008 9 INFO neutron.wsgi [None req-a226659f-9544-4d30-bc91-aa08de029828 0aa8b3db02e844fea94f41a4e43dcbf5 68ad9cc310aa4c6db3ebe292785ea6b4 - - default default] 199.204.45.65 "DELETE /v2.0/ports/da4a8223-b23c-41e4-8837-bfca7b756bf8 HTTP/1.1" status: 204 len: 173 time: 0.3248849
2026-05-30 03:02:29.087 10 INFO neutron.wsgi [None req-e4c91ee8-34f4-47d9-96c7-ee6aa4f7a585 63a02bd261ff4441be9b914ee249196f 453ae101fbf043ebab26ccb25a555ecc - - default default] 10.0.0.78 "DELETE /v2.0/routers/dfe885b1-a5e2-44bf-9083-e93a931e3c36 HTTP/1.1" status: 204 len: 168 time: 0.5070620
2026-05-30 03:02:29.382 9 INFO neutron.plugins.ml2.drivers.ovn.mech_driver.mech_driver [None req-aac1a681-d7ab-412f-a4f5-58a54f6b1fdb - - - - - -] OVN reports status down for port: a82c28b5-a306-4823-af0c-a4fe576f194a
2026-05-30 03:02:29.652 9 INFO neutron.notifiers.nova [-] Nova event matching ['req-f52738e5-51e2-4d4c-930a-b9cfc32b524d'] response: {'server_uuid': '1f101a8e-70e8-43b6-b0c0-79e625ab65a8', 'name': 'network-vif-unplugged', 'status': 'completed', 'tag': 'a82c28b5-a306-4823-af0c-a4fe576f194a', 'code': 200}
2026-05-30 03:02:29.666 10 INFO neutron.wsgi [req-78dc6cf8-da56-4c10-a7f2-49f8c8fc40bb req-cf6aca9f-9ece-463f-a869-a66188da65b2 0aa8b3db02e844fea94f41a4e43dcbf5 68ad9cc310aa4c6db3ebe292785ea6b4 - - default default] 199.204.45.65 "GET /v2.0/ports?device_id=1f101a8e-70e8-43b6-b0c0-79e625ab65a8 HTTP/1.1" status: 200 len: 1415 time: 0.0502474
2026-05-30 03:02:29.673 9 INFO neutron.db.ovn_revision_numbers_db [None req-aac1a681-d7ab-412f-a4f5-58a54f6b1fdb - - - - - -] Successfully bumped revision number for resource a82c28b5-a306-4823-af0c-a4fe576f194a (type: ports) to 5 /var/lib/openstack/lib/python3.10/site-packages/pycadf/identifier.py:71: UserWarning: Invalid uuid: neutron. To ensure interoperability, identifiers should be a valid uuid. warnings.warn(('Invalid uuid: %s. To ensure interoperability, '
2026-05-30 03:02:29.989 10 INFO neutron.wsgi [req-78dc6cf8-da56-4c10-a7f2-49f8c8fc40bb req-cadb9789-6c25-4860-9f88-fd50868c725d 0aa8b3db02e844fea94f41a4e43dcbf5 68ad9cc310aa4c6db3ebe292785ea6b4 - - default default] 199.204.45.65 "DELETE /v2.0/ports/a82c28b5-a306-4823-af0c-a4fe576f194a HTTP/1.1" status: 204 len: 173 time: 0.3179884
2026-05-30 03:02:30.296 10 INFO neutron.notifiers.nova [-] Nova event matching ['req-0302b8e8-e083-4a9c-9246-f0af76662317'] response: {'server_uuid': '1f101a8e-70e8-43b6-b0c0-79e625ab65a8', 'name': 'network-vif-deleted', 'tag': 'a82c28b5-a306-4823-af0c-a4fe576f194a', 'status': 'completed', 'code': 200}
2026-05-30 03:02:30.325 9 INFO neutron.db.ovn_revision_numbers_db [None req-63ec8ad3-5bb6-46ec-8949-851490e130c8 0aa8b3db02e844fea94f41a4e43dcbf5 68ad9cc310aa4c6db3ebe292785ea6b4 - - default default] Successfully bumped revision number for resource 5f6876b2-eb19-47a9-a234-42530bccd99d (type: security_groups) to 1
2026-05-30 03:02:30.354 9 INFO neutron.db.ovn_revision_numbers_db [None req-63ec8ad3-5bb6-46ec-8949-851490e130c8 0aa8b3db02e844fea94f41a4e43dcbf5 68ad9cc310aa4c6db3ebe292785ea6b4 - - default default] Successfully bumped revision number for resource 1fec3e47-56f5-41e7-8452-86deb2a52d13 (type: security_group_rules) to 0
2026-05-30 03:02:30.372 9 INFO neutron.db.l3_db [None req-da63e052-3e85-405f-94fc-e88a4898bac4 8551b493eda34b1cb26d7970bb5e5fef e9054986cd784d1ab103afecc850d3ad - - default default] Floating IP 49b8721c-b44b-46d0-bd3f-f6b5f168855d disassociated (deleted). External IP: 10.96.250.208, port: b3a84d54-8c6d-4b24-bdbb-1eb6e51d68f6.
2026-05-30 03:02:30.379 9 INFO neutron.db.ovn_revision_numbers_db [None req-63ec8ad3-5bb6-46ec-8949-851490e130c8 0aa8b3db02e844fea94f41a4e43dcbf5 68ad9cc310aa4c6db3ebe292785ea6b4 - - default default] Successfully bumped revision number for resource 5320957a-f73f-4596-bb95-9f88f9e3994b (type: security_group_rules) to 0
2026-05-30 03:02:30.415 9 INFO neutron.db.ovn_revision_numbers_db [None req-63ec8ad3-5bb6-46ec-8949-851490e130c8 0aa8b3db02e844fea94f41a4e43dcbf5 68ad9cc310aa4c6db3ebe292785ea6b4 - - default default] Successfully bumped revision number for resource 93c657ef-5528-4b3a-9307-41896d2d75e7 (type: security_group_rules) to 0
2026-05-30 03:02:30.428 9 INFO neutron.wsgi [None req-da63e052-3e85-405f-94fc-e88a4898bac4 8551b493eda34b1cb26d7970bb5e5fef e9054986cd784d1ab103afecc850d3ad - - default default] 10.0.0.78 "DELETE /v2.0/floatingips/49b8721c-b44b-46d0-bd3f-f6b5f168855d HTTP/1.1" status: 204 len: 168 time: 0.6174545
2026-05-30 03:02:30.435 9 INFO neutron.db.ovn_revision_numbers_db [None req-63ec8ad3-5bb6-46ec-8949-851490e130c8 0aa8b3db02e844fea94f41a4e43dcbf5 68ad9cc310aa4c6db3ebe292785ea6b4 - - default default] Successfully bumped revision number for resource c076928b-c68d-4527-9deb-f28a4ebc0072 (type: security_group_rules) to 0 /var/lib/openstack/lib/python3.10/site-packages/pycadf/identifier.py:71: UserWarning: Invalid uuid: neutron. To ensure interoperability, identifiers should be a valid uuid. warnings.warn(('Invalid uuid: %s. To ensure interoperability, '
