2026-05-30 02:58:11.704 9 INFO neutron.db.ovn_revision_numbers_db [None req-35c0f63b-5cf5-414a-9d28-be2573d3bf60 0aa8b3db02e844fea94f41a4e43dcbf5 68ad9cc310aa4c6db3ebe292785ea6b4 - - default default] Successfully bumped revision number for resource 3d745270-8e22-4514-87a9-9e0d5662d85a (type: routers) to 2
2026-05-30 02:58:11.711 10 WARNING neutron.scheduler.dhcp_agent_scheduler [None req-f8618d3d-4e00-41df-93d4-79cec6ecde10 a725d6324237453e807d27015fc32512 269db063986247d5bc3864b7c9500512 - - default default] No more DHCP agents
2026-05-30 02:58:11.712 10 WARNING neutron.api.rpc.agentnotifiers.dhcp_rpc_agent_api [None req-f8618d3d-4e00-41df-93d4-79cec6ecde10 a725d6324237453e807d27015fc32512 269db063986247d5bc3864b7c9500512 - - default default] Unable to schedule network bebe400a-0a07-4488-8887-35b9f9ff6e1a: no agents available; will retry on subsequent port and subnet creation events.
2026-05-30 02:58:11.731 9 INFO neutron.wsgi [None req-35c0f63b-5cf5-414a-9d28-be2573d3bf60 0aa8b3db02e844fea94f41a4e43dcbf5 68ad9cc310aa4c6db3ebe292785ea6b4 - - default default] 10.0.0.78 "POST /v2.0/routers HTTP/1.1" status: 201 len: 870 time: 2.2693269
2026-05-30 02:58:11.835 9 WARNING neutron.scheduler.dhcp_agent_scheduler [None req-0ad87249-20b0-4d74-b0c9-e5c696f8a7d7 5edb02b4cb0444ef949b94b1de33b691 a00236af58484b30a93367345b3ac4d2 - - default default] No more DHCP agents
2026-05-30 02:58:11.840 9 WARNING neutron.api.rpc.agentnotifiers.dhcp_rpc_agent_api [None req-0ad87249-20b0-4d74-b0c9-e5c696f8a7d7 5edb02b4cb0444ef949b94b1de33b691 a00236af58484b30a93367345b3ac4d2 - - default default] Unable to schedule network efd8b810-2521-4874-a196-1fb5bc57229d: no agents available; will retry on subsequent port and subnet creation events.
2026-05-30 02:58:12.060 10 INFO neutron.db.ovn_revision_numbers_db [None req-f8618d3d-4e00-41df-93d4-79cec6ecde10 a725d6324237453e807d27015fc32512 269db063986247d5bc3864b7c9500512 - - default default] Successfully bumped revision number for resource 2f611c4e-ea61-417a-87cb-b6755f1ff58e (type: ports) to 1
2026-05-30 02:58:12.108 10 INFO neutron.wsgi [None req-f8618d3d-4e00-41df-93d4-79cec6ecde10 a725d6324237453e807d27015fc32512 269db063986247d5bc3864b7c9500512 - - default default] 10.0.0.78 "POST /v2.0/networks HTTP/1.1" status: 201 len: 852 time: 0.9137356
2026-05-30 02:58:12.123 10 WARNING neutron_lib.context [None req-b4a26429-eac3-4ac5-8bca-e22fef8b023c a725d6324237453e807d27015fc32512 269db063986247d5bc3864b7c9500512 - - default default] Method 'is_advsvc' is deprecated since 2023.2 release (neutron-lib 3.8.0) and will be removed once support for the old RBAC API policies will be removed from Neutron. Please use method 'is_service_role' instead.
2026-05-30 02:58:12.226 10 INFO neutron.db.segments_db [None req-b4a26429-eac3-4ac5-8bca-e22fef8b023c a725d6324237453e807d27015fc32512 269db063986247d5bc3864b7c9500512 - - default default] Added segment 33e066dd-bd1c-40c2-a0f5-85ecffb9ac9d of type geneve for network 55667298-f5d2-480c-bb7f-2ab09cc0fb15
2026-05-30 02:58:12.306 9 INFO neutron.db.ovn_revision_numbers_db [None req-fe4a7443-9e4d-463c-acc0-8d10b5534aee - - - - - -] Successfully bumped revision number for resource be75c9ce-785f-4571-869c-99ca3b93d5a0 (type: ports) to 1
2026-05-30 02:58:12.431 10 INFO neutron.db.ovn_revision_numbers_db [None req-b4a26429-eac3-4ac5-8bca-e22fef8b023c a725d6324237453e807d27015fc32512 269db063986247d5bc3864b7c9500512 - - default default] Successfully bumped revision number for resource 55667298-f5d2-480c-bb7f-2ab09cc0fb15 (type: networks) to 1
2026-05-30 02:58:12.433 9 INFO neutron.wsgi [req-920f7333-3f66-442b-899f-b09edb6287e0 req-38ebc3a2-5af9-40bc-a851-837bbe5231b9 a01322a9a4324917bbd8563d4cf0550e fb24dfb9fcae405ba59274f9b1e60101 - - default default] 199.204.45.65 "GET /v2.0/networks?id=3c61650e-af13-48f4-b48e-8b9a1d825a8b HTTP/1.1" status: 200 len: 874 time: 0.1083381
2026-05-30 02:58:12.538 9 INFO neutron.wsgi [req-920f7333-3f66-442b-899f-b09edb6287e0 req-56d527dd-e7fd-47f9-9232-01cba3e77a46 a01322a9a4324917bbd8563d4cf0550e fb24dfb9fcae405ba59274f9b1e60101 - - default default] 199.204.45.65 "GET /v2.0/security-groups?fields=id&fields=name&tenant_id=fb24dfb9fcae405ba59274f9b1e60101 HTTP/1.1" status: 200 len: 380 time: 0.0972419
2026-05-30 02:58:12.564 9 WARNING neutron_lib.context [req-920f7333-3f66-442b-899f-b09edb6287e0 req-67c1ddde-f784-40ac-add4-84eb35cb84db a01322a9a4324917bbd8563d4cf0550e fb24dfb9fcae405ba59274f9b1e60101 - - default default] Method 'is_advsvc' is deprecated since 2023.2 release (neutron-lib 3.8.0) and will be removed once support for the old RBAC API policies will be removed from Neutron. Please use method 'is_service_role' instead.
2026-05-30 02:58:12.614 10 WARNING neutron.scheduler.dhcp_agent_scheduler [None req-e14645eb-77f5-4f55-be98-8d7df968e07b 0aa8b3db02e844fea94f41a4e43dcbf5 68ad9cc310aa4c6db3ebe292785ea6b4 - - default default] No more DHCP agents
2026-05-30 02:58:12.619 9 INFO neutron.services.segments.plugin [-] Segment 06b2fc7d-f787-4966-bd19-f8f42cd4a972 resource provider aggregate not found
2026-05-30 02:58:12.621 10 WARNING neutron.api.rpc.agentnotifiers.dhcp_rpc_agent_api [None req-e14645eb-77f5-4f55-be98-8d7df968e07b 0aa8b3db02e844fea94f41a4e43dcbf5 68ad9cc310aa4c6db3ebe292785ea6b4 - - default default] Unable to schedule network 986df58c-55ab-44f5-9b69-02f33b09e9df: no agents available; will retry on subsequent port and subnet creation events.
2026-05-30 02:58:12.625 9 INFO neutron.services.segments.plugin [-] Segment 06b2fc7d-f787-4966-bd19-f8f42cd4a972 resource provider aggregate not found
2026-05-30 02:58:12.658 9 INFO neutron.services.segments.plugin [-] Segment 06b2fc7d-f787-4966-bd19-f8f42cd4a972 resource provider not found; error: Placement Client Error (4xx): {"errors": [{"status": 404, "title": "Not Found", "detail": "The resource could not be found.\n\n No resource provider with uuid 06b2fc7d-f787-4966-bd19-f8f42cd4a972 found for delete ", "request_id": "req-416f27d7-2a21-46ec-9e6f-d8eec18543d8"}]}
2026-05-30 02:58:12.660 9 INFO neutron.services.segments.plugin [-] Segment 06b2fc7d-f787-4966-bd19-f8f42cd4a972 resource provider not found; error: Placement Client Error (4xx): {"errors": [{"status": 404, "title": "Not Found", "detail": "The resource could not be found.\n\n No resource provider with uuid 06b2fc7d-f787-4966-bd19-f8f42cd4a972 found for delete ", "request_id": "req-7692640f-5a89-4a16-8e55-df6165f60c5e"}]}
2026-05-30 02:58:12.676 9 WARNING neutron.plugins.ml2.drivers.ovn.mech_driver.ovsdb.ovn_client [None req-aac1a681-d7ab-412f-a4f5-58a54f6b1fdb - - - - - -] No hosting information found for port 202814df-80f9-438a-8f3e-374568041410: RuntimeError: No hosting information found for port 202814df-80f9-438a-8f3e-374568041410
2026-05-30 02:58:12.700 10 WARNING neutron.scheduler.dhcp_agent_scheduler [None req-b4a26429-eac3-4ac5-8bca-e22fef8b023c a725d6324237453e807d27015fc32512 269db063986247d5bc3864b7c9500512 - - default default] No more DHCP agents
2026-05-30 02:58:12.706 10 WARNING neutron.api.rpc.agentnotifiers.dhcp_rpc_agent_api [None req-b4a26429-eac3-4ac5-8bca-e22fef8b023c a725d6324237453e807d27015fc32512 269db063986247d5bc3864b7c9500512 - - default default] Unable to schedule network 55667298-f5d2-480c-bb7f-2ab09cc0fb15: no agents available; will retry on subsequent port and subnet creation events.
2026-05-30 02:58:12.769 9 INFO neutron.db.ovn_revision_numbers_db [None req-0ad87249-20b0-4d74-b0c9-e5c696f8a7d7 5edb02b4cb0444ef949b94b1de33b691 a00236af58484b30a93367345b3ac4d2 - - default default] Successfully bumped revision number for resource 279d06ac-ecb7-4691-822f-5ef5cd176660 (type: ports) to 2
2026-05-30 02:58:12.797 10 INFO neutron.wsgi [req-6291d8e8-2112-45de-82b3-ea5c589ddd71 req-60b93dc4-c028-48ec-aff6-c358cea142d5 a01322a9a4324917bbd8563d4cf0550e fb24dfb9fcae405ba59274f9b1e60101 - - default default] 10.0.0.31 "GET /v2.0/ports?device_id=11b03dd1-4b1a-4af6-b541-109a96d95b1a HTTP/1.1" status: 200 len: 210 time: 0.0334296
2026-05-30 02:58:12.819 9 INFO neutron.db.ovn_revision_numbers_db [None req-fe4a7443-9e4d-463c-acc0-8d10b5534aee - - - - - -] Successfully bumped revision number for resource be75c9ce-785f-4571-869c-99ca3b93d5a0 (type: router_ports) to 3
2026-05-30 02:58:12.851 10 INFO neutron.db.ovn_revision_numbers_db [None req-b4a26429-eac3-4ac5-8bca-e22fef8b023c a725d6324237453e807d27015fc32512 269db063986247d5bc3864b7c9500512 - - default default] Successfully bumped revision number for resource c29d308d-cf43-4435-801a-5d1dbc15a751 (type: ports) to 1
2026-05-30 02:58:12.852 9 INFO neutron.db.ovn_revision_numbers_db [None req-0ad87249-20b0-4d74-b0c9-e5c696f8a7d7 5edb02b4cb0444ef949b94b1de33b691 a00236af58484b30a93367345b3ac4d2 - - default default] Successfully bumped revision number for resource d01d1c6d-57ee-4396-98f8-379cf64d5c91 (type: subnets) to 0
2026-05-30 02:58:12.876 10 INFO neutron.wsgi [None req-b4a26429-eac3-4ac5-8bca-e22fef8b023c a725d6324237453e807d27015fc32512 269db063986247d5bc3864b7c9500512 - - default default] 10.0.0.78 "POST /v2.0/networks HTTP/1.1" status: 201 len: 853 time: 0.7618678
2026-05-30 02:58:12.877 10 INFO neutron.db.ovn_revision_numbers_db [None req-e14645eb-77f5-4f55-be98-8d7df968e07b 0aa8b3db02e844fea94f41a4e43dcbf5 68ad9cc310aa4c6db3ebe292785ea6b4 - - default default] Successfully bumped revision number for resource 8b733aa8-655e-4a64-a0fa-4461362b46a6 (type: ports) to 1
2026-05-30 02:58:12.878 9 INFO neutron.wsgi [None req-0ad87249-20b0-4d74-b0c9-e5c696f8a7d7 5edb02b4cb0444ef949b94b1de33b691 a00236af58484b30a93367345b3ac4d2 - - default default] 10.0.0.78 "POST /v2.0/subnets HTTP/1.1" status: 201 len: 801 time: 1.5904591
2026-05-30 02:58:12.889 10 WARNING neutron_lib.context [None req-faed22e1-4739-4aa3-9cd6-1cbaf0a80a58 a725d6324237453e807d27015fc32512 269db063986247d5bc3864b7c9500512 - - default default] Method 'is_advsvc' is deprecated since 2023.2 release (neutron-lib 3.8.0) and will be removed once support for the old RBAC API policies will be removed from Neutron. Please use method 'is_service_role' instead.
2026-05-30 02:58:12.897 10 WARNING neutron_lib.context [None req-54263224-44cd-4b3d-b669-40f60c6ef21f 5edb02b4cb0444ef949b94b1de33b691 a00236af58484b30a93367345b3ac4d2 - - default default] Method 'is_advsvc' is deprecated since 2023.2 release (neutron-lib 3.8.0) and will be removed once support for the old RBAC API policies will be removed from Neutron. Please use method 'is_service_role' instead.
2026-05-30 02:58:12.954 10 WARNING neutron_lib.context [None req-faed22e1-4739-4aa3-9cd6-1cbaf0a80a58 a725d6324237453e807d27015fc32512 269db063986247d5bc3864b7c9500512 - - default default] Method 'is_advsvc' is deprecated since 2023.2 release (neutron-lib 3.8.0) and will be removed once support for the old RBAC API policies will be removed from Neutron. Please use method 'is_service_role' instead.
2026-05-30 02:58:13.077 9 INFO neutron.db.ovn_revision_numbers_db [None req-fe4a7443-9e4d-463c-acc0-8d10b5534aee - - - - - -] Successfully bumped revision number for resource be75c9ce-785f-4571-869c-99ca3b93d5a0 (type: ports) to 2
2026-05-30 02:58:13.117 9 WARNING neutron.scheduler.dhcp_agent_scheduler [req-920f7333-3f66-442b-899f-b09edb6287e0 req-67c1ddde-f784-40ac-add4-84eb35cb84db a01322a9a4324917bbd8563d4cf0550e fb24dfb9fcae405ba59274f9b1e60101 - - default default] No more DHCP agents
2026-05-30 02:58:13.120 9 WARNING neutron.api.rpc.agentnotifiers.dhcp_rpc_agent_api [req-920f7333-3f66-442b-899f-b09edb6287e0 req-67c1ddde-f784-40ac-add4-84eb35cb84db a01322a9a4324917bbd8563d4cf0550e fb24dfb9fcae405ba59274f9b1e60101 - - default default] Unable to schedule network 3c61650e-af13-48f4-b48e-8b9a1d825a8b: no agents available; will retry on subsequent port and subnet creation events.
2026-05-30 02:58:13.160 10 INFO neutron.db.ovn_revision_numbers_db [None req-54263224-44cd-4b3d-b669-40f60c6ef21f 5edb02b4cb0444ef949b94b1de33b691 a00236af58484b30a93367345b3ac4d2 - - default default] Successfully bumped revision number for resource 19b593d0-e4a5-411b-ac32-55d00a7bddd5 (type: routers) to 1
2026-05-30 02:58:13.190 10 INFO neutron.wsgi [None req-54263224-44cd-4b3d-b669-40f60c6ef21f 5edb02b4cb0444ef949b94b1de33b691 a00236af58484b30a93367345b3ac4d2 - - default default] 10.0.0.78 "POST /v2.0/routers HTTP/1.1" status: 201 len: 687 time: 0.3063776 /var/lib/openstack/lib/python3.10/site-packages/pycadf/identifier.py:71: UserWarning: Invalid uuid: neutron. To ensure interoperability, identifiers should be a valid uuid. warnings.warn(('Invalid uuid: %s. To ensure interoperability, '
2026-05-30 02:58:13.576 10 INFO neutron.db.ovn_revision_numbers_db [None req-e14645eb-77f5-4f55-be98-8d7df968e07b 0aa8b3db02e844fea94f41a4e43dcbf5 68ad9cc310aa4c6db3ebe292785ea6b4 - - default default] Successfully bumped revision number for resource 8b733aa8-655e-4a64-a0fa-4461362b46a6 (type: router_ports) to 1
2026-05-30 02:58:13.649 9 INFO neutron.plugins.ml2.drivers.ovn.mech_driver.mech_driver [None req-aac1a681-d7ab-412f-a4f5-58a54f6b1fdb - - - - - -] OVN reports status up for port: 8b733aa8-655e-4a64-a0fa-4461362b46a6
2026-05-30 02:58:13.661 9 INFO neutron.db.ovn_revision_numbers_db [req-920f7333-3f66-442b-899f-b09edb6287e0 req-67c1ddde-f784-40ac-add4-84eb35cb84db a01322a9a4324917bbd8563d4cf0550e fb24dfb9fcae405ba59274f9b1e60101 - - default default] Successfully bumped revision number for resource 7f80eac2-9aeb-4818-a0f1-d8d086c1de66 (type: ports) to 1
2026-05-30 02:58:13.665 9 INFO neutron.plugins.ml2.plugin [None req-aac1a681-d7ab-412f-a4f5-58a54f6b1fdb - - - - - -] Attempt 1 to provision port 8b733aa8-655e-4a64-a0fa-4461362b46a6
2026-05-30 02:58:13.681 10 WARNING neutron.scheduler.dhcp_agent_scheduler [None req-faed22e1-4739-4aa3-9cd6-1cbaf0a80a58 a725d6324237453e807d27015fc32512 269db063986247d5bc3864b7c9500512 - - default default] No more DHCP agents
2026-05-30 02:58:13.685 10 WARNING neutron.api.rpc.agentnotifiers.dhcp_rpc_agent_api [None req-faed22e1-4739-4aa3-9cd6-1cbaf0a80a58 a725d6324237453e807d27015fc32512 269db063986247d5bc3864b7c9500512 - - default default] Unable to schedule network bebe400a-0a07-4488-8887-35b9f9ff6e1a: no agents available; will retry on subsequent port and subnet creation events.
2026-05-30 02:58:13.737 9 INFO neutron.wsgi [req-920f7333-3f66-442b-899f-b09edb6287e0 req-67c1ddde-f784-40ac-add4-84eb35cb84db a01322a9a4324917bbd8563d4cf0550e fb24dfb9fcae405ba59274f9b1e60101 - - default default] 199.204.45.65 "POST /v2.0/ports HTTP/1.1" status: 201 len: 1158 time: 1.1868587
2026-05-30 02:58:13.795 10 INFO neutron.db.ovn_revision_numbers_db [None req-faed22e1-4739-4aa3-9cd6-1cbaf0a80a58 a725d6324237453e807d27015fc32512 269db063986247d5bc3864b7c9500512 - - default default] Successfully bumped revision number for resource e55d8aa8-051d-4178-90ff-6fdb6911f063 (type: ports) to 1
2026-05-30 02:58:13.800 10 INFO neutron.db.ovn_revision_numbers_db [None req-e14645eb-77f5-4f55-be98-8d7df968e07b 0aa8b3db02e844fea94f41a4e43dcbf5 68ad9cc310aa4c6db3ebe292785ea6b4 - - default default] Successfully bumped revision number for resource 8b733aa8-655e-4a64-a0fa-4461362b46a6 (type: ports) to 1
2026-05-30 02:58:13.831 10 WARNING neutron.scheduler.dhcp_agent_scheduler [None req-faed22e1-4739-4aa3-9cd6-1cbaf0a80a58 a725d6324237453e807d27015fc32512 269db063986247d5bc3864b7c9500512 - - default default] No more DHCP agents
2026-05-30 02:58:13.836 10 WARNING neutron.api.rpc.agentnotifiers.dhcp_rpc_agent_api [None req-faed22e1-4739-4aa3-9cd6-1cbaf0a80a58 a725d6324237453e807d27015fc32512 269db063986247d5bc3864b7c9500512 - - default default] Unable to schedule network 55667298-f5d2-480c-bb7f-2ab09cc0fb15: no agents available; will retry on subsequent port and subnet creation events.
2026-05-30 02:58:13.836 9 INFO neutron.db.ovn_revision_numbers_db [None req-fe4a7443-9e4d-463c-acc0-8d10b5534aee - - - - - -] Successfully bumped revision number for resource be75c9ce-785f-4571-869c-99ca3b93d5a0 (type: ports) to 4 /var/lib/openstack/lib/python3.10/site-packages/pycadf/identifier.py:71: UserWarning: Invalid uuid: neutron. To ensure interoperability, identifiers should be a valid uuid. warnings.warn(('Invalid uuid: %s. To ensure interoperability, '
2026-05-30 02:58:13.919 10 INFO neutron.wsgi [req-443f1e7b-d1a9-4d24-b970-75ef7395a56a req-6c5e8061-9af6-42b6-92c3-663a750a4f18 a01322a9a4324917bbd8563d4cf0550e fb24dfb9fcae405ba59274f9b1e60101 - - default default] 10.0.0.31 "GET /v2.0/ports?device_id=11b03dd1-4b1a-4af6-b541-109a96d95b1a HTTP/1.1" status: 200 len: 1156 time: 0.0553284
2026-05-30 02:58:13.931 10 WARNING neutron.scheduler.dhcp_agent_scheduler [None req-e14645eb-77f5-4f55-be98-8d7df968e07b 0aa8b3db02e844fea94f41a4e43dcbf5 68ad9cc310aa4c6db3ebe292785ea6b4 - - default default] No more DHCP agents
2026-05-30 02:58:13.951 10 WARNING neutron.api.rpc.agentnotifiers.dhcp_rpc_agent_api [None req-e14645eb-77f5-4f55-be98-8d7df968e07b 0aa8b3db02e844fea94f41a4e43dcbf5 68ad9cc310aa4c6db3ebe292785ea6b4 - - default default] Unable to schedule network 986df58c-55ab-44f5-9b69-02f33b09e9df: no agents available; will retry on subsequent port and subnet creation events.
2026-05-30 02:58:13.999 10 INFO neutron.db.ovn_revision_numbers_db [None req-faed22e1-4739-4aa3-9cd6-1cbaf0a80a58 a725d6324237453e807d27015fc32512 269db063986247d5bc3864b7c9500512 - - default default] Successfully bumped revision number for resource d18fd025-0912-483a-a6eb-099fce175a32 (type: ports) to 1
2026-05-30 02:58:14.027 10 INFO neutron.wsgi [req-443f1e7b-d1a9-4d24-b970-75ef7395a56a req-89a8b291-1dc9-450e-be66-e1069c573dc8 a01322a9a4324917bbd8563d4cf0550e fb24dfb9fcae405ba59274f9b1e60101 - - default default] 10.0.0.31 "GET /v2.0/security-groups?id=2a93be56-c7df-4bf7-ab83-169bc749e3f9&fields=id&fields=name HTTP/1.1" status: 200 len: 313 time: 0.0983145
2026-05-30 02:58:14.060 10 INFO neutron.wsgi [None req-faed22e1-4739-4aa3-9cd6-1cbaf0a80a58 a725d6324237453e807d27015fc32512 269db063986247d5bc3864b7c9500512 - - default default] 10.0.0.78 "POST /v2.0/ports HTTP/1.1" status: 201 len: 1704 time: 1.1778576
2026-05-30 02:58:14.246 10 INFO neutron.wsgi [None req-e533c7bb-cd1d-431b-9ef1-5d603f96690d a725d6324237453e807d27015fc32512 269db063986247d5bc3864b7c9500512 - - default default] 10.0.0.78 "GET /v2.0/ports HTTP/1.1" status: 200 len: 3211 time: 0.1815846
2026-05-30 02:58:14.327 9 WARNING neutron.scheduler.dhcp_agent_scheduler [None req-77e5f6eb-43d1-47b2-a4af-7a517383d593 5edb02b4cb0444ef949b94b1de33b691 a00236af58484b30a93367345b3ac4d2 - - default default] No more DHCP agents
2026-05-30 02:58:14.334 9 WARNING neutron.api.rpc.agentnotifiers.dhcp_rpc_agent_api [None req-77e5f6eb-43d1-47b2-a4af-7a517383d593 5edb02b4cb0444ef949b94b1de33b691 a00236af58484b30a93367345b3ac4d2 - - default default] Unable to schedule network efb9a41d-0fba-4fba-b297-c53525af37ec: no agents available; will retry on subsequent port and subnet creation events.
2026-05-30 02:58:14.395 9 INFO neutron.db.ovn_revision_numbers_db [None req-fe4a7443-9e4d-463c-acc0-8d10b5534aee - - - - - -] Successfully bumped revision number for resource be75c9ce-785f-4571-869c-99ca3b93d5a0 (type: router_ports) to 4
2026-05-30 02:58:14.497 9 INFO neutron.db.ovn_revision_numbers_db [None req-aac1a681-d7ab-412f-a4f5-58a54f6b1fdb - - - - - -] Successfully bumped revision number for resource 8b733aa8-655e-4a64-a0fa-4461362b46a6 (type: ports) to 2
2026-05-30 02:58:14.659 9 INFO neutron.db.ovn_revision_numbers_db [None req-aac1a681-d7ab-412f-a4f5-58a54f6b1fdb - - - - - -] Successfully bumped revision number for resource 8b733aa8-655e-4a64-a0fa-4461362b46a6 (type: router_ports) to 2
2026-05-30 02:58:14.684 9 INFO neutron.db.ovn_revision_numbers_db [None req-77e5f6eb-43d1-47b2-a4af-7a517383d593 5edb02b4cb0444ef949b94b1de33b691 a00236af58484b30a93367345b3ac4d2 - - default default] Successfully bumped revision number for resource 5f2f1b41-427d-4267-b0ed-835c152eae99 (type: ports) to 1
2026-05-30 02:58:14.705 9 INFO neutron.db.ovn_revision_numbers_db [req-920f7333-3f66-442b-899f-b09edb6287e0 req-950abfeb-b826-4fbe-b8d1-acdf5fc80e7c e4846b997c244ad39ba985ef728c18b0 554117ef52094691863c2f76bcc47aea - - 086c14915e1744adb37f7df17ca4858a 086c14915e1744adb37f7df17ca4858a] Successfully bumped revision number for resource 7f80eac2-9aeb-4818-a0f1-d8d086c1de66 (type: ports) to 2
2026-05-30 02:58:14.866 10 INFO neutron.wsgi [None req-b5ae24ed-e6d7-40a8-9d70-6ebbbae85e5a a725d6324237453e807d27015fc32512 269db063986247d5bc3864b7c9500512 - - default default] 10.0.0.78 "DELETE /v2.0/ports/e55d8aa8-051d-4178-90ff-6fdb6911f063 HTTP/1.1" status: 204 len: 168 time: 0.6125472
2026-05-30 02:58:15.021 10 INFO neutron.wsgi [None req-e14645eb-77f5-4f55-be98-8d7df968e07b 0aa8b3db02e844fea94f41a4e43dcbf5 68ad9cc310aa4c6db3ebe292785ea6b4 - - default default] 10.0.0.78 "PUT /v2.0/routers/3d745270-8e22-4514-87a9-9e0d5662d85a/add_router_interface HTTP/1.1" status: 200 len: 503 time: 3.2837248
2026-05-30 02:58:15.174 10 INFO neutron.wsgi [None req-8ac329b9-c5ca-46a4-b48d-7ebe0f1378fc a725d6324237453e807d27015fc32512 269db063986247d5bc3864b7c9500512 - - default default] 10.0.0.78 "DELETE /v2.0/ports/d18fd025-0912-483a-a6eb-099fce175a32 HTTP/1.1" status: 204 len: 168 time: 0.3034160
2026-05-30 02:58:15.230 10 INFO neutron.wsgi [None req-b571a78d-63d2-4980-aef2-76c45c731deb a725d6324237453e807d27015fc32512 269db063986247d5bc3864b7c9500512 - - default default] 10.0.0.78 "GET /v2.0/ports HTTP/1.1" status: 200 len: 1718 time: 0.0509477
2026-05-30 02:58:15.241 10 WARNING neutron_lib.context [None req-49e138e3-c140-4215-a98d-f8e24443eb5d a725d6324237453e807d27015fc32512 269db063986247d5bc3864b7c9500512 - - default default] Method 'is_advsvc' is deprecated since 2023.2 release (neutron-lib 3.8.0) and will be removed once support for the old RBAC API policies will be removed from Neutron. Please use method 'is_service_role' instead. /var/lib/openstack/lib/python3.10/site-packages/pycadf/identifier.py:71: UserWarning: Invalid uuid: neutron. To ensure interoperability, identifiers should be a valid uuid. warnings.warn(('Invalid uuid: %s. To ensure interoperability, '
2026-05-30 02:58:15.316 10 INFO neutron.db.segments_db [None req-49e138e3-c140-4215-a98d-f8e24443eb5d a725d6324237453e807d27015fc32512 269db063986247d5bc3864b7c9500512 - - default default] Added segment 183e2c51-3112-48bf-b2db-0f2f3a7fea7e of type geneve for network 380f1042-3384-4fa0-8c54-994f4283b8b9
2026-05-30 02:58:15.391 9 INFO neutron.db.ovn_revision_numbers_db [req-920f7333-3f66-442b-899f-b09edb6287e0 req-950abfeb-b826-4fbe-b8d1-acdf5fc80e7c e4846b997c244ad39ba985ef728c18b0 554117ef52094691863c2f76bcc47aea - - 086c14915e1744adb37f7df17ca4858a 086c14915e1744adb37f7df17ca4858a] Successfully bumped revision number for resource 7f80eac2-9aeb-4818-a0f1-d8d086c1de66 (type: ports) to 2
2026-05-30 02:58:15.398 9 INFO neutron.wsgi [req-4840cd6a-4c41-4f13-8249-d7c9c8830632 req-1c3337b4-61ed-4009-a862-ebff5800e10b a01322a9a4324917bbd8563d4cf0550e fb24dfb9fcae405ba59274f9b1e60101 - - default default] 10.0.0.31 "GET /v2.0/ports?device_id=11b03dd1-4b1a-4af6-b541-109a96d95b1a HTTP/1.1" status: 200 len: 1168 time: 0.1479814
2026-05-30 02:58:15.441 9 INFO neutron.wsgi [req-920f7333-3f66-442b-899f-b09edb6287e0 req-950abfeb-b826-4fbe-b8d1-acdf5fc80e7c e4846b997c244ad39ba985ef728c18b0 554117ef52094691863c2f76bcc47aea - - 086c14915e1744adb37f7df17ca4858a 086c14915e1744adb37f7df17ca4858a] 199.204.45.65 "PUT /v2.0/ports/7f80eac2-9aeb-4818-a0f1-d8d086c1de66 HTTP/1.1" status: 200 len: 1376 time: 1.6939747
2026-05-30 02:58:15.471 10 INFO neutron.db.ovn_revision_numbers_db [None req-49e138e3-c140-4215-a98d-f8e24443eb5d a725d6324237453e807d27015fc32512 269db063986247d5bc3864b7c9500512 - - default default] Successfully bumped revision number for resource 380f1042-3384-4fa0-8c54-994f4283b8b9 (type: networks) to 1
2026-05-30 02:58:15.496 9 INFO neutron.notifiers.nova [-] Nova event matching ['req-f88ad6b1-18de-4f12-9a76-e0004a1b1e1e'] response: {'name': 'network-changed', 'server_uuid': '11b03dd1-4b1a-4af6-b541-109a96d95b1a', 'tag': '7f80eac2-9aeb-4818-a0f1-d8d086c1de66', 'status': 'completed', 'code': 200}
2026-05-30 02:58:15.522 9 INFO neutron.wsgi [req-4840cd6a-4c41-4f13-8249-d7c9c8830632 req-8f0e6a3f-9fcd-4805-8b3a-419e70d7f0bf a01322a9a4324917bbd8563d4cf0550e fb24dfb9fcae405ba59274f9b1e60101 - - default default] 10.0.0.31 "GET /v2.0/security-groups?id=2a93be56-c7df-4bf7-ab83-169bc749e3f9&fields=id&fields=name HTTP/1.1" status: 200 len: 313 time: 0.1135983
2026-05-30 02:58:15.549 9 INFO neutron.wsgi [req-920f7333-3f66-442b-899f-b09edb6287e0 req-96f29431-cd21-4593-b625-06502956cb43 e4846b997c244ad39ba985ef728c18b0 554117ef52094691863c2f76bcc47aea - - 086c14915e1744adb37f7df17ca4858a 086c14915e1744adb37f7df17ca4858a] 199.204.45.65 "GET /v2.0/ports?tenant_id=fb24dfb9fcae405ba59274f9b1e60101&device_id=11b03dd1-4b1a-4af6-b541-109a96d95b1a HTTP/1.1" status: 200 len: 1407 time: 0.0673251
2026-05-30 02:58:15.581 9 INFO neutron.db.ovn_revision_numbers_db [None req-77e5f6eb-43d1-47b2-a4af-7a517383d593 5edb02b4cb0444ef949b94b1de33b691 a00236af58484b30a93367345b3ac4d2 - - default default] Successfully bumped revision number for resource 5f2f1b41-427d-4267-b0ed-835c152eae99 (type: router_ports) to 1
2026-05-30 02:58:15.584 9 INFO neutron.wsgi [req-920f7333-3f66-442b-899f-b09edb6287e0 req-4f000157-b067-4514-8669-056821133314 e4846b997c244ad39ba985ef728c18b0 554117ef52094691863c2f76bcc47aea - - 086c14915e1744adb37f7df17ca4858a 086c14915e1744adb37f7df17ca4858a] 199.204.45.65 "GET /v2.0/floatingips?fixed_ip_address=10.100.0.3&port_id=7f80eac2-9aeb-4818-a0f1-d8d086c1de66 HTTP/1.1" status: 200 len: 217 time: 0.0259509
2026-05-30 02:58:15.598 9 WARNING neutron_lib.context [None req-e720f961-2089-44da-8410-46cb654181e0 88748d8d1190423592fbfdb275443ac7 31dd26b1b1f444dc8141bdabb0e4323a - - default default] Method 'is_advsvc' is deprecated since 2023.2 release (neutron-lib 3.8.0) and will be removed once support for the old RBAC API policies will be removed from Neutron. Please use method 'is_service_role' instead.
2026-05-30 02:58:15.657 9 INFO neutron.wsgi [req-920f7333-3f66-442b-899f-b09edb6287e0 req-df73398b-9656-4346-a16c-ff04c54ad206 e4846b997c244ad39ba985ef728c18b0 554117ef52094691863c2f76bcc47aea - - 086c14915e1744adb37f7df17ca4858a 086c14915e1744adb37f7df17ca4858a] 199.204.45.65 "GET /v2.0/subnets?id=a930e73f-b575-4174-a0d3-fc7838ed13a0 HTTP/1.1" status: 200 len: 868 time: 0.0644116
2026-05-30 02:58:15.667 10 WARNING neutron.scheduler.dhcp_agent_scheduler [None req-49e138e3-c140-4215-a98d-f8e24443eb5d a725d6324237453e807d27015fc32512 269db063986247d5bc3864b7c9500512 - - default default] No more DHCP agents
2026-05-30 02:58:15.669 10 WARNING neutron.api.rpc.agentnotifiers.dhcp_rpc_agent_api [None req-49e138e3-c140-4215-a98d-f8e24443eb5d a725d6324237453e807d27015fc32512 269db063986247d5bc3864b7c9500512 - - default default] Unable to schedule network 380f1042-3384-4fa0-8c54-994f4283b8b9: no agents available; will retry on subsequent port and subnet creation events.
2026-05-30 02:58:15.697 9 INFO neutron.wsgi [req-920f7333-3f66-442b-899f-b09edb6287e0 req-4cd7a4c7-6af8-43d0-bafe-037b3cd07009 e4846b997c244ad39ba985ef728c18b0 554117ef52094691863c2f76bcc47aea - - 086c14915e1744adb37f7df17ca4858a 086c14915e1744adb37f7df17ca4858a] 199.204.45.65 "GET /v2.0/ports?network_id=3c61650e-af13-48f4-b48e-8b9a1d825a8b&device_owner=network%3Adhcp HTTP/1.1" status: 200 len: 210 time: 0.0319090
2026-05-30 02:58:15.757 10 INFO neutron.db.ovn_revision_numbers_db [None req-49e138e3-c140-4215-a98d-f8e24443eb5d a725d6324237453e807d27015fc32512 269db063986247d5bc3864b7c9500512 - - default default] Successfully bumped revision number for resource eaff4b60-60c3-4bf4-8b35-ee9fde78b72a (type: ports) to 1
2026-05-30 02:58:15.783 10 INFO neutron.wsgi [None req-49e138e3-c140-4215-a98d-f8e24443eb5d a725d6324237453e807d27015fc32512 269db063986247d5bc3864b7c9500512 - - default default] 10.0.0.78 "POST /v2.0/networks HTTP/1.1" status: 201 len: 853 time: 0.5457308
2026-05-30 02:58:15.793 10 WARNING neutron_lib.context [None req-f4398409-591d-45e9-a83c-cb502f3e784d a725d6324237453e807d27015fc32512 269db063986247d5bc3864b7c9500512 - - default default] Method 'is_advsvc' is deprecated since 2023.2 release (neutron-lib 3.8.0) and will be removed once support for the old RBAC API policies will be removed from Neutron. Please use method 'is_service_role' instead.
2026-05-30 02:58:15.825 9 INFO neutron.wsgi [req-920f7333-3f66-442b-899f-b09edb6287e0 req-2ec1f358-7af8-44c1-bad6-b6f6eb6e7f86 e4846b997c244ad39ba985ef728c18b0 554117ef52094691863c2f76bcc47aea - - 086c14915e1744adb37f7df17ca4858a 086c14915e1744adb37f7df17ca4858a] 199.204.45.65 "GET /v2.0/networks/3c61650e-af13-48f4-b48e-8b9a1d825a8b?fields=segments HTTP/1.1" status: 200 len: 212 time: 0.1166224
2026-05-30 02:58:15.858 9 INFO neutron.db.ovn_revision_numbers_db [None req-e720f961-2089-44da-8410-46cb654181e0 88748d8d1190423592fbfdb275443ac7 31dd26b1b1f444dc8141bdabb0e4323a - - default default] Successfully bumped revision number for resource 349083dc-6633-4d15-b510-d0be292a47c6 (type: security_groups) to 1
2026-05-30 02:58:15.872 10 INFO neutron.db.segments_db [None req-f4398409-591d-45e9-a83c-cb502f3e784d a725d6324237453e807d27015fc32512 269db063986247d5bc3864b7c9500512 - - default default] Added segment 3567dc71-482e-41f0-84f2-5ec178c777f8 of type geneve for network 43e6c8d3-8212-4b08-8f6d-85c6f14c6bbc
2026-05-30 02:58:15.887 9 INFO neutron.db.ovn_revision_numbers_db [None req-77e5f6eb-43d1-47b2-a4af-7a517383d593 5edb02b4cb0444ef949b94b1de33b691 a00236af58484b30a93367345b3ac4d2 - - default default] Successfully bumped revision number for resource 5f2f1b41-427d-4267-b0ed-835c152eae99 (type: ports) to 1
2026-05-30 02:58:15.891 9 INFO neutron.db.ovn_revision_numbers_db [None req-e720f961-2089-44da-8410-46cb654181e0 88748d8d1190423592fbfdb275443ac7 31dd26b1b1f444dc8141bdabb0e4323a - - default default] Successfully bumped revision number for resource 14c0b073-d1ba-4645-9ce5-3682ea1e74f8 (type: security_group_rules) to 0
2026-05-30 02:58:15.917 9 INFO neutron.db.ovn_revision_numbers_db [None req-e720f961-2089-44da-8410-46cb654181e0 88748d8d1190423592fbfdb275443ac7 31dd26b1b1f444dc8141bdabb0e4323a - - default default] Successfully bumped revision number for resource ad362285-cb30-4b8d-af30-a8415e96b0e4 (type: security_group_rules) to 0
2026-05-30 02:58:15.927 9 INFO neutron.wsgi [req-920f7333-3f66-442b-899f-b09edb6287e0 req-2a23aed9-fbed-4f3e-94da-087115183349 e4846b997c244ad39ba985ef728c18b0 554117ef52094691863c2f76bcc47aea - - 086c14915e1744adb37f7df17ca4858a 086c14915e1744adb37f7df17ca4858a] 199.204.45.65 "GET /v2.0/networks/3c61650e-af13-48f4-b48e-8b9a1d825a8b?fields=provider%3Aphysical_network&fields=provider%3Anetwork_type HTTP/1.1" status: 200 len: 277 time: 0.0937932
2026-05-30 02:58:15.953 9 INFO neutron.wsgi [None req-e720f961-2089-44da-8410-46cb654181e0 88748d8d1190423592fbfdb275443ac7 31dd26b1b1f444dc8141bdabb0e4323a - - default default] 10.0.0.78 "POST /v2.0/security-groups HTTP/1.1" status: 201 len: 1797 time: 0.3666880
2026-05-30 02:58:15.971 10 WARNING neutron_lib.context [None req-1ccd2319-a41a-4377-b02e-9bd4e9b228da 88748d8d1190423592fbfdb275443ac7 31dd26b1b1f444dc8141bdabb0e4323a - - default default] Method 'is_advsvc' is deprecated since 2023.2 release (neutron-lib 3.8.0) and will be removed once support for the old RBAC API policies will be removed from Neutron. Please use method 'is_service_role' instead.
2026-05-30 02:58:16.008 9 WARNING neutron.scheduler.dhcp_agent_scheduler [None req-77e5f6eb-43d1-47b2-a4af-7a517383d593 5edb02b4cb0444ef949b94b1de33b691 a00236af58484b30a93367345b3ac4d2 - - default default] No more DHCP agents
2026-05-30 02:58:16.011 9 WARNING neutron.api.rpc.agentnotifiers.dhcp_rpc_agent_api [None req-77e5f6eb-43d1-47b2-a4af-7a517383d593 5edb02b4cb0444ef949b94b1de33b691 a00236af58484b30a93367345b3ac4d2 - - default default] Unable to schedule network efb9a41d-0fba-4fba-b297-c53525af37ec: no agents available; will retry on subsequent port and subnet creation events.
2026-05-30 02:58:16.018 9 INFO neutron.wsgi [req-f41fbf5d-8003-4454-ba65-31d56080b856 req-6f9e5b48-b33d-499d-9a61-ea5a840464a1 e4846b997c244ad39ba985ef728c18b0 554117ef52094691863c2f76bcc47aea - - 086c14915e1744adb37f7df17ca4858a 086c14915e1744adb37f7df17ca4858a] 199.204.45.65 "GET /v2.0/ports?tenant_id=fb24dfb9fcae405ba59274f9b1e60101&device_id=11b03dd1-4b1a-4af6-b541-109a96d95b1a HTTP/1.1" status: 200 len: 1407 time: 0.0503595
2026-05-30 02:58:16.079 10 INFO neutron.db.ovn_revision_numbers_db [None req-f4398409-591d-45e9-a83c-cb502f3e784d a725d6324237453e807d27015fc32512 269db063986247d5bc3864b7c9500512 - - default default] Successfully bumped revision number for resource 43e6c8d3-8212-4b08-8f6d-85c6f14c6bbc (type: networks) to 1
2026-05-30 02:58:16.184 10 INFO neutron.db.ovn_revision_numbers_db [None req-1ccd2319-a41a-4377-b02e-9bd4e9b228da 88748d8d1190423592fbfdb275443ac7 31dd26b1b1f444dc8141bdabb0e4323a - - default default] Successfully bumped revision number for resource 2b32e1d5-1740-4f98-9481-d909291b7c03 (type: security_group_rules) to 0
2026-05-30 02:58:16.200 9 INFO neutron.wsgi [req-f41fbf5d-8003-4454-ba65-31d56080b856 req-e200f5b4-3dac-4084-873b-d744329b27bc e4846b997c244ad39ba985ef728c18b0 554117ef52094691863c2f76bcc47aea - - 086c14915e1744adb37f7df17ca4858a 086c14915e1744adb37f7df17ca4858a] 199.204.45.65 "GET /v2.0/networks?id=3c61650e-af13-48f4-b48e-8b9a1d825a8b HTTP/1.1" status: 200 len: 973 time: 0.1695573
2026-05-30 02:58:16.235 10 INFO neutron.wsgi [None req-1ccd2319-a41a-4377-b02e-9bd4e9b228da 88748d8d1190423592fbfdb275443ac7 31dd26b1b1f444dc8141bdabb0e4323a - - default default] 10.0.0.78 "POST /v2.0/security-group-rules HTTP/1.1" status: 201 len: 764 time: 0.2732735
2026-05-30 02:58:16.253 10 WARNING neutron_lib.context [None req-380526fb-0e4a-4e83-8e71-c90ed81793b0 88748d8d1190423592fbfdb275443ac7 31dd26b1b1f444dc8141bdabb0e4323a - - default default] Method 'is_advsvc' is deprecated since 2023.2 release (neutron-lib 3.8.0) and will be removed once support for the old RBAC API policies will be removed from Neutron. Please use method 'is_service_role' instead.
2026-05-30 02:58:16.256 9 INFO neutron.wsgi [req-f41fbf5d-8003-4454-ba65-31d56080b856 req-0063f75b-bdd9-4d72-b53f-d1e1b7350e91 e4846b997c244ad39ba985ef728c18b0 554117ef52094691863c2f76bcc47aea - - 086c14915e1744adb37f7df17ca4858a 086c14915e1744adb37f7df17ca4858a] 199.204.45.65 "GET /v2.0/floatingips?fixed_ip_address=10.100.0.3&port_id=7f80eac2-9aeb-4818-a0f1-d8d086c1de66 HTTP/1.1" status: 200 len: 217 time: 0.0502486
2026-05-30 02:58:16.284 9 INFO neutron.db.ovn_revision_numbers_db [None req-77e5f6eb-43d1-47b2-a4af-7a517383d593 5edb02b4cb0444ef949b94b1de33b691 a00236af58484b30a93367345b3ac4d2 - - default default] Successfully bumped revision number for resource 5f2f1b41-427d-4267-b0ed-835c152eae99 (type: router_ports) to 1
2026-05-30 02:58:16.286 9 INFO neutron.wsgi [None req-77e5f6eb-43d1-47b2-a4af-7a517383d593 5edb02b4cb0444ef949b94b1de33b691 a00236af58484b30a93367345b3ac4d2 - - default default] 10.0.0.78 "PUT /v2.0/routers/19b593d0-e4a5-411b-ac32-55d00a7bddd5/add_router_interface HTTP/1.1" status: 200 len: 503 time: 3.0914316
2026-05-30 02:58:16.339 9 INFO neutron.wsgi [req-f41fbf5d-8003-4454-ba65-31d56080b856 req-714d1128-e605-422a-a3f5-5910b3063c7a e4846b997c244ad39ba985ef728c18b0 554117ef52094691863c2f76bcc47aea - - 086c14915e1744adb37f7df17ca4858a 086c14915e1744adb37f7df17ca4858a] 199.204.45.65 "GET /v2.0/subnets?id=a930e73f-b575-4174-a0d3-fc7838ed13a0 HTTP/1.1" status: 200 len: 868 time: 0.0737777
2026-05-30 02:58:16.340 10 WARNING neutron.scheduler.dhcp_agent_scheduler [None req-f4398409-591d-45e9-a83c-cb502f3e784d a725d6324237453e807d27015fc32512 269db063986247d5bc3864b7c9500512 - - default default] No more DHCP agents
2026-05-30 02:58:16.350 10 WARNING neutron.api.rpc.agentnotifiers.dhcp_rpc_agent_api [None req-f4398409-591d-45e9-a83c-cb502f3e784d a725d6324237453e807d27015fc32512 269db063986247d5bc3864b7c9500512 - - default default] Unable to schedule network 43e6c8d3-8212-4b08-8f6d-85c6f14c6bbc: no agents available; will retry on subsequent port and subnet creation events.
2026-05-30 02:58:16.373 9 INFO neutron.wsgi [req-f41fbf5d-8003-4454-ba65-31d56080b856 req-d667e0d2-884f-44bd-8a1b-b0329003963a e4846b997c244ad39ba985ef728c18b0 554117ef52094691863c2f76bcc47aea - - 086c14915e1744adb37f7df17ca4858a 086c14915e1744adb37f7df17ca4858a] 199.204.45.65 "GET /v2.0/ports?network_id=3c61650e-af13-48f4-b48e-8b9a1d825a8b&device_owner=network%3Adhcp HTTP/1.1" status: 200 len: 210 time: 0.0252285
2026-05-30 02:58:16.451 10 INFO neutron.db.ovn_revision_numbers_db [None req-f4398409-591d-45e9-a83c-cb502f3e784d a725d6324237453e807d27015fc32512 269db063986247d5bc3864b7c9500512 - - default default] Successfully bumped revision number for resource 2b2b6134-fca4-4cb1-8dfa-dd47bf8ce3cf (type: ports) to 1
2026-05-30 02:58:16.453 10 INFO neutron.db.ovn_revision_numbers_db [None req-380526fb-0e4a-4e83-8e71-c90ed81793b0 88748d8d1190423592fbfdb275443ac7 31dd26b1b1f444dc8141bdabb0e4323a - - default default] Successfully bumped revision number for resource 3f71cce0-6d4d-4bb9-9abe-0abff0e3d180 (type: security_group_rules) to 0
2026-05-30 02:58:16.462 9 INFO neutron.wsgi [None req-56871672-866d-406f-8860-0da3e6803199 5edb02b4cb0444ef949b94b1de33b691 a00236af58484b30a93367345b3ac4d2 - - default default] 10.0.0.78 "GET /v2.0/ports/5f2f1b41-427d-4267-b0ed-835c152eae99 HTTP/1.1" status: 200 len: 1135 time: 0.1707799
2026-05-30 02:58:16.488 10 INFO neutron.wsgi [None req-380526fb-0e4a-4e83-8e71-c90ed81793b0 88748d8d1190423592fbfdb275443ac7 31dd26b1b1f444dc8141bdabb0e4323a - - default default] 10.0.0.78 "POST /v2.0/security-group-rules HTTP/1.1" status: 201 len: 769 time: 0.2470877
2026-05-30 02:58:16.491 10 INFO neutron.wsgi [None req-f4398409-591d-45e9-a83c-cb502f3e784d a725d6324237453e807d27015fc32512 269db063986247d5bc3864b7c9500512 - - default default] 10.0.0.78 "POST /v2.0/networks HTTP/1.1" status: 201 len: 853 time: 0.7035856
2026-05-30 02:58:16.495 9 INFO neutron.wsgi [req-f41fbf5d-8003-4454-ba65-31d56080b856 req-9a1c95a8-b4f6-466b-9038-0fd7a613b267 e4846b997c244ad39ba985ef728c18b0 554117ef52094691863c2f76bcc47aea - - 086c14915e1744adb37f7df17ca4858a 086c14915e1744adb37f7df17ca4858a] 199.204.45.65 "GET /v2.0/networks/3c61650e-af13-48f4-b48e-8b9a1d825a8b?fields=segments HTTP/1.1" status: 200 len: 212 time: 0.1151969
2026-05-30 02:58:16.497 10 WARNING neutron_lib.context [None req-c3196e1c-377d-4bd5-841a-63571857abba 88748d8d1190423592fbfdb275443ac7 31dd26b1b1f444dc8141bdabb0e4323a - - default default] Method 'is_advsvc' is deprecated since 2023.2 release (neutron-lib 3.8.0) and will be removed once support for the old RBAC API policies will be removed from Neutron. Please use method 'is_service_role' instead.
2026-05-30 02:58:16.648 9 INFO neutron.wsgi [req-f41fbf5d-8003-4454-ba65-31d56080b856 req-72e155aa-ae71-4f8c-9871-65cdd0dbb33f e4846b997c244ad39ba985ef728c18b0 554117ef52094691863c2f76bcc47aea - - 086c14915e1744adb37f7df17ca4858a 086c14915e1744adb37f7df17ca4858a] 199.204.45.65 "GET /v2.0/networks/3c61650e-af13-48f4-b48e-8b9a1d825a8b?fields=provider%3Aphysical_network&fields=provider%3Anetwork_type HTTP/1.1" status: 200 len: 277 time: 0.1352785
2026-05-30 02:58:16.676 9 INFO neutron.wsgi [req-fb80061a-729b-42db-878c-92bcfe090c6f req-f759da68-091b-43c2-a549-8f0395dbb24f a01322a9a4324917bbd8563d4cf0550e fb24dfb9fcae405ba59274f9b1e60101 - - default default] 10.0.0.31 "GET /v2.0/ports?device_id=11b03dd1-4b1a-4af6-b541-109a96d95b1a HTTP/1.1" status: 200 len: 1168 time: 0.0668807
2026-05-30 02:58:16.749 9 INFO neutron.wsgi [req-fb80061a-729b-42db-878c-92bcfe090c6f req-e7c9503e-d2e1-43a7-af31-1cded73b71f4 a01322a9a4324917bbd8563d4cf0550e fb24dfb9fcae405ba59274f9b1e60101 - - default default] 10.0.0.31 "GET /v2.0/security-groups?id=2a93be56-c7df-4bf7-ab83-169bc749e3f9&fields=id&fields=name HTTP/1.1" status: 200 len: 313 time: 0.0631483
2026-05-30 02:58:16.814 10 WARNING neutron.scheduler.dhcp_agent_scheduler [None req-c3196e1c-377d-4bd5-841a-63571857abba 88748d8d1190423592fbfdb275443ac7 31dd26b1b1f444dc8141bdabb0e4323a - - default default] No more DHCP agents
2026-05-30 02:58:16.816 10 WARNING neutron.api.rpc.agentnotifiers.dhcp_rpc_agent_api [None req-c3196e1c-377d-4bd5-841a-63571857abba 88748d8d1190423592fbfdb275443ac7 31dd26b1b1f444dc8141bdabb0e4323a - - default default] Unable to schedule network a943bc15-3938-4712-be78-3646dce8b1af: no agents available; will retry on subsequent port and subnet creation events.
2026-05-30 02:58:16.984 10 WARNING neutron_lib.context [None req-0f4ebd23-a343-4dac-bc66-d900a24f8167 a725d6324237453e807d27015fc32512 269db063986247d5bc3864b7c9500512 - - default default] Method 'is_advsvc' is deprecated since 2023.2 release (neutron-lib 3.8.0) and will be removed once support for the old RBAC API policies will be removed from Neutron. Please use method 'is_service_role' instead.
2026-05-30 02:58:17.046 10 WARNING neutron_lib.context [None req-0f4ebd23-a343-4dac-bc66-d900a24f8167 a725d6324237453e807d27015fc32512 269db063986247d5bc3864b7c9500512 - - default default] Method 'is_advsvc' is deprecated since 2023.2 release (neutron-lib 3.8.0) and will be removed once support for the old RBAC API policies will be removed from Neutron. Please use method 'is_service_role' instead.
2026-05-30 02:58:17.073 9 WARNING neutron.scheduler.dhcp_agent_scheduler [None req-80fb42e5-3dc7-4c8b-93e3-6d705c986950 5edb02b4cb0444ef949b94b1de33b691 a00236af58484b30a93367345b3ac4d2 - - default default] No more DHCP agents
2026-05-30 02:58:17.075 9 WARNING neutron.api.rpc.agentnotifiers.dhcp_rpc_agent_api [None req-80fb42e5-3dc7-4c8b-93e3-6d705c986950 5edb02b4cb0444ef949b94b1de33b691 a00236af58484b30a93367345b3ac4d2 - - default default] Unable to schedule network efd8b810-2521-4874-a196-1fb5bc57229d: no agents available; will retry on subsequent port and subnet creation events.
2026-05-30 02:58:17.272 9 INFO neutron.db.ovn_revision_numbers_db [None req-80fb42e5-3dc7-4c8b-93e3-6d705c986950 5edb02b4cb0444ef949b94b1de33b691 a00236af58484b30a93367345b3ac4d2 - - default default] Successfully bumped revision number for resource 8a053acb-768c-4f67-a005-76c3d8f5682c (type: ports) to 1
2026-05-30 02:58:17.301 10 INFO neutron.db.ovn_revision_numbers_db [None req-c3196e1c-377d-4bd5-841a-63571857abba 88748d8d1190423592fbfdb275443ac7 31dd26b1b1f444dc8141bdabb0e4323a - - default default] Successfully bumped revision number for resource 658b1a74-135d-47f4-a8df-c0f9050d456b (type: floatingips) to 0
2026-05-30 02:58:17.324 10 INFO neutron.wsgi [None req-c3196e1c-377d-4bd5-841a-63571857abba 88748d8d1190423592fbfdb275443ac7 31dd26b1b1f444dc8141bdabb0e4323a - - default default] 10.0.0.78 "POST /v2.0/floatingips HTTP/1.1" status: 201 len: 751 time: 0.8321414
2026-05-30 02:58:17.554 10 WARNING neutron.scheduler.dhcp_agent_scheduler [None req-0f4ebd23-a343-4dac-bc66-d900a24f8167 a725d6324237453e807d27015fc32512 269db063986247d5bc3864b7c9500512 - - default default] No more DHCP agents
2026-05-30 02:58:17.556 10 WARNING neutron.api.rpc.agentnotifiers.dhcp_rpc_agent_api [None req-0f4ebd23-a343-4dac-bc66-d900a24f8167 a725d6324237453e807d27015fc32512 269db063986247d5bc3864b7c9500512 - - default default] Unable to schedule network 380f1042-3384-4fa0-8c54-994f4283b8b9: no agents available; will retry on subsequent port and subnet creation events.
2026-05-30 02:58:17.590 10 INFO neutron.db.ovn_revision_numbers_db [None req-0f4ebd23-a343-4dac-bc66-d900a24f8167 a725d6324237453e807d27015fc32512 269db063986247d5bc3864b7c9500512 - - default default] Successfully bumped revision number for resource 77df109d-9689-49dd-b790-d9ec348e4690 (type: subnets) to 0
2026-05-30 02:58:17.615 10 WARNING neutron.scheduler.dhcp_agent_scheduler [None req-0f4ebd23-a343-4dac-bc66-d900a24f8167 a725d6324237453e807d27015fc32512 269db063986247d5bc3864b7c9500512 - - default default] No more DHCP agents
2026-05-30 02:58:17.619 10 WARNING neutron.api.rpc.agentnotifiers.dhcp_rpc_agent_api [None req-0f4ebd23-a343-4dac-bc66-d900a24f8167 a725d6324237453e807d27015fc32512 269db063986247d5bc3864b7c9500512 - - default default] Unable to schedule network 43e6c8d3-8212-4b08-8f6d-85c6f14c6bbc: no agents available; will retry on subsequent port and subnet creation events.
2026-05-30 02:58:17.653 10 INFO neutron.db.ovn_revision_numbers_db [None req-0f4ebd23-a343-4dac-bc66-d900a24f8167 a725d6324237453e807d27015fc32512 269db063986247d5bc3864b7c9500512 - - default default] Successfully bumped revision number for resource 95442dc9-dce0-4c3d-b7c5-af996fb74591 (type: subnets) to 0
2026-05-30 02:58:17.671 10 INFO neutron.wsgi [None req-0f4ebd23-a343-4dac-bc66-d900a24f8167 a725d6324237453e807d27015fc32512 269db063986247d5bc3864b7c9500512 - - default default] 10.0.0.78 "POST /v2.0/subnets HTTP/1.1" status: 201 len: 1475 time: 0.6926324
2026-05-30 02:58:17.718 10 INFO neutron.wsgi [None req-4b4c0c2a-f705-42b5-b729-635b1c581fa6 a725d6324237453e807d27015fc32512 269db063986247d5bc3864b7c9500512 - - default default] 10.0.0.78 "GET /v2.0/subnets HTTP/1.1" status: 200 len: 2083 time: 0.0427082
2026-05-30 02:58:17.755 10 INFO neutron.plugins.ml2.drivers.ovn.mech_driver.mech_driver [None req-6c3f93a1-c130-497e-9a8d-ffb6e57dd8ac - - - - - -] OVN reports status up for port: 8a053acb-768c-4f67-a005-76c3d8f5682c
2026-05-30 02:58:17.769 10 INFO neutron.wsgi [req-ce5e08ea-29d3-4fb7-b1fa-f61ea7fb3c77 req-e2d7c8d7-4ad6-49c6-b02e-2ccc49695940 88748d8d1190423592fbfdb275443ac7 31dd26b1b1f444dc8141bdabb0e4323a - - default default] 10.0.0.31 "GET /v2.0/security-groups?name=tempest-securitygroup--2117983872&fields=id&tenant_id=31dd26b1b1f444dc8141bdabb0e4323a HTTP/1.1" status: 200 len: 267 time: 0.0622177
2026-05-30 02:58:17.772 10 INFO neutron.plugins.ml2.plugin [None req-6c3f93a1-c130-497e-9a8d-ffb6e57dd8ac - - - - - -] Attempt 1 to provision port 8a053acb-768c-4f67-a005-76c3d8f5682c
2026-05-30 02:58:17.777 9 INFO neutron.db.ovn_revision_numbers_db [None req-80fb42e5-3dc7-4c8b-93e3-6d705c986950 5edb02b4cb0444ef949b94b1de33b691 a00236af58484b30a93367345b3ac4d2 - - default default] Successfully bumped revision number for resource 8a053acb-768c-4f67-a005-76c3d8f5682c (type: router_ports) to 1
2026-05-30 02:58:17.878 9 INFO neutron.wsgi [req-bfe0873d-4ffe-4a25-92c0-427c0482c3d2 req-8fc1036c-e5cb-4eb6-b68a-50505e6c9fec a01322a9a4324917bbd8563d4cf0550e fb24dfb9fcae405ba59274f9b1e60101 - - default default] 10.0.0.31 "GET /v2.0/ports?device_id=11b03dd1-4b1a-4af6-b541-109a96d95b1a HTTP/1.1" status: 200 len: 1168 time: 0.0590453
2026-05-30 02:58:17.899 10 INFO neutron.wsgi [req-ce5e08ea-29d3-4fb7-b1fa-f61ea7fb3c77 req-a9b98a96-0edd-432d-9f73-cdd063cfcba4 88748d8d1190423592fbfdb275443ac7 31dd26b1b1f444dc8141bdabb0e4323a - - default default] 10.0.0.31 "GET /v2.0/networks?id=986df58c-55ab-44f5-9b69-02f33b09e9df HTTP/1.1" status: 200 len: 868 time: 0.1228848
2026-05-30 02:58:17.924 10 INFO neutron.wsgi [req-ce5e08ea-29d3-4fb7-b1fa-f61ea7fb3c77 req-add0ba83-1dd0-4ab5-a246-a2ed6e2e7418 88748d8d1190423592fbfdb275443ac7 31dd26b1b1f444dc8141bdabb0e4323a - - default default] 10.0.0.31 "GET /v2.0/quotas/31dd26b1b1f444dc8141bdabb0e4323a HTTP/1.1" status: 200 len: 386 time: 0.0167415
2026-05-30 02:58:17.943 9 INFO neutron.wsgi [req-bfe0873d-4ffe-4a25-92c0-427c0482c3d2 req-cfbacbbf-5256-4bc8-ba05-ed91c7e40a15 a01322a9a4324917bbd8563d4cf0550e fb24dfb9fcae405ba59274f9b1e60101 - - default default] 10.0.0.31 "GET /v2.0/security-groups?id=2a93be56-c7df-4bf7-ab83-169bc749e3f9&fields=id&fields=name HTTP/1.1" status: 200 len: 313 time: 0.0558770
2026-05-30 02:58:17.998 9 INFO neutron.db.ovn_revision_numbers_db [None req-80fb42e5-3dc7-4c8b-93e3-6d705c986950 5edb02b4cb0444ef949b94b1de33b691 a00236af58484b30a93367345b3ac4d2 - - default default] Successfully bumped revision number for resource 8a053acb-768c-4f67-a005-76c3d8f5682c (type: ports) to 1
2026-05-30 02:58:18.067 9 WARNING neutron.scheduler.dhcp_agent_scheduler [None req-80fb42e5-3dc7-4c8b-93e3-6d705c986950 5edb02b4cb0444ef949b94b1de33b691 a00236af58484b30a93367345b3ac4d2 - - default default] No more DHCP agents
2026-05-30 02:58:18.068 9 WARNING neutron.api.rpc.agentnotifiers.dhcp_rpc_agent_api [None req-80fb42e5-3dc7-4c8b-93e3-6d705c986950 5edb02b4cb0444ef949b94b1de33b691 a00236af58484b30a93367345b3ac4d2 - - default default] Unable to schedule network efd8b810-2521-4874-a196-1fb5bc57229d: no agents available; will retry on subsequent port and subnet creation events.
2026-05-30 02:58:18.068 10 INFO neutron.wsgi [None req-61e7912e-b1b3-4c47-90ec-37887f1c8153 a725d6324237453e807d27015fc32512 269db063986247d5bc3864b7c9500512 - - default default] 10.0.0.78 "DELETE /v2.0/subnets/77df109d-9689-49dd-b790-d9ec348e4690 HTTP/1.1" status: 204 len: 168 time: 0.3375113
2026-05-30 02:58:18.071 10 INFO neutron.wsgi [req-ce5e08ea-29d3-4fb7-b1fa-f61ea7fb3c77 req-f5e0785d-47cc-4abd-949e-960286b797ad 88748d8d1190423592fbfdb275443ac7 31dd26b1b1f444dc8141bdabb0e4323a - - default default] 10.0.0.31 "GET /v2.0/ports?tenant_id=31dd26b1b1f444dc8141bdabb0e4323a&fields=id HTTP/1.1" status: 200 len: 302 time: 0.1387317
2026-05-30 02:58:18.165 10 INFO neutron.wsgi [req-ce5e08ea-29d3-4fb7-b1fa-f61ea7fb3c77 req-6fca8576-efcc-47ba-a883-56ad72c7b9a5 e4846b997c244ad39ba985ef728c18b0 554117ef52094691863c2f76bcc47aea - - 086c14915e1744adb37f7df17ca4858a 086c14915e1744adb37f7df17ca4858a] 10.0.0.31 "GET /v2.0/networks/986df58c-55ab-44f5-9b69-02f33b09e9df?fields=segments HTTP/1.1" status: 200 len: 212 time: 0.0800116
2026-05-30 02:58:18.243 10 INFO neutron.db.ovn_revision_numbers_db [None req-6c3f93a1-c130-497e-9a8d-ffb6e57dd8ac - - - - - -] Successfully bumped revision number for resource 8a053acb-768c-4f67-a005-76c3d8f5682c (type: ports) to 2
