2026-05-30 02:58:58.965 9 INFO neutron.wsgi [None req-8dea990a-64e0-44d5-83b9-d0d1bd6be44c 0aa11f499c664a15938ae7b26f7372bf 89596e1abd4f4b71a2c08937e856c021 - - default default] 10.0.0.78 "GET /v2.0/ports/8e45c8da-1c13-4c37-b6c6-3fba68a41bea HTTP/1.1" status: 200 len: 973 time: 0.0379274
2026-05-30 02:58:58.990 9 INFO neutron.pecan_wsgi.hooks.translation [None req-229865cc-a0c2-4dd6-83a4-948861974d3c 0aa11f499c664a15938ae7b26f7372bf 89596e1abd4f4b71a2c08937e856c021 - - default default] DELETE failed (client error): The resource could not be found.
2026-05-30 02:58:58.993 9 INFO neutron.wsgi [None req-229865cc-a0c2-4dd6-83a4-948861974d3c 0aa11f499c664a15938ae7b26f7372bf 89596e1abd4f4b71a2c08937e856c021 - - default default] 10.0.0.78 "DELETE /v2.0/ports/4690a77d-dc75-43fa-9478-b458d4d43c11 HTTP/1.1" status: 404 len: 333 time: 0.0199099
2026-05-30 02:58:59.015 9 INFO neutron.pecan_wsgi.hooks.translation [None req-8bbb6e33-f4a0-4045-9be9-c273b15f5826 0aa11f499c664a15938ae7b26f7372bf 89596e1abd4f4b71a2c08937e856c021 - - default default] DELETE failed (client error): The resource could not be found.
2026-05-30 02:58:59.017 9 INFO neutron.wsgi [None req-8bbb6e33-f4a0-4045-9be9-c273b15f5826 0aa11f499c664a15938ae7b26f7372bf 89596e1abd4f4b71a2c08937e856c021 - - default default] 10.0.0.78 "DELETE /v2.0/subnets/2d273a46-bc75-400e-8e9e-cb0322a0875d HTTP/1.1" status: 404 len: 337 time: 0.0186658
2026-05-30 02:58:59.036 9 INFO neutron.pecan_wsgi.hooks.translation [None req-27ab5f5c-412c-42af-89a0-6b714aa76c45 0aa11f499c664a15938ae7b26f7372bf 89596e1abd4f4b71a2c08937e856c021 - - default default] DELETE failed (client error): The resource could not be found.
2026-05-30 02:58:59.039 9 INFO neutron.wsgi [None req-27ab5f5c-412c-42af-89a0-6b714aa76c45 0aa11f499c664a15938ae7b26f7372bf 89596e1abd4f4b71a2c08937e856c021 - - default default] 10.0.0.78 "DELETE /v2.0/subnets/f794c188-146e-42ff-81ba-795e759be935 HTTP/1.1" status: 404 len: 337 time: 0.0169234
2026-05-30 02:58:59.074 10 INFO neutron.db.ovn_revision_numbers_db [None req-2b97ec6b-2466-4a3e-a377-5d37641ad196 0aa8b3db02e844fea94f41a4e43dcbf5 68ad9cc310aa4c6db3ebe292785ea6b4 - - default default] Successfully bumped revision number for resource 376e47d1-7d72-4841-9ce8-1fd06d9b2fee (type: security_groups) to 1
2026-05-30 02:58:59.088 10 INFO neutron.db.ovn_revision_numbers_db [None req-2b97ec6b-2466-4a3e-a377-5d37641ad196 0aa8b3db02e844fea94f41a4e43dcbf5 68ad9cc310aa4c6db3ebe292785ea6b4 - - default default] Successfully bumped revision number for resource 0dfcf409-258e-4717-8ba4-b33e38ef5e7e (type: security_group_rules) to 0
2026-05-30 02:58:59.103 10 INFO neutron.db.ovn_revision_numbers_db [None req-2b97ec6b-2466-4a3e-a377-5d37641ad196 0aa8b3db02e844fea94f41a4e43dcbf5 68ad9cc310aa4c6db3ebe292785ea6b4 - - default default] Successfully bumped revision number for resource 732d5fca-63c9-48c1-bda3-8b0c55d10f24 (type: security_group_rules) to 0
2026-05-30 02:58:59.117 10 INFO neutron.db.ovn_revision_numbers_db [None req-2b97ec6b-2466-4a3e-a377-5d37641ad196 0aa8b3db02e844fea94f41a4e43dcbf5 68ad9cc310aa4c6db3ebe292785ea6b4 - - default default] Successfully bumped revision number for resource c7ccdde6-5ccc-4418-bbe4-1cf0b37000fe (type: security_group_rules) to 0
2026-05-30 02:58:59.131 10 INFO neutron.db.ovn_revision_numbers_db [None req-2b97ec6b-2466-4a3e-a377-5d37641ad196 0aa8b3db02e844fea94f41a4e43dcbf5 68ad9cc310aa4c6db3ebe292785ea6b4 - - default default] Successfully bumped revision number for resource f48ba3a7-3660-4f24-8414-33d052bc39ef (type: security_group_rules) to 0
2026-05-30 02:58:59.153 10 INFO neutron.wsgi [None req-2b97ec6b-2466-4a3e-a377-5d37641ad196 0aa8b3db02e844fea94f41a4e43dcbf5 68ad9cc310aa4c6db3ebe292785ea6b4 - - default default] 10.0.0.78 "GET /v2.0/security-groups?tenant_id=dcb4d56487fb4da59a0a50e8d1915acb&name=default HTTP/1.1" status: 200 len: 2996 time: 0.3502069
2026-05-30 02:58:59.251 9 INFO neutron.wsgi [None req-728ce025-708c-4c9d-b05b-46a060e552e4 0aa11f499c664a15938ae7b26f7372bf 89596e1abd4f4b71a2c08937e856c021 - - default default] 10.0.0.78 "DELETE /v2.0/ports/8e45c8da-1c13-4c37-b6c6-3fba68a41bea HTTP/1.1" status: 204 len: 168 time: 0.2064331
2026-05-30 02:58:59.339 10 INFO neutron.wsgi [None req-2ef38a51-9dc9-46ee-9c45-556b0c44c719 0aa8b3db02e844fea94f41a4e43dcbf5 68ad9cc310aa4c6db3ebe292785ea6b4 - - default default] 10.0.0.78 "DELETE /v2.0/security-groups/376e47d1-7d72-4841-9ce8-1fd06d9b2fee HTTP/1.1" status: 204 len: 168 time: 0.1815989
2026-05-30 02:58:59.458 9 INFO neutron.notifiers.nova [-] Nova event matching ['req-0680df43-59d1-41fc-80e9-6e96e13c7709'] response: {'server_uuid': '6c27212b-c0fc-41dd-b1f4-741b0a3fac3d', 'name': 'network-vif-plugged', 'status': 'completed', 'tag': '8c5b0a7d-d7a6-4fcd-aeb0-f290f9f5139e', 'code': 200}
2026-05-30 02:58:59.458 9 INFO neutron.notifiers.nova [-] Nova event matching ['req-0680df43-59d1-41fc-80e9-6e96e13c7709'] response: {'server_uuid': '6c27212b-c0fc-41dd-b1f4-741b0a3fac3d', 'name': 'network-vif-deleted', 'tag': '8c5b0a7d-d7a6-4fcd-aeb0-f290f9f5139e', 'status': 'completed', 'code': 200}
2026-05-30 02:58:59.615 9 INFO neutron.services.segments.plugin [-] Segment 1a106283-49c4-497d-a8d8-056e45d57b7e resource provider aggregate not found
2026-05-30 02:58:59.619 9 INFO neutron.services.segments.plugin [-] Segment 1a106283-49c4-497d-a8d8-056e45d57b7e resource provider aggregate not found
2026-05-30 02:58:59.632 9 INFO neutron.services.segments.plugin [-] Segment 1a106283-49c4-497d-a8d8-056e45d57b7e resource provider not found; error: Placement Client Error (4xx): {"errors": [{"status": 404, "title": "Not Found", "detail": "The resource could not be found.\n\n No resource provider with uuid 1a106283-49c4-497d-a8d8-056e45d57b7e found for delete ", "request_id": "req-a884445f-64e6-4bb1-907d-8cc24a5a4156"}]}
2026-05-30 02:58:59.635 9 INFO neutron.services.segments.plugin [-] Segment 1a106283-49c4-497d-a8d8-056e45d57b7e resource provider not found; error: Placement Client Error (4xx): {"errors": [{"status": 404, "title": "Not Found", "detail": "The resource could not be found.\n\n No resource provider with uuid 1a106283-49c4-497d-a8d8-056e45d57b7e found for delete ", "request_id": "req-c2e43ef8-b570-4075-8620-2d248a2d8eff"}]}
2026-05-30 02:58:59.655 9 INFO neutron.wsgi [None req-462cdf18-a578-41d0-9ba1-5a7ee3311e39 0aa11f499c664a15938ae7b26f7372bf 89596e1abd4f4b71a2c08937e856c021 - - default default] 10.0.0.78 "DELETE /v2.0/networks/1b5ebbfa-6221-4ab2-a82c-2de37b9a0501 HTTP/1.1" status: 204 len: 168 time: 0.3993754
2026-05-30 02:58:59.775 10 INFO neutron.wsgi [None req-ff58074e-7f50-4614-be5d-bad0941833dd ce2c23ce4e05414491bb332514a310e0 1d32f0447b8a407aad5b0687ea1a0daa - - default default] 10.0.0.78 "DELETE /v2.0/security-groups/2b0d3559-b371-45ad-b7c8-36e13406574f HTTP/1.1" status: 204 len: 168 time: 0.1268950
2026-05-30 02:58:59.794 10 INFO neutron.api.v2.resource [None req-9530e755-5e90-4eb8-8cdf-2224bae496a7 ce2c23ce4e05414491bb332514a310e0 1d32f0447b8a407aad5b0687ea1a0daa - - default default] show failed (client error): The resource could not be found.
2026-05-30 02:58:59.796 10 INFO neutron.wsgi [None req-9530e755-5e90-4eb8-8cdf-2224bae496a7 ce2c23ce4e05414491bb332514a310e0 1d32f0447b8a407aad5b0687ea1a0daa - - default default] 10.0.0.78 "GET /v2.0/security-groups/2b0d3559-b371-45ad-b7c8-36e13406574f HTTP/1.1" status: 404 len: 347 time: 0.0134649
2026-05-30 02:59:00.125 10 INFO neutron.wsgi [None req-a5ba1c72-fb0d-49d0-9301-232636bdb867 ce2c23ce4e05414491bb332514a310e0 1d32f0447b8a407aad5b0687ea1a0daa - - default default] 10.0.0.78 "DELETE /v2.0/floatingips/443a8481-2916-4cf8-9d13-ac800c901da9 HTTP/1.1" status: 204 len: 168 time: 0.3252401
2026-05-30 02:59:00.155 10 INFO neutron.wsgi [req-0b72e2e7-955f-4fd7-a4c0-376ddd4a06c3 req-0776181f-7444-4fc6-968c-10b78e25e746 e4846b997c244ad39ba985ef728c18b0 554117ef52094691863c2f76bcc47aea - - 086c14915e1744adb37f7df17ca4858a 086c14915e1744adb37f7df17ca4858a] 10.0.0.220 "GET /v2.0/ports?device_id=11b03dd1-4b1a-4af6-b541-109a96d95b1a HTTP/1.1" status: 200 len: 1409 time: 0.2763648
2026-05-30 02:59:00.196 10 INFO neutron.wsgi [req-0b72e2e7-955f-4fd7-a4c0-376ddd4a06c3 req-f906fe3e-51d6-4250-90d7-b98b3936c409 e4846b997c244ad39ba985ef728c18b0 554117ef52094691863c2f76bcc47aea - - 086c14915e1744adb37f7df17ca4858a 086c14915e1744adb37f7df17ca4858a] 10.0.0.220 "GET /v2.0/security-groups?id=2a93be56-c7df-4bf7-ab83-169bc749e3f9&fields=id&fields=name HTTP/1.1" status: 200 len: 313 time: 0.0314915
2026-05-30 02:59:00.244 10 INFO neutron.wsgi [None req-ea593a73-1140-4b09-9da4-ecdecd6eeabd 0aa8b3db02e844fea94f41a4e43dcbf5 68ad9cc310aa4c6db3ebe292785ea6b4 - - default default] 10.0.0.78 "GET /v2.0/security-groups?tenant_id=89596e1abd4f4b71a2c08937e856c021&name=default HTTP/1.1" status: 200 len: 2996 time: 0.0820751
2026-05-30 02:59:00.454 10 INFO neutron.wsgi [None req-b5383d8f-a8ee-4f14-9a2c-e933eb0717dc 0aa8b3db02e844fea94f41a4e43dcbf5 68ad9cc310aa4c6db3ebe292785ea6b4 - - default default] 10.0.0.78 "DELETE /v2.0/security-groups/2b8958f7-7183-4501-badd-344eb1978309 HTTP/1.1" status: 204 len: 168 time: 0.2052569
2026-05-30 02:59:01.338 9 INFO neutron.wsgi [None req-3f2bab6d-c19b-44c4-9b3d-c4123e50aa29 0aa8b3db02e844fea94f41a4e43dcbf5 68ad9cc310aa4c6db3ebe292785ea6b4 - - default default] 10.0.0.78 "PUT /v2.0/routers/f9c973f5-47eb-4e9b-aa41-63285c837a6a/remove_router_interface HTTP/1.1" status: 200 len: 503 time: 1.2071424 /var/lib/openstack/lib/python3.10/site-packages/pycadf/identifier.py:71: UserWarning: Invalid uuid: neutron. To ensure interoperability, identifiers should be a valid uuid. warnings.warn(('Invalid uuid: %s. To ensure interoperability, '
2026-05-30 02:59:02.391 10 WARNING neutron_lib.context [None req-cfef9b3d-a751-4e96-8e72-d9f9929b1b02 2d629338b4a44265b3aa861cefc383a3 33630ab0a5f34b5bae292e69e7a49309 - - default default] Method 'is_advsvc' is deprecated since 2023.2 release (neutron-lib 3.8.0) and will be removed once support for the old RBAC API policies will be removed from Neutron. Please use method 'is_service_role' instead.
2026-05-30 02:59:02.450 10 INFO neutron.wsgi [None req-cfef9b3d-a751-4e96-8e72-d9f9929b1b02 2d629338b4a44265b3aa861cefc383a3 33630ab0a5f34b5bae292e69e7a49309 - - default default] 10.0.0.78 "POST /v2.0/subnetpools HTTP/1.1" status: 201 len: 747 time: 0.2964535
2026-05-30 02:59:02.481 10 INFO neutron.wsgi [None req-47363d67-d730-46ba-b947-1d4de6c0ddf4 2d629338b4a44265b3aa861cefc383a3 33630ab0a5f34b5bae292e69e7a49309 - - default default] 10.0.0.78 "GET /v2.0/subnetpools/31ebe30b-59b2-47d4-aff6-df38ec7d2402 HTTP/1.1" status: 200 len: 742 time: 0.0256875
2026-05-30 02:59:02.514 9 INFO neutron.wsgi [None req-06dfe0f9-a4f1-4116-a671-898d3b29d66d 0aa8b3db02e844fea94f41a4e43dcbf5 68ad9cc310aa4c6db3ebe292785ea6b4 - - default default] 10.0.0.78 "DELETE /v2.0/routers/f9c973f5-47eb-4e9b-aa41-63285c837a6a HTTP/1.1" status: 204 len: 168 time: 1.1695411
2026-05-30 02:59:02.580 10 INFO neutron.wsgi [None req-8e14c50a-c018-497f-81d7-b4a8dafc007f 2d629338b4a44265b3aa861cefc383a3 33630ab0a5f34b5bae292e69e7a49309 - - default default] 10.0.0.78 "PUT /v2.0/subnetpools/31ebe30b-59b2-47d4-aff6-df38ec7d2402 HTTP/1.1" status: 200 len: 694 time: 0.0938749
2026-05-30 02:59:02.656 9 INFO neutron.wsgi [None req-4d3b2973-3cd8-42e7-80fb-727ac0f9287f 2d629338b4a44265b3aa861cefc383a3 33630ab0a5f34b5bae292e69e7a49309 - - default default] 10.0.0.78 "DELETE /v2.0/subnetpools/31ebe30b-59b2-47d4-aff6-df38ec7d2402 HTTP/1.1" status: 204 len: 168 time: 0.0685053
2026-05-30 02:59:02.678 10 INFO neutron.api.v2.resource [None req-81a330ce-534b-40c6-8cbc-d23d3659940e 2d629338b4a44265b3aa861cefc383a3 33630ab0a5f34b5bae292e69e7a49309 - - default default] show failed (client error): The resource could not be found.
2026-05-30 02:59:02.679 10 INFO neutron.wsgi [None req-81a330ce-534b-40c6-8cbc-d23d3659940e 2d629338b4a44265b3aa861cefc383a3 33630ab0a5f34b5bae292e69e7a49309 - - default default] 10.0.0.78 "GET /v2.0/subnetpools/31ebe30b-59b2-47d4-aff6-df38ec7d2402 HTTP/1.1" status: 404 len: 346 time: 0.0178306
2026-05-30 02:59:02.699 9 INFO neutron.api.v2.resource [None req-6743ddef-9faf-4d25-b3dd-b4e49aa9008a 2d629338b4a44265b3aa861cefc383a3 33630ab0a5f34b5bae292e69e7a49309 - - default default] delete failed (client error): The resource could not be found.
2026-05-30 02:59:02.700 9 INFO neutron.wsgi [None req-6743ddef-9faf-4d25-b3dd-b4e49aa9008a 2d629338b4a44265b3aa861cefc383a3 33630ab0a5f34b5bae292e69e7a49309 - - default default] 10.0.0.78 "DELETE /v2.0/subnetpools/31ebe30b-59b2-47d4-aff6-df38ec7d2402 HTTP/1.1" status: 404 len: 346 time: 0.0152733
2026-05-30 02:59:02.721 10 INFO neutron.wsgi [None req-3a4d04d1-1c5c-4a64-9064-c616dbd83252 0aa8b3db02e844fea94f41a4e43dcbf5 68ad9cc310aa4c6db3ebe292785ea6b4 - - default default] 10.0.0.78 "DELETE /v2.0/subnets/ede46566-2fe7-4608-ac3e-b40532972a2b HTTP/1.1" status: 204 len: 168 time: 0.2015734
2026-05-30 02:59:02.751 9 INFO neutron.db.ovn_revision_numbers_db [None req-8d34fba1-5c23-4d57-9fa5-4cd03376752f 0aa8b3db02e844fea94f41a4e43dcbf5 68ad9cc310aa4c6db3ebe292785ea6b4 - - default default] Successfully bumped revision number for resource e39ae273-5936-42aa-ac64-9a33c4cd5167 (type: security_groups) to 1
2026-05-30 02:59:02.774 9 INFO neutron.db.ovn_revision_numbers_db [None req-8d34fba1-5c23-4d57-9fa5-4cd03376752f 0aa8b3db02e844fea94f41a4e43dcbf5 68ad9cc310aa4c6db3ebe292785ea6b4 - - default default] Successfully bumped revision number for resource 9000078e-fb5b-408b-9bc7-48398307f662 (type: security_group_rules) to 0
2026-05-30 02:59:02.787 9 INFO neutron.db.ovn_revision_numbers_db [None req-8d34fba1-5c23-4d57-9fa5-4cd03376752f 0aa8b3db02e844fea94f41a4e43dcbf5 68ad9cc310aa4c6db3ebe292785ea6b4 - - default default] Successfully bumped revision number for resource a88a992d-9a7b-494c-839c-08e2a178ed18 (type: security_group_rules) to 0
2026-05-30 02:59:02.799 9 INFO neutron.db.ovn_revision_numbers_db [None req-8d34fba1-5c23-4d57-9fa5-4cd03376752f 0aa8b3db02e844fea94f41a4e43dcbf5 68ad9cc310aa4c6db3ebe292785ea6b4 - - default default] Successfully bumped revision number for resource c1dc3501-34e1-4df0-b1f1-d1e7b788d21f (type: security_group_rules) to 0
2026-05-30 02:59:02.814 9 INFO neutron.db.ovn_revision_numbers_db [None req-8d34fba1-5c23-4d57-9fa5-4cd03376752f 0aa8b3db02e844fea94f41a4e43dcbf5 68ad9cc310aa4c6db3ebe292785ea6b4 - - default default] Successfully bumped revision number for resource ca099fe3-b3f2-44ad-bb16-a7f9b21dd9f0 (type: security_group_rules) to 0
2026-05-30 02:59:02.840 9 INFO neutron.wsgi [None req-8d34fba1-5c23-4d57-9fa5-4cd03376752f 0aa8b3db02e844fea94f41a4e43dcbf5 68ad9cc310aa4c6db3ebe292785ea6b4 - - default default] 10.0.0.78 "GET /v2.0/security-groups?tenant_id=9de86c64e09d4901996b934362a94ec2&name=default HTTP/1.1" status: 200 len: 2996 time: 0.3226960
2026-05-30 02:59:03.039 10 INFO neutron.services.segments.plugin [-] Segment 5a88df53-67d9-45bf-b387-33395d17fa72 resource provider aggregate not found
2026-05-30 02:59:03.043 10 INFO neutron.services.segments.plugin [-] Segment 5a88df53-67d9-45bf-b387-33395d17fa72 resource provider aggregate not found
2026-05-30 02:59:03.045 9 INFO neutron.wsgi [None req-403f30c5-f654-443c-8127-6e41bb2af382 0aa8b3db02e844fea94f41a4e43dcbf5 68ad9cc310aa4c6db3ebe292785ea6b4 - - default default] 10.0.0.78 "DELETE /v2.0/security-groups/e39ae273-5936-42aa-ac64-9a33c4cd5167 HTTP/1.1" status: 204 len: 168 time: 0.2008822
2026-05-30 02:59:03.060 10 INFO neutron.services.segments.plugin [-] Segment 5a88df53-67d9-45bf-b387-33395d17fa72 resource provider not found; error: Placement Client Error (4xx): {"errors": [{"status": 404, "title": "Not Found", "detail": "The resource could not be found.\n\n No resource provider with uuid 5a88df53-67d9-45bf-b387-33395d17fa72 found for delete ", "request_id": "req-a7259e77-cc93-4397-b015-5f03467e7ee6"}]}
2026-05-30 02:59:03.063 10 INFO neutron.services.segments.plugin [-] Segment 5a88df53-67d9-45bf-b387-33395d17fa72 resource provider not found; error: Placement Client Error (4xx): {"errors": [{"status": 404, "title": "Not Found", "detail": "The resource could not be found.\n\n No resource provider with uuid 5a88df53-67d9-45bf-b387-33395d17fa72 found for delete ", "request_id": "req-1d93b94d-0ae5-4852-9cd1-3b43c4e478cc"}]}
2026-05-30 02:59:03.090 10 INFO neutron.wsgi [None req-8176f5c2-7d6e-4832-a72c-82a6f0722236 0aa8b3db02e844fea94f41a4e43dcbf5 68ad9cc310aa4c6db3ebe292785ea6b4 - - default default] 10.0.0.78 "DELETE /v2.0/networks/011e5150-763e-43eb-bf0f-e11b8d0bbb1a HTTP/1.1" status: 204 len: 168 time: 0.3630509
2026-05-30 02:59:03.293 9 INFO neutron.wsgi [None req-57e7cfbe-3207-4ad2-a7de-897494214e10 0aa8b3db02e844fea94f41a4e43dcbf5 68ad9cc310aa4c6db3ebe292785ea6b4 - - default default] 10.0.0.78 "GET /v2.0/security-groups?tenant_id=1d32f0447b8a407aad5b0687ea1a0daa&name=default HTTP/1.1" status: 200 len: 2996 time: 0.0367668
2026-05-30 02:59:03.337 10 INFO neutron.wsgi [req-42b13a4f-39b9-4268-af23-1d2cda7b7b45 req-41d53fa6-23f5-4be4-b152-7d007c0c88ce a01322a9a4324917bbd8563d4cf0550e fb24dfb9fcae405ba59274f9b1e60101 - - default default] 10.0.0.31 "GET /v2.0/ports?device_id=11b03dd1-4b1a-4af6-b541-109a96d95b1a HTTP/1.1" status: 200 len: 1170 time: 0.0886164
2026-05-30 02:59:03.388 10 INFO neutron.wsgi [req-42b13a4f-39b9-4268-af23-1d2cda7b7b45 req-0c4ffdc9-4195-49f6-98a9-8708e1027348 a01322a9a4324917bbd8563d4cf0550e fb24dfb9fcae405ba59274f9b1e60101 - - default default] 10.0.0.31 "GET /v2.0/security-groups?id=2a93be56-c7df-4bf7-ab83-169bc749e3f9&fields=id&fields=name HTTP/1.1" status: 200 len: 313 time: 0.0447755
2026-05-30 02:59:03.486 9 INFO neutron.wsgi [None req-31cda0fc-e37e-4b3a-a752-20d5597d3fd8 0aa8b3db02e844fea94f41a4e43dcbf5 68ad9cc310aa4c6db3ebe292785ea6b4 - - default default] 10.0.0.78 "DELETE /v2.0/security-groups/f7703c52-52b0-4e95-ad20-8249c33e7645 HTTP/1.1" status: 204 len: 168 time: 0.1894579
2026-05-30 02:59:03.502 10 INFO neutron.db.ovn_revision_numbers_db [None req-8b7f3f7d-34b8-4cd2-8f6c-0459c57398d3 0aa8b3db02e844fea94f41a4e43dcbf5 68ad9cc310aa4c6db3ebe292785ea6b4 - - default default] Successfully bumped revision number for resource 0f1b2701-8ad4-4e27-89b7-840bc95e78b9 (type: security_groups) to 1
2026-05-30 02:59:03.518 10 INFO neutron.db.ovn_revision_numbers_db [None req-8b7f3f7d-34b8-4cd2-8f6c-0459c57398d3 0aa8b3db02e844fea94f41a4e43dcbf5 68ad9cc310aa4c6db3ebe292785ea6b4 - - default default] Successfully bumped revision number for resource 15eda0f6-8483-4945-ae3a-fa2745402db8 (type: security_group_rules) to 0
2026-05-30 02:59:03.536 10 INFO neutron.db.ovn_revision_numbers_db [None req-8b7f3f7d-34b8-4cd2-8f6c-0459c57398d3 0aa8b3db02e844fea94f41a4e43dcbf5 68ad9cc310aa4c6db3ebe292785ea6b4 - - default default] Successfully bumped revision number for resource 2d76da57-8b9f-4cd7-9301-27d1f37246e1 (type: security_group_rules) to 0
2026-05-30 02:59:03.553 10 INFO neutron.db.ovn_revision_numbers_db [None req-8b7f3f7d-34b8-4cd2-8f6c-0459c57398d3 0aa8b3db02e844fea94f41a4e43dcbf5 68ad9cc310aa4c6db3ebe292785ea6b4 - - default default] Successfully bumped revision number for resource 69dc4a7b-5adc-45e1-a5f3-16b2c4d66ccb (type: security_group_rules) to 0
2026-05-30 02:59:03.580 10 INFO neutron.db.ovn_revision_numbers_db [None req-8b7f3f7d-34b8-4cd2-8f6c-0459c57398d3 0aa8b3db02e844fea94f41a4e43dcbf5 68ad9cc310aa4c6db3ebe292785ea6b4 - - default default] Successfully bumped revision number for resource 972ef28f-30ca-4c71-851c-8a51397d2451 (type: security_group_rules) to 0
2026-05-30 02:59:03.608 10 INFO neutron.wsgi [None req-8b7f3f7d-34b8-4cd2-8f6c-0459c57398d3 0aa8b3db02e844fea94f41a4e43dcbf5 68ad9cc310aa4c6db3ebe292785ea6b4 - - default default] 10.0.0.78 "GET /v2.0/security-groups?tenant_id=33630ab0a5f34b5bae292e69e7a49309&name=default HTTP/1.1" status: 200 len: 2996 time: 0.4312062
2026-05-30 02:59:03.613 10 INFO neutron.wsgi [req-6093ff74-efa4-4606-a300-cb5442dac80b req-fde1a1fa-b0d2-4550-9ebf-bc1becc4c763 a01322a9a4324917bbd8563d4cf0550e fb24dfb9fcae405ba59274f9b1e60101 - - default default] 10.0.0.31 "GET /v2.0/ports?device_id=11b03dd1-4b1a-4af6-b541-109a96d95b1a HTTP/1.1" status: 200 len: 1170 time: 0.0541358
2026-05-30 02:59:03.635 9 INFO neutron.plugins.ml2.drivers.ovn.mech_driver.mech_driver [None req-aac1a681-d7ab-412f-a4f5-58a54f6b1fdb - - - - - -] OVN reports status down for port: 7f80eac2-9aeb-4818-a0f1-d8d086c1de66
2026-05-30 02:59:03.660 10 INFO neutron.wsgi [req-6093ff74-efa4-4606-a300-cb5442dac80b req-40e1f177-5e47-4b3e-8590-0bedc17cc9d7 a01322a9a4324917bbd8563d4cf0550e fb24dfb9fcae405ba59274f9b1e60101 - - default default] 10.0.0.31 "GET /v2.0/security-groups?id=2a93be56-c7df-4bf7-ab83-169bc749e3f9&fields=id&fields=name HTTP/1.1" status: 200 len: 313 time: 0.0418186
2026-05-30 02:59:03.819 9 INFO neutron.notifiers.nova [-] Nova event matching ['req-2d2a10ad-a907-4f03-860a-d34a0a18d793'] response: {'server_uuid': '11b03dd1-4b1a-4af6-b541-109a96d95b1a', 'name': 'network-vif-unplugged', 'status': 'completed', 'tag': '7f80eac2-9aeb-4818-a0f1-d8d086c1de66', 'code': 200}
2026-05-30 02:59:03.944 9 INFO neutron.wsgi [None req-6e11a161-0aec-42c0-bc7c-a26ace6ad247 0aa8b3db02e844fea94f41a4e43dcbf5 68ad9cc310aa4c6db3ebe292785ea6b4 - - default default] 10.0.0.78 "DELETE /v2.0/security-groups/0f1b2701-8ad4-4e27-89b7-840bc95e78b9 HTTP/1.1" status: 204 len: 168 time: 0.3323536
2026-05-30 02:59:04.024 9 INFO neutron.wsgi [req-41cf1300-6748-48b3-bba7-c4560aaee55c req-a06ee7ab-8794-4847-8d5d-483326a94a08 a01322a9a4324917bbd8563d4cf0550e fb24dfb9fcae405ba59274f9b1e60101 - - default default] 199.204.45.65 "GET /v2.0/ports?device_id=11b03dd1-4b1a-4af6-b541-109a96d95b1a HTTP/1.1" status: 200 len: 1168 time: 0.1372881
2026-05-30 02:59:04.046 9 INFO neutron.db.ovn_revision_numbers_db [None req-aac1a681-d7ab-412f-a4f5-58a54f6b1fdb - - - - - -] Successfully bumped revision number for resource 7f80eac2-9aeb-4818-a0f1-d8d086c1de66 (type: ports) to 7
2026-05-30 02:59:04.419 9 INFO neutron.db.l3_db [req-41cf1300-6748-48b3-bba7-c4560aaee55c req-16c7c49c-b276-449a-8bb2-0fdac03826dd a01322a9a4324917bbd8563d4cf0550e fb24dfb9fcae405ba59274f9b1e60101 - - default default] Floating IP 5b71bf28-c5f4-4c29-b43f-570846cb5bfc disassociated. External IP: 10.96.250.215, port: 7f80eac2-9aeb-4818-a0f1-d8d086c1de66.
2026-05-30 02:59:04.613 9 INFO neutron.wsgi [req-41cf1300-6748-48b3-bba7-c4560aaee55c req-16c7c49c-b276-449a-8bb2-0fdac03826dd a01322a9a4324917bbd8563d4cf0550e fb24dfb9fcae405ba59274f9b1e60101 - - default default] 199.204.45.65 "DELETE /v2.0/ports/7f80eac2-9aeb-4818-a0f1-d8d086c1de66 HTTP/1.1" status: 204 len: 173 time: 0.5785041
2026-05-30 02:59:04.816 10 INFO neutron.wsgi [req-d17dcc61-5f3f-42c7-95c3-5f44d4ef6b66 req-2cc378f9-2686-4fb5-9f19-5ac176ed955f a01322a9a4324917bbd8563d4cf0550e fb24dfb9fcae405ba59274f9b1e60101 - - default default] 10.0.0.31 "GET /v2.0/ports?device_id=11b03dd1-4b1a-4af6-b541-109a96d95b1a HTTP/1.1" status: 200 len: 210 time: 0.0419376
2026-05-30 02:59:05.853 9 INFO neutron.notifiers.nova [-] Nova event matching ['req-39c6364b-0907-4723-82f3-3eaddbbbd5c0'] response: {'server_uuid': '11b03dd1-4b1a-4af6-b541-109a96d95b1a', 'name': 'network-vif-plugged', 'status': 'completed', 'tag': '7f80eac2-9aeb-4818-a0f1-d8d086c1de66', 'code': 200}
2026-05-30 02:59:05.853 9 INFO neutron.notifiers.nova [-] Nova event matching ['req-39c6364b-0907-4723-82f3-3eaddbbbd5c0'] response: {'server_uuid': '11b03dd1-4b1a-4af6-b541-109a96d95b1a', 'name': 'network-vif-deleted', 'tag': '7f80eac2-9aeb-4818-a0f1-d8d086c1de66', 'status': 'completed', 'code': 200} /var/lib/openstack/lib/python3.10/site-packages/pycadf/identifier.py:71: UserWarning: Invalid uuid: neutron. To ensure interoperability, identifiers should be a valid uuid. warnings.warn(('Invalid uuid: %s. To ensure interoperability, '
2026-05-30 02:59:06.034 9 INFO neutron.wsgi [None req-0f8d64a0-9a28-405a-a0a5-71dff849b89f a01322a9a4324917bbd8563d4cf0550e fb24dfb9fcae405ba59274f9b1e60101 - - default default] 10.0.0.78 "DELETE /v2.0/security-groups/2a93be56-c7df-4bf7-ab83-169bc749e3f9 HTTP/1.1" status: 204 len: 168 time: 0.1226604
2026-05-30 02:59:06.048 9 INFO neutron.api.v2.resource [None req-1d324a18-d563-4ea4-b75b-b4288f0e8c88 a01322a9a4324917bbd8563d4cf0550e fb24dfb9fcae405ba59274f9b1e60101 - - default default] show failed (client error): The resource could not be found.
2026-05-30 02:59:06.049 9 INFO neutron.wsgi [None req-1d324a18-d563-4ea4-b75b-b4288f0e8c88 a01322a9a4324917bbd8563d4cf0550e fb24dfb9fcae405ba59274f9b1e60101 - - default default] 10.0.0.78 "GET /v2.0/security-groups/2a93be56-c7df-4bf7-ab83-169bc749e3f9 HTTP/1.1" status: 404 len: 347 time: 0.0103292
2026-05-30 02:59:06.395 9 INFO neutron.wsgi [None req-f5ba2c0e-a037-4744-912a-ff7b05d3b0fe a01322a9a4324917bbd8563d4cf0550e fb24dfb9fcae405ba59274f9b1e60101 - - default default] 10.0.0.78 "DELETE /v2.0/floatingips/5b71bf28-c5f4-4c29-b43f-570846cb5bfc HTTP/1.1" status: 204 len: 168 time: 0.3410063
2026-05-30 02:59:07.123 10 INFO neutron.wsgi [-] 10.0.0.42 "GET / HTTP/1.1" status: 200 len: 247 time: 0.0024652
2026-05-30 02:59:07.126 10 INFO neutron.wsgi [-] 10.0.0.42 "GET / HTTP/1.1" status: 200 len: 247 time: 0.0021784
2026-05-30 02:59:07.287 9 INFO neutron.wsgi [None req-0c9e07df-5d25-4d91-bacb-b2e1b4e2a993 0aa8b3db02e844fea94f41a4e43dcbf5 68ad9cc310aa4c6db3ebe292785ea6b4 - - default default] 10.0.0.78 "PUT /v2.0/routers/828503da-763b-48d7-b6f0-c3f32a11c453/remove_router_interface HTTP/1.1" status: 200 len: 503 time: 0.8865647
2026-05-30 02:59:07.682 10 INFO neutron.db.ovn_revision_numbers_db [None req-29664588-5983-4518-9e6e-600a0d4ac999 0aa8b3db02e844fea94f41a4e43dcbf5 68ad9cc310aa4c6db3ebe292785ea6b4 - - default default] Successfully bumped revision number for resource 0277ad18-fbdf-4f4c-897f-3b8234922b28 (type: security_groups) to 1
2026-05-30 02:59:07.706 10 INFO neutron.db.ovn_revision_numbers_db [None req-29664588-5983-4518-9e6e-600a0d4ac999 0aa8b3db02e844fea94f41a4e43dcbf5 68ad9cc310aa4c6db3ebe292785ea6b4 - - default default] Successfully bumped revision number for resource 015a68e3-a0de-4ddc-beca-1c05b3294f6d (type: security_group_rules) to 0
2026-05-30 02:59:07.719 10 INFO neutron.db.ovn_revision_numbers_db [None req-29664588-5983-4518-9e6e-600a0d4ac999 0aa8b3db02e844fea94f41a4e43dcbf5 68ad9cc310aa4c6db3ebe292785ea6b4 - - default default] Successfully bumped revision number for resource 37d356e3-4824-4149-b7b7-72f9bc2396db (type: security_group_rules) to 0
2026-05-30 02:59:07.747 10 INFO neutron.db.ovn_revision_numbers_db [None req-29664588-5983-4518-9e6e-600a0d4ac999 0aa8b3db02e844fea94f41a4e43dcbf5 68ad9cc310aa4c6db3ebe292785ea6b4 - - default default] Successfully bumped revision number for resource a2bb23a0-61f1-4433-8140-ded7e026981e (type: security_group_rules) to 0
2026-05-30 02:59:07.764 10 INFO neutron.db.ovn_revision_numbers_db [None req-29664588-5983-4518-9e6e-600a0d4ac999 0aa8b3db02e844fea94f41a4e43dcbf5 68ad9cc310aa4c6db3ebe292785ea6b4 - - default default] Successfully bumped revision number for resource ed83ddff-ba5f-4baa-b78e-e4e405deb54f (type: security_group_rules) to 0
2026-05-30 02:59:07.792 10 INFO neutron.wsgi [None req-29664588-5983-4518-9e6e-600a0d4ac999 0aa8b3db02e844fea94f41a4e43dcbf5 68ad9cc310aa4c6db3ebe292785ea6b4 - - default default] 10.0.0.78 "GET /v2.0/security-groups?tenant_id=58a52034bda248759b44b20fdd945856&name=default HTTP/1.1" status: 200 len: 2996 time: 0.5372250 /var/lib/openstack/lib/python3.10/site-packages/pycadf/identifier.py:71: UserWarning: Invalid uuid: neutron. To ensure interoperability, identifiers should be a valid uuid. warnings.warn(('Invalid uuid: %s. To ensure interoperability, '
2026-05-30 02:59:08.002 9 INFO neutron.wsgi [None req-e4f0581f-e075-4e1b-ab32-f69426bf4a0b 0aa8b3db02e844fea94f41a4e43dcbf5 68ad9cc310aa4c6db3ebe292785ea6b4 - - default default] 10.0.0.78 "DELETE /v2.0/security-groups/0277ad18-fbdf-4f4c-897f-3b8234922b28 HTTP/1.1" status: 204 len: 168 time: 0.2041774
2026-05-30 02:59:08.221 9 INFO neutron.db.ovn_revision_numbers_db [None req-6beaea09-0157-43c2-b6ac-af3e6396d31f 0aa8b3db02e844fea94f41a4e43dcbf5 68ad9cc310aa4c6db3ebe292785ea6b4 - - default default] Successfully bumped revision number for resource fede256c-edb3-4911-8473-51543edbb094 (type: security_groups) to 1
2026-05-30 02:59:08.225 10 INFO neutron.wsgi [None req-23de253b-d826-4aba-8ef3-aa03afef4eb6 0aa8b3db02e844fea94f41a4e43dcbf5 68ad9cc310aa4c6db3ebe292785ea6b4 - - default default] 10.0.0.78 "DELETE /v2.0/routers/828503da-763b-48d7-b6f0-c3f32a11c453 HTTP/1.1" status: 204 len: 168 time: 0.9336162
2026-05-30 02:59:08.237 9 INFO neutron.db.ovn_revision_numbers_db [None req-6beaea09-0157-43c2-b6ac-af3e6396d31f 0aa8b3db02e844fea94f41a4e43dcbf5 68ad9cc310aa4c6db3ebe292785ea6b4 - - default default] Successfully bumped revision number for resource 10f890a3-f205-4490-8586-e71424bdc76a (type: security_group_rules) to 0
2026-05-30 02:59:08.253 9 INFO neutron.db.ovn_revision_numbers_db [None req-6beaea09-0157-43c2-b6ac-af3e6396d31f 0aa8b3db02e844fea94f41a4e43dcbf5 68ad9cc310aa4c6db3ebe292785ea6b4 - - default default] Successfully bumped revision number for resource 3b07d120-d66d-4a9a-ac03-fba39872bf63 (type: security_group_rules) to 0
2026-05-30 02:59:08.267 9 INFO neutron.db.ovn_revision_numbers_db [None req-6beaea09-0157-43c2-b6ac-af3e6396d31f 0aa8b3db02e844fea94f41a4e43dcbf5 68ad9cc310aa4c6db3ebe292785ea6b4 - - default default] Successfully bumped revision number for resource 5c8d1792-fe3a-4778-af8a-b142ecdd2ba2 (type: security_group_rules) to 0
2026-05-30 02:59:08.285 9 INFO neutron.db.ovn_revision_numbers_db [None req-6beaea09-0157-43c2-b6ac-af3e6396d31f 0aa8b3db02e844fea94f41a4e43dcbf5 68ad9cc310aa4c6db3ebe292785ea6b4 - - default default] Successfully bumped revision number for resource 9301893a-a15f-4e24-949d-33c8fd14d0c8 (type: security_group_rules) to 0
2026-05-30 02:59:08.311 9 INFO neutron.wsgi [None req-6beaea09-0157-43c2-b6ac-af3e6396d31f 0aa8b3db02e844fea94f41a4e43dcbf5 68ad9cc310aa4c6db3ebe292785ea6b4 - - default default] 10.0.0.78 "GET /v2.0/security-groups?tenant_id=eea30a7349134a43b820f0f53d5a1d1f&name=default HTTP/1.1" status: 200 len: 2996 time: 0.2269847
2026-05-30 02:59:08.452 10 INFO neutron.wsgi [None req-598cf202-8770-4b6d-a5c5-5069ef0021c7 0aa8b3db02e844fea94f41a4e43dcbf5 68ad9cc310aa4c6db3ebe292785ea6b4 - - default default] 10.0.0.78 "DELETE /v2.0/subnets/a930e73f-b575-4174-a0d3-fc7838ed13a0 HTTP/1.1" status: 204 len: 168 time: 0.2188911
2026-05-30 02:59:08.507 9 INFO neutron.wsgi [None req-57b45fe2-c5ec-4b4b-9c8c-22e4046c0322 0aa8b3db02e844fea94f41a4e43dcbf5 68ad9cc310aa4c6db3ebe292785ea6b4 - - default default] 10.0.0.78 "DELETE /v2.0/security-groups/fede256c-edb3-4911-8473-51543edbb094 HTTP/1.1" status: 204 len: 168 time: 0.1898968
2026-05-30 02:59:08.797 10 INFO neutron.services.segments.plugin [-] Segment 3dc6b426-eff8-4f21-9833-420c7573d740 resource provider aggregate not found
2026-05-30 02:59:08.802 10 INFO neutron.services.segments.plugin [-] Segment 3dc6b426-eff8-4f21-9833-420c7573d740 resource provider aggregate not found
2026-05-30 02:59:08.810 10 INFO neutron.services.segments.plugin [-] Segment 3dc6b426-eff8-4f21-9833-420c7573d740 resource provider not found; error: Placement Client Error (4xx): {"errors": [{"status": 404, "title": "Not Found", "detail": "The resource could not be found.\n\n No resource provider with uuid 3dc6b426-eff8-4f21-9833-420c7573d740 found for delete ", "request_id": "req-a65e94ba-bd88-406b-95e7-31d9add40a54"}]}
2026-05-30 02:59:08.815 10 INFO neutron.services.segments.plugin [-] Segment 3dc6b426-eff8-4f21-9833-420c7573d740 resource provider not found; error: Placement Client Error (4xx): {"errors": [{"status": 404, "title": "Not Found", "detail": "The resource could not be found.\n\n No resource provider with uuid 3dc6b426-eff8-4f21-9833-420c7573d740 found for delete ", "request_id": "req-5e8c3dc4-349b-4b28-a83c-e2c61b5bf91a"}]}
2026-05-30 02:59:08.840 10 INFO neutron.wsgi [None req-b934a911-b846-449e-ba12-72bff6b6ebc4 0aa8b3db02e844fea94f41a4e43dcbf5 68ad9cc310aa4c6db3ebe292785ea6b4 - - default default] 10.0.0.78 "DELETE /v2.0/networks/3c61650e-af13-48f4-b48e-8b9a1d825a8b HTTP/1.1" status: 204 len: 168 time: 0.3830421
2026-05-30 02:59:09.028 10 INFO neutron.wsgi [None req-4756ed0b-bcfb-4cca-a9a0-a244fe370eb0 0aa8b3db02e844fea94f41a4e43dcbf5 68ad9cc310aa4c6db3ebe292785ea6b4 - - default default] 10.0.0.78 "GET /v2.0/security-groups?tenant_id=fb24dfb9fcae405ba59274f9b1e60101&name=default HTTP/1.1" status: 200 len: 2996 time: 0.0374925
2026-05-30 02:59:09.232 10 INFO neutron.wsgi [None req-d7f6ec10-5d63-423a-8467-6a9de5663467 0aa8b3db02e844fea94f41a4e43dcbf5 68ad9cc310aa4c6db3ebe292785ea6b4 - - default default] 10.0.0.78 "DELETE /v2.0/security-groups/193168da-2a92-4e16-b18e-78bb269e3bdc HTTP/1.1" status: 204 len: 168 time: 0.1996298
2026-05-30 02:59:13.020 10 INFO neutron.db.ovn_revision_numbers_db [None req-1a2953d8-fc77-4a2f-b327-b4050ec549a7 0aa8b3db02e844fea94f41a4e43dcbf5 68ad9cc310aa4c6db3ebe292785ea6b4 - - default default] Successfully bumped revision number for resource 83339b37-c63b-4b77-98fc-dd9f1919233d (type: security_groups) to 1
2026-05-30 02:59:13.035 10 INFO neutron.db.ovn_revision_numbers_db [None req-1a2953d8-fc77-4a2f-b327-b4050ec549a7 0aa8b3db02e844fea94f41a4e43dcbf5 68ad9cc310aa4c6db3ebe292785ea6b4 - - default default] Successfully bumped revision number for resource 371950f9-aefc-4b2e-9a3c-c32a720534ac (type: security_group_rules) to 0
2026-05-30 02:59:13.048 10 INFO neutron.db.ovn_revision_numbers_db [None req-1a2953d8-fc77-4a2f-b327-b4050ec549a7 0aa8b3db02e844fea94f41a4e43dcbf5 68ad9cc310aa4c6db3ebe292785ea6b4 - - default default] Successfully bumped revision number for resource 73b47ba4-9c21-43b4-8ace-24b3f31b731c (type: security_group_rules) to 0
2026-05-30 02:59:13.093 10 INFO neutron.db.ovn_revision_numbers_db [None req-1a2953d8-fc77-4a2f-b327-b4050ec549a7 0aa8b3db02e844fea94f41a4e43dcbf5 68ad9cc310aa4c6db3ebe292785ea6b4 - - default default] Successfully bumped revision number for resource 932f1d96-312a-4b68-97de-b115f18185bf (type: security_group_rules) to 0
2026-05-30 02:59:13.108 10 INFO neutron.db.ovn_revision_numbers_db [None req-1a2953d8-fc77-4a2f-b327-b4050ec549a7 0aa8b3db02e844fea94f41a4e43dcbf5 68ad9cc310aa4c6db3ebe292785ea6b4 - - default default] Successfully bumped revision number for resource a54529ec-ddf9-4c94-8c3b-f662654c3636 (type: security_group_rules) to 0
2026-05-30 02:59:13.128 10 WARNING neutron_lib.context [None req-bd2817f0-a6ba-4de3-8590-b29965bdbd0a 8551b493eda34b1cb26d7970bb5e5fef e9054986cd784d1ab103afecc850d3ad - - default default] Method 'is_advsvc' is deprecated since 2023.2 release (neutron-lib 3.8.0) and will be removed once support for the old RBAC API policies will be removed from Neutron. Please use method 'is_service_role' instead.
2026-05-30 02:59:13.141 10 INFO neutron.wsgi [None req-1a2953d8-fc77-4a2f-b327-b4050ec549a7 0aa8b3db02e844fea94f41a4e43dcbf5 68ad9cc310aa4c6db3ebe292785ea6b4 - - default default] 10.0.0.78 "GET /v2.0/security-groups?tenant_id=02d8398a89cb42ac801e3f133cf7b9c3&name=default HTTP/1.1" status: 200 len: 2996 time: 0.4698992
2026-05-30 02:59:13.249 10 INFO neutron.db.ovn_revision_numbers_db [None req-bd2817f0-a6ba-4de3-8590-b29965bdbd0a 8551b493eda34b1cb26d7970bb5e5fef e9054986cd784d1ab103afecc850d3ad - - default default] Successfully bumped revision number for resource 65fa6691-eef5-4c31-8542-b54e58d95cb4 (type: security_groups) to 1
2026-05-30 02:59:13.270 10 INFO neutron.db.ovn_revision_numbers_db [None req-bd2817f0-a6ba-4de3-8590-b29965bdbd0a 8551b493eda34b1cb26d7970bb5e5fef e9054986cd784d1ab103afecc850d3ad - - default default] Successfully bumped revision number for resource 5617f3e3-600e-4a66-9752-9a828f28f119 (type: security_group_rules) to 0
2026-05-30 02:59:13.287 10 INFO neutron.db.ovn_revision_numbers_db [None req-bd2817f0-a6ba-4de3-8590-b29965bdbd0a 8551b493eda34b1cb26d7970bb5e5fef e9054986cd784d1ab103afecc850d3ad - - default default] Successfully bumped revision number for resource 652d8f7e-7250-4091-b838-9cb6715ee8ca (type: security_group_rules) to 0
2026-05-30 02:59:13.304 10 INFO neutron.db.ovn_revision_numbers_db [None req-bd2817f0-a6ba-4de3-8590-b29965bdbd0a 8551b493eda34b1cb26d7970bb5e5fef e9054986cd784d1ab103afecc850d3ad - - default default] Successfully bumped revision number for resource d1ffd6d1-3626-48a8-ad7b-ebe60c5bc3a8 (type: security_group_rules) to 0
2026-05-30 02:59:13.324 10 INFO neutron.db.ovn_revision_numbers_db [None req-bd2817f0-a6ba-4de3-8590-b29965bdbd0a 8551b493eda34b1cb26d7970bb5e5fef e9054986cd784d1ab103afecc850d3ad - - default default] Successfully bumped revision number for resource f1b67547-8a0a-4a13-b51a-59142de050f6 (type: security_group_rules) to 0
2026-05-30 02:59:13.341 9 INFO neutron.wsgi [None req-9649cdfb-bab1-4888-8d12-6fbf3fc33724 0aa8b3db02e844fea94f41a4e43dcbf5 68ad9cc310aa4c6db3ebe292785ea6b4 - - default default] 10.0.0.78 "DELETE /v2.0/security-groups/83339b37-c63b-4b77-98fc-dd9f1919233d HTTP/1.1" status: 204 len: 168 time: 0.1941755
2026-05-30 02:59:13.392 10 INFO neutron.db.segments_db [None req-bd2817f0-a6ba-4de3-8590-b29965bdbd0a 8551b493eda34b1cb26d7970bb5e5fef e9054986cd784d1ab103afecc850d3ad - - default default] Added segment ef059702-3d7a-478e-9e21-949956e0a9de of type geneve for network 01b7123f-118c-47e6-9df1-256c5ac24b9b
2026-05-30 02:59:13.567 10 INFO neutron.db.ovn_revision_numbers_db [None req-bd2817f0-a6ba-4de3-8590-b29965bdbd0a 8551b493eda34b1cb26d7970bb5e5fef e9054986cd784d1ab103afecc850d3ad - - default default] Successfully bumped revision number for resource 01b7123f-118c-47e6-9df1-256c5ac24b9b (type: networks) to 1
2026-05-30 02:59:13.707 10 INFO neutron.db.ovn_revision_numbers_db [None req-3d9203a1-5e71-44d6-b32c-3aac37758152 0aa8b3db02e844fea94f41a4e43dcbf5 68ad9cc310aa4c6db3ebe292785ea6b4 - - default default] Successfully bumped revision number for resource dca10a73-7393-4987-aec1-e51472397e26 (type: security_groups) to 1
2026-05-30 02:59:13.736 10 INFO neutron.db.ovn_revision_numbers_db [None req-3d9203a1-5e71-44d6-b32c-3aac37758152 0aa8b3db02e844fea94f41a4e43dcbf5 68ad9cc310aa4c6db3ebe292785ea6b4 - - default default] Successfully bumped revision number for resource 5ad3d084-3955-4d56-b9d7-a2f7d31e3a16 (type: security_group_rules) to 0
2026-05-30 02:59:13.752 10 INFO neutron.db.ovn_revision_numbers_db [None req-3d9203a1-5e71-44d6-b32c-3aac37758152 0aa8b3db02e844fea94f41a4e43dcbf5 68ad9cc310aa4c6db3ebe292785ea6b4 - - default default] Successfully bumped revision number for resource 6c8e4baf-07dd-4858-8eb2-9a89345341a7 (type: security_group_rules) to 0
2026-05-30 02:59:13.772 10 INFO neutron.db.ovn_revision_numbers_db [None req-3d9203a1-5e71-44d6-b32c-3aac37758152 0aa8b3db02e844fea94f41a4e43dcbf5 68ad9cc310aa4c6db3ebe292785ea6b4 - - default default] Successfully bumped revision number for resource 8ac9139e-ba04-4114-816f-0365b26fc90b (type: security_group_rules) to 0
2026-05-30 02:59:13.789 10 WARNING neutron.scheduler.dhcp_agent_scheduler [None req-bd2817f0-a6ba-4de3-8590-b29965bdbd0a 8551b493eda34b1cb26d7970bb5e5fef e9054986cd784d1ab103afecc850d3ad - - default default] No more DHCP agents
2026-05-30 02:59:13.790 10 WARNING neutron.api.rpc.agentnotifiers.dhcp_rpc_agent_api [None req-bd2817f0-a6ba-4de3-8590-b29965bdbd0a 8551b493eda34b1cb26d7970bb5e5fef e9054986cd784d1ab103afecc850d3ad - - default default] Unable to schedule network 01b7123f-118c-47e6-9df1-256c5ac24b9b: no agents available; will retry on subsequent port and subnet creation events.
2026-05-30 02:59:13.793 10 INFO neutron.db.ovn_revision_numbers_db [None req-3d9203a1-5e71-44d6-b32c-3aac37758152 0aa8b3db02e844fea94f41a4e43dcbf5 68ad9cc310aa4c6db3ebe292785ea6b4 - - default default] Successfully bumped revision number for resource ca18b9db-4834-46e4-bf7c-f3f14abede29 (type: security_group_rules) to 0
2026-05-30 02:59:13.827 10 INFO neutron.wsgi [None req-3d9203a1-5e71-44d6-b32c-3aac37758152 0aa8b3db02e844fea94f41a4e43dcbf5 68ad9cc310aa4c6db3ebe292785ea6b4 - - default default] 10.0.0.78 "GET /v2.0/security-groups?tenant_id=318f0d0844c24367ba0cfd4a269a57f7&name=default HTTP/1.1" status: 200 len: 2996 time: 0.3496144
2026-05-30 02:59:13.888 10 INFO neutron.db.ovn_revision_numbers_db [None req-bd2817f0-a6ba-4de3-8590-b29965bdbd0a 8551b493eda34b1cb26d7970bb5e5fef e9054986cd784d1ab103afecc850d3ad - - default default] Successfully bumped revision number for resource deb14799-f1ed-43f2-b68d-f60fae8154b0 (type: ports) to 1
2026-05-30 02:59:13.914 10 INFO neutron.wsgi [None req-bd2817f0-a6ba-4de3-8590-b29965bdbd0a 8551b493eda34b1cb26d7970bb5e5fef e9054986cd784d1ab103afecc850d3ad - - default default] 10.0.0.78 "POST /v2.0/networks HTTP/1.1" status: 201 len: 838 time: 0.9178057
2026-05-30 02:59:13.923 10 WARNING neutron_lib.context [None req-68a22517-78a9-42bb-bbc4-f8b651487143 8551b493eda34b1cb26d7970bb5e5fef e9054986cd784d1ab103afecc850d3ad - - default default] Method 'is_advsvc' is deprecated since 2023.2 release (neutron-lib 3.8.0) and will be removed once support for the old RBAC API policies will be removed from Neutron. Please use method 'is_service_role' instead.
2026-05-30 02:59:14.034 9 INFO neutron.wsgi [None req-235002a3-33d0-41a5-bf89-ee2d4c62ac56 0aa8b3db02e844fea94f41a4e43dcbf5 68ad9cc310aa4c6db3ebe292785ea6b4 - - default default] 10.0.0.78 "DELETE /v2.0/security-groups/dca10a73-7393-4987-aec1-e51472397e26 HTTP/1.1" status: 204 len: 168 time: 0.2027307
2026-05-30 02:59:14.171 10 WARNING neutron.scheduler.dhcp_agent_scheduler [None req-68a22517-78a9-42bb-bbc4-f8b651487143 8551b493eda34b1cb26d7970bb5e5fef e9054986cd784d1ab103afecc850d3ad - - default default] No more DHCP agents
2026-05-30 02:59:14.174 10 WARNING neutron.api.rpc.agentnotifiers.dhcp_rpc_agent_api [None req-68a22517-78a9-42bb-bbc4-f8b651487143 8551b493eda34b1cb26d7970bb5e5fef e9054986cd784d1ab103afecc850d3ad - - default default] Unable to schedule network 01b7123f-118c-47e6-9df1-256c5ac24b9b: no agents available; will retry on subsequent port and subnet creation events.
2026-05-30 02:59:14.207 9 INFO neutron.db.ovn_revision_numbers_db [None req-598d0fad-5b77-46f6-9739-53bb2e2d6992 0aa8b3db02e844fea94f41a4e43dcbf5 68ad9cc310aa4c6db3ebe292785ea6b4 - - default default] Successfully bumped revision number for resource b1fd0e7d-ebb9-4d6d-b72b-e167d43e1603 (type: security_groups) to 1
2026-05-30 02:59:14.223 9 INFO neutron.db.ovn_revision_numbers_db [None req-598d0fad-5b77-46f6-9739-53bb2e2d6992 0aa8b3db02e844fea94f41a4e43dcbf5 68ad9cc310aa4c6db3ebe292785ea6b4 - - default default] Successfully bumped revision number for resource 001a894d-ef93-48a4-bbe0-1df67237d44a (type: security_group_rules) to 0
2026-05-30 02:59:14.233 9 INFO neutron.db.ovn_revision_numbers_db [None req-598d0fad-5b77-46f6-9739-53bb2e2d6992 0aa8b3db02e844fea94f41a4e43dcbf5 68ad9cc310aa4c6db3ebe292785ea6b4 - - default default] Successfully bumped revision number for resource 35e80be9-a892-4e2a-9a7c-2c0fb8eacbfe (type: security_group_rules) to 0
2026-05-30 02:59:14.247 9 INFO neutron.db.ovn_revision_numbers_db [None req-598d0fad-5b77-46f6-9739-53bb2e2d6992 0aa8b3db02e844fea94f41a4e43dcbf5 68ad9cc310aa4c6db3ebe292785ea6b4 - - default default] Successfully bumped revision number for resource 89e289e2-d65d-464c-9c02-c995b2a70b35 (type: security_group_rules) to 0
2026-05-30 02:59:14.258 9 INFO neutron.db.ovn_revision_numbers_db [None req-598d0fad-5b77-46f6-9739-53bb2e2d6992 0aa8b3db02e844fea94f41a4e43dcbf5 68ad9cc310aa4c6db3ebe292785ea6b4 - - default default] Successfully bumped revision number for resource e5ec06b1-7f98-45fe-bff1-67369ddca71b (type: security_group_rules) to 0
2026-05-30 02:59:14.278 9 INFO neutron.wsgi [None req-598d0fad-5b77-46f6-9739-53bb2e2d6992 0aa8b3db02e844fea94f41a4e43dcbf5 68ad9cc310aa4c6db3ebe292785ea6b4 - - default default] 10.0.0.78 "GET /v2.0/security-groups?tenant_id=397a897385c14e0a8c717d35fb4b3f15&name=default HTTP/1.1" status: 200 len: 2996 time: 0.3276374
2026-05-30 02:59:14.467 9 INFO neutron.wsgi [None req-bca4d9be-35d8-49e9-88b7-9eb94c098250 0aa8b3db02e844fea94f41a4e43dcbf5 68ad9cc310aa4c6db3ebe292785ea6b4 - - default default] 10.0.0.78 "DELETE /v2.0/security-groups/b1fd0e7d-ebb9-4d6d-b72b-e167d43e1603 HTTP/1.1" status: 204 len: 168 time: 0.1810524
2026-05-30 02:59:14.678 10 INFO neutron.db.ovn_revision_numbers_db [None req-68a22517-78a9-42bb-bbc4-f8b651487143 8551b493eda34b1cb26d7970bb5e5fef e9054986cd784d1ab103afecc850d3ad - - default default] Successfully bumped revision number for resource deb14799-f1ed-43f2-b68d-f60fae8154b0 (type: ports) to 2
2026-05-30 02:59:14.725 10 INFO neutron.db.ovn_revision_numbers_db [None req-68a22517-78a9-42bb-bbc4-f8b651487143 8551b493eda34b1cb26d7970bb5e5fef e9054986cd784d1ab103afecc850d3ad - - default default] Successfully bumped revision number for resource 2f2ddc25-0d5c-4d06-acea-f0030e0bdbd3 (type: subnets) to 0
2026-05-30 02:59:14.742 10 INFO neutron.wsgi [None req-68a22517-78a9-42bb-bbc4-f8b651487143 8551b493eda34b1cb26d7970bb5e5fef e9054986cd784d1ab103afecc850d3ad - - default default] 10.0.0.78 "POST /v2.0/subnets HTTP/1.1" status: 201 len: 833 time: 0.8250291
2026-05-30 02:59:14.935 10 INFO neutron.wsgi [None req-850f5849-59c8-45d4-bfc7-c7acf17d045b 534feedc2b8a42eeb62d5dd1ab8b34d2 6c6a390759ec42b898c48668bc0d5f59 - - default default] 10.0.0.78 "GET /v2.0/subnetpools?name=shared-default-subnetpool-v6 HTTP/1.1" status: 200 len: 212 time: 0.1883051
2026-05-30 02:59:14.946 10 WARNING neutron_lib.context [None req-47a55cf7-4174-4f1e-b30b-8ba4514ed84a 8551b493eda34b1cb26d7970bb5e5fef e9054986cd784d1ab103afecc850d3ad - - default default] Method 'is_advsvc' is deprecated since 2023.2 release (neutron-lib 3.8.0) and will be removed once support for the old RBAC API policies will be removed from Neutron. Please use method 'is_service_role' instead.
2026-05-30 02:59:15.400 10 WARNING neutron.scheduler.dhcp_agent_scheduler [None req-47a55cf7-4174-4f1e-b30b-8ba4514ed84a 8551b493eda34b1cb26d7970bb5e5fef e9054986cd784d1ab103afecc850d3ad - - default default] No more DHCP agents
2026-05-30 02:59:15.401 10 WARNING neutron.api.rpc.agentnotifiers.dhcp_rpc_agent_api [None req-47a55cf7-4174-4f1e-b30b-8ba4514ed84a 8551b493eda34b1cb26d7970bb5e5fef e9054986cd784d1ab103afecc850d3ad - - default default] Unable to schedule network 01b7123f-118c-47e6-9df1-256c5ac24b9b: no agents available; will retry on subsequent port and subnet creation events.
2026-05-30 02:59:15.431 10 INFO neutron.db.ovn_revision_numbers_db [None req-47a55cf7-4174-4f1e-b30b-8ba4514ed84a 8551b493eda34b1cb26d7970bb5e5fef e9054986cd784d1ab103afecc850d3ad - - default default] Successfully bumped revision number for resource d8440b31-d693-4ac2-856d-a7f44e7615e3 (type: subnets) to 0
2026-05-30 02:59:15.443 10 INFO neutron.wsgi [None req-47a55cf7-4174-4f1e-b30b-8ba4514ed84a 8551b493eda34b1cb26d7970bb5e5fef e9054986cd784d1ab103afecc850d3ad - - default default] 10.0.0.78 "POST /v2.0/subnets HTTP/1.1" status: 201 len: 906 time: 0.5021839
2026-05-30 02:59:15.451 10 WARNING neutron_lib.context [None req-f9eac2de-0dc9-4476-a2d7-c4f07db787ca 8551b493eda34b1cb26d7970bb5e5fef e9054986cd784d1ab103afecc850d3ad - - default default] Method 'is_advsvc' is deprecated since 2023.2 release (neutron-lib 3.8.0) and will be removed once support for the old RBAC API policies will be removed from Neutron. Please use method 'is_service_role' instead.
2026-05-30 02:59:15.548 10 INFO neutron.db.segments_db [None req-f9eac2de-0dc9-4476-a2d7-c4f07db787ca 8551b493eda34b1cb26d7970bb5e5fef e9054986cd784d1ab103afecc850d3ad - - default default] Added segment 32441e81-41f0-41fc-8b0b-384a8bc91bb3 of type geneve for network aedabdc0-5c11-4a97-9de6-0c6707384a10
2026-05-30 02:59:15.717 10 INFO neutron.db.ovn_revision_numbers_db [None req-f9eac2de-0dc9-4476-a2d7-c4f07db787ca 8551b493eda34b1cb26d7970bb5e5fef e9054986cd784d1ab103afecc850d3ad - - default default] Successfully bumped revision number for resource aedabdc0-5c11-4a97-9de6-0c6707384a10 (type: networks) to 1
2026-05-30 02:59:15.939 10 WARNING neutron.scheduler.dhcp_agent_scheduler [None req-f9eac2de-0dc9-4476-a2d7-c4f07db787ca 8551b493eda34b1cb26d7970bb5e5fef e9054986cd784d1ab103afecc850d3ad - - default default] No more DHCP agents
2026-05-30 02:59:15.941 10 WARNING neutron.api.rpc.agentnotifiers.dhcp_rpc_agent_api [None req-f9eac2de-0dc9-4476-a2d7-c4f07db787ca 8551b493eda34b1cb26d7970bb5e5fef e9054986cd784d1ab103afecc850d3ad - - default default] Unable to schedule network aedabdc0-5c11-4a97-9de6-0c6707384a10: no agents available; will retry on subsequent port and subnet creation events.
2026-05-30 02:59:16.002 9 INFO neutron.db.ovn_revision_numbers_db [None req-815c3d26-c1b4-4bca-bb25-9595e90fc835 0aa8b3db02e844fea94f41a4e43dcbf5 68ad9cc310aa4c6db3ebe292785ea6b4 - - default default] Successfully bumped revision number for resource b67c725f-4f13-483e-a7cb-4b6abb35718b (type: security_groups) to 1
2026-05-30 02:59:16.015 9 INFO neutron.db.ovn_revision_numbers_db [None req-815c3d26-c1b4-4bca-bb25-9595e90fc835 0aa8b3db02e844fea94f41a4e43dcbf5 68ad9cc310aa4c6db3ebe292785ea6b4 - - default default] Successfully bumped revision number for resource 18af063f-7cec-42ca-84da-2ae52ff1782b (type: security_group_rules) to 0
2026-05-30 02:59:16.024 10 INFO neutron.db.ovn_revision_numbers_db [None req-f9eac2de-0dc9-4476-a2d7-c4f07db787ca 8551b493eda34b1cb26d7970bb5e5fef e9054986cd784d1ab103afecc850d3ad - - default default] Successfully bumped revision number for resource ff01b3d5-5f45-4cb0-850e-15728f30641c (type: ports) to 1
2026-05-30 02:59:16.028 9 INFO neutron.db.ovn_revision_numbers_db [None req-815c3d26-c1b4-4bca-bb25-9595e90fc835 0aa8b3db02e844fea94f41a4e43dcbf5 68ad9cc310aa4c6db3ebe292785ea6b4 - - default default] Successfully bumped revision number for resource 2583197e-8244-4192-a458-6f6e9542acdd (type: security_group_rules) to 0
