2026-05-30 03:02:30.461 10 INFO neutron.api.v2.resource [None req-e32bb0ff-9bac-4202-9e32-8810726577b4 8551b493eda34b1cb26d7970bb5e5fef e9054986cd784d1ab103afecc850d3ad - - default default] show failed (client error): The resource could not be found.
2026-05-30 03:02:30.463 10 INFO neutron.wsgi [None req-e32bb0ff-9bac-4202-9e32-8810726577b4 8551b493eda34b1cb26d7970bb5e5fef e9054986cd784d1ab103afecc850d3ad - - default default] 10.0.0.78 "GET /v2.0/floatingips/49b8721c-b44b-46d0-bd3f-f6b5f168855d HTTP/1.1" status: 404 len: 345 time: 0.0295918
2026-05-30 03:02:30.464 9 INFO neutron.wsgi [None req-63ec8ad3-5bb6-46ec-8949-851490e130c8 0aa8b3db02e844fea94f41a4e43dcbf5 68ad9cc310aa4c6db3ebe292785ea6b4 - - default default] 10.0.0.78 "GET /v2.0/security-groups?tenant_id=453ae101fbf043ebab26ccb25a555ecc&name=default HTTP/1.1" status: 200 len: 3000 time: 0.6382022
2026-05-30 03:02:30.715 9 INFO neutron.wsgi [None req-9b0bfb7d-3935-4f8d-b23d-15a908a14f8b 0aa8b3db02e844fea94f41a4e43dcbf5 68ad9cc310aa4c6db3ebe292785ea6b4 - - default default] 10.0.0.78 "DELETE /v2.0/security-groups/5f6876b2-eb19-47a9-a234-42530bccd99d HTTP/1.1" status: 204 len: 168 time: 0.2450547
2026-05-30 03:02:30.716 10 INFO neutron.plugins.ml2.drivers.ovn.mech_driver.mech_driver [None req-6c3f93a1-c130-497e-9a8d-ffb6e57dd8ac - - - - - -] OVN reports status down for port: b3a84d54-8c6d-4b24-bdbb-1eb6e51d68f6
2026-05-30 03:02:30.886 10 INFO neutron.wsgi [req-a84ae5ad-2b24-4db5-b195-52442fdc7b4f req-e08a4723-9295-4c1f-aeca-eb213f5a0454 8551b493eda34b1cb26d7970bb5e5fef e9054986cd784d1ab103afecc850d3ad - - default default] 10.0.0.31 "GET /v2.0/ports?device_id=d2d90a84-fee8-4bc4-a67f-876cae647684 HTTP/1.1" status: 200 len: 1404 time: 0.2387660
2026-05-30 03:02:30.951 10 INFO neutron.wsgi [req-a84ae5ad-2b24-4db5-b195-52442fdc7b4f req-5c406ac6-5555-4f37-ac09-95b9a261a939 8551b493eda34b1cb26d7970bb5e5fef e9054986cd784d1ab103afecc850d3ad - - default default] 10.0.0.31 "GET /v2.0/security-groups?id=546094ce-25c1-478d-81a4-8cc7c25b7aa9&fields=id&fields=name HTTP/1.1" status: 200 len: 310 time: 0.0558622
2026-05-30 03:02:30.978 9 INFO neutron.db.ovn_revision_numbers_db [None req-4a493702-14a9-4cb4-8312-1f7c612ddb46 0aa8b3db02e844fea94f41a4e43dcbf5 68ad9cc310aa4c6db3ebe292785ea6b4 - - default default] Successfully bumped revision number for resource 04034f43-d98b-4791-826a-683db1a07541 (type: security_groups) to 1
2026-05-30 03:02:30.993 9 INFO neutron.db.ovn_revision_numbers_db [None req-4a493702-14a9-4cb4-8312-1f7c612ddb46 0aa8b3db02e844fea94f41a4e43dcbf5 68ad9cc310aa4c6db3ebe292785ea6b4 - - default default] Successfully bumped revision number for resource 065ace9d-d776-4b1f-9f93-4d1ff4a36c77 (type: security_group_rules) to 0
2026-05-30 03:02:31.008 9 INFO neutron.db.ovn_revision_numbers_db [None req-4a493702-14a9-4cb4-8312-1f7c612ddb46 0aa8b3db02e844fea94f41a4e43dcbf5 68ad9cc310aa4c6db3ebe292785ea6b4 - - default default] Successfully bumped revision number for resource 5fdd96db-9296-4442-adda-2885565eb909 (type: security_group_rules) to 0
2026-05-30 03:02:31.010 10 INFO neutron.wsgi [req-9bab8012-3bf8-40b2-a123-046f781a0b82 req-5d30a61d-7933-4dbe-8f5b-448fac838dce 8551b493eda34b1cb26d7970bb5e5fef e9054986cd784d1ab103afecc850d3ad - - default default] 199.204.45.65 "GET /v2.0/ports?device_id=d2d90a84-fee8-4bc4-a67f-876cae647684 HTTP/1.1" status: 200 len: 1402 time: 0.0407119
2026-05-30 03:02:31.027 9 INFO neutron.db.ovn_revision_numbers_db [None req-4a493702-14a9-4cb4-8312-1f7c612ddb46 0aa8b3db02e844fea94f41a4e43dcbf5 68ad9cc310aa4c6db3ebe292785ea6b4 - - default default] Successfully bumped revision number for resource c9e2c08e-13b0-478a-83bb-a41918d78fbb (type: security_group_rules) to 0
2026-05-30 03:02:31.041 9 INFO neutron.db.ovn_revision_numbers_db [None req-4a493702-14a9-4cb4-8312-1f7c612ddb46 0aa8b3db02e844fea94f41a4e43dcbf5 68ad9cc310aa4c6db3ebe292785ea6b4 - - default default] Successfully bumped revision number for resource cf0a7cd5-fdaf-4ad1-9f49-34cd529cd362 (type: security_group_rules) to 0
2026-05-30 03:02:31.070 9 INFO neutron.wsgi [None req-4a493702-14a9-4cb4-8312-1f7c612ddb46 0aa8b3db02e844fea94f41a4e43dcbf5 68ad9cc310aa4c6db3ebe292785ea6b4 - - default default] 10.0.0.78 "GET /v2.0/security-groups?tenant_id=4ed12c78274c4aa0803bc4a5fd885f33&name=default HTTP/1.1" status: 200 len: 3000 time: 0.2450805
2026-05-30 03:02:31.112 10 INFO neutron.db.ovn_revision_numbers_db [None req-6c3f93a1-c130-497e-9a8d-ffb6e57dd8ac - - - - - -] Successfully bumped revision number for resource b3a84d54-8c6d-4b24-bdbb-1eb6e51d68f6 (type: ports) to 5
2026-05-30 03:02:31.263 9 INFO neutron.wsgi [None req-fd1b19d4-3b64-4288-bde7-7cb3f64daec3 0aa8b3db02e844fea94f41a4e43dcbf5 68ad9cc310aa4c6db3ebe292785ea6b4 - - default default] 10.0.0.78 "DELETE /v2.0/security-groups/04034f43-d98b-4791-826a-683db1a07541 HTTP/1.1" status: 204 len: 168 time: 0.1888864
2026-05-30 03:02:31.352 10 INFO neutron.wsgi [req-9bab8012-3bf8-40b2-a123-046f781a0b82 req-025c3bff-26c2-48a4-95f5-158a5a985ba2 8551b493eda34b1cb26d7970bb5e5fef e9054986cd784d1ab103afecc850d3ad - - default default] 199.204.45.65 "DELETE /v2.0/ports/b3a84d54-8c6d-4b24-bdbb-1eb6e51d68f6 HTTP/1.1" status: 204 len: 173 time: 0.3347676
2026-05-30 03:02:31.694 9 INFO neutron.notifiers.nova [-] Nova event matching ['req-675b6491-672d-42bd-9030-de263e1de374'] response: {'server_uuid': '1f101a8e-70e8-43b6-b0c0-79e625ab65a8', 'name': 'network-vif-plugged', 'status': 'completed', 'tag': 'a82c28b5-a306-4823-af0c-a4fe576f194a', 'code': 200}
2026-05-30 03:02:31.694 9 INFO neutron.notifiers.nova [-] Nova event matching ['req-675b6491-672d-42bd-9030-de263e1de374'] response: {'name': 'network-changed', 'server_uuid': 'd2d90a84-fee8-4bc4-a67f-876cae647684', 'tag': 'b3a84d54-8c6d-4b24-bdbb-1eb6e51d68f6', 'status': 'completed', 'code': 200} /var/lib/openstack/lib/python3.10/site-packages/pycadf/identifier.py:71: UserWarning: Invalid uuid: neutron. To ensure interoperability, identifiers should be a valid uuid. warnings.warn(('Invalid uuid: %s. To ensure interoperability, '
2026-05-30 03:02:31.727 10 INFO neutron.wsgi [req-7bd1ea59-0faa-4175-99a2-9ea8ba05f5d5 req-0d6f2d29-f272-40e2-bb1a-88bcbe49852b e4846b997c244ad39ba985ef728c18b0 554117ef52094691863c2f76bcc47aea - - 086c14915e1744adb37f7df17ca4858a 086c14915e1744adb37f7df17ca4858a] 199.204.45.65 "GET /v2.0/ports?tenant_id=e9054986cd784d1ab103afecc850d3ad&device_id=d2d90a84-fee8-4bc4-a67f-876cae647684 HTTP/1.1" status: 200 len: 210 time: 0.0248652
2026-05-30 03:02:31.831 10 INFO neutron.wsgi [req-7bd1ea59-0faa-4175-99a2-9ea8ba05f5d5 req-a7662873-2884-4c7c-9c67-d1e928359a82 e4846b997c244ad39ba985ef728c18b0 554117ef52094691863c2f76bcc47aea - - 086c14915e1744adb37f7df17ca4858a 086c14915e1744adb37f7df17ca4858a] 199.204.45.65 "GET /v2.0/networks?tenant_id=e9054986cd784d1ab103afecc850d3ad&shared=False HTTP/1.1" status: 200 len: 2582 time: 0.0985928
2026-05-30 03:02:31.913 10 INFO neutron.wsgi [req-7bd1ea59-0faa-4175-99a2-9ea8ba05f5d5 req-1f24efaa-c1fe-42a8-94b3-9f938cd37832 e4846b997c244ad39ba985ef728c18b0 554117ef52094691863c2f76bcc47aea - - 086c14915e1744adb37f7df17ca4858a 086c14915e1744adb37f7df17ca4858a] 199.204.45.65 "GET /v2.0/networks?shared=True HTTP/1.1" status: 200 len: 952 time: 0.0739212
2026-05-30 03:02:32.479 10 INFO neutron.notifiers.nova [-] Nova event matching ['req-d6707597-3829-4e0e-9e1e-221ce8be6e73'] response: {'server_uuid': 'd2d90a84-fee8-4bc4-a67f-876cae647684', 'name': 'network-vif-unplugged', 'status': 'completed', 'tag': 'b3a84d54-8c6d-4b24-bdbb-1eb6e51d68f6', 'code': 200}
2026-05-30 03:02:32.479 10 INFO neutron.notifiers.nova [-] Nova event matching ['req-d6707597-3829-4e0e-9e1e-221ce8be6e73'] response: {'server_uuid': 'd2d90a84-fee8-4bc4-a67f-876cae647684', 'name': 'network-vif-plugged', 'status': 'completed', 'tag': 'b3a84d54-8c6d-4b24-bdbb-1eb6e51d68f6', 'code': 200}
2026-05-30 03:02:32.480 10 INFO neutron.notifiers.nova [-] Nova event matching ['req-d6707597-3829-4e0e-9e1e-221ce8be6e73'] response: {'server_uuid': 'd2d90a84-fee8-4bc4-a67f-876cae647684', 'name': 'network-vif-deleted', 'tag': 'b3a84d54-8c6d-4b24-bdbb-1eb6e51d68f6', 'status': 'completed', 'code': 200}
2026-05-30 03:02:34.533 10 WARNING neutron_lib.context [None req-89db4eb1-8688-4ddf-939d-a832997c8d18 d6656473356f4084b994ebedfe664af5 10db2c9add034420b58ea5c3178c963f - - default default] Method 'is_advsvc' is deprecated since 2023.2 release (neutron-lib 3.8.0) and will be removed once support for the old RBAC API policies will be removed from Neutron. Please use method 'is_service_role' instead.
2026-05-30 03:02:34.580 10 INFO neutron.wsgi [None req-89db4eb1-8688-4ddf-939d-a832997c8d18 d6656473356f4084b994ebedfe664af5 10db2c9add034420b58ea5c3178c963f - - default default] 10.0.0.78 "POST /v2.0/subnetpools HTTP/1.1" status: 201 len: 715 time: 0.1959567
2026-05-30 03:02:34.621 10 INFO neutron.wsgi [None req-70b8eea5-e28f-448c-9a0b-941bd6fefb8c d6656473356f4084b994ebedfe664af5 10db2c9add034420b58ea5c3178c963f - - default default] 10.0.0.78 "PUT /v2.0/subnetpools/505abd26-c34e-4db4-a6ac-c3ca69f8218f/tags HTTP/1.1" status: 200 len: 218 time: 0.0352473
2026-05-30 03:02:34.648 10 INFO neutron.wsgi [None req-87a5f6ac-09db-4985-b145-c6a9d8ec441a d6656473356f4084b994ebedfe664af5 10db2c9add034420b58ea5c3178c963f - - default default] 10.0.0.78 "GET /v2.0/subnetpools/505abd26-c34e-4db4-a6ac-c3ca69f8218f/tags HTTP/1.1" status: 200 len: 218 time: 0.0212774
2026-05-30 03:02:34.684 10 INFO neutron.wsgi [None req-fc1e1ad3-a98c-4693-945d-40c8e3dffaf1 d6656473356f4084b994ebedfe664af5 10db2c9add034420b58ea5c3178c963f - - default default] 10.0.0.78 "PUT /v2.0/subnetpools/505abd26-c34e-4db4-a6ac-c3ca69f8218f/tags/green HTTP/1.1" status: 201 len: 201 time: 0.0310094
2026-05-30 03:02:34.717 10 INFO neutron.wsgi [None req-40f67464-61a6-4482-9de4-18c272f4af69 d6656473356f4084b994ebedfe664af5 10db2c9add034420b58ea5c3178c963f - - default default] 10.0.0.78 "GET /v2.0/subnetpools/505abd26-c34e-4db4-a6ac-c3ca69f8218f/tags HTTP/1.1" status: 200 len: 227 time: 0.0297928
2026-05-30 03:02:34.745 10 INFO neutron.wsgi [None req-87eea4e1-41c2-4f38-b4b6-701c29e039de d6656473356f4084b994ebedfe664af5 10db2c9add034420b58ea5c3178c963f - - default default] 10.0.0.78 "PUT /v2.0/subnetpools/505abd26-c34e-4db4-a6ac-c3ca69f8218f/tags/red HTTP/1.1" status: 201 len: 201 time: 0.0242848
2026-05-30 03:02:34.772 10 INFO neutron.wsgi [None req-468caefc-d826-4c33-81d6-9be3caee070b d6656473356f4084b994ebedfe664af5 10db2c9add034420b58ea5c3178c963f - - default default] 10.0.0.78 "GET /v2.0/subnetpools/505abd26-c34e-4db4-a6ac-c3ca69f8218f/tags HTTP/1.1" status: 200 len: 227 time: 0.0214827
2026-05-30 03:02:34.821 9 INFO neutron.wsgi [None req-5e33b4dd-dc46-4751-ab3b-b7906ce5503a d6656473356f4084b994ebedfe664af5 10db2c9add034420b58ea5c3178c963f - - default default] 10.0.0.78 "PUT /v2.0/subnetpools/505abd26-c34e-4db4-a6ac-c3ca69f8218f/tags/black.or.white HTTP/1.1" status: 201 len: 201 time: 0.0413816
2026-05-30 03:02:34.845 9 INFO neutron.wsgi [None req-acc53c40-a488-4cfe-931e-1c0fc056d67f d6656473356f4084b994ebedfe664af5 10db2c9add034420b58ea5c3178c963f - - default default] 10.0.0.78 "GET /v2.0/subnetpools/505abd26-c34e-4db4-a6ac-c3ca69f8218f/tags HTTP/1.1" status: 200 len: 245 time: 0.0193563
2026-05-30 03:02:34.893 9 INFO neutron.wsgi [None req-8a4cd7b5-f1dd-41ec-b440-3b6bc6b3b59d d6656473356f4084b994ebedfe664af5 10db2c9add034420b58ea5c3178c963f - - default default] 10.0.0.78 "PUT /v2.0/subnetpools/505abd26-c34e-4db4-a6ac-c3ca69f8218f/tags HTTP/1.1" status: 200 len: 230 time: 0.0436542
2026-05-30 03:02:34.929 9 INFO neutron.wsgi [None req-90370e25-d21e-4383-868b-2818ded68cc7 d6656473356f4084b994ebedfe664af5 10db2c9add034420b58ea5c3178c963f - - default default] 10.0.0.78 "GET /v2.0/subnetpools/505abd26-c34e-4db4-a6ac-c3ca69f8218f/tags HTTP/1.1" status: 200 len: 230 time: 0.0205238
2026-05-30 03:02:34.960 9 INFO neutron.wsgi [None req-e1d7a2df-a83c-414a-8d9a-d0ac4243dd9d d6656473356f4084b994ebedfe664af5 10db2c9add034420b58ea5c3178c963f - - default default] 10.0.0.78 "GET /v2.0/subnetpools/505abd26-c34e-4db4-a6ac-c3ca69f8218f/tags/red HTTP/1.1" status: 204 len: 168 time: 0.0255227
2026-05-30 03:02:34.985 9 INFO neutron.api.v2.resource [None req-67fd9783-68c9-481c-bfe1-7776f1e5c167 d6656473356f4084b994ebedfe664af5 10db2c9add034420b58ea5c3178c963f - - default default] show failed (client error): The resource could not be found.
2026-05-30 03:02:34.986 9 INFO neutron.wsgi [None req-67fd9783-68c9-481c-bfe1-7776f1e5c167 d6656473356f4084b994ebedfe664af5 10db2c9add034420b58ea5c3178c963f - - default default] 10.0.0.78 "GET /v2.0/subnetpools/505abd26-c34e-4db4-a6ac-c3ca69f8218f/tags/green HTTP/1.1" status: 404 len: 299 time: 0.0218618
2026-05-30 03:02:35.022 9 INFO neutron.wsgi [None req-0aea6a27-97ab-4f4b-b2bb-4f8d3d058155 d6656473356f4084b994ebedfe664af5 10db2c9add034420b58ea5c3178c963f - - default default] 10.0.0.78 "DELETE /v2.0/subnetpools/505abd26-c34e-4db4-a6ac-c3ca69f8218f/tags/red HTTP/1.1" status: 204 len: 168 time: 0.0319967
2026-05-30 03:02:35.047 9 INFO neutron.wsgi [None req-e3d1cec0-45a6-4e36-8d00-67c8372c6aac d6656473356f4084b994ebedfe664af5 10db2c9add034420b58ea5c3178c963f - - default default] 10.0.0.78 "GET /v2.0/subnetpools/505abd26-c34e-4db4-a6ac-c3ca69f8218f/tags HTTP/1.1" status: 200 len: 223 time: 0.0201576
2026-05-30 03:02:35.078 9 INFO neutron.api.v2.resource [None req-cdbd41fd-f96a-42d1-ad7d-02d9e4fbf1f1 d6656473356f4084b994ebedfe664af5 10db2c9add034420b58ea5c3178c963f - - default default] delete failed (client error): The resource could not be found.
2026-05-30 03:02:35.080 9 INFO neutron.wsgi [None req-cdbd41fd-f96a-42d1-ad7d-02d9e4fbf1f1 d6656473356f4084b994ebedfe664af5 10db2c9add034420b58ea5c3178c963f - - default default] 10.0.0.78 "DELETE /v2.0/subnetpools/505abd26-c34e-4db4-a6ac-c3ca69f8218f/tags/green HTTP/1.1" status: 404 len: 299 time: 0.0283976
2026-05-30 03:02:35.118 9 INFO neutron.wsgi [None req-2346727c-d05b-4c76-ab0d-50eaef6a21f1 d6656473356f4084b994ebedfe664af5 10db2c9add034420b58ea5c3178c963f - - default default] 10.0.0.78 "DELETE /v2.0/subnetpools/505abd26-c34e-4db4-a6ac-c3ca69f8218f/tags HTTP/1.1" status: 204 len: 168 time: 0.0329227
2026-05-30 03:02:35.147 9 INFO neutron.wsgi [None req-fdb50566-5d6d-416c-896c-8c4efb172967 d6656473356f4084b994ebedfe664af5 10db2c9add034420b58ea5c3178c963f - - default default] 10.0.0.78 "GET /v2.0/subnetpools/505abd26-c34e-4db4-a6ac-c3ca69f8218f/tags HTTP/1.1" status: 200 len: 205 time: 0.0246007
2026-05-30 03:02:35.217 9 INFO neutron.wsgi [None req-1f488b6d-6ad6-45a0-8f9d-cca3381d4668 d6656473356f4084b994ebedfe664af5 10db2c9add034420b58ea5c3178c963f - - default default] 10.0.0.78 "DELETE /v2.0/subnetpools/505abd26-c34e-4db4-a6ac-c3ca69f8218f HTTP/1.1" status: 204 len: 168 time: 0.0624604
2026-05-30 03:02:36.052 9 INFO neutron.db.ovn_revision_numbers_db [None req-6ddd7b48-795f-4eb3-a84e-107076b74d09 0aa8b3db02e844fea94f41a4e43dcbf5 68ad9cc310aa4c6db3ebe292785ea6b4 - - default default] Successfully bumped revision number for resource 2649a0f1-bd39-4c63-ab1a-4acc1ca8bac6 (type: security_groups) to 1
2026-05-30 03:02:36.077 9 INFO neutron.db.ovn_revision_numbers_db [None req-6ddd7b48-795f-4eb3-a84e-107076b74d09 0aa8b3db02e844fea94f41a4e43dcbf5 68ad9cc310aa4c6db3ebe292785ea6b4 - - default default] Successfully bumped revision number for resource 1366214d-ffcb-4f8f-b32f-ebf8dde8b074 (type: security_group_rules) to 0
2026-05-30 03:02:36.094 9 INFO neutron.db.ovn_revision_numbers_db [None req-6ddd7b48-795f-4eb3-a84e-107076b74d09 0aa8b3db02e844fea94f41a4e43dcbf5 68ad9cc310aa4c6db3ebe292785ea6b4 - - default default] Successfully bumped revision number for resource 4ddc8a19-88f9-4464-8a7c-c0da4f42d6ac (type: security_group_rules) to 0
2026-05-30 03:02:36.114 9 INFO neutron.db.ovn_revision_numbers_db [None req-6ddd7b48-795f-4eb3-a84e-107076b74d09 0aa8b3db02e844fea94f41a4e43dcbf5 68ad9cc310aa4c6db3ebe292785ea6b4 - - default default] Successfully bumped revision number for resource 94744d17-d2e3-46d3-bd5f-73fed799cd7b (type: security_group_rules) to 0
2026-05-30 03:02:36.130 9 INFO neutron.db.ovn_revision_numbers_db [None req-6ddd7b48-795f-4eb3-a84e-107076b74d09 0aa8b3db02e844fea94f41a4e43dcbf5 68ad9cc310aa4c6db3ebe292785ea6b4 - - default default] Successfully bumped revision number for resource a6a46aa0-a3bc-4d31-8e8a-39f4c3b2b43a (type: security_group_rules) to 0
2026-05-30 03:02:36.171 9 INFO neutron.wsgi [None req-6ddd7b48-795f-4eb3-a84e-107076b74d09 0aa8b3db02e844fea94f41a4e43dcbf5 68ad9cc310aa4c6db3ebe292785ea6b4 - - default default] 10.0.0.78 "GET /v2.0/security-groups?tenant_id=638c357b3db449d08896081fb48b87bd&name=default HTTP/1.1" status: 200 len: 3000 time: 0.3347087
2026-05-30 03:02:36.628 9 INFO neutron.db.l3_db [None req-f0bd1ece-c880-404b-81ad-9669904dd0f9 8551b493eda34b1cb26d7970bb5e5fef e9054986cd784d1ab103afecc850d3ad - - default default] Floating IP 406eac8f-73c6-4ba4-96d4-d0b046dcbf94 disassociated (deleted). External IP: 10.96.250.202, port: 8db38d70-eb9a-4af0-9d43-b38cad2f2977.
2026-05-30 03:02:36.634 9 INFO neutron.wsgi [None req-75f43785-06b9-4732-96e8-60ab21235f48 0aa8b3db02e844fea94f41a4e43dcbf5 68ad9cc310aa4c6db3ebe292785ea6b4 - - default default] 10.0.0.78 "DELETE /v2.0/security-groups/2649a0f1-bd39-4c63-ab1a-4acc1ca8bac6 HTTP/1.1" status: 204 len: 168 time: 0.4564819
2026-05-30 03:02:36.681 9 INFO neutron.wsgi [None req-f0bd1ece-c880-404b-81ad-9669904dd0f9 8551b493eda34b1cb26d7970bb5e5fef e9054986cd784d1ab103afecc850d3ad - - default default] 10.0.0.78 "DELETE /v2.0/floatingips/406eac8f-73c6-4ba4-96d4-d0b046dcbf94 HTTP/1.1" status: 204 len: 168 time: 0.6702609 /var/lib/openstack/lib/python3.10/site-packages/pycadf/identifier.py:71: UserWarning: Invalid uuid: neutron. To ensure interoperability, identifiers should be a valid uuid. warnings.warn(('Invalid uuid: %s. To ensure interoperability, '
2026-05-30 03:02:36.715 9 INFO neutron.notifiers.nova [-] Nova event matching ['req-d4416f4c-927f-43f4-901f-7ee10a60a94d'] response: {'name': 'network-changed', 'server_uuid': 'b891ae04-cca7-4a45-8301-af57fdb22be1', 'tag': '8db38d70-eb9a-4af0-9d43-b38cad2f2977', 'status': 'completed', 'code': 200}
2026-05-30 03:02:36.716 10 INFO neutron.api.v2.resource [None req-75167d29-dffa-4c73-bec1-6c651d128f5a 8551b493eda34b1cb26d7970bb5e5fef e9054986cd784d1ab103afecc850d3ad - - default default] show failed (client error): The resource could not be found.
2026-05-30 03:02:36.717 10 INFO neutron.wsgi [None req-75167d29-dffa-4c73-bec1-6c651d128f5a 8551b493eda34b1cb26d7970bb5e5fef e9054986cd784d1ab103afecc850d3ad - - default default] 10.0.0.78 "GET /v2.0/floatingips/406eac8f-73c6-4ba4-96d4-d0b046dcbf94 HTTP/1.1" status: 404 len: 345 time: 0.0293860
2026-05-30 03:02:36.780 10 INFO neutron.wsgi [req-cbc128d5-f214-413e-9947-998046b50fed req-1b397f02-05c8-4ed9-9558-8ca34dbdf1f9 e4846b997c244ad39ba985ef728c18b0 554117ef52094691863c2f76bcc47aea - - 086c14915e1744adb37f7df17ca4858a 086c14915e1744adb37f7df17ca4858a] 199.204.45.65 "GET /v2.0/ports?tenant_id=e9054986cd784d1ab103afecc850d3ad&device_id=b891ae04-cca7-4a45-8301-af57fdb22be1 HTTP/1.1" status: 200 len: 1638 time: 0.0430911
2026-05-30 03:02:36.868 9 INFO neutron.db.ovn_revision_numbers_db [None req-215ef3e4-87e0-4bf5-9ab5-b0d958c5fe04 0aa8b3db02e844fea94f41a4e43dcbf5 68ad9cc310aa4c6db3ebe292785ea6b4 - - default default] Successfully bumped revision number for resource f0efd71e-c825-43d9-81ca-46acf9b00c0a (type: security_groups) to 1
2026-05-30 03:02:36.868 10 INFO neutron.wsgi [req-cbc128d5-f214-413e-9947-998046b50fed req-c558e383-0336-4a11-bbbc-6a0bcd5426d4 e4846b997c244ad39ba985ef728c18b0 554117ef52094691863c2f76bcc47aea - - 086c14915e1744adb37f7df17ca4858a 086c14915e1744adb37f7df17ca4858a] 199.204.45.65 "GET /v2.0/networks?id=aedabdc0-5c11-4a97-9de6-0c6707384a10 HTTP/1.1" status: 200 len: 1001 time: 0.0757570
2026-05-30 03:02:36.884 9 INFO neutron.db.ovn_revision_numbers_db [None req-215ef3e4-87e0-4bf5-9ab5-b0d958c5fe04 0aa8b3db02e844fea94f41a4e43dcbf5 68ad9cc310aa4c6db3ebe292785ea6b4 - - default default] Successfully bumped revision number for resource 1e044cf9-5785-4359-a1bf-01243517127d (type: security_group_rules) to 0
2026-05-30 03:02:36.902 9 INFO neutron.db.ovn_revision_numbers_db [None req-215ef3e4-87e0-4bf5-9ab5-b0d958c5fe04 0aa8b3db02e844fea94f41a4e43dcbf5 68ad9cc310aa4c6db3ebe292785ea6b4 - - default default] Successfully bumped revision number for resource 2b07f8da-72c1-47e5-b997-d2a5a9065254 (type: security_group_rules) to 0
2026-05-30 03:02:36.914 10 INFO neutron.wsgi [req-cbc128d5-f214-413e-9947-998046b50fed req-b5ae5287-3242-4eb5-ab2e-5aafab9b7d79 e4846b997c244ad39ba985ef728c18b0 554117ef52094691863c2f76bcc47aea - - 086c14915e1744adb37f7df17ca4858a 086c14915e1744adb37f7df17ca4858a] 199.204.45.65 "GET /v2.0/floatingips?fixed_ip_address=10.2.1.138&port_id=8db38d70-eb9a-4af0-9d43-b38cad2f2977 HTTP/1.1" status: 200 len: 217 time: 0.0400610
2026-05-30 03:02:36.926 9 INFO neutron.db.ovn_revision_numbers_db [None req-215ef3e4-87e0-4bf5-9ab5-b0d958c5fe04 0aa8b3db02e844fea94f41a4e43dcbf5 68ad9cc310aa4c6db3ebe292785ea6b4 - - default default] Successfully bumped revision number for resource 434f98e8-aaf6-43c7-acec-afb268484c22 (type: security_group_rules) to 0
2026-05-30 03:02:36.942 9 INFO neutron.db.ovn_revision_numbers_db [None req-215ef3e4-87e0-4bf5-9ab5-b0d958c5fe04 0aa8b3db02e844fea94f41a4e43dcbf5 68ad9cc310aa4c6db3ebe292785ea6b4 - - default default] Successfully bumped revision number for resource a9d6378b-ebcb-477b-b6fb-50d64b31cf0b (type: security_group_rules) to 0
2026-05-30 03:02:36.950 10 INFO neutron.wsgi [req-cbc128d5-f214-413e-9947-998046b50fed req-9264bbd5-1608-4cb2-b8c9-f9eddb0b8b87 e4846b997c244ad39ba985ef728c18b0 554117ef52094691863c2f76bcc47aea - - 086c14915e1744adb37f7df17ca4858a 086c14915e1744adb37f7df17ca4858a] 199.204.45.65 "GET /v2.0/floatingips?fixed_ip_address=fd7b%3Af9f7%3Afff%3A4eca%3A%3A353&port_id=8db38d70-eb9a-4af0-9d43-b38cad2f2977 HTTP/1.1" status: 200 len: 217 time: 0.0254190
2026-05-30 03:02:36.955 10 INFO neutron.plugins.ml2.drivers.ovn.mech_driver.mech_driver [None req-6c3f93a1-c130-497e-9a8d-ffb6e57dd8ac - - - - - -] OVN reports status down for port: 8db38d70-eb9a-4af0-9d43-b38cad2f2977
2026-05-30 03:02:36.974 9 INFO neutron.wsgi [None req-215ef3e4-87e0-4bf5-9ab5-b0d958c5fe04 0aa8b3db02e844fea94f41a4e43dcbf5 68ad9cc310aa4c6db3ebe292785ea6b4 - - default default] 10.0.0.78 "GET /v2.0/security-groups?tenant_id=10db2c9add034420b58ea5c3178c963f&name=default HTTP/1.1" status: 200 len: 3000 time: 0.2298970
2026-05-30 03:02:37.032 10 INFO neutron.wsgi [req-cbc128d5-f214-413e-9947-998046b50fed req-213ae84f-e71d-4c75-89b4-b557d5c083bf e4846b997c244ad39ba985ef728c18b0 554117ef52094691863c2f76bcc47aea - - 086c14915e1744adb37f7df17ca4858a 086c14915e1744adb37f7df17ca4858a] 199.204.45.65 "GET /v2.0/subnets?id=b5e52c39-51ae-4a17-bc23-bb279b12bde2&id=d18d0a6e-0f23-4891-b164-66e42ce4dfb8 HTTP/1.1" status: 200 len: 1562 time: 0.0664504
2026-05-30 03:02:37.064 10 INFO neutron.wsgi [req-e9be5cdc-5c1c-4c23-a187-33098897dc75 req-060eb156-9d5c-4368-a396-d4078b29fbb8 8551b493eda34b1cb26d7970bb5e5fef e9054986cd784d1ab103afecc850d3ad - - default default] 10.0.0.31 "GET /v2.0/ports?device_id=b891ae04-cca7-4a45-8301-af57fdb22be1 HTTP/1.1" status: 200 len: 1400 time: 0.1772187
2026-05-30 03:02:37.067 10 INFO neutron.wsgi [req-cbc128d5-f214-413e-9947-998046b50fed req-6c66debe-84bc-473f-89eb-41a1f5c71de0 e4846b997c244ad39ba985ef728c18b0 554117ef52094691863c2f76bcc47aea - - 086c14915e1744adb37f7df17ca4858a 086c14915e1744adb37f7df17ca4858a] 199.204.45.65 "GET /v2.0/ports?network_id=aedabdc0-5c11-4a97-9de6-0c6707384a10&device_owner=network%3Adhcp HTTP/1.1" status: 200 len: 210 time: 0.0275729
2026-05-30 03:02:37.122 9 INFO neutron.wsgi [-] 10.0.0.42 "GET / HTTP/1.1" status: 200 len: 247 time: 0.0017164
2026-05-30 03:02:37.124 9 INFO neutron.wsgi [-] 10.0.0.42 "GET / HTTP/1.1" status: 200 len: 247 time: 0.0012689
2026-05-30 03:02:37.132 10 INFO neutron.wsgi [req-cbc128d5-f214-413e-9947-998046b50fed req-f0438451-7e71-4413-ae50-5ec111549a4f e4846b997c244ad39ba985ef728c18b0 554117ef52094691863c2f76bcc47aea - - 086c14915e1744adb37f7df17ca4858a 086c14915e1744adb37f7df17ca4858a] 199.204.45.65 "GET /v2.0/ports?network_id=aedabdc0-5c11-4a97-9de6-0c6707384a10&device_owner=network%3Adhcp HTTP/1.1" status: 200 len: 210 time: 0.0540528
2026-05-30 03:02:37.186 9 INFO neutron.wsgi [None req-cc25904e-b3ce-4dff-9e6c-3d7c812f971d 0aa8b3db02e844fea94f41a4e43dcbf5 68ad9cc310aa4c6db3ebe292785ea6b4 - - default default] 10.0.0.78 "DELETE /v2.0/security-groups/f0efd71e-c825-43d9-81ca-46acf9b00c0a HTTP/1.1" status: 204 len: 168 time: 0.2079375
2026-05-30 03:02:37.202 10 INFO neutron.wsgi [req-e9be5cdc-5c1c-4c23-a187-33098897dc75 req-ff3817c7-1e5c-4aad-8334-092b3666b92b 8551b493eda34b1cb26d7970bb5e5fef e9054986cd784d1ab103afecc850d3ad - - default default] 10.0.0.31 "GET /v2.0/security-groups?id=546094ce-25c1-478d-81a4-8cc7c25b7aa9&fields=id&fields=name HTTP/1.1" status: 200 len: 310 time: 0.1260586
2026-05-30 03:02:37.224 10 INFO neutron.notifiers.nova [-] Nova event matching ['req-8e48f41c-eb90-44ba-bbfb-4453288bf4da'] response: {'server_uuid': 'b891ae04-cca7-4a45-8301-af57fdb22be1', 'name': 'network-vif-unplugged', 'status': 'completed', 'tag': '8db38d70-eb9a-4af0-9d43-b38cad2f2977', 'code': 200}
2026-05-30 03:02:37.267 10 INFO neutron.wsgi [req-cbc128d5-f214-413e-9947-998046b50fed req-ab04929f-834d-48eb-98a9-33ebc04cc458 e4846b997c244ad39ba985ef728c18b0 554117ef52094691863c2f76bcc47aea - - 086c14915e1744adb37f7df17ca4858a 086c14915e1744adb37f7df17ca4858a] 199.204.45.65 "GET /v2.0/networks/aedabdc0-5c11-4a97-9de6-0c6707384a10?fields=segments HTTP/1.1" status: 200 len: 212 time: 0.1271951
2026-05-30 03:02:37.341 9 INFO neutron.wsgi [req-d5318c46-b036-4e1f-9ae5-b01038224cec req-2558dc98-c3d7-4ea3-9faf-3d6fbcdf7639 8551b493eda34b1cb26d7970bb5e5fef e9054986cd784d1ab103afecc850d3ad - - default default] 199.204.45.65 "GET /v2.0/ports?device_id=b891ae04-cca7-4a45-8301-af57fdb22be1 HTTP/1.1" status: 200 len: 1398 time: 0.0936818
2026-05-30 03:02:37.353 10 INFO neutron.wsgi [req-cbc128d5-f214-413e-9947-998046b50fed req-814842fd-1b7b-41ac-8d02-b9a25aabd207 e4846b997c244ad39ba985ef728c18b0 554117ef52094691863c2f76bcc47aea - - 086c14915e1744adb37f7df17ca4858a 086c14915e1744adb37f7df17ca4858a] 199.204.45.65 "GET /v2.0/networks/aedabdc0-5c11-4a97-9de6-0c6707384a10?fields=provider%3Aphysical_network&fields=provider%3Anetwork_type HTTP/1.1" status: 200 len: 277 time: 0.0768015
2026-05-30 03:02:37.438 10 INFO neutron.db.ovn_revision_numbers_db [None req-6c3f93a1-c130-497e-9a8d-ffb6e57dd8ac - - - - - -] Successfully bumped revision number for resource 8db38d70-eb9a-4af0-9d43-b38cad2f2977 (type: ports) to 5
2026-05-30 03:02:37.692 9 INFO neutron.wsgi [req-d5318c46-b036-4e1f-9ae5-b01038224cec req-338bf6f5-9267-4445-ae61-5c88c0231215 8551b493eda34b1cb26d7970bb5e5fef e9054986cd784d1ab103afecc850d3ad - - default default] 199.204.45.65 "DELETE /v2.0/ports/8db38d70-eb9a-4af0-9d43-b38cad2f2977 HTTP/1.1" status: 204 len: 173 time: 0.3452795
2026-05-30 03:02:38.753 9 INFO neutron.notifiers.nova [-] Nova event matching ['req-b0315164-f3c8-430c-a187-4a2095bdf46b'] response: {'server_uuid': 'b891ae04-cca7-4a45-8301-af57fdb22be1', 'name': 'network-vif-deleted', 'tag': '8db38d70-eb9a-4af0-9d43-b38cad2f2977', 'status': 'completed', 'code': 200}
2026-05-30 03:02:39.262 10 INFO neutron.notifiers.nova [-] Nova event matching ['req-fe0468ff-274c-496f-b708-fa121958dfce'] response: {'server_uuid': 'b891ae04-cca7-4a45-8301-af57fdb22be1', 'name': 'network-vif-plugged', 'status': 'completed', 'tag': '8db38d70-eb9a-4af0-9d43-b38cad2f2977', 'code': 200} /var/lib/openstack/lib/python3.10/site-packages/pycadf/identifier.py:71: UserWarning: Invalid uuid: neutron. To ensure interoperability, identifiers should be a valid uuid. warnings.warn(('Invalid uuid: %s. To ensure interoperability, '
2026-05-30 03:02:40.394 10 WARNING neutron_lib.context [None req-d003b5ae-d89e-4091-ba26-ec1ae663c876 ddab46808a804348b053ea3af556a87d 917755d1d5ff482ebb7d508646f84c37 - - default default] Method 'is_advsvc' is deprecated since 2023.2 release (neutron-lib 3.8.0) and will be removed once support for the old RBAC API policies will be removed from Neutron. Please use method 'is_service_role' instead.
2026-05-30 03:02:40.518 10 INFO neutron.db.ovn_revision_numbers_db [None req-d003b5ae-d89e-4091-ba26-ec1ae663c876 ddab46808a804348b053ea3af556a87d 917755d1d5ff482ebb7d508646f84c37 - - default default] Successfully bumped revision number for resource 37a86c4f-270f-441e-bb56-a17cfd3ac0b5 (type: security_groups) to 1
2026-05-30 03:02:40.532 10 INFO neutron.db.ovn_revision_numbers_db [None req-d003b5ae-d89e-4091-ba26-ec1ae663c876 ddab46808a804348b053ea3af556a87d 917755d1d5ff482ebb7d508646f84c37 - - default default] Successfully bumped revision number for resource 146a8b0c-9d17-4dca-ac6b-b81215a07b0c (type: security_group_rules) to 0
2026-05-30 03:02:40.544 10 INFO neutron.db.ovn_revision_numbers_db [None req-d003b5ae-d89e-4091-ba26-ec1ae663c876 ddab46808a804348b053ea3af556a87d 917755d1d5ff482ebb7d508646f84c37 - - default default] Successfully bumped revision number for resource 46070542-92a3-43fd-85ef-08bca343ee36 (type: security_group_rules) to 0
2026-05-30 03:02:40.557 10 INFO neutron.db.ovn_revision_numbers_db [None req-d003b5ae-d89e-4091-ba26-ec1ae663c876 ddab46808a804348b053ea3af556a87d 917755d1d5ff482ebb7d508646f84c37 - - default default] Successfully bumped revision number for resource 6b28b34b-c96c-440a-ab46-504ebe1d7a06 (type: security_group_rules) to 0
2026-05-30 03:02:40.569 10 INFO neutron.db.ovn_revision_numbers_db [None req-d003b5ae-d89e-4091-ba26-ec1ae663c876 ddab46808a804348b053ea3af556a87d 917755d1d5ff482ebb7d508646f84c37 - - default default] Successfully bumped revision number for resource 999e5556-00fd-42d4-a400-431bcd3a7a17 (type: security_group_rules) to 0
2026-05-30 03:02:40.628 10 INFO neutron.db.segments_db [None req-d003b5ae-d89e-4091-ba26-ec1ae663c876 ddab46808a804348b053ea3af556a87d 917755d1d5ff482ebb7d508646f84c37 - - default default] Added segment 981700ea-0afd-4ac1-b98c-97dd58123850 of type geneve for network ca758938-59ae-493d-95b4-df79267c1db9
2026-05-30 03:02:40.765 10 INFO neutron.db.ovn_revision_numbers_db [None req-d003b5ae-d89e-4091-ba26-ec1ae663c876 ddab46808a804348b053ea3af556a87d 917755d1d5ff482ebb7d508646f84c37 - - default default] Successfully bumped revision number for resource ca758938-59ae-493d-95b4-df79267c1db9 (type: networks) to 1
2026-05-30 03:02:41.128 10 WARNING neutron.scheduler.dhcp_agent_scheduler [None req-d003b5ae-d89e-4091-ba26-ec1ae663c876 ddab46808a804348b053ea3af556a87d 917755d1d5ff482ebb7d508646f84c37 - - default default] No more DHCP agents
2026-05-30 03:02:41.130 10 WARNING neutron.api.rpc.agentnotifiers.dhcp_rpc_agent_api [None req-d003b5ae-d89e-4091-ba26-ec1ae663c876 ddab46808a804348b053ea3af556a87d 917755d1d5ff482ebb7d508646f84c37 - - default default] Unable to schedule network ca758938-59ae-493d-95b4-df79267c1db9: no agents available; will retry on subsequent port and subnet creation events.
2026-05-30 03:02:41.200 10 INFO neutron.db.ovn_revision_numbers_db [None req-d003b5ae-d89e-4091-ba26-ec1ae663c876 ddab46808a804348b053ea3af556a87d 917755d1d5ff482ebb7d508646f84c37 - - default default] Successfully bumped revision number for resource 7c4e76ad-ed45-4218-bf27-037781dca757 (type: ports) to 1
2026-05-30 03:02:41.217 10 INFO neutron.wsgi [None req-d003b5ae-d89e-4091-ba26-ec1ae663c876 ddab46808a804348b053ea3af556a87d 917755d1d5ff482ebb7d508646f84c37 - - default default] 10.0.0.78 "POST /v2.0/networks HTTP/1.1" status: 201 len: 830 time: 0.9791424
2026-05-30 03:02:41.226 10 WARNING neutron_lib.context [None req-324c3c31-af7a-4000-9779-a2677896d7ec ddab46808a804348b053ea3af556a87d 917755d1d5ff482ebb7d508646f84c37 - - default default] Method 'is_advsvc' is deprecated since 2023.2 release (neutron-lib 3.8.0) and will be removed once support for the old RBAC API policies will be removed from Neutron. Please use method 'is_service_role' instead.
2026-05-30 03:02:41.295 10 INFO neutron.db.segments_db [None req-324c3c31-af7a-4000-9779-a2677896d7ec ddab46808a804348b053ea3af556a87d 917755d1d5ff482ebb7d508646f84c37 - - default default] Added segment 2f7e3d9b-f51e-41de-8999-bbf320c5f0ef of type geneve for network 4bc6449e-d321-4eca-a2ce-be2be7ddf6bd
2026-05-30 03:02:41.411 10 INFO neutron.db.ovn_revision_numbers_db [None req-324c3c31-af7a-4000-9779-a2677896d7ec ddab46808a804348b053ea3af556a87d 917755d1d5ff482ebb7d508646f84c37 - - default default] Successfully bumped revision number for resource 4bc6449e-d321-4eca-a2ce-be2be7ddf6bd (type: networks) to 1
2026-05-30 03:02:41.574 10 WARNING neutron.scheduler.dhcp_agent_scheduler [None req-324c3c31-af7a-4000-9779-a2677896d7ec ddab46808a804348b053ea3af556a87d 917755d1d5ff482ebb7d508646f84c37 - - default default] No more DHCP agents
2026-05-30 03:02:41.576 10 WARNING neutron.api.rpc.agentnotifiers.dhcp_rpc_agent_api [None req-324c3c31-af7a-4000-9779-a2677896d7ec ddab46808a804348b053ea3af556a87d 917755d1d5ff482ebb7d508646f84c37 - - default default] Unable to schedule network 4bc6449e-d321-4eca-a2ce-be2be7ddf6bd: no agents available; will retry on subsequent port and subnet creation events.
2026-05-30 03:02:41.652 10 INFO neutron.db.ovn_revision_numbers_db [None req-324c3c31-af7a-4000-9779-a2677896d7ec ddab46808a804348b053ea3af556a87d 917755d1d5ff482ebb7d508646f84c37 - - default default] Successfully bumped revision number for resource 382697ee-f4d5-4ac1-bd7a-7da2fbc42107 (type: ports) to 1
2026-05-30 03:02:41.673 10 INFO neutron.wsgi [None req-324c3c31-af7a-4000-9779-a2677896d7ec ddab46808a804348b053ea3af556a87d 917755d1d5ff482ebb7d508646f84c37 - - default default] 10.0.0.78 "POST /v2.0/networks HTTP/1.1" status: 201 len: 831 time: 0.4511621
2026-05-30 03:02:41.732 10 INFO neutron.wsgi [None req-4a073bbc-29a6-4444-aced-6d46c916ae23 ddab46808a804348b053ea3af556a87d 917755d1d5ff482ebb7d508646f84c37 - - default default] 10.0.0.78 "PUT /v2.0/networks/ca758938-59ae-493d-95b4-df79267c1db9/tags HTTP/1.1" status: 200 len: 218 time: 0.0540287
2026-05-30 03:02:41.776 10 INFO neutron.wsgi [None req-5f0d4e49-0199-4131-a538-e0381e3c50c9 ddab46808a804348b053ea3af556a87d 917755d1d5ff482ebb7d508646f84c37 - - default default] 10.0.0.78 "GET /v2.0/networks/ca758938-59ae-493d-95b4-df79267c1db9/tags HTTP/1.1" status: 200 len: 218 time: 0.0376968
2026-05-30 03:02:41.830 10 INFO neutron.wsgi [None req-fd4b342f-0063-4436-838e-a1a05944de7e ddab46808a804348b053ea3af556a87d 917755d1d5ff482ebb7d508646f84c37 - - default default] 10.0.0.78 "PUT /v2.0/networks/4bc6449e-d321-4eca-a2ce-be2be7ddf6bd/tags HTTP/1.1" status: 200 len: 210 time: 0.0491812
2026-05-30 03:02:41.874 10 INFO neutron.wsgi [None req-a4708811-06dd-4faa-855d-fc82febfa426 ddab46808a804348b053ea3af556a87d 917755d1d5ff482ebb7d508646f84c37 - - default default] 10.0.0.78 "GET /v2.0/networks/4bc6449e-d321-4eca-a2ce-be2be7ddf6bd/tags HTTP/1.1" status: 200 len: 210 time: 0.0390570
2026-05-30 03:02:41.929 10 INFO neutron.wsgi [None req-cc6ae986-8769-4595-b728-96bf5343466e ddab46808a804348b053ea3af556a87d 917755d1d5ff482ebb7d508646f84c37 - - default default] 10.0.0.78 "PUT /v2.0/networks/4bc6449e-d321-4eca-a2ce-be2be7ddf6bd/tags HTTP/1.1" status: 200 len: 205 time: 0.0500805
2026-05-30 03:02:41.977 10 INFO neutron.wsgi [None req-77565e8c-ffa8-447c-b23a-d4179443ea2f ddab46808a804348b053ea3af556a87d 917755d1d5ff482ebb7d508646f84c37 - - default default] 10.0.0.78 "GET /v2.0/networks/4bc6449e-d321-4eca-a2ce-be2be7ddf6bd/tags HTTP/1.1" status: 200 len: 205 time: 0.0434892
2026-05-30 03:02:42.032 10 INFO neutron.wsgi [None req-ff35ea0f-a041-44b8-8475-a86b7ac2a3f0 ddab46808a804348b053ea3af556a87d 917755d1d5ff482ebb7d508646f84c37 - - default default] 10.0.0.78 "GET /v2.0/networks/ca758938-59ae-493d-95b4-df79267c1db9/tags HTTP/1.1" status: 200 len: 218 time: 0.0507736
2026-05-30 03:02:42.421 9 INFO neutron.wsgi [None req-eb21ca6e-ecf6-420c-9eae-08765f6cd7dc 8551b493eda34b1cb26d7970bb5e5fef e9054986cd784d1ab103afecc850d3ad - - default default] 10.0.0.78 "DELETE /v2.0/security-group-rules/41df45e8-8389-4a06-be92-72dbca712462 HTTP/1.1" status: 204 len: 168 time: 0.1534472
2026-05-30 03:02:42.435 9 INFO neutron.api.v2.resource [None req-eec6596b-911d-4911-b106-d7c9ecb18bd2 8551b493eda34b1cb26d7970bb5e5fef e9054986cd784d1ab103afecc850d3ad - - default default] show failed (client error): The resource could not be found.
2026-05-30 03:02:42.436 9 INFO neutron.wsgi [None req-eec6596b-911d-4911-b106-d7c9ecb18bd2 8551b493eda34b1cb26d7970bb5e5fef e9054986cd784d1ab103afecc850d3ad - - default default] 10.0.0.78 "GET /v2.0/security-group-rules/41df45e8-8389-4a06-be92-72dbca712462 HTTP/1.1" status: 404 len: 356 time: 0.0101113
2026-05-30 03:02:42.437 10 INFO neutron.services.segments.plugin [-] Segment 981700ea-0afd-4ac1-b98c-97dd58123850 resource provider aggregate not found
2026-05-30 03:02:42.456 10 INFO neutron.services.segments.plugin [-] Segment 981700ea-0afd-4ac1-b98c-97dd58123850 resource provider aggregate not found
2026-05-30 03:02:42.469 10 INFO neutron.services.segments.plugin [-] Segment 981700ea-0afd-4ac1-b98c-97dd58123850 resource provider not found; error: Placement Client Error (4xx): {"errors": [{"status": 404, "title": "Not Found", "detail": "The resource could not be found.\n\n No resource provider with uuid 981700ea-0afd-4ac1-b98c-97dd58123850 found for delete ", "request_id": "req-894e16bb-c611-49a1-bab0-be7342af692d"}]}
2026-05-30 03:02:42.474 10 INFO neutron.services.segments.plugin [-] Segment 981700ea-0afd-4ac1-b98c-97dd58123850 resource provider not found; error: Placement Client Error (4xx): {"errors": [{"status": 404, "title": "Not Found", "detail": "The resource could not be found.\n\n No resource provider with uuid 981700ea-0afd-4ac1-b98c-97dd58123850 found for delete ", "request_id": "req-1cab2ef6-22b1-4dc5-89d3-f8c0ddc05a5f"}]}
2026-05-30 03:02:42.497 10 INFO neutron.wsgi [None req-441bc41a-fe65-43c6-b9d7-1a182d87193a ddab46808a804348b053ea3af556a87d 917755d1d5ff482ebb7d508646f84c37 - - default default] 10.0.0.78 "DELETE /v2.0/networks/ca758938-59ae-493d-95b4-df79267c1db9 HTTP/1.1" status: 204 len: 168 time: 0.4488227
2026-05-30 03:02:42.588 9 INFO neutron.wsgi [None req-cbf7427a-ea99-449c-a4b0-6c46008e7746 8551b493eda34b1cb26d7970bb5e5fef e9054986cd784d1ab103afecc850d3ad - - default default] 10.0.0.78 "DELETE /v2.0/security-group-rules/524c4a12-e0c7-4641-8455-04eccc48b636 HTTP/1.1" status: 204 len: 168 time: 0.1462269
2026-05-30 03:02:42.602 9 INFO neutron.api.v2.resource [None req-a4acdaa7-546e-47c8-91ac-491177b3bd88 8551b493eda34b1cb26d7970bb5e5fef e9054986cd784d1ab103afecc850d3ad - - default default] show failed (client error): The resource could not be found.
2026-05-30 03:02:42.603 9 INFO neutron.wsgi [None req-a4acdaa7-546e-47c8-91ac-491177b3bd88 8551b493eda34b1cb26d7970bb5e5fef e9054986cd784d1ab103afecc850d3ad - - default default] 10.0.0.78 "GET /v2.0/security-group-rules/524c4a12-e0c7-4641-8455-04eccc48b636 HTTP/1.1" status: 404 len: 356 time: 0.0109720
2026-05-30 03:02:42.741 10 INFO neutron.wsgi [None req-44ec3b21-9276-4e93-9036-0f3db3fbdd07 8551b493eda34b1cb26d7970bb5e5fef e9054986cd784d1ab103afecc850d3ad - - default default] 10.0.0.78 "DELETE /v2.0/security-group-rules/92cf7674-9868-4bd4-8fba-4a6ca4d74e4c HTTP/1.1" status: 204 len: 168 time: 0.1335707
2026-05-30 03:02:42.752 10 INFO neutron.api.v2.resource [None req-a40039e8-3735-420d-85e3-d9776e9a2625 8551b493eda34b1cb26d7970bb5e5fef e9054986cd784d1ab103afecc850d3ad - - default default] show failed (client error): The resource could not be found.
2026-05-30 03:02:42.757 10 INFO neutron.wsgi [None req-a40039e8-3735-420d-85e3-d9776e9a2625 8551b493eda34b1cb26d7970bb5e5fef e9054986cd784d1ab103afecc850d3ad - - default default] 10.0.0.78 "GET /v2.0/security-group-rules/92cf7674-9868-4bd4-8fba-4a6ca4d74e4c HTTP/1.1" status: 404 len: 356 time: 0.0114613
2026-05-30 03:02:42.879 10 INFO neutron.wsgi [None req-cee74dcc-9c9b-43fa-9081-c58679ebc0f6 8551b493eda34b1cb26d7970bb5e5fef e9054986cd784d1ab103afecc850d3ad - - default default] 10.0.0.78 "DELETE /v2.0/security-group-rules/bd32c644-9278-46fc-b15b-c090fce95743 HTTP/1.1" status: 204 len: 168 time: 0.1176183
2026-05-30 03:02:42.885 9 INFO neutron.wsgi [None req-46f2263c-e3b6-4308-8b3f-9d089725190d ddab46808a804348b053ea3af556a87d 917755d1d5ff482ebb7d508646f84c37 - - default default] 10.0.0.78 "DELETE /v2.0/networks/4bc6449e-d321-4eca-a2ce-be2be7ddf6bd HTTP/1.1" status: 204 len: 168 time: 0.3814003
2026-05-30 03:02:42.890 10 INFO neutron.api.v2.resource [None req-bda71f0d-bcd1-4aed-bb2f-0816a55aecc1 8551b493eda34b1cb26d7970bb5e5fef e9054986cd784d1ab103afecc850d3ad - - default default] show failed (client error): The resource could not be found.
2026-05-30 03:02:42.891 10 INFO neutron.wsgi [None req-bda71f0d-bcd1-4aed-bb2f-0816a55aecc1 8551b493eda34b1cb26d7970bb5e5fef e9054986cd784d1ab103afecc850d3ad - - default default] 10.0.0.78 "GET /v2.0/security-group-rules/bd32c644-9278-46fc-b15b-c090fce95743 HTTP/1.1" status: 404 len: 356 time: 0.0082603
2026-05-30 03:02:42.976 9 INFO neutron.services.segments.plugin [-] Segment 2f7e3d9b-f51e-41de-8999-bbf320c5f0ef resource provider aggregate not found
2026-05-30 03:02:42.997 9 INFO neutron.services.segments.plugin [-] Segment 2f7e3d9b-f51e-41de-8999-bbf320c5f0ef resource provider not found; error: Placement Client Error (4xx): {"errors": [{"status": 404, "title": "Not Found", "detail": "The resource could not be found.\n\n No resource provider with uuid 2f7e3d9b-f51e-41de-8999-bbf320c5f0ef found for delete ", "request_id": "req-ea3a37a5-5581-448c-83ce-c6dfcf985ec3"}]}
2026-05-30 03:02:43.003 9 INFO neutron.services.segments.plugin [-] Segment 2f7e3d9b-f51e-41de-8999-bbf320c5f0ef resource provider aggregate not found
2026-05-30 03:02:43.021 9 INFO neutron.services.segments.plugin [-] Segment 2f7e3d9b-f51e-41de-8999-bbf320c5f0ef resource provider not found; error: Placement Client Error (4xx): {"errors": [{"status": 404, "title": "Not Found", "detail": "The resource could not be found.\n\n No resource provider with uuid 2f7e3d9b-f51e-41de-8999-bbf320c5f0ef found for delete ", "request_id": "req-ff0bb830-a4af-488a-9cb0-575409a308ec"}]}
2026-05-30 03:02:43.027 9 INFO neutron.wsgi [None req-0e1bbad9-03d5-46de-bced-19cf5cd78199 8551b493eda34b1cb26d7970bb5e5fef e9054986cd784d1ab103afecc850d3ad - - default default] 10.0.0.78 "DELETE /v2.0/security-group-rules/083fe38d-5b74-44db-847b-89f4fe38a43d HTTP/1.1" status: 204 len: 168 time: 0.1334469
2026-05-30 03:02:43.043 9 INFO neutron.api.v2.resource [None req-e783f9be-ed95-43a5-aae6-6df63cf52b38 8551b493eda34b1cb26d7970bb5e5fef e9054986cd784d1ab103afecc850d3ad - - default default] show failed (client error): The resource could not be found.
2026-05-30 03:02:43.045 9 INFO neutron.wsgi [None req-e783f9be-ed95-43a5-aae6-6df63cf52b38 8551b493eda34b1cb26d7970bb5e5fef e9054986cd784d1ab103afecc850d3ad - - default default] 10.0.0.78 "GET /v2.0/security-group-rules/083fe38d-5b74-44db-847b-89f4fe38a43d HTTP/1.1" status: 404 len: 356 time: 0.0124736
2026-05-30 03:02:43.170 9 INFO neutron.wsgi [None req-eeeeacba-b2c2-4967-93f8-24847071bc8f 8551b493eda34b1cb26d7970bb5e5fef e9054986cd784d1ab103afecc850d3ad - - default default] 10.0.0.78 "DELETE /v2.0/security-group-rules/b12a46f6-506b-4288-8d7f-6a2ccdea4605 HTTP/1.1" status: 204 len: 168 time: 0.1208248
2026-05-30 03:02:43.199 10 INFO neutron.api.v2.resource [None req-7c6ea3fc-a6a3-4e31-9f22-3ea93357a556 8551b493eda34b1cb26d7970bb5e5fef e9054986cd784d1ab103afecc850d3ad - - default default] show failed (client error): The resource could not be found.
2026-05-30 03:02:43.201 10 INFO neutron.wsgi [None req-7c6ea3fc-a6a3-4e31-9f22-3ea93357a556 8551b493eda34b1cb26d7970bb5e5fef e9054986cd784d1ab103afecc850d3ad - - default default] 10.0.0.78 "GET /v2.0/security-group-rules/b12a46f6-506b-4288-8d7f-6a2ccdea4605 HTTP/1.1" status: 404 len: 356 time: 0.0259924
2026-05-30 03:02:43.323 9 INFO neutron.wsgi [None req-39e4d67a-8934-4149-a589-19aacd0ce3de 8551b493eda34b1cb26d7970bb5e5fef e9054986cd784d1ab103afecc850d3ad - - default default] 10.0.0.78 "DELETE /v2.0/security-group-rules/1a9a96f7-05e4-4cb2-b60b-948203aee42e HTTP/1.1" status: 204 len: 168 time: 0.1180665
2026-05-30 03:02:43.338 9 INFO neutron.api.v2.resource [None req-c97f7951-fd3f-47e3-b3c5-42c20fbd9a63 8551b493eda34b1cb26d7970bb5e5fef e9054986cd784d1ab103afecc850d3ad - - default default] show failed (client error): The resource could not be found.
2026-05-30 03:02:43.339 9 INFO neutron.wsgi [None req-c97f7951-fd3f-47e3-b3c5-42c20fbd9a63 8551b493eda34b1cb26d7970bb5e5fef e9054986cd784d1ab103afecc850d3ad - - default default] 10.0.0.78 "GET /v2.0/security-group-rules/1a9a96f7-05e4-4cb2-b60b-948203aee42e HTTP/1.1" status: 404 len: 356 time: 0.0097024
2026-05-30 03:02:43.422 9 INFO neutron.wsgi [None req-c753646c-29e2-46c6-ae6a-46ed2db25a28 0aa8b3db02e844fea94f41a4e43dcbf5 68ad9cc310aa4c6db3ebe292785ea6b4 - - default default] 10.0.0.127 "GET /v2.0/subnets HTTP/1.1" status: 200 len: 5497 time: 0.3002305
2026-05-30 03:02:43.519 9 INFO neutron.wsgi [None req-33e6d14c-cdf3-4891-8c38-55af79f32eaf 0aa8b3db02e844fea94f41a4e43dcbf5 68ad9cc310aa4c6db3ebe292785ea6b4 - - default default] 10.0.0.127 "GET /v2.0/routers HTTP/1.1" status: 200 len: 850 time: 0.0944011
2026-05-30 03:02:43.532 9 INFO neutron.wsgi [None req-2a90038a-cae8-43e7-98c4-8bf9f4a75ed3 8551b493eda34b1cb26d7970bb5e5fef e9054986cd784d1ab103afecc850d3ad - - default default] 10.0.0.78 "DELETE /v2.0/security-group-rules/95b3080a-eb02-4846-879b-6acd1b74a71c HTTP/1.1" status: 204 len: 168 time: 0.1888525
2026-05-30 03:02:43.550 9 INFO neutron.wsgi [None req-cde06e1a-44e2-44a4-8cc8-893b27c4075f 0aa8b3db02e844fea94f41a4e43dcbf5 68ad9cc310aa4c6db3ebe292785ea6b4 - - default default] 10.0.0.127 "GET /v2.0/agents?binary=ovn-controller HTTP/1.1" status: 200 len: 591 time: 0.0286248
2026-05-30 03:02:43.560 10 INFO neutron.api.v2.resource [None req-80c7d30f-b514-496b-9601-c3872a973004 8551b493eda34b1cb26d7970bb5e5fef e9054986cd784d1ab103afecc850d3ad - - default default] show failed (client error): The resource could not be found.
2026-05-30 03:02:43.563 10 INFO neutron.wsgi [None req-80c7d30f-b514-496b-9601-c3872a973004 8551b493eda34b1cb26d7970bb5e5fef e9054986cd784d1ab103afecc850d3ad - - default default] 10.0.0.78 "GET /v2.0/security-group-rules/95b3080a-eb02-4846-879b-6acd1b74a71c HTTP/1.1" status: 404 len: 356 time: 0.0238996
2026-05-30 03:02:43.570 9 INFO neutron.wsgi [None req-31326fe2-87e7-41ab-8263-70bfd611d65e 0aa8b3db02e844fea94f41a4e43dcbf5 68ad9cc310aa4c6db3ebe292785ea6b4 - - default default] 10.0.0.127 "GET /v2.0/floatingips HTTP/1.1" status: 200 len: 193 time: 0.0183346
2026-05-30 03:02:43.632 9 INFO neutron.wsgi [None req-6afaa29b-15e3-40e6-ac29-7bcc4f6810bd 0aa8b3db02e844fea94f41a4e43dcbf5 68ad9cc310aa4c6db3ebe292785ea6b4 - - default default] 10.0.0.127 "GET /v2.0/security-groups HTTP/1.1" status: 200 len: 25652 time: 0.0608413
2026-05-30 03:02:43.637 10 INFO neutron.wsgi [None req-3eb8da3e-d1b8-4cfd-8fb4-d2b109f31f2b 0aa8b3db02e844fea94f41a4e43dcbf5 68ad9cc310aa4c6db3ebe292785ea6b4 - - default default] 10.0.0.78 "GET /v2.0/security-groups?tenant_id=917755d1d5ff482ebb7d508646f84c37&name=default HTTP/1.1" status: 200 len: 3000 time: 0.1616812
2026-05-30 03:02:43.715 10 INFO neutron.wsgi [None req-b2ccf2f1-8b27-46ec-a385-30dfdbeef259 8551b493eda34b1cb26d7970bb5e5fef e9054986cd784d1ab103afecc850d3ad - - default default] 10.0.0.78 "DELETE /v2.0/security-group-rules/9dc0b325-af4d-4992-abce-84909898806b HTTP/1.1" status: 204 len: 168 time: 0.1464682
2026-05-30 03:02:43.726 9 INFO neutron.wsgi [None req-f4ecceb4-8b49-40b2-92a8-fd7300fab683 0aa8b3db02e844fea94f41a4e43dcbf5 68ad9cc310aa4c6db3ebe292785ea6b4 - - default default] 10.0.0.127 "GET /v2.0/networks HTTP/1.1" status: 200 len: 4718 time: 0.0858459
2026-05-30 03:02:43.729 10 INFO neutron.api.v2.resource [None req-c5f51cdc-5d6b-4c8f-8779-e4440e8b26af 8551b493eda34b1cb26d7970bb5e5fef e9054986cd784d1ab103afecc850d3ad - - default default] show failed (client error): The resource could not be found.
2026-05-30 03:02:43.730 10 INFO neutron.wsgi [None req-c5f51cdc-5d6b-4c8f-8779-e4440e8b26af 8551b493eda34b1cb26d7970bb5e5fef e9054986cd784d1ab103afecc850d3ad - - default default] 10.0.0.78 "GET /v2.0/security-group-rules/9dc0b325-af4d-4992-abce-84909898806b HTTP/1.1" status: 404 len: 356 time: 0.0101304
2026-05-30 03:02:43.744 9 INFO neutron.wsgi [None req-9b27a8dd-d7e7-4cae-a3ed-2b8c24c258d9 0aa8b3db02e844fea94f41a4e43dcbf5 68ad9cc310aa4c6db3ebe292785ea6b4 - - default default] 10.0.0.127 "GET /v2.0/network-ip-availabilities HTTP/1.1" status: 200 len: 3363 time: 0.0147893
2026-05-30 03:02:43.756 9 INFO neutron.wsgi [None req-d4dbf31b-a19f-4077-bd26-d689ccbd9212 0aa8b3db02e844fea94f41a4e43dcbf5 68ad9cc310aa4c6db3ebe292785ea6b4 - - default default] 10.0.0.127 "GET /v2.0/agents HTTP/1.1" status: 200 len: 997 time: 0.0105970
2026-05-30 03:02:43.811 9 INFO neutron.wsgi [None req-5a7dfc82-74b4-4555-ae35-4736767fde98 0aa8b3db02e844fea94f41a4e43dcbf5 68ad9cc310aa4c6db3ebe292785ea6b4 - - default default] 10.0.0.127 "GET /v2.0/subnets HTTP/1.1" status: 200 len: 5497 time: 0.0537500
2026-05-30 03:02:43.834 9 INFO neutron.wsgi [None req-aba2f179-64e8-4b40-b37c-51b4e4bbfe30 0aa8b3db02e844fea94f41a4e43dcbf5 68ad9cc310aa4c6db3ebe292785ea6b4 - - default default] 10.0.0.127 "GET /v2.0/subnetpools HTTP/1.1" status: 200 len: 193 time: 0.0196354
2026-05-30 03:02:43.869 10 INFO neutron.wsgi [None req-1b4748ce-737a-4f02-bba0-b8c67c889f16 8551b493eda34b1cb26d7970bb5e5fef e9054986cd784d1ab103afecc850d3ad - - default default] 10.0.0.78 "DELETE /v2.0/security-group-rules/3470b061-c99c-4209-a533-dd563b7121ef HTTP/1.1" status: 204 len: 168 time: 0.1345129
