2026-05-30 03:00:20.493 9 INFO neutron.wsgi [req-fc25d83d-fddf-4772-b644-84f63baf09c6 req-d8cec382-6967-40b0-af57-9cfe278cadf5 e4846b997c244ad39ba985ef728c18b0 554117ef52094691863c2f76bcc47aea - - 086c14915e1744adb37f7df17ca4858a 086c14915e1744adb37f7df17ca4858a] 199.204.45.65 "GET /v2.0/networks/6959b99b-118d-4cc2-8d55-ae2520b1a6c5?fields=provider%3Aphysical_network&fields=provider%3Anetwork_type HTTP/1.1" status: 200 len: 277 time: 0.0789793
2026-05-30 03:00:20.497 9 INFO neutron.wsgi [None req-cafb66e9-0fe6-4968-b2a5-04336b6ca328 9c5a16849ae248339c29d2830bbe41cd 465fee323d7245ca92e23cb5d3319b93 - - default default] 10.0.0.78 "DELETE /v2.0/subnets/3f5b5efc-13c6-42c8-8731-93426e43b499/tags/red HTTP/1.1" status: 204 len: 168 time: 0.0753684
2026-05-30 03:00:20.505 10 INFO neutron.wsgi [req-08435480-ccfc-4aed-9a3c-c0ef69426507 req-f1df8a2f-5d0a-418c-b8ad-7906645973cf e4846b997c244ad39ba985ef728c18b0 554117ef52094691863c2f76bcc47aea - - 086c14915e1744adb37f7df17ca4858a 086c14915e1744adb37f7df17ca4858a] 199.204.45.65 "GET /v2.0/networks?id=f7abc413-255c-4e76-9caf-e22da5af7c67 HTTP/1.1" status: 200 len: 937 time: 0.0932519
2026-05-30 03:00:20.552 10 INFO neutron.wsgi [req-08435480-ccfc-4aed-9a3c-c0ef69426507 req-be55984e-c525-4a9c-98f5-17b2e4438c9c e4846b997c244ad39ba985ef728c18b0 554117ef52094691863c2f76bcc47aea - - 086c14915e1744adb37f7df17ca4858a 086c14915e1744adb37f7df17ca4858a] 199.204.45.65 "GET /v2.0/floatingips?fixed_ip_address=172.24.3.192&port_id=a82c28b5-a306-4823-af0c-a4fe576f194a HTTP/1.1" status: 200 len: 217 time: 0.0418453
2026-05-30 03:00:20.572 9 INFO neutron.wsgi [None req-401e2926-7cfe-40c4-bdbd-c9e5f3fc14dc 9c5a16849ae248339c29d2830bbe41cd 465fee323d7245ca92e23cb5d3319b93 - - default default] 10.0.0.78 "GET /v2.0/subnets/3f5b5efc-13c6-42c8-8731-93426e43b499/tags HTTP/1.1" status: 200 len: 223 time: 0.0661550
2026-05-30 03:00:20.578 10 INFO neutron.wsgi [req-404847ff-ef9a-473f-8de0-4fc22f64cb42 req-42a3593b-d91c-413f-9ce6-4ac8f25d68d4 0aa8b3db02e844fea94f41a4e43dcbf5 68ad9cc310aa4c6db3ebe292785ea6b4 - - default default] 10.0.0.31 "GET /v2.0/ports?device_id=1f101a8e-70e8-43b6-b0c0-79e625ab65a8 HTTP/1.1" status: 200 len: 1415 time: 0.0420210
2026-05-30 03:00:20.583 9 INFO neutron.wsgi [req-a42ad1c5-9e2b-4950-a107-d4bda25b1da1 req-00792a1b-bed6-43bf-aa6c-dc6e0a482d10 e4846b997c244ad39ba985ef728c18b0 554117ef52094691863c2f76bcc47aea - - 086c14915e1744adb37f7df17ca4858a 086c14915e1744adb37f7df17ca4858a] 199.204.45.65 "GET /v2.0/ports?device_id=1f101a8e-70e8-43b6-b0c0-79e625ab65a8 HTTP/1.1" status: 200 len: 1415 time: 0.0458503
2026-05-30 03:00:20.620 10 INFO neutron.wsgi [req-08435480-ccfc-4aed-9a3c-c0ef69426507 req-c4abfad6-a224-4fd6-9975-887e0444b6a7 e4846b997c244ad39ba985ef728c18b0 554117ef52094691863c2f76bcc47aea - - 086c14915e1744adb37f7df17ca4858a 086c14915e1744adb37f7df17ca4858a] 199.204.45.65 "GET /v2.0/subnets?id=e31f5b96-53fa-4fc6-a3ff-73b5567c9cea HTTP/1.1" status: 200 len: 829 time: 0.0552042
2026-05-30 03:00:20.634 9 INFO neutron.api.v2.resource [None req-35487633-eb78-4f85-8e40-ce644a1b9838 9c5a16849ae248339c29d2830bbe41cd 465fee323d7245ca92e23cb5d3319b93 - - default default] delete failed (client error): The resource could not be found.
2026-05-30 03:00:20.635 9 INFO neutron.wsgi [None req-35487633-eb78-4f85-8e40-ce644a1b9838 9c5a16849ae248339c29d2830bbe41cd 465fee323d7245ca92e23cb5d3319b93 - - default default] 10.0.0.78 "DELETE /v2.0/subnets/3f5b5efc-13c6-42c8-8731-93426e43b499/tags/green HTTP/1.1" status: 404 len: 299 time: 0.0515542
2026-05-30 03:00:20.637 9 INFO neutron.wsgi [req-a42ad1c5-9e2b-4950-a107-d4bda25b1da1 req-4c6d47ac-2781-41ae-99f9-5e6804205d1a e4846b997c244ad39ba985ef728c18b0 554117ef52094691863c2f76bcc47aea - - 086c14915e1744adb37f7df17ca4858a 086c14915e1744adb37f7df17ca4858a] 199.204.45.65 "GET /v2.0/security-groups?id=f8bb05ec-aac4-4328-b924-b1312fafe58b&fields=id&fields=name HTTP/1.1" status: 200 len: 294 time: 0.0465374
2026-05-30 03:00:20.661 10 INFO neutron.wsgi [req-08435480-ccfc-4aed-9a3c-c0ef69426507 req-05118340-3b64-471f-b8cc-702303f89818 e4846b997c244ad39ba985ef728c18b0 554117ef52094691863c2f76bcc47aea - - 086c14915e1744adb37f7df17ca4858a 086c14915e1744adb37f7df17ca4858a] 199.204.45.65 "GET /v2.0/ports?network_id=f7abc413-255c-4e76-9caf-e22da5af7c67&device_owner=network%3Adhcp HTTP/1.1" status: 200 len: 210 time: 0.0323019
2026-05-30 03:00:20.665 10 INFO neutron.wsgi [req-404847ff-ef9a-473f-8de0-4fc22f64cb42 req-d2f4eca2-602c-4fc7-8234-7f01dc5cbd26 0aa8b3db02e844fea94f41a4e43dcbf5 68ad9cc310aa4c6db3ebe292785ea6b4 - - default default] 10.0.0.31 "GET /v2.0/security-groups?id=f8bb05ec-aac4-4328-b924-b1312fafe58b&fields=id&fields=name HTTP/1.1" status: 200 len: 294 time: 0.0753989
2026-05-30 03:00:20.709 9 INFO neutron.wsgi [None req-bb7d6c78-8c60-4d8e-990f-24c66459ef9b 9c5a16849ae248339c29d2830bbe41cd 465fee323d7245ca92e23cb5d3319b93 - - default default] 10.0.0.78 "DELETE /v2.0/subnets/3f5b5efc-13c6-42c8-8731-93426e43b499/tags HTTP/1.1" status: 204 len: 168 time: 0.0681460
2026-05-30 03:00:20.754 10 INFO neutron.db.ovn_revision_numbers_db [None req-6c3f93a1-c130-497e-9a8d-ffb6e57dd8ac - - - - - -] Successfully bumped revision number for resource c1bca695-4199-40f1-82f9-f194992536e8 (type: ports) to 4
2026-05-30 03:00:20.776 10 INFO neutron.wsgi [req-08435480-ccfc-4aed-9a3c-c0ef69426507 req-40974307-d671-4552-9081-cb6bf1f41a3c e4846b997c244ad39ba985ef728c18b0 554117ef52094691863c2f76bcc47aea - - 086c14915e1744adb37f7df17ca4858a 086c14915e1744adb37f7df17ca4858a] 199.204.45.65 "GET /v2.0/networks/f7abc413-255c-4e76-9caf-e22da5af7c67?fields=segments HTTP/1.1" status: 200 len: 212 time: 0.1073925
2026-05-30 03:00:20.798 9 INFO neutron.wsgi [None req-5555b33a-28a8-4ebf-88c4-24557893349e 9c5a16849ae248339c29d2830bbe41cd 465fee323d7245ca92e23cb5d3319b93 - - default default] 10.0.0.78 "GET /v2.0/subnets/3f5b5efc-13c6-42c8-8731-93426e43b499/tags HTTP/1.1" status: 200 len: 205 time: 0.0825572
2026-05-30 03:00:20.821 9 INFO neutron.wsgi [req-fb029b3b-b7c2-4384-8540-fd555cc2dfbb req-0976b2f8-84cc-425b-8b66-60599eb291a7 0aa8b3db02e844fea94f41a4e43dcbf5 68ad9cc310aa4c6db3ebe292785ea6b4 - - default default] 10.0.0.31 "GET /v2.0/ports?device_id=1f101a8e-70e8-43b6-b0c0-79e625ab65a8 HTTP/1.1" status: 200 len: 1415 time: 0.0463374
2026-05-30 03:00:20.854 10 INFO neutron.wsgi [req-08435480-ccfc-4aed-9a3c-c0ef69426507 req-2a4aeb90-e5bf-40e4-8470-0ef48ad7e1fa e4846b997c244ad39ba985ef728c18b0 554117ef52094691863c2f76bcc47aea - - 086c14915e1744adb37f7df17ca4858a 086c14915e1744adb37f7df17ca4858a] 199.204.45.65 "GET /v2.0/networks/f7abc413-255c-4e76-9caf-e22da5af7c67?fields=provider%3Aphysical_network&fields=provider%3Anetwork_type HTTP/1.1" status: 200 len: 277 time: 0.0704479
2026-05-30 03:00:21.058 9 INFO neutron.wsgi [None req-018f90a2-b92f-487b-9834-01951f96a7a3 9c5a16849ae248339c29d2830bbe41cd 465fee323d7245ca92e23cb5d3319b93 - - default default] 10.0.0.78 "DELETE /v2.0/subnets/3f5b5efc-13c6-42c8-8731-93426e43b499 HTTP/1.1" status: 204 len: 168 time: 0.2495074
2026-05-30 03:00:21.175 9 INFO neutron.wsgi [req-051a69c1-ef81-4348-9dfa-b3f8b13cad3c req-2b7832c8-49f4-450e-8786-fb21ec67bf8b 3dacee576f6c4c5490f8780a90f41e25 f86bfbd8549b4a75ac4d2d200d54d9f0 - - default default] 10.0.0.31 "GET /v2.0/ports?device_id=a55461e3-0661-4c4f-b686-ff0d6ca2da39 HTTP/1.1" status: 200 len: 1170 time: 0.1446073
2026-05-30 03:00:21.238 9 INFO neutron.wsgi [req-051a69c1-ef81-4348-9dfa-b3f8b13cad3c req-d66a90cd-6d5a-48df-afd6-56ac5636d3e0 3dacee576f6c4c5490f8780a90f41e25 f86bfbd8549b4a75ac4d2d200d54d9f0 - - default default] 10.0.0.31 "GET /v2.0/security-groups?id=6de8277b-74f7-46fa-883f-20bb40e6e67b&fields=id&fields=name HTTP/1.1" status: 200 len: 312 time: 0.0559590
2026-05-30 03:00:21.482 9 INFO neutron.services.segments.plugin [-] Segment 2a279b29-0818-4de4-8c78-cef50872bc5d resource provider aggregate not found
2026-05-30 03:00:21.498 9 INFO neutron.services.segments.plugin [-] Segment 2a279b29-0818-4de4-8c78-cef50872bc5d resource provider aggregate not found
2026-05-30 03:00:21.508 9 INFO neutron.services.segments.plugin [-] Segment 2a279b29-0818-4de4-8c78-cef50872bc5d resource provider not found; error: Placement Client Error (4xx): {"errors": [{"status": 404, "title": "Not Found", "detail": "The resource could not be found.\n\n No resource provider with uuid 2a279b29-0818-4de4-8c78-cef50872bc5d found for delete ", "request_id": "req-702e7543-0ef9-461f-bdf2-4e4924f4058e"}]}
2026-05-30 03:00:21.523 9 INFO neutron.services.segments.plugin [-] Segment 2a279b29-0818-4de4-8c78-cef50872bc5d resource provider not found; error: Placement Client Error (4xx): {"errors": [{"status": 404, "title": "Not Found", "detail": "The resource could not be found.\n\n No resource provider with uuid 2a279b29-0818-4de4-8c78-cef50872bc5d found for delete ", "request_id": "req-fa56ae7f-8dbb-4ecd-a8ae-e479550cadb9"}]}
2026-05-30 03:00:21.535 9 INFO neutron.wsgi [None req-ed82cd54-f094-4da2-acac-bfa64a463bfa 9c5a16849ae248339c29d2830bbe41cd 465fee323d7245ca92e23cb5d3319b93 - - default default] 10.0.0.78 "DELETE /v2.0/networks/c42e8cf8-fae4-490c-b21b-97e082e7df6c HTTP/1.1" status: 204 len: 168 time: 0.4734342
2026-05-30 03:00:21.941 10 INFO neutron.notifiers.nova [-] Nova event matching ['req-1c87a7a9-2d4d-4874-aa7e-6a231b925798'] response: {'server_uuid': 'a55461e3-0661-4c4f-b686-ff0d6ca2da39', 'name': 'network-vif-plugged', 'status': 'completed', 'tag': 'c1bca695-4199-40f1-82f9-f194992536e8', 'code': 200}
2026-05-30 03:00:21.941 10 INFO neutron.notifiers.nova [-] Nova event matching ['req-1c87a7a9-2d4d-4874-aa7e-6a231b925798'] response: {'server_uuid': 'a55461e3-0661-4c4f-b686-ff0d6ca2da39', 'name': 'network-vif-plugged', 'status': 'completed', 'tag': 'c1bca695-4199-40f1-82f9-f194992536e8', 'code': 200}
2026-05-30 03:00:22.122 9 INFO neutron.wsgi [-] 10.0.0.42 "GET / HTTP/1.1" status: 200 len: 247 time: 0.0015671
2026-05-30 03:00:22.123 9 INFO neutron.wsgi [-] 10.0.0.42 "GET / HTTP/1.1" status: 200 len: 247 time: 0.0008988 /var/lib/openstack/lib/python3.10/site-packages/pycadf/identifier.py:71: UserWarning: Invalid uuid: neutron. To ensure interoperability, identifiers should be a valid uuid. warnings.warn(('Invalid uuid: %s. To ensure interoperability, '
2026-05-30 03:00:22.367 9 INFO neutron.wsgi [req-e91f7428-40d0-45a5-b5d4-95a86f0ec760 req-0e9749d6-7a3e-4230-81e5-8be8c2121eb9 3dacee576f6c4c5490f8780a90f41e25 f86bfbd8549b4a75ac4d2d200d54d9f0 - - default default] 10.0.0.31 "GET /v2.0/ports?device_id=a55461e3-0661-4c4f-b686-ff0d6ca2da39 HTTP/1.1" status: 200 len: 1170 time: 0.0440946
2026-05-30 03:00:22.427 9 INFO neutron.wsgi [req-e91f7428-40d0-45a5-b5d4-95a86f0ec760 req-b54dd419-f4d6-4bf6-8fe9-313e50d9a548 3dacee576f6c4c5490f8780a90f41e25 f86bfbd8549b4a75ac4d2d200d54d9f0 - - default default] 10.0.0.31 "GET /v2.0/security-groups?id=6de8277b-74f7-46fa-883f-20bb40e6e67b&fields=id&fields=name HTTP/1.1" status: 200 len: 312 time: 0.0466459
2026-05-30 03:00:22.464 10 INFO neutron.db.ovn_revision_numbers_db [None req-4d0809e0-b2db-4f61-87be-894069334c4a 0aa8b3db02e844fea94f41a4e43dcbf5 68ad9cc310aa4c6db3ebe292785ea6b4 - - default default] Successfully bumped revision number for resource 0431ff01-f2b5-4294-b70d-d0cc3918486d (type: security_groups) to 1
2026-05-30 03:00:22.477 10 INFO neutron.db.ovn_revision_numbers_db [None req-4d0809e0-b2db-4f61-87be-894069334c4a 0aa8b3db02e844fea94f41a4e43dcbf5 68ad9cc310aa4c6db3ebe292785ea6b4 - - default default] Successfully bumped revision number for resource 463a0418-8f20-44e2-8bc1-31e9e3a7199f (type: security_group_rules) to 0
2026-05-30 03:00:22.478 9 INFO neutron.db.ovn_revision_numbers_db [None req-4081dcbe-02a9-4603-b3f5-0c5c5410fc71 0aa8b3db02e844fea94f41a4e43dcbf5 68ad9cc310aa4c6db3ebe292785ea6b4 - - default default] Successfully bumped revision number for resource 0ac213e2-43a6-4aa2-9733-56693934ebaa (type: security_groups) to 1
2026-05-30 03:00:22.491 10 INFO neutron.db.ovn_revision_numbers_db [None req-4d0809e0-b2db-4f61-87be-894069334c4a 0aa8b3db02e844fea94f41a4e43dcbf5 68ad9cc310aa4c6db3ebe292785ea6b4 - - default default] Successfully bumped revision number for resource 55882f19-3ec8-4820-8831-ea80bdeb1d28 (type: security_group_rules) to 0
2026-05-30 03:00:22.498 9 INFO neutron.db.ovn_revision_numbers_db [None req-4081dcbe-02a9-4603-b3f5-0c5c5410fc71 0aa8b3db02e844fea94f41a4e43dcbf5 68ad9cc310aa4c6db3ebe292785ea6b4 - - default default] Successfully bumped revision number for resource 58677750-e4e1-4846-b4cf-e5b8e2abf3c6 (type: security_group_rules) to 0
2026-05-30 03:00:22.502 10 INFO neutron.db.ovn_revision_numbers_db [None req-4d0809e0-b2db-4f61-87be-894069334c4a 0aa8b3db02e844fea94f41a4e43dcbf5 68ad9cc310aa4c6db3ebe292785ea6b4 - - default default] Successfully bumped revision number for resource 7860e86f-6d2d-40cd-b181-32169b8fe81b (type: security_group_rules) to 0
2026-05-30 03:00:22.513 9 INFO neutron.db.ovn_revision_numbers_db [None req-4081dcbe-02a9-4603-b3f5-0c5c5410fc71 0aa8b3db02e844fea94f41a4e43dcbf5 68ad9cc310aa4c6db3ebe292785ea6b4 - - default default] Successfully bumped revision number for resource 872ed047-5cbc-4419-9633-24576cc6b877 (type: security_group_rules) to 0
2026-05-30 03:00:22.524 10 INFO neutron.db.ovn_revision_numbers_db [None req-4d0809e0-b2db-4f61-87be-894069334c4a 0aa8b3db02e844fea94f41a4e43dcbf5 68ad9cc310aa4c6db3ebe292785ea6b4 - - default default] Successfully bumped revision number for resource bb0585a1-f46a-4f01-9ab0-969e17e9a07b (type: security_group_rules) to 0
2026-05-30 03:00:22.529 9 INFO neutron.db.ovn_revision_numbers_db [None req-4081dcbe-02a9-4603-b3f5-0c5c5410fc71 0aa8b3db02e844fea94f41a4e43dcbf5 68ad9cc310aa4c6db3ebe292785ea6b4 - - default default] Successfully bumped revision number for resource a6324273-b33b-4645-88f3-5c34c7509b5d (type: security_group_rules) to 0
2026-05-30 03:00:22.545 9 INFO neutron.db.ovn_revision_numbers_db [None req-4081dcbe-02a9-4603-b3f5-0c5c5410fc71 0aa8b3db02e844fea94f41a4e43dcbf5 68ad9cc310aa4c6db3ebe292785ea6b4 - - default default] Successfully bumped revision number for resource e9e25cef-7c31-4321-875e-7c8a8bead43c (type: security_group_rules) to 0
2026-05-30 03:00:22.573 9 INFO neutron.wsgi [None req-4081dcbe-02a9-4603-b3f5-0c5c5410fc71 0aa8b3db02e844fea94f41a4e43dcbf5 68ad9cc310aa4c6db3ebe292785ea6b4 - - default default] 10.0.0.78 "GET /v2.0/security-groups?tenant_id=8716704b37af46bb97f07e7654e190af&name=default HTTP/1.1" status: 200 len: 2996 time: 0.4051380
2026-05-30 03:00:22.578 10 INFO neutron.wsgi [None req-4d0809e0-b2db-4f61-87be-894069334c4a 0aa8b3db02e844fea94f41a4e43dcbf5 68ad9cc310aa4c6db3ebe292785ea6b4 - - default default] 10.0.0.78 "GET /v2.0/security-groups?tenant_id=703ae1f3a26348c391391b9cd1991aac&name=default HTTP/1.1" status: 200 len: 2996 time: 0.4910004
2026-05-30 03:00:22.628 9 WARNING neutron.plugins.ml2.drivers.ovn.mech_driver.ovsdb.ovn_client [None req-aac1a681-d7ab-412f-a4f5-58a54f6b1fdb - - - - - -] No hosting information found for port d27c5dcf-c0d2-4725-8899-867403114b90: RuntimeError: No hosting information found for port d27c5dcf-c0d2-4725-8899-867403114b90
2026-05-30 03:00:22.628 9 INFO neutron.plugins.ml2.drivers.ovn.mech_driver.mech_driver [None req-aac1a681-d7ab-412f-a4f5-58a54f6b1fdb - - - - - -] OVN reports status up for port: a82c28b5-a306-4823-af0c-a4fe576f194a
2026-05-30 03:00:22.645 9 INFO neutron.plugins.ml2.plugin [None req-aac1a681-d7ab-412f-a4f5-58a54f6b1fdb - - - - - -] Attempt 1 to provision port a82c28b5-a306-4823-af0c-a4fe576f194a
2026-05-30 03:00:22.654 10 INFO neutron.wsgi [req-d4906a8e-2f7b-4ce8-9266-23bba651737b req-d9eea6e3-abca-4486-b8a1-4c0f32de73be 3dacee576f6c4c5490f8780a90f41e25 f86bfbd8549b4a75ac4d2d200d54d9f0 - - default default] 10.0.0.31 "GET /v2.0/ports?device_id=a55461e3-0661-4c4f-b686-ff0d6ca2da39 HTTP/1.1" status: 200 len: 1170 time: 0.1433008
2026-05-30 03:00:22.704 10 INFO neutron.wsgi [req-d4906a8e-2f7b-4ce8-9266-23bba651737b req-c25fdd11-8370-4bed-9918-42c858a17d80 3dacee576f6c4c5490f8780a90f41e25 f86bfbd8549b4a75ac4d2d200d54d9f0 - - default default] 10.0.0.31 "GET /v2.0/security-groups?id=6de8277b-74f7-46fa-883f-20bb40e6e67b&fields=id&fields=name HTTP/1.1" status: 200 len: 312 time: 0.0417931
2026-05-30 03:00:22.781 10 INFO neutron.wsgi [None req-dcbd47c9-ba23-4f8f-b130-25d14eafb66a 2be9cb486497463eae3b5aa7a81cac5a 3d921dd8bf284b58b4c20f6688e41567 - - default default] 10.0.0.78 "GET /v2.0/ports?device_id=a55461e3-0661-4c4f-b686-ff0d6ca2da39 HTTP/1.1" status: 200 len: 1404 time: 0.0430896
2026-05-30 03:00:22.791 9 INFO neutron.notifiers.nova [-] Nova event matching ['req-53eba062-0917-40d2-8fe7-f68e18bcc89e'] response: {'server_uuid': '1f101a8e-70e8-43b6-b0c0-79e625ab65a8', 'name': 'network-vif-plugged', 'status': 'completed', 'tag': 'a82c28b5-a306-4823-af0c-a4fe576f194a', 'code': 200}
2026-05-30 03:00:22.799 9 WARNING neutron_lib.context [None req-79ef16eb-0166-4de0-a014-58d2123b969a 3dacee576f6c4c5490f8780a90f41e25 f86bfbd8549b4a75ac4d2d200d54d9f0 - - default default] Method 'is_advsvc' is deprecated since 2023.2 release (neutron-lib 3.8.0) and will be removed once support for the old RBAC API policies will be removed from Neutron. Please use method 'is_service_role' instead.
2026-05-30 03:00:22.846 10 INFO neutron.wsgi [None req-1abc2683-0251-412c-b9c1-e0b7fcbe904a 0aa8b3db02e844fea94f41a4e43dcbf5 68ad9cc310aa4c6db3ebe292785ea6b4 - - default default] 10.0.0.78 "DELETE /v2.0/security-groups/0431ff01-f2b5-4294-b70d-d0cc3918486d HTTP/1.1" status: 204 len: 168 time: 0.2616158
2026-05-30 03:00:22.958 9 INFO neutron.wsgi [None req-39c96e73-a618-4c1b-a945-bd4910d94122 0aa8b3db02e844fea94f41a4e43dcbf5 68ad9cc310aa4c6db3ebe292785ea6b4 - - default default] 10.0.0.78 "DELETE /v2.0/security-groups/0ac213e2-43a6-4aa2-9733-56693934ebaa HTTP/1.1" status: 204 len: 168 time: 0.3813035
2026-05-30 03:00:23.082 9 INFO neutron.db.ovn_revision_numbers_db [None req-aac1a681-d7ab-412f-a4f5-58a54f6b1fdb - - - - - -] Successfully bumped revision number for resource a82c28b5-a306-4823-af0c-a4fe576f194a (type: ports) to 4
2026-05-30 03:00:23.145 10 INFO neutron.wsgi [None req-e2240b09-4694-4863-b4ef-0fa9d4837776 0aa8b3db02e844fea94f41a4e43dcbf5 68ad9cc310aa4c6db3ebe292785ea6b4 - - default default] 10.0.0.78 "GET /v2.0/security-groups?tenant_id=465fee323d7245ca92e23cb5d3319b93&name=default HTTP/1.1" status: 200 len: 2996 time: 0.0399809
2026-05-30 03:00:23.389 10 INFO neutron.wsgi [None req-133aefa5-ef51-4b95-a3f9-fb4f96d97cd9 0aa8b3db02e844fea94f41a4e43dcbf5 68ad9cc310aa4c6db3ebe292785ea6b4 - - default default] 10.0.0.78 "DELETE /v2.0/security-groups/52cd639c-715a-4039-8336-ee01893b7d73 HTTP/1.1" status: 204 len: 168 time: 0.2395794
2026-05-30 03:00:23.463 9 WARNING neutron.scheduler.dhcp_agent_scheduler [None req-79ef16eb-0166-4de0-a014-58d2123b969a 3dacee576f6c4c5490f8780a90f41e25 f86bfbd8549b4a75ac4d2d200d54d9f0 - - default default] No more DHCP agents
2026-05-30 03:00:23.464 9 WARNING neutron.api.rpc.agentnotifiers.dhcp_rpc_agent_api [None req-79ef16eb-0166-4de0-a014-58d2123b969a 3dacee576f6c4c5490f8780a90f41e25 f86bfbd8549b4a75ac4d2d200d54d9f0 - - default default] Unable to schedule network a943bc15-3938-4712-be78-3646dce8b1af: no agents available; will retry on subsequent port and subnet creation events.
2026-05-30 03:00:23.796 10 INFO neutron.wsgi [req-9d60b78c-bf53-4193-abe5-651fa9adc79f req-d1c1d25d-d455-4fa9-aa54-8cbfcc3b11d1 0aa8b3db02e844fea94f41a4e43dcbf5 68ad9cc310aa4c6db3ebe292785ea6b4 - - default default] 10.0.0.31 "GET /v2.0/ports?device_id=1f101a8e-70e8-43b6-b0c0-79e625ab65a8 HTTP/1.1" status: 200 len: 1417 time: 0.0483830
2026-05-30 03:00:23.852 10 INFO neutron.wsgi [req-9d60b78c-bf53-4193-abe5-651fa9adc79f req-91c1b8d3-d33e-4330-873a-c7fe765f8f04 0aa8b3db02e844fea94f41a4e43dcbf5 68ad9cc310aa4c6db3ebe292785ea6b4 - - default default] 10.0.0.31 "GET /v2.0/security-groups?id=f8bb05ec-aac4-4328-b924-b1312fafe58b&fields=id&fields=name HTTP/1.1" status: 200 len: 294 time: 0.0506585 /var/lib/openstack/lib/python3.10/site-packages/pycadf/identifier.py:71: UserWarning: Invalid uuid: neutron. To ensure interoperability, identifiers should be a valid uuid. warnings.warn(('Invalid uuid: %s. To ensure interoperability, '
2026-05-30 03:00:23.934 9 INFO neutron.db.l3_db [None req-79ef16eb-0166-4de0-a014-58d2123b969a 3dacee576f6c4c5490f8780a90f41e25 f86bfbd8549b4a75ac4d2d200d54d9f0 - - default default] Floating IP fb1391f9-17b0-49e5-9f08-43ef9606b7a4 associated. External IP: 10.96.250.218, port: c1bca695-4199-40f1-82f9-f194992536e8.
2026-05-30 03:00:23.973 9 INFO neutron.wsgi [req-93530e86-e8a8-4b88-8d0f-39130962ca40 req-0f002c02-73c4-4723-9cde-2b0e781676c9 0aa8b3db02e844fea94f41a4e43dcbf5 68ad9cc310aa4c6db3ebe292785ea6b4 - - default default] 10.0.0.31 "GET /v2.0/ports?device_id=1f101a8e-70e8-43b6-b0c0-79e625ab65a8 HTTP/1.1" status: 200 len: 1417 time: 0.0552301
2026-05-30 03:00:24.241 9 INFO neutron.db.ovn_revision_numbers_db [None req-79ef16eb-0166-4de0-a014-58d2123b969a 3dacee576f6c4c5490f8780a90f41e25 f86bfbd8549b4a75ac4d2d200d54d9f0 - - default default] Successfully bumped revision number for resource fb1391f9-17b0-49e5-9f08-43ef9606b7a4 (type: floatingips) to 0
2026-05-30 03:00:24.404 9 INFO neutron.db.ovn_revision_numbers_db [None req-79ef16eb-0166-4de0-a014-58d2123b969a 3dacee576f6c4c5490f8780a90f41e25 f86bfbd8549b4a75ac4d2d200d54d9f0 - - default default] Successfully bumped revision number for resource fb1391f9-17b0-49e5-9f08-43ef9606b7a4 (type: floatingips) to 1
2026-05-30 03:00:24.453 9 INFO neutron.wsgi [None req-79ef16eb-0166-4de0-a014-58d2123b969a 3dacee576f6c4c5490f8780a90f41e25 f86bfbd8549b4a75ac4d2d200d54d9f0 - - default default] 10.0.0.78 "POST /v2.0/floatingips HTTP/1.1" status: 201 len: 1054 time: 1.6633909
2026-05-30 03:00:24.507 9 INFO neutron.wsgi [None req-b544bdd5-4bda-4af0-b0ad-8c0eb594e0ea 3dacee576f6c4c5490f8780a90f41e25 f86bfbd8549b4a75ac4d2d200d54d9f0 - - default default] 10.0.0.78 "GET /v2.0/floatingips/fb1391f9-17b0-49e5-9f08-43ef9606b7a4 HTTP/1.1" status: 200 len: 1051 time: 0.0488079
2026-05-30 03:00:24.836 9 INFO neutron.notifiers.nova [-] Nova event matching ['req-56c0a2ee-a116-4829-9ca1-63c0f5aba00f'] response: {'server_uuid': '1f101a8e-70e8-43b6-b0c0-79e625ab65a8', 'name': 'network-vif-plugged', 'status': 'completed', 'tag': 'a82c28b5-a306-4823-af0c-a4fe576f194a', 'code': 200}
2026-05-30 03:00:24.837 9 INFO neutron.notifiers.nova [-] Nova event matching ['req-56c0a2ee-a116-4829-9ca1-63c0f5aba00f'] response: {'name': 'network-changed', 'server_uuid': 'a55461e3-0661-4c4f-b686-ff0d6ca2da39', 'tag': 'c1bca695-4199-40f1-82f9-f194992536e8', 'status': 'completed', 'code': 200} /var/lib/openstack/lib/python3.10/site-packages/pycadf/identifier.py:71: UserWarning: Invalid uuid: neutron. To ensure interoperability, identifiers should be a valid uuid. warnings.warn(('Invalid uuid: %s. To ensure interoperability, '
2026-05-30 03:00:24.925 10 INFO neutron.wsgi [req-3f206457-5aad-45d4-8489-4a5e667b963c req-56975f23-9a44-441d-b9e1-415c233dbd9e e4846b997c244ad39ba985ef728c18b0 554117ef52094691863c2f76bcc47aea - - 086c14915e1744adb37f7df17ca4858a 086c14915e1744adb37f7df17ca4858a] 199.204.45.65 "GET /v2.0/ports?tenant_id=f86bfbd8549b4a75ac4d2d200d54d9f0&device_id=a55461e3-0661-4c4f-b686-ff0d6ca2da39 HTTP/1.1" status: 200 len: 1409 time: 0.0521014
2026-05-30 03:00:25.002 10 INFO neutron.wsgi [req-3f206457-5aad-45d4-8489-4a5e667b963c req-fe64ff55-689e-4f87-9825-afa4251a7a84 e4846b997c244ad39ba985ef728c18b0 554117ef52094691863c2f76bcc47aea - - 086c14915e1744adb37f7df17ca4858a 086c14915e1744adb37f7df17ca4858a] 199.204.45.65 "GET /v2.0/networks?id=6959b99b-118d-4cc2-8d55-ae2520b1a6c5 HTTP/1.1" status: 200 len: 958 time: 0.0693443
2026-05-30 03:00:25.083 10 INFO neutron.wsgi [req-3f206457-5aad-45d4-8489-4a5e667b963c req-3dcc519c-d79e-48f8-83fc-7506ddd6edde e4846b997c244ad39ba985ef728c18b0 554117ef52094691863c2f76bcc47aea - - 086c14915e1744adb37f7df17ca4858a 086c14915e1744adb37f7df17ca4858a] 199.204.45.65 "GET /v2.0/floatingips?fixed_ip_address=10.100.0.4&port_id=c1bca695-4199-40f1-82f9-f194992536e8 HTTP/1.1" status: 200 len: 1059 time: 0.0746346
2026-05-30 03:00:25.126 10 INFO neutron.wsgi [req-3f206457-5aad-45d4-8489-4a5e667b963c req-24908e35-6993-4eee-8b63-326467ae71f7 e4846b997c244ad39ba985ef728c18b0 554117ef52094691863c2f76bcc47aea - - 086c14915e1744adb37f7df17ca4858a 086c14915e1744adb37f7df17ca4858a] 199.204.45.65 "GET /v2.0/subnets?id=1ecd3a1a-d30b-4518-bedb-6793a8a908cd HTTP/1.1" status: 200 len: 853 time: 0.0349379
2026-05-30 03:00:25.154 10 INFO neutron.wsgi [req-3f206457-5aad-45d4-8489-4a5e667b963c req-18351efb-4411-4942-81aa-fad515625168 e4846b997c244ad39ba985ef728c18b0 554117ef52094691863c2f76bcc47aea - - 086c14915e1744adb37f7df17ca4858a 086c14915e1744adb37f7df17ca4858a] 199.204.45.65 "GET /v2.0/ports?network_id=6959b99b-118d-4cc2-8d55-ae2520b1a6c5&device_owner=network%3Adhcp HTTP/1.1" status: 200 len: 210 time: 0.0222800
2026-05-30 03:00:25.230 10 INFO neutron.wsgi [req-3f206457-5aad-45d4-8489-4a5e667b963c req-c9e477b2-2c7d-4e20-83d2-cf0b4cbf91b4 e4846b997c244ad39ba985ef728c18b0 554117ef52094691863c2f76bcc47aea - - 086c14915e1744adb37f7df17ca4858a 086c14915e1744adb37f7df17ca4858a] 199.204.45.65 "GET /v2.0/networks/6959b99b-118d-4cc2-8d55-ae2520b1a6c5?fields=segments HTTP/1.1" status: 200 len: 212 time: 0.0688310
2026-05-30 03:00:25.285 9 INFO neutron.db.ovn_revision_numbers_db [None req-c964c26c-895b-4826-b7b8-39e5c32dd349 0aa8b3db02e844fea94f41a4e43dcbf5 68ad9cc310aa4c6db3ebe292785ea6b4 - - default default] Successfully bumped revision number for resource 623f4a49-29dd-4a3d-93d1-01c5a14ffd61 (type: security_groups) to 1
2026-05-30 03:00:25.298 9 INFO neutron.db.ovn_revision_numbers_db [None req-c964c26c-895b-4826-b7b8-39e5c32dd349 0aa8b3db02e844fea94f41a4e43dcbf5 68ad9cc310aa4c6db3ebe292785ea6b4 - - default default] Successfully bumped revision number for resource 3c5e14a7-a09a-4409-8ef2-cb37a7bf2cf8 (type: security_group_rules) to 0
2026-05-30 03:00:25.302 10 INFO neutron.wsgi [req-3f206457-5aad-45d4-8489-4a5e667b963c req-991103c1-f912-4976-8e52-2388b7779728 e4846b997c244ad39ba985ef728c18b0 554117ef52094691863c2f76bcc47aea - - 086c14915e1744adb37f7df17ca4858a 086c14915e1744adb37f7df17ca4858a] 199.204.45.65 "GET /v2.0/networks/6959b99b-118d-4cc2-8d55-ae2520b1a6c5?fields=provider%3Aphysical_network&fields=provider%3Anetwork_type HTTP/1.1" status: 200 len: 277 time: 0.0685947
2026-05-30 03:00:25.316 9 INFO neutron.db.ovn_revision_numbers_db [None req-c964c26c-895b-4826-b7b8-39e5c32dd349 0aa8b3db02e844fea94f41a4e43dcbf5 68ad9cc310aa4c6db3ebe292785ea6b4 - - default default] Successfully bumped revision number for resource 9a5c7926-2e28-4856-9b71-280c5ce4bf1d (type: security_group_rules) to 0
2026-05-30 03:00:25.338 9 INFO neutron.db.ovn_revision_numbers_db [None req-c964c26c-895b-4826-b7b8-39e5c32dd349 0aa8b3db02e844fea94f41a4e43dcbf5 68ad9cc310aa4c6db3ebe292785ea6b4 - - default default] Successfully bumped revision number for resource cb24ff8d-e80a-468e-87ed-5f7904c572ca (type: security_group_rules) to 0
2026-05-30 03:00:25.353 9 INFO neutron.db.ovn_revision_numbers_db [None req-c964c26c-895b-4826-b7b8-39e5c32dd349 0aa8b3db02e844fea94f41a4e43dcbf5 68ad9cc310aa4c6db3ebe292785ea6b4 - - default default] Successfully bumped revision number for resource f3be1d39-639c-4c47-997d-2c3bca67e732 (type: security_group_rules) to 0
2026-05-30 03:00:25.409 9 INFO neutron.db.segments_db [None req-c964c26c-895b-4826-b7b8-39e5c32dd349 0aa8b3db02e844fea94f41a4e43dcbf5 68ad9cc310aa4c6db3ebe292785ea6b4 - - default default] Added segment bb552121-6ecf-42ab-a70d-44a6b9d7ca28 of type geneve for network eb6a7488-de40-4c5b-bc19-dba3b18e7e8f
2026-05-30 03:00:25.568 9 INFO neutron.db.ovn_revision_numbers_db [None req-c964c26c-895b-4826-b7b8-39e5c32dd349 0aa8b3db02e844fea94f41a4e43dcbf5 68ad9cc310aa4c6db3ebe292785ea6b4 - - default default] Successfully bumped revision number for resource eb6a7488-de40-4c5b-bc19-dba3b18e7e8f (type: networks) to 1
2026-05-30 03:00:25.741 9 WARNING neutron.scheduler.dhcp_agent_scheduler [None req-c964c26c-895b-4826-b7b8-39e5c32dd349 0aa8b3db02e844fea94f41a4e43dcbf5 68ad9cc310aa4c6db3ebe292785ea6b4 - - default default] No more DHCP agents
2026-05-30 03:00:25.743 9 WARNING neutron.api.rpc.agentnotifiers.dhcp_rpc_agent_api [None req-c964c26c-895b-4826-b7b8-39e5c32dd349 0aa8b3db02e844fea94f41a4e43dcbf5 68ad9cc310aa4c6db3ebe292785ea6b4 - - default default] Unable to schedule network eb6a7488-de40-4c5b-bc19-dba3b18e7e8f: no agents available; will retry on subsequent port and subnet creation events.
2026-05-30 03:00:25.887 9 INFO neutron.db.ovn_revision_numbers_db [None req-c964c26c-895b-4826-b7b8-39e5c32dd349 0aa8b3db02e844fea94f41a4e43dcbf5 68ad9cc310aa4c6db3ebe292785ea6b4 - - default default] Successfully bumped revision number for resource a30723d7-ddb7-4767-9d2e-6398031df5d0 (type: ports) to 1
2026-05-30 03:00:25.916 9 INFO neutron.wsgi [None req-c964c26c-895b-4826-b7b8-39e5c32dd349 0aa8b3db02e844fea94f41a4e43dcbf5 68ad9cc310aa4c6db3ebe292785ea6b4 - - default default] 10.0.0.78 "POST /v2.0/networks HTTP/1.1" status: 201 len: 943 time: 1.0988500
2026-05-30 03:00:26.110 10 WARNING neutron.scheduler.dhcp_agent_scheduler [None req-c3d62b57-a66f-4394-ab6f-773f7d779ef8 0aa8b3db02e844fea94f41a4e43dcbf5 68ad9cc310aa4c6db3ebe292785ea6b4 - - default default] No more DHCP agents
2026-05-30 03:00:26.112 10 WARNING neutron.api.rpc.agentnotifiers.dhcp_rpc_agent_api [None req-c3d62b57-a66f-4394-ab6f-773f7d779ef8 0aa8b3db02e844fea94f41a4e43dcbf5 68ad9cc310aa4c6db3ebe292785ea6b4 - - default default] Unable to schedule network eb6a7488-de40-4c5b-bc19-dba3b18e7e8f: no agents available; will retry on subsequent port and subnet creation events.
2026-05-30 03:00:26.667 10 INFO neutron.db.ovn_revision_numbers_db [None req-c3d62b57-a66f-4394-ab6f-773f7d779ef8 0aa8b3db02e844fea94f41a4e43dcbf5 68ad9cc310aa4c6db3ebe292785ea6b4 - - default default] Successfully bumped revision number for resource a30723d7-ddb7-4767-9d2e-6398031df5d0 (type: ports) to 2
2026-05-30 03:00:26.704 10 INFO neutron.db.ovn_revision_numbers_db [None req-c3d62b57-a66f-4394-ab6f-773f7d779ef8 0aa8b3db02e844fea94f41a4e43dcbf5 68ad9cc310aa4c6db3ebe292785ea6b4 - - default default] Successfully bumped revision number for resource 98c31316-560d-44e5-b967-4525faf57a26 (type: subnets) to 0
2026-05-30 03:00:26.738 10 INFO neutron.wsgi [None req-c3d62b57-a66f-4394-ab6f-773f7d779ef8 0aa8b3db02e844fea94f41a4e43dcbf5 68ad9cc310aa4c6db3ebe292785ea6b4 - - default default] 10.0.0.78 "POST /v2.0/subnets HTTP/1.1" status: 201 len: 863 time: 0.8176055
2026-05-30 03:00:26.977 10 WARNING neutron_lib.context [None req-424e0e47-5270-4e14-9af5-d3be870dab61 8ce1a73f0ad841c4b95351b580915cae d26dc524c085402eb1e166b14763ac1e - - default default] Method 'is_advsvc' is deprecated since 2023.2 release (neutron-lib 3.8.0) and will be removed once support for the old RBAC API policies will be removed from Neutron. Please use method 'is_service_role' instead.
2026-05-30 03:00:27.095 10 INFO neutron.db.ovn_revision_numbers_db [None req-424e0e47-5270-4e14-9af5-d3be870dab61 8ce1a73f0ad841c4b95351b580915cae d26dc524c085402eb1e166b14763ac1e - - default default] Successfully bumped revision number for resource f0a84940-3d09-4060-816a-d7573de58eac (type: security_groups) to 1
2026-05-30 03:00:27.109 10 INFO neutron.db.ovn_revision_numbers_db [None req-424e0e47-5270-4e14-9af5-d3be870dab61 8ce1a73f0ad841c4b95351b580915cae d26dc524c085402eb1e166b14763ac1e - - default default] Successfully bumped revision number for resource 024fe2c5-129e-447d-95dc-d942e8f251c4 (type: security_group_rules) to 0
2026-05-30 03:00:27.123 10 INFO neutron.db.ovn_revision_numbers_db [None req-424e0e47-5270-4e14-9af5-d3be870dab61 8ce1a73f0ad841c4b95351b580915cae d26dc524c085402eb1e166b14763ac1e - - default default] Successfully bumped revision number for resource 8228bc0c-e885-4f41-a45d-9cbf6e77d8c4 (type: security_group_rules) to 0
2026-05-30 03:00:27.138 10 INFO neutron.db.ovn_revision_numbers_db [None req-424e0e47-5270-4e14-9af5-d3be870dab61 8ce1a73f0ad841c4b95351b580915cae d26dc524c085402eb1e166b14763ac1e - - default default] Successfully bumped revision number for resource 91f4e9fe-3920-4bbb-9570-666d5f1375fb (type: security_group_rules) to 0
2026-05-30 03:00:27.153 10 INFO neutron.db.ovn_revision_numbers_db [None req-424e0e47-5270-4e14-9af5-d3be870dab61 8ce1a73f0ad841c4b95351b580915cae d26dc524c085402eb1e166b14763ac1e - - default default] Successfully bumped revision number for resource dcebb3e6-6429-4626-a91e-a49a8fa81f5a (type: security_group_rules) to 0
2026-05-30 03:00:27.206 10 INFO neutron.db.segments_db [None req-424e0e47-5270-4e14-9af5-d3be870dab61 8ce1a73f0ad841c4b95351b580915cae d26dc524c085402eb1e166b14763ac1e - - default default] Added segment 3ef0ef07-8b42-41e4-8bff-d48d7a9913b5 of type geneve for network 7f81d302-7853-4455-97f2-3298c092560b
2026-05-30 03:00:27.206 9 WARNING neutron.scheduler.dhcp_agent_scheduler [None req-5f8ad734-0ca3-4a9f-adcd-fa9f1653cf3e 0aa8b3db02e844fea94f41a4e43dcbf5 68ad9cc310aa4c6db3ebe292785ea6b4 - - default default] No more DHCP agents
2026-05-30 03:00:27.210 9 WARNING neutron.api.rpc.agentnotifiers.dhcp_rpc_agent_api [None req-5f8ad734-0ca3-4a9f-adcd-fa9f1653cf3e 0aa8b3db02e844fea94f41a4e43dcbf5 68ad9cc310aa4c6db3ebe292785ea6b4 - - default default] Unable to schedule network a943bc15-3938-4712-be78-3646dce8b1af: no agents available; will retry on subsequent port and subnet creation events.
2026-05-30 03:00:27.383 9 INFO neutron.db.ovn_revision_numbers_db [None req-5f8ad734-0ca3-4a9f-adcd-fa9f1653cf3e 0aa8b3db02e844fea94f41a4e43dcbf5 68ad9cc310aa4c6db3ebe292785ea6b4 - - default default] Successfully bumped revision number for resource 5cb97cd0-8340-41b0-aa05-1fd9751c612e (type: ports) to 1
2026-05-30 03:00:27.387 10 INFO neutron.db.ovn_revision_numbers_db [None req-424e0e47-5270-4e14-9af5-d3be870dab61 8ce1a73f0ad841c4b95351b580915cae d26dc524c085402eb1e166b14763ac1e - - default default] Successfully bumped revision number for resource 7f81d302-7853-4455-97f2-3298c092560b (type: networks) to 1
2026-05-30 03:00:27.590 10 WARNING neutron.scheduler.dhcp_agent_scheduler [None req-424e0e47-5270-4e14-9af5-d3be870dab61 8ce1a73f0ad841c4b95351b580915cae d26dc524c085402eb1e166b14763ac1e - - default default] No more DHCP agents
2026-05-30 03:00:27.594 10 WARNING neutron.api.rpc.agentnotifiers.dhcp_rpc_agent_api [None req-424e0e47-5270-4e14-9af5-d3be870dab61 8ce1a73f0ad841c4b95351b580915cae d26dc524c085402eb1e166b14763ac1e - - default default] Unable to schedule network 7f81d302-7853-4455-97f2-3298c092560b: no agents available; will retry on subsequent port and subnet creation events.
2026-05-30 03:00:27.676 10 INFO neutron.db.ovn_revision_numbers_db [None req-424e0e47-5270-4e14-9af5-d3be870dab61 8ce1a73f0ad841c4b95351b580915cae d26dc524c085402eb1e166b14763ac1e - - default default] Successfully bumped revision number for resource 339c0808-0c37-428d-8c59-7d6afd07c7aa (type: ports) to 1
2026-05-30 03:00:27.702 10 INFO neutron.wsgi [None req-424e0e47-5270-4e14-9af5-d3be870dab61 8ce1a73f0ad841c4b95351b580915cae d26dc524c085402eb1e166b14763ac1e - - default default] 10.0.0.78 "POST /v2.0/networks HTTP/1.1" status: 201 len: 830 time: 0.9167957
2026-05-30 03:00:27.713 10 WARNING neutron_lib.context [None req-364bdd56-b55e-4d44-85d8-aa028b73b7ff 8ce1a73f0ad841c4b95351b580915cae d26dc524c085402eb1e166b14763ac1e - - default default] Method 'is_advsvc' is deprecated since 2023.2 release (neutron-lib 3.8.0) and will be removed once support for the old RBAC API policies will be removed from Neutron. Please use method 'is_service_role' instead.
2026-05-30 03:00:27.972 10 WARNING neutron.scheduler.dhcp_agent_scheduler [None req-364bdd56-b55e-4d44-85d8-aa028b73b7ff 8ce1a73f0ad841c4b95351b580915cae d26dc524c085402eb1e166b14763ac1e - - default default] No more DHCP agents
2026-05-30 03:00:27.975 10 WARNING neutron.api.rpc.agentnotifiers.dhcp_rpc_agent_api [None req-364bdd56-b55e-4d44-85d8-aa028b73b7ff 8ce1a73f0ad841c4b95351b580915cae d26dc524c085402eb1e166b14763ac1e - - default default] Unable to schedule network 7f81d302-7853-4455-97f2-3298c092560b: no agents available; will retry on subsequent port and subnet creation events.
2026-05-30 03:00:28.055 10 INFO neutron.plugins.ml2.drivers.ovn.mech_driver.mech_driver [None req-6c3f93a1-c130-497e-9a8d-ffb6e57dd8ac - - - - - -] OVN reports status up for port: 5cb97cd0-8340-41b0-aa05-1fd9751c612e
2026-05-30 03:00:28.063 10 INFO neutron.plugins.ml2.drivers.ovn.mech_driver.ovsdb.ovsdb_monitor [None req-dd6aef14-0a10-40f0-86ee-2a53295e3283 - - - - - -] Router 0013bb94-4878-4173-a9c0-c6a593d9a9a8 is bound to host instance
2026-05-30 03:00:28.080 10 INFO neutron.plugins.ml2.plugin [None req-6c3f93a1-c130-497e-9a8d-ffb6e57dd8ac - - - - - -] Attempt 1 to provision port 5cb97cd0-8340-41b0-aa05-1fd9751c612e
2026-05-30 03:00:28.081 9 INFO neutron.db.ovn_revision_numbers_db [None req-5f8ad734-0ca3-4a9f-adcd-fa9f1653cf3e 0aa8b3db02e844fea94f41a4e43dcbf5 68ad9cc310aa4c6db3ebe292785ea6b4 - - default default] Successfully bumped revision number for resource 5cb97cd0-8340-41b0-aa05-1fd9751c612e (type: router_ports) to 1
2026-05-30 03:00:28.086 10 INFO neutron.db.ovn_revision_numbers_db [None req-364bdd56-b55e-4d44-85d8-aa028b73b7ff 8ce1a73f0ad841c4b95351b580915cae d26dc524c085402eb1e166b14763ac1e - - default default] Successfully bumped revision number for resource 217a5fce-3d9a-4541-823d-4748a1f7a10b (type: ports) to 1
2026-05-30 03:00:28.128 10 INFO neutron.wsgi [None req-364bdd56-b55e-4d44-85d8-aa028b73b7ff 8ce1a73f0ad841c4b95351b580915cae d26dc524c085402eb1e166b14763ac1e - - default default] 10.0.0.78 "POST /v2.0/ports HTTP/1.1" status: 201 len: 942 time: 0.4204626 /var/lib/openstack/lib/python3.10/site-packages/pycadf/identifier.py:71: UserWarning: Invalid uuid: neutron. To ensure interoperability, identifiers should be a valid uuid. warnings.warn(('Invalid uuid: %s. To ensure interoperability, '
2026-05-30 03:00:28.143 10 WARNING neutron_lib.context [None req-2dff4918-7602-47e3-b1f8-47193b1c3e40 8ce1a73f0ad841c4b95351b580915cae d26dc524c085402eb1e166b14763ac1e - - default default] Method 'is_advsvc' is deprecated since 2023.2 release (neutron-lib 3.8.0) and will be removed once support for the old RBAC API policies will be removed from Neutron. Please use method 'is_service_role' instead.
2026-05-30 03:00:28.166 9 INFO neutron.db.ovn_revision_numbers_db [None req-5f8ad734-0ca3-4a9f-adcd-fa9f1653cf3e 0aa8b3db02e844fea94f41a4e43dcbf5 68ad9cc310aa4c6db3ebe292785ea6b4 - - default default] Successfully bumped revision number for resource 0013bb94-4878-4173-a9c0-c6a593d9a9a8 (type: routers) to 2
2026-05-30 03:00:28.181 9 INFO neutron.wsgi [None req-5f8ad734-0ca3-4a9f-adcd-fa9f1653cf3e 0aa8b3db02e844fea94f41a4e43dcbf5 68ad9cc310aa4c6db3ebe292785ea6b4 - - default default] 10.0.0.78 "POST /v2.0/routers HTTP/1.1" status: 201 len: 874 time: 1.4379356
2026-05-30 03:00:28.632 9 WARNING neutron.scheduler.dhcp_agent_scheduler [None req-34dc7a3e-e008-486d-a665-a1d760d40f1e 0aa8b3db02e844fea94f41a4e43dcbf5 68ad9cc310aa4c6db3ebe292785ea6b4 - - default default] No more DHCP agents
2026-05-30 03:00:28.636 9 WARNING neutron.api.rpc.agentnotifiers.dhcp_rpc_agent_api [None req-34dc7a3e-e008-486d-a665-a1d760d40f1e 0aa8b3db02e844fea94f41a4e43dcbf5 68ad9cc310aa4c6db3ebe292785ea6b4 - - default default] Unable to schedule network eb6a7488-de40-4c5b-bc19-dba3b18e7e8f: no agents available; will retry on subsequent port and subnet creation events.
2026-05-30 03:00:28.747 10 INFO neutron.wsgi [None req-2dff4918-7602-47e3-b1f8-47193b1c3e40 8ce1a73f0ad841c4b95351b580915cae d26dc524c085402eb1e166b14763ac1e - - default default] 10.0.0.78 "POST /v2.0/trunks HTTP/1.1" status: 201 len: 608 time: 0.6080685
2026-05-30 03:00:28.824 9 INFO neutron.wsgi [None req-3c648f4f-3002-48c3-9ddd-aeda48099592 8ce1a73f0ad841c4b95351b580915cae d26dc524c085402eb1e166b14763ac1e - - default default] 10.0.0.78 "PUT /v2.0/trunks/6f5fd0be-0753-491a-abbb-9c2c096be5a7/tags HTTP/1.1" status: 200 len: 218 time: 0.0698328
2026-05-30 03:00:28.825 9 INFO neutron.db.ovn_revision_numbers_db [None req-34dc7a3e-e008-486d-a665-a1d760d40f1e 0aa8b3db02e844fea94f41a4e43dcbf5 68ad9cc310aa4c6db3ebe292785ea6b4 - - default default] Successfully bumped revision number for resource 19768a6c-3aca-410c-9e06-79506f191b33 (type: ports) to 1
2026-05-30 03:00:28.882 9 INFO neutron.wsgi [None req-f94baa48-b5c0-4c98-a12b-25488df44941 8ce1a73f0ad841c4b95351b580915cae d26dc524c085402eb1e166b14763ac1e - - default default] 10.0.0.78 "GET /v2.0/trunks/6f5fd0be-0753-491a-abbb-9c2c096be5a7/tags HTTP/1.1" status: 200 len: 218 time: 0.0503023
2026-05-30 03:00:28.944 9 INFO neutron.wsgi [None req-b194da2b-e85c-4a7b-bec1-d58224b2033b 8ce1a73f0ad841c4b95351b580915cae d26dc524c085402eb1e166b14763ac1e - - default default] 10.0.0.78 "PUT /v2.0/trunks/6f5fd0be-0753-491a-abbb-9c2c096be5a7/tags/green HTTP/1.1" status: 201 len: 201 time: 0.0570796
2026-05-30 03:00:28.947 10 INFO neutron.db.ovn_revision_numbers_db [None req-dd6aef14-0a10-40f0-86ee-2a53295e3283 - - - - - -] Successfully bumped revision number for resource 5cb97cd0-8340-41b0-aa05-1fd9751c612e (type: ports) to 1
2026-05-30 03:00:28.988 9 INFO neutron.wsgi [None req-194f6ace-d241-48aa-a484-e3b745a04f15 8ce1a73f0ad841c4b95351b580915cae d26dc524c085402eb1e166b14763ac1e - - default default] 10.0.0.78 "GET /v2.0/trunks/6f5fd0be-0753-491a-abbb-9c2c096be5a7/tags HTTP/1.1" status: 200 len: 227 time: 0.0393271
2026-05-30 03:00:29.022 10 INFO neutron.wsgi [None req-de16b731-09cb-4dc8-87f1-dd6f50d21887 8ce1a73f0ad841c4b95351b580915cae d26dc524c085402eb1e166b14763ac1e - - default default] 10.0.0.78 "PUT /v2.0/trunks/6f5fd0be-0753-491a-abbb-9c2c096be5a7/tags/red HTTP/1.1" status: 201 len: 201 time: 0.0279984
2026-05-30 03:00:29.070 10 INFO neutron.wsgi [None req-9485479c-31d4-472f-94c6-2c0ebf29ff97 8ce1a73f0ad841c4b95351b580915cae d26dc524c085402eb1e166b14763ac1e - - default default] 10.0.0.78 "GET /v2.0/trunks/6f5fd0be-0753-491a-abbb-9c2c096be5a7/tags HTTP/1.1" status: 200 len: 227 time: 0.0406091
2026-05-30 03:00:29.115 9 INFO neutron.wsgi [None req-40dd242e-ff02-4c3a-b11d-5cd321546e9e 8ce1a73f0ad841c4b95351b580915cae d26dc524c085402eb1e166b14763ac1e - - default default] 10.0.0.78 "PUT /v2.0/trunks/6f5fd0be-0753-491a-abbb-9c2c096be5a7/tags/black.or.white HTTP/1.1" status: 201 len: 201 time: 0.0394666
2026-05-30 03:00:29.151 10 INFO neutron.wsgi [None req-ebdb20fa-f25f-45d4-836a-e0e293b165a1 8ce1a73f0ad841c4b95351b580915cae d26dc524c085402eb1e166b14763ac1e - - default default] 10.0.0.78 "GET /v2.0/trunks/6f5fd0be-0753-491a-abbb-9c2c096be5a7/tags HTTP/1.1" status: 200 len: 245 time: 0.0315392
2026-05-30 03:00:29.215 9 INFO neutron.wsgi [None req-7d70c443-9560-4eb5-bfc2-7743f56ad89e 8ce1a73f0ad841c4b95351b580915cae d26dc524c085402eb1e166b14763ac1e - - default default] 10.0.0.78 "PUT /v2.0/trunks/6f5fd0be-0753-491a-abbb-9c2c096be5a7/tags HTTP/1.1" status: 200 len: 230 time: 0.0577705
2026-05-30 03:00:29.232 10 INFO neutron.db.ovn_revision_numbers_db [None req-dd6aef14-0a10-40f0-86ee-2a53295e3283 - - - - - -] Successfully bumped revision number for resource 5cb97cd0-8340-41b0-aa05-1fd9751c612e (type: router_ports) to 3
2026-05-30 03:00:29.251 10 INFO neutron.wsgi [None req-dce10354-534c-4560-aa27-dba2ae63eac5 8ce1a73f0ad841c4b95351b580915cae d26dc524c085402eb1e166b14763ac1e - - default default] 10.0.0.78 "GET /v2.0/trunks/6f5fd0be-0753-491a-abbb-9c2c096be5a7/tags HTTP/1.1" status: 200 len: 230 time: 0.0291023
2026-05-30 03:00:29.282 10 INFO neutron.wsgi [None req-4686d386-3268-40ad-a984-20e31c4bee7f 8ce1a73f0ad841c4b95351b580915cae d26dc524c085402eb1e166b14763ac1e - - default default] 10.0.0.78 "GET /v2.0/trunks/6f5fd0be-0753-491a-abbb-9c2c096be5a7/tags/red HTTP/1.1" status: 204 len: 168 time: 0.0257444
2026-05-30 03:00:29.313 10 INFO neutron.api.v2.resource [None req-1dfa4120-10a0-41b3-b87e-8b881e1c5bb6 8ce1a73f0ad841c4b95351b580915cae d26dc524c085402eb1e166b14763ac1e - - default default] show failed (client error): The resource could not be found.
2026-05-30 03:00:29.314 10 INFO neutron.wsgi [None req-1dfa4120-10a0-41b3-b87e-8b881e1c5bb6 8ce1a73f0ad841c4b95351b580915cae d26dc524c085402eb1e166b14763ac1e - - default default] 10.0.0.78 "GET /v2.0/trunks/6f5fd0be-0753-491a-abbb-9c2c096be5a7/tags/green HTTP/1.1" status: 404 len: 299 time: 0.0276046
2026-05-30 03:00:29.385 10 INFO neutron.wsgi [None req-4c2966c3-891d-40e2-8df6-fb8cf4a69dd1 8ce1a73f0ad841c4b95351b580915cae d26dc524c085402eb1e166b14763ac1e - - default default] 10.0.0.78 "DELETE /v2.0/trunks/6f5fd0be-0753-491a-abbb-9c2c096be5a7/tags/red HTTP/1.1" status: 204 len: 168 time: 0.0682337
2026-05-30 03:00:29.416 10 INFO neutron.wsgi [None req-ef17cec6-ec06-443c-bb4e-f92b9becd85b 8ce1a73f0ad841c4b95351b580915cae d26dc524c085402eb1e166b14763ac1e - - default default] 10.0.0.78 "GET /v2.0/trunks/6f5fd0be-0753-491a-abbb-9c2c096be5a7/tags HTTP/1.1" status: 200 len: 223 time: 0.0265470
2026-05-30 03:00:29.434 10 INFO neutron.db.ovn_revision_numbers_db [None req-dd6aef14-0a10-40f0-86ee-2a53295e3283 - - - - - -] Successfully bumped revision number for resource 5cb97cd0-8340-41b0-aa05-1fd9751c612e (type: ports) to 2
2026-05-30 03:00:29.444 10 INFO neutron.api.v2.resource [None req-df22ea47-d778-4313-b782-cd45a13c1193 8ce1a73f0ad841c4b95351b580915cae d26dc524c085402eb1e166b14763ac1e - - default default] delete failed (client error): The resource could not be found.
2026-05-30 03:00:29.445 10 INFO neutron.wsgi [None req-df22ea47-d778-4313-b782-cd45a13c1193 8ce1a73f0ad841c4b95351b580915cae d26dc524c085402eb1e166b14763ac1e - - default default] 10.0.0.78 "DELETE /v2.0/trunks/6f5fd0be-0753-491a-abbb-9c2c096be5a7/tags/green HTTP/1.1" status: 404 len: 299 time: 0.0234902
2026-05-30 03:00:29.496 10 INFO neutron.wsgi [None req-ba7f6ea7-3fc0-4f7c-85f7-804df8b9a1a6 8ce1a73f0ad841c4b95351b580915cae d26dc524c085402eb1e166b14763ac1e - - default default] 10.0.0.78 "DELETE /v2.0/trunks/6f5fd0be-0753-491a-abbb-9c2c096be5a7/tags HTTP/1.1" status: 204 len: 168 time: 0.0469794
2026-05-30 03:00:29.554 10 INFO neutron.wsgi [None req-73c4483d-05bb-44da-842d-da4766462c7a 8ce1a73f0ad841c4b95351b580915cae d26dc524c085402eb1e166b14763ac1e - - default default] 10.0.0.78 "GET /v2.0/trunks/6f5fd0be-0753-491a-abbb-9c2c096be5a7/tags HTTP/1.1" status: 200 len: 205 time: 0.0421758
2026-05-30 03:00:29.601 10 INFO neutron.wsgi [None req-33fee7b1-b52d-412d-a247-85d4ad03590c 8ce1a73f0ad841c4b95351b580915cae d26dc524c085402eb1e166b14763ac1e - - default default] 10.0.0.78 "GET /v2.0/trunks/6f5fd0be-0753-491a-abbb-9c2c096be5a7 HTTP/1.1" status: 200 len: 603 time: 0.0268972
2026-05-30 03:00:29.640 9 INFO neutron.plugins.ml2.drivers.ovn.mech_driver.mech_driver [None req-aac1a681-d7ab-412f-a4f5-58a54f6b1fdb - - - - - -] OVN reports status up for port: 19768a6c-3aca-410c-9e06-79506f191b33
2026-05-30 03:00:29.660 9 INFO neutron.plugins.ml2.plugin [None req-aac1a681-d7ab-412f-a4f5-58a54f6b1fdb - - - - - -] Attempt 1 to provision port 19768a6c-3aca-410c-9e06-79506f191b33
2026-05-30 03:00:29.696 9 INFO neutron.db.ovn_revision_numbers_db [None req-34dc7a3e-e008-486d-a665-a1d760d40f1e 0aa8b3db02e844fea94f41a4e43dcbf5 68ad9cc310aa4c6db3ebe292785ea6b4 - - default default] Successfully bumped revision number for resource 19768a6c-3aca-410c-9e06-79506f191b33 (type: router_ports) to 1
2026-05-30 03:00:29.734 10 INFO neutron.db.ovn_revision_numbers_db [None req-dd6aef14-0a10-40f0-86ee-2a53295e3283 - - - - - -] Successfully bumped revision number for resource 5cb97cd0-8340-41b0-aa05-1fd9751c612e (type: ports) to 4
2026-05-30 03:00:29.833 9 INFO neutron.wsgi [None req-8304151e-cdda-46f6-8225-fd7a75885a94 8ce1a73f0ad841c4b95351b580915cae d26dc524c085402eb1e166b14763ac1e - - default default] 10.0.0.78 "GET /v2.0/ports/217a5fce-3d9a-4541-823d-4748a1f7a10b HTTP/1.1" status: 200 len: 1020 time: 0.2255130
2026-05-30 03:00:30.010 9 INFO neutron.wsgi [None req-e9859e89-1a00-46f2-b107-c3ccdcb45920 8ce1a73f0ad841c4b95351b580915cae d26dc524c085402eb1e166b14763ac1e - - default default] 10.0.0.78 "DELETE /v2.0/trunks/6f5fd0be-0753-491a-abbb-9c2c096be5a7 HTTP/1.1" status: 204 len: 168 time: 0.1715298
2026-05-30 03:00:30.016 10 INFO neutron.db.ovn_revision_numbers_db [None req-dd6aef14-0a10-40f0-86ee-2a53295e3283 - - - - - -] Successfully bumped revision number for resource 5cb97cd0-8340-41b0-aa05-1fd9751c612e (type: router_ports) to 4
2026-05-30 03:00:30.063 9 INFO neutron.db.ovn_revision_numbers_db [None req-34dc7a3e-e008-486d-a665-a1d760d40f1e 0aa8b3db02e844fea94f41a4e43dcbf5 68ad9cc310aa4c6db3ebe292785ea6b4 - - default default] Successfully bumped revision number for resource 19768a6c-3aca-410c-9e06-79506f191b33 (type: ports) to 1
2026-05-30 03:00:30.230 9 WARNING neutron.scheduler.dhcp_agent_scheduler [None req-34dc7a3e-e008-486d-a665-a1d760d40f1e 0aa8b3db02e844fea94f41a4e43dcbf5 68ad9cc310aa4c6db3ebe292785ea6b4 - - default default] No more DHCP agents
2026-05-30 03:00:30.246 9 WARNING neutron.api.rpc.agentnotifiers.dhcp_rpc_agent_api [None req-34dc7a3e-e008-486d-a665-a1d760d40f1e 0aa8b3db02e844fea94f41a4e43dcbf5 68ad9cc310aa4c6db3ebe292785ea6b4 - - default default] Unable to schedule network eb6a7488-de40-4c5b-bc19-dba3b18e7e8f: no agents available; will retry on subsequent port and subnet creation events.
2026-05-30 03:00:30.360 9 INFO neutron.db.ovn_revision_numbers_db [None req-aac1a681-d7ab-412f-a4f5-58a54f6b1fdb - - - - - -] Successfully bumped revision number for resource 19768a6c-3aca-410c-9e06-79506f191b33 (type: ports) to 2
2026-05-30 03:00:30.474 9 INFO neutron.wsgi [None req-4988e3fb-53fd-413c-878c-89f6d915de20 8ce1a73f0ad841c4b95351b580915cae d26dc524c085402eb1e166b14763ac1e - - default default] 10.0.0.78 "DELETE /v2.0/ports/217a5fce-3d9a-4541-823d-4748a1f7a10b HTTP/1.1" status: 204 len: 168 time: 0.4570477
