2026-05-30 02:59:33.945 10 INFO neutron.db.ovn_revision_numbers_db [None req-e7e5163e-ea1e-4919-9935-33724b68e74b 0aa8b3db02e844fea94f41a4e43dcbf5 68ad9cc310aa4c6db3ebe292785ea6b4 - - default default] Successfully bumped revision number for resource 350c3d9c-facf-4a09-9272-61a919006c36 (type: security_groups) to 1
2026-05-30 02:59:33.957 10 INFO neutron.db.ovn_revision_numbers_db [None req-e7e5163e-ea1e-4919-9935-33724b68e74b 0aa8b3db02e844fea94f41a4e43dcbf5 68ad9cc310aa4c6db3ebe292785ea6b4 - - default default] Successfully bumped revision number for resource 10bfab9b-a393-47f2-b3db-1125addba154 (type: security_group_rules) to 0
2026-05-30 02:59:33.972 10 INFO neutron.db.ovn_revision_numbers_db [None req-e7e5163e-ea1e-4919-9935-33724b68e74b 0aa8b3db02e844fea94f41a4e43dcbf5 68ad9cc310aa4c6db3ebe292785ea6b4 - - default default] Successfully bumped revision number for resource 9fbead90-c7be-4357-81c3-ed36ed17d9cd (type: security_group_rules) to 0
2026-05-30 02:59:33.990 10 INFO neutron.db.ovn_revision_numbers_db [None req-e7e5163e-ea1e-4919-9935-33724b68e74b 0aa8b3db02e844fea94f41a4e43dcbf5 68ad9cc310aa4c6db3ebe292785ea6b4 - - default default] Successfully bumped revision number for resource ce3a9912-9e44-4fda-a481-9916fee4a6b8 (type: security_group_rules) to 0
2026-05-30 02:59:34.008 10 INFO neutron.db.ovn_revision_numbers_db [None req-e7e5163e-ea1e-4919-9935-33724b68e74b 0aa8b3db02e844fea94f41a4e43dcbf5 68ad9cc310aa4c6db3ebe292785ea6b4 - - default default] Successfully bumped revision number for resource f29240ab-6051-4bdf-86d2-6fd3f84e7545 (type: security_group_rules) to 0
2026-05-30 02:59:34.034 10 INFO neutron.wsgi [None req-e7e5163e-ea1e-4919-9935-33724b68e74b 0aa8b3db02e844fea94f41a4e43dcbf5 68ad9cc310aa4c6db3ebe292785ea6b4 - - default default] 10.0.0.78 "GET /v2.0/security-groups?tenant_id=54e73f26116c477b95a7c0164ddb79ac&name=default HTTP/1.1" status: 200 len: 2996 time: 0.1918042
2026-05-30 02:59:34.156 9 INFO neutron.wsgi [req-5656f489-3111-42e2-9ae9-a660df6b4379 req-9b5ffd00-631b-48b9-92ba-4ff4a5cc39bf 8551b493eda34b1cb26d7970bb5e5fef e9054986cd784d1ab103afecc850d3ad - - default default] 10.0.0.31 "GET /v2.0/security-groups?name=tempest-lb_member_SG-172412548&fields=id&tenant_id=e9054986cd784d1ab103afecc850d3ad HTTP/1.1" status: 200 len: 267 time: 0.1083333
2026-05-30 02:59:34.245 9 INFO neutron.db.ovn_revision_numbers_db [None req-8cad5acd-aee2-41c2-b24d-ab4e2faa6f1f f088553891da44929e6793cdc862c577 d4b15cbf8355498591d4e2bb7030157a - - default default] Successfully bumped revision number for resource 7cfcc67e-d87e-49b1-b736-c87979f11e50 (type: router_ports) to 1
2026-05-30 02:59:34.250 10 INFO neutron.wsgi [None req-47c503f8-748b-43a7-a72e-f98006bf9682 0aa8b3db02e844fea94f41a4e43dcbf5 68ad9cc310aa4c6db3ebe292785ea6b4 - - default default] 10.0.0.78 "DELETE /v2.0/security-groups/350c3d9c-facf-4a09-9272-61a919006c36 HTTP/1.1" status: 204 len: 168 time: 0.2109547
2026-05-30 02:59:34.277 9 INFO neutron.wsgi [req-5656f489-3111-42e2-9ae9-a660df6b4379 req-b1a91a75-1e76-4d82-aaec-ad9a2a4d64ac 8551b493eda34b1cb26d7970bb5e5fef e9054986cd784d1ab103afecc850d3ad - - default default] 10.0.0.31 "GET /v2.0/networks?id=aedabdc0-5c11-4a97-9de6-0c6707384a10 HTTP/1.1" status: 200 len: 903 time: 0.1147783
2026-05-30 02:59:34.300 9 INFO neutron.wsgi [req-5656f489-3111-42e2-9ae9-a660df6b4379 req-3446e08d-c025-4ae6-8c33-8e2a0d0c1bf7 8551b493eda34b1cb26d7970bb5e5fef e9054986cd784d1ab103afecc850d3ad - - default default] 10.0.0.31 "GET /v2.0/quotas/e9054986cd784d1ab103afecc850d3ad HTTP/1.1" status: 200 len: 386 time: 0.0123231
2026-05-30 02:59:34.687 10 INFO neutron.wsgi [-] 10.0.0.78 "GET / HTTP/1.1" status: 200 len: 279 time: 0.0041821
2026-05-30 02:59:34.703 9 INFO neutron.db.ovn_revision_numbers_db [None req-8cad5acd-aee2-41c2-b24d-ab4e2faa6f1f f088553891da44929e6793cdc862c577 d4b15cbf8355498591d4e2bb7030157a - - default default] Successfully bumped revision number for resource 7cfcc67e-d87e-49b1-b736-c87979f11e50 (type: ports) to 1
2026-05-30 02:59:34.787 9 INFO neutron.wsgi [req-5656f489-3111-42e2-9ae9-a660df6b4379 req-1519caba-e358-4981-adeb-7d242d197217 8551b493eda34b1cb26d7970bb5e5fef e9054986cd784d1ab103afecc850d3ad - - default default] 10.0.0.31 "GET /v2.0/ports?tenant_id=e9054986cd784d1ab103afecc850d3ad&fields=id HTTP/1.1" status: 200 len: 486 time: 0.4800007
2026-05-30 02:59:34.795 9 WARNING neutron.scheduler.dhcp_agent_scheduler [None req-8cad5acd-aee2-41c2-b24d-ab4e2faa6f1f f088553891da44929e6793cdc862c577 d4b15cbf8355498591d4e2bb7030157a - - default default] No more DHCP agents
2026-05-30 02:59:34.796 9 WARNING neutron.api.rpc.agentnotifiers.dhcp_rpc_agent_api [None req-8cad5acd-aee2-41c2-b24d-ab4e2faa6f1f f088553891da44929e6793cdc862c577 d4b15cbf8355498591d4e2bb7030157a - - default default] Unable to schedule network dbc625f7-b183-4e17-a7a5-53cd5b724b70: no agents available; will retry on subsequent port and subnet creation events.
2026-05-30 02:59:34.912 9 INFO neutron.wsgi [req-5656f489-3111-42e2-9ae9-a660df6b4379 req-3cb1e31b-c92c-4ab2-8a24-e840fef9e9c8 e4846b997c244ad39ba985ef728c18b0 554117ef52094691863c2f76bcc47aea - - 086c14915e1744adb37f7df17ca4858a 086c14915e1744adb37f7df17ca4858a] 10.0.0.31 "GET /v2.0/networks/aedabdc0-5c11-4a97-9de6-0c6707384a10?fields=segments HTTP/1.1" status: 200 len: 212 time: 0.1119518
2026-05-30 02:59:35.011 10 INFO neutron.wsgi [None req-df68fe2e-898f-4f5b-a901-242b95f160a8 482c8d2fd73941b98c965dde7569846b a0c65b7b529441aa8ae3257ea1924bb5 - - default default] 10.0.0.78 "GET /v2.0/ HTTP/1.1" status: 200 len: 826 time: 0.3148646
2026-05-30 02:59:35.023 9 INFO neutron.wsgi [req-5656f489-3111-42e2-9ae9-a660df6b4379 req-3988cc25-c346-449c-a8bf-89d944697d64 e4846b997c244ad39ba985ef728c18b0 554117ef52094691863c2f76bcc47aea - - 086c14915e1744adb37f7df17ca4858a 086c14915e1744adb37f7df17ca4858a] 10.0.0.31 "GET /v2.0/networks/aedabdc0-5c11-4a97-9de6-0c6707384a10?fields=provider%3Aphysical_network&fields=provider%3Anetwork_type HTTP/1.1" status: 200 len: 277 time: 0.1043549
2026-05-30 02:59:35.153 10 INFO neutron.wsgi [req-7cbcf206-0efa-4a44-9ad8-0646833006ff req-9215e08f-0e17-42ce-90fb-212fa1cc1e6f 8551b493eda34b1cb26d7970bb5e5fef e9054986cd784d1ab103afecc850d3ad - - default default] 10.0.0.31 "GET /v2.0/ports?device_id=b891ae04-cca7-4a45-8301-af57fdb22be1 HTTP/1.1" status: 200 len: 210 time: 0.0161853
2026-05-30 02:59:35.181 9 INFO neutron.db.ovn_revision_numbers_db [None req-8cad5acd-aee2-41c2-b24d-ab4e2faa6f1f f088553891da44929e6793cdc862c577 d4b15cbf8355498591d4e2bb7030157a - - default default] Successfully bumped revision number for resource 7cfcc67e-d87e-49b1-b736-c87979f11e50 (type: router_ports) to 1
2026-05-30 02:59:35.183 9 INFO neutron.wsgi [None req-8cad5acd-aee2-41c2-b24d-ab4e2faa6f1f f088553891da44929e6793cdc862c577 d4b15cbf8355498591d4e2bb7030157a - - default default] 10.0.0.78 "PUT /v2.0/routers/2352b8ca-7b1f-4ee1-bce1-8d0c3a9d8513/add_router_interface HTTP/1.1" status: 200 len: 503 time: 2.4010327
2026-05-30 02:59:35.193 9 WARNING neutron_lib.context [None req-aeab2420-bbf4-420f-963a-c8daf2c5ef3f f088553891da44929e6793cdc862c577 d4b15cbf8355498591d4e2bb7030157a - - default default] Method 'is_advsvc' is deprecated since 2023.2 release (neutron-lib 3.8.0) and will be removed once support for the old RBAC API policies will be removed from Neutron. Please use method 'is_service_role' instead.
2026-05-30 02:59:35.510 9 WARNING neutron.scheduler.dhcp_agent_scheduler [None req-aeab2420-bbf4-420f-963a-c8daf2c5ef3f f088553891da44929e6793cdc862c577 d4b15cbf8355498591d4e2bb7030157a - - default default] No more DHCP agents
2026-05-30 02:59:35.513 9 WARNING neutron.api.rpc.agentnotifiers.dhcp_rpc_agent_api [None req-aeab2420-bbf4-420f-963a-c8daf2c5ef3f f088553891da44929e6793cdc862c577 d4b15cbf8355498591d4e2bb7030157a - - default default] Unable to schedule network dbc625f7-b183-4e17-a7a5-53cd5b724b70: no agents available; will retry on subsequent port and subnet creation events.
2026-05-30 02:59:35.691 9 INFO neutron.db.ovn_revision_numbers_db [None req-aeab2420-bbf4-420f-963a-c8daf2c5ef3f f088553891da44929e6793cdc862c577 d4b15cbf8355498591d4e2bb7030157a - - default default] Successfully bumped revision number for resource 8bef3f4b-ed30-43df-babd-c9e4e171fa50 (type: ports) to 1
2026-05-30 02:59:35.716 9 INFO neutron.wsgi [None req-aeab2420-bbf4-420f-963a-c8daf2c5ef3f f088553891da44929e6793cdc862c577 d4b15cbf8355498591d4e2bb7030157a - - default default] 10.0.0.78 "POST /v2.0/ports HTTP/1.1" status: 201 len: 1158 time: 0.5263660 /var/lib/openstack/lib/python3.10/site-packages/pycadf/identifier.py:71: UserWarning: Invalid uuid: neutron. To ensure interoperability, identifiers should be a valid uuid. warnings.warn(('Invalid uuid: %s. To ensure interoperability, '
2026-05-30 02:59:35.727 9 WARNING neutron_lib.context [None req-9562d5cd-76bb-4de0-9ce7-c113ffa7ecbb f088553891da44929e6793cdc862c577 d4b15cbf8355498591d4e2bb7030157a - - default default] Method 'is_advsvc' is deprecated since 2023.2 release (neutron-lib 3.8.0) and will be removed once support for the old RBAC API policies will be removed from Neutron. Please use method 'is_service_role' instead.
2026-05-30 02:59:35.749 10 INFO neutron.db.ovn_revision_numbers_db [None req-e9d3b1d6-bb72-4312-8bc3-26cb05b00f20 0aa8b3db02e844fea94f41a4e43dcbf5 68ad9cc310aa4c6db3ebe292785ea6b4 - - default default] Successfully bumped revision number for resource 7c9c9801-ba2a-4887-a97c-46917f2d96aa (type: security_groups) to 1
2026-05-30 02:59:35.765 10 INFO neutron.db.ovn_revision_numbers_db [None req-e9d3b1d6-bb72-4312-8bc3-26cb05b00f20 0aa8b3db02e844fea94f41a4e43dcbf5 68ad9cc310aa4c6db3ebe292785ea6b4 - - default default] Successfully bumped revision number for resource 258f161d-66b4-4b46-b163-a95b629b48d1 (type: security_group_rules) to 0
2026-05-30 02:59:35.785 10 INFO neutron.db.ovn_revision_numbers_db [None req-e9d3b1d6-bb72-4312-8bc3-26cb05b00f20 0aa8b3db02e844fea94f41a4e43dcbf5 68ad9cc310aa4c6db3ebe292785ea6b4 - - default default] Successfully bumped revision number for resource 3e8a2de2-35ca-4a45-b869-f7493e625cf9 (type: security_group_rules) to 0
2026-05-30 02:59:35.798 10 INFO neutron.db.ovn_revision_numbers_db [None req-e9d3b1d6-bb72-4312-8bc3-26cb05b00f20 0aa8b3db02e844fea94f41a4e43dcbf5 68ad9cc310aa4c6db3ebe292785ea6b4 - - default default] Successfully bumped revision number for resource 6c011a10-039b-4327-b4aa-89d2d813e9e9 (type: security_group_rules) to 0
2026-05-30 02:59:35.811 10 INFO neutron.db.ovn_revision_numbers_db [None req-e9d3b1d6-bb72-4312-8bc3-26cb05b00f20 0aa8b3db02e844fea94f41a4e43dcbf5 68ad9cc310aa4c6db3ebe292785ea6b4 - - default default] Successfully bumped revision number for resource 79bfb6df-872e-4279-9af0-0b130c5ad42a (type: security_group_rules) to 0
2026-05-30 02:59:35.827 9 INFO neutron.wsgi [req-5656f489-3111-42e2-9ae9-a660df6b4379 req-42e70381-b3a2-4f73-a571-04c51b9b4044 8551b493eda34b1cb26d7970bb5e5fef e9054986cd784d1ab103afecc850d3ad - - default default] 199.204.45.65 "GET /v2.0/networks?id=aedabdc0-5c11-4a97-9de6-0c6707384a10 HTTP/1.1" status: 200 len: 903 time: 0.0824375
2026-05-30 02:59:35.835 10 INFO neutron.wsgi [None req-e9d3b1d6-bb72-4312-8bc3-26cb05b00f20 0aa8b3db02e844fea94f41a4e43dcbf5 68ad9cc310aa4c6db3ebe292785ea6b4 - - default default] 10.0.0.78 "GET /v2.0/security-groups?tenant_id=a0c65b7b529441aa8ae3257ea1924bb5&name=default HTTP/1.1" status: 200 len: 2996 time: 0.3962853
2026-05-30 02:59:35.894 9 INFO neutron.wsgi [req-5656f489-3111-42e2-9ae9-a660df6b4379 req-0caa34dc-c864-4aee-abfb-60fc2e4f13b1 8551b493eda34b1cb26d7970bb5e5fef e9054986cd784d1ab103afecc850d3ad - - default default] 199.204.45.65 "GET /v2.0/security-groups?fields=id&fields=name&tenant_id=e9054986cd784d1ab103afecc850d3ad HTTP/1.1" status: 200 len: 377 time: 0.0610363
2026-05-30 02:59:35.908 9 WARNING neutron_lib.context [req-5656f489-3111-42e2-9ae9-a660df6b4379 req-4cc7f37b-664d-4468-8692-915442e50505 8551b493eda34b1cb26d7970bb5e5fef e9054986cd784d1ab103afecc850d3ad - - default default] Method 'is_advsvc' is deprecated since 2023.2 release (neutron-lib 3.8.0) and will be removed once support for the old RBAC API policies will be removed from Neutron. Please use method 'is_service_role' instead.
2026-05-30 02:59:36.039 10 INFO neutron.wsgi [None req-885145b3-0845-476c-8fa1-624bfe068317 0aa8b3db02e844fea94f41a4e43dcbf5 68ad9cc310aa4c6db3ebe292785ea6b4 - - default default] 10.0.0.78 "DELETE /v2.0/security-groups/7c9c9801-ba2a-4887-a97c-46917f2d96aa HTTP/1.1" status: 204 len: 168 time: 0.1999602
2026-05-30 02:59:36.186 9 WARNING neutron.scheduler.dhcp_agent_scheduler [None req-9562d5cd-76bb-4de0-9ce7-c113ffa7ecbb f088553891da44929e6793cdc862c577 d4b15cbf8355498591d4e2bb7030157a - - default default] No more DHCP agents
2026-05-30 02:59:36.188 9 WARNING neutron.api.rpc.agentnotifiers.dhcp_rpc_agent_api [None req-9562d5cd-76bb-4de0-9ce7-c113ffa7ecbb f088553891da44929e6793cdc862c577 d4b15cbf8355498591d4e2bb7030157a - - default default] Unable to schedule network dbc625f7-b183-4e17-a7a5-53cd5b724b70: no agents available; will retry on subsequent port and subnet creation events.
2026-05-30 02:59:36.381 9 WARNING neutron.scheduler.dhcp_agent_scheduler [req-5656f489-3111-42e2-9ae9-a660df6b4379 req-4cc7f37b-664d-4468-8692-915442e50505 8551b493eda34b1cb26d7970bb5e5fef e9054986cd784d1ab103afecc850d3ad - - default default] No more DHCP agents
2026-05-30 02:59:36.384 9 WARNING neutron.api.rpc.agentnotifiers.dhcp_rpc_agent_api [req-5656f489-3111-42e2-9ae9-a660df6b4379 req-4cc7f37b-664d-4468-8692-915442e50505 8551b493eda34b1cb26d7970bb5e5fef e9054986cd784d1ab103afecc850d3ad - - default default] Unable to schedule network aedabdc0-5c11-4a97-9de6-0c6707384a10: no agents available; will retry on subsequent port and subnet creation events.
2026-05-30 02:59:36.409 9 INFO neutron.db.ovn_revision_numbers_db [None req-9562d5cd-76bb-4de0-9ce7-c113ffa7ecbb f088553891da44929e6793cdc862c577 d4b15cbf8355498591d4e2bb7030157a - - default default] Successfully bumped revision number for resource a7832f8b-70d7-483c-9d1d-8f66b7c5d5cb (type: ports) to 1
2026-05-30 02:59:36.437 9 INFO neutron.wsgi [None req-9562d5cd-76bb-4de0-9ce7-c113ffa7ecbb f088553891da44929e6793cdc862c577 d4b15cbf8355498591d4e2bb7030157a - - default default] 10.0.0.78 "POST /v2.0/ports HTTP/1.1" status: 201 len: 1154 time: 0.7146423
2026-05-30 02:59:36.448 10 WARNING neutron_lib.context [None req-6e40fdb0-c5ca-4383-963b-aefdd2e87462 f088553891da44929e6793cdc862c577 d4b15cbf8355498591d4e2bb7030157a - - default default] Method 'is_advsvc' is deprecated since 2023.2 release (neutron-lib 3.8.0) and will be removed once support for the old RBAC API policies will be removed from Neutron. Please use method 'is_service_role' instead.
2026-05-30 02:59:36.597 9 INFO neutron.db.ovn_revision_numbers_db [req-5656f489-3111-42e2-9ae9-a660df6b4379 req-4cc7f37b-664d-4468-8692-915442e50505 8551b493eda34b1cb26d7970bb5e5fef e9054986cd784d1ab103afecc850d3ad - - default default] Successfully bumped revision number for resource 8db38d70-eb9a-4af0-9d43-b38cad2f2977 (type: ports) to 1
2026-05-30 02:59:36.636 9 INFO neutron.wsgi [req-5656f489-3111-42e2-9ae9-a660df6b4379 req-4cc7f37b-664d-4468-8692-915442e50505 8551b493eda34b1cb26d7970bb5e5fef e9054986cd784d1ab103afecc850d3ad - - default default] 199.204.45.65 "POST /v2.0/ports HTTP/1.1" status: 201 len: 1388 time: 0.7353070 /var/lib/openstack/lib/python3.10/site-packages/pycadf/identifier.py:71: UserWarning: Invalid uuid: neutron. To ensure interoperability, identifiers should be a valid uuid. warnings.warn(('Invalid uuid: %s. To ensure interoperability, '
2026-05-30 02:59:36.741 10 WARNING neutron.scheduler.dhcp_agent_scheduler [None req-6e40fdb0-c5ca-4383-963b-aefdd2e87462 f088553891da44929e6793cdc862c577 d4b15cbf8355498591d4e2bb7030157a - - default default] No more DHCP agents
2026-05-30 02:59:36.743 10 WARNING neutron.api.rpc.agentnotifiers.dhcp_rpc_agent_api [None req-6e40fdb0-c5ca-4383-963b-aefdd2e87462 f088553891da44929e6793cdc862c577 d4b15cbf8355498591d4e2bb7030157a - - default default] Unable to schedule network a943bc15-3938-4712-be78-3646dce8b1af: no agents available; will retry on subsequent port and subnet creation events.
2026-05-30 02:59:37.025 9 INFO neutron.db.ovn_revision_numbers_db [req-5656f489-3111-42e2-9ae9-a660df6b4379 req-8fb64a39-6c26-44be-aebb-fe939c6fcac2 e4846b997c244ad39ba985ef728c18b0 554117ef52094691863c2f76bcc47aea - - 086c14915e1744adb37f7df17ca4858a 086c14915e1744adb37f7df17ca4858a] Successfully bumped revision number for resource 8db38d70-eb9a-4af0-9d43-b38cad2f2977 (type: ports) to 2
2026-05-30 02:59:37.125 9 INFO neutron.wsgi [-] 10.0.0.42 "GET / HTTP/1.1" status: 200 len: 247 time: 0.0022397
2026-05-30 02:59:37.127 9 INFO neutron.wsgi [-] 10.0.0.42 "GET / HTTP/1.1" status: 200 len: 247 time: 0.0018804
2026-05-30 02:59:37.235 9 INFO neutron.db.ovn_revision_numbers_db [req-5656f489-3111-42e2-9ae9-a660df6b4379 req-8fb64a39-6c26-44be-aebb-fe939c6fcac2 e4846b997c244ad39ba985ef728c18b0 554117ef52094691863c2f76bcc47aea - - 086c14915e1744adb37f7df17ca4858a 086c14915e1744adb37f7df17ca4858a] Successfully bumped revision number for resource 8db38d70-eb9a-4af0-9d43-b38cad2f2977 (type: ports) to 2
2026-05-30 02:59:37.249 9 INFO neutron.wsgi [req-5656f489-3111-42e2-9ae9-a660df6b4379 req-8fb64a39-6c26-44be-aebb-fe939c6fcac2 e4846b997c244ad39ba985ef728c18b0 554117ef52094691863c2f76bcc47aea - - 086c14915e1744adb37f7df17ca4858a 086c14915e1744adb37f7df17ca4858a] 199.204.45.65 "PUT /v2.0/ports/8db38d70-eb9a-4af0-9d43-b38cad2f2977 HTTP/1.1" status: 200 len: 1605 time: 0.6053152
2026-05-30 02:59:37.289 9 INFO neutron.notifiers.nova [-] Nova event matching ['req-32990731-13f2-4671-94ba-2d64f0c7449f'] response: {'name': 'network-changed', 'server_uuid': 'b891ae04-cca7-4a45-8301-af57fdb22be1', 'tag': '8db38d70-eb9a-4af0-9d43-b38cad2f2977', 'status': 'completed', 'code': 200} /var/lib/openstack/lib/python3.10/site-packages/pycadf/identifier.py:71: UserWarning: Invalid uuid: neutron. To ensure interoperability, identifiers should be a valid uuid. warnings.warn(('Invalid uuid: %s. To ensure interoperability, '
2026-05-30 02:59:37.339 9 INFO neutron.wsgi [req-5656f489-3111-42e2-9ae9-a660df6b4379 req-723faaed-bec2-4cda-bec9-8f807fcac897 e4846b997c244ad39ba985ef728c18b0 554117ef52094691863c2f76bcc47aea - - 086c14915e1744adb37f7df17ca4858a 086c14915e1744adb37f7df17ca4858a] 199.204.45.65 "GET /v2.0/ports?tenant_id=e9054986cd784d1ab103afecc850d3ad&device_id=b891ae04-cca7-4a45-8301-af57fdb22be1 HTTP/1.1" status: 200 len: 1636 time: 0.0450966
2026-05-30 02:59:37.344 9 WARNING neutron.plugins.ml2.drivers.ovn.mech_driver.ovsdb.ovn_client [None req-aac1a681-d7ab-412f-a4f5-58a54f6b1fdb - - - - - -] No hosting information found for port 651c5d07-80ab-4ca8-b3e7-7e6bb9f67ba8: RuntimeError: No hosting information found for port 651c5d07-80ab-4ca8-b3e7-7e6bb9f67ba8
2026-05-30 02:59:37.344 9 INFO neutron.plugins.ml2.drivers.ovn.mech_driver.mech_driver [None req-aac1a681-d7ab-412f-a4f5-58a54f6b1fdb - - - - - -] OVN reports status up for port: 7cfcc67e-d87e-49b1-b736-c87979f11e50
2026-05-30 02:59:37.360 10 INFO neutron.db.l3_db [None req-6e40fdb0-c5ca-4383-963b-aefdd2e87462 f088553891da44929e6793cdc862c577 d4b15cbf8355498591d4e2bb7030157a - - default default] Floating IP 4709b07a-1295-415a-ad55-f3a69f466e11 associated. External IP: 10.96.250.202, port: a7832f8b-70d7-483c-9d1d-8f66b7c5d5cb.
2026-05-30 02:59:37.365 9 INFO neutron.plugins.ml2.plugin [None req-aac1a681-d7ab-412f-a4f5-58a54f6b1fdb - - - - - -] Attempt 1 to provision port 7cfcc67e-d87e-49b1-b736-c87979f11e50
2026-05-30 02:59:37.368 9 INFO neutron.wsgi [req-5656f489-3111-42e2-9ae9-a660df6b4379 req-194cc8c0-0834-4ee3-8970-f1dc5fc0a7c1 e4846b997c244ad39ba985ef728c18b0 554117ef52094691863c2f76bcc47aea - - 086c14915e1744adb37f7df17ca4858a 086c14915e1744adb37f7df17ca4858a] 199.204.45.65 "GET /v2.0/floatingips?fixed_ip_address=10.2.1.138&port_id=8db38d70-eb9a-4af0-9d43-b38cad2f2977 HTTP/1.1" status: 200 len: 217 time: 0.0216820
2026-05-30 02:59:37.392 9 INFO neutron.wsgi [req-5656f489-3111-42e2-9ae9-a660df6b4379 req-7baaef93-8688-4efd-b900-93ef88590bb6 e4846b997c244ad39ba985ef728c18b0 554117ef52094691863c2f76bcc47aea - - 086c14915e1744adb37f7df17ca4858a 086c14915e1744adb37f7df17ca4858a] 199.204.45.65 "GET /v2.0/floatingips?fixed_ip_address=fd7b%3Af9f7%3Afff%3A4eca%3A%3A353&port_id=8db38d70-eb9a-4af0-9d43-b38cad2f2977 HTTP/1.1" status: 200 len: 217 time: 0.0183163
2026-05-30 02:59:37.433 9 INFO neutron.wsgi [req-5656f489-3111-42e2-9ae9-a660df6b4379 req-21b3ce31-7bd3-4c7c-8e5d-8b1db865e4a0 e4846b997c244ad39ba985ef728c18b0 554117ef52094691863c2f76bcc47aea - - 086c14915e1744adb37f7df17ca4858a 086c14915e1744adb37f7df17ca4858a] 199.204.45.65 "GET /v2.0/subnets?id=b5e52c39-51ae-4a17-bc23-bb279b12bde2&id=d18d0a6e-0f23-4891-b164-66e42ce4dfb8 HTTP/1.1" status: 200 len: 1562 time: 0.0359886
2026-05-30 02:59:37.455 9 INFO neutron.wsgi [req-5656f489-3111-42e2-9ae9-a660df6b4379 req-dd4a1958-ad98-43ba-9c5c-eb2f98fa26b7 e4846b997c244ad39ba985ef728c18b0 554117ef52094691863c2f76bcc47aea - - 086c14915e1744adb37f7df17ca4858a 086c14915e1744adb37f7df17ca4858a] 199.204.45.65 "GET /v2.0/ports?network_id=aedabdc0-5c11-4a97-9de6-0c6707384a10&device_owner=network%3Adhcp HTTP/1.1" status: 200 len: 210 time: 0.0163436
2026-05-30 02:59:37.490 9 INFO neutron.wsgi [req-5656f489-3111-42e2-9ae9-a660df6b4379 req-609c8d56-cb20-433c-b695-66ae580dcb10 e4846b997c244ad39ba985ef728c18b0 554117ef52094691863c2f76bcc47aea - - 086c14915e1744adb37f7df17ca4858a 086c14915e1744adb37f7df17ca4858a] 199.204.45.65 "GET /v2.0/ports?network_id=aedabdc0-5c11-4a97-9de6-0c6707384a10&device_owner=network%3Adhcp HTTP/1.1" status: 200 len: 210 time: 0.0255027
2026-05-30 02:59:37.579 9 INFO neutron.wsgi [req-5656f489-3111-42e2-9ae9-a660df6b4379 req-b2bea1ad-228a-4d1b-a740-5f8820e4ac24 e4846b997c244ad39ba985ef728c18b0 554117ef52094691863c2f76bcc47aea - - 086c14915e1744adb37f7df17ca4858a 086c14915e1744adb37f7df17ca4858a] 199.204.45.65 "GET /v2.0/networks/aedabdc0-5c11-4a97-9de6-0c6707384a10?fields=segments HTTP/1.1" status: 200 len: 212 time: 0.0826716
2026-05-30 02:59:37.583 10 INFO neutron.db.ovn_revision_numbers_db [None req-6e40fdb0-c5ca-4383-963b-aefdd2e87462 f088553891da44929e6793cdc862c577 d4b15cbf8355498591d4e2bb7030157a - - default default] Successfully bumped revision number for resource 4709b07a-1295-415a-ad55-f3a69f466e11 (type: floatingips) to 0
2026-05-30 02:59:37.647 9 INFO neutron.wsgi [req-5656f489-3111-42e2-9ae9-a660df6b4379 req-2d5f7d1d-11ac-44d2-90a9-2943aac1bc48 e4846b997c244ad39ba985ef728c18b0 554117ef52094691863c2f76bcc47aea - - 086c14915e1744adb37f7df17ca4858a 086c14915e1744adb37f7df17ca4858a] 199.204.45.65 "GET /v2.0/networks/aedabdc0-5c11-4a97-9de6-0c6707384a10?fields=provider%3Aphysical_network&fields=provider%3Anetwork_type HTTP/1.1" status: 200 len: 277 time: 0.0610902
2026-05-30 02:59:37.712 10 INFO neutron.db.ovn_revision_numbers_db [None req-6e40fdb0-c5ca-4383-963b-aefdd2e87462 f088553891da44929e6793cdc862c577 d4b15cbf8355498591d4e2bb7030157a - - default default] Successfully bumped revision number for resource 4709b07a-1295-415a-ad55-f3a69f466e11 (type: floatingips) to 1
2026-05-30 02:59:37.731 9 INFO neutron.wsgi [req-1e5f9f6d-b15c-40cf-83ad-b96f5d054994 req-ed296346-6d1c-47da-85c6-13453994b9c4 e4846b997c244ad39ba985ef728c18b0 554117ef52094691863c2f76bcc47aea - - 086c14915e1744adb37f7df17ca4858a 086c14915e1744adb37f7df17ca4858a] 199.204.45.65 "GET /v2.0/ports?tenant_id=e9054986cd784d1ab103afecc850d3ad&device_id=b891ae04-cca7-4a45-8301-af57fdb22be1 HTTP/1.1" status: 200 len: 1636 time: 0.0455627
2026-05-30 02:59:37.751 9 INFO neutron.db.ovn_revision_numbers_db [None req-aac1a681-d7ab-412f-a4f5-58a54f6b1fdb - - - - - -] Successfully bumped revision number for resource 7cfcc67e-d87e-49b1-b736-c87979f11e50 (type: ports) to 2
2026-05-30 02:59:37.763 10 INFO neutron.wsgi [None req-6e40fdb0-c5ca-4383-963b-aefdd2e87462 f088553891da44929e6793cdc862c577 d4b15cbf8355498591d4e2bb7030157a - - default default] 10.0.0.78 "POST /v2.0/floatingips HTTP/1.1" status: 201 len: 1041 time: 1.3212707
2026-05-30 02:59:37.818 9 INFO neutron.wsgi [req-1e5f9f6d-b15c-40cf-83ad-b96f5d054994 req-59c539a9-852a-4a7d-8e70-8f9ff3ee1a8b e4846b997c244ad39ba985ef728c18b0 554117ef52094691863c2f76bcc47aea - - 086c14915e1744adb37f7df17ca4858a 086c14915e1744adb37f7df17ca4858a] 199.204.45.65 "GET /v2.0/networks?id=aedabdc0-5c11-4a97-9de6-0c6707384a10 HTTP/1.1" status: 200 len: 1001 time: 0.0822830
2026-05-30 02:59:37.846 9 INFO neutron.wsgi [req-1e5f9f6d-b15c-40cf-83ad-b96f5d054994 req-de596cf1-c2b1-40c0-8b46-79448857d612 e4846b997c244ad39ba985ef728c18b0 554117ef52094691863c2f76bcc47aea - - 086c14915e1744adb37f7df17ca4858a 086c14915e1744adb37f7df17ca4858a] 199.204.45.65 "GET /v2.0/floatingips?fixed_ip_address=10.2.1.138&port_id=8db38d70-eb9a-4af0-9d43-b38cad2f2977 HTTP/1.1" status: 200 len: 217 time: 0.0214939
2026-05-30 02:59:37.865 9 INFO neutron.db.ovn_revision_numbers_db [None req-aac1a681-d7ab-412f-a4f5-58a54f6b1fdb - - - - - -] Successfully bumped revision number for resource 7cfcc67e-d87e-49b1-b736-c87979f11e50 (type: router_ports) to 2
2026-05-30 02:59:37.885 9 INFO neutron.wsgi [req-1e5f9f6d-b15c-40cf-83ad-b96f5d054994 req-25f16f9d-61bc-404d-acd2-6850d2fdaf4d e4846b997c244ad39ba985ef728c18b0 554117ef52094691863c2f76bcc47aea - - 086c14915e1744adb37f7df17ca4858a 086c14915e1744adb37f7df17ca4858a] 199.204.45.65 "GET /v2.0/floatingips?fixed_ip_address=fd7b%3Af9f7%3Afff%3A4eca%3A%3A353&port_id=8db38d70-eb9a-4af0-9d43-b38cad2f2977 HTTP/1.1" status: 200 len: 217 time: 0.0295472
2026-05-30 02:59:37.935 9 INFO neutron.wsgi [req-1e5f9f6d-b15c-40cf-83ad-b96f5d054994 req-a77ee236-0221-4442-96fa-921b12fccb18 e4846b997c244ad39ba985ef728c18b0 554117ef52094691863c2f76bcc47aea - - 086c14915e1744adb37f7df17ca4858a 086c14915e1744adb37f7df17ca4858a] 199.204.45.65 "GET /v2.0/subnets?id=b5e52c39-51ae-4a17-bc23-bb279b12bde2&id=d18d0a6e-0f23-4891-b164-66e42ce4dfb8 HTTP/1.1" status: 200 len: 1562 time: 0.0415416
2026-05-30 02:59:37.952 10 INFO neutron.db.l3_db [None req-569f7b96-c101-4c87-94cb-9fb897278b04 f088553891da44929e6793cdc862c577 d4b15cbf8355498591d4e2bb7030157a - - default default] Floating IP 4709b07a-1295-415a-ad55-f3a69f466e11 disassociated. External IP: 10.96.250.202, port: a7832f8b-70d7-483c-9d1d-8f66b7c5d5cb.
2026-05-30 02:59:37.989 10 INFO neutron.db.ovn_revision_numbers_db [None req-569f7b96-c101-4c87-94cb-9fb897278b04 f088553891da44929e6793cdc862c577 d4b15cbf8355498591d4e2bb7030157a - - default default] Successfully bumped revision number for resource 4709b07a-1295-415a-ad55-f3a69f466e11 (type: floatingips) to 2
2026-05-30 02:59:38.076 10 INFO neutron.wsgi [None req-569f7b96-c101-4c87-94cb-9fb897278b04 f088553891da44929e6793cdc862c577 d4b15cbf8355498591d4e2bb7030157a - - default default] 10.0.0.78 "PUT /v2.0/floatingips/4709b07a-1295-415a-ad55-f3a69f466e11 HTTP/1.1" status: 200 len: 748 time: 0.3087091
2026-05-30 02:59:38.218 9 INFO neutron.wsgi [req-1e5f9f6d-b15c-40cf-83ad-b96f5d054994 req-e73c1eb4-9ddf-42a0-9186-4f519174e968 e4846b997c244ad39ba985ef728c18b0 554117ef52094691863c2f76bcc47aea - - 086c14915e1744adb37f7df17ca4858a 086c14915e1744adb37f7df17ca4858a] 199.204.45.65 "GET /v2.0/ports?network_id=aedabdc0-5c11-4a97-9de6-0c6707384a10&device_owner=network%3Adhcp HTTP/1.1" status: 200 len: 210 time: 0.2772889
2026-05-30 02:59:38.245 9 INFO neutron.wsgi [req-1e5f9f6d-b15c-40cf-83ad-b96f5d054994 req-49a923fb-27c3-4807-a9ad-a8cd336e3e38 e4846b997c244ad39ba985ef728c18b0 554117ef52094691863c2f76bcc47aea - - 086c14915e1744adb37f7df17ca4858a 086c14915e1744adb37f7df17ca4858a] 199.204.45.65 "GET /v2.0/ports?network_id=aedabdc0-5c11-4a97-9de6-0c6707384a10&device_owner=network%3Adhcp HTTP/1.1" status: 200 len: 210 time: 0.0193663
2026-05-30 02:59:38.305 9 INFO neutron.wsgi [req-1e5f9f6d-b15c-40cf-83ad-b96f5d054994 req-a1c00632-0714-4cd5-9c7f-b2afa14f4468 e4846b997c244ad39ba985ef728c18b0 554117ef52094691863c2f76bcc47aea - - 086c14915e1744adb37f7df17ca4858a 086c14915e1744adb37f7df17ca4858a] 199.204.45.65 "GET /v2.0/networks/aedabdc0-5c11-4a97-9de6-0c6707384a10?fields=segments HTTP/1.1" status: 200 len: 212 time: 0.0509312
2026-05-30 02:59:38.352 10 INFO neutron.wsgi [None req-e905d17b-419f-445c-a8ca-7bf98faa6b44 f088553891da44929e6793cdc862c577 d4b15cbf8355498591d4e2bb7030157a - - default default] 10.0.0.78 "DELETE /v2.0/floatingips/4709b07a-1295-415a-ad55-f3a69f466e11 HTTP/1.1" status: 204 len: 168 time: 0.2714939
2026-05-30 02:59:38.362 10 WARNING neutron_lib.context [None req-1ce82b7a-9602-4fe5-bbde-ddf559042f33 f088553891da44929e6793cdc862c577 d4b15cbf8355498591d4e2bb7030157a - - default default] Method 'is_advsvc' is deprecated since 2023.2 release (neutron-lib 3.8.0) and will be removed once support for the old RBAC API policies will be removed from Neutron. Please use method 'is_service_role' instead.
2026-05-30 02:59:38.363 9 INFO neutron.wsgi [req-1e5f9f6d-b15c-40cf-83ad-b96f5d054994 req-f092e6af-dae7-4d26-a018-439a07bcec19 e4846b997c244ad39ba985ef728c18b0 554117ef52094691863c2f76bcc47aea - - 086c14915e1744adb37f7df17ca4858a 086c14915e1744adb37f7df17ca4858a] 199.204.45.65 "GET /v2.0/networks/aedabdc0-5c11-4a97-9de6-0c6707384a10?fields=provider%3Aphysical_network&fields=provider%3Anetwork_type HTTP/1.1" status: 200 len: 277 time: 0.0533268
2026-05-30 02:59:38.575 10 WARNING neutron.scheduler.dhcp_agent_scheduler [None req-1ce82b7a-9602-4fe5-bbde-ddf559042f33 f088553891da44929e6793cdc862c577 d4b15cbf8355498591d4e2bb7030157a - - default default] No more DHCP agents
2026-05-30 02:59:38.578 10 WARNING neutron.api.rpc.agentnotifiers.dhcp_rpc_agent_api [None req-1ce82b7a-9602-4fe5-bbde-ddf559042f33 f088553891da44929e6793cdc862c577 d4b15cbf8355498591d4e2bb7030157a - - default default] Unable to schedule network a943bc15-3938-4712-be78-3646dce8b1af: no agents available; will retry on subsequent port and subnet creation events.
2026-05-30 02:59:38.900 10 INFO neutron.wsgi [None req-0befc62b-4efa-44b3-9ef0-66196942621a 98939984a08f4c5dbee5913458da34af 67671fcfebdb43dea7f8d927daf57220 - - default default] 10.0.0.78 "POST /v2.0/qos/policies HTTP/1.1" status: 201 len: 558 time: 0.2339964
2026-05-30 02:59:38.951 10 INFO neutron.db.l3_db [None req-1ce82b7a-9602-4fe5-bbde-ddf559042f33 f088553891da44929e6793cdc862c577 d4b15cbf8355498591d4e2bb7030157a - - default default] Floating IP d655950c-4e50-4e72-99f2-ccd5997b8666 associated. External IP: 10.96.250.210, port: 8bef3f4b-ed30-43df-babd-c9e4e171fa50.
2026-05-30 02:59:38.974 9 INFO neutron.wsgi [None req-c4576d5b-d670-4798-9afc-5d773260397b 98939984a08f4c5dbee5913458da34af 67671fcfebdb43dea7f8d927daf57220 - - default default] 10.0.0.78 "POST /v2.0/qos/policies HTTP/1.1" status: 201 len: 558 time: 0.0672472
2026-05-30 02:59:39.015 9 INFO neutron.wsgi [None req-64e94843-39cb-4898-887a-2ea63a089cdb 98939984a08f4c5dbee5913458da34af 67671fcfebdb43dea7f8d927daf57220 - - default default] 10.0.0.78 "POST /v2.0/qos/policies HTTP/1.1" status: 201 len: 558 time: 0.0358822
2026-05-30 02:59:39.060 9 INFO neutron.wsgi [None req-0ff2367f-2925-40d6-92c3-135c3d55724f 98939984a08f4c5dbee5913458da34af 67671fcfebdb43dea7f8d927daf57220 - - default default] 10.0.0.78 "POST /v2.0/qos/policies HTTP/1.1" status: 201 len: 558 time: 0.0375538
2026-05-30 02:59:39.101 9 INFO neutron.wsgi [None req-6dadd374-39b8-4d0c-b228-ff057e9ee6be 98939984a08f4c5dbee5913458da34af 67671fcfebdb43dea7f8d927daf57220 - - default default] 10.0.0.78 "POST /v2.0/qos/policies HTTP/1.1" status: 201 len: 558 time: 0.0364273
2026-05-30 02:59:39.115 10 INFO neutron.db.ovn_revision_numbers_db [None req-1ce82b7a-9602-4fe5-bbde-ddf559042f33 f088553891da44929e6793cdc862c577 d4b15cbf8355498591d4e2bb7030157a - - default default] Successfully bumped revision number for resource d655950c-4e50-4e72-99f2-ccd5997b8666 (type: floatingips) to 0
2026-05-30 02:59:39.134 9 INFO neutron.wsgi [None req-0a695acf-dc9e-4630-b409-f4f06655cfd8 98939984a08f4c5dbee5913458da34af 67671fcfebdb43dea7f8d927daf57220 - - default default] 10.0.0.78 "PUT /v2.0/policies/c4a6a091-b2f4-469a-a8ce-5ce6024a6d29/tags HTTP/1.1" status: 200 len: 210 time: 0.0279224
2026-05-30 02:59:39.162 9 INFO neutron.wsgi [None req-394f5b41-3b6b-4344-a9c6-12e401d24d5b 98939984a08f4c5dbee5913458da34af 67671fcfebdb43dea7f8d927daf57220 - - default default] 10.0.0.78 "PUT /v2.0/policies/b6f92089-be55-4531-9f69-69c1dbc793da/tags HTTP/1.1" status: 200 len: 218 time: 0.0236588
2026-05-30 02:59:39.204 10 INFO neutron.wsgi [None req-d01cf079-842f-48bf-8ef3-2dcd1a5f0b46 98939984a08f4c5dbee5913458da34af 67671fcfebdb43dea7f8d927daf57220 - - default default] 10.0.0.78 "PUT /v2.0/policies/1076c249-4fde-4dec-ada7-aaa02dcabeae/tags HTTP/1.1" status: 200 len: 227 time: 0.0382071
2026-05-30 02:59:39.240 9 INFO neutron.wsgi [None req-a4bdfdc4-5b83-49c7-9a86-6a3bed40a069 98939984a08f4c5dbee5913458da34af 67671fcfebdb43dea7f8d927daf57220 - - default default] 10.0.0.78 "PUT /v2.0/policies/5bdd9032-e7c3-4268-bc0e-62f346418a5e/tags HTTP/1.1" status: 200 len: 212 time: 0.0309482
2026-05-30 02:59:39.255 10 INFO neutron.db.ovn_revision_numbers_db [None req-1ce82b7a-9602-4fe5-bbde-ddf559042f33 f088553891da44929e6793cdc862c577 d4b15cbf8355498591d4e2bb7030157a - - default default] Successfully bumped revision number for resource d655950c-4e50-4e72-99f2-ccd5997b8666 (type: floatingips) to 1
2026-05-30 02:59:39.257 10 WARNING neutron.plugins.ml2.drivers.ovn.mech_driver.ovsdb.ovn_client [None req-6c3f93a1-c130-497e-9a8d-ffb6e57dd8ac - - - - - -] No hosting information found for port 9b180e26-84fe-48a8-96f8-8c179d06ec1c: RuntimeError: No hosting information found for port 9b180e26-84fe-48a8-96f8-8c179d06ec1c
2026-05-30 02:59:39.258 10 INFO neutron.plugins.ml2.drivers.ovn.mech_driver.mech_driver [None req-6c3f93a1-c130-497e-9a8d-ffb6e57dd8ac - - - - - -] OVN reports status down for port: 16042b17-11cc-4908-b9f7-31521084853f
2026-05-30 02:59:39.272 10 INFO neutron.plugins.ml2.drivers.ovn.mech_driver.mech_driver [None req-6c3f93a1-c130-497e-9a8d-ffb6e57dd8ac - - - - - -] OVN reports status up for port: 8db38d70-eb9a-4af0-9d43-b38cad2f2977
2026-05-30 02:59:39.294 10 INFO neutron.plugins.ml2.plugin [None req-6c3f93a1-c130-497e-9a8d-ffb6e57dd8ac - - - - - -] Attempt 1 to provision port 8db38d70-eb9a-4af0-9d43-b38cad2f2977
2026-05-30 02:59:39.316 10 INFO neutron.wsgi [None req-1ce82b7a-9602-4fe5-bbde-ddf559042f33 f088553891da44929e6793cdc862c577 d4b15cbf8355498591d4e2bb7030157a - - default default] 10.0.0.78 "POST /v2.0/floatingips HTTP/1.1" status: 201 len: 1042 time: 0.9577394
2026-05-30 02:59:39.389 9 INFO neutron.wsgi [None req-bb2a0228-7b33-4e1e-84f8-2e034d265c6c f088553891da44929e6793cdc862c577 d4b15cbf8355498591d4e2bb7030157a - - default default] 10.0.0.78 "GET /v2.0/floatingips/d655950c-4e50-4e72-99f2-ccd5997b8666 HTTP/1.1" status: 200 len: 1039 time: 0.0664487
2026-05-30 02:59:39.433 10 INFO neutron.notifiers.nova [-] Nova event matching ['req-282292d2-48be-40e8-b990-4d1e148ac33e'] response: {'server_uuid': 'b891ae04-cca7-4a45-8301-af57fdb22be1', 'name': 'network-vif-plugged', 'status': 'completed', 'tag': '8db38d70-eb9a-4af0-9d43-b38cad2f2977', 'code': 200}
2026-05-30 02:59:39.473 9 INFO neutron.wsgi [None req-986ada32-4b1f-4eaa-96bf-0a2dd5a57240 f088553891da44929e6793cdc862c577 d4b15cbf8355498591d4e2bb7030157a - - default default] 10.0.0.78 "GET /v2.0/floatingips HTTP/1.1" status: 200 len: 1042 time: 0.0804513
2026-05-30 02:59:39.600 10 INFO neutron.db.ovn_revision_numbers_db [None req-6c3f93a1-c130-497e-9a8d-ffb6e57dd8ac - - - - - -] Successfully bumped revision number for resource 8db38d70-eb9a-4af0-9d43-b38cad2f2977 (type: ports) to 4
2026-05-30 02:59:39.881 9 INFO neutron.db.l3_db [None req-5b5e7f8f-e78d-4a9a-ac08-610dc45395f1 f088553891da44929e6793cdc862c577 d4b15cbf8355498591d4e2bb7030157a - - default default] Floating IP d655950c-4e50-4e72-99f2-ccd5997b8666 associated. External IP: 10.96.250.210, port: 8bef3f4b-ed30-43df-babd-c9e4e171fa50.
2026-05-30 02:59:39.918 9 INFO neutron.wsgi [None req-a3af041f-9265-46ee-b1ce-9185a833ac0f 68aef08c915d44bcba39fd5d720f59ae 976b4abc6a54436bb8ac97a702ddbb0f - - default default] 10.0.0.78 "GET /v2.0/qos/policies?tags=red HTTP/1.1" status: 200 len: 1296 time: 0.2795174 /var/lib/openstack/lib/python3.10/site-packages/pycadf/identifier.py:71: UserWarning: Invalid uuid: neutron. To ensure interoperability, identifiers should be a valid uuid. warnings.warn(('Invalid uuid: %s. To ensure interoperability, '
2026-05-30 02:59:39.990 10 INFO neutron.wsgi [None req-45eb9a76-b1c3-4e63-8577-3ead4ceb8f12 68aef08c915d44bcba39fd5d720f59ae 976b4abc6a54436bb8ac97a702ddbb0f - - default default] 10.0.0.78 "GET /v2.0/qos/policies?tags=red%2Cblue HTTP/1.1" status: 200 len: 941 time: 0.0662203
2026-05-30 02:59:40.058 10 INFO neutron.wsgi [None req-0d8e2379-9d9d-4423-8648-447449e92ca2 68aef08c915d44bcba39fd5d720f59ae 976b4abc6a54436bb8ac97a702ddbb0f - - default default] 10.0.0.78 "GET /v2.0/qos/policies?tags-any=blue HTTP/1.1" status: 200 len: 941 time: 0.0596945
2026-05-30 02:59:40.176 10 INFO neutron.wsgi [None req-ca4d3bf2-9d84-42d3-af62-2166810edc08 68aef08c915d44bcba39fd5d720f59ae 976b4abc6a54436bb8ac97a702ddbb0f - - default default] 10.0.0.78 "GET /v2.0/qos/policies?tags-any=red%2Cblue HTTP/1.1" status: 200 len: 1296 time: 0.1112130 /var/lib/openstack/lib/python3.10/site-packages/pycadf/identifier.py:71: UserWarning: Invalid uuid: neutron. To ensure interoperability, identifiers should be a valid uuid. warnings.warn(('Invalid uuid: %s. To ensure interoperability, '
2026-05-30 02:59:40.199 9 INFO neutron.db.ovn_revision_numbers_db [None req-5b5e7f8f-e78d-4a9a-ac08-610dc45395f1 f088553891da44929e6793cdc862c577 d4b15cbf8355498591d4e2bb7030157a - - default default] Successfully bumped revision number for resource d655950c-4e50-4e72-99f2-ccd5997b8666 (type: floatingips) to 2
2026-05-30 02:59:40.263 10 INFO neutron.wsgi [None req-7bad2e25-4eee-4be0-8a3d-62773348b583 68aef08c915d44bcba39fd5d720f59ae 976b4abc6a54436bb8ac97a702ddbb0f - - default default] 10.0.0.78 "GET /v2.0/qos/policies?not-tags=red HTTP/1.1" status: 200 len: 913 time: 0.0800414
2026-05-30 02:59:40.347 10 INFO neutron.wsgi [None req-95a3bfa6-c42b-427e-989a-f7e32a386bdd 68aef08c915d44bcba39fd5d720f59ae 976b4abc6a54436bb8ac97a702ddbb0f - - default default] 10.0.0.78 "GET /v2.0/qos/policies?not-tags=red%2Cblue HTTP/1.1" status: 200 len: 1268 time: 0.0794888
2026-05-30 02:59:40.380 9 INFO neutron.wsgi [req-6a611366-6b4f-4d40-90b3-5309b708d4d3 req-f98181e0-cced-40b4-b71e-d3f2d274ae2e 8551b493eda34b1cb26d7970bb5e5fef e9054986cd784d1ab103afecc850d3ad - - default default] 10.0.0.31 "GET /v2.0/ports?device_id=b891ae04-cca7-4a45-8301-af57fdb22be1 HTTP/1.1" status: 200 len: 1400 time: 0.1561205
2026-05-30 02:59:40.422 9 INFO neutron.db.ovn_revision_numbers_db [None req-5b5e7f8f-e78d-4a9a-ac08-610dc45395f1 f088553891da44929e6793cdc862c577 d4b15cbf8355498591d4e2bb7030157a - - default default] Successfully bumped revision number for resource d655950c-4e50-4e72-99f2-ccd5997b8666 (type: floatingips) to 2
2026-05-30 02:59:40.445 10 INFO neutron.wsgi [None req-dae0c19f-021d-4b45-abf0-d174d280395a 68aef08c915d44bcba39fd5d720f59ae 976b4abc6a54436bb8ac97a702ddbb0f - - default default] 10.0.0.78 "GET /v2.0/qos/policies?not-tags-any=blue HTTP/1.1" status: 200 len: 1268 time: 0.0936077
2026-05-30 02:59:40.446 9 INFO neutron.wsgi [req-6a611366-6b4f-4d40-90b3-5309b708d4d3 req-c9b29088-dbd7-4d05-817f-d3856da9a703 8551b493eda34b1cb26d7970bb5e5fef e9054986cd784d1ab103afecc850d3ad - - default default] 10.0.0.31 "GET /v2.0/security-groups?id=546094ce-25c1-478d-81a4-8cc7c25b7aa9&fields=id&fields=name HTTP/1.1" status: 200 len: 310 time: 0.0571978
2026-05-30 02:59:40.490 9 INFO neutron.wsgi [None req-5b5e7f8f-e78d-4a9a-ac08-610dc45395f1 f088553891da44929e6793cdc862c577 d4b15cbf8355498591d4e2bb7030157a - - default default] 10.0.0.78 "PUT /v2.0/floatingips/d655950c-4e50-4e72-99f2-ccd5997b8666 HTTP/1.1" status: 200 len: 1038 time: 1.0139992
2026-05-30 02:59:40.530 9 INFO neutron.wsgi [None req-bba66c07-c45b-4123-a4c2-797ae2caa99e 68aef08c915d44bcba39fd5d720f59ae 976b4abc6a54436bb8ac97a702ddbb0f - - default default] 10.0.0.78 "GET /v2.0/qos/policies?not-tags-any=red%2Cblue HTTP/1.1" status: 200 len: 913 time: 0.0781441
2026-05-30 02:59:40.611 10 INFO neutron.wsgi [None req-d16559f1-85c5-4c61-97ae-ce17f36d0b46 8551b493eda34b1cb26d7970bb5e5fef e9054986cd784d1ab103afecc850d3ad - - default default] 10.0.0.78 "GET /v2.0/ports?network_id=aedabdc0-5c11-4a97-9de6-0c6707384a10&mac_address=fa%3A16%3A3e%3Abc%3A99%3Ade HTTP/1.1" status: 200 len: 1395 time: 0.1281812
2026-05-30 02:59:40.621 9 WARNING neutron_lib.context [None req-5730cd45-7607-4d02-8c7f-e4b11bdc0e81 8551b493eda34b1cb26d7970bb5e5fef e9054986cd784d1ab103afecc850d3ad - - default default] Method 'is_advsvc' is deprecated since 2023.2 release (neutron-lib 3.8.0) and will be removed once support for the old RBAC API policies will be removed from Neutron. Please use method 'is_service_role' instead.
2026-05-30 02:59:40.676 9 INFO neutron.db.l3_db [None req-684cb0d4-2563-4616-b760-4cda2ee55162 f088553891da44929e6793cdc862c577 d4b15cbf8355498591d4e2bb7030157a - - default default] Floating IP d655950c-4e50-4e72-99f2-ccd5997b8666 disassociated. External IP: 10.96.250.210, port: a7832f8b-70d7-483c-9d1d-8f66b7c5d5cb.
2026-05-30 02:59:40.719 9 INFO neutron.wsgi [None req-816b8219-7a35-45da-9997-13efbb9c6408 98939984a08f4c5dbee5913458da34af 67671fcfebdb43dea7f8d927daf57220 - - default default] 10.0.0.78 "DELETE /v2.0/qos/policies/c4a6a091-b2f4-469a-a8ce-5ce6024a6d29 HTTP/1.1" status: 204 len: 168 time: 0.1725829
2026-05-30 02:59:40.728 9 INFO neutron.db.ovn_revision_numbers_db [None req-684cb0d4-2563-4616-b760-4cda2ee55162 f088553891da44929e6793cdc862c577 d4b15cbf8355498591d4e2bb7030157a - - default default] Successfully bumped revision number for resource d655950c-4e50-4e72-99f2-ccd5997b8666 (type: floatingips) to 3 /var/lib/openstack/lib/python3.10/site-packages/pycadf/identifier.py:71: UserWarning: Invalid uuid: neutron. To ensure interoperability, identifiers should be a valid uuid. warnings.warn(('Invalid uuid: %s. To ensure interoperability, '
2026-05-30 02:59:40.801 10 INFO neutron.wsgi [None req-ce3aa559-c2bd-4e39-9063-bfa6617cb9d8 98939984a08f4c5dbee5913458da34af 67671fcfebdb43dea7f8d927daf57220 - - default default] 10.0.0.78 "DELETE /v2.0/qos/policies/b6f92089-be55-4531-9f69-69c1dbc793da HTTP/1.1" status: 204 len: 168 time: 0.0760469
2026-05-30 02:59:40.825 9 INFO neutron.wsgi [None req-684cb0d4-2563-4616-b760-4cda2ee55162 f088553891da44929e6793cdc862c577 d4b15cbf8355498591d4e2bb7030157a - - default default] 10.0.0.78 "PUT /v2.0/floatingips/d655950c-4e50-4e72-99f2-ccd5997b8666 HTTP/1.1" status: 200 len: 748 time: 0.3309093
2026-05-30 02:59:40.916 10 INFO neutron.wsgi [None req-febe18dd-b6c6-42db-9c3a-2c9fa09337c3 98939984a08f4c5dbee5913458da34af 67671fcfebdb43dea7f8d927daf57220 - - default default] 10.0.0.78 "DELETE /v2.0/qos/policies/1076c249-4fde-4dec-ada7-aaa02dcabeae HTTP/1.1" status: 204 len: 168 time: 0.1054649
2026-05-30 02:59:40.942 9 WARNING neutron.scheduler.dhcp_agent_scheduler [None req-5730cd45-7607-4d02-8c7f-e4b11bdc0e81 8551b493eda34b1cb26d7970bb5e5fef e9054986cd784d1ab103afecc850d3ad - - default default] No more DHCP agents
2026-05-30 02:59:40.943 9 WARNING neutron.api.rpc.agentnotifiers.dhcp_rpc_agent_api [None req-5730cd45-7607-4d02-8c7f-e4b11bdc0e81 8551b493eda34b1cb26d7970bb5e5fef e9054986cd784d1ab103afecc850d3ad - - default default] Unable to schedule network a943bc15-3938-4712-be78-3646dce8b1af: no agents available; will retry on subsequent port and subnet creation events.
2026-05-30 02:59:40.996 10 INFO neutron.wsgi [None req-1080219b-78f9-40e1-9cea-307e1fee16e8 98939984a08f4c5dbee5913458da34af 67671fcfebdb43dea7f8d927daf57220 - - default default] 10.0.0.78 "DELETE /v2.0/qos/policies/5bdd9032-e7c3-4268-bc0e-62f346418a5e HTTP/1.1" status: 204 len: 168 time: 0.0743632
2026-05-30 02:59:41.094 9 INFO neutron.wsgi [None req-774fca51-e416-40f9-8e2b-b05d461733f9 98939984a08f4c5dbee5913458da34af 67671fcfebdb43dea7f8d927daf57220 - - default default] 10.0.0.78 "DELETE /v2.0/qos/policies/1d1fb9c1-a715-4371-806d-0636728e25a6 HTTP/1.1" status: 204 len: 168 time: 0.0931246
2026-05-30 02:59:41.370 10 INFO neutron.wsgi [None req-0990a673-7396-4112-82f1-717a5a678ac9 f088553891da44929e6793cdc862c577 d4b15cbf8355498591d4e2bb7030157a - - default default] 10.0.0.78 "DELETE /v2.0/floatingips/d655950c-4e50-4e72-99f2-ccd5997b8666 HTTP/1.1" status: 204 len: 168 time: 0.5364530
2026-05-30 02:59:41.398 10 INFO neutron.api.v2.resource [None req-ac1e20fb-c8b0-44af-be58-7253fb9df269 f088553891da44929e6793cdc862c577 d4b15cbf8355498591d4e2bb7030157a - - default default] delete failed (client error): The resource could not be found.
2026-05-30 02:59:41.399 10 INFO neutron.wsgi [None req-ac1e20fb-c8b0-44af-be58-7253fb9df269 f088553891da44929e6793cdc862c577 d4b15cbf8355498591d4e2bb7030157a - - default default] 10.0.0.78 "DELETE /v2.0/floatingips/d655950c-4e50-4e72-99f2-ccd5997b8666 HTTP/1.1" status: 404 len: 345 time: 0.0235603
2026-05-30 02:59:41.469 10 INFO neutron.notifiers.nova [-] Nova event matching ['req-442cbef6-1b79-4d72-aaea-60d2e4bc241d'] response: {'server_uuid': 'b891ae04-cca7-4a45-8301-af57fdb22be1', 'name': 'network-vif-plugged', 'status': 'completed', 'tag': '8db38d70-eb9a-4af0-9d43-b38cad2f2977', 'code': 200}
2026-05-30 02:59:41.732 9 INFO neutron.db.ovn_revision_numbers_db [None req-6e93ed9b-8064-45ef-ad49-3f55d0806386 0aa8b3db02e844fea94f41a4e43dcbf5 68ad9cc310aa4c6db3ebe292785ea6b4 - - default default] Successfully bumped revision number for resource fca1cc1b-1b4f-434e-a326-dae1e2b9b962 (type: security_groups) to 1
2026-05-30 02:59:41.751 9 INFO neutron.db.ovn_revision_numbers_db [None req-6e93ed9b-8064-45ef-ad49-3f55d0806386 0aa8b3db02e844fea94f41a4e43dcbf5 68ad9cc310aa4c6db3ebe292785ea6b4 - - default default] Successfully bumped revision number for resource 37ffecc5-0689-45a3-bc92-eecf335c4bbe (type: security_group_rules) to 0
2026-05-30 02:59:41.776 10 INFO neutron.wsgi [None req-770119e2-7f4c-41e2-84c0-79690f3e56e2 f088553891da44929e6793cdc862c577 d4b15cbf8355498591d4e2bb7030157a - - default default] 10.0.0.78 "DELETE /v2.0/ports/a7832f8b-70d7-483c-9d1d-8f66b7c5d5cb HTTP/1.1" status: 204 len: 168 time: 0.3638868
2026-05-30 02:59:41.790 9 INFO neutron.db.ovn_revision_numbers_db [None req-6e93ed9b-8064-45ef-ad49-3f55d0806386 0aa8b3db02e844fea94f41a4e43dcbf5 68ad9cc310aa4c6db3ebe292785ea6b4 - - default default] Successfully bumped revision number for resource 6d8c4ba7-cae7-497b-aac6-a5aa1ca87d3b (type: security_group_rules) to 0
2026-05-30 02:59:41.824 9 INFO neutron.db.ovn_revision_numbers_db [None req-6e93ed9b-8064-45ef-ad49-3f55d0806386 0aa8b3db02e844fea94f41a4e43dcbf5 68ad9cc310aa4c6db3ebe292785ea6b4 - - default default] Successfully bumped revision number for resource 7269a32c-c8d6-4705-a3da-0e6d79dcc153 (type: security_group_rules) to 0
2026-05-30 02:59:41.834 9 INFO neutron.db.l3_db [None req-5730cd45-7607-4d02-8c7f-e4b11bdc0e81 8551b493eda34b1cb26d7970bb5e5fef e9054986cd784d1ab103afecc850d3ad - - default default] Floating IP 406eac8f-73c6-4ba4-96d4-d0b046dcbf94 associated. External IP: 10.96.250.202, port: 8db38d70-eb9a-4af0-9d43-b38cad2f2977.
2026-05-30 02:59:41.856 9 INFO neutron.db.ovn_revision_numbers_db [None req-6e93ed9b-8064-45ef-ad49-3f55d0806386 0aa8b3db02e844fea94f41a4e43dcbf5 68ad9cc310aa4c6db3ebe292785ea6b4 - - default default] Successfully bumped revision number for resource 8f90c212-1e5b-4303-8841-52b3b9f3f481 (type: security_group_rules) to 0
2026-05-30 02:59:41.884 9 INFO neutron.wsgi [None req-6e93ed9b-8064-45ef-ad49-3f55d0806386 0aa8b3db02e844fea94f41a4e43dcbf5 68ad9cc310aa4c6db3ebe292785ea6b4 - - default default] 10.0.0.78 "GET /v2.0/security-groups?tenant_id=8df702ef49654d818166da3c62ded3e7&name=default HTTP/1.1" status: 200 len: 2996 time: 0.6892617 /var/lib/openstack/lib/python3.10/site-packages/pycadf/identifier.py:71: UserWarning: Invalid uuid: neutron. To ensure interoperability, identifiers should be a valid uuid. warnings.warn(('Invalid uuid: %s. To ensure interoperability, '
2026-05-30 02:59:42.062 9 INFO neutron.db.ovn_revision_numbers_db [None req-5730cd45-7607-4d02-8c7f-e4b11bdc0e81 8551b493eda34b1cb26d7970bb5e5fef e9054986cd784d1ab103afecc850d3ad - - default default] Successfully bumped revision number for resource 406eac8f-73c6-4ba4-96d4-d0b046dcbf94 (type: floatingips) to 0
2026-05-30 02:59:42.188 9 INFO neutron.db.ovn_revision_numbers_db [None req-5730cd45-7607-4d02-8c7f-e4b11bdc0e81 8551b493eda34b1cb26d7970bb5e5fef e9054986cd784d1ab103afecc850d3ad - - default default] Successfully bumped revision number for resource 406eac8f-73c6-4ba4-96d4-d0b046dcbf94 (type: floatingips) to 1
2026-05-30 02:59:42.222 10 INFO neutron.wsgi [None req-fdc49074-8a2f-4a98-a9bb-36c3524ba958 f088553891da44929e6793cdc862c577 d4b15cbf8355498591d4e2bb7030157a - - default default] 10.0.0.78 "DELETE /v2.0/ports/8bef3f4b-ed30-43df-babd-c9e4e171fa50 HTTP/1.1" status: 204 len: 168 time: 0.4415677
2026-05-30 02:59:42.226 10 INFO neutron.db.ovn_revision_numbers_db [None req-2b12ad86-2b02-41c8-9837-d0d1d28b266e 0aa8b3db02e844fea94f41a4e43dcbf5 68ad9cc310aa4c6db3ebe292785ea6b4 - - default default] Successfully bumped revision number for resource 1c149bfb-decd-4383-bece-4bdf21646e1d (type: security_groups) to 1
2026-05-30 02:59:42.239 9 INFO neutron.wsgi [None req-5730cd45-7607-4d02-8c7f-e4b11bdc0e81 8551b493eda34b1cb26d7970bb5e5fef e9054986cd784d1ab103afecc850d3ad - - default default] 10.0.0.78 "POST /v2.0/floatingips HTTP/1.1" status: 201 len: 1054 time: 1.6227098
2026-05-30 02:59:42.254 10 INFO neutron.db.ovn_revision_numbers_db [None req-2b12ad86-2b02-41c8-9837-d0d1d28b266e 0aa8b3db02e844fea94f41a4e43dcbf5 68ad9cc310aa4c6db3ebe292785ea6b4 - - default default] Successfully bumped revision number for resource 04627fd3-d4c8-43b5-8d68-f19a2721fc2f (type: security_group_rules) to 0
