2026-05-30 02:59:49.449 10 WARNING neutron_lib.context [None req-0dd8d7ee-339b-4d34-9eb3-07f0300e02d8 73bef11ab1f64130ae59815473339d90 90a11e3fa2e54af6aa694d380f43e13c - - default default] Method 'is_advsvc' is deprecated since 2023.2 release (neutron-lib 3.8.0) and will be removed once support for the old RBAC API policies will be removed from Neutron. Please use method 'is_service_role' instead.
2026-05-30 02:59:49.543 10 INFO neutron.wsgi [req-7d7d8071-d5ef-4a8c-9e7d-afa9263ff6c1 req-22d3618b-4235-4b38-8af2-e5b3add18072 e4846b997c244ad39ba985ef728c18b0 554117ef52094691863c2f76bcc47aea - - 086c14915e1744adb37f7df17ca4858a 086c14915e1744adb37f7df17ca4858a] 10.0.0.220 "GET /v2.0/ports?device_id=b891ae04-cca7-4a45-8301-af57fdb22be1 HTTP/1.1" status: 200 len: 1638 time: 0.0703213
2026-05-30 02:59:49.616 10 INFO neutron.db.ovn_revision_numbers_db [None req-bff70181-ebe1-4e46-8e85-0424e7891028 b99bebd17e484459b5e1814e054bf04a 60a14f61221746b09720aae24f018af1 - - default default] Successfully bumped revision number for resource f04ddebe-b56c-4c22-a33b-188909c9e341 (type: ports) to 1
2026-05-30 02:59:49.639 10 INFO neutron.wsgi [req-7d7d8071-d5ef-4a8c-9e7d-afa9263ff6c1 req-c8d52dab-4e03-4c35-bcbc-55400402df48 e4846b997c244ad39ba985ef728c18b0 554117ef52094691863c2f76bcc47aea - - 086c14915e1744adb37f7df17ca4858a 086c14915e1744adb37f7df17ca4858a] 10.0.0.220 "GET /v2.0/security-groups?id=546094ce-25c1-478d-81a4-8cc7c25b7aa9&fields=id&fields=name HTTP/1.1" status: 200 len: 310 time: 0.0847397
2026-05-30 02:59:49.716 10 INFO neutron.wsgi [None req-bff70181-ebe1-4e46-8e85-0424e7891028 b99bebd17e484459b5e1814e054bf04a 60a14f61221746b09720aae24f018af1 - - default default] 10.0.0.78 "POST /v2.0/networks HTTP/1.1" status: 201 len: 833 time: 1.1619143
2026-05-30 02:59:49.725 9 WARNING neutron_lib.context [None req-72d02fc6-8b58-4c31-896b-fa41b06ddd74 b99bebd17e484459b5e1814e054bf04a 60a14f61221746b09720aae24f018af1 - - default default] Method 'is_advsvc' is deprecated since 2023.2 release (neutron-lib 3.8.0) and will be removed once support for the old RBAC API policies will be removed from Neutron. Please use method 'is_service_role' instead.
2026-05-30 02:59:49.755 10 INFO neutron.db.ovn_revision_numbers_db [None req-718c487b-6db8-4825-bd16-b0b2c650d44a 8551b493eda34b1cb26d7970bb5e5fef e9054986cd784d1ab103afecc850d3ad - - default default] Successfully bumped revision number for resource 49b8721c-b44b-46d0-bd3f-f6b5f168855d (type: floatingips) to 0
2026-05-30 02:59:49.771 10 INFO neutron.db.ovn_revision_numbers_db [None req-0dd8d7ee-339b-4d34-9eb3-07f0300e02d8 73bef11ab1f64130ae59815473339d90 90a11e3fa2e54af6aa694d380f43e13c - - default default] Successfully bumped revision number for resource a17ba487-f923-4a4f-a70f-744408cebbec (type: security_groups) to 1
2026-05-30 02:59:49.790 10 INFO neutron.db.ovn_revision_numbers_db [None req-0dd8d7ee-339b-4d34-9eb3-07f0300e02d8 73bef11ab1f64130ae59815473339d90 90a11e3fa2e54af6aa694d380f43e13c - - default default] Successfully bumped revision number for resource d0e629db-4329-4c5b-a9ca-6a52c70f7f36 (type: security_group_rules) to 0
2026-05-30 02:59:49.805 9 INFO neutron.db.segments_db [None req-72d02fc6-8b58-4c31-896b-fa41b06ddd74 b99bebd17e484459b5e1814e054bf04a 60a14f61221746b09720aae24f018af1 - - default default] Added segment fac230d6-118e-4ea6-8355-e24c825d995c of type geneve for network 3dad3774-fefa-46da-b9e1-289c5a0b642b
2026-05-30 02:59:49.816 10 INFO neutron.db.ovn_revision_numbers_db [None req-0dd8d7ee-339b-4d34-9eb3-07f0300e02d8 73bef11ab1f64130ae59815473339d90 90a11e3fa2e54af6aa694d380f43e13c - - default default] Successfully bumped revision number for resource f1424405-6597-4fa2-ac63-c75bccb3bc22 (type: security_group_rules) to 0
2026-05-30 02:59:49.839 10 INFO neutron.wsgi [None req-0dd8d7ee-339b-4d34-9eb3-07f0300e02d8 73bef11ab1f64130ae59815473339d90 90a11e3fa2e54af6aa694d380f43e13c - - default default] 10.0.0.78 "POST /v2.0/security-groups HTTP/1.1" status: 201 len: 1737 time: 0.3942831 /var/lib/openstack/lib/python3.10/site-packages/pycadf/identifier.py:71: UserWarning: Invalid uuid: neutron. To ensure interoperability, identifiers should be a valid uuid. warnings.warn(('Invalid uuid: %s. To ensure interoperability, '
2026-05-30 02:59:49.854 10 WARNING neutron_lib.context [None req-ae9e7a18-bed4-4215-9c91-39f8c64abcec 73bef11ab1f64130ae59815473339d90 90a11e3fa2e54af6aa694d380f43e13c - - default default] Method 'is_advsvc' is deprecated since 2023.2 release (neutron-lib 3.8.0) and will be removed once support for the old RBAC API policies will be removed from Neutron. Please use method 'is_service_role' instead.
2026-05-30 02:59:49.940 10 INFO neutron.db.ovn_revision_numbers_db [None req-718c487b-6db8-4825-bd16-b0b2c650d44a 8551b493eda34b1cb26d7970bb5e5fef e9054986cd784d1ab103afecc850d3ad - - default default] Successfully bumped revision number for resource 49b8721c-b44b-46d0-bd3f-f6b5f168855d (type: floatingips) to 1
2026-05-30 02:59:49.960 9 INFO neutron.db.ovn_revision_numbers_db [None req-72d02fc6-8b58-4c31-896b-fa41b06ddd74 b99bebd17e484459b5e1814e054bf04a 60a14f61221746b09720aae24f018af1 - - default default] Successfully bumped revision number for resource 3dad3774-fefa-46da-b9e1-289c5a0b642b (type: networks) to 1
2026-05-30 02:59:49.997 10 INFO neutron.wsgi [None req-718c487b-6db8-4825-bd16-b0b2c650d44a 8551b493eda34b1cb26d7970bb5e5fef e9054986cd784d1ab103afecc850d3ad - - default default] 10.0.0.78 "POST /v2.0/floatingips HTTP/1.1" status: 201 len: 1054 time: 1.4515359
2026-05-30 02:59:50.018 10 INFO neutron.db.ovn_revision_numbers_db [None req-ae9e7a18-bed4-4215-9c91-39f8c64abcec 73bef11ab1f64130ae59815473339d90 90a11e3fa2e54af6aa694d380f43e13c - - default default] Successfully bumped revision number for resource 62285638-701c-4721-a28d-6b8dbd558712 (type: security_groups) to 1
2026-05-30 02:59:50.032 10 INFO neutron.db.ovn_revision_numbers_db [None req-ae9e7a18-bed4-4215-9c91-39f8c64abcec 73bef11ab1f64130ae59815473339d90 90a11e3fa2e54af6aa694d380f43e13c - - default default] Successfully bumped revision number for resource 50db39d2-02c8-4c48-8b6e-18c2b83fca8a (type: security_group_rules) to 0
2026-05-30 02:59:50.047 10 INFO neutron.db.ovn_revision_numbers_db [None req-ae9e7a18-bed4-4215-9c91-39f8c64abcec 73bef11ab1f64130ae59815473339d90 90a11e3fa2e54af6aa694d380f43e13c - - default default] Successfully bumped revision number for resource aacb8fe7-54ef-4e00-8401-4428314fe1d1 (type: security_group_rules) to 0
2026-05-30 02:59:50.070 10 INFO neutron.wsgi [None req-ae9e7a18-bed4-4215-9c91-39f8c64abcec 73bef11ab1f64130ae59815473339d90 90a11e3fa2e54af6aa694d380f43e13c - - default default] 10.0.0.78 "POST /v2.0/security-groups HTTP/1.1" status: 201 len: 1737 time: 0.2252271
2026-05-30 02:59:50.104 9 WARNING neutron.scheduler.dhcp_agent_scheduler [None req-72d02fc6-8b58-4c31-896b-fa41b06ddd74 b99bebd17e484459b5e1814e054bf04a 60a14f61221746b09720aae24f018af1 - - default default] No more DHCP agents
2026-05-30 02:59:50.106 9 WARNING neutron.api.rpc.agentnotifiers.dhcp_rpc_agent_api [None req-72d02fc6-8b58-4c31-896b-fa41b06ddd74 b99bebd17e484459b5e1814e054bf04a 60a14f61221746b09720aae24f018af1 - - default default] Unable to schedule network 3dad3774-fefa-46da-b9e1-289c5a0b642b: no agents available; will retry on subsequent port and subnet creation events.
2026-05-30 02:59:50.107 10 INFO neutron.wsgi [None req-bcdb4f2c-debe-4464-a1a4-95b59e7e3f83 73bef11ab1f64130ae59815473339d90 90a11e3fa2e54af6aa694d380f43e13c - - default default] 10.0.0.78 "PUT /v2.0/security-groups/2c3cdc22-a1e6-404f-97bf-f92f43af4e96/tags HTTP/1.1" status: 200 len: 210 time: 0.0316310
2026-05-30 02:59:50.145 10 INFO neutron.wsgi [None req-c6b654c3-228c-4d29-a354-0c76121c4bbf 73bef11ab1f64130ae59815473339d90 90a11e3fa2e54af6aa694d380f43e13c - - default default] 10.0.0.78 "PUT /v2.0/security-groups/5e61b61d-2492-468a-b399-b89d5acd1df3/tags HTTP/1.1" status: 200 len: 218 time: 0.0332458
2026-05-30 02:59:50.181 9 INFO neutron.db.ovn_revision_numbers_db [None req-72d02fc6-8b58-4c31-896b-fa41b06ddd74 b99bebd17e484459b5e1814e054bf04a 60a14f61221746b09720aae24f018af1 - - default default] Successfully bumped revision number for resource 9e474405-5085-4a2b-821a-bc95c2ef535e (type: ports) to 1
2026-05-30 02:59:50.198 10 INFO neutron.wsgi [None req-814114c1-2cf8-4d83-92af-314ca2820752 73bef11ab1f64130ae59815473339d90 90a11e3fa2e54af6aa694d380f43e13c - - default default] 10.0.0.78 "PUT /v2.0/security-groups/3523cf9a-4771-4687-a98d-9e90647f148a/tags HTTP/1.1" status: 200 len: 227 time: 0.0481572
2026-05-30 02:59:50.200 9 INFO neutron.wsgi [None req-72d02fc6-8b58-4c31-896b-fa41b06ddd74 b99bebd17e484459b5e1814e054bf04a 60a14f61221746b09720aae24f018af1 - - default default] 10.0.0.78 "POST /v2.0/networks HTTP/1.1" status: 201 len: 833 time: 0.4803154
2026-05-30 02:59:50.212 9 WARNING neutron_lib.context [None req-46899e21-db9c-461d-90e0-598c8fdd44e7 b99bebd17e484459b5e1814e054bf04a 60a14f61221746b09720aae24f018af1 - - default default] Method 'is_advsvc' is deprecated since 2023.2 release (neutron-lib 3.8.0) and will be removed once support for the old RBAC API policies will be removed from Neutron. Please use method 'is_service_role' instead.
2026-05-30 02:59:50.293 9 INFO neutron.wsgi [None req-5b65b1a7-43e1-415a-94b0-1cc26553682b 73bef11ab1f64130ae59815473339d90 90a11e3fa2e54af6aa694d380f43e13c - - default default] 10.0.0.78 "PUT /v2.0/security-groups/a17ba487-f923-4a4f-a70f-744408cebbec/tags HTTP/1.1" status: 200 len: 212 time: 0.0868096
2026-05-30 02:59:50.344 10 INFO neutron.wsgi [None req-405c6a6d-fecb-4188-94b0-81cc9303afa7 73bef11ab1f64130ae59815473339d90 90a11e3fa2e54af6aa694d380f43e13c - - default default] 10.0.0.78 "GET /v2.0/security-groups?tags=red HTTP/1.1" status: 200 len: 4813 time: 0.0465465
2026-05-30 02:59:50.391 10 INFO neutron.wsgi [None req-5208cc4e-d65f-428c-a6fc-b4f4a5e01e34 73bef11ab1f64130ae59815473339d90 90a11e3fa2e54af6aa694d380f43e13c - - default default] 10.0.0.78 "GET /v2.0/security-groups?tags=red%2Cblue HTTP/1.1" status: 200 len: 3289 time: 0.0423205
2026-05-30 02:59:50.440 10 INFO neutron.wsgi [None req-9b6b9cb9-8c74-41b7-b168-53f0920ecfbe 73bef11ab1f64130ae59815473339d90 90a11e3fa2e54af6aa694d380f43e13c - - default default] 10.0.0.78 "GET /v2.0/security-groups?tags-any=blue HTTP/1.1" status: 200 len: 3289 time: 0.0415018
2026-05-30 02:59:50.494 9 WARNING neutron.scheduler.dhcp_agent_scheduler [None req-46899e21-db9c-461d-90e0-598c8fdd44e7 b99bebd17e484459b5e1814e054bf04a 60a14f61221746b09720aae24f018af1 - - default default] No more DHCP agents
2026-05-30 02:59:50.496 9 WARNING neutron.api.rpc.agentnotifiers.dhcp_rpc_agent_api [None req-46899e21-db9c-461d-90e0-598c8fdd44e7 b99bebd17e484459b5e1814e054bf04a 60a14f61221746b09720aae24f018af1 - - default default] Unable to schedule network 6c31edc4-e63f-4c88-9c2a-3ae743a08cd1: no agents available; will retry on subsequent port and subnet creation events.
2026-05-30 02:59:50.546 9 INFO neutron.db.ovn_revision_numbers_db [None req-46899e21-db9c-461d-90e0-598c8fdd44e7 b99bebd17e484459b5e1814e054bf04a 60a14f61221746b09720aae24f018af1 - - default default] Successfully bumped revision number for resource db7384f8-294f-46ac-926d-df2835328a79 (type: subnets) to 0
2026-05-30 02:59:50.564 9 INFO neutron.wsgi [None req-46899e21-db9c-461d-90e0-598c8fdd44e7 b99bebd17e484459b5e1814e054bf04a 60a14f61221746b09720aae24f018af1 - - default default] 10.0.0.78 "POST /v2.0/subnets HTTP/1.1" status: 201 len: 821 time: 0.3570802
2026-05-30 02:59:50.573 9 WARNING neutron_lib.context [None req-18f7ac3a-3a5a-419e-aaa9-aeaa3e2a69c2 b99bebd17e484459b5e1814e054bf04a 60a14f61221746b09720aae24f018af1 - - default default] Method 'is_advsvc' is deprecated since 2023.2 release (neutron-lib 3.8.0) and will be removed once support for the old RBAC API policies will be removed from Neutron. Please use method 'is_service_role' instead.
2026-05-30 02:59:50.804 9 WARNING neutron.scheduler.dhcp_agent_scheduler [None req-18f7ac3a-3a5a-419e-aaa9-aeaa3e2a69c2 b99bebd17e484459b5e1814e054bf04a 60a14f61221746b09720aae24f018af1 - - default default] No more DHCP agents
2026-05-30 02:59:50.806 9 WARNING neutron.api.rpc.agentnotifiers.dhcp_rpc_agent_api [None req-18f7ac3a-3a5a-419e-aaa9-aeaa3e2a69c2 b99bebd17e484459b5e1814e054bf04a 60a14f61221746b09720aae24f018af1 - - default default] Unable to schedule network 3dad3774-fefa-46da-b9e1-289c5a0b642b: no agents available; will retry on subsequent port and subnet creation events.
2026-05-30 02:59:50.836 9 INFO neutron.db.ovn_revision_numbers_db [None req-18f7ac3a-3a5a-419e-aaa9-aeaa3e2a69c2 b99bebd17e484459b5e1814e054bf04a 60a14f61221746b09720aae24f018af1 - - default default] Successfully bumped revision number for resource ac83c558-746d-45ac-8eba-137057a4c59a (type: subnets) to 0
2026-05-30 02:59:50.855 9 INFO neutron.wsgi [None req-18f7ac3a-3a5a-419e-aaa9-aeaa3e2a69c2 b99bebd17e484459b5e1814e054bf04a 60a14f61221746b09720aae24f018af1 - - default default] 10.0.0.78 "POST /v2.0/subnets HTTP/1.1" status: 201 len: 830 time: 0.2863572
2026-05-30 02:59:50.863 10 INFO neutron.wsgi [None req-c51f930f-442c-4bb8-add6-26d9ffcae056 73bef11ab1f64130ae59815473339d90 90a11e3fa2e54af6aa694d380f43e13c - - default default] 10.0.0.78 "GET /v2.0/security-groups?tags-any=red%2Cblue HTTP/1.1" status: 200 len: 4813 time: 0.4154942
2026-05-30 02:59:50.864 9 WARNING neutron_lib.context [None req-8b3ea740-35cc-4e2f-8ff0-b8f64cf1da8e b99bebd17e484459b5e1814e054bf04a 60a14f61221746b09720aae24f018af1 - - default default] Method 'is_advsvc' is deprecated since 2023.2 release (neutron-lib 3.8.0) and will be removed once support for the old RBAC API policies will be removed from Neutron. Please use method 'is_service_role' instead.
2026-05-30 02:59:50.879 10 INFO neutron.notifiers.nova [-] Nova event matching ['req-4f0ba152-5693-42c4-8b04-5fdb39de3d96'] response: {'name': 'network-changed', 'server_uuid': 'd2d90a84-fee8-4bc4-a67f-876cae647684', 'tag': 'b3a84d54-8c6d-4b24-bdbb-1eb6e51d68f6', 'status': 'completed', 'code': 200}
2026-05-30 02:59:50.931 10 INFO neutron.wsgi [None req-8c1b1539-eb8c-4917-961c-521a45670bbe 73bef11ab1f64130ae59815473339d90 90a11e3fa2e54af6aa694d380f43e13c - - default default] 10.0.0.78 "GET /v2.0/security-groups?not-tags=red HTTP/1.1" status: 200 len: 6041 time: 0.0645692
2026-05-30 02:59:50.955 9 INFO neutron.wsgi [req-53dd9f00-5646-4236-9a8a-834c32ca9158 req-dba9353b-941c-4c21-a98e-8fe9a81d4615 e4846b997c244ad39ba985ef728c18b0 554117ef52094691863c2f76bcc47aea - - 086c14915e1744adb37f7df17ca4858a 086c14915e1744adb37f7df17ca4858a] 199.204.45.65 "GET /v2.0/ports?tenant_id=e9054986cd784d1ab103afecc850d3ad&device_id=d2d90a84-fee8-4bc4-a67f-876cae647684 HTTP/1.1" status: 200 len: 1642 time: 0.0526743
2026-05-30 02:59:51.017 10 INFO neutron.wsgi [None req-9cb9cec5-4383-4011-a310-b5f4c6a96946 73bef11ab1f64130ae59815473339d90 90a11e3fa2e54af6aa694d380f43e13c - - default default] 10.0.0.78 "GET /v2.0/security-groups?not-tags=red%2Cblue HTTP/1.1" status: 200 len: 7565 time: 0.0808301
2026-05-30 02:59:51.060 9 INFO neutron.db.ovn_revision_numbers_db [None req-8b3ea740-35cc-4e2f-8ff0-b8f64cf1da8e b99bebd17e484459b5e1814e054bf04a 60a14f61221746b09720aae24f018af1 - - default default] Successfully bumped revision number for resource 29d3ae81-bf31-4061-92ad-04fb4ff0a184 (type: routers) to 1
2026-05-30 02:59:51.065 9 INFO neutron.wsgi [req-53dd9f00-5646-4236-9a8a-834c32ca9158 req-af052f5f-08ef-444b-90fb-95eb0797de8d e4846b997c244ad39ba985ef728c18b0 554117ef52094691863c2f76bcc47aea - - 086c14915e1744adb37f7df17ca4858a 086c14915e1744adb37f7df17ca4858a] 199.204.45.65 "GET /v2.0/networks?id=0343cbd8-060a-4624-a9ad-ec198c0f44e0 HTTP/1.1" status: 200 len: 1002 time: 0.0948391
2026-05-30 02:59:51.077 10 INFO neutron.wsgi [None req-72412e27-a280-4181-b3d4-c6700ac3a88e 73bef11ab1f64130ae59815473339d90 90a11e3fa2e54af6aa694d380f43e13c - - default default] 10.0.0.78 "GET /v2.0/security-groups?not-tags-any=blue HTTP/1.1" status: 200 len: 7565 time: 0.0505164
2026-05-30 02:59:51.093 9 INFO neutron.wsgi [None req-8b3ea740-35cc-4e2f-8ff0-b8f64cf1da8e b99bebd17e484459b5e1814e054bf04a 60a14f61221746b09720aae24f018af1 - - default default] 10.0.0.78 "POST /v2.0/routers HTTP/1.1" status: 201 len: 691 time: 0.2341650
2026-05-30 02:59:51.112 9 INFO neutron.wsgi [req-53dd9f00-5646-4236-9a8a-834c32ca9158 req-12bf48f3-6f2e-462e-9631-0608ded1713e e4846b997c244ad39ba985ef728c18b0 554117ef52094691863c2f76bcc47aea - - 086c14915e1744adb37f7df17ca4858a 086c14915e1744adb37f7df17ca4858a] 199.204.45.65 "GET /v2.0/floatingips?fixed_ip_address=10.2.2.113&port_id=b3a84d54-8c6d-4b24-bdbb-1eb6e51d68f6 HTTP/1.1" status: 200 len: 1059 time: 0.0409431
2026-05-30 02:59:51.147 9 INFO neutron.wsgi [req-53dd9f00-5646-4236-9a8a-834c32ca9158 req-573cb995-fbf6-450b-aea2-9824ee9fcb65 e4846b997c244ad39ba985ef728c18b0 554117ef52094691863c2f76bcc47aea - - 086c14915e1744adb37f7df17ca4858a 086c14915e1744adb37f7df17ca4858a] 199.204.45.65 "GET /v2.0/floatingips?fixed_ip_address=fd77%3A1457%3A4cf0%3A26a8%3A%3A19a&port_id=b3a84d54-8c6d-4b24-bdbb-1eb6e51d68f6 HTTP/1.1" status: 200 len: 217 time: 0.0276697
2026-05-30 02:59:51.158 10 INFO neutron.wsgi [None req-6863d241-e505-47ef-b5b0-9667eb297eaa 73bef11ab1f64130ae59815473339d90 90a11e3fa2e54af6aa694d380f43e13c - - default default] 10.0.0.78 "GET /v2.0/security-groups?not-tags-any=red%2Cblue HTTP/1.1" status: 200 len: 6041 time: 0.0765831
2026-05-30 02:59:51.200 9 INFO neutron.wsgi [req-53dd9f00-5646-4236-9a8a-834c32ca9158 req-c5739208-f976-4a8a-9f6f-a1b1a426de1e e4846b997c244ad39ba985ef728c18b0 554117ef52094691863c2f76bcc47aea - - 086c14915e1744adb37f7df17ca4858a 086c14915e1744adb37f7df17ca4858a] 199.204.45.65 "GET /v2.0/subnets?id=c66468f6-c76d-467c-9a5f-64fa4b434283&id=cee1990e-cc6a-42ea-b8b0-5e0730c6865c HTTP/1.1" status: 200 len: 1567 time: 0.0455005
2026-05-30 02:59:51.551 10 WARNING neutron.scheduler.dhcp_agent_scheduler [None req-ad6d6001-b97c-4d58-9c5f-3655cc8f5535 b99bebd17e484459b5e1814e054bf04a 60a14f61221746b09720aae24f018af1 - - default default] No more DHCP agents
2026-05-30 02:59:51.553 10 WARNING neutron.api.rpc.agentnotifiers.dhcp_rpc_agent_api [None req-ad6d6001-b97c-4d58-9c5f-3655cc8f5535 b99bebd17e484459b5e1814e054bf04a 60a14f61221746b09720aae24f018af1 - - default default] Unable to schedule network 6c31edc4-e63f-4c88-9c2a-3ae743a08cd1: no agents available; will retry on subsequent port and subnet creation events.
2026-05-30 02:59:51.667 10 INFO neutron.db.ovn_revision_numbers_db [None req-ad6d6001-b97c-4d58-9c5f-3655cc8f5535 b99bebd17e484459b5e1814e054bf04a 60a14f61221746b09720aae24f018af1 - - default default] Successfully bumped revision number for resource 1dc76218-ef8c-4804-9b94-6c19451d25ae (type: ports) to 1
2026-05-30 02:59:51.673 9 INFO neutron.wsgi [req-53dd9f00-5646-4236-9a8a-834c32ca9158 req-7299b986-e76a-42a5-97a6-e213271f3d5c e4846b997c244ad39ba985ef728c18b0 554117ef52094691863c2f76bcc47aea - - 086c14915e1744adb37f7df17ca4858a 086c14915e1744adb37f7df17ca4858a] 199.204.45.65 "GET /v2.0/ports?network_id=0343cbd8-060a-4624-a9ad-ec198c0f44e0&device_owner=network%3Adhcp HTTP/1.1" status: 200 len: 210 time: 0.4667661
2026-05-30 02:59:51.703 9 INFO neutron.wsgi [req-53dd9f00-5646-4236-9a8a-834c32ca9158 req-dd357ff0-e132-4eb1-858c-1b22f549bfa0 e4846b997c244ad39ba985ef728c18b0 554117ef52094691863c2f76bcc47aea - - 086c14915e1744adb37f7df17ca4858a 086c14915e1744adb37f7df17ca4858a] 199.204.45.65 "GET /v2.0/ports?network_id=0343cbd8-060a-4624-a9ad-ec198c0f44e0&device_owner=network%3Adhcp HTTP/1.1" status: 200 len: 210 time: 0.0211089
2026-05-30 02:59:51.779 9 INFO neutron.wsgi [req-53dd9f00-5646-4236-9a8a-834c32ca9158 req-fa0e4527-429b-4ba7-ace9-cf464b90845c e4846b997c244ad39ba985ef728c18b0 554117ef52094691863c2f76bcc47aea - - 086c14915e1744adb37f7df17ca4858a 086c14915e1744adb37f7df17ca4858a] 199.204.45.65 "GET /v2.0/networks/0343cbd8-060a-4624-a9ad-ec198c0f44e0?fields=segments HTTP/1.1" status: 200 len: 212 time: 0.0676799
2026-05-30 02:59:51.801 9 INFO neutron.wsgi [None req-7785df8a-6180-491f-9146-a95f2f1e2f95 73bef11ab1f64130ae59815473339d90 90a11e3fa2e54af6aa694d380f43e13c - - default default] 10.0.0.78 "DELETE /v2.0/security-groups/2c3cdc22-a1e6-404f-97bf-f92f43af4e96 HTTP/1.1" status: 204 len: 168 time: 0.6357455
2026-05-30 02:59:51.849 9 INFO neutron.wsgi [req-53dd9f00-5646-4236-9a8a-834c32ca9158 req-a2908312-f02c-42b4-a741-150479de831b e4846b997c244ad39ba985ef728c18b0 554117ef52094691863c2f76bcc47aea - - 086c14915e1744adb37f7df17ca4858a 086c14915e1744adb37f7df17ca4858a] 199.204.45.65 "GET /v2.0/networks/0343cbd8-060a-4624-a9ad-ec198c0f44e0?fields=provider%3Aphysical_network&fields=provider%3Anetwork_type HTTP/1.1" status: 200 len: 277 time: 0.0619686
2026-05-30 02:59:51.976 10 INFO neutron.wsgi [None req-ed06f836-94f1-4266-9a82-b08d142b5866 73bef11ab1f64130ae59815473339d90 90a11e3fa2e54af6aa694d380f43e13c - - default default] 10.0.0.78 "DELETE /v2.0/security-groups/5e61b61d-2492-468a-b399-b89d5acd1df3 HTTP/1.1" status: 204 len: 168 time: 0.1686978
2026-05-30 02:59:52.041 10 INFO neutron.plugins.ml2.drivers.ovn.mech_driver.mech_driver [None req-6c3f93a1-c130-497e-9a8d-ffb6e57dd8ac - - - - - -] OVN reports status up for port: 1dc76218-ef8c-4804-9b94-6c19451d25ae
2026-05-30 02:59:52.049 10 INFO neutron.plugins.ml2.plugin [None req-6c3f93a1-c130-497e-9a8d-ffb6e57dd8ac - - - - - -] Attempt 1 to provision port 1dc76218-ef8c-4804-9b94-6c19451d25ae
2026-05-30 02:59:52.069 10 INFO neutron.db.ovn_revision_numbers_db [None req-ad6d6001-b97c-4d58-9c5f-3655cc8f5535 b99bebd17e484459b5e1814e054bf04a 60a14f61221746b09720aae24f018af1 - - default default] Successfully bumped revision number for resource 1dc76218-ef8c-4804-9b94-6c19451d25ae (type: router_ports) to 1
2026-05-30 02:59:52.104 9 INFO neutron.wsgi [None req-db95d0a6-4d22-4eee-80bf-17ab72953d5b 73bef11ab1f64130ae59815473339d90 90a11e3fa2e54af6aa694d380f43e13c - - default default] 10.0.0.78 "DELETE /v2.0/security-groups/3523cf9a-4771-4687-a98d-9e90647f148a HTTP/1.1" status: 204 len: 168 time: 0.1222031
2026-05-30 02:59:52.123 10 INFO neutron.wsgi [-] 10.0.0.42 "GET / HTTP/1.1" status: 200 len: 247 time: 0.0014234
2026-05-30 02:59:52.124 10 INFO neutron.wsgi [-] 10.0.0.42 "GET / HTTP/1.1" status: 200 len: 247 time: 0.0009770
2026-05-30 02:59:52.210 9 INFO neutron.wsgi [None req-2430929e-28cf-492b-b528-d27f6829eef1 73bef11ab1f64130ae59815473339d90 90a11e3fa2e54af6aa694d380f43e13c - - default default] 10.0.0.78 "DELETE /v2.0/security-groups/a17ba487-f923-4a4f-a70f-744408cebbec HTTP/1.1" status: 204 len: 168 time: 0.1017954
2026-05-30 02:59:52.225 10 INFO neutron.db.ovn_revision_numbers_db [None req-ad6d6001-b97c-4d58-9c5f-3655cc8f5535 b99bebd17e484459b5e1814e054bf04a 60a14f61221746b09720aae24f018af1 - - default default] Successfully bumped revision number for resource 1dc76218-ef8c-4804-9b94-6c19451d25ae (type: ports) to 1
2026-05-30 02:59:52.318 10 WARNING neutron.scheduler.dhcp_agent_scheduler [None req-ad6d6001-b97c-4d58-9c5f-3655cc8f5535 b99bebd17e484459b5e1814e054bf04a 60a14f61221746b09720aae24f018af1 - - default default] No more DHCP agents
2026-05-30 02:59:52.320 10 WARNING neutron.api.rpc.agentnotifiers.dhcp_rpc_agent_api [None req-ad6d6001-b97c-4d58-9c5f-3655cc8f5535 b99bebd17e484459b5e1814e054bf04a 60a14f61221746b09720aae24f018af1 - - default default] Unable to schedule network 6c31edc4-e63f-4c88-9c2a-3ae743a08cd1: no agents available; will retry on subsequent port and subnet creation events.
2026-05-30 02:59:52.322 9 INFO neutron.wsgi [None req-5f9dcdb5-2580-4804-8277-b78fb994305a 73bef11ab1f64130ae59815473339d90 90a11e3fa2e54af6aa694d380f43e13c - - default default] 10.0.0.78 "DELETE /v2.0/security-groups/62285638-701c-4721-a28d-6b8dbd558712 HTTP/1.1" status: 204 len: 168 time: 0.1061912
2026-05-30 02:59:52.433 10 INFO neutron.db.ovn_revision_numbers_db [None req-6c3f93a1-c130-497e-9a8d-ffb6e57dd8ac - - - - - -] Successfully bumped revision number for resource 1dc76218-ef8c-4804-9b94-6c19451d25ae (type: ports) to 2
2026-05-30 02:59:52.513 10 INFO neutron.db.ovn_revision_numbers_db [None req-ad6d6001-b97c-4d58-9c5f-3655cc8f5535 b99bebd17e484459b5e1814e054bf04a 60a14f61221746b09720aae24f018af1 - - default default] Successfully bumped revision number for resource 1dc76218-ef8c-4804-9b94-6c19451d25ae (type: router_ports) to 2
2026-05-30 02:59:52.515 10 INFO neutron.wsgi [None req-ad6d6001-b97c-4d58-9c5f-3655cc8f5535 b99bebd17e484459b5e1814e054bf04a 60a14f61221746b09720aae24f018af1 - - default default] 10.0.0.78 "PUT /v2.0/routers/29d3ae81-bf31-4061-92ad-04fb4ff0a184/add_router_interface HTTP/1.1" status: 200 len: 503 time: 1.4150147
2026-05-30 02:59:52.605 10 INFO neutron.wsgi [None req-5d87806a-1b6c-4e3a-978f-5066f87c9d3e b99bebd17e484459b5e1814e054bf04a 60a14f61221746b09720aae24f018af1 - - default default] 10.0.0.78 "GET /v2.0/ports/1dc76218-ef8c-4804-9b94-6c19451d25ae HTTP/1.1" status: 200 len: 1141 time: 0.0855219
2026-05-30 02:59:53.078 10 WARNING neutron.scheduler.dhcp_agent_scheduler [None req-0226dc47-ae5f-40ec-982a-b2ac9e841f90 b99bebd17e484459b5e1814e054bf04a 60a14f61221746b09720aae24f018af1 - - default default] No more DHCP agents
2026-05-30 02:59:53.080 10 WARNING neutron.api.rpc.agentnotifiers.dhcp_rpc_agent_api [None req-0226dc47-ae5f-40ec-982a-b2ac9e841f90 b99bebd17e484459b5e1814e054bf04a 60a14f61221746b09720aae24f018af1 - - default default] Unable to schedule network 3dad3774-fefa-46da-b9e1-289c5a0b642b: no agents available; will retry on subsequent port and subnet creation events.
2026-05-30 02:59:53.201 10 INFO neutron.db.ovn_revision_numbers_db [None req-0226dc47-ae5f-40ec-982a-b2ac9e841f90 b99bebd17e484459b5e1814e054bf04a 60a14f61221746b09720aae24f018af1 - - default default] Successfully bumped revision number for resource 866ce247-f523-4192-a466-6ce46a24290b (type: ports) to 1
2026-05-30 02:59:53.440 10 INFO neutron.wsgi [None req-60e93d4f-204c-42de-b03e-612567676d58 0aa8b3db02e844fea94f41a4e43dcbf5 68ad9cc310aa4c6db3ebe292785ea6b4 - - default default] 10.0.0.78 "GET /v2.0/security-groups?tenant_id=90a11e3fa2e54af6aa694d380f43e13c&name=default HTTP/1.1" status: 200 len: 2996 time: 0.1995866
2026-05-30 02:59:53.652 9 INFO neutron.plugins.ml2.drivers.ovn.mech_driver.mech_driver [None req-aac1a681-d7ab-412f-a4f5-58a54f6b1fdb - - - - - -] OVN reports status up for port: 866ce247-f523-4192-a466-6ce46a24290b
2026-05-30 02:59:53.661 9 INFO neutron.plugins.ml2.plugin [None req-aac1a681-d7ab-412f-a4f5-58a54f6b1fdb - - - - - -] Attempt 1 to provision port 866ce247-f523-4192-a466-6ce46a24290b
2026-05-30 02:59:53.679 10 INFO neutron.db.ovn_revision_numbers_db [None req-0226dc47-ae5f-40ec-982a-b2ac9e841f90 b99bebd17e484459b5e1814e054bf04a 60a14f61221746b09720aae24f018af1 - - default default] Successfully bumped revision number for resource 866ce247-f523-4192-a466-6ce46a24290b (type: router_ports) to 1
2026-05-30 02:59:53.754 10 INFO neutron.wsgi [None req-6036856d-58a1-4b2b-a015-c5966448663f 0aa8b3db02e844fea94f41a4e43dcbf5 68ad9cc310aa4c6db3ebe292785ea6b4 - - default default] 10.0.0.78 "DELETE /v2.0/security-groups/1520349a-4b81-40e1-8c27-72b6c4162fe2 HTTP/1.1" status: 204 len: 168 time: 0.3091440
2026-05-30 02:59:53.802 10 INFO neutron.db.ovn_revision_numbers_db [None req-0226dc47-ae5f-40ec-982a-b2ac9e841f90 b99bebd17e484459b5e1814e054bf04a 60a14f61221746b09720aae24f018af1 - - default default] Successfully bumped revision number for resource 866ce247-f523-4192-a466-6ce46a24290b (type: ports) to 1
2026-05-30 02:59:53.878 10 WARNING neutron.scheduler.dhcp_agent_scheduler [None req-0226dc47-ae5f-40ec-982a-b2ac9e841f90 b99bebd17e484459b5e1814e054bf04a 60a14f61221746b09720aae24f018af1 - - default default] No more DHCP agents
2026-05-30 02:59:53.880 10 WARNING neutron.api.rpc.agentnotifiers.dhcp_rpc_agent_api [None req-0226dc47-ae5f-40ec-982a-b2ac9e841f90 b99bebd17e484459b5e1814e054bf04a 60a14f61221746b09720aae24f018af1 - - default default] Unable to schedule network 3dad3774-fefa-46da-b9e1-289c5a0b642b: no agents available; will retry on subsequent port and subnet creation events.
2026-05-30 02:59:54.009 9 INFO neutron.db.ovn_revision_numbers_db [None req-aac1a681-d7ab-412f-a4f5-58a54f6b1fdb - - - - - -] Successfully bumped revision number for resource 866ce247-f523-4192-a466-6ce46a24290b (type: ports) to 2
2026-05-30 02:59:54.052 10 INFO neutron.db.ovn_revision_numbers_db [None req-0226dc47-ae5f-40ec-982a-b2ac9e841f90 b99bebd17e484459b5e1814e054bf04a 60a14f61221746b09720aae24f018af1 - - default default] Successfully bumped revision number for resource 866ce247-f523-4192-a466-6ce46a24290b (type: router_ports) to 2
2026-05-30 02:59:54.055 10 INFO neutron.wsgi [None req-0226dc47-ae5f-40ec-982a-b2ac9e841f90 b99bebd17e484459b5e1814e054bf04a 60a14f61221746b09720aae24f018af1 - - default default] 10.0.0.78 "PUT /v2.0/routers/29d3ae81-bf31-4061-92ad-04fb4ff0a184/add_router_interface HTTP/1.1" status: 200 len: 503 time: 1.4461522
2026-05-30 02:59:54.057 9 INFO neutron.db.ovn_revision_numbers_db [None req-75803d95-767b-4643-89d4-11ba10e7b6e1 0aa8b3db02e844fea94f41a4e43dcbf5 68ad9cc310aa4c6db3ebe292785ea6b4 - - default default] Successfully bumped revision number for resource d3ec25ad-cbd1-4935-853b-58ee87b2c838 (type: security_groups) to 1
2026-05-30 02:59:54.082 9 INFO neutron.db.ovn_revision_numbers_db [None req-75803d95-767b-4643-89d4-11ba10e7b6e1 0aa8b3db02e844fea94f41a4e43dcbf5 68ad9cc310aa4c6db3ebe292785ea6b4 - - default default] Successfully bumped revision number for resource 072f16a9-cccf-41c6-a005-947ce73dd450 (type: security_group_rules) to 0
2026-05-30 02:59:54.096 9 INFO neutron.db.ovn_revision_numbers_db [None req-75803d95-767b-4643-89d4-11ba10e7b6e1 0aa8b3db02e844fea94f41a4e43dcbf5 68ad9cc310aa4c6db3ebe292785ea6b4 - - default default] Successfully bumped revision number for resource 2dffba93-80f5-40a9-9587-bf6abb23205f (type: security_group_rules) to 0
2026-05-30 02:59:54.108 9 INFO neutron.db.ovn_revision_numbers_db [None req-75803d95-767b-4643-89d4-11ba10e7b6e1 0aa8b3db02e844fea94f41a4e43dcbf5 68ad9cc310aa4c6db3ebe292785ea6b4 - - default default] Successfully bumped revision number for resource 50470836-432a-497c-aa24-2bb0ee9b465e (type: security_group_rules) to 0
2026-05-30 02:59:54.122 9 INFO neutron.db.ovn_revision_numbers_db [None req-75803d95-767b-4643-89d4-11ba10e7b6e1 0aa8b3db02e844fea94f41a4e43dcbf5 68ad9cc310aa4c6db3ebe292785ea6b4 - - default default] Successfully bumped revision number for resource a679da72-431f-4db4-867c-a4878689754a (type: security_group_rules) to 0
2026-05-30 02:59:54.144 9 INFO neutron.wsgi [None req-75803d95-767b-4643-89d4-11ba10e7b6e1 0aa8b3db02e844fea94f41a4e43dcbf5 68ad9cc310aa4c6db3ebe292785ea6b4 - - default default] 10.0.0.78 "GET /v2.0/security-groups?tenant_id=aabe64e438f94b4da8efc02409f3522e&name=default HTTP/1.1" status: 200 len: 2996 time: 0.2803528
2026-05-30 02:59:54.165 10 INFO neutron.wsgi [None req-8e026e61-2c6e-40dc-bc1a-1e61da5e9a23 b99bebd17e484459b5e1814e054bf04a 60a14f61221746b09720aae24f018af1 - - default default] 10.0.0.78 "GET /v2.0/ports/866ce247-f523-4192-a466-6ce46a24290b HTTP/1.1" status: 200 len: 1149 time: 0.1035237
2026-05-30 02:59:54.216 10 INFO neutron.wsgi [None req-fdb1ee3a-3ed0-494b-b982-89e567a268e0 b99bebd17e484459b5e1814e054bf04a 60a14f61221746b09720aae24f018af1 - - default default] 10.0.0.78 "GET /v2.0/ports/866ce247-f523-4192-a466-6ce46a24290b HTTP/1.1" status: 200 len: 1149 time: 0.0453467
2026-05-30 02:59:54.342 9 INFO neutron.wsgi [None req-363bf752-da69-44d5-bb51-26aea03f1eb7 0aa8b3db02e844fea94f41a4e43dcbf5 68ad9cc310aa4c6db3ebe292785ea6b4 - - default default] 10.0.0.78 "DELETE /v2.0/security-groups/d3ec25ad-cbd1-4935-853b-58ee87b2c838 HTTP/1.1" status: 204 len: 168 time: 0.1930497
2026-05-30 02:59:54.600 9 INFO neutron.db.ovn_revision_numbers_db [None req-0068e043-0d11-476c-8f47-74aabe1ad145 0aa8b3db02e844fea94f41a4e43dcbf5 68ad9cc310aa4c6db3ebe292785ea6b4 - - default default] Successfully bumped revision number for resource 76891ce1-f798-4dfc-9bcd-7e24d62d6ab6 (type: security_groups) to 1
2026-05-30 02:59:54.613 9 INFO neutron.db.ovn_revision_numbers_db [None req-0068e043-0d11-476c-8f47-74aabe1ad145 0aa8b3db02e844fea94f41a4e43dcbf5 68ad9cc310aa4c6db3ebe292785ea6b4 - - default default] Successfully bumped revision number for resource 09726d29-7998-486e-a025-10757c8a6803 (type: security_group_rules) to 0
2026-05-30 02:59:54.626 9 INFO neutron.db.ovn_revision_numbers_db [None req-0068e043-0d11-476c-8f47-74aabe1ad145 0aa8b3db02e844fea94f41a4e43dcbf5 68ad9cc310aa4c6db3ebe292785ea6b4 - - default default] Successfully bumped revision number for resource 5927e7b3-eb6a-4ead-8c7a-8a413f8cda04 (type: security_group_rules) to 0
2026-05-30 02:59:54.653 9 INFO neutron.db.ovn_revision_numbers_db [None req-0068e043-0d11-476c-8f47-74aabe1ad145 0aa8b3db02e844fea94f41a4e43dcbf5 68ad9cc310aa4c6db3ebe292785ea6b4 - - default default] Successfully bumped revision number for resource c9b35266-5bdd-4706-8322-11cd1715b3e7 (type: security_group_rules) to 0
2026-05-30 02:59:54.671 9 INFO neutron.db.ovn_revision_numbers_db [None req-0068e043-0d11-476c-8f47-74aabe1ad145 0aa8b3db02e844fea94f41a4e43dcbf5 68ad9cc310aa4c6db3ebe292785ea6b4 - - default default] Successfully bumped revision number for resource f9d857f1-bec8-4d43-b5cb-d4b5f8f6f5c4 (type: security_group_rules) to 0
2026-05-30 02:59:54.698 9 INFO neutron.wsgi [None req-0068e043-0d11-476c-8f47-74aabe1ad145 0aa8b3db02e844fea94f41a4e43dcbf5 68ad9cc310aa4c6db3ebe292785ea6b4 - - default default] 10.0.0.78 "GET /v2.0/security-groups?tenant_id=38f5ad477ec5471ba81d02beea6a3465&name=default HTTP/1.1" status: 200 len: 2996 time: 0.2079799
2026-05-30 02:59:54.930 9 INFO neutron.wsgi [None req-f43078e7-5d78-4e7b-9ec0-280cce773676 0aa8b3db02e844fea94f41a4e43dcbf5 68ad9cc310aa4c6db3ebe292785ea6b4 - - default default] 10.0.0.78 "DELETE /v2.0/security-groups/76891ce1-f798-4dfc-9bcd-7e24d62d6ab6 HTTP/1.1" status: 204 len: 168 time: 0.2286761
2026-05-30 02:59:55.115 10 INFO neutron.wsgi [None req-d9eafdd5-a41d-489a-a06d-cf7f93d151ca b99bebd17e484459b5e1814e054bf04a 60a14f61221746b09720aae24f018af1 - - default default] 10.0.0.78 "PUT /v2.0/routers/29d3ae81-bf31-4061-92ad-04fb4ff0a184/remove_router_interface HTTP/1.1" status: 200 len: 503 time: 0.8939836 /var/lib/openstack/lib/python3.10/site-packages/pycadf/identifier.py:71: UserWarning: Invalid uuid: neutron. To ensure interoperability, identifiers should be a valid uuid. warnings.warn(('Invalid uuid: %s. To ensure interoperability, '
2026-05-30 02:59:55.162 10 INFO neutron.wsgi [None req-c1e45909-c0d2-4e63-bf21-d5ccec6ae772 b99bebd17e484459b5e1814e054bf04a 60a14f61221746b09720aae24f018af1 - - default default] 10.0.0.78 "GET /v2.0/ports/1dc76218-ef8c-4804-9b94-6c19451d25ae HTTP/1.1" status: 200 len: 1141 time: 0.0408425
2026-05-30 02:59:55.765 10 INFO neutron.wsgi [None req-50dd52a6-5d21-4049-b2d0-33b79972f75d b99bebd17e484459b5e1814e054bf04a 60a14f61221746b09720aae24f018af1 - - default default] 10.0.0.78 "PUT /v2.0/routers/29d3ae81-bf31-4061-92ad-04fb4ff0a184/remove_router_interface HTTP/1.1" status: 200 len: 503 time: 0.5981290 /var/lib/openstack/lib/python3.10/site-packages/pycadf/identifier.py:71: UserWarning: Invalid uuid: neutron. To ensure interoperability, identifiers should be a valid uuid. warnings.warn(('Invalid uuid: %s. To ensure interoperability, '
2026-05-30 02:59:55.799 10 INFO neutron.wsgi [None req-efffece8-870a-48cb-b1ad-40b35f28247f b99bebd17e484459b5e1814e054bf04a 60a14f61221746b09720aae24f018af1 - - default default] 10.0.0.78 "GET /v2.0/ports?device_id=29d3ae81-bf31-4061-92ad-04fb4ff0a184 HTTP/1.1" status: 200 len: 205 time: 0.0279784
2026-05-30 02:59:56.071 10 INFO neutron.wsgi [None req-5d68b126-3a45-4c05-9691-7f80016e3963 b99bebd17e484459b5e1814e054bf04a 60a14f61221746b09720aae24f018af1 - - default default] 10.0.0.78 "DELETE /v2.0/routers/29d3ae81-bf31-4061-92ad-04fb4ff0a184 HTTP/1.1" status: 204 len: 168 time: 0.2638063
2026-05-30 02:59:56.299 9 INFO neutron.wsgi [None req-d72ab8c7-7ac5-40c5-86b1-ffd229c1acd6 b99bebd17e484459b5e1814e054bf04a 60a14f61221746b09720aae24f018af1 - - default default] 10.0.0.78 "DELETE /v2.0/subnets/ac83c558-746d-45ac-8eba-137057a4c59a HTTP/1.1" status: 204 len: 168 time: 0.2186530
2026-05-30 02:59:56.491 9 INFO neutron.wsgi [None req-8a08c94a-edcd-4914-870a-f3ad844b44c9 b99bebd17e484459b5e1814e054bf04a 60a14f61221746b09720aae24f018af1 - - default default] 10.0.0.78 "DELETE /v2.0/subnets/db7384f8-294f-46ac-926d-df2835328a79 HTTP/1.1" status: 204 len: 168 time: 0.1839910
2026-05-30 02:59:56.882 10 INFO neutron.services.segments.plugin [-] Segment fac230d6-118e-4ea6-8355-e24c825d995c resource provider aggregate not found
2026-05-30 02:59:56.891 10 INFO neutron.services.segments.plugin [-] Segment fac230d6-118e-4ea6-8355-e24c825d995c resource provider aggregate not found
2026-05-30 02:59:56.904 10 INFO neutron.services.segments.plugin [-] Segment fac230d6-118e-4ea6-8355-e24c825d995c resource provider not found; error: Placement Client Error (4xx): {"errors": [{"status": 404, "title": "Not Found", "detail": "The resource could not be found.\n\n No resource provider with uuid fac230d6-118e-4ea6-8355-e24c825d995c found for delete ", "request_id": "req-8e54defe-d932-49f4-8e76-f5b9cdeb0d11"}]}
2026-05-30 02:59:56.910 10 INFO neutron.services.segments.plugin [-] Segment fac230d6-118e-4ea6-8355-e24c825d995c resource provider not found; error: Placement Client Error (4xx): {"errors": [{"status": 404, "title": "Not Found", "detail": "The resource could not be found.\n\n No resource provider with uuid fac230d6-118e-4ea6-8355-e24c825d995c found for delete ", "request_id": "req-4f16a8a0-620b-4e32-b551-6efbba06f940"}]}
2026-05-30 02:59:56.930 10 INFO neutron.wsgi [None req-3d912a90-83b9-439b-bfe0-ba738e46dd8b b99bebd17e484459b5e1814e054bf04a 60a14f61221746b09720aae24f018af1 - - default default] 10.0.0.78 "DELETE /v2.0/networks/3dad3774-fefa-46da-b9e1-289c5a0b642b HTTP/1.1" status: 204 len: 168 time: 0.4321580
2026-05-30 02:59:57.361 9 INFO neutron.services.segments.plugin [-] Segment f973df0b-da2f-4966-baf4-40b4dc739bc7 resource provider aggregate not found
2026-05-30 02:59:57.367 9 INFO neutron.services.segments.plugin [-] Segment f973df0b-da2f-4966-baf4-40b4dc739bc7 resource provider aggregate not found
2026-05-30 02:59:57.379 10 WARNING neutron.plugins.ml2.drivers.ovn.mech_driver.ovsdb.ovn_client [None req-6c3f93a1-c130-497e-9a8d-ffb6e57dd8ac - - - - - -] No port found with ID 1dc76218-ef8c-4804-9b94-6c19451d25ae: RuntimeError: No port found with ID 1dc76218-ef8c-4804-9b94-6c19451d25ae
2026-05-30 02:59:57.382 9 INFO neutron.services.segments.plugin [-] Segment f973df0b-da2f-4966-baf4-40b4dc739bc7 resource provider not found; error: Placement Client Error (4xx): {"errors": [{"status": 404, "title": "Not Found", "detail": "The resource could not be found.\n\n No resource provider with uuid f973df0b-da2f-4966-baf4-40b4dc739bc7 found for delete ", "request_id": "req-4d150ab7-7220-424a-8244-a1758cd0d647"}]}
2026-05-30 02:59:57.385 9 INFO neutron.services.segments.plugin [-] Segment f973df0b-da2f-4966-baf4-40b4dc739bc7 resource provider not found; error: Placement Client Error (4xx): {"errors": [{"status": 404, "title": "Not Found", "detail": "The resource could not be found.\n\n No resource provider with uuid f973df0b-da2f-4966-baf4-40b4dc739bc7 found for delete ", "request_id": "req-132bd1f2-70b1-4b68-9ac5-e4130d7a2297"}]}
2026-05-30 02:59:57.401 9 INFO neutron.wsgi [None req-7d04ac24-6fb7-4945-9a51-d000ec4ed97f b99bebd17e484459b5e1814e054bf04a 60a14f61221746b09720aae24f018af1 - - default default] 10.0.0.78 "DELETE /v2.0/networks/6c31edc4-e63f-4c88-9c2a-3ae743a08cd1 HTTP/1.1" status: 204 len: 168 time: 0.4605393
2026-05-30 02:59:57.403 10 INFO neutron.wsgi [req-eb455b42-c4c9-457d-8c43-f555d5856762 req-801335c5-6cfc-496f-8841-ab40e1b76267 e4846b997c244ad39ba985ef728c18b0 554117ef52094691863c2f76bcc47aea - - 086c14915e1744adb37f7df17ca4858a 086c14915e1744adb37f7df17ca4858a] 10.0.0.220 "GET /v2.0/ports?device_id=d2d90a84-fee8-4bc4-a67f-876cae647684 HTTP/1.1" status: 200 len: 1642 time: 0.0590403
2026-05-30 02:59:57.414 10 WARNING neutron_lib.context [None req-1ea06d10-4d27-4bae-8c58-25d78fc6add9 b99bebd17e484459b5e1814e054bf04a 60a14f61221746b09720aae24f018af1 - - default default] Method 'is_advsvc' is deprecated since 2023.2 release (neutron-lib 3.8.0) and will be removed once support for the old RBAC API policies will be removed from Neutron. Please use method 'is_service_role' instead.
2026-05-30 02:59:57.476 10 INFO neutron.wsgi [req-eb455b42-c4c9-457d-8c43-f555d5856762 req-3d9424db-c855-4863-9721-e689008ae7f2 e4846b997c244ad39ba985ef728c18b0 554117ef52094691863c2f76bcc47aea - - 086c14915e1744adb37f7df17ca4858a 086c14915e1744adb37f7df17ca4858a] 10.0.0.220 "GET /v2.0/security-groups?id=546094ce-25c1-478d-81a4-8cc7c25b7aa9&fields=id&fields=name HTTP/1.1" status: 200 len: 310 time: 0.0651560
2026-05-30 02:59:57.536 10 INFO neutron.db.segments_db [None req-1ea06d10-4d27-4bae-8c58-25d78fc6add9 b99bebd17e484459b5e1814e054bf04a 60a14f61221746b09720aae24f018af1 - - default default] Added segment c63b4331-d38c-48a0-bac1-f16b29bcdff7 of type geneve for network 4244a894-ef18-4142-912f-04f354cf98ae
2026-05-30 02:59:57.690 10 INFO neutron.db.ovn_revision_numbers_db [None req-1ea06d10-4d27-4bae-8c58-25d78fc6add9 b99bebd17e484459b5e1814e054bf04a 60a14f61221746b09720aae24f018af1 - - default default] Successfully bumped revision number for resource 4244a894-ef18-4142-912f-04f354cf98ae (type: networks) to 1
2026-05-30 02:59:57.868 10 WARNING neutron.scheduler.dhcp_agent_scheduler [None req-1ea06d10-4d27-4bae-8c58-25d78fc6add9 b99bebd17e484459b5e1814e054bf04a 60a14f61221746b09720aae24f018af1 - - default default] No more DHCP agents
2026-05-30 02:59:57.871 10 WARNING neutron.api.rpc.agentnotifiers.dhcp_rpc_agent_api [None req-1ea06d10-4d27-4bae-8c58-25d78fc6add9 b99bebd17e484459b5e1814e054bf04a 60a14f61221746b09720aae24f018af1 - - default default] Unable to schedule network 4244a894-ef18-4142-912f-04f354cf98ae: no agents available; will retry on subsequent port and subnet creation events.
2026-05-30 02:59:57.954 10 INFO neutron.db.ovn_revision_numbers_db [None req-1ea06d10-4d27-4bae-8c58-25d78fc6add9 b99bebd17e484459b5e1814e054bf04a 60a14f61221746b09720aae24f018af1 - - default default] Successfully bumped revision number for resource 8c34ff21-a181-4ae1-8571-3e4ecf1fe45f (type: ports) to 1
2026-05-30 02:59:57.975 10 INFO neutron.wsgi [None req-1ea06d10-4d27-4bae-8c58-25d78fc6add9 b99bebd17e484459b5e1814e054bf04a 60a14f61221746b09720aae24f018af1 - - default default] 10.0.0.78 "POST /v2.0/networks HTTP/1.1" status: 201 len: 832 time: 0.5645714
2026-05-30 02:59:57.985 10 WARNING neutron_lib.context [None req-2a2468ee-8bc4-45c1-abf6-d1c3f83f9f83 b99bebd17e484459b5e1814e054bf04a 60a14f61221746b09720aae24f018af1 - - default default] Method 'is_advsvc' is deprecated since 2023.2 release (neutron-lib 3.8.0) and will be removed once support for the old RBAC API policies will be removed from Neutron. Please use method 'is_service_role' instead.
2026-05-30 02:59:58.219 10 WARNING neutron.scheduler.dhcp_agent_scheduler [None req-2a2468ee-8bc4-45c1-abf6-d1c3f83f9f83 b99bebd17e484459b5e1814e054bf04a 60a14f61221746b09720aae24f018af1 - - default default] No more DHCP agents
2026-05-30 02:59:58.223 10 WARNING neutron.api.rpc.agentnotifiers.dhcp_rpc_agent_api [None req-2a2468ee-8bc4-45c1-abf6-d1c3f83f9f83 b99bebd17e484459b5e1814e054bf04a 60a14f61221746b09720aae24f018af1 - - default default] Unable to schedule network 4244a894-ef18-4142-912f-04f354cf98ae: no agents available; will retry on subsequent port and subnet creation events.
2026-05-30 02:59:58.258 10 INFO neutron.db.ovn_revision_numbers_db [None req-2a2468ee-8bc4-45c1-abf6-d1c3f83f9f83 b99bebd17e484459b5e1814e054bf04a 60a14f61221746b09720aae24f018af1 - - default default] Successfully bumped revision number for resource 0893edcd-22fc-47bf-a9b1-f51744ade2e0 (type: subnets) to 0
2026-05-30 02:59:58.278 10 INFO neutron.wsgi [None req-2a2468ee-8bc4-45c1-abf6-d1c3f83f9f83 b99bebd17e484459b5e1814e054bf04a 60a14f61221746b09720aae24f018af1 - - default default] 10.0.0.78 "POST /v2.0/subnets HTTP/1.1" status: 201 len: 821 time: 0.2985072
2026-05-30 02:59:58.288 10 WARNING neutron_lib.context [None req-9aaad9a1-58bd-458c-b392-15059c5f2a01 b99bebd17e484459b5e1814e054bf04a 60a14f61221746b09720aae24f018af1 - - default default] Method 'is_advsvc' is deprecated since 2023.2 release (neutron-lib 3.8.0) and will be removed once support for the old RBAC API policies will be removed from Neutron. Please use method 'is_service_role' instead.
2026-05-30 02:59:58.394 9 WARNING neutron_lib.context [None req-52d94d85-0340-4ada-a985-53c4daadc486 6321797a41a84be8aeaf9a85543a9010 a4d274edef07469daaf5fe211ae3870f - - default default] Method 'is_advsvc' is deprecated since 2023.2 release (neutron-lib 3.8.0) and will be removed once support for the old RBAC API policies will be removed from Neutron. Please use method 'is_service_role' instead.
2026-05-30 02:59:58.437 10 INFO neutron.db.ovn_revision_numbers_db [None req-9aaad9a1-58bd-458c-b392-15059c5f2a01 b99bebd17e484459b5e1814e054bf04a 60a14f61221746b09720aae24f018af1 - - default default] Successfully bumped revision number for resource 617d0ca2-d7f2-42c3-bc41-eb3e9f2c6374 (type: routers) to 1
2026-05-30 02:59:58.464 10 INFO neutron.wsgi [None req-9aaad9a1-58bd-458c-b392-15059c5f2a01 b99bebd17e484459b5e1814e054bf04a 60a14f61221746b09720aae24f018af1 - - default default] 10.0.0.78 "POST /v2.0/routers HTTP/1.1" status: 201 len: 691 time: 0.1800811
2026-05-30 02:59:58.473 10 WARNING neutron_lib.context [None req-2ed8b42b-2d50-4dfa-ba53-c3dc0c4ffe58 b99bebd17e484459b5e1814e054bf04a 60a14f61221746b09720aae24f018af1 - - default default] Method 'is_advsvc' is deprecated since 2023.2 release (neutron-lib 3.8.0) and will be removed once support for the old RBAC API policies will be removed from Neutron. Please use method 'is_service_role' instead.
2026-05-30 02:59:58.543 9 INFO neutron.db.ovn_revision_numbers_db [None req-52d94d85-0340-4ada-a985-53c4daadc486 6321797a41a84be8aeaf9a85543a9010 a4d274edef07469daaf5fe211ae3870f - - default default] Successfully bumped revision number for resource e336b998-8c51-452c-9cc2-5c1ac1542b36 (type: security_groups) to 1
2026-05-30 02:59:58.558 9 INFO neutron.db.ovn_revision_numbers_db [None req-52d94d85-0340-4ada-a985-53c4daadc486 6321797a41a84be8aeaf9a85543a9010 a4d274edef07469daaf5fe211ae3870f - - default default] Successfully bumped revision number for resource 03b479ce-9eec-476a-b1b6-fb9d6e50a6e9 (type: security_group_rules) to 0
2026-05-30 02:59:58.570 9 INFO neutron.db.ovn_revision_numbers_db [None req-52d94d85-0340-4ada-a985-53c4daadc486 6321797a41a84be8aeaf9a85543a9010 a4d274edef07469daaf5fe211ae3870f - - default default] Successfully bumped revision number for resource 26614d8e-a60a-4a4a-b0aa-ea32c4407482 (type: security_group_rules) to 0
2026-05-30 02:59:58.587 9 INFO neutron.db.ovn_revision_numbers_db [None req-52d94d85-0340-4ada-a985-53c4daadc486 6321797a41a84be8aeaf9a85543a9010 a4d274edef07469daaf5fe211ae3870f - - default default] Successfully bumped revision number for resource 2d8eacef-699d-4554-96be-08de92e7a3f9 (type: security_group_rules) to 0
2026-05-30 02:59:58.611 9 INFO neutron.db.ovn_revision_numbers_db [None req-52d94d85-0340-4ada-a985-53c4daadc486 6321797a41a84be8aeaf9a85543a9010 a4d274edef07469daaf5fe211ae3870f - - default default] Successfully bumped revision number for resource c39be473-389c-491b-b1df-8e321d068ef5 (type: security_group_rules) to 0
2026-05-30 02:59:58.674 9 INFO neutron.db.segments_db [None req-52d94d85-0340-4ada-a985-53c4daadc486 6321797a41a84be8aeaf9a85543a9010 a4d274edef07469daaf5fe211ae3870f - - default default] Added segment f1677028-6e82-4ad1-a8b2-8dc5d703daec of type geneve for network 6024eeb6-6a4c-4eda-866e-10a04905fa30
2026-05-30 02:59:58.806 10 WARNING neutron.scheduler.dhcp_agent_scheduler [None req-2ed8b42b-2d50-4dfa-ba53-c3dc0c4ffe58 b99bebd17e484459b5e1814e054bf04a 60a14f61221746b09720aae24f018af1 - - default default] No more DHCP agents
2026-05-30 02:59:58.808 10 WARNING neutron.api.rpc.agentnotifiers.dhcp_rpc_agent_api [None req-2ed8b42b-2d50-4dfa-ba53-c3dc0c4ffe58 b99bebd17e484459b5e1814e054bf04a 60a14f61221746b09720aae24f018af1 - - default default] Unable to schedule network 4244a894-ef18-4142-912f-04f354cf98ae: no agents available; will retry on subsequent port and subnet creation events.
2026-05-30 02:59:58.825 9 INFO neutron.db.ovn_revision_numbers_db [None req-52d94d85-0340-4ada-a985-53c4daadc486 6321797a41a84be8aeaf9a85543a9010 a4d274edef07469daaf5fe211ae3870f - - default default] Successfully bumped revision number for resource 6024eeb6-6a4c-4eda-866e-10a04905fa30 (type: networks) to 1
2026-05-30 02:59:58.914 10 INFO neutron.db.ovn_revision_numbers_db [None req-2ed8b42b-2d50-4dfa-ba53-c3dc0c4ffe58 b99bebd17e484459b5e1814e054bf04a 60a14f61221746b09720aae24f018af1 - - default default] Successfully bumped revision number for resource 97d66c85-03da-4c70-87a6-69c2fb20838c (type: ports) to 1
2026-05-30 02:59:58.934 10 INFO neutron.wsgi [None req-2ed8b42b-2d50-4dfa-ba53-c3dc0c4ffe58 b99bebd17e484459b5e1814e054bf04a 60a14f61221746b09720aae24f018af1 - - default default] 10.0.0.78 "POST /v2.0/ports HTTP/1.1" status: 201 len: 1163 time: 0.4657969 /var/lib/openstack/lib/python3.10/site-packages/pycadf/identifier.py:71: UserWarning: Invalid uuid: neutron. To ensure interoperability, identifiers should be a valid uuid. warnings.warn(('Invalid uuid: %s. To ensure interoperability, '
2026-05-30 02:59:58.988 9 WARNING neutron.scheduler.dhcp_agent_scheduler [None req-52d94d85-0340-4ada-a985-53c4daadc486 6321797a41a84be8aeaf9a85543a9010 a4d274edef07469daaf5fe211ae3870f - - default default] No more DHCP agents
