2026-05-30 02:58:26.568 10 INFO neutron.wsgi [None req-d5600531-4e17-4ecc-88d0-9ba84d1970c2 5edb02b4cb0444ef949b94b1de33b691 a00236af58484b30a93367345b3ac4d2 - - default default] 10.0.0.78 "POST /v2.0/ports HTTP/1.1" status: 201 len: 1151 time: 0.9143746
2026-05-30 02:58:26.578 9 INFO neutron.wsgi [None req-4b45d582-d599-4713-9a76-ee17f52ea4c5 9eb2f310824841a29e773504bcafc8bd 24ea2049646a411c8758c08dc586ee73 - - default default] 10.0.0.78 "DELETE /v2.0/networks/93fa168d-1608-4d83-9f0a-11b6627c6b2b HTTP/1.1" status: 204 len: 168 time: 0.5365045
2026-05-30 02:58:26.708 9 INFO neutron.db.ovn_revision_numbers_db [None req-aac1a681-d7ab-412f-a4f5-58a54f6b1fdb - - - - - -] Successfully bumped revision number for resource 7f80eac2-9aeb-4818-a0f1-d8d086c1de66 (type: ports) to 4
2026-05-30 02:58:26.725 9 INFO neutron.wsgi [None req-57ff660e-229e-4e47-932b-fd4fc5fb6079 9eb2f310824841a29e773504bcafc8bd 24ea2049646a411c8758c08dc586ee73 - - default default] 10.0.0.78 "GET /v2.0/networks HTTP/1.1" status: 200 len: 845 time: 0.1346309
2026-05-30 02:58:26.740 10 WARNING neutron_lib.context [None req-e872117a-9820-4dab-bbc2-4bb1f78e1a9a 9eb2f310824841a29e773504bcafc8bd 24ea2049646a411c8758c08dc586ee73 - - default default] Method 'is_advsvc' is deprecated since 2023.2 release (neutron-lib 3.8.0) and will be removed once support for the old RBAC API policies will be removed from Neutron. Please use method 'is_service_role' instead.
2026-05-30 02:58:26.763 9 INFO neutron.plugins.ml2.drivers.ovn.mech_driver.mech_driver [None req-aac1a681-d7ab-412f-a4f5-58a54f6b1fdb - - - - - -] OVN reports status up for port: 17afe4e5-d043-46c2-be1b-7166074e1193
2026-05-30 02:58:26.773 9 INFO neutron.plugins.ml2.plugin [None req-aac1a681-d7ab-412f-a4f5-58a54f6b1fdb - - - - - -] Attempt 1 to provision port 17afe4e5-d043-46c2-be1b-7166074e1193 /var/lib/openstack/lib/python3.10/site-packages/pycadf/identifier.py:71: UserWarning: Invalid uuid: neutron. To ensure interoperability, identifiers should be a valid uuid. warnings.warn(('Invalid uuid: %s. To ensure interoperability, '
2026-05-30 02:58:26.852 10 INFO neutron.db.segments_db [None req-e872117a-9820-4dab-bbc2-4bb1f78e1a9a 9eb2f310824841a29e773504bcafc8bd 24ea2049646a411c8758c08dc586ee73 - - default default] Added segment 0c23bbe2-8f12-4605-877d-b8fb687f5881 of type geneve for network f1190c15-c84f-4f6e-ba50-7ad56407fd8d
2026-05-30 02:58:26.891 9 INFO neutron.wsgi [req-ed6c6f90-78d2-4b82-a66b-137915c47d13 req-778d1dbb-507b-46a3-8378-688465e28e5e 88748d8d1190423592fbfdb275443ac7 31dd26b1b1f444dc8141bdabb0e4323a - - default default] 10.0.0.31 "GET /v2.0/ports?device_id=6ec58eb4-aa1f-46da-85f0-8aca255990af HTTP/1.1" status: 200 len: 1168 time: 0.1035922
2026-05-30 02:58:26.946 9 INFO neutron.wsgi [req-ed6c6f90-78d2-4b82-a66b-137915c47d13 req-d1b7dc89-6429-4307-9297-dbe431dfb028 88748d8d1190423592fbfdb275443ac7 31dd26b1b1f444dc8141bdabb0e4323a - - default default] 10.0.0.31 "GET /v2.0/security-groups?id=349083dc-6633-4d15-b510-d0be292a47c6&fields=id&fields=name HTTP/1.1" status: 200 len: 313 time: 0.0457582
2026-05-30 02:58:27.092 9 INFO neutron.db.ovn_revision_numbers_db [None req-aac1a681-d7ab-412f-a4f5-58a54f6b1fdb - - - - - -] Successfully bumped revision number for resource 17afe4e5-d043-46c2-be1b-7166074e1193 (type: ports) to 4
2026-05-30 02:58:27.117 10 INFO neutron.db.ovn_revision_numbers_db [None req-e872117a-9820-4dab-bbc2-4bb1f78e1a9a 9eb2f310824841a29e773504bcafc8bd 24ea2049646a411c8758c08dc586ee73 - - default default] Successfully bumped revision number for resource f1190c15-c84f-4f6e-ba50-7ad56407fd8d (type: networks) to 1
2026-05-30 02:58:27.146 9 INFO neutron.plugins.ml2.drivers.ovn.mech_driver.mech_driver [None req-aac1a681-d7ab-412f-a4f5-58a54f6b1fdb - - - - - -] OVN reports status up for port: cca74210-469b-4726-8b3f-355a6d8719f3
2026-05-30 02:58:27.155 9 INFO neutron.plugins.ml2.plugin [None req-aac1a681-d7ab-412f-a4f5-58a54f6b1fdb - - - - - -] Attempt 1 to provision port cca74210-469b-4726-8b3f-355a6d8719f3
2026-05-30 02:58:27.167 10 INFO neutron.db.ovn_revision_numbers_db [None req-39d9d858-8187-4edb-87bd-3388f80e5e2c 5edb02b4cb0444ef949b94b1de33b691 a00236af58484b30a93367345b3ac4d2 - - default default] Successfully bumped revision number for resource cca74210-469b-4726-8b3f-355a6d8719f3 (type: router_ports) to 2
2026-05-30 02:58:27.347 10 WARNING neutron.scheduler.dhcp_agent_scheduler [None req-e872117a-9820-4dab-bbc2-4bb1f78e1a9a 9eb2f310824841a29e773504bcafc8bd 24ea2049646a411c8758c08dc586ee73 - - default default] No more DHCP agents
2026-05-30 02:58:27.351 10 WARNING neutron.api.rpc.agentnotifiers.dhcp_rpc_agent_api [None req-e872117a-9820-4dab-bbc2-4bb1f78e1a9a 9eb2f310824841a29e773504bcafc8bd 24ea2049646a411c8758c08dc586ee73 - - default default] Unable to schedule network f1190c15-c84f-4f6e-ba50-7ad56407fd8d: no agents available; will retry on subsequent port and subnet creation events.
2026-05-30 02:58:27.488 10 INFO neutron.db.ovn_revision_numbers_db [None req-e872117a-9820-4dab-bbc2-4bb1f78e1a9a 9eb2f310824841a29e773504bcafc8bd 24ea2049646a411c8758c08dc586ee73 - - default default] Successfully bumped revision number for resource 72c59b81-18df-4bc7-8082-e42d4043264a (type: ports) to 1
2026-05-30 02:58:27.494 10 INFO neutron.db.ovn_revision_numbers_db [None req-39d9d858-8187-4edb-87bd-3388f80e5e2c 5edb02b4cb0444ef949b94b1de33b691 a00236af58484b30a93367345b3ac4d2 - - default default] Successfully bumped revision number for resource cca74210-469b-4726-8b3f-355a6d8719f3 (type: ports) to 2 /var/lib/openstack/lib/python3.10/site-packages/pycadf/identifier.py:71: UserWarning: Invalid uuid: neutron. To ensure interoperability, identifiers should be a valid uuid. warnings.warn(('Invalid uuid: %s. To ensure interoperability, '
2026-05-30 02:58:27.521 9 INFO neutron.db.ovn_revision_numbers_db [None req-aac1a681-d7ab-412f-a4f5-58a54f6b1fdb - - - - - -] Successfully bumped revision number for resource cca74210-469b-4726-8b3f-355a6d8719f3 (type: ports) to 3
2026-05-30 02:58:27.546 10 INFO neutron.wsgi [None req-e872117a-9820-4dab-bbc2-4bb1f78e1a9a 9eb2f310824841a29e773504bcafc8bd 24ea2049646a411c8758c08dc586ee73 - - default default] 10.0.0.78 "POST /v2.0/networks HTTP/1.1" status: 201 len: 848 time: 0.8111496
2026-05-30 02:58:27.565 10 WARNING neutron_lib.context [None req-447ad51c-a82d-4f27-b676-e696b0953edd 9eb2f310824841a29e773504bcafc8bd 24ea2049646a411c8758c08dc586ee73 - - default default] Method 'is_advsvc' is deprecated since 2023.2 release (neutron-lib 3.8.0) and will be removed once support for the old RBAC API policies will be removed from Neutron. Please use method 'is_service_role' instead.
2026-05-30 02:58:27.583 10 INFO neutron.wsgi [req-9ba60dca-9e0e-46d9-900a-9ea10859804b req-f7ee57d0-1de5-4d8f-9c6b-54bbb23d2bf7 a01322a9a4324917bbd8563d4cf0550e fb24dfb9fcae405ba59274f9b1e60101 - - default default] 10.0.0.31 "GET /v2.0/ports?device_id=11b03dd1-4b1a-4af6-b541-109a96d95b1a HTTP/1.1" status: 200 len: 1170 time: 0.0757089
2026-05-30 02:58:27.597 9 INFO neutron.db.ovn_revision_numbers_db [None req-aac1a681-d7ab-412f-a4f5-58a54f6b1fdb - - - - - -] Successfully bumped revision number for resource cca74210-469b-4726-8b3f-355a6d8719f3 (type: router_ports) to 3
2026-05-30 02:58:27.662 10 INFO neutron.wsgi [req-9ba60dca-9e0e-46d9-900a-9ea10859804b req-d2134a0b-a64a-47dc-95f7-f5420aea0725 a01322a9a4324917bbd8563d4cf0550e fb24dfb9fcae405ba59274f9b1e60101 - - default default] 10.0.0.31 "GET /v2.0/security-groups?id=2a93be56-c7df-4bf7-ab83-169bc749e3f9&fields=id&fields=name HTTP/1.1" status: 200 len: 313 time: 0.0644059
2026-05-30 02:58:27.712 10 INFO neutron.db.segments_db [None req-447ad51c-a82d-4f27-b676-e696b0953edd 9eb2f310824841a29e773504bcafc8bd 24ea2049646a411c8758c08dc586ee73 - - default default] Added segment 3cbc7746-ed0b-4e12-a27f-776c7b43795f of type geneve for network bbc105d6-ec12-42dd-8541-dff12070fb98 /var/lib/openstack/lib/python3.10/site-packages/pycadf/identifier.py:71: UserWarning: Invalid uuid: neutron. To ensure interoperability, identifiers should be a valid uuid. warnings.warn(('Invalid uuid: %s. To ensure interoperability, '
2026-05-30 02:58:27.821 9 INFO neutron.wsgi [req-adc787cf-0f03-48be-8224-6e556ab2c683 req-2b478b66-032d-4ea3-a6e3-11095d96833e a01322a9a4324917bbd8563d4cf0550e fb24dfb9fcae405ba59274f9b1e60101 - - default default] 10.0.0.31 "GET /v2.0/ports?device_id=11b03dd1-4b1a-4af6-b541-109a96d95b1a HTTP/1.1" status: 200 len: 1170 time: 0.0934236
2026-05-30 02:58:27.921 10 INFO neutron.db.ovn_revision_numbers_db [None req-447ad51c-a82d-4f27-b676-e696b0953edd 9eb2f310824841a29e773504bcafc8bd 24ea2049646a411c8758c08dc586ee73 - - default default] Successfully bumped revision number for resource bbc105d6-ec12-42dd-8541-dff12070fb98 (type: networks) to 1
2026-05-30 02:58:28.042 9 INFO neutron.services.segments.plugin [-] Segment a56d5910-370d-4e59-bd38-bdea71106b2e resource provider aggregate not found
2026-05-30 02:58:28.047 9 INFO neutron.services.segments.plugin [-] Segment a56d5910-370d-4e59-bd38-bdea71106b2e resource provider aggregate not found
2026-05-30 02:58:28.064 9 INFO neutron.services.segments.plugin [-] Segment a56d5910-370d-4e59-bd38-bdea71106b2e resource provider not found; error: Placement Client Error (4xx): {"errors": [{"status": 404, "title": "Not Found", "detail": "The resource could not be found.\n\n No resource provider with uuid a56d5910-370d-4e59-bd38-bdea71106b2e found for delete ", "request_id": "req-818cb930-334e-4e1a-a04f-76d413dee262"}]}
2026-05-30 02:58:28.070 9 INFO neutron.services.segments.plugin [-] Segment a56d5910-370d-4e59-bd38-bdea71106b2e resource provider not found; error: Placement Client Error (4xx): {"errors": [{"status": 404, "title": "Not Found", "detail": "The resource could not be found.\n\n No resource provider with uuid a56d5910-370d-4e59-bd38-bdea71106b2e found for delete ", "request_id": "req-68779db9-d614-4f02-8435-e37ea2d82ead"}]}
2026-05-30 02:58:28.108 10 INFO neutron.wsgi [req-6499026d-891d-4351-a71d-3077375f35f8 req-5ca7c707-e432-4abe-b57c-f5208bd3dfe3 88748d8d1190423592fbfdb275443ac7 31dd26b1b1f444dc8141bdabb0e4323a - - default default] 10.0.0.31 "GET /v2.0/ports?device_id=6ec58eb4-aa1f-46da-85f0-8aca255990af HTTP/1.1" status: 200 len: 1170 time: 0.0907471 /var/lib/openstack/lib/python3.10/site-packages/pycadf/identifier.py:71: UserWarning: Invalid uuid: neutron. To ensure interoperability, identifiers should be a valid uuid. warnings.warn(('Invalid uuid: %s. To ensure interoperability, '
2026-05-30 02:58:28.197 10 INFO neutron.wsgi [req-6499026d-891d-4351-a71d-3077375f35f8 req-0c327fe7-94a8-4e66-9bb8-299d55d0a451 88748d8d1190423592fbfdb275443ac7 31dd26b1b1f444dc8141bdabb0e4323a - - default default] 10.0.0.31 "GET /v2.0/security-groups?id=349083dc-6633-4d15-b510-d0be292a47c6&fields=id&fields=name HTTP/1.1" status: 200 len: 313 time: 0.0780175
2026-05-30 02:58:28.234 10 WARNING neutron.scheduler.dhcp_agent_scheduler [None req-447ad51c-a82d-4f27-b676-e696b0953edd 9eb2f310824841a29e773504bcafc8bd 24ea2049646a411c8758c08dc586ee73 - - default default] No more DHCP agents
2026-05-30 02:58:28.236 10 WARNING neutron.api.rpc.agentnotifiers.dhcp_rpc_agent_api [None req-447ad51c-a82d-4f27-b676-e696b0953edd 9eb2f310824841a29e773504bcafc8bd 24ea2049646a411c8758c08dc586ee73 - - default default] Unable to schedule network bbc105d6-ec12-42dd-8541-dff12070fb98: no agents available; will retry on subsequent port and subnet creation events.
2026-05-30 02:58:28.348 9 INFO neutron.db.l3_db [None req-088ff1b6-f6c9-4a8c-b672-881dc66baf95 a01322a9a4324917bbd8563d4cf0550e fb24dfb9fcae405ba59274f9b1e60101 - - default default] Floating IP 5b71bf28-c5f4-4c29-b43f-570846cb5bfc associated. External IP: 10.96.250.215, port: 7f80eac2-9aeb-4818-a0f1-d8d086c1de66.
2026-05-30 02:58:28.350 10 INFO neutron.db.ovn_revision_numbers_db [None req-447ad51c-a82d-4f27-b676-e696b0953edd 9eb2f310824841a29e773504bcafc8bd 24ea2049646a411c8758c08dc586ee73 - - default default] Successfully bumped revision number for resource b9225146-bef5-44c7-a244-e23fcd8c13c8 (type: ports) to 1
2026-05-30 02:58:28.361 10 INFO neutron.db.ovn_revision_numbers_db [None req-39d9d858-8187-4edb-87bd-3388f80e5e2c 5edb02b4cb0444ef949b94b1de33b691 a00236af58484b30a93367345b3ac4d2 - - default default] Successfully bumped revision number for resource cca74210-469b-4726-8b3f-355a6d8719f3 (type: ports) to 3
2026-05-30 02:58:28.375 10 INFO neutron.wsgi [None req-447ad51c-a82d-4f27-b676-e696b0953edd 9eb2f310824841a29e773504bcafc8bd 24ea2049646a411c8758c08dc586ee73 - - default default] 10.0.0.78 "POST /v2.0/networks HTTP/1.1" status: 201 len: 848 time: 0.8210399
2026-05-30 02:58:28.388 10 WARNING neutron_lib.context [None req-f6790394-c581-4dd9-bb4b-0f463f11482b 9eb2f310824841a29e773504bcafc8bd 24ea2049646a411c8758c08dc586ee73 - - default default] Method 'is_advsvc' is deprecated since 2023.2 release (neutron-lib 3.8.0) and will be removed once support for the old RBAC API policies will be removed from Neutron. Please use method 'is_service_role' instead.
2026-05-30 02:58:28.442 10 WARNING neutron_lib.context [None req-f6790394-c581-4dd9-bb4b-0f463f11482b 9eb2f310824841a29e773504bcafc8bd 24ea2049646a411c8758c08dc586ee73 - - default default] Method 'is_advsvc' is deprecated since 2023.2 release (neutron-lib 3.8.0) and will be removed once support for the old RBAC API policies will be removed from Neutron. Please use method 'is_service_role' instead.
2026-05-30 02:58:28.476 10 WARNING neutron.scheduler.dhcp_agent_scheduler [None req-39d9d858-8187-4edb-87bd-3388f80e5e2c 5edb02b4cb0444ef949b94b1de33b691 a00236af58484b30a93367345b3ac4d2 - - default default] No more DHCP agents
2026-05-30 02:58:28.479 9 INFO neutron.notifiers.nova [-] Nova event matching ['req-b3c5fd03-1e63-4170-ac51-5f4dd0d357d3'] response: {'server_uuid': '11b03dd1-4b1a-4af6-b541-109a96d95b1a', 'name': 'network-vif-plugged', 'status': 'completed', 'tag': '7f80eac2-9aeb-4818-a0f1-d8d086c1de66', 'code': 200}
2026-05-30 02:58:28.480 9 INFO neutron.notifiers.nova [-] Nova event matching ['req-b3c5fd03-1e63-4170-ac51-5f4dd0d357d3'] response: {'server_uuid': '6ec58eb4-aa1f-46da-85f0-8aca255990af', 'name': 'network-vif-plugged', 'status': 'completed', 'tag': '17afe4e5-d043-46c2-be1b-7166074e1193', 'code': 200}
2026-05-30 02:58:28.480 9 INFO neutron.notifiers.nova [-] Nova event matching ['req-b3c5fd03-1e63-4170-ac51-5f4dd0d357d3'] response: {'server_uuid': '6ec58eb4-aa1f-46da-85f0-8aca255990af', 'name': 'network-vif-plugged', 'status': 'completed', 'tag': '17afe4e5-d043-46c2-be1b-7166074e1193', 'code': 200}
2026-05-30 02:58:28.487 10 WARNING neutron.api.rpc.agentnotifiers.dhcp_rpc_agent_api [None req-39d9d858-8187-4edb-87bd-3388f80e5e2c 5edb02b4cb0444ef949b94b1de33b691 a00236af58484b30a93367345b3ac4d2 - - default default] Unable to schedule network 4de64290-ad5a-4029-904f-b928e6c2f8aa: no agents available; will retry on subsequent port and subnet creation events.
2026-05-30 02:58:28.639 9 INFO neutron.db.ovn_revision_numbers_db [None req-088ff1b6-f6c9-4a8c-b672-881dc66baf95 a01322a9a4324917bbd8563d4cf0550e fb24dfb9fcae405ba59274f9b1e60101 - - default default] Successfully bumped revision number for resource 5b71bf28-c5f4-4c29-b43f-570846cb5bfc (type: floatingips) to 1
2026-05-30 02:58:28.787 9 INFO neutron.db.ovn_revision_numbers_db [None req-088ff1b6-f6c9-4a8c-b672-881dc66baf95 a01322a9a4324917bbd8563d4cf0550e fb24dfb9fcae405ba59274f9b1e60101 - - default default] Successfully bumped revision number for resource 5b71bf28-c5f4-4c29-b43f-570846cb5bfc (type: floatingips) to 2
2026-05-30 02:58:28.816 9 INFO neutron.wsgi [None req-088ff1b6-f6c9-4a8c-b672-881dc66baf95 a01322a9a4324917bbd8563d4cf0550e fb24dfb9fcae405ba59274f9b1e60101 - - default default] 10.0.0.78 "PUT /v2.0/floatingips/5b71bf28-c5f4-4c29-b43f-570846cb5bfc HTTP/1.1" status: 200 len: 1049 time: 0.9857903
2026-05-30 02:58:28.933 10 INFO neutron.db.ovn_revision_numbers_db [None req-39d9d858-8187-4edb-87bd-3388f80e5e2c 5edb02b4cb0444ef949b94b1de33b691 a00236af58484b30a93367345b3ac4d2 - - default default] Successfully bumped revision number for resource cca74210-469b-4726-8b3f-355a6d8719f3 (type: router_ports) to 3
2026-05-30 02:58:28.935 10 INFO neutron.wsgi [None req-39d9d858-8187-4edb-87bd-3388f80e5e2c 5edb02b4cb0444ef949b94b1de33b691 a00236af58484b30a93367345b3ac4d2 - - default default] 10.0.0.78 "PUT /v2.0/routers/a5357b9c-7385-47ec-8fd4-91ace2963e81/add_router_interface HTTP/1.1" status: 200 len: 503 time: 2.3616519
2026-05-30 02:58:29.039 10 INFO neutron.wsgi [None req-f8e77d69-a286-4fd3-b57f-1e629086e8f3 5edb02b4cb0444ef949b94b1de33b691 a00236af58484b30a93367345b3ac4d2 - - default default] 10.0.0.78 "GET /v2.0/ports/cca74210-469b-4726-8b3f-355a6d8719f3 HTTP/1.1" status: 200 len: 1209 time: 0.0983462
2026-05-30 02:58:29.208 10 WARNING neutron.scheduler.dhcp_agent_scheduler [None req-f6790394-c581-4dd9-bb4b-0f463f11482b 9eb2f310824841a29e773504bcafc8bd 24ea2049646a411c8758c08dc586ee73 - - default default] No more DHCP agents
2026-05-30 02:58:29.211 10 WARNING neutron.api.rpc.agentnotifiers.dhcp_rpc_agent_api [None req-f6790394-c581-4dd9-bb4b-0f463f11482b 9eb2f310824841a29e773504bcafc8bd 24ea2049646a411c8758c08dc586ee73 - - default default] Unable to schedule network f1190c15-c84f-4f6e-ba50-7ad56407fd8d: no agents available; will retry on subsequent port and subnet creation events. /var/lib/openstack/lib/python3.10/site-packages/pycadf/identifier.py:71: UserWarning: Invalid uuid: neutron. To ensure interoperability, identifiers should be a valid uuid. warnings.warn(('Invalid uuid: %s. To ensure interoperability, '
2026-05-30 02:58:29.333 10 INFO neutron.db.ovn_revision_numbers_db [None req-f6790394-c581-4dd9-bb4b-0f463f11482b 9eb2f310824841a29e773504bcafc8bd 24ea2049646a411c8758c08dc586ee73 - - default default] Successfully bumped revision number for resource 5a597cd0-4fec-4e4f-88e5-bed305f75cd8 (type: ports) to 1
2026-05-30 02:58:29.380 10 WARNING neutron.scheduler.dhcp_agent_scheduler [None req-f6790394-c581-4dd9-bb4b-0f463f11482b 9eb2f310824841a29e773504bcafc8bd 24ea2049646a411c8758c08dc586ee73 - - default default] No more DHCP agents
2026-05-30 02:58:29.386 10 WARNING neutron.api.rpc.agentnotifiers.dhcp_rpc_agent_api [None req-f6790394-c581-4dd9-bb4b-0f463f11482b 9eb2f310824841a29e773504bcafc8bd 24ea2049646a411c8758c08dc586ee73 - - default default] Unable to schedule network bbc105d6-ec12-42dd-8541-dff12070fb98: no agents available; will retry on subsequent port and subnet creation events.
2026-05-30 02:58:29.415 10 INFO neutron.wsgi [req-48027423-8e29-4b4f-8f9e-5fa5e5bc467f req-8e51c07b-4186-4d72-8ee5-d3e1e2999e96 88748d8d1190423592fbfdb275443ac7 31dd26b1b1f444dc8141bdabb0e4323a - - default default] 10.0.0.31 "GET /v2.0/ports?device_id=6ec58eb4-aa1f-46da-85f0-8aca255990af HTTP/1.1" status: 200 len: 1170 time: 0.1259353 /var/lib/openstack/lib/python3.10/site-packages/pycadf/identifier.py:71: UserWarning: Invalid uuid: neutron. To ensure interoperability, identifiers should be a valid uuid. warnings.warn(('Invalid uuid: %s. To ensure interoperability, '
2026-05-30 02:58:29.480 10 INFO neutron.wsgi [req-48027423-8e29-4b4f-8f9e-5fa5e5bc467f req-1a82ef14-a045-4072-bfa6-74d0d52d1d74 88748d8d1190423592fbfdb275443ac7 31dd26b1b1f444dc8141bdabb0e4323a - - default default] 10.0.0.31 "GET /v2.0/security-groups?id=349083dc-6633-4d15-b510-d0be292a47c6&fields=id&fields=name HTTP/1.1" status: 200 len: 313 time: 0.0553243
2026-05-30 02:58:29.495 10 INFO neutron.db.ovn_revision_numbers_db [None req-f6790394-c581-4dd9-bb4b-0f463f11482b 9eb2f310824841a29e773504bcafc8bd 24ea2049646a411c8758c08dc586ee73 - - default default] Successfully bumped revision number for resource 7094e7dc-4518-4498-b8af-4a2173f8e163 (type: ports) to 1
2026-05-30 02:58:29.525 10 INFO neutron.wsgi [None req-f6790394-c581-4dd9-bb4b-0f463f11482b 9eb2f310824841a29e773504bcafc8bd 24ea2049646a411c8758c08dc586ee73 - - default default] 10.0.0.78 "POST /v2.0/ports HTTP/1.1" status: 201 len: 1706 time: 1.1447306 /var/lib/openstack/lib/python3.10/site-packages/pycadf/identifier.py:71: UserWarning: Invalid uuid: neutron. To ensure interoperability, identifiers should be a valid uuid. warnings.warn(('Invalid uuid: %s. To ensure interoperability, '
2026-05-30 02:58:29.595 9 INFO neutron.wsgi [req-c8a1ba3a-bac6-4496-940c-1ebffb895b18 req-d789f4d7-d7f8-4a0d-870a-bd9a544cb390 88748d8d1190423592fbfdb275443ac7 31dd26b1b1f444dc8141bdabb0e4323a - - default default] 10.0.0.31 "GET /v2.0/ports?device_id=6ec58eb4-aa1f-46da-85f0-8aca255990af HTTP/1.1" status: 200 len: 1170 time: 0.0538375
2026-05-30 02:58:29.672 10 INFO neutron.wsgi [None req-47b96e41-7759-4d53-a222-03dfa8124631 9eb2f310824841a29e773504bcafc8bd 24ea2049646a411c8758c08dc586ee73 - - default default] 10.0.0.78 "GET /v2.0/ports HTTP/1.1" status: 200 len: 3213 time: 0.1408494
2026-05-30 02:58:29.932 9 INFO neutron.wsgi [None req-b72e2615-3772-4971-9dfe-76cdb656e229 5edb02b4cb0444ef949b94b1de33b691 a00236af58484b30a93367345b3ac4d2 - - default default] 10.0.0.78 "PUT /v2.0/routers/a5357b9c-7385-47ec-8fd4-91ace2963e81/remove_router_interface HTTP/1.1" status: 200 len: 503 time: 0.8862362 /var/lib/openstack/lib/python3.10/site-packages/pycadf/identifier.py:71: UserWarning: Invalid uuid: neutron. To ensure interoperability, identifiers should be a valid uuid. warnings.warn(('Invalid uuid: %s. To ensure interoperability, '
2026-05-30 02:58:29.959 10 INFO neutron.wsgi [None req-9a28b311-9fbf-4a82-9366-8b19645591f8 9eb2f310824841a29e773504bcafc8bd 24ea2049646a411c8758c08dc586ee73 - - default default] 10.0.0.78 "DELETE /v2.0/ports/5a597cd0-4fec-4e4f-88e5-bed305f75cd8 HTTP/1.1" status: 204 len: 168 time: 0.2810278
2026-05-30 02:58:30.011 9 INFO neutron.db.l3_db [None req-df34f922-2fce-4583-a493-0be7bbdec3f8 88748d8d1190423592fbfdb275443ac7 31dd26b1b1f444dc8141bdabb0e4323a - - default default] Floating IP 658b1a74-135d-47f4-a8df-c0f9050d456b associated. External IP: 10.96.250.217, port: 17afe4e5-d043-46c2-be1b-7166074e1193.
2026-05-30 02:58:30.020 9 INFO neutron.api.v2.resource [None req-147a2b1a-d929-43b0-b0c7-2b90e92e42f5 5edb02b4cb0444ef949b94b1de33b691 a00236af58484b30a93367345b3ac4d2 - - default default] remove_router_interface failed (client error): The resource could not be found.
2026-05-30 02:58:30.021 9 INFO neutron.wsgi [None req-147a2b1a-d929-43b0-b0c7-2b90e92e42f5 5edb02b4cb0444ef949b94b1de33b691 a00236af58484b30a93367345b3ac4d2 - - default default] 10.0.0.78 "PUT /v2.0/routers/a5357b9c-7385-47ec-8fd4-91ace2963e81/remove_router_interface HTTP/1.1" status: 404 len: 398 time: 0.0836127
2026-05-30 02:58:30.045 10 INFO neutron.wsgi [None req-2fe4b1de-4d2d-46fc-b4c5-6a10e46f20aa 5edb02b4cb0444ef949b94b1de33b691 a00236af58484b30a93367345b3ac4d2 - - default default] 10.0.0.78 "GET /v2.0/ports?device_id=a5357b9c-7385-47ec-8fd4-91ace2963e81 HTTP/1.1" status: 200 len: 205 time: 0.0171344
2026-05-30 02:58:30.400 10 INFO neutron.wsgi [None req-f1ae63bf-22ff-4b5b-b3a5-9be89c678474 9eb2f310824841a29e773504bcafc8bd 24ea2049646a411c8758c08dc586ee73 - - default default] 10.0.0.78 "DELETE /v2.0/ports/7094e7dc-4518-4498-b8af-4a2173f8e163 HTTP/1.1" status: 204 len: 168 time: 0.4361265
2026-05-30 02:58:30.414 10 INFO neutron.wsgi [None req-b5b49fe3-75ee-46f3-bccc-8b4b9cadf97a 5edb02b4cb0444ef949b94b1de33b691 a00236af58484b30a93367345b3ac4d2 - - default default] 10.0.0.78 "DELETE /v2.0/routers/a5357b9c-7385-47ec-8fd4-91ace2963e81 HTTP/1.1" status: 204 len: 168 time: 0.3634138
2026-05-30 02:58:30.442 10 INFO neutron.wsgi [None req-922a1d21-21ca-4698-8422-a16c9937981e 9eb2f310824841a29e773504bcafc8bd 24ea2049646a411c8758c08dc586ee73 - - default default] 10.0.0.78 "GET /v2.0/ports HTTP/1.1" status: 200 len: 1718 time: 0.0369959
2026-05-30 02:58:30.443 9 INFO neutron.db.ovn_revision_numbers_db [None req-df34f922-2fce-4583-a493-0be7bbdec3f8 88748d8d1190423592fbfdb275443ac7 31dd26b1b1f444dc8141bdabb0e4323a - - default default] Successfully bumped revision number for resource 658b1a74-135d-47f4-a8df-c0f9050d456b (type: floatingips) to 1
2026-05-30 02:58:30.457 10 WARNING neutron_lib.context [None req-a2e468db-f8da-4116-a798-64b9c2a66508 9eb2f310824841a29e773504bcafc8bd 24ea2049646a411c8758c08dc586ee73 - - default default] Method 'is_advsvc' is deprecated since 2023.2 release (neutron-lib 3.8.0) and will be removed once support for the old RBAC API policies will be removed from Neutron. Please use method 'is_service_role' instead.
2026-05-30 02:58:30.518 9 INFO neutron.notifiers.nova [-] Nova event matching ['req-09fcd614-6838-47ab-907f-a796cf210e17'] response: {'name': 'network-changed', 'server_uuid': '11b03dd1-4b1a-4af6-b541-109a96d95b1a', 'tag': '7f80eac2-9aeb-4818-a0f1-d8d086c1de66', 'status': 'completed', 'code': 200}
2026-05-30 02:58:30.547 10 INFO neutron.db.segments_db [None req-a2e468db-f8da-4116-a798-64b9c2a66508 9eb2f310824841a29e773504bcafc8bd 24ea2049646a411c8758c08dc586ee73 - - default default] Added segment 97913fd1-49eb-4a29-a0d1-83ae47be2176 of type geneve for network b1221228-3ec4-4442-8e1a-cef786b34134
2026-05-30 02:58:30.623 9 INFO neutron.wsgi [req-60194094-228a-41f1-9a7c-0ca48ac6e7e6 req-da63114a-ceb5-4f78-98d1-67c3435830ff e4846b997c244ad39ba985ef728c18b0 554117ef52094691863c2f76bcc47aea - - 086c14915e1744adb37f7df17ca4858a 086c14915e1744adb37f7df17ca4858a] 199.204.45.65 "GET /v2.0/ports?tenant_id=fb24dfb9fcae405ba59274f9b1e60101&device_id=11b03dd1-4b1a-4af6-b541-109a96d95b1a HTTP/1.1" status: 200 len: 1409 time: 0.0790761
2026-05-30 02:58:30.684 9 INFO neutron.db.ovn_revision_numbers_db [None req-df34f922-2fce-4583-a493-0be7bbdec3f8 88748d8d1190423592fbfdb275443ac7 31dd26b1b1f444dc8141bdabb0e4323a - - default default] Successfully bumped revision number for resource 658b1a74-135d-47f4-a8df-c0f9050d456b (type: floatingips) to 2
2026-05-30 02:58:30.696 10 INFO neutron.db.ovn_revision_numbers_db [None req-a2e468db-f8da-4116-a798-64b9c2a66508 9eb2f310824841a29e773504bcafc8bd 24ea2049646a411c8758c08dc586ee73 - - default default] Successfully bumped revision number for resource b1221228-3ec4-4442-8e1a-cef786b34134 (type: networks) to 1
2026-05-30 02:58:30.724 9 INFO neutron.wsgi [None req-df34f922-2fce-4583-a493-0be7bbdec3f8 88748d8d1190423592fbfdb275443ac7 31dd26b1b1f444dc8141bdabb0e4323a - - default default] 10.0.0.78 "PUT /v2.0/floatingips/658b1a74-135d-47f4-a8df-c0f9050d456b HTTP/1.1" status: 200 len: 1049 time: 1.1161137
2026-05-30 02:58:30.741 9 INFO neutron.wsgi [req-60194094-228a-41f1-9a7c-0ca48ac6e7e6 req-9c31b89d-3fa1-4671-8db4-c0d8f57ba2b3 e4846b997c244ad39ba985ef728c18b0 554117ef52094691863c2f76bcc47aea - - 086c14915e1744adb37f7df17ca4858a 086c14915e1744adb37f7df17ca4858a] 199.204.45.65 "GET /v2.0/networks?id=3c61650e-af13-48f4-b48e-8b9a1d825a8b HTTP/1.1" status: 200 len: 973 time: 0.1094668
2026-05-30 02:58:30.803 9 INFO neutron.wsgi [None req-9febc330-752c-4c0a-9bff-0a73f2a5eb65 5edb02b4cb0444ef949b94b1de33b691 a00236af58484b30a93367345b3ac4d2 - - default default] 10.0.0.78 "DELETE /v2.0/subnets/dab7644f-8d9e-4000-9095-5d7d0f420567 HTTP/1.1" status: 204 len: 168 time: 0.3822083
2026-05-30 02:58:30.834 9 INFO neutron.wsgi [req-b5466eb7-4b05-44f1-be1f-f176de418f57 req-124591c7-36e0-42cb-9165-ad10a3c1cef2 88748d8d1190423592fbfdb275443ac7 31dd26b1b1f444dc8141bdabb0e4323a - - default default] 10.0.0.31 "GET /v2.0/ports?device_id=6ec58eb4-aa1f-46da-85f0-8aca255990af HTTP/1.1" status: 200 len: 1170 time: 0.0546420
2026-05-30 02:58:30.837 9 INFO neutron.wsgi [req-60194094-228a-41f1-9a7c-0ca48ac6e7e6 req-871255ec-4dce-4c50-bc98-80e34e208aee e4846b997c244ad39ba985ef728c18b0 554117ef52094691863c2f76bcc47aea - - 086c14915e1744adb37f7df17ca4858a 086c14915e1744adb37f7df17ca4858a] 199.204.45.65 "GET /v2.0/floatingips?fixed_ip_address=10.100.0.3&port_id=7f80eac2-9aeb-4818-a0f1-d8d086c1de66 HTTP/1.1" status: 200 len: 1059 time: 0.0878346
2026-05-30 02:58:30.883 9 INFO neutron.wsgi [req-60194094-228a-41f1-9a7c-0ca48ac6e7e6 req-be3dc5ad-2bd1-4155-86aa-a429f82b9b56 e4846b997c244ad39ba985ef728c18b0 554117ef52094691863c2f76bcc47aea - - 086c14915e1744adb37f7df17ca4858a 086c14915e1744adb37f7df17ca4858a] 199.204.45.65 "GET /v2.0/subnets?id=a930e73f-b575-4174-a0d3-fc7838ed13a0 HTTP/1.1" status: 200 len: 868 time: 0.0401015
2026-05-30 02:58:30.891 9 INFO neutron.wsgi [req-b5466eb7-4b05-44f1-be1f-f176de418f57 req-c6f9a457-59d2-46bc-abca-6fb4a00f7a84 88748d8d1190423592fbfdb275443ac7 31dd26b1b1f444dc8141bdabb0e4323a - - default default] 10.0.0.31 "GET /v2.0/security-groups?id=349083dc-6633-4d15-b510-d0be292a47c6&fields=id&fields=name HTTP/1.1" status: 200 len: 313 time: 0.0423198
2026-05-30 02:58:30.902 10 WARNING neutron.scheduler.dhcp_agent_scheduler [None req-a2e468db-f8da-4116-a798-64b9c2a66508 9eb2f310824841a29e773504bcafc8bd 24ea2049646a411c8758c08dc586ee73 - - default default] No more DHCP agents
2026-05-30 02:58:30.911 10 WARNING neutron.api.rpc.agentnotifiers.dhcp_rpc_agent_api [None req-a2e468db-f8da-4116-a798-64b9c2a66508 9eb2f310824841a29e773504bcafc8bd 24ea2049646a411c8758c08dc586ee73 - - default default] Unable to schedule network b1221228-3ec4-4442-8e1a-cef786b34134: no agents available; will retry on subsequent port and subnet creation events.
2026-05-30 02:58:30.913 9 INFO neutron.wsgi [req-60194094-228a-41f1-9a7c-0ca48ac6e7e6 req-7d7273ec-4330-4787-a82f-806fbcff0b41 e4846b997c244ad39ba985ef728c18b0 554117ef52094691863c2f76bcc47aea - - 086c14915e1744adb37f7df17ca4858a 086c14915e1744adb37f7df17ca4858a] 199.204.45.65 "GET /v2.0/ports?network_id=3c61650e-af13-48f4-b48e-8b9a1d825a8b&device_owner=network%3Adhcp HTTP/1.1" status: 200 len: 210 time: 0.0217502
2026-05-30 02:58:30.985 9 INFO neutron.wsgi [req-60194094-228a-41f1-9a7c-0ca48ac6e7e6 req-6e63daa0-4572-4496-9df6-2efe53e92302 e4846b997c244ad39ba985ef728c18b0 554117ef52094691863c2f76bcc47aea - - 086c14915e1744adb37f7df17ca4858a 086c14915e1744adb37f7df17ca4858a] 199.204.45.65 "GET /v2.0/networks/3c61650e-af13-48f4-b48e-8b9a1d825a8b?fields=segments HTTP/1.1" status: 200 len: 212 time: 0.0635781
2026-05-30 02:58:31.036 10 INFO neutron.db.ovn_revision_numbers_db [None req-a2e468db-f8da-4116-a798-64b9c2a66508 9eb2f310824841a29e773504bcafc8bd 24ea2049646a411c8758c08dc586ee73 - - default default] Successfully bumped revision number for resource 6875e6db-2570-45d8-b9cb-d4f3095e4f13 (type: ports) to 1
2026-05-30 02:58:31.047 9 INFO neutron.wsgi [req-60194094-228a-41f1-9a7c-0ca48ac6e7e6 req-0625ec63-6474-4f8d-bc7a-3c61357dc3df e4846b997c244ad39ba985ef728c18b0 554117ef52094691863c2f76bcc47aea - - 086c14915e1744adb37f7df17ca4858a 086c14915e1744adb37f7df17ca4858a] 199.204.45.65 "GET /v2.0/networks/3c61650e-af13-48f4-b48e-8b9a1d825a8b?fields=provider%3Aphysical_network&fields=provider%3Anetwork_type HTTP/1.1" status: 200 len: 277 time: 0.0545905
2026-05-30 02:58:31.068 10 INFO neutron.wsgi [None req-a2e468db-f8da-4116-a798-64b9c2a66508 9eb2f310824841a29e773504bcafc8bd 24ea2049646a411c8758c08dc586ee73 - - default default] 10.0.0.78 "POST /v2.0/networks HTTP/1.1" status: 201 len: 849 time: 0.6170344
2026-05-30 02:58:31.078 10 WARNING neutron_lib.context [None req-f22d8801-47aa-4e17-abfc-c6ebe70fff54 9eb2f310824841a29e773504bcafc8bd 24ea2049646a411c8758c08dc586ee73 - - default default] Method 'is_advsvc' is deprecated since 2023.2 release (neutron-lib 3.8.0) and will be removed once support for the old RBAC API policies will be removed from Neutron. Please use method 'is_service_role' instead.
2026-05-30 02:58:31.195 10 INFO neutron.db.segments_db [None req-f22d8801-47aa-4e17-abfc-c6ebe70fff54 9eb2f310824841a29e773504bcafc8bd 24ea2049646a411c8758c08dc586ee73 - - default default] Added segment 9e7a9f63-6a52-4c1d-8c8b-5e6bb18e4c61 of type geneve for network 5c143c32-b1ea-4eba-be79-976e883bdef2
2026-05-30 02:58:31.243 10 INFO neutron.wsgi [req-3091a54f-1190-4643-807a-f8879f0536a3 req-897b65d8-683f-4f64-9189-ad2df8836182 88748d8d1190423592fbfdb275443ac7 31dd26b1b1f444dc8141bdabb0e4323a - - default default] 10.0.0.31 "GET /v2.0/ports?device_id=6ec58eb4-aa1f-46da-85f0-8aca255990af HTTP/1.1" status: 200 len: 1170 time: 0.0821993
2026-05-30 02:58:31.332 10 INFO neutron.services.segments.plugin [-] Segment 84e24821-1ccc-4f19-88d6-7650f560446e resource provider aggregate not found
2026-05-30 02:58:31.341 10 INFO neutron.services.segments.plugin [-] Segment 84e24821-1ccc-4f19-88d6-7650f560446e resource provider aggregate not found
2026-05-30 02:58:31.362 10 INFO neutron.services.segments.plugin [-] Segment 84e24821-1ccc-4f19-88d6-7650f560446e resource provider not found; error: Placement Client Error (4xx): {"errors": [{"status": 404, "title": "Not Found", "detail": "The resource could not be found.\n\n No resource provider with uuid 84e24821-1ccc-4f19-88d6-7650f560446e found for delete ", "request_id": "req-032307c5-8354-4b14-8c33-5c35114edfda"}]}
2026-05-30 02:58:31.373 10 INFO neutron.services.segments.plugin [-] Segment 84e24821-1ccc-4f19-88d6-7650f560446e resource provider not found; error: Placement Client Error (4xx): {"errors": [{"status": 404, "title": "Not Found", "detail": "The resource could not be found.\n\n No resource provider with uuid 84e24821-1ccc-4f19-88d6-7650f560446e found for delete ", "request_id": "req-6f598cc4-422d-40b1-b11b-407ff6a25c70"}]}
2026-05-30 02:58:31.384 10 INFO neutron.wsgi [req-3091a54f-1190-4643-807a-f8879f0536a3 req-4a1a0187-ca8d-4298-97a6-e592f2819f54 88748d8d1190423592fbfdb275443ac7 31dd26b1b1f444dc8141bdabb0e4323a - - default default] 10.0.0.31 "GET /v2.0/security-groups?id=349083dc-6633-4d15-b510-d0be292a47c6&fields=id&fields=name HTTP/1.1" status: 200 len: 313 time: 0.1319945
2026-05-30 02:58:31.443 10 INFO neutron.wsgi [None req-c798e0d7-d13f-4fe9-b9e9-232e74c28333 5edb02b4cb0444ef949b94b1de33b691 a00236af58484b30a93367345b3ac4d2 - - default default] 10.0.0.78 "DELETE /v2.0/networks/4de64290-ad5a-4029-904f-b928e6c2f8aa HTTP/1.1" status: 204 len: 168 time: 0.6345010
2026-05-30 02:58:31.459 9 WARNING neutron_lib.context [None req-8477f254-9d23-4619-b0ef-087527a6ece1 5edb02b4cb0444ef949b94b1de33b691 a00236af58484b30a93367345b3ac4d2 - - default default] Method 'is_advsvc' is deprecated since 2023.2 release (neutron-lib 3.8.0) and will be removed once support for the old RBAC API policies will be removed from Neutron. Please use method 'is_service_role' instead.
2026-05-30 02:58:31.459 10 INFO neutron.db.ovn_revision_numbers_db [None req-f22d8801-47aa-4e17-abfc-c6ebe70fff54 9eb2f310824841a29e773504bcafc8bd 24ea2049646a411c8758c08dc586ee73 - - default default] Successfully bumped revision number for resource 5c143c32-b1ea-4eba-be79-976e883bdef2 (type: networks) to 1
2026-05-30 02:58:31.528 9 INFO neutron.wsgi [req-f5be1da4-0025-4048-a04e-f6d2f41e5eea req-f06d93c2-0920-4066-9031-b57fbcee0cf1 88748d8d1190423592fbfdb275443ac7 31dd26b1b1f444dc8141bdabb0e4323a - - default default] 199.204.45.65 "GET /v2.0/ports?device_id=6ec58eb4-aa1f-46da-85f0-8aca255990af HTTP/1.1" status: 200 len: 1170 time: 0.0391555
2026-05-30 02:58:31.565 9 INFO neutron.db.segments_db [None req-8477f254-9d23-4619-b0ef-087527a6ece1 5edb02b4cb0444ef949b94b1de33b691 a00236af58484b30a93367345b3ac4d2 - - default default] Added segment 32dd8dc6-7db0-4604-b65b-c41c6760b113 of type geneve for network 0730bf5f-a288-4afb-b81e-b17496904575
2026-05-30 02:58:31.630 10 WARNING neutron.scheduler.dhcp_agent_scheduler [None req-f22d8801-47aa-4e17-abfc-c6ebe70fff54 9eb2f310824841a29e773504bcafc8bd 24ea2049646a411c8758c08dc586ee73 - - default default] No more DHCP agents
2026-05-30 02:58:31.632 10 WARNING neutron.api.rpc.agentnotifiers.dhcp_rpc_agent_api [None req-f22d8801-47aa-4e17-abfc-c6ebe70fff54 9eb2f310824841a29e773504bcafc8bd 24ea2049646a411c8758c08dc586ee73 - - default default] Unable to schedule network 5c143c32-b1ea-4eba-be79-976e883bdef2: no agents available; will retry on subsequent port and subnet creation events.
2026-05-30 02:58:31.722 10 INFO neutron.db.ovn_revision_numbers_db [None req-f22d8801-47aa-4e17-abfc-c6ebe70fff54 9eb2f310824841a29e773504bcafc8bd 24ea2049646a411c8758c08dc586ee73 - - default default] Successfully bumped revision number for resource 333abf1d-bfaa-4e28-910b-3e436a8e1e26 (type: ports) to 1
2026-05-30 02:58:31.743 10 INFO neutron.wsgi [None req-f22d8801-47aa-4e17-abfc-c6ebe70fff54 9eb2f310824841a29e773504bcafc8bd 24ea2049646a411c8758c08dc586ee73 - - default default] 10.0.0.78 "POST /v2.0/networks HTTP/1.1" status: 201 len: 849 time: 0.6699088
2026-05-30 02:58:31.788 10 WARNING neutron_lib.context [None req-ede70fd3-538b-46fc-9dc5-5927f40a35c3 9eb2f310824841a29e773504bcafc8bd 24ea2049646a411c8758c08dc586ee73 - - default default] Method 'is_advsvc' is deprecated since 2023.2 release (neutron-lib 3.8.0) and will be removed once support for the old RBAC API policies will be removed from Neutron. Please use method 'is_service_role' instead.
2026-05-30 02:58:31.790 9 INFO neutron.db.ovn_revision_numbers_db [None req-8477f254-9d23-4619-b0ef-087527a6ece1 5edb02b4cb0444ef949b94b1de33b691 a00236af58484b30a93367345b3ac4d2 - - default default] Successfully bumped revision number for resource 0730bf5f-a288-4afb-b81e-b17496904575 (type: networks) to 1
2026-05-30 02:58:31.834 10 WARNING neutron_lib.context [None req-ede70fd3-538b-46fc-9dc5-5927f40a35c3 9eb2f310824841a29e773504bcafc8bd 24ea2049646a411c8758c08dc586ee73 - - default default] Method 'is_advsvc' is deprecated since 2023.2 release (neutron-lib 3.8.0) and will be removed once support for the old RBAC API policies will be removed from Neutron. Please use method 'is_service_role' instead.
2026-05-30 02:58:31.982 9 INFO neutron.db.l3_db [req-f5be1da4-0025-4048-a04e-f6d2f41e5eea req-8f7f3060-031c-4267-b304-75c610cda1ae 88748d8d1190423592fbfdb275443ac7 31dd26b1b1f444dc8141bdabb0e4323a - - default default] Floating IP 658b1a74-135d-47f4-a8df-c0f9050d456b disassociated. External IP: 10.96.250.217, port: 17afe4e5-d043-46c2-be1b-7166074e1193.
2026-05-30 02:58:32.035 9 WARNING neutron.scheduler.dhcp_agent_scheduler [None req-8477f254-9d23-4619-b0ef-087527a6ece1 5edb02b4cb0444ef949b94b1de33b691 a00236af58484b30a93367345b3ac4d2 - - default default] No more DHCP agents
2026-05-30 02:58:32.039 9 WARNING neutron.api.rpc.agentnotifiers.dhcp_rpc_agent_api [None req-8477f254-9d23-4619-b0ef-087527a6ece1 5edb02b4cb0444ef949b94b1de33b691 a00236af58484b30a93367345b3ac4d2 - - default default] Unable to schedule network 0730bf5f-a288-4afb-b81e-b17496904575: no agents available; will retry on subsequent port and subnet creation events.
2026-05-30 02:58:32.140 9 INFO neutron.db.ovn_revision_numbers_db [None req-8477f254-9d23-4619-b0ef-087527a6ece1 5edb02b4cb0444ef949b94b1de33b691 a00236af58484b30a93367345b3ac4d2 - - default default] Successfully bumped revision number for resource 717d5ed9-f00e-464a-b23b-7e00dbbe3fd6 (type: ports) to 1
2026-05-30 02:58:32.163 9 INFO neutron.wsgi [None req-8477f254-9d23-4619-b0ef-087527a6ece1 5edb02b4cb0444ef949b94b1de33b691 a00236af58484b30a93367345b3ac4d2 - - default default] 10.0.0.78 "POST /v2.0/networks HTTP/1.1" status: 201 len: 829 time: 0.7127635
2026-05-30 02:58:32.173 10 WARNING neutron_lib.context [None req-65dc8090-c1db-4f97-8ca7-2f0994bcc234 5edb02b4cb0444ef949b94b1de33b691 a00236af58484b30a93367345b3ac4d2 - - default default] Method 'is_advsvc' is deprecated since 2023.2 release (neutron-lib 3.8.0) and will be removed once support for the old RBAC API policies will be removed from Neutron. Please use method 'is_service_role' instead.
2026-05-30 02:58:32.195 9 INFO neutron.wsgi [req-f5be1da4-0025-4048-a04e-f6d2f41e5eea req-8f7f3060-031c-4267-b304-75c610cda1ae 88748d8d1190423592fbfdb275443ac7 31dd26b1b1f444dc8141bdabb0e4323a - - default default] 199.204.45.65 "DELETE /v2.0/ports/17afe4e5-d043-46c2-be1b-7166074e1193 HTTP/1.1" status: 204 len: 173 time: 0.6615126
2026-05-30 02:58:32.271 10 WARNING neutron.scheduler.dhcp_agent_scheduler [None req-ede70fd3-538b-46fc-9dc5-5927f40a35c3 9eb2f310824841a29e773504bcafc8bd 24ea2049646a411c8758c08dc586ee73 - - default default] No more DHCP agents
2026-05-30 02:58:32.275 10 WARNING neutron.api.rpc.agentnotifiers.dhcp_rpc_agent_api [None req-ede70fd3-538b-46fc-9dc5-5927f40a35c3 9eb2f310824841a29e773504bcafc8bd 24ea2049646a411c8758c08dc586ee73 - - default default] Unable to schedule network b1221228-3ec4-4442-8e1a-cef786b34134: no agents available; will retry on subsequent port and subnet creation events.
2026-05-30 02:58:32.491 9 INFO neutron.wsgi [req-90ec2e6a-d2a6-4660-9d58-6dfa04144073 req-13619ea1-6c8a-4bfc-b74b-5760fe2fc8ed 88748d8d1190423592fbfdb275443ac7 31dd26b1b1f444dc8141bdabb0e4323a - - default default] 10.0.0.31 "GET /v2.0/ports?device_id=6ec58eb4-aa1f-46da-85f0-8aca255990af HTTP/1.1" status: 200 len: 210 time: 0.0233061
2026-05-30 02:58:32.510 10 WARNING neutron.scheduler.dhcp_agent_scheduler [None req-65dc8090-c1db-4f97-8ca7-2f0994bcc234 5edb02b4cb0444ef949b94b1de33b691 a00236af58484b30a93367345b3ac4d2 - - default default] No more DHCP agents
2026-05-30 02:58:32.514 10 WARNING neutron.api.rpc.agentnotifiers.dhcp_rpc_agent_api [None req-65dc8090-c1db-4f97-8ca7-2f0994bcc234 5edb02b4cb0444ef949b94b1de33b691 a00236af58484b30a93367345b3ac4d2 - - default default] Unable to schedule network 0730bf5f-a288-4afb-b81e-b17496904575: no agents available; will retry on subsequent port and subnet creation events.
2026-05-30 02:58:32.560 9 INFO neutron.notifiers.nova [-] Nova event matching ['req-e15f4dfe-1ff9-4a16-879b-abf4c1b640a4'] response: {'name': 'network-changed', 'server_uuid': '6ec58eb4-aa1f-46da-85f0-8aca255990af', 'tag': '17afe4e5-d043-46c2-be1b-7166074e1193', 'status': 'completed', 'code': 200}
2026-05-30 02:58:32.560 9 INFO neutron.notifiers.nova [-] Nova event matching ['req-e15f4dfe-1ff9-4a16-879b-abf4c1b640a4'] response: {'server_uuid': '6ec58eb4-aa1f-46da-85f0-8aca255990af', 'name': 'network-vif-deleted', 'tag': '17afe4e5-d043-46c2-be1b-7166074e1193', 'status': 'completed', 'code': 200}
2026-05-30 02:58:32.587 9 INFO neutron.wsgi [req-066a4897-3f43-4c6b-aa9f-2d799592ef4c req-4a856a15-da88-42b6-919f-ce1e34df45aa e4846b997c244ad39ba985ef728c18b0 554117ef52094691863c2f76bcc47aea - - 086c14915e1744adb37f7df17ca4858a 086c14915e1744adb37f7df17ca4858a] 199.204.45.65 "GET /v2.0/ports?tenant_id=31dd26b1b1f444dc8141bdabb0e4323a&device_id=6ec58eb4-aa1f-46da-85f0-8aca255990af HTTP/1.1" status: 200 len: 210 time: 0.0221946
2026-05-30 02:58:32.684 9 WARNING neutron.plugins.ml2.drivers.ovn.mech_driver.ovsdb.ovn_client [None req-aac1a681-d7ab-412f-a4f5-58a54f6b1fdb - - - - - -] No port found with ID cca74210-469b-4726-8b3f-355a6d8719f3: RuntimeError: No port found with ID cca74210-469b-4726-8b3f-355a6d8719f3
2026-05-30 02:58:32.753 9 INFO neutron.plugins.ml2.drivers.ovn.mech_driver.mech_driver [None req-aac1a681-d7ab-412f-a4f5-58a54f6b1fdb - - - - - -] OVN reports status down for port: 17afe4e5-d043-46c2-be1b-7166074e1193
2026-05-30 02:58:32.805 9 INFO neutron.wsgi [req-066a4897-3f43-4c6b-aa9f-2d799592ef4c req-3dfa749f-52e3-4dc2-8553-507d64181ae1 e4846b997c244ad39ba985ef728c18b0 554117ef52094691863c2f76bcc47aea - - 086c14915e1744adb37f7df17ca4858a 086c14915e1744adb37f7df17ca4858a] 199.204.45.65 "GET /v2.0/networks?tenant_id=31dd26b1b1f444dc8141bdabb0e4323a&shared=False HTTP/1.1" status: 200 len: 967 time: 0.2131093 /var/lib/openstack/lib/python3.10/site-packages/pycadf/identifier.py:71: UserWarning: Invalid uuid: neutron. To ensure interoperability, identifiers should be a valid uuid. warnings.warn(('Invalid uuid: %s. To ensure interoperability, '
2026-05-30 02:58:32.906 9 INFO neutron.wsgi [req-066a4897-3f43-4c6b-aa9f-2d799592ef4c req-358d6320-a51d-4b1c-b073-4021ee85ed7a e4846b997c244ad39ba985ef728c18b0 554117ef52094691863c2f76bcc47aea - - 086c14915e1744adb37f7df17ca4858a 086c14915e1744adb37f7df17ca4858a] 199.204.45.65 "GET /v2.0/networks?shared=True HTTP/1.1" status: 200 len: 952 time: 0.0934563
2026-05-30 02:58:33.180 10 INFO neutron.db.ovn_revision_numbers_db [None req-ede70fd3-538b-46fc-9dc5-5927f40a35c3 9eb2f310824841a29e773504bcafc8bd 24ea2049646a411c8758c08dc586ee73 - - default default] Successfully bumped revision number for resource 6875e6db-2570-45d8-b9cb-d4f3095e4f13 (type: ports) to 2
2026-05-30 02:58:33.232 10 INFO neutron.db.ovn_revision_numbers_db [None req-ede70fd3-538b-46fc-9dc5-5927f40a35c3 9eb2f310824841a29e773504bcafc8bd 24ea2049646a411c8758c08dc586ee73 - - default default] Successfully bumped revision number for resource d3bec79d-d053-4fc2-9191-ebed9cc9ec9c (type: subnets) to 0
2026-05-30 02:58:33.270 10 WARNING neutron.scheduler.dhcp_agent_scheduler [None req-ede70fd3-538b-46fc-9dc5-5927f40a35c3 9eb2f310824841a29e773504bcafc8bd 24ea2049646a411c8758c08dc586ee73 - - default default] No more DHCP agents
2026-05-30 02:58:33.273 10 WARNING neutron.api.rpc.agentnotifiers.dhcp_rpc_agent_api [None req-ede70fd3-538b-46fc-9dc5-5927f40a35c3 9eb2f310824841a29e773504bcafc8bd 24ea2049646a411c8758c08dc586ee73 - - default default] Unable to schedule network 5c143c32-b1ea-4eba-be79-976e883bdef2: no agents available; will retry on subsequent port and subnet creation events.
2026-05-30 02:58:33.376 10 INFO neutron.db.ovn_revision_numbers_db [None req-65dc8090-c1db-4f97-8ca7-2f0994bcc234 5edb02b4cb0444ef949b94b1de33b691 a00236af58484b30a93367345b3ac4d2 - - default default] Successfully bumped revision number for resource 717d5ed9-f00e-464a-b23b-7e00dbbe3fd6 (type: ports) to 2
2026-05-30 02:58:33.433 10 INFO neutron.db.ovn_revision_numbers_db [None req-65dc8090-c1db-4f97-8ca7-2f0994bcc234 5edb02b4cb0444ef949b94b1de33b691 a00236af58484b30a93367345b3ac4d2 - - default default] Successfully bumped revision number for resource 3bc18940-3276-46c0-bbfb-42266743f29f (type: subnets) to 0
2026-05-30 02:58:33.451 10 INFO neutron.wsgi [None req-65dc8090-c1db-4f97-8ca7-2f0994bcc234 5edb02b4cb0444ef949b94b1de33b691 a00236af58484b30a93367345b3ac4d2 - - default default] 10.0.0.78 "POST /v2.0/subnets HTTP/1.1" status: 201 len: 801 time: 1.2831066
2026-05-30 02:58:33.468 9 WARNING neutron_lib.context [None req-e3e18d7e-b518-4a0a-ad72-dcdaaf6f5b09 5edb02b4cb0444ef949b94b1de33b691 a00236af58484b30a93367345b3ac4d2 - - default default] Method 'is_advsvc' is deprecated since 2023.2 release (neutron-lib 3.8.0) and will be removed once support for the old RBAC API policies will be removed from Neutron. Please use method 'is_service_role' instead.
2026-05-30 02:58:33.628 9 INFO neutron.db.ovn_revision_numbers_db [None req-e3e18d7e-b518-4a0a-ad72-dcdaaf6f5b09 5edb02b4cb0444ef949b94b1de33b691 a00236af58484b30a93367345b3ac4d2 - - default default] Successfully bumped revision number for resource 05662705-b7c2-48a5-885d-76454c20fc1a (type: routers) to 1
2026-05-30 02:58:33.641 9 INFO neutron.wsgi [None req-e3e18d7e-b518-4a0a-ad72-dcdaaf6f5b09 5edb02b4cb0444ef949b94b1de33b691 a00236af58484b30a93367345b3ac4d2 - - default default] 10.0.0.78 "POST /v2.0/routers HTTP/1.1" status: 201 len: 686 time: 0.1830411
2026-05-30 02:58:33.779 10 INFO neutron.wsgi [None req-05d50ab1-99f5-43df-bcd4-f72b5addffce 88748d8d1190423592fbfdb275443ac7 31dd26b1b1f444dc8141bdabb0e4323a - - default default] 10.0.0.78 "DELETE /v2.0/security-groups/349083dc-6633-4d15-b510-d0be292a47c6 HTTP/1.1" status: 204 len: 168 time: 0.1975663
2026-05-30 02:58:33.795 10 INFO neutron.api.v2.resource [None req-1c9ab326-b439-4cc6-8d28-23777b693710 88748d8d1190423592fbfdb275443ac7 31dd26b1b1f444dc8141bdabb0e4323a - - default default] show failed (client error): The resource could not be found.
2026-05-30 02:58:33.796 10 INFO neutron.wsgi [None req-1c9ab326-b439-4cc6-8d28-23777b693710 88748d8d1190423592fbfdb275443ac7 31dd26b1b1f444dc8141bdabb0e4323a - - default default] 10.0.0.78 "GET /v2.0/security-groups/349083dc-6633-4d15-b510-d0be292a47c6 HTTP/1.1" status: 404 len: 347 time: 0.0123949
2026-05-30 02:58:33.938 10 INFO neutron.db.ovn_revision_numbers_db [None req-ede70fd3-538b-46fc-9dc5-5927f40a35c3 9eb2f310824841a29e773504bcafc8bd 24ea2049646a411c8758c08dc586ee73 - - default default] Successfully bumped revision number for resource 333abf1d-bfaa-4e28-910b-3e436a8e1e26 (type: ports) to 2
2026-05-30 02:58:34.017 10 INFO neutron.db.ovn_revision_numbers_db [None req-ede70fd3-538b-46fc-9dc5-5927f40a35c3 9eb2f310824841a29e773504bcafc8bd 24ea2049646a411c8758c08dc586ee73 - - default default] Successfully bumped revision number for resource eb358649-152b-4b7c-a8aa-580f8a4c0a84 (type: subnets) to 0
2026-05-30 02:58:34.070 10 INFO neutron.wsgi [None req-ede70fd3-538b-46fc-9dc5-5927f40a35c3 9eb2f310824841a29e773504bcafc8bd 24ea2049646a411c8758c08dc586ee73 - - default default] 10.0.0.78 "POST /v2.0/subnets HTTP/1.1" status: 201 len: 1426 time: 2.2909608
2026-05-30 02:58:34.158 9 INFO neutron.wsgi [None req-bcd46410-4299-4a22-bfaf-5ac2df53bc87 9eb2f310824841a29e773504bcafc8bd 24ea2049646a411c8758c08dc586ee73 - - default default] 10.0.0.78 "GET /v2.0/subnets HTTP/1.1" status: 200 len: 2034 time: 0.0795703
2026-05-30 02:58:34.320 9 WARNING neutron.scheduler.dhcp_agent_scheduler [None req-3bc49cba-246d-43e5-b7ec-b64325ee4c69 5edb02b4cb0444ef949b94b1de33b691 a00236af58484b30a93367345b3ac4d2 - - default default] No more DHCP agents
2026-05-30 02:58:34.322 9 WARNING neutron.api.rpc.agentnotifiers.dhcp_rpc_agent_api [None req-3bc49cba-246d-43e5-b7ec-b64325ee4c69 5edb02b4cb0444ef949b94b1de33b691 a00236af58484b30a93367345b3ac4d2 - - default default] Unable to schedule network 0730bf5f-a288-4afb-b81e-b17496904575: no agents available; will retry on subsequent port and subnet creation events.
2026-05-30 02:58:34.332 10 INFO neutron.wsgi [None req-8db5cc45-2e58-4771-889f-e742f1164a4d 88748d8d1190423592fbfdb275443ac7 31dd26b1b1f444dc8141bdabb0e4323a - - default default] 10.0.0.78 "DELETE /v2.0/floatingips/658b1a74-135d-47f4-a8df-c0f9050d456b HTTP/1.1" status: 204 len: 168 time: 0.5279775
2026-05-30 02:58:34.439 10 INFO neutron.wsgi [None req-4ad9223d-c96a-4f51-88ed-79e8ccb9ce46 9eb2f310824841a29e773504bcafc8bd 24ea2049646a411c8758c08dc586ee73 - - default default] 10.0.0.78 "DELETE /v2.0/subnets/d3bec79d-d053-4fc2-9191-ebed9cc9ec9c HTTP/1.1" status: 204 len: 168 time: 0.2731948
