2026-05-30 02:57:16.804 10 INFO neutron.db.ovn_revision_numbers_db [None req-d4704047-9438-4129-854f-973d848027a3 0aa8b3db02e844fea94f41a4e43dcbf5 68ad9cc310aa4c6db3ebe292785ea6b4 - - default default] Successfully bumped revision number for resource 8af25078-991d-45f3-b303-33b2935b92e5 (type: networks) to 1
2026-05-30 02:57:16.969 10 WARNING neutron.scheduler.dhcp_agent_scheduler [None req-d4704047-9438-4129-854f-973d848027a3 0aa8b3db02e844fea94f41a4e43dcbf5 68ad9cc310aa4c6db3ebe292785ea6b4 - - default default] No more DHCP agents
2026-05-30 02:57:16.970 9 INFO neutron.db.ovn_revision_numbers_db [None req-2a20b226-554b-47ae-ba78-ca194e56b609 0aa8b3db02e844fea94f41a4e43dcbf5 68ad9cc310aa4c6db3ebe292785ea6b4 - - default default] Successfully bumped revision number for resource e06cd366-4e8d-45c4-bbb9-33c82f900107 (type: networks) to 1
2026-05-30 02:57:16.971 10 WARNING neutron.api.rpc.agentnotifiers.dhcp_rpc_agent_api [None req-d4704047-9438-4129-854f-973d848027a3 0aa8b3db02e844fea94f41a4e43dcbf5 68ad9cc310aa4c6db3ebe292785ea6b4 - - default default] Unable to schedule network 8af25078-991d-45f3-b303-33b2935b92e5: no agents available; will retry on subsequent port and subnet creation events.
2026-05-30 02:57:16.991 9 INFO neutron.db.ovn_revision_numbers_db [None req-3f514971-3b38-4be8-81c3-ffafc1f8f4e7 0aa8b3db02e844fea94f41a4e43dcbf5 68ad9cc310aa4c6db3ebe292785ea6b4 - - default default] Successfully bumped revision number for resource 9a5eb5d4-ac20-4fb0-a7ef-c570252c2d97 (type: networks) to 1
2026-05-30 02:57:17.106 10 INFO neutron.db.ovn_revision_numbers_db [None req-d4704047-9438-4129-854f-973d848027a3 0aa8b3db02e844fea94f41a4e43dcbf5 68ad9cc310aa4c6db3ebe292785ea6b4 - - default default] Successfully bumped revision number for resource 00695fa6-0327-4ca5-b620-242171b19d55 (type: ports) to 1
2026-05-30 02:57:17.129 10 INFO neutron.wsgi [None req-d4704047-9438-4129-854f-973d848027a3 0aa8b3db02e844fea94f41a4e43dcbf5 68ad9cc310aa4c6db3ebe292785ea6b4 - - default default] 10.0.0.78 "POST /v2.0/networks HTTP/1.1" status: 201 len: 946 time: 0.8316784
2026-05-30 02:57:17.195 9 WARNING neutron.scheduler.dhcp_agent_scheduler [None req-2a20b226-554b-47ae-ba78-ca194e56b609 0aa8b3db02e844fea94f41a4e43dcbf5 68ad9cc310aa4c6db3ebe292785ea6b4 - - default default] No more DHCP agents
2026-05-30 02:57:17.201 9 WARNING neutron.api.rpc.agentnotifiers.dhcp_rpc_agent_api [None req-2a20b226-554b-47ae-ba78-ca194e56b609 0aa8b3db02e844fea94f41a4e43dcbf5 68ad9cc310aa4c6db3ebe292785ea6b4 - - default default] Unable to schedule network e06cd366-4e8d-45c4-bbb9-33c82f900107: no agents available; will retry on subsequent port and subnet creation events.
2026-05-30 02:57:17.232 9 WARNING neutron.scheduler.dhcp_agent_scheduler [None req-3f514971-3b38-4be8-81c3-ffafc1f8f4e7 0aa8b3db02e844fea94f41a4e43dcbf5 68ad9cc310aa4c6db3ebe292785ea6b4 - - default default] No more DHCP agents
2026-05-30 02:57:17.238 9 WARNING neutron.api.rpc.agentnotifiers.dhcp_rpc_agent_api [None req-3f514971-3b38-4be8-81c3-ffafc1f8f4e7 0aa8b3db02e844fea94f41a4e43dcbf5 68ad9cc310aa4c6db3ebe292785ea6b4 - - default default] Unable to schedule network 9a5eb5d4-ac20-4fb0-a7ef-c570252c2d97: no agents available; will retry on subsequent port and subnet creation events.
2026-05-30 02:57:17.280 10 WARNING neutron.scheduler.dhcp_agent_scheduler [None req-bee7fd20-97dc-48b5-a1a4-63025cd33985 0aa8b3db02e844fea94f41a4e43dcbf5 68ad9cc310aa4c6db3ebe292785ea6b4 - - default default] No more DHCP agents
2026-05-30 02:57:17.282 10 WARNING neutron.api.rpc.agentnotifiers.dhcp_rpc_agent_api [None req-bee7fd20-97dc-48b5-a1a4-63025cd33985 0aa8b3db02e844fea94f41a4e43dcbf5 68ad9cc310aa4c6db3ebe292785ea6b4 - - default default] Unable to schedule network 8af25078-991d-45f3-b303-33b2935b92e5: no agents available; will retry on subsequent port and subnet creation events.
2026-05-30 02:57:17.341 9 INFO neutron.db.ovn_revision_numbers_db [None req-2a20b226-554b-47ae-ba78-ca194e56b609 0aa8b3db02e844fea94f41a4e43dcbf5 68ad9cc310aa4c6db3ebe292785ea6b4 - - default default] Successfully bumped revision number for resource 1f09d28a-f5e4-4dfa-b67f-4bd1ea30a136 (type: ports) to 1
2026-05-30 02:57:17.372 9 INFO neutron.db.ovn_revision_numbers_db [None req-89d075d2-245e-4e4f-aa54-aa2d921ed48c 0aa8b3db02e844fea94f41a4e43dcbf5 68ad9cc310aa4c6db3ebe292785ea6b4 - - default default] Successfully bumped revision number for resource cba93a0c-6afa-4e68-9138-a49a30288482 (type: security_groups) to 1
2026-05-30 02:57:17.376 9 INFO neutron.wsgi [None req-2a20b226-554b-47ae-ba78-ca194e56b609 0aa8b3db02e844fea94f41a4e43dcbf5 68ad9cc310aa4c6db3ebe292785ea6b4 - - default default] 10.0.0.78 "POST /v2.0/networks HTTP/1.1" status: 201 len: 948 time: 1.0761983
2026-05-30 02:57:17.390 9 INFO neutron.db.ovn_revision_numbers_db [None req-3f514971-3b38-4be8-81c3-ffafc1f8f4e7 0aa8b3db02e844fea94f41a4e43dcbf5 68ad9cc310aa4c6db3ebe292785ea6b4 - - default default] Successfully bumped revision number for resource eac7e939-d541-4d74-a823-fa1250ad2fc7 (type: ports) to 1
2026-05-30 02:57:17.403 9 INFO neutron.db.ovn_revision_numbers_db [None req-89d075d2-245e-4e4f-aa54-aa2d921ed48c 0aa8b3db02e844fea94f41a4e43dcbf5 68ad9cc310aa4c6db3ebe292785ea6b4 - - default default] Successfully bumped revision number for resource 04b8411d-8985-41bc-9707-5be61dda52e0 (type: security_group_rules) to 0
2026-05-30 02:57:17.422 9 INFO neutron.wsgi [None req-3f514971-3b38-4be8-81c3-ffafc1f8f4e7 0aa8b3db02e844fea94f41a4e43dcbf5 68ad9cc310aa4c6db3ebe292785ea6b4 - - default default] 10.0.0.78 "POST /v2.0/networks HTTP/1.1" status: 201 len: 951 time: 1.0781901
2026-05-30 02:57:17.424 9 INFO neutron.db.ovn_revision_numbers_db [None req-89d075d2-245e-4e4f-aa54-aa2d921ed48c 0aa8b3db02e844fea94f41a4e43dcbf5 68ad9cc310aa4c6db3ebe292785ea6b4 - - default default] Successfully bumped revision number for resource 0dcee1db-7fb3-45df-9c9c-79fa55e4cb01 (type: security_group_rules) to 0
2026-05-30 02:57:17.445 9 INFO neutron.db.ovn_revision_numbers_db [None req-89d075d2-245e-4e4f-aa54-aa2d921ed48c 0aa8b3db02e844fea94f41a4e43dcbf5 68ad9cc310aa4c6db3ebe292785ea6b4 - - default default] Successfully bumped revision number for resource 40ac03e8-7d9b-4e7a-a7ed-9bac9662b72f (type: security_group_rules) to 0
2026-05-30 02:57:17.462 9 INFO neutron.db.ovn_revision_numbers_db [None req-89d075d2-245e-4e4f-aa54-aa2d921ed48c 0aa8b3db02e844fea94f41a4e43dcbf5 68ad9cc310aa4c6db3ebe292785ea6b4 - - default default] Successfully bumped revision number for resource 74512e91-5772-43bd-80e2-4b105bc2e57e (type: security_group_rules) to 0
2026-05-30 02:57:17.495 9 INFO neutron.wsgi [None req-89d075d2-245e-4e4f-aa54-aa2d921ed48c 0aa8b3db02e844fea94f41a4e43dcbf5 68ad9cc310aa4c6db3ebe292785ea6b4 - - default default] 10.0.0.78 "GET /v2.0/security-groups?tenant_id=d8314849945c4494af65a00f9881009f&name=default HTTP/1.1" status: 200 len: 2992 time: 0.4339464
2026-05-30 02:57:17.562 9 WARNING neutron.scheduler.dhcp_agent_scheduler [None req-6303cb1d-5010-41c9-a722-d876fc6e4acc 0aa8b3db02e844fea94f41a4e43dcbf5 68ad9cc310aa4c6db3ebe292785ea6b4 - - default default] No more DHCP agents
2026-05-30 02:57:17.564 9 WARNING neutron.api.rpc.agentnotifiers.dhcp_rpc_agent_api [None req-6303cb1d-5010-41c9-a722-d876fc6e4acc 0aa8b3db02e844fea94f41a4e43dcbf5 68ad9cc310aa4c6db3ebe292785ea6b4 - - default default] Unable to schedule network e06cd366-4e8d-45c4-bbb9-33c82f900107: no agents available; will retry on subsequent port and subnet creation events.
2026-05-30 02:57:17.633 10 WARNING neutron.scheduler.dhcp_agent_scheduler [None req-9ae54563-03dc-4ba7-90b5-de67d3a3e7e2 0aa8b3db02e844fea94f41a4e43dcbf5 68ad9cc310aa4c6db3ebe292785ea6b4 - - default default] No more DHCP agents
2026-05-30 02:57:17.649 10 WARNING neutron.api.rpc.agentnotifiers.dhcp_rpc_agent_api [None req-9ae54563-03dc-4ba7-90b5-de67d3a3e7e2 0aa8b3db02e844fea94f41a4e43dcbf5 68ad9cc310aa4c6db3ebe292785ea6b4 - - default default] Unable to schedule network 9a5eb5d4-ac20-4fb0-a7ef-c570252c2d97: no agents available; will retry on subsequent port and subnet creation events.
2026-05-30 02:57:17.812 9 INFO neutron.wsgi [None req-1cb763a9-db86-4dd9-ae55-b00be3d0c451 0aa8b3db02e844fea94f41a4e43dcbf5 68ad9cc310aa4c6db3ebe292785ea6b4 - - default default] 10.0.0.78 "DELETE /v2.0/security-groups/cba93a0c-6afa-4e68-9138-a49a30288482 HTTP/1.1" status: 204 len: 168 time: 0.3115845
2026-05-30 02:57:17.934 10 INFO neutron.db.ovn_revision_numbers_db [None req-bee7fd20-97dc-48b5-a1a4-63025cd33985 0aa8b3db02e844fea94f41a4e43dcbf5 68ad9cc310aa4c6db3ebe292785ea6b4 - - default default] Successfully bumped revision number for resource 00695fa6-0327-4ca5-b620-242171b19d55 (type: ports) to 2
2026-05-30 02:57:17.993 10 INFO neutron.db.ovn_revision_numbers_db [None req-bee7fd20-97dc-48b5-a1a4-63025cd33985 0aa8b3db02e844fea94f41a4e43dcbf5 68ad9cc310aa4c6db3ebe292785ea6b4 - - default default] Successfully bumped revision number for resource 19d69828-92c4-417a-acce-4a7837c20356 (type: subnets) to 0
2026-05-30 02:57:18.013 10 INFO neutron.wsgi [None req-bee7fd20-97dc-48b5-a1a4-63025cd33985 0aa8b3db02e844fea94f41a4e43dcbf5 68ad9cc310aa4c6db3ebe292785ea6b4 - - default default] 10.0.0.78 "POST /v2.0/subnets HTTP/1.1" status: 201 len: 866 time: 0.8785770
2026-05-30 02:57:18.106 9 INFO neutron.db.ovn_revision_numbers_db [None req-6303cb1d-5010-41c9-a722-d876fc6e4acc 0aa8b3db02e844fea94f41a4e43dcbf5 68ad9cc310aa4c6db3ebe292785ea6b4 - - default default] Successfully bumped revision number for resource 1f09d28a-f5e4-4dfa-b67f-4bd1ea30a136 (type: ports) to 2
2026-05-30 02:57:18.138 9 INFO neutron.db.ovn_revision_numbers_db [None req-6303cb1d-5010-41c9-a722-d876fc6e4acc 0aa8b3db02e844fea94f41a4e43dcbf5 68ad9cc310aa4c6db3ebe292785ea6b4 - - default default] Successfully bumped revision number for resource 1978b70d-a777-47ee-9272-7a649f2d1668 (type: subnets) to 0
2026-05-30 02:57:18.154 9 INFO neutron.wsgi [None req-6303cb1d-5010-41c9-a722-d876fc6e4acc 0aa8b3db02e844fea94f41a4e43dcbf5 68ad9cc310aa4c6db3ebe292785ea6b4 - - default default] 10.0.0.78 "POST /v2.0/subnets HTTP/1.1" status: 201 len: 868 time: 0.7709887
2026-05-30 02:57:18.436 10 INFO neutron.db.ovn_revision_numbers_db [None req-9ae54563-03dc-4ba7-90b5-de67d3a3e7e2 0aa8b3db02e844fea94f41a4e43dcbf5 68ad9cc310aa4c6db3ebe292785ea6b4 - - default default] Successfully bumped revision number for resource eac7e939-d541-4d74-a823-fa1250ad2fc7 (type: ports) to 2
2026-05-30 02:57:18.505 10 INFO neutron.db.ovn_revision_numbers_db [None req-9ae54563-03dc-4ba7-90b5-de67d3a3e7e2 0aa8b3db02e844fea94f41a4e43dcbf5 68ad9cc310aa4c6db3ebe292785ea6b4 - - default default] Successfully bumped revision number for resource 28c3d761-c84e-4e7a-a275-73d35fc6a7a5 (type: subnets) to 0
2026-05-30 02:57:18.522 10 INFO neutron.wsgi [None req-9ae54563-03dc-4ba7-90b5-de67d3a3e7e2 0aa8b3db02e844fea94f41a4e43dcbf5 68ad9cc310aa4c6db3ebe292785ea6b4 - - default default] 10.0.0.78 "POST /v2.0/subnets HTTP/1.1" status: 201 len: 871 time: 1.0933952
2026-05-30 02:57:18.644 10 WARNING neutron.scheduler.dhcp_agent_scheduler [None req-d2aed7f8-a34d-457e-ab7e-e72e9aabdb88 0aa8b3db02e844fea94f41a4e43dcbf5 68ad9cc310aa4c6db3ebe292785ea6b4 - - default default] No more DHCP agents
2026-05-30 02:57:18.646 10 WARNING neutron.api.rpc.agentnotifiers.dhcp_rpc_agent_api [None req-d2aed7f8-a34d-457e-ab7e-e72e9aabdb88 0aa8b3db02e844fea94f41a4e43dcbf5 68ad9cc310aa4c6db3ebe292785ea6b4 - - default default] Unable to schedule network a943bc15-3938-4712-be78-3646dce8b1af: no agents available; will retry on subsequent port and subnet creation events.
2026-05-30 02:57:18.767 10 INFO neutron.db.ovn_revision_numbers_db [None req-d2aed7f8-a34d-457e-ab7e-e72e9aabdb88 0aa8b3db02e844fea94f41a4e43dcbf5 68ad9cc310aa4c6db3ebe292785ea6b4 - - default default] Successfully bumped revision number for resource f42c1fec-0a91-4fff-9e6d-4170d77d68e1 (type: ports) to 1
2026-05-30 02:57:18.793 9 WARNING neutron.scheduler.dhcp_agent_scheduler [None req-b6635a2d-db2d-45d0-a7b8-3f404173eceb 0aa8b3db02e844fea94f41a4e43dcbf5 68ad9cc310aa4c6db3ebe292785ea6b4 - - default default] No more DHCP agents
2026-05-30 02:57:18.798 9 WARNING neutron.api.rpc.agentnotifiers.dhcp_rpc_agent_api [None req-b6635a2d-db2d-45d0-a7b8-3f404173eceb 0aa8b3db02e844fea94f41a4e43dcbf5 68ad9cc310aa4c6db3ebe292785ea6b4 - - default default] Unable to schedule network a943bc15-3938-4712-be78-3646dce8b1af: no agents available; will retry on subsequent port and subnet creation events.
2026-05-30 02:57:18.960 9 INFO neutron.db.ovn_revision_numbers_db [None req-b6635a2d-db2d-45d0-a7b8-3f404173eceb 0aa8b3db02e844fea94f41a4e43dcbf5 68ad9cc310aa4c6db3ebe292785ea6b4 - - default default] Successfully bumped revision number for resource 6f167045-7353-47d4-a546-f15fbaf6a734 (type: ports) to 1
2026-05-30 02:57:19.114 10 INFO neutron.plugins.ml2.drivers.ovn.mech_driver.ovsdb.extensions.qos [None req-d2aed7f8-a34d-457e-ab7e-e72e9aabdb88 0aa8b3db02e844fea94f41a4e43dcbf5 68ad9cc310aa4c6db3ebe292785ea6b4 - - default default] Starting OVNClientQosExtension
2026-05-30 02:57:19.153 9 WARNING neutron.scheduler.dhcp_agent_scheduler [None req-39c3f8be-9d49-4186-89cc-8da2101d1f89 0aa8b3db02e844fea94f41a4e43dcbf5 68ad9cc310aa4c6db3ebe292785ea6b4 - - default default] No more DHCP agents
2026-05-30 02:57:19.161 9 WARNING neutron.api.rpc.agentnotifiers.dhcp_rpc_agent_api [None req-39c3f8be-9d49-4186-89cc-8da2101d1f89 0aa8b3db02e844fea94f41a4e43dcbf5 68ad9cc310aa4c6db3ebe292785ea6b4 - - default default] Unable to schedule network a943bc15-3938-4712-be78-3646dce8b1af: no agents available; will retry on subsequent port and subnet creation events.
2026-05-30 02:57:19.365 9 INFO neutron.db.ovn_revision_numbers_db [None req-39c3f8be-9d49-4186-89cc-8da2101d1f89 0aa8b3db02e844fea94f41a4e43dcbf5 68ad9cc310aa4c6db3ebe292785ea6b4 - - default default] Successfully bumped revision number for resource 4841ddc2-4ff8-41fe-99b4-6770dd6b7335 (type: ports) to 1
2026-05-30 02:57:19.418 9 INFO neutron.plugins.ml2.drivers.ovn.mech_driver.ovsdb.extensions.qos [None req-b6635a2d-db2d-45d0-a7b8-3f404173eceb 0aa8b3db02e844fea94f41a4e43dcbf5 68ad9cc310aa4c6db3ebe292785ea6b4 - - default default] Starting OVNClientQosExtension
2026-05-30 02:57:19.484 10 INFO neutron.plugins.ml2.drivers.ovn.mech_driver.ovsdb.ovsdb_monitor [-] Router 00c95876-83d0-4d1a-9dbf-9ca2f38a5f90 is bound to host instance
2026-05-30 02:57:19.486 9 INFO neutron.plugins.ml2.drivers.ovn.mech_driver.mech_driver [None req-aac1a681-d7ab-412f-a4f5-58a54f6b1fdb - - - - - -] OVN reports status up for port: f42c1fec-0a91-4fff-9e6d-4170d77d68e1
2026-05-30 02:57:19.496 9 INFO neutron.plugins.ml2.plugin [None req-aac1a681-d7ab-412f-a4f5-58a54f6b1fdb - - - - - -] Attempt 1 to provision port f42c1fec-0a91-4fff-9e6d-4170d77d68e1
2026-05-30 02:57:19.546 10 INFO neutron.db.ovn_revision_numbers_db [None req-d2aed7f8-a34d-457e-ab7e-e72e9aabdb88 0aa8b3db02e844fea94f41a4e43dcbf5 68ad9cc310aa4c6db3ebe292785ea6b4 - - default default] Successfully bumped revision number for resource f42c1fec-0a91-4fff-9e6d-4170d77d68e1 (type: router_ports) to 1
2026-05-30 02:57:19.648 10 INFO neutron.db.ovn_revision_numbers_db [None req-d2aed7f8-a34d-457e-ab7e-e72e9aabdb88 0aa8b3db02e844fea94f41a4e43dcbf5 68ad9cc310aa4c6db3ebe292785ea6b4 - - default default] Successfully bumped revision number for resource 00c95876-83d0-4d1a-9dbf-9ca2f38a5f90 (type: routers) to 2
2026-05-30 02:57:19.676 10 INFO neutron.wsgi [None req-d2aed7f8-a34d-457e-ab7e-e72e9aabdb88 0aa8b3db02e844fea94f41a4e43dcbf5 68ad9cc310aa4c6db3ebe292785ea6b4 - - default default] 10.0.0.78 "POST /v2.0/routers HTTP/1.1" status: 201 len: 877 time: 1.6585765
2026-05-30 02:57:19.945 9 INFO neutron.plugins.ml2.drivers.ovn.mech_driver.ovsdb.ovsdb_monitor [-] Router 64da0c55-4935-4e2f-8695-f9c46fb4f6a5 is bound to host instance
2026-05-30 02:57:20.001 9 INFO neutron.db.ovn_revision_numbers_db [None req-b6635a2d-db2d-45d0-a7b8-3f404173eceb 0aa8b3db02e844fea94f41a4e43dcbf5 68ad9cc310aa4c6db3ebe292785ea6b4 - - default default] Successfully bumped revision number for resource 6f167045-7353-47d4-a546-f15fbaf6a734 (type: router_ports) to 1
2026-05-30 02:57:20.098 9 INFO neutron.db.ovn_revision_numbers_db [None req-66c4dbed-a90c-4e81-8ad4-e53018935c57 0aa8b3db02e844fea94f41a4e43dcbf5 68ad9cc310aa4c6db3ebe292785ea6b4 - - default default] Successfully bumped revision number for resource b18c2446-0e77-4933-a614-38f7e188e999 (type: security_groups) to 1
2026-05-30 02:57:20.116 10 INFO neutron.db.ovn_revision_numbers_db [None req-dd6aef14-0a10-40f0-86ee-2a53295e3283 - - - - - -] Successfully bumped revision number for resource f42c1fec-0a91-4fff-9e6d-4170d77d68e1 (type: ports) to 1
2026-05-30 02:57:20.137 9 INFO neutron.db.ovn_revision_numbers_db [None req-66c4dbed-a90c-4e81-8ad4-e53018935c57 0aa8b3db02e844fea94f41a4e43dcbf5 68ad9cc310aa4c6db3ebe292785ea6b4 - - default default] Successfully bumped revision number for resource 0567823a-067c-4134-8ae1-828c3214ca10 (type: security_group_rules) to 0
2026-05-30 02:57:20.139 9 INFO neutron.db.ovn_revision_numbers_db [None req-b6635a2d-db2d-45d0-a7b8-3f404173eceb 0aa8b3db02e844fea94f41a4e43dcbf5 68ad9cc310aa4c6db3ebe292785ea6b4 - - default default] Successfully bumped revision number for resource 64da0c55-4935-4e2f-8695-f9c46fb4f6a5 (type: routers) to 2
2026-05-30 02:57:20.180 9 INFO neutron.wsgi [None req-b6635a2d-db2d-45d0-a7b8-3f404173eceb 0aa8b3db02e844fea94f41a4e43dcbf5 68ad9cc310aa4c6db3ebe292785ea6b4 - - default default] 10.0.0.78 "POST /v2.0/routers HTTP/1.1" status: 201 len: 879 time: 2.0202816
2026-05-30 02:57:20.189 9 INFO neutron.db.ovn_revision_numbers_db [None req-66c4dbed-a90c-4e81-8ad4-e53018935c57 0aa8b3db02e844fea94f41a4e43dcbf5 68ad9cc310aa4c6db3ebe292785ea6b4 - - default default] Successfully bumped revision number for resource 70c9fd0a-332a-44f9-922e-6f9b23f883b0 (type: security_group_rules) to 0
2026-05-30 02:57:20.234 9 INFO neutron.db.ovn_revision_numbers_db [None req-66c4dbed-a90c-4e81-8ad4-e53018935c57 0aa8b3db02e844fea94f41a4e43dcbf5 68ad9cc310aa4c6db3ebe292785ea6b4 - - default default] Successfully bumped revision number for resource 795e7fd7-c941-4845-8b1f-59f01164e22c (type: security_group_rules) to 0
2026-05-30 02:57:20.276 9 INFO neutron.db.ovn_revision_numbers_db [None req-66c4dbed-a90c-4e81-8ad4-e53018935c57 0aa8b3db02e844fea94f41a4e43dcbf5 68ad9cc310aa4c6db3ebe292785ea6b4 - - default default] Successfully bumped revision number for resource 8da4612c-e925-4c18-b829-c16401bc9e3c (type: security_group_rules) to 0
2026-05-30 02:57:20.304 10 WARNING neutron.scheduler.dhcp_agent_scheduler [None req-fed99947-8874-41f6-b65b-b31458057994 0aa8b3db02e844fea94f41a4e43dcbf5 68ad9cc310aa4c6db3ebe292785ea6b4 - - default default] No more DHCP agents
2026-05-30 02:57:20.310 10 WARNING neutron.api.rpc.agentnotifiers.dhcp_rpc_agent_api [None req-fed99947-8874-41f6-b65b-b31458057994 0aa8b3db02e844fea94f41a4e43dcbf5 68ad9cc310aa4c6db3ebe292785ea6b4 - - default default] Unable to schedule network 8af25078-991d-45f3-b303-33b2935b92e5: no agents available; will retry on subsequent port and subnet creation events.
2026-05-30 02:57:20.362 9 INFO neutron.db.segments_db [None req-66c4dbed-a90c-4e81-8ad4-e53018935c57 0aa8b3db02e844fea94f41a4e43dcbf5 68ad9cc310aa4c6db3ebe292785ea6b4 - - default default] Added segment e2e1e174-90ec-4170-a10c-bc17e1f96861 of type geneve for network 947aee8d-2cd7-4784-aedb-3e1861d1c8e7
2026-05-30 02:57:20.474 10 INFO neutron.db.ovn_revision_numbers_db [None req-dd6aef14-0a10-40f0-86ee-2a53295e3283 - - - - - -] Successfully bumped revision number for resource f42c1fec-0a91-4fff-9e6d-4170d77d68e1 (type: router_ports) to 3
2026-05-30 02:57:20.499 10 INFO neutron.db.ovn_revision_numbers_db [None req-fed99947-8874-41f6-b65b-b31458057994 0aa8b3db02e844fea94f41a4e43dcbf5 68ad9cc310aa4c6db3ebe292785ea6b4 - - default default] Successfully bumped revision number for resource 038aa983-8c46-4222-840f-a9e548e1494c (type: ports) to 1
2026-05-30 02:57:20.551 9 INFO neutron.db.ovn_revision_numbers_db [None req-39c3f8be-9d49-4186-89cc-8da2101d1f89 0aa8b3db02e844fea94f41a4e43dcbf5 68ad9cc310aa4c6db3ebe292785ea6b4 - - default default] Successfully bumped revision number for resource 4841ddc2-4ff8-41fe-99b4-6770dd6b7335 (type: router_ports) to 1
2026-05-30 02:57:20.679 10 INFO neutron.db.ovn_revision_numbers_db [None req-dd6aef14-0a10-40f0-86ee-2a53295e3283 - - - - - -] Successfully bumped revision number for resource f42c1fec-0a91-4fff-9e6d-4170d77d68e1 (type: ports) to 2
2026-05-30 02:57:20.800 9 INFO neutron.db.ovn_revision_numbers_db [None req-66c4dbed-a90c-4e81-8ad4-e53018935c57 0aa8b3db02e844fea94f41a4e43dcbf5 68ad9cc310aa4c6db3ebe292785ea6b4 - - default default] Successfully bumped revision number for resource 947aee8d-2cd7-4784-aedb-3e1861d1c8e7 (type: networks) to 1
2026-05-30 02:57:20.803 9 INFO neutron.db.ovn_revision_numbers_db [None req-39c3f8be-9d49-4186-89cc-8da2101d1f89 0aa8b3db02e844fea94f41a4e43dcbf5 68ad9cc310aa4c6db3ebe292785ea6b4 - - default default] Successfully bumped revision number for resource 8df26f0b-8937-4d46-81c3-456ea5ba988c (type: routers) to 2
2026-05-30 02:57:20.836 9 INFO neutron.wsgi [None req-39c3f8be-9d49-4186-89cc-8da2101d1f89 0aa8b3db02e844fea94f41a4e43dcbf5 68ad9cc310aa4c6db3ebe292785ea6b4 - - default default] 10.0.0.78 "POST /v2.0/routers HTTP/1.1" status: 201 len: 882 time: 2.3110824
2026-05-30 02:57:21.028 9 INFO neutron.db.ovn_revision_numbers_db [None req-fe4a7443-9e4d-463c-acc0-8d10b5534aee - - - - - -] Successfully bumped revision number for resource 6f167045-7353-47d4-a546-f15fbaf6a734 (type: ports) to 1
2026-05-30 02:57:21.056 9 WARNING neutron.scheduler.dhcp_agent_scheduler [None req-66c4dbed-a90c-4e81-8ad4-e53018935c57 0aa8b3db02e844fea94f41a4e43dcbf5 68ad9cc310aa4c6db3ebe292785ea6b4 - - default default] No more DHCP agents
2026-05-30 02:57:21.060 9 WARNING neutron.api.rpc.agentnotifiers.dhcp_rpc_agent_api [None req-66c4dbed-a90c-4e81-8ad4-e53018935c57 0aa8b3db02e844fea94f41a4e43dcbf5 68ad9cc310aa4c6db3ebe292785ea6b4 - - default default] Unable to schedule network 947aee8d-2cd7-4784-aedb-3e1861d1c8e7: no agents available; will retry on subsequent port and subnet creation events.
2026-05-30 02:57:21.149 10 INFO neutron.db.ovn_revision_numbers_db [None req-dd6aef14-0a10-40f0-86ee-2a53295e3283 - - - - - -] Successfully bumped revision number for resource f42c1fec-0a91-4fff-9e6d-4170d77d68e1 (type: ports) to 4
2026-05-30 02:57:21.179 9 WARNING neutron.scheduler.dhcp_agent_scheduler [None req-6a3eb267-932b-40fa-b9a0-c373d6e47232 0aa8b3db02e844fea94f41a4e43dcbf5 68ad9cc310aa4c6db3ebe292785ea6b4 - - default default] No more DHCP agents
2026-05-30 02:57:21.181 9 WARNING neutron.api.rpc.agentnotifiers.dhcp_rpc_agent_api [None req-6a3eb267-932b-40fa-b9a0-c373d6e47232 0aa8b3db02e844fea94f41a4e43dcbf5 68ad9cc310aa4c6db3ebe292785ea6b4 - - default default] Unable to schedule network e06cd366-4e8d-45c4-bbb9-33c82f900107: no agents available; will retry on subsequent port and subnet creation events.
2026-05-30 02:57:21.221 9 INFO neutron.db.ovn_revision_numbers_db [None req-66c4dbed-a90c-4e81-8ad4-e53018935c57 0aa8b3db02e844fea94f41a4e43dcbf5 68ad9cc310aa4c6db3ebe292785ea6b4 - - default default] Successfully bumped revision number for resource 4171c510-7057-458b-be51-60d548e7e54a (type: ports) to 1
2026-05-30 02:57:21.287 9 INFO neutron.wsgi [None req-66c4dbed-a90c-4e81-8ad4-e53018935c57 0aa8b3db02e844fea94f41a4e43dcbf5 68ad9cc310aa4c6db3ebe292785ea6b4 - - default default] 10.0.0.78 "POST /v2.0/networks HTTP/1.1" status: 201 len: 954 time: 1.7782931
2026-05-30 02:57:21.292 10 INFO neutron.db.ovn_revision_numbers_db [None req-fed99947-8874-41f6-b65b-b31458057994 0aa8b3db02e844fea94f41a4e43dcbf5 68ad9cc310aa4c6db3ebe292785ea6b4 - - default default] Successfully bumped revision number for resource 038aa983-8c46-4222-840f-a9e548e1494c (type: router_ports) to 1
2026-05-30 02:57:21.378 9 INFO neutron.db.ovn_revision_numbers_db [None req-fe4a7443-9e4d-463c-acc0-8d10b5534aee - - - - - -] Successfully bumped revision number for resource 6f167045-7353-47d4-a546-f15fbaf6a734 (type: router_ports) to 3
2026-05-30 02:57:21.386 9 INFO neutron.db.ovn_revision_numbers_db [None req-6a3eb267-932b-40fa-b9a0-c373d6e47232 0aa8b3db02e844fea94f41a4e43dcbf5 68ad9cc310aa4c6db3ebe292785ea6b4 - - default default] Successfully bumped revision number for resource 7fd15a9b-1cab-481f-9423-5374cd2d78f4 (type: ports) to 1
2026-05-30 02:57:21.574 10 INFO neutron.db.ovn_revision_numbers_db [None req-dd6aef14-0a10-40f0-86ee-2a53295e3283 - - - - - -] Successfully bumped revision number for resource f42c1fec-0a91-4fff-9e6d-4170d77d68e1 (type: router_ports) to 4
2026-05-30 02:57:21.625 10 INFO neutron.db.ovn_revision_numbers_db [None req-fed99947-8874-41f6-b65b-b31458057994 0aa8b3db02e844fea94f41a4e43dcbf5 68ad9cc310aa4c6db3ebe292785ea6b4 - - default default] Successfully bumped revision number for resource 038aa983-8c46-4222-840f-a9e548e1494c (type: ports) to 1
2026-05-30 02:57:21.635 10 INFO neutron.plugins.ml2.drivers.ovn.mech_driver.ovsdb.ovsdb_monitor [None req-dd6aef14-0a10-40f0-86ee-2a53295e3283 - - - - - -] Router 8df26f0b-8937-4d46-81c3-456ea5ba988c is bound to host instance
2026-05-30 02:57:21.704 10 WARNING neutron.scheduler.dhcp_agent_scheduler [None req-2922b3bc-1bda-4f8b-8dfb-0ffe52255e39 0aa8b3db02e844fea94f41a4e43dcbf5 68ad9cc310aa4c6db3ebe292785ea6b4 - - default default] No more DHCP agents
2026-05-30 02:57:21.708 9 INFO neutron.db.ovn_revision_numbers_db [None req-fe4a7443-9e4d-463c-acc0-8d10b5534aee - - - - - -] Successfully bumped revision number for resource 6f167045-7353-47d4-a546-f15fbaf6a734 (type: ports) to 2
2026-05-30 02:57:21.721 10 WARNING neutron.api.rpc.agentnotifiers.dhcp_rpc_agent_api [None req-2922b3bc-1bda-4f8b-8dfb-0ffe52255e39 0aa8b3db02e844fea94f41a4e43dcbf5 68ad9cc310aa4c6db3ebe292785ea6b4 - - default default] Unable to schedule network 947aee8d-2cd7-4784-aedb-3e1861d1c8e7: no agents available; will retry on subsequent port and subnet creation events.
2026-05-30 02:57:21.853 10 WARNING neutron.scheduler.dhcp_agent_scheduler [None req-fed99947-8874-41f6-b65b-b31458057994 0aa8b3db02e844fea94f41a4e43dcbf5 68ad9cc310aa4c6db3ebe292785ea6b4 - - default default] No more DHCP agents
2026-05-30 02:57:21.867 10 WARNING neutron.api.rpc.agentnotifiers.dhcp_rpc_agent_api [None req-fed99947-8874-41f6-b65b-b31458057994 0aa8b3db02e844fea94f41a4e43dcbf5 68ad9cc310aa4c6db3ebe292785ea6b4 - - default default] Unable to schedule network 8af25078-991d-45f3-b303-33b2935b92e5: no agents available; will retry on subsequent port and subnet creation events.
2026-05-30 02:57:21.869 10 WARNING neutron.scheduler.dhcp_agent_scheduler [None req-8f7d4fa4-61ba-417f-945a-db449858cb63 0aa8b3db02e844fea94f41a4e43dcbf5 68ad9cc310aa4c6db3ebe292785ea6b4 - - default default] No more DHCP agents
2026-05-30 02:57:21.881 10 WARNING neutron.api.rpc.agentnotifiers.dhcp_rpc_agent_api [None req-8f7d4fa4-61ba-417f-945a-db449858cb63 0aa8b3db02e844fea94f41a4e43dcbf5 68ad9cc310aa4c6db3ebe292785ea6b4 - - default default] Unable to schedule network 9a5eb5d4-ac20-4fb0-a7ef-c570252c2d97: no agents available; will retry on subsequent port and subnet creation events.
2026-05-30 02:57:21.988 9 INFO neutron.db.ovn_revision_numbers_db [None req-6a3eb267-932b-40fa-b9a0-c373d6e47232 0aa8b3db02e844fea94f41a4e43dcbf5 68ad9cc310aa4c6db3ebe292785ea6b4 - - default default] Successfully bumped revision number for resource 7fd15a9b-1cab-481f-9423-5374cd2d78f4 (type: router_ports) to 1
2026-05-30 02:57:22.019 9 INFO neutron.db.ovn_revision_numbers_db [None req-fe4a7443-9e4d-463c-acc0-8d10b5534aee - - - - - -] Successfully bumped revision number for resource 6f167045-7353-47d4-a546-f15fbaf6a734 (type: ports) to 4
2026-05-30 02:57:22.065 10 INFO neutron.plugins.ml2.drivers.ovn.mech_driver.mech_driver [-] OVN reports status up for port: 7fd15a9b-1cab-481f-9423-5374cd2d78f4
2026-05-30 02:57:22.107 10 INFO neutron.plugins.ml2.plugin [None req-6c3f93a1-c130-497e-9a8d-ffb6e57dd8ac - - - - - -] Attempt 1 to provision port 7fd15a9b-1cab-481f-9423-5374cd2d78f4
2026-05-30 02:57:22.129 9 INFO neutron.wsgi [-] 10.0.0.42 "GET / HTTP/1.1" status: 200 len: 247 time: 0.0014999
2026-05-30 02:57:22.130 9 INFO neutron.wsgi [-] 10.0.0.42 "GET / HTTP/1.1" status: 200 len: 247 time: 0.0009763
2026-05-30 02:57:22.201 9 INFO neutron.db.ovn_revision_numbers_db [None req-6a3eb267-932b-40fa-b9a0-c373d6e47232 0aa8b3db02e844fea94f41a4e43dcbf5 68ad9cc310aa4c6db3ebe292785ea6b4 - - default default] Successfully bumped revision number for resource 7fd15a9b-1cab-481f-9423-5374cd2d78f4 (type: ports) to 1
2026-05-30 02:57:22.212 9 INFO neutron.plugins.ml2.drivers.ovn.mech_driver.mech_driver [None req-aac1a681-d7ab-412f-a4f5-58a54f6b1fdb - - - - - -] OVN reports status up for port: 6f167045-7353-47d4-a546-f15fbaf6a734
2026-05-30 02:57:22.247 9 INFO neutron.plugins.ml2.plugin [None req-aac1a681-d7ab-412f-a4f5-58a54f6b1fdb - - - - - -] Attempt 1 to provision port 6f167045-7353-47d4-a546-f15fbaf6a734
2026-05-30 02:57:22.348 9 WARNING neutron.scheduler.dhcp_agent_scheduler [None req-6a3eb267-932b-40fa-b9a0-c373d6e47232 0aa8b3db02e844fea94f41a4e43dcbf5 68ad9cc310aa4c6db3ebe292785ea6b4 - - default default] No more DHCP agents
2026-05-30 02:57:22.350 9 INFO neutron.db.ovn_revision_numbers_db [None req-fe4a7443-9e4d-463c-acc0-8d10b5534aee - - - - - -] Successfully bumped revision number for resource 6f167045-7353-47d4-a546-f15fbaf6a734 (type: router_ports) to 4
2026-05-30 02:57:22.352 9 WARNING neutron.api.rpc.agentnotifiers.dhcp_rpc_agent_api [None req-6a3eb267-932b-40fa-b9a0-c373d6e47232 0aa8b3db02e844fea94f41a4e43dcbf5 68ad9cc310aa4c6db3ebe292785ea6b4 - - default default] Unable to schedule network e06cd366-4e8d-45c4-bbb9-33c82f900107: no agents available; will retry on subsequent port and subnet creation events.
2026-05-30 02:57:22.393 10 INFO neutron.db.ovn_revision_numbers_db [None req-8f7d4fa4-61ba-417f-945a-db449858cb63 0aa8b3db02e844fea94f41a4e43dcbf5 68ad9cc310aa4c6db3ebe292785ea6b4 - - default default] Successfully bumped revision number for resource 0cac1d38-ffd1-4808-8438-89b0b252864c (type: ports) to 1
2026-05-30 02:57:22.395 9 INFO neutron.plugins.ml2.drivers.ovn.mech_driver.mech_driver [None req-aac1a681-d7ab-412f-a4f5-58a54f6b1fdb - - - - - -] OVN reports status up for port: 4841ddc2-4ff8-41fe-99b4-6770dd6b7335
2026-05-30 02:57:22.416 9 INFO neutron.plugins.ml2.plugin [None req-aac1a681-d7ab-412f-a4f5-58a54f6b1fdb - - - - - -] Attempt 1 to provision port 4841ddc2-4ff8-41fe-99b4-6770dd6b7335
2026-05-30 02:57:22.489 9 INFO neutron.plugins.ml2.drivers.ovn.mech_driver.mech_driver [None req-aac1a681-d7ab-412f-a4f5-58a54f6b1fdb - - - - - -] OVN reports status up for port: 038aa983-8c46-4222-840f-a9e548e1494c
2026-05-30 02:57:22.498 9 INFO neutron.plugins.ml2.plugin [None req-aac1a681-d7ab-412f-a4f5-58a54f6b1fdb - - - - - -] Attempt 1 to provision port 038aa983-8c46-4222-840f-a9e548e1494c
2026-05-30 02:57:22.942 9 INFO neutron.db.ovn_revision_numbers_db [None req-aac1a681-d7ab-412f-a4f5-58a54f6b1fdb - - - - - -] Successfully bumped revision number for resource 038aa983-8c46-4222-840f-a9e548e1494c (type: ports) to 2
2026-05-30 02:57:23.049 9 INFO neutron.db.ovn_revision_numbers_db [None req-aac1a681-d7ab-412f-a4f5-58a54f6b1fdb - - - - - -] Successfully bumped revision number for resource 038aa983-8c46-4222-840f-a9e548e1494c (type: router_ports) to 2
2026-05-30 02:57:23.089 10 INFO neutron.db.ovn_revision_numbers_db [None req-6c3f93a1-c130-497e-9a8d-ffb6e57dd8ac - - - - - -] Successfully bumped revision number for resource 7fd15a9b-1cab-481f-9423-5374cd2d78f4 (type: ports) to 2
2026-05-30 02:57:23.158 10 INFO neutron.db.ovn_revision_numbers_db [None req-dd6aef14-0a10-40f0-86ee-2a53295e3283 - - - - - -] Successfully bumped revision number for resource 4841ddc2-4ff8-41fe-99b4-6770dd6b7335 (type: ports) to 1
2026-05-30 02:57:23.173 9 INFO neutron.db.ovn_revision_numbers_db [None req-6a3eb267-932b-40fa-b9a0-c373d6e47232 0aa8b3db02e844fea94f41a4e43dcbf5 68ad9cc310aa4c6db3ebe292785ea6b4 - - default default] Successfully bumped revision number for resource 7fd15a9b-1cab-481f-9423-5374cd2d78f4 (type: router_ports) to 1
2026-05-30 02:57:23.176 9 INFO neutron.wsgi [None req-6a3eb267-932b-40fa-b9a0-c373d6e47232 0aa8b3db02e844fea94f41a4e43dcbf5 68ad9cc310aa4c6db3ebe292785ea6b4 - - default default] 10.0.0.78 "PUT /v2.0/routers/64da0c55-4935-4e2f-8695-f9c46fb4f6a5/add_router_interface HTTP/1.1" status: 200 len: 503 time: 2.9899752
2026-05-30 02:57:23.304 10 INFO neutron.db.ovn_revision_numbers_db [None req-6c3f93a1-c130-497e-9a8d-ffb6e57dd8ac - - - - - -] Successfully bumped revision number for resource 7fd15a9b-1cab-481f-9423-5374cd2d78f4 (type: router_ports) to 2
2026-05-30 02:57:23.431 10 INFO neutron.db.ovn_revision_numbers_db [None req-2922b3bc-1bda-4f8b-8dfb-0ffe52255e39 0aa8b3db02e844fea94f41a4e43dcbf5 68ad9cc310aa4c6db3ebe292785ea6b4 - - default default] Successfully bumped revision number for resource 4171c510-7057-458b-be51-60d548e7e54a (type: ports) to 2
2026-05-30 02:57:23.557 10 INFO neutron.db.ovn_revision_numbers_db [None req-2922b3bc-1bda-4f8b-8dfb-0ffe52255e39 0aa8b3db02e844fea94f41a4e43dcbf5 68ad9cc310aa4c6db3ebe292785ea6b4 - - default default] Successfully bumped revision number for resource 31301a9d-a121-409c-b0f7-9ae681c3dec7 (type: subnets) to 0
2026-05-30 02:57:23.587 10 INFO neutron.db.ovn_revision_numbers_db [None req-8f7d4fa4-61ba-417f-945a-db449858cb63 0aa8b3db02e844fea94f41a4e43dcbf5 68ad9cc310aa4c6db3ebe292785ea6b4 - - default default] Successfully bumped revision number for resource 0cac1d38-ffd1-4808-8438-89b0b252864c (type: router_ports) to 1
2026-05-30 02:57:23.592 10 INFO neutron.wsgi [None req-2922b3bc-1bda-4f8b-8dfb-0ffe52255e39 0aa8b3db02e844fea94f41a4e43dcbf5 68ad9cc310aa4c6db3ebe292785ea6b4 - - default default] 10.0.0.78 "POST /v2.0/subnets HTTP/1.1" status: 201 len: 874 time: 2.2972014
2026-05-30 02:57:23.854 10 INFO neutron.wsgi [None req-fed99947-8874-41f6-b65b-b31458057994 0aa8b3db02e844fea94f41a4e43dcbf5 68ad9cc310aa4c6db3ebe292785ea6b4 - - default default] 10.0.0.78 "PUT /v2.0/routers/00c95876-83d0-4d1a-9dbf-9ca2f38a5f90/add_router_interface HTTP/1.1" status: 200 len: 503 time: 4.1717215
2026-05-30 02:57:23.864 10 INFO neutron.db.ovn_revision_numbers_db [None req-dd6aef14-0a10-40f0-86ee-2a53295e3283 - - - - - -] Successfully bumped revision number for resource 4841ddc2-4ff8-41fe-99b4-6770dd6b7335 (type: router_ports) to 3
2026-05-30 02:57:23.945 10 INFO neutron.db.ovn_revision_numbers_db [None req-8f7d4fa4-61ba-417f-945a-db449858cb63 0aa8b3db02e844fea94f41a4e43dcbf5 68ad9cc310aa4c6db3ebe292785ea6b4 - - default default] Successfully bumped revision number for resource 0cac1d38-ffd1-4808-8438-89b0b252864c (type: ports) to 1
2026-05-30 02:57:24.042 10 WARNING neutron.scheduler.dhcp_agent_scheduler [None req-8f7d4fa4-61ba-417f-945a-db449858cb63 0aa8b3db02e844fea94f41a4e43dcbf5 68ad9cc310aa4c6db3ebe292785ea6b4 - - default default] No more DHCP agents
2026-05-30 02:57:24.044 10 WARNING neutron.api.rpc.agentnotifiers.dhcp_rpc_agent_api [None req-8f7d4fa4-61ba-417f-945a-db449858cb63 0aa8b3db02e844fea94f41a4e43dcbf5 68ad9cc310aa4c6db3ebe292785ea6b4 - - default default] Unable to schedule network 9a5eb5d4-ac20-4fb0-a7ef-c570252c2d97: no agents available; will retry on subsequent port and subnet creation events.
2026-05-30 02:57:24.049 9 WARNING neutron.scheduler.dhcp_agent_scheduler [None req-510c041d-6c8c-423c-80b7-9a2d9abd4c33 0aa8b3db02e844fea94f41a4e43dcbf5 68ad9cc310aa4c6db3ebe292785ea6b4 - - default default] No more DHCP agents
2026-05-30 02:57:24.053 9 WARNING neutron.api.rpc.agentnotifiers.dhcp_rpc_agent_api [None req-510c041d-6c8c-423c-80b7-9a2d9abd4c33 0aa8b3db02e844fea94f41a4e43dcbf5 68ad9cc310aa4c6db3ebe292785ea6b4 - - default default] Unable to schedule network a943bc15-3938-4712-be78-3646dce8b1af: no agents available; will retry on subsequent port and subnet creation events.
2026-05-30 02:57:24.055 10 INFO neutron.db.ovn_revision_numbers_db [None req-dd6aef14-0a10-40f0-86ee-2a53295e3283 - - - - - -] Successfully bumped revision number for resource 4841ddc2-4ff8-41fe-99b4-6770dd6b7335 (type: ports) to 2
2026-05-30 02:57:24.233 9 INFO neutron.db.ovn_revision_numbers_db [None req-510c041d-6c8c-423c-80b7-9a2d9abd4c33 0aa8b3db02e844fea94f41a4e43dcbf5 68ad9cc310aa4c6db3ebe292785ea6b4 - - default default] Successfully bumped revision number for resource 4da560d1-f4c2-4db4-aef2-bada44709073 (type: ports) to 1
2026-05-30 02:57:24.436 10 INFO neutron.db.ovn_revision_numbers_db [None req-dd6aef14-0a10-40f0-86ee-2a53295e3283 - - - - - -] Successfully bumped revision number for resource 4841ddc2-4ff8-41fe-99b4-6770dd6b7335 (type: ports) to 4
2026-05-30 02:57:24.665 9 INFO neutron.wsgi [req-b7d61e69-2673-410f-a28e-87bb1019ac6c req-a90f82b6-b354-4e90-ae86-a9681419560b 7b52a6ed486d454a962d5d10e947ff61 ee34e665f3214183ae87ed8f81d5df61 - - default default] 10.0.0.31 "GET /v2.0/networks?id=e06cd366-4e8d-45c4-bbb9-33c82f900107 HTTP/1.1" status: 200 len: 877 time: 0.1235228
2026-05-30 02:57:24.686 9 INFO neutron.wsgi [req-b7d61e69-2673-410f-a28e-87bb1019ac6c req-6157065f-4823-4f30-b395-9f62901f59ed 7b52a6ed486d454a962d5d10e947ff61 ee34e665f3214183ae87ed8f81d5df61 - - default default] 10.0.0.31 "GET /v2.0/quotas/ee34e665f3214183ae87ed8f81d5df61 HTTP/1.1" status: 200 len: 386 time: 0.0123029
2026-05-30 02:57:24.766 10 WARNING neutron_lib.context [req-905832f3-c142-467c-99e8-06cc18cfc74a req-cd1377a6-0b6f-4fcb-8f48-cfb2e815c04b 992da6aefeb64bc1bc18a7ab6a80f384 110d00120a7145e78f5c74b074d9df53 - - default default] Method 'is_advsvc' is deprecated since 2023.2 release (neutron-lib 3.8.0) and will be removed once support for the old RBAC API policies will be removed from Neutron. Please use method 'is_service_role' instead.
2026-05-30 02:57:24.821 10 INFO neutron.db.ovn_revision_numbers_db [None req-dd6aef14-0a10-40f0-86ee-2a53295e3283 - - - - - -] Successfully bumped revision number for resource 4841ddc2-4ff8-41fe-99b4-6770dd6b7335 (type: router_ports) to 4
2026-05-30 02:57:24.853 9 INFO neutron.wsgi [req-b7d61e69-2673-410f-a28e-87bb1019ac6c req-5cdfe302-d954-451d-8ff2-85f3fec03590 7b52a6ed486d454a962d5d10e947ff61 ee34e665f3214183ae87ed8f81d5df61 - - default default] 10.0.0.31 "GET /v2.0/ports?tenant_id=ee34e665f3214183ae87ed8f81d5df61&fields=id HTTP/1.1" status: 200 len: 302 time: 0.1586711
2026-05-30 02:57:24.968 10 INFO neutron.db.ovn_revision_numbers_db [req-905832f3-c142-467c-99e8-06cc18cfc74a req-cd1377a6-0b6f-4fcb-8f48-cfb2e815c04b 992da6aefeb64bc1bc18a7ab6a80f384 110d00120a7145e78f5c74b074d9df53 - - default default] Successfully bumped revision number for resource 761f2e32-08fe-410e-8319-2e0924b1bc94 (type: security_groups) to 1
2026-05-30 02:57:24.995 10 INFO neutron.db.ovn_revision_numbers_db [req-905832f3-c142-467c-99e8-06cc18cfc74a req-cd1377a6-0b6f-4fcb-8f48-cfb2e815c04b 992da6aefeb64bc1bc18a7ab6a80f384 110d00120a7145e78f5c74b074d9df53 - - default default] Successfully bumped revision number for resource 3e017317-9834-4724-b715-2f8ba77d7ec2 (type: security_group_rules) to 0
2026-05-30 02:57:25.022 10 INFO neutron.db.ovn_revision_numbers_db [req-905832f3-c142-467c-99e8-06cc18cfc74a req-cd1377a6-0b6f-4fcb-8f48-cfb2e815c04b 992da6aefeb64bc1bc18a7ab6a80f384 110d00120a7145e78f5c74b074d9df53 - - default default] Successfully bumped revision number for resource a4eef96f-cbf9-4b54-b8ea-23f6ab9d0449 (type: security_group_rules) to 0
2026-05-30 02:57:25.072 10 INFO neutron.wsgi [req-905832f3-c142-467c-99e8-06cc18cfc74a req-cd1377a6-0b6f-4fcb-8f48-cfb2e815c04b 992da6aefeb64bc1bc18a7ab6a80f384 110d00120a7145e78f5c74b074d9df53 - - default default] 10.0.0.31 "POST /v2.0/security-groups HTTP/1.1" status: 201 len: 1822 time: 0.4465506
2026-05-30 02:57:25.078 10 INFO neutron.plugins.ml2.drivers.ovn.mech_driver.ovsdb.ovsdb_monitor [None req-dd6aef14-0a10-40f0-86ee-2a53295e3283 - - - - - -] Router 09e5c221-39e2-4dea-abc7-3b33e0edc8de is bound to host instance
2026-05-30 02:57:25.080 10 INFO neutron.db.ovn_revision_numbers_db [None req-8f7d4fa4-61ba-417f-945a-db449858cb63 0aa8b3db02e844fea94f41a4e43dcbf5 68ad9cc310aa4c6db3ebe292785ea6b4 - - default default] Successfully bumped revision number for resource 0cac1d38-ffd1-4808-8438-89b0b252864c (type: router_ports) to 1
2026-05-30 02:57:25.082 10 INFO neutron.wsgi [None req-8f7d4fa4-61ba-417f-945a-db449858cb63 0aa8b3db02e844fea94f41a4e43dcbf5 68ad9cc310aa4c6db3ebe292785ea6b4 - - default default] 10.0.0.78 "PUT /v2.0/routers/8df26f0b-8937-4d46-81c3-456ea5ba988c/add_router_interface HTTP/1.1" status: 200 len: 503 time: 4.2389219
2026-05-30 02:57:25.100 10 WARNING neutron_lib.context [req-5757c6ed-ca5c-4065-a318-bb72e4a2797b req-2cd60d18-650b-4569-86b6-9c6f308836d8 992da6aefeb64bc1bc18a7ab6a80f384 110d00120a7145e78f5c74b074d9df53 - - default default] Method 'is_advsvc' is deprecated since 2023.2 release (neutron-lib 3.8.0) and will be removed once support for the old RBAC API policies will be removed from Neutron. Please use method 'is_service_role' instead.
2026-05-30 02:57:25.113 9 INFO neutron.db.ovn_revision_numbers_db [None req-510c041d-6c8c-423c-80b7-9a2d9abd4c33 0aa8b3db02e844fea94f41a4e43dcbf5 68ad9cc310aa4c6db3ebe292785ea6b4 - - default default] Successfully bumped revision number for resource 4da560d1-f4c2-4db4-aef2-bada44709073 (type: router_ports) to 1
2026-05-30 02:57:25.212 9 INFO neutron.db.ovn_revision_numbers_db [None req-510c041d-6c8c-423c-80b7-9a2d9abd4c33 0aa8b3db02e844fea94f41a4e43dcbf5 68ad9cc310aa4c6db3ebe292785ea6b4 - - default default] Successfully bumped revision number for resource 09e5c221-39e2-4dea-abc7-3b33e0edc8de (type: routers) to 2
2026-05-30 02:57:25.230 9 INFO neutron.wsgi [None req-510c041d-6c8c-423c-80b7-9a2d9abd4c33 0aa8b3db02e844fea94f41a4e43dcbf5 68ad9cc310aa4c6db3ebe292785ea6b4 - - default default] 10.0.0.78 "POST /v2.0/routers HTTP/1.1" status: 201 len: 885 time: 1.6247153
2026-05-30 02:57:25.274 10 INFO neutron.db.ovn_revision_numbers_db [req-5757c6ed-ca5c-4065-a318-bb72e4a2797b req-2cd60d18-650b-4569-86b6-9c6f308836d8 992da6aefeb64bc1bc18a7ab6a80f384 110d00120a7145e78f5c74b074d9df53 - - default default] Successfully bumped revision number for resource 9ec6433c-b7b6-4043-9c89-c4d176211699 (type: security_groups) to 1
2026-05-30 02:57:25.280 9 INFO neutron.wsgi [req-b7d61e69-2673-410f-a28e-87bb1019ac6c req-079f8caf-41fe-47d9-97d4-2e7f1b0d71fb e4846b997c244ad39ba985ef728c18b0 554117ef52094691863c2f76bcc47aea - - 086c14915e1744adb37f7df17ca4858a 086c14915e1744adb37f7df17ca4858a] 10.0.0.31 "GET /v2.0/extensions HTTP/1.1" status: 200 len: 16980 time: 0.0568864
2026-05-30 02:57:25.298 10 INFO neutron.db.ovn_revision_numbers_db [req-5757c6ed-ca5c-4065-a318-bb72e4a2797b req-2cd60d18-650b-4569-86b6-9c6f308836d8 992da6aefeb64bc1bc18a7ab6a80f384 110d00120a7145e78f5c74b074d9df53 - - default default] Successfully bumped revision number for resource 38e096c2-728e-4c2f-acbe-529b459adcbc (type: security_group_rules) to 0
2026-05-30 02:57:25.316 10 INFO neutron.db.ovn_revision_numbers_db [req-5757c6ed-ca5c-4065-a318-bb72e4a2797b req-2cd60d18-650b-4569-86b6-9c6f308836d8 992da6aefeb64bc1bc18a7ab6a80f384 110d00120a7145e78f5c74b074d9df53 - - default default] Successfully bumped revision number for resource c43a33f8-0b51-4349-9b4b-460d56595090 (type: security_group_rules) to 0
2026-05-30 02:57:25.340 10 INFO neutron.wsgi [req-5757c6ed-ca5c-4065-a318-bb72e4a2797b req-2cd60d18-650b-4569-86b6-9c6f308836d8 992da6aefeb64bc1bc18a7ab6a80f384 110d00120a7145e78f5c74b074d9df53 - - default default] 10.0.0.31 "POST /v2.0/security-groups HTTP/1.1" status: 201 len: 1822 time: 0.2447982
2026-05-30 02:57:25.371 10 WARNING neutron_lib.context [req-020e63a3-02a0-47ae-98c5-8bff98f2e932 req-80baef29-89cc-40a6-b716-6276a601ee49 992da6aefeb64bc1bc18a7ab6a80f384 110d00120a7145e78f5c74b074d9df53 - - default default] Method 'is_advsvc' is deprecated since 2023.2 release (neutron-lib 3.8.0) and will be removed once support for the old RBAC API policies will be removed from Neutron. Please use method 'is_service_role' instead.
2026-05-30 02:57:25.371 9 INFO neutron.wsgi [req-b7d61e69-2673-410f-a28e-87bb1019ac6c req-e0fa4512-a67a-46ea-934d-5b073d30fbbd e4846b997c244ad39ba985ef728c18b0 554117ef52094691863c2f76bcc47aea - - 086c14915e1744adb37f7df17ca4858a 086c14915e1744adb37f7df17ca4858a] 10.0.0.31 "GET /v2.0/networks/e06cd366-4e8d-45c4-bbb9-33c82f900107?fields=segments HTTP/1.1" status: 200 len: 212 time: 0.0840194
2026-05-30 02:57:25.453 9 INFO neutron.wsgi [req-b7d61e69-2673-410f-a28e-87bb1019ac6c req-c8e42331-6c88-4389-8cab-02c51a7470fa e4846b997c244ad39ba985ef728c18b0 554117ef52094691863c2f76bcc47aea - - 086c14915e1744adb37f7df17ca4858a 086c14915e1744adb37f7df17ca4858a] 10.0.0.31 "GET /v2.0/networks/e06cd366-4e8d-45c4-bbb9-33c82f900107?fields=provider%3Aphysical_network&fields=provider%3Anetwork_type HTTP/1.1" status: 200 len: 277 time: 0.0724304
2026-05-30 02:57:25.521 10 INFO neutron.db.ovn_revision_numbers_db [req-020e63a3-02a0-47ae-98c5-8bff98f2e932 req-80baef29-89cc-40a6-b716-6276a601ee49 992da6aefeb64bc1bc18a7ab6a80f384 110d00120a7145e78f5c74b074d9df53 - - default default] Successfully bumped revision number for resource c49aff54-4af9-49fa-890f-df28529f383d (type: security_groups) to 1
2026-05-30 02:57:25.547 10 INFO neutron.db.ovn_revision_numbers_db [req-020e63a3-02a0-47ae-98c5-8bff98f2e932 req-80baef29-89cc-40a6-b716-6276a601ee49 992da6aefeb64bc1bc18a7ab6a80f384 110d00120a7145e78f5c74b074d9df53 - - default default] Successfully bumped revision number for resource 59453752-b483-4329-a6c1-13220c16ad47 (type: security_group_rules) to 0
2026-05-30 02:57:25.564 10 INFO neutron.db.ovn_revision_numbers_db [req-020e63a3-02a0-47ae-98c5-8bff98f2e932 req-80baef29-89cc-40a6-b716-6276a601ee49 992da6aefeb64bc1bc18a7ab6a80f384 110d00120a7145e78f5c74b074d9df53 - - default default] Successfully bumped revision number for resource b2a30748-47d7-49ee-a3b9-8453d7c7b11e (type: security_group_rules) to 0
2026-05-30 02:57:25.591 10 INFO neutron.wsgi [req-020e63a3-02a0-47ae-98c5-8bff98f2e932 req-80baef29-89cc-40a6-b716-6276a601ee49 992da6aefeb64bc1bc18a7ab6a80f384 110d00120a7145e78f5c74b074d9df53 - - default default] 10.0.0.31 "POST /v2.0/security-groups HTTP/1.1" status: 201 len: 1820 time: 0.2256815
2026-05-30 02:57:25.610 10 INFO neutron.db.ovn_revision_numbers_db [None req-dd6aef14-0a10-40f0-86ee-2a53295e3283 - - - - - -] Successfully bumped revision number for resource 4da560d1-f4c2-4db4-aef2-bada44709073 (type: ports) to 1
2026-05-30 02:57:25.650 10 INFO neutron.wsgi [req-e8538fec-c96f-43b6-ab0c-08d3478bc4f0 req-1603b465-2978-4445-a4a7-f01f0aa4dd4e 7b52a6ed486d454a962d5d10e947ff61 ee34e665f3214183ae87ed8f81d5df61 - - default default] 10.0.0.31 "GET /v2.0/ports?device_id=86f124e0-02d7-4057-8046-0594120d145d HTTP/1.1" status: 200 len: 210 time: 0.0278480
2026-05-30 02:57:25.694 9 WARNING neutron_lib.context [req-d6545699-f3f5-4485-beea-83fdc98881d3 req-64ac49ca-7b5f-454a-b1c4-7234a449af0b a038e2191f4b42098595a884495b8b8a c72409b4f3994106af3fef8f11ef50b1 - - default default] Method 'is_advsvc' is deprecated since 2023.2 release (neutron-lib 3.8.0) and will be removed once support for the old RBAC API policies will be removed from Neutron. Please use method 'is_service_role' instead.
2026-05-30 02:57:25.745 10 INFO neutron.wsgi [req-e4239a2b-f78a-4f0c-b19c-a389592a132e req-0450a8a7-d946-4e88-b050-08796d6891bc 992da6aefeb64bc1bc18a7ab6a80f384 110d00120a7145e78f5c74b074d9df53 - - default default] 10.0.0.31 "GET /v2.0/security-groups?tenant_id=110d00120a7145e78f5c74b074d9df53 HTTP/1.1" status: 200 len: 7792 time: 0.0599875
2026-05-30 02:57:25.797 10 INFO neutron.wsgi [req-e4239a2b-f78a-4f0c-b19c-a389592a132e req-d08a199d-4608-4e01-b25a-dbc32138201a 992da6aefeb64bc1bc18a7ab6a80f384 110d00120a7145e78f5c74b074d9df53 - - default default] 10.0.0.31 "GET /v2.0/security-groups/358b0add-9d22-4813-9dd6-9a8e715ee973 HTTP/1.1" status: 200 len: 2994 time: 0.0439212
2026-05-30 02:57:25.862 10 INFO neutron.wsgi [req-e4239a2b-f78a-4f0c-b19c-a389592a132e req-d68f8ce8-f011-4496-8119-86301dc2a7f3 992da6aefeb64bc1bc18a7ab6a80f384 110d00120a7145e78f5c74b074d9df53 - - default default] 10.0.0.31 "GET /v2.0/security-groups/358b0add-9d22-4813-9dd6-9a8e715ee973 HTTP/1.1" status: 200 len: 2994 time: 0.0514126
2026-05-30 02:57:25.868 9 INFO neutron.db.ovn_revision_numbers_db [req-d6545699-f3f5-4485-beea-83fdc98881d3 req-64ac49ca-7b5f-454a-b1c4-7234a449af0b a038e2191f4b42098595a884495b8b8a c72409b4f3994106af3fef8f11ef50b1 - - default default] Successfully bumped revision number for resource 7e6ed4ea-2f15-4bf2-8fe1-efc5bb3ef63a (type: security_groups) to 1
2026-05-30 02:57:25.885 9 WARNING neutron.scheduler.dhcp_agent_scheduler [None req-e300be0a-1cf3-4af6-89bc-3f02d9abde64 0aa8b3db02e844fea94f41a4e43dcbf5 68ad9cc310aa4c6db3ebe292785ea6b4 - - default default] No more DHCP agents
2026-05-30 02:57:25.886 9 WARNING neutron.api.rpc.agentnotifiers.dhcp_rpc_agent_api [None req-e300be0a-1cf3-4af6-89bc-3f02d9abde64 0aa8b3db02e844fea94f41a4e43dcbf5 68ad9cc310aa4c6db3ebe292785ea6b4 - - default default] Unable to schedule network 947aee8d-2cd7-4784-aedb-3e1861d1c8e7: no agents available; will retry on subsequent port and subnet creation events.
2026-05-30 02:57:25.888 9 INFO neutron.db.ovn_revision_numbers_db [req-d6545699-f3f5-4485-beea-83fdc98881d3 req-64ac49ca-7b5f-454a-b1c4-7234a449af0b a038e2191f4b42098595a884495b8b8a c72409b4f3994106af3fef8f11ef50b1 - - default default] Successfully bumped revision number for resource 05336deb-d5b3-488c-adf1-449a37ab6e93 (type: security_group_rules) to 0
2026-05-30 02:57:25.916 9 INFO neutron.db.ovn_revision_numbers_db [req-d6545699-f3f5-4485-beea-83fdc98881d3 req-64ac49ca-7b5f-454a-b1c4-7234a449af0b a038e2191f4b42098595a884495b8b8a c72409b4f3994106af3fef8f11ef50b1 - - default default] Successfully bumped revision number for resource 286f67fd-38b0-42dd-b447-fab956f890f7 (type: security_group_rules) to 0
