Jul 15 01:15:06.194469 np0000185383 devstack@neutron-api.service[101786]: DEBUG neutron.api.extensions [None req-97e32467-b984-43b3-8b15-e1fa6a4e59b4 None None] Extended resource: security-group-rules {{(pid=101786) __init__ /opt/stack/neutron/neutron/api/extensions.py:156}}
Jul 15 01:15:06.195168 np0000185383 devstack@neutron-api.service[101786]: DEBUG neutron.api.extensions [None req-97e32467-b984-43b3-8b15-e1fa6a4e59b4 None None] Extended resource: service-providers {{(pid=101786) __init__ /opt/stack/neutron/neutron/api/extensions.py:156}}
Jul 15 01:15:06.195570 np0000185383 devstack@neutron-api.service[101786]: DEBUG neutron.api.extensions [None req-97e32467-b984-43b3-8b15-e1fa6a4e59b4 None None] Extended resource: subnetpools {{(pid=101786) __init__ /opt/stack/neutron/neutron/api/extensions.py:156}}
Jul 15 01:15:06.196248 np0000185383 devstack@neutron-api.service[101786]: DEBUG neutron.api.extensions [None req-97e32467-b984-43b3-8b15-e1fa6a4e59b4 None None] Extended resource: subnetpools {{(pid=101786) __init__ /opt/stack/neutron/neutron/api/extensions.py:156}}
Jul 15 01:15:06.196895 np0000185383 devstack@neutron-api.service[101786]: DEBUG neutron.api.extensions [None req-97e32467-b984-43b3-8b15-e1fa6a4e59b4 None None] Extended resource: tags {{(pid=101786) __init__ /opt/stack/neutron/neutron/api/extensions.py:156}}
Jul 15 01:15:06.197682 np0000185383 devstack@neutron-api.service[101786]: DEBUG neutron.api.extensions [None req-97e32467-b984-43b3-8b15-e1fa6a4e59b4 None None] Extended resource: tags {{(pid=101786) __init__ /opt/stack/neutron/neutron/api/extensions.py:156}}
Jul 15 01:15:06.198503 np0000185383 devstack@neutron-api.service[101786]: DEBUG neutron.api.extensions [None req-97e32467-b984-43b3-8b15-e1fa6a4e59b4 None None] Extended resource: tags {{(pid=101786) __init__ /opt/stack/neutron/neutron/api/extensions.py:156}}
Jul 15 01:15:06.199693 np0000185383 devstack@neutron-api.service[101786]: DEBUG neutron.api.extensions [None req-97e32467-b984-43b3-8b15-e1fa6a4e59b4 None None] Extended resource: tags {{(pid=101786) __init__ /opt/stack/neutron/neutron/api/extensions.py:156}}
Jul 15 01:15:06.200140 np0000185383 devstack@neutron-api.service[101786]: DEBUG neutron.api.extensions [None req-97e32467-b984-43b3-8b15-e1fa6a4e59b4 None None] Extended resource: tags {{(pid=101786) __init__ /opt/stack/neutron/neutron/api/extensions.py:156}}
Jul 15 01:15:06.201706 np0000185383 devstack@neutron-api.service[101786]: DEBUG neutron.api.extensions [None req-97e32467-b984-43b3-8b15-e1fa6a4e59b4 None None] Extended resource: tags {{(pid=101786) __init__ /opt/stack/neutron/neutron/api/extensions.py:156}}
Jul 15 01:15:06.202472 np0000185383 devstack@neutron-api.service[101786]: DEBUG neutron.api.extensions [None req-97e32467-b984-43b3-8b15-e1fa6a4e59b4 None None] Extended resource: tags {{(pid=101786) __init__ /opt/stack/neutron/neutron/api/extensions.py:156}}
Jul 15 01:15:06.203309 np0000185383 devstack@neutron-api.service[101786]: DEBUG neutron.api.extensions [None req-97e32467-b984-43b3-8b15-e1fa6a4e59b4 None None] Extended resource: tags {{(pid=101786) __init__ /opt/stack/neutron/neutron/api/extensions.py:156}}
Jul 15 01:15:06.204115 np0000185383 devstack@neutron-api.service[101786]: DEBUG neutron.api.extensions [None req-97e32467-b984-43b3-8b15-e1fa6a4e59b4 None None] Extended resource: tags {{(pid=101786) __init__ /opt/stack/neutron/neutron/api/extensions.py:156}}
Jul 15 01:15:06.205077 np0000185383 devstack@neutron-api.service[101786]: DEBUG neutron.api.extensions [None req-97e32467-b984-43b3-8b15-e1fa6a4e59b4 None None] Extended resource: tags {{(pid=101786) __init__ /opt/stack/neutron/neutron/api/extensions.py:156}}
Jul 15 01:15:06.215743 np0000185383 devstack@neutron-api.service[101786]: DEBUG neutron_lib.callbacks.manager [None req-97e32467-b984-43b3-8b15-e1fa6a4e59b4 None None] Publish callbacks ['neutron.plugins.ml2.drivers.ovn.mech_driver.mech_driver.OVNMechanismDriver.pre_fork_initialize-8373263'] for process (None), before_spawn {{(pid=101786) _notify_loop /opt/stack/data/venv/lib/python3.12/site-packages/neutron_lib/callbacks/manager.py:184}}
Jul 15 01:15:06.216282 np0000185383 devstack@neutron-api.service[101786]: DEBUG oslo_concurrency.processutils [None req-97e32467-b984-43b3-8b15-e1fa6a4e59b4 None None] Running cmd (subprocess): ovsdb-client transact ssl:199.204.45.169:6641 --timeout 180 -p /opt/stack/data/CA/int-ca/private/devstack-cert.key -c /opt/stack/data/CA/int-ca/devstack-cert.crt -C /opt/stack/data/CA/int-ca/ca-chain.pem ["OVN_Northbound", {"op": "wait", "timeout": 0, "table": "Port_Group", "where": [["name", "==", "neutron_pg_drop"]], "until": "==", "rows": []}, {"op": "insert", "table": "ACL", "row": {"action": "drop", "direction": "to-lport", "match": "outport == @neutron_pg_drop && ip", "priority": 1001}, "uuid-name": "droptoport"}, {"op": "insert", "table": "ACL", "row": {"action": "drop", "direction": "from-lport", "match": "inport == @neutron_pg_drop && ip", "priority": 1001}, "uuid-name": "dropfromport"}, {"op": "insert", "table": "Port_Group", "row": {"name": "neutron_pg_drop", "acls": ["set", [["named-uuid", "droptoport"], ["named-uuid", "dropfromport"]]]}}] {{(pid=101786) execute /opt/stack/data/venv/lib/python3.12/site-packages/oslo_concurrency/processutils.py:440}}
Jul 15 01:15:06.219977 np0000185383 devstack@neutron-api.service[101785]: DEBUG ovsdbapp.backend.ovs_idl [None req-85624f81-d0eb-4ac5-8a32-72ea436d569f None None] Created lookup_table index Logical_Switch.name {{(pid=101785) autocreate_indices /opt/stack/data/venv/lib/python3.12/site-packages/ovsdbapp/backend/ovs_idl/__init__.py:87}}
Jul 15 01:15:06.220082 np0000185383 devstack@neutron-api.service[101785]: DEBUG ovsdbapp.backend.ovs_idl [None req-85624f81-d0eb-4ac5-8a32-72ea436d569f None None] Created lookup_table index Logical_Router.name {{(pid=101785) autocreate_indices /opt/stack/data/venv/lib/python3.12/site-packages/ovsdbapp/backend/ovs_idl/__init__.py:87}}
Jul 15 01:15:06.220307 np0000185383 devstack@neutron-api.service[101785]: DEBUG ovsdbapp.backend.ovs_idl [None req-85624f81-d0eb-4ac5-8a32-72ea436d569f None None] Created lookup_table index Load_Balancer.name {{(pid=101785) autocreate_indices /opt/stack/data/venv/lib/python3.12/site-packages/ovsdbapp/backend/ovs_idl/__init__.py:87}}
Jul 15 01:15:06.220307 np0000185383 devstack@neutron-api.service[101785]: DEBUG ovsdbapp.backend.ovs_idl [None req-85624f81-d0eb-4ac5-8a32-72ea436d569f None None] Created schema index Copp.name {{(pid=101785) autocreate_indices /opt/stack/data/venv/lib/python3.12/site-packages/ovsdbapp/backend/ovs_idl/__init__.py:106}}
Jul 15 01:15:06.220402 np0000185383 devstack@neutron-api.service[101785]: DEBUG ovsdbapp.backend.ovs_idl [None req-85624f81-d0eb-4ac5-8a32-72ea436d569f None None] Created schema index Meter.name {{(pid=101785) autocreate_indices /opt/stack/data/venv/lib/python3.12/site-packages/ovsdbapp/backend/ovs_idl/__init__.py:106}}
Jul 15 01:15:06.220450 np0000185383 devstack@neutron-api.service[101785]: DEBUG ovsdbapp.backend.ovs_idl [None req-85624f81-d0eb-4ac5-8a32-72ea436d569f None None] Created schema index Load_Balancer_Group.name {{(pid=101785) autocreate_indices /opt/stack/data/venv/lib/python3.12/site-packages/ovsdbapp/backend/ovs_idl/__init__.py:106}}
Jul 15 01:15:06.220550 np0000185383 devstack@neutron-api.service[101785]: DEBUG ovsdbapp.backend.ovs_idl [None req-85624f81-d0eb-4ac5-8a32-72ea436d569f None None] Created schema index HA_Chassis_Group.name {{(pid=101785) autocreate_indices /opt/stack/data/venv/lib/python3.12/site-packages/ovsdbapp/backend/ovs_idl/__init__.py:106}}
Jul 15 01:15:06.220633 np0000185383 devstack@neutron-api.service[101785]: DEBUG ovsdbapp.backend.ovs_idl [None req-85624f81-d0eb-4ac5-8a32-72ea436d569f None None] Created schema index Address_Set.name {{(pid=101785) autocreate_indices /opt/stack/data/venv/lib/python3.12/site-packages/ovsdbapp/backend/ovs_idl/__init__.py:106}}
Jul 15 01:15:06.220728 np0000185383 devstack@neutron-api.service[101785]: DEBUG ovsdbapp.backend.ovs_idl [None req-85624f81-d0eb-4ac5-8a32-72ea436d569f None None] Created schema index Connection.target {{(pid=101785) autocreate_indices /opt/stack/data/venv/lib/python3.12/site-packages/ovsdbapp/backend/ovs_idl/__init__.py:106}}
Jul 15 01:15:06.220815 np0000185383 devstack@neutron-api.service[101785]: DEBUG ovsdbapp.backend.ovs_idl [None req-85624f81-d0eb-4ac5-8a32-72ea436d569f None None] Created schema index Gateway_Chassis.name {{(pid=101785) autocreate_indices /opt/stack/data/venv/lib/python3.12/site-packages/ovsdbapp/backend/ovs_idl/__init__.py:106}}
Jul 15 01:15:06.220905 np0000185383 devstack@neutron-api.service[101785]: DEBUG ovsdbapp.backend.ovs_idl [None req-85624f81-d0eb-4ac5-8a32-72ea436d569f None None] Created schema index Mirror.name {{(pid=101785) autocreate_indices /opt/stack/data/venv/lib/python3.12/site-packages/ovsdbapp/backend/ovs_idl/__init__.py:106}}
Jul 15 01:15:06.221044 np0000185383 devstack@neutron-api.service[101785]: DEBUG ovsdbapp.backend.ovs_idl [None req-85624f81-d0eb-4ac5-8a32-72ea436d569f None None] Created schema index Chassis_Template_Var.chassis {{(pid=101785) autocreate_indices /opt/stack/data/venv/lib/python3.12/site-packages/ovsdbapp/backend/ovs_idl/__init__.py:106}}
Jul 15 01:15:06.221147 np0000185383 devstack@neutron-api.service[101785]: DEBUG ovsdbapp.backend.ovs_idl [None req-85624f81-d0eb-4ac5-8a32-72ea436d569f None None] Created schema index Logical_Router_Port.name {{(pid=101785) autocreate_indices /opt/stack/data/venv/lib/python3.12/site-packages/ovsdbapp/backend/ovs_idl/__init__.py:106}}
Jul 15 01:15:06.221223 np0000185383 devstack@neutron-api.service[101785]: DEBUG ovsdbapp.backend.ovs_idl [None req-85624f81-d0eb-4ac5-8a32-72ea436d569f None None] Created schema index Port_Group.name {{(pid=101785) autocreate_indices /opt/stack/data/venv/lib/python3.12/site-packages/ovsdbapp/backend/ovs_idl/__init__.py:106}}
Jul 15 01:15:06.221308 np0000185383 devstack@neutron-api.service[101785]: DEBUG ovsdbapp.backend.ovs_idl [None req-85624f81-d0eb-4ac5-8a32-72ea436d569f None None] Created schema index Logical_Switch_Port.name {{(pid=101785) autocreate_indices /opt/stack/data/venv/lib/python3.12/site-packages/ovsdbapp/backend/ovs_idl/__init__.py:106}}
Jul 15 01:15:06.224081 np0000185383 devstack@neutron-api.service[101785]: INFO ovsdbapp.backend.ovs_idl.vlog [None req-85624f81-d0eb-4ac5-8a32-72ea436d569f None None] ssl:199.204.45.169:6641: connecting...
Jul 15 01:15:06.229646 np0000185383 devstack@neutron-api.service[101785]: INFO ovsdbapp.backend.ovs_idl.vlog [None req-85624f81-d0eb-4ac5-8a32-72ea436d569f None None] ssl:199.204.45.169:6641: connected
Jul 15 01:15:06.252266 np0000185383 devstack@neutron-api.service[101786]: DEBUG oslo_concurrency.processutils [None req-97e32467-b984-43b3-8b15-e1fa6a4e59b4 None None] CMD "ovsdb-client transact ssl:199.204.45.169:6641 --timeout 180 -p /opt/stack/data/CA/int-ca/private/devstack-cert.key -c /opt/stack/data/CA/int-ca/devstack-cert.crt -C /opt/stack/data/CA/int-ca/ca-chain.pem ["OVN_Northbound", {"op": "wait", "timeout": 0, "table": "Port_Group", "where": [["name", "==", "neutron_pg_drop"]], "until": "==", "rows": []}, {"op": "insert", "table": "ACL", "row": {"action": "drop", "direction": "to-lport", "match": "outport == @neutron_pg_drop && ip", "priority": 1001}, "uuid-name": "droptoport"}, {"op": "insert", "table": "ACL", "row": {"action": "drop", "direction": "from-lport", "match": "inport == @neutron_pg_drop && ip", "priority": 1001}, "uuid-name": "dropfromport"}, {"op": "insert", "table": "Port_Group", "row": {"name": "neutron_pg_drop", "acls": ["set", [["named-uuid", "droptoport"], ["named-uuid", "dropfromport"]]]}}]" returned: 0 in 0.036s {{(pid=101786) execute /opt/stack/data/venv/lib/python3.12/site-packages/oslo_concurrency/processutils.py:468}}
Jul 15 01:15:06.252961 np0000185383 devstack@neutron-api.service[101786]: DEBUG neutron_lib.callbacks.manager [None req-97e32467-b984-43b3-8b15-e1fa6a4e59b4 None None] Publish callbacks ['neutron.plugins.ml2.drivers.ovn.mech_driver.mech_driver.OVNMechanismDriver.post_fork_initialize-8373367', 'neutron.services.pvlan.drivers.ovn.driver._initialize_pvlan_pg_drop-8010436885638', 'neutron.services.ovn_l3.plugin.OVNL3RouterPlugin._post_fork_initialize-2354342'] for process (None), after_init {{(pid=101786) _notify_loop /opt/stack/data/venv/lib/python3.12/site-packages/neutron_lib/callbacks/manager.py:184}}
Jul 15 01:15:06.253311 np0000185383 devstack@neutron-api.service[101786]: DEBUG oslo_concurrency.lockutils [None req-97e32467-b984-43b3-8b15-e1fa6a4e59b4 None None] Acquiring lock "singleton_lock" {{(pid=101786) lock /opt/stack/data/venv/lib/python3.12/site-packages/oslo_concurrency/lockutils.py:395}}
Jul 15 01:15:06.253521 np0000185383 devstack@neutron-api.service[101786]: DEBUG oslo_concurrency.lockutils [None req-97e32467-b984-43b3-8b15-e1fa6a4e59b4 None None] Acquired lock "singleton_lock" {{(pid=101786) lock /opt/stack/data/venv/lib/python3.12/site-packages/oslo_concurrency/lockutils.py:398}}
Jul 15 01:15:06.253711 np0000185383 devstack@neutron-api.service[101786]: DEBUG oslo_concurrency.lockutils [None req-97e32467-b984-43b3-8b15-e1fa6a4e59b4 None None] Releasing lock "singleton_lock" {{(pid=101786) lock /opt/stack/data/venv/lib/python3.12/site-packages/oslo_concurrency/lockutils.py:418}}
Jul 15 01:15:06.256111 np0000185383 devstack@neutron-api.service[101786]: DEBUG neutron.plugins.ml2.drivers.ovn.mech_driver.mech_driver [None req-97e32467-b984-43b3-8b15-e1fa6a4e59b4 None None] Hash Ring setup using WSGI start time 2026-07-15 01:14:59+00:00 {{(pid=101786) _init_hash_ring /opt/stack/neutron/neutron/plugins/ml2/drivers/ovn/mech_driver/mech_driver.py:404}}
Jul 15 01:15:06.262979 np0000185383 devstack@neutron-api.service[101786]: INFO neutron.db.ovn_hash_ring_db [None req-97e32467-b984-43b3-8b15-e1fa6a4e59b4 None None] Nodes from host "np0000185383" and group "mechanism_driver" removed from the Hash Ring created at 2026-07-15 01:14:59+00:00
Jul 15 01:15:06.266418 np0000185383 devstack@neutron-api.service[101786]: INFO neutron.db.ovn_hash_ring_db [None req-97e32467-b984-43b3-8b15-e1fa6a4e59b4 None None] Node 68b4ab6a331c5df49be0d84ec6a55060 from host "np0000185383" and group "mechanism_driver" added to the Hash Ring
Jul 15 01:15:06.270421 np0000185383 devstack@neutron-api.service[101785]: DEBUG neutron.common.ovn.hash_ring_manager [None req-85624f81-d0eb-4ac5-8a32-72ea436d569f None None] Disallow caching, nodes 2<4 {{(pid=101785) _wait_startup_before_caching /opt/stack/neutron/neutron/common/ovn/hash_ring_manager.py:79}}
Jul 15 01:15:06.270644 np0000185383 devstack@neutron-api.service[101786]: DEBUG neutron.plugins.ml2.drivers.ovn.mech_driver.mech_driver [None req-97e32467-b984-43b3-8b15-e1fa6a4e59b4 None None] Hash Ring setup, this worker has detected 3 OVN hash ring registers in the database {{(pid=101786) _init_hash_ring /opt/stack/neutron/neutron/plugins/ml2/drivers/ovn/mech_driver/mech_driver.py:414}}
Jul 15 01:15:06.278686 np0000185383 devstack@neutron-api.service[101785]: DEBUG neutron.common.ovn.hash_ring_manager [None req-85624f81-d0eb-4ac5-8a32-72ea436d569f None None] Hash Ring loaded. 2 active nodes. 0 offline nodes {{(pid=101785) _load_hash_ring /opt/stack/neutron/neutron/common/ovn/hash_ring_manager.py:110}}
Jul 15 01:15:06.278973 np0000185383 devstack@neutron-api.service[101785]: DEBUG neutron.plugins.ml2.drivers.ovn.mech_driver.ovsdb.ovsdb_monitor [None req-85624f81-d0eb-4ac5-8a32-72ea436d569f None None] Hash Ring: Node 3a26f76c990b536cb89eec56bf026cd0 (host: np0000185383) handling event "create" for row 287adc10-9683-4df0-9253-c57ccdcfb649 (table: ACL) {{(pid=101785) notify /opt/stack/neutron/neutron/plugins/ml2/drivers/ovn/mech_driver/ovsdb/ovsdb_monitor.py:1009}}
Jul 15 01:15:06.280787 np0000185383 devstack@neutron-api.service[101786]: DEBUG neutron.plugins.ml2.drivers.ovn.mech_driver.ovsdb.maintenance [None req-97e32467-b984-43b3-8b15-e1fa6a4e59b4 None None] Periodic task found: HashRingHealthCheckPeriodics.touch_hash_ring_node {{(pid=101786) add_periodics /opt/stack/neutron/neutron/plugins/ml2/drivers/ovn/mech_driver/ovsdb/maintenance.py:146}}
Jul 15 01:15:06.282063 np0000185383 devstack@neutron-api.service[101786]: INFO neutron.plugins.ml2.drivers.ovn.mech_driver.mech_driver [None req-97e32467-b984-43b3-8b15-e1fa6a4e59b4 None None] Hash Ring probing thread for node 68b4ab6a331c5df49be0d84ec6a55060 has started
Jul 15 01:15:06.282994 np0000185383 devstack@neutron-api.service[101785]: DEBUG neutron.common.ovn.hash_ring_manager [None req-85624f81-d0eb-4ac5-8a32-72ea436d569f None None] Disallow caching, nodes 3<4 {{(pid=101785) _wait_startup_before_caching /opt/stack/neutron/neutron/common/ovn/hash_ring_manager.py:79}}
Jul 15 01:15:06.283172 np0000185383 devstack@neutron-api.service[101786]: INFO neutron.plugins.ml2.drivers.ovn.mech_driver.ovsdb.impl_idl_ovn [None req-97e32467-b984-43b3-8b15-e1fa6a4e59b4 None None] Getting OvsdbNbOvnIdl for WorkerService with retry
Jul 15 01:15:06.288937 np0000185383 devstack@neutron-api.service[101785]: DEBUG neutron.common.ovn.hash_ring_manager [None req-85624f81-d0eb-4ac5-8a32-72ea436d569f None None] Hash Ring loaded. 3 active nodes. 0 offline nodes {{(pid=101785) _load_hash_ring /opt/stack/neutron/neutron/common/ovn/hash_ring_manager.py:110}}
Jul 15 01:15:06.297814 np0000185383 devstack@neutron-api.service[101785]: DEBUG neutron.common.ovn.hash_ring_manager [None req-85624f81-d0eb-4ac5-8a32-72ea436d569f None None] Hash Ring loaded. 3 active nodes. 0 offline nodes {{(pid=101785) _load_hash_ring /opt/stack/neutron/neutron/common/ovn/hash_ring_manager.py:110}}
Jul 15 01:15:06.303536 np0000185383 devstack@neutron-api.service[101785]: DEBUG neutron.common.ovn.hash_ring_manager [None req-85624f81-d0eb-4ac5-8a32-72ea436d569f None None] Hash Ring loaded. 3 active nodes. 0 offline nodes {{(pid=101785) _load_hash_ring /opt/stack/neutron/neutron/common/ovn/hash_ring_manager.py:110}}
Jul 15 01:15:06.310630 np0000185383 devstack@neutron-api.service[101785]: DEBUG neutron.common.ovn.hash_ring_manager [None req-85624f81-d0eb-4ac5-8a32-72ea436d569f None None] Hash Ring loaded. 3 active nodes. 0 offline nodes {{(pid=101785) _load_hash_ring /opt/stack/neutron/neutron/common/ovn/hash_ring_manager.py:110}}
Jul 15 01:15:06.310849 np0000185383 devstack@neutron-api.service[101785]: DEBUG neutron.plugins.ml2.drivers.ovn.mech_driver.ovsdb.ovsdb_monitor [None req-85624f81-d0eb-4ac5-8a32-72ea436d569f None None] Hash Ring: Node 3a26f76c990b536cb89eec56bf026cd0 (host: np0000185383) handling event "create" for row c1d859c9-1765-4fd7-9675-4267587bceb7 (table: Connection) {{(pid=101785) notify /opt/stack/neutron/neutron/plugins/ml2/drivers/ovn/mech_driver/ovsdb/ovsdb_monitor.py:1009}}
Jul 15 01:15:06.317668 np0000185383 devstack@neutron-api.service[101785]: DEBUG neutron.common.ovn.hash_ring_manager [None req-85624f81-d0eb-4ac5-8a32-72ea436d569f None None] Hash Ring loaded. 3 active nodes. 0 offline nodes {{(pid=101785) _load_hash_ring /opt/stack/neutron/neutron/common/ovn/hash_ring_manager.py:110}}
Jul 15 01:15:06.317819 np0000185383 devstack@neutron-api.service[101785]: DEBUG neutron.plugins.ml2.drivers.ovn.mech_driver.ovsdb.ovsdb_monitor [None req-85624f81-d0eb-4ac5-8a32-72ea436d569f None None] Hash Ring: Node 3a26f76c990b536cb89eec56bf026cd0 (host: np0000185383) handling event "create" for row fafe4d1d-f2cd-4bab-9d79-a81e4fee4f44 (table: NB_Global) {{(pid=101785) notify /opt/stack/neutron/neutron/plugins/ml2/drivers/ovn/mech_driver/ovsdb/ovsdb_monitor.py:1009}}
Jul 15 01:15:06.324166 np0000185383 devstack@neutron-api.service[101785]: DEBUG neutron.common.ovn.hash_ring_manager [None req-85624f81-d0eb-4ac5-8a32-72ea436d569f None None] Hash Ring loaded. 3 active nodes. 0 offline nodes {{(pid=101785) _load_hash_ring /opt/stack/neutron/neutron/common/ovn/hash_ring_manager.py:110}}
Jul 15 01:15:06.326068 np0000185383 devstack@neutron-api.service[101786]: DEBUG ovsdbapp.backend.ovs_idl [None req-97e32467-b984-43b3-8b15-e1fa6a4e59b4 None None] Created lookup_table index Logical_Switch.name {{(pid=101786) autocreate_indices /opt/stack/data/venv/lib/python3.12/site-packages/ovsdbapp/backend/ovs_idl/__init__.py:87}}
Jul 15 01:15:06.326278 np0000185383 devstack@neutron-api.service[101786]: DEBUG ovsdbapp.backend.ovs_idl [None req-97e32467-b984-43b3-8b15-e1fa6a4e59b4 None None] Created lookup_table index Logical_Router.name {{(pid=101786) autocreate_indices /opt/stack/data/venv/lib/python3.12/site-packages/ovsdbapp/backend/ovs_idl/__init__.py:87}}
Jul 15 01:15:06.326464 np0000185383 devstack@neutron-api.service[101786]: DEBUG ovsdbapp.backend.ovs_idl [None req-97e32467-b984-43b3-8b15-e1fa6a4e59b4 None None] Created lookup_table index Load_Balancer.name {{(pid=101786) autocreate_indices /opt/stack/data/venv/lib/python3.12/site-packages/ovsdbapp/backend/ovs_idl/__init__.py:87}}
Jul 15 01:15:06.326661 np0000185383 devstack@neutron-api.service[101786]: DEBUG ovsdbapp.backend.ovs_idl [None req-97e32467-b984-43b3-8b15-e1fa6a4e59b4 None None] Created schema index Copp.name {{(pid=101786) autocreate_indices /opt/stack/data/venv/lib/python3.12/site-packages/ovsdbapp/backend/ovs_idl/__init__.py:106}}
Jul 15 01:15:06.326848 np0000185383 devstack@neutron-api.service[101786]: DEBUG ovsdbapp.backend.ovs_idl [None req-97e32467-b984-43b3-8b15-e1fa6a4e59b4 None None] Created schema index Meter.name {{(pid=101786) autocreate_indices /opt/stack/data/venv/lib/python3.12/site-packages/ovsdbapp/backend/ovs_idl/__init__.py:106}}
Jul 15 01:15:06.327082 np0000185383 devstack@neutron-api.service[101786]: DEBUG ovsdbapp.backend.ovs_idl [None req-97e32467-b984-43b3-8b15-e1fa6a4e59b4 None None] Created schema index Load_Balancer_Group.name {{(pid=101786) autocreate_indices /opt/stack/data/venv/lib/python3.12/site-packages/ovsdbapp/backend/ovs_idl/__init__.py:106}}
Jul 15 01:15:06.327248 np0000185383 devstack@neutron-api.service[101786]: DEBUG ovsdbapp.backend.ovs_idl [None req-97e32467-b984-43b3-8b15-e1fa6a4e59b4 None None] Created schema index HA_Chassis_Group.name {{(pid=101786) autocreate_indices /opt/stack/data/venv/lib/python3.12/site-packages/ovsdbapp/backend/ovs_idl/__init__.py:106}}
Jul 15 01:15:06.327411 np0000185383 devstack@neutron-api.service[101786]: DEBUG ovsdbapp.backend.ovs_idl [None req-97e32467-b984-43b3-8b15-e1fa6a4e59b4 None None] Created schema index Address_Set.name {{(pid=101786) autocreate_indices /opt/stack/data/venv/lib/python3.12/site-packages/ovsdbapp/backend/ovs_idl/__init__.py:106}}
Jul 15 01:15:06.327586 np0000185383 devstack@neutron-api.service[101786]: DEBUG ovsdbapp.backend.ovs_idl [None req-97e32467-b984-43b3-8b15-e1fa6a4e59b4 None None] Created schema index Connection.target {{(pid=101786) autocreate_indices /opt/stack/data/venv/lib/python3.12/site-packages/ovsdbapp/backend/ovs_idl/__init__.py:106}}
Jul 15 01:15:06.327750 np0000185383 devstack@neutron-api.service[101786]: DEBUG ovsdbapp.backend.ovs_idl [None req-97e32467-b984-43b3-8b15-e1fa6a4e59b4 None None] Created schema index Gateway_Chassis.name {{(pid=101786) autocreate_indices /opt/stack/data/venv/lib/python3.12/site-packages/ovsdbapp/backend/ovs_idl/__init__.py:106}}
Jul 15 01:15:06.327939 np0000185383 devstack@neutron-api.service[101786]: DEBUG ovsdbapp.backend.ovs_idl [None req-97e32467-b984-43b3-8b15-e1fa6a4e59b4 None None] Created schema index Mirror.name {{(pid=101786) autocreate_indices /opt/stack/data/venv/lib/python3.12/site-packages/ovsdbapp/backend/ovs_idl/__init__.py:106}}
Jul 15 01:15:06.328134 np0000185383 devstack@neutron-api.service[101786]: DEBUG ovsdbapp.backend.ovs_idl [None req-97e32467-b984-43b3-8b15-e1fa6a4e59b4 None None] Created schema index Chassis_Template_Var.chassis {{(pid=101786) autocreate_indices /opt/stack/data/venv/lib/python3.12/site-packages/ovsdbapp/backend/ovs_idl/__init__.py:106}}
Jul 15 01:15:06.328245 np0000185383 devstack@neutron-api.service[101786]: DEBUG ovsdbapp.backend.ovs_idl [None req-97e32467-b984-43b3-8b15-e1fa6a4e59b4 None None] Created schema index Logical_Router_Port.name {{(pid=101786) autocreate_indices /opt/stack/data/venv/lib/python3.12/site-packages/ovsdbapp/backend/ovs_idl/__init__.py:106}}
Jul 15 01:15:06.328375 np0000185383 devstack@neutron-api.service[101786]: DEBUG ovsdbapp.backend.ovs_idl [None req-97e32467-b984-43b3-8b15-e1fa6a4e59b4 None None] Created schema index Port_Group.name {{(pid=101786) autocreate_indices /opt/stack/data/venv/lib/python3.12/site-packages/ovsdbapp/backend/ovs_idl/__init__.py:106}}
Jul 15 01:15:06.328508 np0000185383 devstack@neutron-api.service[101786]: DEBUG ovsdbapp.backend.ovs_idl [None req-97e32467-b984-43b3-8b15-e1fa6a4e59b4 None None] Created schema index Logical_Switch_Port.name {{(pid=101786) autocreate_indices /opt/stack/data/venv/lib/python3.12/site-packages/ovsdbapp/backend/ovs_idl/__init__.py:106}}
Jul 15 01:15:06.331308 np0000185383 devstack@neutron-api.service[101785]: DEBUG neutron.common.ovn.hash_ring_manager [None req-85624f81-d0eb-4ac5-8a32-72ea436d569f None None] Hash Ring loaded. 3 active nodes. 0 offline nodes {{(pid=101785) _load_hash_ring /opt/stack/neutron/neutron/common/ovn/hash_ring_manager.py:110}}
Jul 15 01:15:06.331530 np0000185383 devstack@neutron-api.service[101785]: DEBUG neutron.plugins.ml2.drivers.ovn.mech_driver.ovsdb.ovsdb_monitor [None req-85624f81-d0eb-4ac5-8a32-72ea436d569f None None] Hash Ring: Node 3a26f76c990b536cb89eec56bf026cd0 (host: np0000185383) handling event "create" for row ac72ee12-f7b0-469a-ba9d-55fef539cd4e (table: Port_Group) {{(pid=101785) notify /opt/stack/neutron/neutron/plugins/ml2/drivers/ovn/mech_driver/ovsdb/ovsdb_monitor.py:1009}}
Jul 15 01:15:06.331813 np0000185383 devstack@neutron-api.service[101786]: INFO ovsdbapp.backend.ovs_idl.vlog [None req-97e32467-b984-43b3-8b15-e1fa6a4e59b4 None None] ssl:199.204.45.169:6641: connecting...
Jul 15 01:15:06.338192 np0000185383 devstack@neutron-api.service[101786]: INFO ovsdbapp.backend.ovs_idl.vlog [None req-97e32467-b984-43b3-8b15-e1fa6a4e59b4 None None] ssl:199.204.45.169:6641: connected
Jul 15 01:15:06.338249 np0000185383 devstack@neutron-api.service[101785]: DEBUG neutron.common.ovn.hash_ring_manager [None req-85624f81-d0eb-4ac5-8a32-72ea436d569f None None] Hash Ring loaded. 3 active nodes. 0 offline nodes {{(pid=101785) _load_hash_ring /opt/stack/neutron/neutron/common/ovn/hash_ring_manager.py:110}}
Jul 15 01:15:06.339252 np0000185383 devstack@neutron-api.service[101785]: INFO neutron.plugins.ml2.drivers.ovn.mech_driver.ovsdb.impl_idl_ovn [None req-85624f81-d0eb-4ac5-8a32-72ea436d569f None None] Getting OvsdbSbOvnIdl for WorkerService with retry
Jul 15 01:15:06.372421 np0000185383 devstack@neutron-api.service[101786]: DEBUG neutron.common.ovn.hash_ring_manager [None req-97e32467-b984-43b3-8b15-e1fa6a4e59b4 None None] Disallow caching, nodes 3<4 {{(pid=101786) _wait_startup_before_caching /opt/stack/neutron/neutron/common/ovn/hash_ring_manager.py:79}}
Jul 15 01:15:06.374175 np0000185383 devstack@neutron-api.service[101785]: DEBUG ovsdbapp.backend.ovs_idl [None req-85624f81-d0eb-4ac5-8a32-72ea436d569f None None] Created lookup_table index Chassis.name {{(pid=101785) autocreate_indices /opt/stack/data/venv/lib/python3.12/site-packages/ovsdbapp/backend/ovs_idl/__init__.py:87}}
Jul 15 01:15:06.374285 np0000185383 devstack@neutron-api.service[101785]: DEBUG ovsdbapp.backend.ovs_idl [None req-85624f81-d0eb-4ac5-8a32-72ea436d569f None None] Created lookup_table index Port_Binding.logical_port {{(pid=101785) autocreate_indices /opt/stack/data/venv/lib/python3.12/site-packages/ovsdbapp/backend/ovs_idl/__init__.py:87}}
Jul 15 01:15:06.374414 np0000185383 devstack@neutron-api.service[101785]: DEBUG ovsdbapp.backend.ovs_idl [None req-85624f81-d0eb-4ac5-8a32-72ea436d569f None None] Created schema index Chassis_Private.name {{(pid=101785) autocreate_indices /opt/stack/data/venv/lib/python3.12/site-packages/ovsdbapp/backend/ovs_idl/__init__.py:106}}
Jul 15 01:15:06.374936 np0000185383 devstack@neutron-api.service[101785]: DEBUG ovsdbapp.backend.ovs_idl [None req-85624f81-d0eb-4ac5-8a32-72ea436d569f None None] Created schema index Datapath_Binding.tunnel_key {{(pid=101785) autocreate_indices /opt/stack/data/venv/lib/python3.12/site-packages/ovsdbapp/backend/ovs_idl/__init__.py:106}}
Jul 15 01:15:06.376660 np0000185383 devstack@neutron-api.service[101785]: INFO ovsdbapp.backend.ovs_idl.vlog [None req-85624f81-d0eb-4ac5-8a32-72ea436d569f None None] ssl:199.204.45.169:6642: connecting...
Jul 15 01:15:06.379797 np0000185383 devstack@neutron-api.service[101786]: DEBUG neutron.common.ovn.hash_ring_manager [None req-97e32467-b984-43b3-8b15-e1fa6a4e59b4 None None] Hash Ring loaded. 3 active nodes. 0 offline nodes {{(pid=101786) _load_hash_ring /opt/stack/neutron/neutron/common/ovn/hash_ring_manager.py:110}}
Jul 15 01:15:06.382736 np0000185383 devstack@neutron-api.service[101785]: INFO ovsdbapp.backend.ovs_idl.vlog [None req-85624f81-d0eb-4ac5-8a32-72ea436d569f None None] ssl:199.204.45.169:6642: connected
Jul 15 01:15:06.385831 np0000185383 devstack@neutron-api.service[101786]: DEBUG neutron.common.ovn.hash_ring_manager [None req-97e32467-b984-43b3-8b15-e1fa6a4e59b4 None None] Hash Ring loaded. 3 active nodes. 0 offline nodes {{(pid=101786) _load_hash_ring /opt/stack/neutron/neutron/common/ovn/hash_ring_manager.py:110}}
Jul 15 01:15:06.392986 np0000185383 devstack@neutron-api.service[101786]: DEBUG neutron.common.ovn.hash_ring_manager [None req-97e32467-b984-43b3-8b15-e1fa6a4e59b4 None None] Hash Ring loaded. 3 active nodes. 0 offline nodes {{(pid=101786) _load_hash_ring /opt/stack/neutron/neutron/common/ovn/hash_ring_manager.py:110}}
Jul 15 01:15:06.400743 np0000185383 devstack@neutron-api.service[101786]: DEBUG neutron.common.ovn.hash_ring_manager [None req-97e32467-b984-43b3-8b15-e1fa6a4e59b4 None None] Hash Ring loaded. 3 active nodes. 0 offline nodes {{(pid=101786) _load_hash_ring /opt/stack/neutron/neutron/common/ovn/hash_ring_manager.py:110}}
Jul 15 01:15:06.401002 np0000185383 devstack@neutron-api.service[101786]: DEBUG neutron.plugins.ml2.drivers.ovn.mech_driver.ovsdb.ovsdb_monitor [None req-97e32467-b984-43b3-8b15-e1fa6a4e59b4 None None] Hash Ring: Node 68b4ab6a331c5df49be0d84ec6a55060 (host: np0000185383) handling event "create" for row da81bfae-5f90-4706-b531-670b9e3e339a (table: ACL) {{(pid=101786) notify /opt/stack/neutron/neutron/plugins/ml2/drivers/ovn/mech_driver/ovsdb/ovsdb_monitor.py:1009}}
Jul 15 01:15:06.407418 np0000185383 devstack@neutron-api.service[101786]: DEBUG neutron.common.ovn.hash_ring_manager [None req-97e32467-b984-43b3-8b15-e1fa6a4e59b4 None None] Hash Ring loaded. 3 active nodes. 0 offline nodes {{(pid=101786) _load_hash_ring /opt/stack/neutron/neutron/common/ovn/hash_ring_manager.py:110}}
Jul 15 01:15:06.413540 np0000185383 devstack@neutron-api.service[101786]: DEBUG neutron.common.ovn.hash_ring_manager [None req-97e32467-b984-43b3-8b15-e1fa6a4e59b4 None None] Hash Ring loaded. 3 active nodes. 0 offline nodes {{(pid=101786) _load_hash_ring /opt/stack/neutron/neutron/common/ovn/hash_ring_manager.py:110}}
Jul 15 01:15:06.416717 np0000185383 devstack@neutron-api.service[101785]: DEBUG neutron.common.ovn.hash_ring_manager [None req-85624f81-d0eb-4ac5-8a32-72ea436d569f None None] Disallow caching, nodes 3<4 {{(pid=101785) _wait_startup_before_caching /opt/stack/neutron/neutron/common/ovn/hash_ring_manager.py:79}}
Jul 15 01:15:06.419673 np0000185383 devstack@neutron-api.service[101786]: DEBUG neutron.common.ovn.hash_ring_manager [None req-97e32467-b984-43b3-8b15-e1fa6a4e59b4 None None] Hash Ring loaded. 3 active nodes. 0 offline nodes {{(pid=101786) _load_hash_ring /opt/stack/neutron/neutron/common/ovn/hash_ring_manager.py:110}}
Jul 15 01:15:06.420851 np0000185383 devstack@neutron-api.service[101785]: DEBUG neutron.common.ovn.hash_ring_manager [None req-85624f81-d0eb-4ac5-8a32-72ea436d569f None None] Hash Ring loaded. 3 active nodes. 0 offline nodes {{(pid=101785) _load_hash_ring /opt/stack/neutron/neutron/common/ovn/hash_ring_manager.py:110}}
Jul 15 01:15:06.421406 np0000185383 devstack@neutron-api.service[101785]: DEBUG ovsdbapp.backend.ovs_idl.event [None req-85624f81-d0eb-4ac5-8a32-72ea436d569f None None] Matched CREATE: ChassisOVNAgentWriteEvent(events=('create', 'update'), table='Chassis_Private', conditions=None, old_conditions=None), priority=20 to row=Chassis_Private(uuid=0e716aac-3196-455b-a9c0-e63a824038b0, chassis=4ac36e44-782f-4c7d-bd9a-24929a2cdf59, external_ids={'neutron:ovn-bridge': 'br-int', 'neutron:ovn-neutron-agent-id': 'c5d90c84-50da-5e77-9a81-2b9f7717123d', 'neutron:ovn-neutron-agent-sb-cfg': '0'}, name='c0842c22-5931-4276-bc00-32cb80ad278f', nb_cfg=0, nb_cfg_timestamp=0) old= {{(pid=101785) matches /opt/stack/data/venv/lib/python3.12/site-packages/ovsdbapp/backend/ovs_idl/event.py:55}}
Jul 15 01:15:06.421759 np0000185383 devstack@neutron-api.service[101785]: DEBUG ovsdbapp.backend.ovs_idl.event [None req-85624f81-d0eb-4ac5-8a32-72ea436d569f None None] Matched CREATE: ChassisAgentWriteEvent(events=('create', 'update'), table='Chassis_Private', conditions=None, old_conditions=None), priority=20 to row=Chassis_Private(uuid=0e716aac-3196-455b-a9c0-e63a824038b0, chassis=4ac36e44-782f-4c7d-bd9a-24929a2cdf59, external_ids={'neutron:ovn-bridge': 'br-int', 'neutron:ovn-neutron-agent-id': 'c5d90c84-50da-5e77-9a81-2b9f7717123d', 'neutron:ovn-neutron-agent-sb-cfg': '0'}, name='c0842c22-5931-4276-bc00-32cb80ad278f', nb_cfg=0, nb_cfg_timestamp=0) old= {{(pid=101785) matches /opt/stack/data/venv/lib/python3.12/site-packages/ovsdbapp/backend/ovs_idl/event.py:55}}
Jul 15 01:15:06.425552 np0000185383 devstack@neutron-api.service[101786]: DEBUG neutron.common.ovn.hash_ring_manager [None req-97e32467-b984-43b3-8b15-e1fa6a4e59b4 None None] Hash Ring loaded. 3 active nodes. 0 offline nodes {{(pid=101786) _load_hash_ring /opt/stack/neutron/neutron/common/ovn/hash_ring_manager.py:110}}
Jul 15 01:15:06.430021 np0000185383 devstack@neutron-api.service[101785]: DEBUG neutron.common.ovn.hash_ring_manager [None req-85624f81-d0eb-4ac5-8a32-72ea436d569f None None] Hash Ring loaded. 3 active nodes. 0 offline nodes {{(pid=101785) _load_hash_ring /opt/stack/neutron/neutron/common/ovn/hash_ring_manager.py:110}}
Jul 15 01:15:06.432746 np0000185383 devstack@neutron-api.service[101786]: DEBUG neutron.common.ovn.hash_ring_manager [None req-97e32467-b984-43b3-8b15-e1fa6a4e59b4 None None] Hash Ring loaded. 3 active nodes. 0 offline nodes {{(pid=101786) _load_hash_ring /opt/stack/neutron/neutron/common/ovn/hash_ring_manager.py:110}}
Jul 15 01:15:06.434401 np0000185383 devstack@neutron-api.service[101786]: INFO neutron.plugins.ml2.drivers.ovn.mech_driver.ovsdb.impl_idl_ovn [None req-97e32467-b984-43b3-8b15-e1fa6a4e59b4 None None] Getting OvsdbSbOvnIdl for WorkerService with retry
Jul 15 01:15:06.437079 np0000185383 devstack@neutron-api.service[101785]: DEBUG neutron.common.ovn.hash_ring_manager [None req-85624f81-d0eb-4ac5-8a32-72ea436d569f None None] Hash Ring loaded. 3 active nodes. 0 offline nodes {{(pid=101785) _load_hash_ring /opt/stack/neutron/neutron/common/ovn/hash_ring_manager.py:110}}
Jul 15 01:15:06.437339 np0000185383 devstack@neutron-api.service[101785]: DEBUG neutron.plugins.ml2.drivers.ovn.mech_driver.ovsdb.ovsdb_monitor [None req-85624f81-d0eb-4ac5-8a32-72ea436d569f None None] Hash Ring: Node 3a26f76c990b536cb89eec56bf026cd0 (host: np0000185383) handling event "create" for row 43a0f23e-7bc3-4406-a662-a01cdb3ea857 (table: Encap) {{(pid=101785) notify /opt/stack/neutron/neutron/plugins/ml2/drivers/ovn/mech_driver/ovsdb/ovsdb_monitor.py:1009}}
Jul 15 01:15:06.438800 np0000185383 devstack@neutron-api.service[101785]: INFO neutron.plugins.ml2.drivers.ovn.mech_driver.mech_driver [None req-85624f81-d0eb-4ac5-8a32-72ea436d569f None None] WorkerService process has finished the post initialization
Jul 15 01:15:06.439296 np0000185383 devstack@neutron-api.service[101785]: DEBUG oslo_concurrency.processutils [None req-85624f81-d0eb-4ac5-8a32-72ea436d569f None None] Running cmd (subprocess): ovsdb-client transact ssl:199.204.45.169:6641 --timeout 180 -p /opt/stack/data/CA/int-ca/private/devstack-cert.key -c /opt/stack/data/CA/int-ca/devstack-cert.crt -C /opt/stack/data/CA/int-ca/ca-chain.pem ["OVN_Northbound", {"op": "wait", "timeout": 0, "table": "Port_Group", "where": [["name", "==", "pvlan_pg_drop"]], "until": "==", "rows": []}, {"op": "insert", "table": "ACL", "row": {"action": "drop", "direction": "to-lport", "match": "outport == @pvlan_pg_drop && ip", "priority": 1010}, "uuid-name": "pvlandroptoport"}, {"op": "insert", "table": "ACL", "row": {"action": "drop", "direction": "from-lport", "match": "inport == @pvlan_pg_drop && ip", "priority": 1010}, "uuid-name": "pvlandropfromport"}, {"op": "insert", "table": "Port_Group", "row": {"name": "pvlan_pg_drop", "acls": ["set", [["named-uuid", "pvlandroptoport"], ["named-uuid", "pvlandropfromport"]]]}}] {{(pid=101785) execute /opt/stack/data/venv/lib/python3.12/site-packages/oslo_concurrency/processutils.py:440}}
Jul 15 01:15:06.464859 np0000185383 devstack@neutron-api.service[101786]: DEBUG ovsdbapp.backend.ovs_idl [None req-97e32467-b984-43b3-8b15-e1fa6a4e59b4 None None] Created lookup_table index Chassis.name {{(pid=101786) autocreate_indices /opt/stack/data/venv/lib/python3.12/site-packages/ovsdbapp/backend/ovs_idl/__init__.py:87}}
Jul 15 01:15:06.465704 np0000185383 devstack@neutron-api.service[101786]: DEBUG ovsdbapp.backend.ovs_idl [None req-97e32467-b984-43b3-8b15-e1fa6a4e59b4 None None] Created lookup_table index Port_Binding.logical_port {{(pid=101786) autocreate_indices /opt/stack/data/venv/lib/python3.12/site-packages/ovsdbapp/backend/ovs_idl/__init__.py:87}}
Jul 15 01:15:06.465704 np0000185383 devstack@neutron-api.service[101786]: DEBUG ovsdbapp.backend.ovs_idl [None req-97e32467-b984-43b3-8b15-e1fa6a4e59b4 None None] Created schema index Chassis_Private.name {{(pid=101786) autocreate_indices /opt/stack/data/venv/lib/python3.12/site-packages/ovsdbapp/backend/ovs_idl/__init__.py:106}}
Jul 15 01:15:06.465704 np0000185383 devstack@neutron-api.service[101786]: DEBUG ovsdbapp.backend.ovs_idl [None req-97e32467-b984-43b3-8b15-e1fa6a4e59b4 None None] Created schema index Datapath_Binding.tunnel_key {{(pid=101786) autocreate_indices /opt/stack/data/venv/lib/python3.12/site-packages/ovsdbapp/backend/ovs_idl/__init__.py:106}}
Jul 15 01:15:06.467698 np0000185383 devstack@neutron-api.service[101786]: INFO ovsdbapp.backend.ovs_idl.vlog [None req-97e32467-b984-43b3-8b15-e1fa6a4e59b4 None None] ssl:199.204.45.169:6642: connecting...
Jul 15 01:15:06.472813 np0000185383 devstack@neutron-api.service[101785]: DEBUG oslo_concurrency.processutils [None req-85624f81-d0eb-4ac5-8a32-72ea436d569f None None] CMD "ovsdb-client transact ssl:199.204.45.169:6641 --timeout 180 -p /opt/stack/data/CA/int-ca/private/devstack-cert.key -c /opt/stack/data/CA/int-ca/devstack-cert.crt -C /opt/stack/data/CA/int-ca/ca-chain.pem ["OVN_Northbound", {"op": "wait", "timeout": 0, "table": "Port_Group", "where": [["name", "==", "pvlan_pg_drop"]], "until": "==", "rows": []}, {"op": "insert", "table": "ACL", "row": {"action": "drop", "direction": "to-lport", "match": "outport == @pvlan_pg_drop && ip", "priority": 1010}, "uuid-name": "pvlandroptoport"}, {"op": "insert", "table": "ACL", "row": {"action": "drop", "direction": "from-lport", "match": "inport == @pvlan_pg_drop && ip", "priority": 1010}, "uuid-name": "pvlandropfromport"}, {"op": "insert", "table": "Port_Group", "row": {"name": "pvlan_pg_drop", "acls": ["set", [["named-uuid", "pvlandroptoport"], ["named-uuid", "pvlandropfromport"]]]}}]" returned: 0 in 0.033s {{(pid=101785) execute /opt/stack/data/venv/lib/python3.12/site-packages/oslo_concurrency/processutils.py:468}}
Jul 15 01:15:06.473292 np0000185383 devstack@neutron-api.service[101786]: INFO ovsdbapp.backend.ovs_idl.vlog [None req-97e32467-b984-43b3-8b15-e1fa6a4e59b4 None None] ssl:199.204.45.169:6642: connected
Jul 15 01:15:06.475467 np0000185383 devstack@neutron-api.service[101785]: WSGI app 0 (mountpoint='') ready in 7 seconds on interpreter 0x74913b2a4668 pid: 101785 (default app)
Jul 15 01:15:06.512347 np0000185383 devstack@neutron-api.service[101786]: DEBUG neutron.common.ovn.hash_ring_manager [None req-97e32467-b984-43b3-8b15-e1fa6a4e59b4 None None] Disallow caching, nodes 3<4 {{(pid=101786) _wait_startup_before_caching /opt/stack/neutron/neutron/common/ovn/hash_ring_manager.py:79}}
Jul 15 01:15:06.516422 np0000185383 devstack@neutron-api.service[101786]: DEBUG neutron.common.ovn.hash_ring_manager [None req-97e32467-b984-43b3-8b15-e1fa6a4e59b4 None None] Hash Ring loaded. 3 active nodes. 0 offline nodes {{(pid=101786) _load_hash_ring /opt/stack/neutron/neutron/common/ovn/hash_ring_manager.py:110}}
Jul 15 01:15:06.517126 np0000185383 devstack@neutron-api.service[101786]: DEBUG ovsdbapp.backend.ovs_idl.event [None req-97e32467-b984-43b3-8b15-e1fa6a4e59b4 None None] Matched CREATE: ChassisAgentWriteEvent(events=('create', 'update'), table='Chassis_Private', conditions=None, old_conditions=None), priority=20 to row=Chassis_Private(uuid=0e716aac-3196-455b-a9c0-e63a824038b0, chassis=4ac36e44-782f-4c7d-bd9a-24929a2cdf59, external_ids={'neutron:ovn-bridge': 'br-int', 'neutron:ovn-neutron-agent-id': 'c5d90c84-50da-5e77-9a81-2b9f7717123d', 'neutron:ovn-neutron-agent-sb-cfg': '0'}, name='c0842c22-5931-4276-bc00-32cb80ad278f', nb_cfg=0, nb_cfg_timestamp=0) old= {{(pid=101786) matches /opt/stack/data/venv/lib/python3.12/site-packages/ovsdbapp/backend/ovs_idl/event.py:55}}
Jul 15 01:15:06.517464 np0000185383 devstack@neutron-api.service[101786]: DEBUG ovsdbapp.backend.ovs_idl.event [None req-97e32467-b984-43b3-8b15-e1fa6a4e59b4 None None] Matched CREATE: ChassisOVNAgentWriteEvent(events=('create', 'update'), table='Chassis_Private', conditions=None, old_conditions=None), priority=20 to row=Chassis_Private(uuid=0e716aac-3196-455b-a9c0-e63a824038b0, chassis=4ac36e44-782f-4c7d-bd9a-24929a2cdf59, external_ids={'neutron:ovn-bridge': 'br-int', 'neutron:ovn-neutron-agent-id': 'c5d90c84-50da-5e77-9a81-2b9f7717123d', 'neutron:ovn-neutron-agent-sb-cfg': '0'}, name='c0842c22-5931-4276-bc00-32cb80ad278f', nb_cfg=0, nb_cfg_timestamp=0) old= {{(pid=101786) matches /opt/stack/data/venv/lib/python3.12/site-packages/ovsdbapp/backend/ovs_idl/event.py:55}}
Jul 15 01:15:06.525458 np0000185383 devstack@neutron-api.service[101786]: DEBUG neutron.common.ovn.hash_ring_manager [None req-97e32467-b984-43b3-8b15-e1fa6a4e59b4 None None] Hash Ring loaded. 3 active nodes. 0 offline nodes {{(pid=101786) _load_hash_ring /opt/stack/neutron/neutron/common/ovn/hash_ring_manager.py:110}}
Jul 15 01:15:06.531876 np0000185383 devstack@neutron-api.service[101786]: DEBUG neutron.common.ovn.hash_ring_manager [None req-97e32467-b984-43b3-8b15-e1fa6a4e59b4 None None] Hash Ring loaded. 3 active nodes. 0 offline nodes {{(pid=101786) _load_hash_ring /opt/stack/neutron/neutron/common/ovn/hash_ring_manager.py:110}}
Jul 15 01:15:06.533106 np0000185383 devstack@neutron-api.service[101786]: INFO neutron.plugins.ml2.drivers.ovn.mech_driver.mech_driver [None req-97e32467-b984-43b3-8b15-e1fa6a4e59b4 None None] WorkerService process has finished the post initialization
Jul 15 01:15:06.533672 np0000185383 devstack@neutron-api.service[101786]: DEBUG oslo_concurrency.processutils [None req-97e32467-b984-43b3-8b15-e1fa6a4e59b4 None None] Running cmd (subprocess): ovsdb-client transact ssl:199.204.45.169:6641 --timeout 180 -p /opt/stack/data/CA/int-ca/private/devstack-cert.key -c /opt/stack/data/CA/int-ca/devstack-cert.crt -C /opt/stack/data/CA/int-ca/ca-chain.pem ["OVN_Northbound", {"op": "wait", "timeout": 0, "table": "Port_Group", "where": [["name", "==", "pvlan_pg_drop"]], "until": "==", "rows": []}, {"op": "insert", "table": "ACL", "row": {"action": "drop", "direction": "to-lport", "match": "outport == @pvlan_pg_drop && ip", "priority": 1010}, "uuid-name": "pvlandroptoport"}, {"op": "insert", "table": "ACL", "row": {"action": "drop", "direction": "from-lport", "match": "inport == @pvlan_pg_drop && ip", "priority": 1010}, "uuid-name": "pvlandropfromport"}, {"op": "insert", "table": "Port_Group", "row": {"name": "pvlan_pg_drop", "acls": ["set", [["named-uuid", "pvlandroptoport"], ["named-uuid", "pvlandropfromport"]]]}}] {{(pid=101786) execute /opt/stack/data/venv/lib/python3.12/site-packages/oslo_concurrency/processutils.py:440}}
Jul 15 01:15:06.565951 np0000185383 devstack@neutron-api.service[101786]: DEBUG oslo_concurrency.processutils [None req-97e32467-b984-43b3-8b15-e1fa6a4e59b4 None None] CMD "ovsdb-client transact ssl:199.204.45.169:6641 --timeout 180 -p /opt/stack/data/CA/int-ca/private/devstack-cert.key -c /opt/stack/data/CA/int-ca/devstack-cert.crt -C /opt/stack/data/CA/int-ca/ca-chain.pem ["OVN_Northbound", {"op": "wait", "timeout": 0, "table": "Port_Group", "where": [["name", "==", "pvlan_pg_drop"]], "until": "==", "rows": []}, {"op": "insert", "table": "ACL", "row": {"action": "drop", "direction": "to-lport", "match": "outport == @pvlan_pg_drop && ip", "priority": 1010}, "uuid-name": "pvlandroptoport"}, {"op": "insert", "table": "ACL", "row": {"action": "drop", "direction": "from-lport", "match": "inport == @pvlan_pg_drop && ip", "priority": 1010}, "uuid-name": "pvlandropfromport"}, {"op": "insert", "table": "Port_Group", "row": {"name": "pvlan_pg_drop", "acls": ["set", [["named-uuid", "pvlandroptoport"], ["named-uuid", "pvlandropfromport"]]]}}]" returned: 0 in 0.032s {{(pid=101786) execute /opt/stack/data/venv/lib/python3.12/site-packages/oslo_concurrency/processutils.py:468}}
Jul 15 01:15:06.568659 np0000185383 devstack@neutron-api.service[101786]: WSGI app 0 (mountpoint='') ready in 7 seconds on interpreter 0x74913b2a4668 pid: 101786 (default app)
Jul 15 01:15:06.670274 np0000185383 devstack@neutron-api.service[101787]: WARNING neutron.objects.base [None req-22cfb5e2-612d-4a96-a3bf-b34f0093fddd None None] ORM session: SQL execution without transaction in progress, traceback:
Jul 15 01:15:06.670274 np0000185383 devstack@neutron-api.service[101787]: File "", line 1360, in _find_and_load
Jul 15 01:15:06.670274 np0000185383 devstack@neutron-api.service[101787]: File "", line 1331, in _find_and_load_unlocked
Jul 15 01:15:06.670274 np0000185383 devstack@neutron-api.service[101787]: File "", line 935, in _load_unlocked
Jul 15 01:15:06.670274 np0000185383 devstack@neutron-api.service[101787]: File "", line 995, in exec_module
Jul 15 01:15:06.670274 np0000185383 devstack@neutron-api.service[101787]: File "", line 488, in _call_with_frames_removed
Jul 15 01:15:06.670274 np0000185383 devstack@neutron-api.service[101787]: File "/opt/stack/neutron/neutron/wsgi/api.py", line 23, in
Jul 15 01:15:06.670274 np0000185383 devstack@neutron-api.service[101787]: application = server.boot_server(api.api_server, prog='neutron-api')
Jul 15 01:15:06.670274 np0000185383 devstack@neutron-api.service[101787]: File "/opt/stack/neutron/neutron/server/__init__.py", line 78, in boot_server
Jul 15 01:15:06.670274 np0000185383 devstack@neutron-api.service[101787]: return server_func()
Jul 15 01:15:06.670274 np0000185383 devstack@neutron-api.service[101787]: File "/opt/stack/neutron/neutron/server/api.py", line 32, in api_server
Jul 15 01:15:06.670274 np0000185383 devstack@neutron-api.service[101787]: registry.publish(resources.PROCESS, events.AFTER_INIT,
Jul 15 01:15:06.670274 np0000185383 devstack@neutron-api.service[101787]: File "/opt/stack/data/venv/lib/python3.12/site-packages/neutron_lib/callbacks/registry.py", line 56, in publish
Jul 15 01:15:06.670274 np0000185383 devstack@neutron-api.service[101787]: _get_callback_manager().publish(resource, event, trigger, payload=payload)
Jul 15 01:15:06.670274 np0000185383 devstack@neutron-api.service[101787]: File "/opt/stack/data/venv/lib/python3.12/site-packages/neutron_lib/db/utils.py", line 110, in _wrapped
Jul 15 01:15:06.670274 np0000185383 devstack@neutron-api.service[101787]: return function(*args, **kwargs)
Jul 15 01:15:06.670274 np0000185383 devstack@neutron-api.service[101787]: File "/opt/stack/data/venv/lib/python3.12/site-packages/neutron_lib/callbacks/manager.py", line 157, in publish
Jul 15 01:15:06.670274 np0000185383 devstack@neutron-api.service[101787]: errors = self._notify_loop(resource, event, trigger, payload)
Jul 15 01:15:06.670274 np0000185383 devstack@neutron-api.service[101787]: File "/opt/stack/data/venv/lib/python3.12/site-packages/neutron_lib/callbacks/manager.py", line 189, in _notify_loop
Jul 15 01:15:06.670274 np0000185383 devstack@neutron-api.service[101787]: callback.method(resource, event, trigger, payload=payload)
Jul 15 01:15:06.670274 np0000185383 devstack@neutron-api.service[101787]: File "/opt/stack/neutron/neutron/plugins/ml2/drivers/ovn/mech_driver/mech_driver.py", line 430, in post_fork_initialize
Jul 15 01:15:06.670274 np0000185383 devstack@neutron-api.service[101787]: self._setup_hash_ring()
Jul 15 01:15:06.670274 np0000185383 devstack@neutron-api.service[101787]: File "/opt/stack/neutron/neutron/plugins/ml2/drivers/ovn/mech_driver/mech_driver.py", line 385, in _setup_hash_ring
Jul 15 01:15:06.670274 np0000185383 devstack@neutron-api.service[101787]: self._init_hash_ring(n_context.get_admin_context())
Jul 15 01:15:06.671471 np0000185383 devstack@neutron-api.service[101787]: File "/opt/stack/data/venv/lib/python3.12/site-packages/neutron_lib/db/api.py", line 223, in wrapped
Jul 15 01:15:06.671471 np0000185383 devstack@neutron-api.service[101787]: return f_with_retry(*args, **kwargs,
Jul 15 01:15:06.671471 np0000185383 devstack@neutron-api.service[101787]: File "/opt/stack/data/venv/lib/python3.12/site-packages/neutron_lib/db/api.py", line 135, in wrapped
Jul 15 01:15:06.671471 np0000185383 devstack@neutron-api.service[101787]: return f(*args, **kwargs)
Jul 15 01:15:06.671471 np0000185383 devstack@neutron-api.service[101787]: File "/opt/stack/data/venv/lib/python3.12/site-packages/oslo_db/api.py", line 142, in wrapper
