2026-05-09 18:11:45.391 8 INFO placement.requestlog [None req-0c8cf2da-6b44-48c3-8330-bfc530793818 ef58164521334bb598ccdf271a09c198 7f1c3f38d45a44d186f0af531d86cc65 - - 5fea4178ca7e4833a83b47da9f16b1bf 5fea4178ca7e4833a83b47da9f16b1bf] 10.0.0.17 "GET /resource_providers/383e89e9-1d98-44e5-9e0d-32bce1647832/aggregates" status: 404 len: 235 microversion: 1.1 [pid: 8|app: 0|req: 356/710] 10.0.0.17 () {32 vars in 814 bytes} [Sat May 9 18:11:45 2026] GET /resource_providers/383e89e9-1d98-44e5-9e0d-32bce1647832/aggregates => generated 235 bytes in 9 msecs (HTTP/1.1 404) 5 headers in 202 bytes (1 switches on core 0)
2026-05-09 18:11:45.404 7 INFO placement.requestlog [None req-24c20755-b101-4420-acc5-43189994930c ef58164521334bb598ccdf271a09c198 7f1c3f38d45a44d186f0af531d86cc65 - - 5fea4178ca7e4833a83b47da9f16b1bf 5fea4178ca7e4833a83b47da9f16b1bf] 10.0.0.17 "GET /resource_providers/383e89e9-1d98-44e5-9e0d-32bce1647832/aggregates" status: 404 len: 235 microversion: 1.1 [pid: 7|app: 0|req: 355/711] 10.0.0.17 () {32 vars in 814 bytes} [Sat May 9 18:11:45 2026] GET /resource_providers/383e89e9-1d98-44e5-9e0d-32bce1647832/aggregates => generated 235 bytes in 23 msecs (HTTP/1.1 404) 5 headers in 202 bytes (1 switches on core 0)
2026-05-09 18:11:45.408 8 INFO placement.requestlog [None req-7d9b5a74-2992-42b1-9cde-f8751c57f631 ef58164521334bb598ccdf271a09c198 7f1c3f38d45a44d186f0af531d86cc65 - - 5fea4178ca7e4833a83b47da9f16b1bf 5fea4178ca7e4833a83b47da9f16b1bf] 10.0.0.17 "DELETE /resource_providers/383e89e9-1d98-44e5-9e0d-32bce1647832" status: 404 len: 246 microversion: 1.1 [pid: 8|app: 0|req: 357/712] 10.0.0.17 () {34 vars in 814 bytes} [Sat May 9 18:11:45 2026] DELETE /resource_providers/383e89e9-1d98-44e5-9e0d-32bce1647832 => generated 246 bytes in 12 msecs (HTTP/1.1 404) 6 headers in 231 bytes (1 switches on core 0)
2026-05-09 18:11:45.426 7 INFO placement.requestlog [None req-b843d091-4dc5-4016-a561-88885b7fe268 ef58164521334bb598ccdf271a09c198 7f1c3f38d45a44d186f0af531d86cc65 - - 5fea4178ca7e4833a83b47da9f16b1bf 5fea4178ca7e4833a83b47da9f16b1bf] 10.0.0.17 "DELETE /resource_providers/383e89e9-1d98-44e5-9e0d-32bce1647832" status: 404 len: 246 microversion: 1.1 [pid: 7|app: 0|req: 356/713] 10.0.0.17 () {34 vars in 814 bytes} [Sat May 9 18:11:45 2026] DELETE /resource_providers/383e89e9-1d98-44e5-9e0d-32bce1647832 => generated 246 bytes in 16 msecs (HTTP/1.1 404) 6 headers in 231 bytes (1 switches on core 0)
2026-05-09 18:11:45.795 7 INFO placement.requestlog [None req-2725f390-f1d9-4330-b2ec-a487462f960c ef58164521334bb598ccdf271a09c198 7f1c3f38d45a44d186f0af531d86cc65 - - 5fea4178ca7e4833a83b47da9f16b1bf 5fea4178ca7e4833a83b47da9f16b1bf] 10.0.0.17 "GET /resource_providers/b0e1235d-d027-48f6-b1ab-330fa579eb24/aggregates" status: 404 len: 235 microversion: 1.1 [pid: 7|app: 0|req: 357/714] 10.0.0.17 () {32 vars in 814 bytes} [Sat May 9 18:11:45 2026] GET /resource_providers/b0e1235d-d027-48f6-b1ab-330fa579eb24/aggregates => generated 235 bytes in 10 msecs (HTTP/1.1 404) 5 headers in 202 bytes (1 switches on core 0)
2026-05-09 18:11:45.797 8 INFO placement.requestlog [None req-3b300dd7-f0d5-4350-ac51-1dbc1a2e405c ef58164521334bb598ccdf271a09c198 7f1c3f38d45a44d186f0af531d86cc65 - - 5fea4178ca7e4833a83b47da9f16b1bf 5fea4178ca7e4833a83b47da9f16b1bf] 10.0.0.17 "GET /resource_providers/b0e1235d-d027-48f6-b1ab-330fa579eb24/aggregates" status: 404 len: 235 microversion: 1.1 [pid: 8|app: 0|req: 358/715] 10.0.0.17 () {32 vars in 814 bytes} [Sat May 9 18:11:45 2026] GET /resource_providers/b0e1235d-d027-48f6-b1ab-330fa579eb24/aggregates => generated 235 bytes in 17 msecs (HTTP/1.1 404) 5 headers in 202 bytes (1 switches on core 0)
2026-05-09 18:11:45.977 7 INFO placement.requestlog [req-a8092cd1-8a60-4152-870b-ed9a271c1aa9 req-f66cc69d-ae56-4baa-b6ae-1d962bd9103c d86449af45724a3db340650447265973 7f1c3f38d45a44d186f0af531d86cc65 - - 5fea4178ca7e4833a83b47da9f16b1bf 5fea4178ca7e4833a83b47da9f16b1bf] 199.204.45.235 "GET /resource_providers/44d33f91-3e3e-4148-b60b-9f2e1ad3995d/allocations" status: 200 len: 338 microversion: 1.0 [pid: 7|app: 0|req: 358/716] 199.204.45.235 () {32 vars in 856 bytes} [Sat May 9 18:11:45 2026] GET /resource_providers/44d33f91-3e3e-4148-b60b-9f2e1ad3995d/allocations => generated 338 bytes in 15 msecs (HTTP/1.1 200) 6 headers in 224 bytes (1 switches on core 0)
2026-05-09 18:11:46.004 8 INFO placement.requestlog [req-a8092cd1-8a60-4152-870b-ed9a271c1aa9 req-6c32d17d-92b4-4d0f-acb3-cf27328465bb d86449af45724a3db340650447265973 7f1c3f38d45a44d186f0af531d86cc65 - - 5fea4178ca7e4833a83b47da9f16b1bf 5fea4178ca7e4833a83b47da9f16b1bf] 199.204.45.235 "GET /resource_providers/44d33f91-3e3e-4148-b60b-9f2e1ad3995d/allocations" status: 200 len: 338 microversion: 1.0 [pid: 8|app: 0|req: 359/717] 199.204.45.235 () {32 vars in 856 bytes} [Sat May 9 18:11:45 2026] GET /resource_providers/44d33f91-3e3e-4148-b60b-9f2e1ad3995d/allocations => generated 338 bytes in 19 msecs (HTTP/1.1 200) 6 headers in 224 bytes (1 switches on core 0)
2026-05-09 18:11:46.030 7 INFO placement.requestlog [req-a8092cd1-8a60-4152-870b-ed9a271c1aa9 req-9d7eec0f-0d54-4579-9961-50dedbfcf4ca d86449af45724a3db340650447265973 7f1c3f38d45a44d186f0af531d86cc65 - - 5fea4178ca7e4833a83b47da9f16b1bf 5fea4178ca7e4833a83b47da9f16b1bf] 199.204.45.235 "GET /allocations/a772094d-aaf0-4d4f-b36b-01546b7c1eba" status: 200 len: 257 microversion: 1.28 [pid: 7|app: 0|req: 359/718] 199.204.45.235 () {34 vars in 862 bytes} [Sat May 9 18:11:46 2026] GET /allocations/a772094d-aaf0-4d4f-b36b-01546b7c1eba => generated 257 bytes in 20 msecs (HTTP/1.1 200) 8 headers in 296 bytes (1 switches on core 0)
2026-05-09 18:11:46.059 8 INFO placement.requestlog [req-a8092cd1-8a60-4152-870b-ed9a271c1aa9 req-7c30e78c-8275-4c5e-b160-fb3e29748f22 d86449af45724a3db340650447265973 7f1c3f38d45a44d186f0af531d86cc65 - - 5fea4178ca7e4833a83b47da9f16b1bf 5fea4178ca7e4833a83b47da9f16b1bf] 199.204.45.235 "GET /allocations/511d5f7c-332f-4412-9405-b81337730885" status: 200 len: 243 microversion: 1.28 [pid: 8|app: 0|req: 360/719] 199.204.45.235 () {34 vars in 862 bytes} [Sat May 9 18:11:46 2026] GET /allocations/511d5f7c-332f-4412-9405-b81337730885 => generated 243 bytes in 10 msecs (HTTP/1.1 200) 8 headers in 296 bytes (1 switches on core 0)
2026-05-09 18:11:46.085 7 INFO placement.requestlog [req-a8092cd1-8a60-4152-870b-ed9a271c1aa9 req-5be37e44-5368-42af-8c28-ae657635b620 d86449af45724a3db340650447265973 7f1c3f38d45a44d186f0af531d86cc65 - - 5fea4178ca7e4833a83b47da9f16b1bf 5fea4178ca7e4833a83b47da9f16b1bf] 199.204.45.235 "GET /allocations/3dd73246-cba4-4ed4-b320-ff6ce6aab211" status: 200 len: 257 microversion: 1.28 [pid: 7|app: 0|req: 360/720] 199.204.45.235 () {34 vars in 862 bytes} [Sat May 9 18:11:46 2026] GET /allocations/3dd73246-cba4-4ed4-b320-ff6ce6aab211 => generated 257 bytes in 22 msecs (HTTP/1.1 200) 8 headers in 296 bytes (1 switches on core 0)
2026-05-09 18:11:46.438 7 INFO placement.requestlog [None req-501f4391-d7b0-4e1f-bd99-36a92de44761 ef58164521334bb598ccdf271a09c198 7f1c3f38d45a44d186f0af531d86cc65 - - 5fea4178ca7e4833a83b47da9f16b1bf 5fea4178ca7e4833a83b47da9f16b1bf] 10.0.0.17 "DELETE /resource_providers/b0e1235d-d027-48f6-b1ab-330fa579eb24" status: 404 len: 246 microversion: 1.1
2026-05-09 18:11:46.439 8 INFO placement.requestlog [None req-b2724005-036d-4481-aafd-ca4b10f70503 ef58164521334bb598ccdf271a09c198 7f1c3f38d45a44d186f0af531d86cc65 - - 5fea4178ca7e4833a83b47da9f16b1bf 5fea4178ca7e4833a83b47da9f16b1bf] 10.0.0.17 "DELETE /resource_providers/b0e1235d-d027-48f6-b1ab-330fa579eb24" status: 404 len: 246 microversion: 1.1 [pid: 8|app: 0|req: 361/722] 10.0.0.17 () {34 vars in 814 bytes} [Sat May 9 18:11:46 2026] DELETE /resource_providers/b0e1235d-d027-48f6-b1ab-330fa579eb24 => generated 246 bytes in 12 msecs (HTTP/1.1 404) 6 headers in 231 bytes (1 switches on core 0) [pid: 7|app: 0|req: 361/722] 10.0.0.17 () {34 vars in 814 bytes} [Sat May 9 18:11:46 2026] DELETE /resource_providers/b0e1235d-d027-48f6-b1ab-330fa579eb24 => generated 246 bytes in 11 msecs (HTTP/1.1 404) 6 headers in 231 bytes (1 switches on core 0)
2026-05-09 18:11:47.137 8 INFO placement.requestlog [req-52bc6bda-b1fc-43c1-86ba-613932c0876b req-600bb364-703a-4eab-8fb0-70541d820a0a d86449af45724a3db340650447265973 7f1c3f38d45a44d186f0af531d86cc65 - - 5fea4178ca7e4833a83b47da9f16b1bf 5fea4178ca7e4833a83b47da9f16b1bf] 199.204.45.235 "GET /resource_providers/44d33f91-3e3e-4148-b60b-9f2e1ad3995d/allocations" status: 200 len: 338 microversion: 1.0 [pid: 8|app: 0|req: 362/723] 199.204.45.235 () {32 vars in 856 bytes} [Sat May 9 18:11:47 2026] GET /resource_providers/44d33f91-3e3e-4148-b60b-9f2e1ad3995d/allocations => generated 338 bytes in 22 msecs (HTTP/1.1 200) 6 headers in 224 bytes (1 switches on core 0)
2026-05-09 18:11:47.161 7 INFO placement.requestlog [req-52bc6bda-b1fc-43c1-86ba-613932c0876b req-00cb40d7-bc14-4bea-97d1-ffefe7c41631 d86449af45724a3db340650447265973 7f1c3f38d45a44d186f0af531d86cc65 - - 5fea4178ca7e4833a83b47da9f16b1bf 5fea4178ca7e4833a83b47da9f16b1bf] 199.204.45.235 "GET /allocations/a772094d-aaf0-4d4f-b36b-01546b7c1eba" status: 200 len: 257 microversion: 1.28 [pid: 7|app: 0|req: 362/724] 199.204.45.235 () {34 vars in 862 bytes} [Sat May 9 18:11:47 2026] GET /allocations/a772094d-aaf0-4d4f-b36b-01546b7c1eba => generated 257 bytes in 17 msecs (HTTP/1.1 200) 8 headers in 296 bytes (1 switches on core 0)
2026-05-09 18:11:47.187 8 INFO placement.requestlog [req-52bc6bda-b1fc-43c1-86ba-613932c0876b req-b5fbc4c7-a484-4448-b197-813b7c410a1f d86449af45724a3db340650447265973 7f1c3f38d45a44d186f0af531d86cc65 - - 5fea4178ca7e4833a83b47da9f16b1bf 5fea4178ca7e4833a83b47da9f16b1bf] 199.204.45.235 "GET /allocations/511d5f7c-332f-4412-9405-b81337730885" status: 200 len: 243 microversion: 1.28 [pid: 8|app: 0|req: 363/725] 199.204.45.235 () {34 vars in 862 bytes} [Sat May 9 18:11:47 2026] GET /allocations/511d5f7c-332f-4412-9405-b81337730885 => generated 243 bytes in 18 msecs (HTTP/1.1 200) 8 headers in 296 bytes (1 switches on core 0)
2026-05-09 18:11:47.207 7 INFO placement.requestlog [req-52bc6bda-b1fc-43c1-86ba-613932c0876b req-d134162a-0a46-4fa0-bc1b-46ef01287e7e d86449af45724a3db340650447265973 7f1c3f38d45a44d186f0af531d86cc65 - - 5fea4178ca7e4833a83b47da9f16b1bf 5fea4178ca7e4833a83b47da9f16b1bf] 199.204.45.235 "GET /allocations/3dd73246-cba4-4ed4-b320-ff6ce6aab211" status: 200 len: 257 microversion: 1.28 [pid: 7|app: 0|req: 363/726] 199.204.45.235 () {34 vars in 862 bytes} [Sat May 9 18:11:47 2026] GET /allocations/3dd73246-cba4-4ed4-b320-ff6ce6aab211 => generated 257 bytes in 15 msecs (HTTP/1.1 200) 8 headers in 296 bytes (1 switches on core 0)
2026-05-09 18:11:48.286 8 INFO placement.requestlog [req-52bc6bda-b1fc-43c1-86ba-613932c0876b req-1cd85424-66b1-4c72-8444-6a08fbb28961 d86449af45724a3db340650447265973 7f1c3f38d45a44d186f0af531d86cc65 - - 5fea4178ca7e4833a83b47da9f16b1bf 5fea4178ca7e4833a83b47da9f16b1bf] 199.204.45.235 "DELETE /allocations/3dd73246-cba4-4ed4-b320-ff6ce6aab211" status: 204 len: 0 microversion: 1.0 [pid: 8|app: 0|req: 364/727] 199.204.45.235 () {34 vars in 840 bytes} [Sat May 9 18:11:48 2026] DELETE /allocations/3dd73246-cba4-4ed4-b320-ff6ce6aab211 => generated 0 bytes in 40 msecs (HTTP/1.1 204) 5 headers in 198 bytes (1 switches on core 0)
2026-05-09 18:11:48.470 7 INFO placement.requestlog [None req-977c5263-128d-4e96-9c4d-942d52dbd9a7 ef58164521334bb598ccdf271a09c198 7f1c3f38d45a44d186f0af531d86cc65 - - 5fea4178ca7e4833a83b47da9f16b1bf 5fea4178ca7e4833a83b47da9f16b1bf] 10.0.0.17 "GET /resource_providers/0f9ce301-5ccb-462f-9f19-a6470ef7b740/aggregates" status: 404 len: 235 microversion: 1.1 [pid: 7|app: 0|req: 364/728] 10.0.0.17 () {32 vars in 814 bytes} [Sat May 9 18:11:48 2026] GET /resource_providers/0f9ce301-5ccb-462f-9f19-a6470ef7b740/aggregates => generated 235 bytes in 9 msecs (HTTP/1.1 404) 5 headers in 202 bytes (1 switches on core 0)
2026-05-09 18:11:48.476 8 INFO placement.requestlog [None req-9dac13e7-3af1-40da-bea6-ac3957964a37 ef58164521334bb598ccdf271a09c198 7f1c3f38d45a44d186f0af531d86cc65 - - 5fea4178ca7e4833a83b47da9f16b1bf 5fea4178ca7e4833a83b47da9f16b1bf] 10.0.0.17 "GET /resource_providers/0f9ce301-5ccb-462f-9f19-a6470ef7b740/aggregates" status: 404 len: 235 microversion: 1.1 [pid: 8|app: 0|req: 365/729] 10.0.0.17 () {32 vars in 814 bytes} [Sat May 9 18:11:48 2026] GET /resource_providers/0f9ce301-5ccb-462f-9f19-a6470ef7b740/aggregates => generated 235 bytes in 12 msecs (HTTP/1.1 404) 5 headers in 202 bytes (1 switches on core 0)
2026-05-09 18:11:48.485 7 INFO placement.requestlog [None req-764091af-88c3-4e82-9b18-1d72afda3295 ef58164521334bb598ccdf271a09c198 7f1c3f38d45a44d186f0af531d86cc65 - - 5fea4178ca7e4833a83b47da9f16b1bf 5fea4178ca7e4833a83b47da9f16b1bf] 10.0.0.17 "DELETE /resource_providers/0f9ce301-5ccb-462f-9f19-a6470ef7b740" status: 404 len: 246 microversion: 1.1 [pid: 7|app: 0|req: 365/730] 10.0.0.17 () {34 vars in 814 bytes} [Sat May 9 18:11:48 2026] DELETE /resource_providers/0f9ce301-5ccb-462f-9f19-a6470ef7b740 => generated 246 bytes in 9 msecs (HTTP/1.1 404) 6 headers in 231 bytes (1 switches on core 0)
2026-05-09 18:11:48.498 8 INFO placement.requestlog [None req-e1970f10-7d86-45ae-9e7d-439636758820 ef58164521334bb598ccdf271a09c198 7f1c3f38d45a44d186f0af531d86cc65 - - 5fea4178ca7e4833a83b47da9f16b1bf 5fea4178ca7e4833a83b47da9f16b1bf] 10.0.0.17 "DELETE /resource_providers/0f9ce301-5ccb-462f-9f19-a6470ef7b740" status: 404 len: 246 microversion: 1.1 [pid: 8|app: 0|req: 366/731] 10.0.0.17 () {34 vars in 814 bytes} [Sat May 9 18:11:48 2026] DELETE /resource_providers/0f9ce301-5ccb-462f-9f19-a6470ef7b740 => generated 246 bytes in 12 msecs (HTTP/1.1 404) 6 headers in 231 bytes (1 switches on core 0)
2026-05-09 18:11:50.695 7 INFO placement.requestlog [None req-ada155e4-706b-4727-9a57-2612c7f02551 ef58164521334bb598ccdf271a09c198 7f1c3f38d45a44d186f0af531d86cc65 - - 5fea4178ca7e4833a83b47da9f16b1bf 5fea4178ca7e4833a83b47da9f16b1bf] 10.0.0.17 "GET /resource_providers/51e92ac7-719c-4500-9063-d4134eb9c79a/aggregates" status: 404 len: 235 microversion: 1.1
2026-05-09 18:11:50.695 8 INFO placement.requestlog [None req-fab01bd6-6a99-4642-9fd2-059226f8f35e ef58164521334bb598ccdf271a09c198 7f1c3f38d45a44d186f0af531d86cc65 - - 5fea4178ca7e4833a83b47da9f16b1bf 5fea4178ca7e4833a83b47da9f16b1bf] 10.0.0.17 "GET /resource_providers/51e92ac7-719c-4500-9063-d4134eb9c79a/aggregates" status: 404 len: 235 microversion: 1.1 [pid: 8|app: 0|req: 367/732] 10.0.0.17 () {32 vars in 814 bytes} [Sat May 9 18:11:50 2026] GET /resource_providers/51e92ac7-719c-4500-9063-d4134eb9c79a/aggregates => generated 235 bytes in 13 msecs (HTTP/1.1 404) 5 headers in 202 bytes (1 switches on core 0) [pid: 7|app: 0|req: 366/733] 10.0.0.17 () {32 vars in 814 bytes} [Sat May 9 18:11:50 2026] GET /resource_providers/51e92ac7-719c-4500-9063-d4134eb9c79a/aggregates => generated 235 bytes in 14 msecs (HTTP/1.1 404) 5 headers in 202 bytes (1 switches on core 0)
2026-05-09 18:11:50.713 8 INFO placement.requestlog [None req-393d4f3a-8bfd-4885-b568-e07d905163d4 ef58164521334bb598ccdf271a09c198 7f1c3f38d45a44d186f0af531d86cc65 - - 5fea4178ca7e4833a83b47da9f16b1bf 5fea4178ca7e4833a83b47da9f16b1bf] 10.0.0.17 "DELETE /resource_providers/51e92ac7-719c-4500-9063-d4134eb9c79a" status: 404 len: 246 microversion: 1.1 [pid: 8|app: 0|req: 368/734] 10.0.0.17 () {34 vars in 814 bytes} [Sat May 9 18:11:50 2026] DELETE /resource_providers/51e92ac7-719c-4500-9063-d4134eb9c79a => generated 246 bytes in 8 msecs (HTTP/1.1 404) 6 headers in 231 bytes (1 switches on core 0)
2026-05-09 18:11:50.725 7 INFO placement.requestlog [None req-6f345ea4-b2a7-4fae-a1f4-63c86387121c ef58164521334bb598ccdf271a09c198 7f1c3f38d45a44d186f0af531d86cc65 - - 5fea4178ca7e4833a83b47da9f16b1bf 5fea4178ca7e4833a83b47da9f16b1bf] 10.0.0.17 "DELETE /resource_providers/51e92ac7-719c-4500-9063-d4134eb9c79a" status: 404 len: 246 microversion: 1.1 [pid: 7|app: 0|req: 367/735] 10.0.0.17 () {34 vars in 814 bytes} [Sat May 9 18:11:50 2026] DELETE /resource_providers/51e92ac7-719c-4500-9063-d4134eb9c79a => generated 246 bytes in 20 msecs (HTTP/1.1 404) 6 headers in 231 bytes (1 switches on core 0)
2026-05-09 18:11:51.329 7 INFO placement.requestlog [None req-d80a416b-7b06-4048-b861-eb02cc109c5b ef58164521334bb598ccdf271a09c198 7f1c3f38d45a44d186f0af531d86cc65 - - 5fea4178ca7e4833a83b47da9f16b1bf 5fea4178ca7e4833a83b47da9f16b1bf] 10.0.0.17 "GET /resource_providers/5db8aa11-88e3-41ae-8300-ce59fc12b849/aggregates" status: 404 len: 235 microversion: 1.1 [pid: 7|app: 0|req: 368/736] 10.0.0.17 () {32 vars in 814 bytes} [Sat May 9 18:11:51 2026] GET /resource_providers/5db8aa11-88e3-41ae-8300-ce59fc12b849/aggregates => generated 235 bytes in 10 msecs (HTTP/1.1 404) 5 headers in 202 bytes (1 switches on core 0)
2026-05-09 18:11:51.329 8 INFO placement.requestlog [None req-df4b88aa-8a78-4a17-8306-d6b932d720a5 ef58164521334bb598ccdf271a09c198 7f1c3f38d45a44d186f0af531d86cc65 - - 5fea4178ca7e4833a83b47da9f16b1bf 5fea4178ca7e4833a83b47da9f16b1bf] 10.0.0.17 "GET /resource_providers/5db8aa11-88e3-41ae-8300-ce59fc12b849/aggregates" status: 404 len: 235 microversion: 1.1 [pid: 8|app: 0|req: 369/737] 10.0.0.17 () {32 vars in 814 bytes} [Sat May 9 18:11:51 2026] GET /resource_providers/5db8aa11-88e3-41ae-8300-ce59fc12b849/aggregates => generated 235 bytes in 11 msecs (HTTP/1.1 404) 5 headers in 202 bytes (1 switches on core 0)
2026-05-09 18:11:51.344 8 INFO placement.requestlog [None req-e013c3f8-3ff9-4ee4-b815-5b9b339f83c6 ef58164521334bb598ccdf271a09c198 7f1c3f38d45a44d186f0af531d86cc65 - - 5fea4178ca7e4833a83b47da9f16b1bf 5fea4178ca7e4833a83b47da9f16b1bf] 10.0.0.17 "DELETE /resource_providers/5db8aa11-88e3-41ae-8300-ce59fc12b849" status: 404 len: 246 microversion: 1.1 [pid: 8|app: 0|req: 370/738] 10.0.0.17 () {34 vars in 814 bytes} [Sat May 9 18:11:51 2026] DELETE /resource_providers/5db8aa11-88e3-41ae-8300-ce59fc12b849 => generated 246 bytes in 7 msecs (HTTP/1.1 404) 6 headers in 231 bytes (1 switches on core 0)
2026-05-09 18:11:51.346 7 INFO placement.requestlog [None req-1e4dc184-fca4-410b-9a8a-8697c9375d08 ef58164521334bb598ccdf271a09c198 7f1c3f38d45a44d186f0af531d86cc65 - - 5fea4178ca7e4833a83b47da9f16b1bf 5fea4178ca7e4833a83b47da9f16b1bf] 10.0.0.17 "DELETE /resource_providers/5db8aa11-88e3-41ae-8300-ce59fc12b849" status: 404 len: 246 microversion: 1.1 [pid: 7|app: 0|req: 369/739] 10.0.0.17 () {34 vars in 814 bytes} [Sat May 9 18:11:51 2026] DELETE /resource_providers/5db8aa11-88e3-41ae-8300-ce59fc12b849 => generated 246 bytes in 9 msecs (HTTP/1.1 404) 6 headers in 231 bytes (1 switches on core 0)
2026-05-09 18:11:52.570 7 INFO placement.requestlog [None req-777c63da-6454-4db2-83f9-004961fe4290 - - - - - -] 10.0.0.88 "GET /" status: 200 len: 136 microversion: 1.0
2026-05-09 18:11:52.572 8 INFO placement.requestlog [None req-7a4b18aa-896c-4dfd-ad53-79d6054ece3e - - - - - -] 10.0.0.88 "GET /" status: 200 len: 136 microversion: 1.0
2026-05-09 18:11:53.295 7 INFO placement.requestlog [req-bd560b53-7382-454e-a5a5-25569014146f req-adb53222-fc21-4989-8576-3997f856b6f5 d86449af45724a3db340650447265973 7f1c3f38d45a44d186f0af531d86cc65 - - 5fea4178ca7e4833a83b47da9f16b1bf 5fea4178ca7e4833a83b47da9f16b1bf] 199.204.45.235 "GET /resource_providers/44d33f91-3e3e-4148-b60b-9f2e1ad3995d/allocations" status: 200 len: 238 microversion: 1.0 [pid: 7|app: 0|req: 371/742] 199.204.45.235 () {32 vars in 856 bytes} [Sat May 9 18:11:53 2026] GET /resource_providers/44d33f91-3e3e-4148-b60b-9f2e1ad3995d/allocations => generated 238 bytes in 29 msecs (HTTP/1.1 200) 6 headers in 224 bytes (1 switches on core 0)
2026-05-09 18:11:53.327 8 INFO placement.requestlog [req-bd560b53-7382-454e-a5a5-25569014146f req-f3d102f3-6801-46f2-bdf8-eff84b1d0fd8 d86449af45724a3db340650447265973 7f1c3f38d45a44d186f0af531d86cc65 - - 5fea4178ca7e4833a83b47da9f16b1bf 5fea4178ca7e4833a83b47da9f16b1bf] 199.204.45.235 "GET /allocations/a772094d-aaf0-4d4f-b36b-01546b7c1eba" status: 200 len: 257 microversion: 1.28 [pid: 8|app: 0|req: 372/743] 199.204.45.235 () {34 vars in 862 bytes} [Sat May 9 18:11:53 2026] GET /allocations/a772094d-aaf0-4d4f-b36b-01546b7c1eba => generated 257 bytes in 28 msecs (HTTP/1.1 200) 8 headers in 296 bytes (1 switches on core 0)
2026-05-09 18:11:53.346 7 INFO placement.requestlog [req-bd560b53-7382-454e-a5a5-25569014146f req-b3dc9fa4-bcbe-45e8-ac8e-3fb247e90a03 d86449af45724a3db340650447265973 7f1c3f38d45a44d186f0af531d86cc65 - - 5fea4178ca7e4833a83b47da9f16b1bf 5fea4178ca7e4833a83b47da9f16b1bf] 199.204.45.235 "GET /allocations/511d5f7c-332f-4412-9405-b81337730885" status: 200 len: 243 microversion: 1.28 [pid: 7|app: 0|req: 372/744] 199.204.45.235 () {34 vars in 862 bytes} [Sat May 9 18:11:53 2026] GET /allocations/511d5f7c-332f-4412-9405-b81337730885 => generated 243 bytes in 14 msecs (HTTP/1.1 200) 8 headers in 296 bytes (1 switches on core 0)
2026-05-09 18:11:53.364 8 INFO placement.requestlog [None req-89d3f690-e6bd-4317-87a5-82d8d797bd39 ef58164521334bb598ccdf271a09c198 7f1c3f38d45a44d186f0af531d86cc65 - - 5fea4178ca7e4833a83b47da9f16b1bf 5fea4178ca7e4833a83b47da9f16b1bf] 10.0.0.17 "GET /resource_providers/ea241227-b0d0-4ae9-9b9c-34a70d5d11cf/aggregates" status: 404 len: 235 microversion: 1.1 [pid: 8|app: 0|req: 373/745] 10.0.0.17 () {32 vars in 814 bytes} [Sat May 9 18:11:53 2026] GET /resource_providers/ea241227-b0d0-4ae9-9b9c-34a70d5d11cf/aggregates => generated 235 bytes in 9 msecs (HTTP/1.1 404) 5 headers in 202 bytes (1 switches on core 0)
2026-05-09 18:11:53.382 7 INFO placement.requestlog [None req-006a7d2c-b97e-4066-973b-38472fe3158b ef58164521334bb598ccdf271a09c198 7f1c3f38d45a44d186f0af531d86cc65 - - 5fea4178ca7e4833a83b47da9f16b1bf 5fea4178ca7e4833a83b47da9f16b1bf] 10.0.0.17 "DELETE /resource_providers/ea241227-b0d0-4ae9-9b9c-34a70d5d11cf" status: 404 len: 246 microversion: 1.1 [pid: 7|app: 0|req: 373/746] 10.0.0.17 () {34 vars in 814 bytes} [Sat May 9 18:11:53 2026] DELETE /resource_providers/ea241227-b0d0-4ae9-9b9c-34a70d5d11cf => generated 246 bytes in 10 msecs (HTTP/1.1 404) 6 headers in 231 bytes (1 switches on core 0)
2026-05-09 18:11:53.636 8 INFO placement.requestlog [None req-edd7e01b-c4fa-4e0b-9783-9bbc1c76b62d ef58164521334bb598ccdf271a09c198 7f1c3f38d45a44d186f0af531d86cc65 - - 5fea4178ca7e4833a83b47da9f16b1bf 5fea4178ca7e4833a83b47da9f16b1bf] 10.0.0.17 "GET /resource_providers/ea241227-b0d0-4ae9-9b9c-34a70d5d11cf/aggregates" status: 404 len: 235 microversion: 1.1 [pid: 8|app: 0|req: 374/747] 10.0.0.17 () {32 vars in 814 bytes} [Sat May 9 18:11:53 2026] GET /resource_providers/ea241227-b0d0-4ae9-9b9c-34a70d5d11cf/aggregates => generated 235 bytes in 11 msecs (HTTP/1.1 404) 5 headers in 202 bytes (1 switches on core 0)
2026-05-09 18:11:53.654 7 INFO placement.requestlog [None req-81d950ca-e2ba-4a20-968a-ed5a3ae10e8a ef58164521334bb598ccdf271a09c198 7f1c3f38d45a44d186f0af531d86cc65 - - 5fea4178ca7e4833a83b47da9f16b1bf 5fea4178ca7e4833a83b47da9f16b1bf] 10.0.0.17 "DELETE /resource_providers/ea241227-b0d0-4ae9-9b9c-34a70d5d11cf" status: 404 len: 246 microversion: 1.1 [pid: 7|app: 0|req: 374/748] 10.0.0.17 () {34 vars in 814 bytes} [Sat May 9 18:11:53 2026] DELETE /resource_providers/ea241227-b0d0-4ae9-9b9c-34a70d5d11cf => generated 246 bytes in 10 msecs (HTTP/1.1 404) 6 headers in 231 bytes (1 switches on core 0)
2026-05-09 18:11:53.671 8 INFO placement.requestlog [None req-e49a8b40-dec3-49f5-9fd4-797eae720b7f ef58164521334bb598ccdf271a09c198 7f1c3f38d45a44d186f0af531d86cc65 - - 5fea4178ca7e4833a83b47da9f16b1bf 5fea4178ca7e4833a83b47da9f16b1bf] 10.0.0.17 "GET /resource_providers/16559589-eb01-4b5c-b26f-d4c27a0e7bc4/aggregates" status: 404 len: 235 microversion: 1.1 [pid: 8|app: 0|req: 375/749] 10.0.0.17 () {32 vars in 814 bytes} [Sat May 9 18:11:53 2026] GET /resource_providers/16559589-eb01-4b5c-b26f-d4c27a0e7bc4/aggregates => generated 235 bytes in 11 msecs (HTTP/1.1 404) 5 headers in 202 bytes (1 switches on core 0)
2026-05-09 18:11:53.766 7 INFO placement.requestlog [None req-b7d97e32-de47-42eb-b9b0-3b34ef6e113d ef58164521334bb598ccdf271a09c198 7f1c3f38d45a44d186f0af531d86cc65 - - 5fea4178ca7e4833a83b47da9f16b1bf 5fea4178ca7e4833a83b47da9f16b1bf] 10.0.0.17 "DELETE /resource_providers/16559589-eb01-4b5c-b26f-d4c27a0e7bc4" status: 404 len: 246 microversion: 1.1 [pid: 7|app: 0|req: 375/750] 10.0.0.17 () {34 vars in 814 bytes} [Sat May 9 18:11:53 2026] DELETE /resource_providers/16559589-eb01-4b5c-b26f-d4c27a0e7bc4 => generated 246 bytes in 10 msecs (HTTP/1.1 404) 6 headers in 231 bytes (1 switches on core 0)
2026-05-09 18:11:54.308 8 INFO placement.requestlog [None req-e394417d-29a2-43b2-825b-dce9c95c64ce ef58164521334bb598ccdf271a09c198 7f1c3f38d45a44d186f0af531d86cc65 - - 5fea4178ca7e4833a83b47da9f16b1bf 5fea4178ca7e4833a83b47da9f16b1bf] 10.0.0.17 "GET /resource_providers/f80f0681-c826-4f1d-bef6-260390a6fe55/aggregates" status: 404 len: 235 microversion: 1.1
2026-05-09 18:11:54.309 7 INFO placement.requestlog [None req-c1dfa298-cc4b-4f80-89fb-299acfb8f447 ef58164521334bb598ccdf271a09c198 7f1c3f38d45a44d186f0af531d86cc65 - - 5fea4178ca7e4833a83b47da9f16b1bf 5fea4178ca7e4833a83b47da9f16b1bf] 10.0.0.17 "GET /resource_providers/f80f0681-c826-4f1d-bef6-260390a6fe55/aggregates" status: 404 len: 235 microversion: 1.1 [pid: 8|app: 0|req: 376/751] 10.0.0.17 () {32 vars in 814 bytes} [Sat May 9 18:11:54 2026] GET /resource_providers/f80f0681-c826-4f1d-bef6-260390a6fe55/aggregates => generated 235 bytes in 10 msecs (HTTP/1.1 404) 5 headers in 202 bytes (1 switches on core 0) [pid: 7|app: 0|req: 376/752] 10.0.0.17 () {32 vars in 814 bytes} [Sat May 9 18:11:54 2026] GET /resource_providers/f80f0681-c826-4f1d-bef6-260390a6fe55/aggregates => generated 235 bytes in 8 msecs (HTTP/1.1 404) 5 headers in 202 bytes (1 switches on core 0)
2026-05-09 18:11:54.325 8 INFO placement.requestlog [None req-039ea8ec-2d3b-4b59-a927-0a8fdcdb43f9 ef58164521334bb598ccdf271a09c198 7f1c3f38d45a44d186f0af531d86cc65 - - 5fea4178ca7e4833a83b47da9f16b1bf 5fea4178ca7e4833a83b47da9f16b1bf] 10.0.0.17 "DELETE /resource_providers/f80f0681-c826-4f1d-bef6-260390a6fe55" status: 404 len: 246 microversion: 1.1 [pid: 8|app: 0|req: 377/753] 10.0.0.17 () {34 vars in 814 bytes} [Sat May 9 18:11:54 2026] DELETE /resource_providers/f80f0681-c826-4f1d-bef6-260390a6fe55 => generated 246 bytes in 7 msecs (HTTP/1.1 404) 6 headers in 231 bytes (1 switches on core 0)
2026-05-09 18:11:54.326 7 INFO placement.requestlog [None req-4a9698f4-effb-41fd-8e3a-fe66706a4f4a ef58164521334bb598ccdf271a09c198 7f1c3f38d45a44d186f0af531d86cc65 - - 5fea4178ca7e4833a83b47da9f16b1bf 5fea4178ca7e4833a83b47da9f16b1bf] 10.0.0.17 "DELETE /resource_providers/f80f0681-c826-4f1d-bef6-260390a6fe55" status: 404 len: 246 microversion: 1.1 [pid: 7|app: 0|req: 377/754] 10.0.0.17 () {34 vars in 814 bytes} [Sat May 9 18:11:54 2026] DELETE /resource_providers/f80f0681-c826-4f1d-bef6-260390a6fe55 => generated 246 bytes in 7 msecs (HTTP/1.1 404) 6 headers in 231 bytes (1 switches on core 0)
2026-05-09 18:11:54.409 8 INFO placement.requestlog [req-bd560b53-7382-454e-a5a5-25569014146f req-833bad27-7087-4614-b406-faa601180b22 d86449af45724a3db340650447265973 7f1c3f38d45a44d186f0af531d86cc65 - - 5fea4178ca7e4833a83b47da9f16b1bf 5fea4178ca7e4833a83b47da9f16b1bf] 199.204.45.235 "DELETE /allocations/511d5f7c-332f-4412-9405-b81337730885" status: 204 len: 0 microversion: 1.0 [pid: 8|app: 0|req: 378/755] 199.204.45.235 () {34 vars in 840 bytes} [Sat May 9 18:11:54 2026] DELETE /allocations/511d5f7c-332f-4412-9405-b81337730885 => generated 0 bytes in 42 msecs (HTTP/1.1 204) 5 headers in 198 bytes (1 switches on core 0)
2026-05-09 18:11:55.398 7 INFO placement.requestlog [None req-e2831186-792f-43ca-8571-52d0ef6a9ed3 ef58164521334bb598ccdf271a09c198 7f1c3f38d45a44d186f0af531d86cc65 - - 5fea4178ca7e4833a83b47da9f16b1bf 5fea4178ca7e4833a83b47da9f16b1bf] 10.0.0.17 "GET /resource_providers/16559589-eb01-4b5c-b26f-d4c27a0e7bc4/aggregates" status: 404 len: 235 microversion: 1.1 [pid: 7|app: 0|req: 378/756] 10.0.0.17 () {32 vars in 814 bytes} [Sat May 9 18:11:55 2026] GET /resource_providers/16559589-eb01-4b5c-b26f-d4c27a0e7bc4/aggregates => generated 235 bytes in 9 msecs (HTTP/1.1 404) 5 headers in 202 bytes (1 switches on core 0)
2026-05-09 18:11:55.412 8 INFO placement.requestlog [None req-39d35a5a-1b4d-4c5c-9ce0-663afe92d8e1 ef58164521334bb598ccdf271a09c198 7f1c3f38d45a44d186f0af531d86cc65 - - 5fea4178ca7e4833a83b47da9f16b1bf 5fea4178ca7e4833a83b47da9f16b1bf] 10.0.0.17 "DELETE /resource_providers/16559589-eb01-4b5c-b26f-d4c27a0e7bc4" status: 404 len: 246 microversion: 1.1 [pid: 8|app: 0|req: 379/757] 10.0.0.17 () {34 vars in 814 bytes} [Sat May 9 18:11:55 2026] DELETE /resource_providers/16559589-eb01-4b5c-b26f-d4c27a0e7bc4 => generated 246 bytes in 9 msecs (HTTP/1.1 404) 6 headers in 231 bytes (1 switches on core 0)
2026-05-09 18:11:58.368 7 INFO placement.requestlog [None req-6bea1919-c288-4f41-bc14-7d3e73829c6f ef58164521334bb598ccdf271a09c198 7f1c3f38d45a44d186f0af531d86cc65 - - 5fea4178ca7e4833a83b47da9f16b1bf 5fea4178ca7e4833a83b47da9f16b1bf] 10.0.0.17 "GET /resource_providers/fa24272a-15d5-453b-a305-dad090d6a0ee/aggregates" status: 404 len: 235 microversion: 1.1 [pid: 7|app: 0|req: 379/758] 10.0.0.17 () {32 vars in 814 bytes} [Sat May 9 18:11:58 2026] GET /resource_providers/fa24272a-15d5-453b-a305-dad090d6a0ee/aggregates => generated 235 bytes in 11 msecs (HTTP/1.1 404) 5 headers in 202 bytes (1 switches on core 0)
2026-05-09 18:11:58.373 8 INFO placement.requestlog [None req-0aebc79b-528a-46f5-8ced-c5eafdfea0c2 ef58164521334bb598ccdf271a09c198 7f1c3f38d45a44d186f0af531d86cc65 - - 5fea4178ca7e4833a83b47da9f16b1bf 5fea4178ca7e4833a83b47da9f16b1bf] 10.0.0.17 "GET /resource_providers/fa24272a-15d5-453b-a305-dad090d6a0ee/aggregates" status: 404 len: 235 microversion: 1.1 [pid: 8|app: 0|req: 380/759] 10.0.0.17 () {32 vars in 814 bytes} [Sat May 9 18:11:58 2026] GET /resource_providers/fa24272a-15d5-453b-a305-dad090d6a0ee/aggregates => generated 235 bytes in 12 msecs (HTTP/1.1 404) 5 headers in 202 bytes (1 switches on core 0)
2026-05-09 18:11:58.385 7 INFO placement.requestlog [None req-9e6eb3ce-167a-406f-944f-de77fda03017 ef58164521334bb598ccdf271a09c198 7f1c3f38d45a44d186f0af531d86cc65 - - 5fea4178ca7e4833a83b47da9f16b1bf 5fea4178ca7e4833a83b47da9f16b1bf] 10.0.0.17 "DELETE /resource_providers/fa24272a-15d5-453b-a305-dad090d6a0ee" status: 404 len: 246 microversion: 1.1 [pid: 7|app: 0|req: 380/760] 10.0.0.17 () {34 vars in 814 bytes} [Sat May 9 18:11:58 2026] DELETE /resource_providers/fa24272a-15d5-453b-a305-dad090d6a0ee => generated 246 bytes in 9 msecs (HTTP/1.1 404) 6 headers in 231 bytes (1 switches on core 0)
2026-05-09 18:11:58.387 8 INFO placement.requestlog [None req-ec6db47c-b1a5-4b09-adb6-4b3cbece67d5 ef58164521334bb598ccdf271a09c198 7f1c3f38d45a44d186f0af531d86cc65 - - 5fea4178ca7e4833a83b47da9f16b1bf 5fea4178ca7e4833a83b47da9f16b1bf] 10.0.0.17 "DELETE /resource_providers/fa24272a-15d5-453b-a305-dad090d6a0ee" status: 404 len: 246 microversion: 1.1 [pid: 8|app: 0|req: 381/761] 10.0.0.17 () {34 vars in 814 bytes} [Sat May 9 18:11:58 2026] DELETE /resource_providers/fa24272a-15d5-453b-a305-dad090d6a0ee => generated 246 bytes in 8 msecs (HTTP/1.1 404) 6 headers in 231 bytes (1 switches on core 0)
2026-05-09 18:11:59.190 8 INFO placement.requestlog [None req-18bc1674-bcd8-4f38-8d8e-20e5a7dc1c68 ef58164521334bb598ccdf271a09c198 7f1c3f38d45a44d186f0af531d86cc65 - - 5fea4178ca7e4833a83b47da9f16b1bf 5fea4178ca7e4833a83b47da9f16b1bf] 10.0.0.17 "GET /resource_providers/355ec5fb-251b-4cc5-be13-edc75116a870/aggregates" status: 404 len: 235 microversion: 1.1 [pid: 8|app: 0|req: 382/762] 10.0.0.17 () {32 vars in 814 bytes} [Sat May 9 18:11:59 2026] GET /resource_providers/355ec5fb-251b-4cc5-be13-edc75116a870/aggregates => generated 235 bytes in 10 msecs (HTTP/1.1 404) 5 headers in 202 bytes (1 switches on core 0)
2026-05-09 18:11:59.197 7 INFO placement.requestlog [None req-dd555f60-43fa-4931-b9f4-35b8c35800c3 ef58164521334bb598ccdf271a09c198 7f1c3f38d45a44d186f0af531d86cc65 - - 5fea4178ca7e4833a83b47da9f16b1bf 5fea4178ca7e4833a83b47da9f16b1bf] 10.0.0.17 "GET /resource_providers/355ec5fb-251b-4cc5-be13-edc75116a870/aggregates" status: 404 len: 235 microversion: 1.1 [pid: 7|app: 0|req: 381/763] 10.0.0.17 () {32 vars in 814 bytes} [Sat May 9 18:11:59 2026] GET /resource_providers/355ec5fb-251b-4cc5-be13-edc75116a870/aggregates => generated 235 bytes in 17 msecs (HTTP/1.1 404) 5 headers in 202 bytes (1 switches on core 0)
2026-05-09 18:11:59.210 7 INFO placement.requestlog [None req-020dde39-a51e-4b4e-b617-76a2b4aa7056 ef58164521334bb598ccdf271a09c198 7f1c3f38d45a44d186f0af531d86cc65 - - 5fea4178ca7e4833a83b47da9f16b1bf 5fea4178ca7e4833a83b47da9f16b1bf] 10.0.0.17 "DELETE /resource_providers/355ec5fb-251b-4cc5-be13-edc75116a870" status: 404 len: 246 microversion: 1.1 [pid: 7|app: 0|req: 382/764] 10.0.0.17 () {34 vars in 814 bytes} [Sat May 9 18:11:59 2026] DELETE /resource_providers/355ec5fb-251b-4cc5-be13-edc75116a870 => generated 246 bytes in 8 msecs (HTTP/1.1 404) 6 headers in 231 bytes (1 switches on core 0)
2026-05-09 18:11:59.212 8 INFO placement.requestlog [None req-c6ad944b-87c4-40a6-bffc-5dfdbd0d3724 ef58164521334bb598ccdf271a09c198 7f1c3f38d45a44d186f0af531d86cc65 - - 5fea4178ca7e4833a83b47da9f16b1bf 5fea4178ca7e4833a83b47da9f16b1bf] 10.0.0.17 "DELETE /resource_providers/355ec5fb-251b-4cc5-be13-edc75116a870" status: 404 len: 246 microversion: 1.1 [pid: 8|app: 0|req: 383/765] 10.0.0.17 () {34 vars in 814 bytes} [Sat May 9 18:11:59 2026] DELETE /resource_providers/355ec5fb-251b-4cc5-be13-edc75116a870 => generated 246 bytes in 12 msecs (HTTP/1.1 404) 6 headers in 231 bytes (1 switches on core 0)
2026-05-09 18:12:00.667 8 INFO placement.requestlog [None req-0db064d0-00d4-43a5-90bc-e79c4180f5d8 ef58164521334bb598ccdf271a09c198 7f1c3f38d45a44d186f0af531d86cc65 - - 5fea4178ca7e4833a83b47da9f16b1bf 5fea4178ca7e4833a83b47da9f16b1bf] 10.0.0.17 "GET /resource_providers/c1c79630-edeb-4a93-9abb-57ed5bcabe8d/aggregates" status: 404 len: 235 microversion: 1.1 [pid: 8|app: 0|req: 384/766] 10.0.0.17 () {32 vars in 814 bytes} [Sat May 9 18:12:00 2026] GET /resource_providers/c1c79630-edeb-4a93-9abb-57ed5bcabe8d/aggregates => generated 235 bytes in 8 msecs (HTTP/1.1 404) 5 headers in 202 bytes (1 switches on core 0)
2026-05-09 18:12:00.674 7 INFO placement.requestlog [None req-162f28a0-a146-466c-a48b-b66a003fa850 ef58164521334bb598ccdf271a09c198 7f1c3f38d45a44d186f0af531d86cc65 - - 5fea4178ca7e4833a83b47da9f16b1bf 5fea4178ca7e4833a83b47da9f16b1bf] 10.0.0.17 "GET /resource_providers/c1c79630-edeb-4a93-9abb-57ed5bcabe8d/aggregates" status: 404 len: 235 microversion: 1.1 [pid: 7|app: 0|req: 383/767] 10.0.0.17 () {32 vars in 814 bytes} [Sat May 9 18:12:00 2026] GET /resource_providers/c1c79630-edeb-4a93-9abb-57ed5bcabe8d/aggregates => generated 235 bytes in 15 msecs (HTTP/1.1 404) 5 headers in 202 bytes (1 switches on core 0)
2026-05-09 18:12:00.677 8 INFO placement.requestlog [None req-cfacb395-8775-4d84-8c64-5b258ce1dbb2 ef58164521334bb598ccdf271a09c198 7f1c3f38d45a44d186f0af531d86cc65 - - 5fea4178ca7e4833a83b47da9f16b1bf 5fea4178ca7e4833a83b47da9f16b1bf] 10.0.0.17 "DELETE /resource_providers/c1c79630-edeb-4a93-9abb-57ed5bcabe8d" status: 404 len: 246 microversion: 1.1 [pid: 8|app: 0|req: 385/768] 10.0.0.17 () {34 vars in 814 bytes} [Sat May 9 18:12:00 2026] DELETE /resource_providers/c1c79630-edeb-4a93-9abb-57ed5bcabe8d => generated 246 bytes in 5 msecs (HTTP/1.1 404) 6 headers in 231 bytes (1 switches on core 0)
2026-05-09 18:12:00.695 7 INFO placement.requestlog [None req-7e0f67cf-34c9-4f3c-b9c1-918961990b10 ef58164521334bb598ccdf271a09c198 7f1c3f38d45a44d186f0af531d86cc65 - - 5fea4178ca7e4833a83b47da9f16b1bf 5fea4178ca7e4833a83b47da9f16b1bf] 10.0.0.17 "DELETE /resource_providers/c1c79630-edeb-4a93-9abb-57ed5bcabe8d" status: 404 len: 246 microversion: 1.1 [pid: 7|app: 0|req: 384/769] 10.0.0.17 () {34 vars in 814 bytes} [Sat May 9 18:12:00 2026] DELETE /resource_providers/c1c79630-edeb-4a93-9abb-57ed5bcabe8d => generated 246 bytes in 12 msecs (HTTP/1.1 404) 6 headers in 231 bytes (1 switches on core 0)
2026-05-09 18:12:01.458 8 INFO placement.requestlog [req-178b529a-c0a9-4227-be30-5b68a6f05fbc req-fb1661d7-2894-4803-8b55-e4541fa325a3 d86449af45724a3db340650447265973 7f1c3f38d45a44d186f0af531d86cc65 - - 5fea4178ca7e4833a83b47da9f16b1bf 5fea4178ca7e4833a83b47da9f16b1bf] 10.0.0.68 "GET /allocation_candidates?limit=1000&resources=DISK_GB%3A1%2CMEMORY_MB%3A512%2CVCPU%3A1&root_required=%21COMPUTE_STATUS_DISABLED" status: 200 len: 2386 microversion: 1.36 [pid: 8|app: 0|req: 386/770] 10.0.0.68 () {34 vars in 1010 bytes} [Sat May 9 18:12:01 2026] GET /allocation_candidates?limit=1000&resources=DISK_GB%3A1%2CMEMORY_MB%3A512%2CVCPU%3A1&root_required=%21COMPUTE_STATUS_DISABLED => generated 2386 bytes in 37 msecs (HTTP/1.1 200) 8 headers in 297 bytes (1 switches on core 0)
2026-05-09 18:12:01.487 7 INFO placement.requestlog [req-178b529a-c0a9-4227-be30-5b68a6f05fbc req-2e1c948f-652f-4920-87c2-99e3abf8073b d86449af45724a3db340650447265973 7f1c3f38d45a44d186f0af531d86cc65 - - 5fea4178ca7e4833a83b47da9f16b1bf 5fea4178ca7e4833a83b47da9f16b1bf] 10.0.0.68 "GET /allocations/b4a68332-2df4-4c6c-b771-3ce6357665a2" status: 200 len: 19 microversion: 1.28 [pid: 7|app: 0|req: 385/771] 10.0.0.68 () {34 vars in 859 bytes} [Sat May 9 18:12:01 2026] GET /allocations/b4a68332-2df4-4c6c-b771-3ce6357665a2 => generated 19 bytes in 12 msecs (HTTP/1.1 200) 8 headers in 295 bytes (1 switches on core 0)
2026-05-09 18:12:01.560 8 INFO placement.requestlog [req-178b529a-c0a9-4227-be30-5b68a6f05fbc req-90167c62-f5ee-4837-95e8-1b9512d89e9b d86449af45724a3db340650447265973 7f1c3f38d45a44d186f0af531d86cc65 - - 5fea4178ca7e4833a83b47da9f16b1bf 5fea4178ca7e4833a83b47da9f16b1bf] 10.0.0.68 "PUT /allocations/b4a68332-2df4-4c6c-b771-3ce6357665a2" status: 204 len: 0 microversion: 1.36 [pid: 8|app: 0|req: 387/772] 10.0.0.68 () {38 vars in 912 bytes} [Sat May 9 18:12:01 2026] PUT /allocations/b4a68332-2df4-4c6c-b771-3ce6357665a2 => generated 0 bytes in 69 msecs (HTTP/1.1 204) 5 headers in 199 bytes (1 switches on core 0)
2026-05-09 18:12:02.570 7 INFO placement.requestlog [None req-a1be8c12-8e22-44e6-9125-c254d4d24126 - - - - - -] 10.0.0.88 "GET /" status: 200 len: 136 microversion: 1.0
2026-05-09 18:12:02.571 8 INFO placement.requestlog [None req-9dd1ccb5-8ea2-4bb9-ab89-dfd665429c59 - - - - - -] 10.0.0.88 "GET /" status: 200 len: 136 microversion: 1.0
2026-05-09 18:12:02.706 7 INFO placement.requestlog [None req-4e854252-4400-4f52-95b3-e20b1f9b8d3b ef58164521334bb598ccdf271a09c198 7f1c3f38d45a44d186f0af531d86cc65 - - 5fea4178ca7e4833a83b47da9f16b1bf 5fea4178ca7e4833a83b47da9f16b1bf] 10.0.0.17 "GET /resource_providers/b94be156-9c19-4d3b-b88e-3d7147805194/aggregates" status: 404 len: 235 microversion: 1.1 [pid: 7|app: 0|req: 387/775] 10.0.0.17 () {32 vars in 814 bytes} [Sat May 9 18:12:02 2026] GET /resource_providers/b94be156-9c19-4d3b-b88e-3d7147805194/aggregates => generated 235 bytes in 15 msecs (HTTP/1.1 404) 5 headers in 202 bytes (1 switches on core 0)
2026-05-09 18:12:02.714 8 INFO placement.requestlog [None req-7eb485be-eeff-4b21-bccd-2abfabe16713 ef58164521334bb598ccdf271a09c198 7f1c3f38d45a44d186f0af531d86cc65 - - 5fea4178ca7e4833a83b47da9f16b1bf 5fea4178ca7e4833a83b47da9f16b1bf] 10.0.0.17 "GET /resource_providers/b94be156-9c19-4d3b-b88e-3d7147805194/aggregates" status: 404 len: 235 microversion: 1.1 [pid: 8|app: 0|req: 389/776] 10.0.0.17 () {32 vars in 814 bytes} [Sat May 9 18:12:02 2026] GET /resource_providers/b94be156-9c19-4d3b-b88e-3d7147805194/aggregates => generated 235 bytes in 12 msecs (HTTP/1.1 404) 5 headers in 202 bytes (1 switches on core 0)
2026-05-09 18:12:02.722 7 INFO placement.requestlog [None req-2ae05bbc-ea64-4c26-8fd0-93450c4d73e3 ef58164521334bb598ccdf271a09c198 7f1c3f38d45a44d186f0af531d86cc65 - - 5fea4178ca7e4833a83b47da9f16b1bf 5fea4178ca7e4833a83b47da9f16b1bf] 10.0.0.17 "DELETE /resource_providers/b94be156-9c19-4d3b-b88e-3d7147805194" status: 404 len: 246 microversion: 1.1 [pid: 7|app: 0|req: 388/777] 10.0.0.17 () {34 vars in 814 bytes} [Sat May 9 18:12:02 2026] DELETE /resource_providers/b94be156-9c19-4d3b-b88e-3d7147805194 => generated 246 bytes in 10 msecs (HTTP/1.1 404) 6 headers in 231 bytes (1 switches on core 0)
2026-05-09 18:12:02.727 8 INFO placement.requestlog [None req-2689d137-ac87-425b-9ce0-ed167d4d4398 ef58164521334bb598ccdf271a09c198 7f1c3f38d45a44d186f0af531d86cc65 - - 5fea4178ca7e4833a83b47da9f16b1bf 5fea4178ca7e4833a83b47da9f16b1bf] 10.0.0.17 "DELETE /resource_providers/b94be156-9c19-4d3b-b88e-3d7147805194" status: 404 len: 246 microversion: 1.1 [pid: 8|app: 0|req: 390/778] 10.0.0.17 () {34 vars in 814 bytes} [Sat May 9 18:12:02 2026] DELETE /resource_providers/b94be156-9c19-4d3b-b88e-3d7147805194 => generated 246 bytes in 8 msecs (HTTP/1.1 404) 6 headers in 231 bytes (1 switches on core 0)
2026-05-09 18:12:03.146 7 INFO placement.requestlog [req-178b529a-c0a9-4227-be30-5b68a6f05fbc req-9d48e5c8-cb62-4b45-81fb-00bb6554665e d86449af45724a3db340650447265973 7f1c3f38d45a44d186f0af531d86cc65 - - 5fea4178ca7e4833a83b47da9f16b1bf 5fea4178ca7e4833a83b47da9f16b1bf] 199.204.45.235 "GET /allocations/b4a68332-2df4-4c6c-b771-3ce6357665a2" status: 200 len: 257 microversion: 1.28 [pid: 7|app: 0|req: 389/779] 199.204.45.235 () {34 vars in 862 bytes} [Sat May 9 18:12:03 2026] GET /allocations/b4a68332-2df4-4c6c-b771-3ce6357665a2 => generated 257 bytes in 12 msecs (HTTP/1.1 200) 8 headers in 296 bytes (1 switches on core 0)
2026-05-09 18:12:04.193 8 INFO placement.requestlog [req-178b529a-c0a9-4227-be30-5b68a6f05fbc req-2482c756-893a-43fd-8ba7-d2d036c376c6 d86449af45724a3db340650447265973 7f1c3f38d45a44d186f0af531d86cc65 - - 5fea4178ca7e4833a83b47da9f16b1bf 5fea4178ca7e4833a83b47da9f16b1bf] 199.204.45.235 "GET /resource_providers/44d33f91-3e3e-4148-b60b-9f2e1ad3995d/allocations" status: 200 len: 252 microversion: 1.0 [pid: 8|app: 0|req: 391/780] 199.204.45.235 () {32 vars in 856 bytes} [Sat May 9 18:12:04 2026] GET /resource_providers/44d33f91-3e3e-4148-b60b-9f2e1ad3995d/allocations => generated 252 bytes in 17 msecs (HTTP/1.1 200) 6 headers in 224 bytes (1 switches on core 0)
2026-05-09 18:12:04.213 7 INFO placement.requestlog [req-178b529a-c0a9-4227-be30-5b68a6f05fbc req-4f19fcf7-b4c1-4176-9a6d-4f83e1aba9d1 d86449af45724a3db340650447265973 7f1c3f38d45a44d186f0af531d86cc65 - - 5fea4178ca7e4833a83b47da9f16b1bf 5fea4178ca7e4833a83b47da9f16b1bf] 199.204.45.235 "GET /allocations/b4a68332-2df4-4c6c-b771-3ce6357665a2" status: 200 len: 257 microversion: 1.28 [pid: 7|app: 0|req: 390/781] 199.204.45.235 () {34 vars in 862 bytes} [Sat May 9 18:12:04 2026] GET /allocations/b4a68332-2df4-4c6c-b771-3ce6357665a2 => generated 257 bytes in 14 msecs (HTTP/1.1 200) 8 headers in 296 bytes (1 switches on core 0)
2026-05-09 18:12:04.231 8 INFO placement.requestlog [req-178b529a-c0a9-4227-be30-5b68a6f05fbc req-8585ce0e-52aa-466b-8de9-9f72a0aca939 d86449af45724a3db340650447265973 7f1c3f38d45a44d186f0af531d86cc65 - - 5fea4178ca7e4833a83b47da9f16b1bf 5fea4178ca7e4833a83b47da9f16b1bf] 199.204.45.235 "GET /allocations/a772094d-aaf0-4d4f-b36b-01546b7c1eba" status: 200 len: 257 microversion: 1.28 [pid: 8|app: 0|req: 392/782] 199.204.45.235 () {34 vars in 862 bytes} [Sat May 9 18:12:04 2026] GET /allocations/a772094d-aaf0-4d4f-b36b-01546b7c1eba => generated 257 bytes in 12 msecs (HTTP/1.1 200) 8 headers in 296 bytes (1 switches on core 0)
2026-05-09 18:12:04.740 7 INFO placement.requestlog [None req-b89dc923-bec8-48cd-87c9-449bc7117507 ef58164521334bb598ccdf271a09c198 7f1c3f38d45a44d186f0af531d86cc65 - - 5fea4178ca7e4833a83b47da9f16b1bf 5fea4178ca7e4833a83b47da9f16b1bf] 10.0.0.17 "GET /resource_providers/bbef22c3-7dfa-4488-8049-95fa04cb7ee8/aggregates" status: 404 len: 235 microversion: 1.1
2026-05-09 18:12:04.741 8 INFO placement.requestlog [None req-999178b2-5192-46dd-a51e-2a5c9f0e0001 ef58164521334bb598ccdf271a09c198 7f1c3f38d45a44d186f0af531d86cc65 - - 5fea4178ca7e4833a83b47da9f16b1bf 5fea4178ca7e4833a83b47da9f16b1bf] 10.0.0.17 "GET /resource_providers/bbef22c3-7dfa-4488-8049-95fa04cb7ee8/aggregates" status: 404 len: 235 microversion: 1.1 [pid: 7|app: 0|req: 391/783] 10.0.0.17 () {32 vars in 814 bytes} [Sat May 9 18:12:04 2026] GET /resource_providers/bbef22c3-7dfa-4488-8049-95fa04cb7ee8/aggregates => generated 235 bytes in 11 msecs (HTTP/1.1 404) 5 headers in 202 bytes (1 switches on core 0) [pid: 8|app: 0|req: 393/784] 10.0.0.17 () {32 vars in 814 bytes} [Sat May 9 18:12:04 2026] GET /resource_providers/bbef22c3-7dfa-4488-8049-95fa04cb7ee8/aggregates => generated 235 bytes in 7 msecs (HTTP/1.1 404) 5 headers in 202 bytes (1 switches on core 0)
2026-05-09 18:12:04.763 8 INFO placement.requestlog [None req-35046ca1-0893-46eb-aecf-3b31738d21fe ef58164521334bb598ccdf271a09c198 7f1c3f38d45a44d186f0af531d86cc65 - - 5fea4178ca7e4833a83b47da9f16b1bf 5fea4178ca7e4833a83b47da9f16b1bf] 10.0.0.17 "DELETE /resource_providers/bbef22c3-7dfa-4488-8049-95fa04cb7ee8" status: 404 len: 246 microversion: 1.1 [pid: 8|app: 0|req: 394/785] 10.0.0.17 () {34 vars in 814 bytes} [Sat May 9 18:12:04 2026] DELETE /resource_providers/bbef22c3-7dfa-4488-8049-95fa04cb7ee8 => generated 246 bytes in 10 msecs (HTTP/1.1 404) 6 headers in 231 bytes (1 switches on core 0)
2026-05-09 18:12:04.763 7 INFO placement.requestlog [None req-c39b1220-aebb-4869-ba67-d073837ca430 ef58164521334bb598ccdf271a09c198 7f1c3f38d45a44d186f0af531d86cc65 - - 5fea4178ca7e4833a83b47da9f16b1bf 5fea4178ca7e4833a83b47da9f16b1bf] 10.0.0.17 "DELETE /resource_providers/bbef22c3-7dfa-4488-8049-95fa04cb7ee8" status: 404 len: 246 microversion: 1.1 [pid: 7|app: 0|req: 392/786] 10.0.0.17 () {34 vars in 814 bytes} [Sat May 9 18:12:04 2026] DELETE /resource_providers/bbef22c3-7dfa-4488-8049-95fa04cb7ee8 => generated 246 bytes in 10 msecs (HTTP/1.1 404) 6 headers in 231 bytes (1 switches on core 0)
2026-05-09 18:12:09.599 8 INFO placement.requestlog [req-45e155fb-be78-44d8-9170-d41a5f0c88de req-29dfd3e0-ebcd-43b3-8fb8-ea902097398c d86449af45724a3db340650447265973 7f1c3f38d45a44d186f0af531d86cc65 - - 5fea4178ca7e4833a83b47da9f16b1bf 5fea4178ca7e4833a83b47da9f16b1bf] 10.0.0.68 "GET /allocation_candidates?limit=1000&resources=DISK_GB%3A1%2CMEMORY_MB%3A512%2CVCPU%3A1&root_required=%21COMPUTE_STATUS_DISABLED" status: 200 len: 2387 microversion: 1.36 [pid: 8|app: 0|req: 395/787] 10.0.0.68 () {34 vars in 1010 bytes} [Sat May 9 18:12:09 2026] GET /allocation_candidates?limit=1000&resources=DISK_GB%3A1%2CMEMORY_MB%3A512%2CVCPU%3A1&root_required=%21COMPUTE_STATUS_DISABLED => generated 2387 bytes in 46 msecs (HTTP/1.1 200) 8 headers in 297 bytes (1 switches on core 0)
2026-05-09 18:12:09.628 7 INFO placement.requestlog [req-45e155fb-be78-44d8-9170-d41a5f0c88de req-e981a91d-5f70-410d-b04f-745009d9d442 d86449af45724a3db340650447265973 7f1c3f38d45a44d186f0af531d86cc65 - - 5fea4178ca7e4833a83b47da9f16b1bf 5fea4178ca7e4833a83b47da9f16b1bf] 10.0.0.68 "GET /allocations/9c0d1a95-43e4-4ad2-bda8-35647dab7d7f" status: 200 len: 19 microversion: 1.28 [pid: 7|app: 0|req: 393/788] 10.0.0.68 () {34 vars in 859 bytes} [Sat May 9 18:12:09 2026] GET /allocations/9c0d1a95-43e4-4ad2-bda8-35647dab7d7f => generated 19 bytes in 9 msecs (HTTP/1.1 200) 8 headers in 295 bytes (1 switches on core 0)
2026-05-09 18:12:09.740 8 INFO placement.requestlog [req-45e155fb-be78-44d8-9170-d41a5f0c88de req-707a7ec2-df04-46fb-beb4-d640732a6d5f d86449af45724a3db340650447265973 7f1c3f38d45a44d186f0af531d86cc65 - - 5fea4178ca7e4833a83b47da9f16b1bf 5fea4178ca7e4833a83b47da9f16b1bf] 10.0.0.68 "PUT /allocations/9c0d1a95-43e4-4ad2-bda8-35647dab7d7f" status: 204 len: 0 microversion: 1.36 [pid: 8|app: 0|req: 396/789] 10.0.0.68 () {38 vars in 912 bytes} [Sat May 9 18:12:09 2026] PUT /allocations/9c0d1a95-43e4-4ad2-bda8-35647dab7d7f => generated 0 bytes in 109 msecs (HTTP/1.1 204) 5 headers in 199 bytes (1 switches on core 0)
2026-05-09 18:12:09.929 7 INFO placement.requestlog [req-7290fd51-1034-40bf-a536-5c8c4c2d3564 req-5cdfc819-e856-4dae-9be4-670bf7eebe89 d86449af45724a3db340650447265973 7f1c3f38d45a44d186f0af531d86cc65 - - 5fea4178ca7e4833a83b47da9f16b1bf 5fea4178ca7e4833a83b47da9f16b1bf] 199.204.45.235 "GET /resource_providers/44d33f91-3e3e-4148-b60b-9f2e1ad3995d/allocations" status: 200 len: 352 microversion: 1.0 [pid: 7|app: 0|req: 394/790] 199.204.45.235 () {32 vars in 856 bytes} [Sat May 9 18:12:09 2026] GET /resource_providers/44d33f91-3e3e-4148-b60b-9f2e1ad3995d/allocations => generated 352 bytes in 20 msecs (HTTP/1.1 200) 6 headers in 224 bytes (1 switches on core 0)
2026-05-09 18:12:09.949 8 INFO placement.requestlog [req-7290fd51-1034-40bf-a536-5c8c4c2d3564 req-1ffffc38-b9b4-42ca-a186-c309906bd690 d86449af45724a3db340650447265973 7f1c3f38d45a44d186f0af531d86cc65 - - 5fea4178ca7e4833a83b47da9f16b1bf 5fea4178ca7e4833a83b47da9f16b1bf] 199.204.45.235 "GET /allocations/b4a68332-2df4-4c6c-b771-3ce6357665a2" status: 200 len: 257 microversion: 1.28 [pid: 8|app: 0|req: 397/791] 199.204.45.235 () {34 vars in 862 bytes} [Sat May 9 18:12:09 2026] GET /allocations/b4a68332-2df4-4c6c-b771-3ce6357665a2 => generated 257 bytes in 12 msecs (HTTP/1.1 200) 8 headers in 296 bytes (1 switches on core 0)
2026-05-09 18:12:09.968 7 INFO placement.requestlog [req-7290fd51-1034-40bf-a536-5c8c4c2d3564 req-cd5b1ac5-d05a-49d8-8451-fe7b13cd1dd3 d86449af45724a3db340650447265973 7f1c3f38d45a44d186f0af531d86cc65 - - 5fea4178ca7e4833a83b47da9f16b1bf 5fea4178ca7e4833a83b47da9f16b1bf] 199.204.45.235 "GET /allocations/a772094d-aaf0-4d4f-b36b-01546b7c1eba" status: 200 len: 257 microversion: 1.28 [pid: 7|app: 0|req: 395/792] 199.204.45.235 () {34 vars in 862 bytes} [Sat May 9 18:12:09 2026] GET /allocations/a772094d-aaf0-4d4f-b36b-01546b7c1eba => generated 257 bytes in 13 msecs (HTTP/1.1 200) 8 headers in 296 bytes (1 switches on core 0)
