Jul 19 01:17:03.180689 np0000185870 devstack@neutron-api.service[101390]: DEBUG ovsdbapp.backend.ovs_idl [None req-af38fede-af91-45ec-a990-9ed026642c4c None None] Created lookup_table index Logical_Switch.name {{(pid=101390) autocreate_indices /opt/stack/data/venv/lib/python3.12/site-packages/ovsdbapp/backend/ovs_idl/__init__.py:87}}
Jul 19 01:17:03.180824 np0000185870 devstack@neutron-api.service[101390]: DEBUG ovsdbapp.backend.ovs_idl [None req-af38fede-af91-45ec-a990-9ed026642c4c None None] Created lookup_table index Logical_Router.name {{(pid=101390) autocreate_indices /opt/stack/data/venv/lib/python3.12/site-packages/ovsdbapp/backend/ovs_idl/__init__.py:87}}
Jul 19 01:17:03.180873 np0000185870 devstack@neutron-api.service[101390]: DEBUG ovsdbapp.backend.ovs_idl [None req-af38fede-af91-45ec-a990-9ed026642c4c None None] Created lookup_table index Load_Balancer.name {{(pid=101390) autocreate_indices /opt/stack/data/venv/lib/python3.12/site-packages/ovsdbapp/backend/ovs_idl/__init__.py:87}}
Jul 19 01:17:03.180986 np0000185870 devstack@neutron-api.service[101390]: DEBUG ovsdbapp.backend.ovs_idl [None req-af38fede-af91-45ec-a990-9ed026642c4c None None] Created schema index Copp.name {{(pid=101390) autocreate_indices /opt/stack/data/venv/lib/python3.12/site-packages/ovsdbapp/backend/ovs_idl/__init__.py:106}}
Jul 19 01:17:03.181076 np0000185870 devstack@neutron-api.service[101390]: DEBUG ovsdbapp.backend.ovs_idl [None req-af38fede-af91-45ec-a990-9ed026642c4c None None] Created schema index Meter.name {{(pid=101390) autocreate_indices /opt/stack/data/venv/lib/python3.12/site-packages/ovsdbapp/backend/ovs_idl/__init__.py:106}}
Jul 19 01:17:03.181170 np0000185870 devstack@neutron-api.service[101390]: DEBUG ovsdbapp.backend.ovs_idl [None req-af38fede-af91-45ec-a990-9ed026642c4c None None] Created schema index Load_Balancer_Group.name {{(pid=101390) autocreate_indices /opt/stack/data/venv/lib/python3.12/site-packages/ovsdbapp/backend/ovs_idl/__init__.py:106}}
Jul 19 01:17:03.181244 np0000185870 devstack@neutron-api.service[101390]: DEBUG ovsdbapp.backend.ovs_idl [None req-af38fede-af91-45ec-a990-9ed026642c4c None None] Created schema index HA_Chassis_Group.name {{(pid=101390) autocreate_indices /opt/stack/data/venv/lib/python3.12/site-packages/ovsdbapp/backend/ovs_idl/__init__.py:106}}
Jul 19 01:17:03.181389 np0000185870 devstack@neutron-api.service[101390]: DEBUG ovsdbapp.backend.ovs_idl [None req-af38fede-af91-45ec-a990-9ed026642c4c None None] Created schema index Address_Set.name {{(pid=101390) autocreate_indices /opt/stack/data/venv/lib/python3.12/site-packages/ovsdbapp/backend/ovs_idl/__init__.py:106}}
Jul 19 01:17:03.181485 np0000185870 devstack@neutron-api.service[101390]: DEBUG ovsdbapp.backend.ovs_idl [None req-af38fede-af91-45ec-a990-9ed026642c4c None None] Created schema index Connection.target {{(pid=101390) autocreate_indices /opt/stack/data/venv/lib/python3.12/site-packages/ovsdbapp/backend/ovs_idl/__init__.py:106}}
Jul 19 01:17:03.181558 np0000185870 devstack@neutron-api.service[101390]: DEBUG ovsdbapp.backend.ovs_idl [None req-af38fede-af91-45ec-a990-9ed026642c4c None None] Created schema index Gateway_Chassis.name {{(pid=101390) autocreate_indices /opt/stack/data/venv/lib/python3.12/site-packages/ovsdbapp/backend/ovs_idl/__init__.py:106}}
Jul 19 01:17:03.181615 np0000185870 devstack@neutron-api.service[101390]: DEBUG ovsdbapp.backend.ovs_idl [None req-af38fede-af91-45ec-a990-9ed026642c4c None None] Created schema index Mirror.name {{(pid=101390) autocreate_indices /opt/stack/data/venv/lib/python3.12/site-packages/ovsdbapp/backend/ovs_idl/__init__.py:106}}
Jul 19 01:17:03.181720 np0000185870 devstack@neutron-api.service[101390]: DEBUG ovsdbapp.backend.ovs_idl [None req-af38fede-af91-45ec-a990-9ed026642c4c None None] Created schema index Chassis_Template_Var.chassis {{(pid=101390) autocreate_indices /opt/stack/data/venv/lib/python3.12/site-packages/ovsdbapp/backend/ovs_idl/__init__.py:106}}
Jul 19 01:17:03.181893 np0000185870 devstack@neutron-api.service[101390]: DEBUG ovsdbapp.backend.ovs_idl [None req-af38fede-af91-45ec-a990-9ed026642c4c None None] Created schema index Logical_Router_Port.name {{(pid=101390) autocreate_indices /opt/stack/data/venv/lib/python3.12/site-packages/ovsdbapp/backend/ovs_idl/__init__.py:106}}
Jul 19 01:17:03.181973 np0000185870 devstack@neutron-api.service[101390]: DEBUG ovsdbapp.backend.ovs_idl [None req-af38fede-af91-45ec-a990-9ed026642c4c None None] Created schema index Port_Group.name {{(pid=101390) autocreate_indices /opt/stack/data/venv/lib/python3.12/site-packages/ovsdbapp/backend/ovs_idl/__init__.py:106}}
Jul 19 01:17:03.182070 np0000185870 devstack@neutron-api.service[101390]: DEBUG ovsdbapp.backend.ovs_idl [None req-af38fede-af91-45ec-a990-9ed026642c4c None None] Created schema index Logical_Switch_Port.name {{(pid=101390) autocreate_indices /opt/stack/data/venv/lib/python3.12/site-packages/ovsdbapp/backend/ovs_idl/__init__.py:106}}
Jul 19 01:17:03.184487 np0000185870 devstack@neutron-api.service[101390]: INFO ovsdbapp.backend.ovs_idl.vlog [None req-af38fede-af91-45ec-a990-9ed026642c4c None None] ssl:199.204.45.229:6641: connecting...
Jul 19 01:17:03.190906 np0000185870 devstack@neutron-api.service[101390]: INFO ovsdbapp.backend.ovs_idl.vlog [None req-af38fede-af91-45ec-a990-9ed026642c4c None None] ssl:199.204.45.229:6641: connected
Jul 19 01:17:03.220538 np0000185870 devstack@neutron-api.service[101390]: DEBUG neutron.common.ovn.hash_ring_manager [None req-af38fede-af91-45ec-a990-9ed026642c4c None None] Disallow caching, nodes 1<4 {{(pid=101390) _wait_startup_before_caching /opt/stack/neutron/neutron/common/ovn/hash_ring_manager.py:79}}
Jul 19 01:17:03.225810 np0000185870 devstack@neutron-api.service[101390]: DEBUG neutron.common.ovn.hash_ring_manager [None req-af38fede-af91-45ec-a990-9ed026642c4c None None] Hash Ring loaded. 1 active nodes. 0 offline nodes {{(pid=101390) _load_hash_ring /opt/stack/neutron/neutron/common/ovn/hash_ring_manager.py:110}}
Jul 19 01:17:03.226040 np0000185870 devstack@neutron-api.service[101390]: DEBUG neutron.plugins.ml2.drivers.ovn.mech_driver.ovsdb.ovsdb_monitor [None req-af38fede-af91-45ec-a990-9ed026642c4c None None] Hash Ring: Node fd480eeef2055b79a340d5283ae0f6da (host: np0000185870) handling event "create" for row 66f78d6c-2472-4443-88df-d83602d4f6b3 (table: ACL) {{(pid=101390) notify /opt/stack/neutron/neutron/plugins/ml2/drivers/ovn/mech_driver/ovsdb/ovsdb_monitor.py:1009}}
Jul 19 01:17:03.231832 np0000185870 devstack@neutron-api.service[101390]: DEBUG neutron.common.ovn.hash_ring_manager [None req-af38fede-af91-45ec-a990-9ed026642c4c None None] Hash Ring loaded. 1 active nodes. 0 offline nodes {{(pid=101390) _load_hash_ring /opt/stack/neutron/neutron/common/ovn/hash_ring_manager.py:110}}
Jul 19 01:17:03.232061 np0000185870 devstack@neutron-api.service[101390]: DEBUG neutron.plugins.ml2.drivers.ovn.mech_driver.ovsdb.ovsdb_monitor [None req-af38fede-af91-45ec-a990-9ed026642c4c None None] Hash Ring: Node fd480eeef2055b79a340d5283ae0f6da (host: np0000185870) handling event "create" for row e30e0e4c-c15a-403e-9da5-d8aabe50c0da (table: ACL) {{(pid=101390) notify /opt/stack/neutron/neutron/plugins/ml2/drivers/ovn/mech_driver/ovsdb/ovsdb_monitor.py:1009}}
Jul 19 01:17:03.237129 np0000185870 devstack@neutron-api.service[101390]: DEBUG neutron.common.ovn.hash_ring_manager [None req-af38fede-af91-45ec-a990-9ed026642c4c None None] Hash Ring loaded. 1 active nodes. 0 offline nodes {{(pid=101390) _load_hash_ring /opt/stack/neutron/neutron/common/ovn/hash_ring_manager.py:110}}
Jul 19 01:17:03.237284 np0000185870 devstack@neutron-api.service[101390]: DEBUG neutron.plugins.ml2.drivers.ovn.mech_driver.ovsdb.ovsdb_monitor [None req-af38fede-af91-45ec-a990-9ed026642c4c None None] Hash Ring: Node fd480eeef2055b79a340d5283ae0f6da (host: np0000185870) handling event "create" for row e1db4d01-5feb-4e4b-b38f-11f484d8c30b (table: Connection) {{(pid=101390) notify /opt/stack/neutron/neutron/plugins/ml2/drivers/ovn/mech_driver/ovsdb/ovsdb_monitor.py:1009}}
Jul 19 01:17:03.242545 np0000185870 devstack@neutron-api.service[101390]: DEBUG neutron.common.ovn.hash_ring_manager [None req-af38fede-af91-45ec-a990-9ed026642c4c None None] Hash Ring loaded. 1 active nodes. 0 offline nodes {{(pid=101390) _load_hash_ring /opt/stack/neutron/neutron/common/ovn/hash_ring_manager.py:110}}
Jul 19 01:17:03.242722 np0000185870 devstack@neutron-api.service[101390]: DEBUG neutron.plugins.ml2.drivers.ovn.mech_driver.ovsdb.ovsdb_monitor [None req-af38fede-af91-45ec-a990-9ed026642c4c None None] Hash Ring: Node fd480eeef2055b79a340d5283ae0f6da (host: np0000185870) handling event "create" for row b7817465-5200-4ece-a2b4-57643a068da9 (table: NB_Global) {{(pid=101390) notify /opt/stack/neutron/neutron/plugins/ml2/drivers/ovn/mech_driver/ovsdb/ovsdb_monitor.py:1009}}
Jul 19 01:17:03.247926 np0000185870 devstack@neutron-api.service[101390]: DEBUG neutron.common.ovn.hash_ring_manager [None req-af38fede-af91-45ec-a990-9ed026642c4c None None] Hash Ring loaded. 1 active nodes. 0 offline nodes {{(pid=101390) _load_hash_ring /opt/stack/neutron/neutron/common/ovn/hash_ring_manager.py:110}}
Jul 19 01:17:03.248141 np0000185870 devstack@neutron-api.service[101390]: DEBUG neutron.plugins.ml2.drivers.ovn.mech_driver.ovsdb.ovsdb_monitor [None req-af38fede-af91-45ec-a990-9ed026642c4c None None] Hash Ring: Node fd480eeef2055b79a340d5283ae0f6da (host: np0000185870) handling event "create" for row 7d9c6ed3-159b-49b9-a229-865635eb988e (table: Port_Group) {{(pid=101390) notify /opt/stack/neutron/neutron/plugins/ml2/drivers/ovn/mech_driver/ovsdb/ovsdb_monitor.py:1009}}
Jul 19 01:17:03.253561 np0000185870 devstack@neutron-api.service[101390]: DEBUG neutron.common.ovn.hash_ring_manager [None req-af38fede-af91-45ec-a990-9ed026642c4c None None] Hash Ring loaded. 1 active nodes. 0 offline nodes {{(pid=101390) _load_hash_ring /opt/stack/neutron/neutron/common/ovn/hash_ring_manager.py:110}}
Jul 19 01:17:03.253711 np0000185870 devstack@neutron-api.service[101390]: DEBUG neutron.plugins.ml2.drivers.ovn.mech_driver.ovsdb.ovsdb_monitor [None req-af38fede-af91-45ec-a990-9ed026642c4c None None] Hash Ring: Node fd480eeef2055b79a340d5283ae0f6da (host: np0000185870) handling event "create" for row fdc93590-c9b2-4329-bb49-0b01d3796121 (table: SSL) {{(pid=101390) notify /opt/stack/neutron/neutron/plugins/ml2/drivers/ovn/mech_driver/ovsdb/ovsdb_monitor.py:1009}}
Jul 19 01:17:03.254756 np0000185870 devstack@neutron-api.service[101390]: INFO neutron.plugins.ml2.drivers.ovn.mech_driver.ovsdb.impl_idl_ovn [None req-af38fede-af91-45ec-a990-9ed026642c4c None None] Getting OvsdbSbOvnIdl for WorkerService with retry
Jul 19 01:17:03.288486 np0000185870 devstack@neutron-api.service[101390]: DEBUG ovsdbapp.backend.ovs_idl [None req-af38fede-af91-45ec-a990-9ed026642c4c None None] Created lookup_table index Chassis.name {{(pid=101390) autocreate_indices /opt/stack/data/venv/lib/python3.12/site-packages/ovsdbapp/backend/ovs_idl/__init__.py:87}}
Jul 19 01:17:03.288580 np0000185870 devstack@neutron-api.service[101390]: DEBUG ovsdbapp.backend.ovs_idl [None req-af38fede-af91-45ec-a990-9ed026642c4c None None] Created lookup_table index Port_Binding.logical_port {{(pid=101390) autocreate_indices /opt/stack/data/venv/lib/python3.12/site-packages/ovsdbapp/backend/ovs_idl/__init__.py:87}}
Jul 19 01:17:03.288661 np0000185870 devstack@neutron-api.service[101390]: DEBUG ovsdbapp.backend.ovs_idl [None req-af38fede-af91-45ec-a990-9ed026642c4c None None] Created schema index Chassis_Private.name {{(pid=101390) autocreate_indices /opt/stack/data/venv/lib/python3.12/site-packages/ovsdbapp/backend/ovs_idl/__init__.py:106}}
Jul 19 01:17:03.288737 np0000185870 devstack@neutron-api.service[101390]: DEBUG ovsdbapp.backend.ovs_idl [None req-af38fede-af91-45ec-a990-9ed026642c4c None None] Created schema index Datapath_Binding.tunnel_key {{(pid=101390) autocreate_indices /opt/stack/data/venv/lib/python3.12/site-packages/ovsdbapp/backend/ovs_idl/__init__.py:106}}
Jul 19 01:17:03.290974 np0000185870 devstack@neutron-api.service[101390]: INFO ovsdbapp.backend.ovs_idl.vlog [None req-af38fede-af91-45ec-a990-9ed026642c4c None None] ssl:199.204.45.229:6642: connecting...
Jul 19 01:17:03.296505 np0000185870 devstack@neutron-api.service[101390]: INFO ovsdbapp.backend.ovs_idl.vlog [None req-af38fede-af91-45ec-a990-9ed026642c4c None None] ssl:199.204.45.229:6642: connected
Jul 19 01:17:03.333340 np0000185870 devstack@neutron-api.service[101390]: DEBUG neutron.common.ovn.hash_ring_manager [None req-af38fede-af91-45ec-a990-9ed026642c4c None None] Disallow caching, nodes 1<4 {{(pid=101390) _wait_startup_before_caching /opt/stack/neutron/neutron/common/ovn/hash_ring_manager.py:79}}
Jul 19 01:17:03.336675 np0000185870 devstack@neutron-api.service[101390]: DEBUG neutron.common.ovn.hash_ring_manager [None req-af38fede-af91-45ec-a990-9ed026642c4c None None] Hash Ring loaded. 1 active nodes. 0 offline nodes {{(pid=101390) _load_hash_ring /opt/stack/neutron/neutron/common/ovn/hash_ring_manager.py:110}}
Jul 19 01:17:03.336819 np0000185870 devstack@neutron-api.service[101390]: DEBUG neutron.plugins.ml2.drivers.ovn.mech_driver.ovsdb.ovsdb_monitor [None req-af38fede-af91-45ec-a990-9ed026642c4c None None] Hash Ring: Node fd480eeef2055b79a340d5283ae0f6da (host: np0000185870) handling event "create" for row cdfb014c-7275-4808-aa09-9f2f47ecc313 (table: Chassis) {{(pid=101390) notify /opt/stack/neutron/neutron/plugins/ml2/drivers/ovn/mech_driver/ovsdb/ovsdb_monitor.py:1009}}
Jul 19 01:17:03.337622 np0000185870 devstack@neutron-api.service[101390]: DEBUG ovsdbapp.backend.ovs_idl.event [None req-af38fede-af91-45ec-a990-9ed026642c4c None None] Matched CREATE: ChassisBandwidthConfigEvent(events=('create', 'update'), table='Chassis', conditions=None, old_conditions=None), priority=20 to row=Chassis(uuid=cdfb014c-7275-4808-aa09-9f2f47ecc313, encaps=[007c874b-3762-473e-8d93-9f4c8cb51b9f], external_ids={}, hostname='np0000185870', name='18afaad5-f9dd-4d9e-bb5e-103a75f8ca15', nb_cfg=0, other_config={'ct-commit-nat-v2': 'true', 'ct-commit-to-zone': 'true', 'ct-next-zone': 'true', 'ct-no-masked-label': 'true', 'ct-state-save': 'true', 'datapath-type': 'system', 'fdb-timestamp': 'true', 'iface-types': 'afxdp,afxdp-nonpmd,bareudp,erspan,geneve,gre,gtpu,internal,ip6erspan,ip6gre,lisp,patch,srv6,stt,system,tap,vxlan', 'is-interconn': 'false', 'ls-dpg-column': 'true', 'mac-binding-timestamp': 'true', 'ovn-bridge-mappings': 'public:br-ex', 'ovn-chassis-mac-mappings': '', 'ovn-cms-options': 'enable-chassis-as-gw', 'ovn-ct-lb-related': 'true', 'ovn-enable-lflow-cache': 'true', 'ovn-limit-lflow-cache': '', 'ovn-memlimit-lflow-cache-kb': '', 'ovn-monitor-all': 'false', 'ovn-trim-limit-lflow-cache': '', 'ovn-trim-timeout-ms': '', 'ovn-trim-wmark-perc-lflow-cache': '', 'port-up-notif': 'true'}, transport_zones=[], vtep_logical_switches=[]) old= {{(pid=101390) matches /opt/stack/data/venv/lib/python3.12/site-packages/ovsdbapp/backend/ovs_idl/event.py:55}}
Jul 19 01:17:03.338333 np0000185870 devstack@neutron-api.service[101390]: DEBUG ovsdbapp.backend.ovs_idl.event [None req-af38fede-af91-45ec-a990-9ed026642c4c None None] Matched CREATE: ChassisAgentWriteEvent(events=('create', 'update'), table='Chassis_Private', conditions=None, old_conditions=None), priority=20 to row=Chassis_Private(uuid=22c7e127-711c-47f3-8a8b-d4da4bd1e85a, chassis=cdfb014c-7275-4808-aa09-9f2f47ecc313, external_ids={'neutron:ovn-bridge': 'br-int', 'neutron:ovn-neutron-agent-id': 'c2778802-589e-5705-8494-dc62f17cc194', 'neutron:ovn-neutron-agent-sb-cfg': '0'}, name='18afaad5-f9dd-4d9e-bb5e-103a75f8ca15', nb_cfg=0, nb_cfg_timestamp=0) old= {{(pid=101390) matches /opt/stack/data/venv/lib/python3.12/site-packages/ovsdbapp/backend/ovs_idl/event.py:55}}
Jul 19 01:17:03.338987 np0000185870 devstack@neutron-api.service[101390]: DEBUG ovsdbapp.backend.ovs_idl.event [None req-af38fede-af91-45ec-a990-9ed026642c4c None None] Matched CREATE: ChassisOVNAgentWriteEvent(events=('create', 'update'), table='Chassis_Private', conditions=None, old_conditions=None), priority=20 to row=Chassis_Private(uuid=22c7e127-711c-47f3-8a8b-d4da4bd1e85a, chassis=cdfb014c-7275-4808-aa09-9f2f47ecc313, external_ids={'neutron:ovn-bridge': 'br-int', 'neutron:ovn-neutron-agent-id': 'c2778802-589e-5705-8494-dc62f17cc194', 'neutron:ovn-neutron-agent-sb-cfg': '0'}, name='18afaad5-f9dd-4d9e-bb5e-103a75f8ca15', nb_cfg=0, nb_cfg_timestamp=0) old= {{(pid=101390) matches /opt/stack/data/venv/lib/python3.12/site-packages/ovsdbapp/backend/ovs_idl/event.py:55}}
Jul 19 01:17:03.344616 np0000185870 devstack@neutron-api.service[101390]: DEBUG neutron.common.ovn.hash_ring_manager [None req-af38fede-af91-45ec-a990-9ed026642c4c None None] Hash Ring loaded. 1 active nodes. 0 offline nodes {{(pid=101390) _load_hash_ring /opt/stack/neutron/neutron/common/ovn/hash_ring_manager.py:110}}
Jul 19 01:17:03.344731 np0000185870 devstack@neutron-api.service[101390]: DEBUG neutron.plugins.ml2.drivers.ovn.mech_driver.ovsdb.ovsdb_monitor [None req-af38fede-af91-45ec-a990-9ed026642c4c None None] Hash Ring: Node fd480eeef2055b79a340d5283ae0f6da (host: np0000185870) handling event "create" for row 22c7e127-711c-47f3-8a8b-d4da4bd1e85a (table: Chassis_Private) {{(pid=101390) notify /opt/stack/neutron/neutron/plugins/ml2/drivers/ovn/mech_driver/ovsdb/ovsdb_monitor.py:1009}}
Jul 19 01:17:03.349756 np0000185870 devstack@neutron-api.service[101390]: DEBUG neutron.common.ovn.hash_ring_manager [None req-af38fede-af91-45ec-a990-9ed026642c4c None None] Hash Ring loaded. 1 active nodes. 0 offline nodes {{(pid=101390) _load_hash_ring /opt/stack/neutron/neutron/common/ovn/hash_ring_manager.py:110}}
Jul 19 01:17:03.349888 np0000185870 devstack@neutron-api.service[101390]: DEBUG neutron.plugins.ml2.drivers.ovn.mech_driver.ovsdb.ovsdb_monitor [None req-af38fede-af91-45ec-a990-9ed026642c4c None None] Hash Ring: Node fd480eeef2055b79a340d5283ae0f6da (host: np0000185870) handling event "create" for row 007c874b-3762-473e-8d93-9f4c8cb51b9f (table: Encap) {{(pid=101390) notify /opt/stack/neutron/neutron/plugins/ml2/drivers/ovn/mech_driver/ovsdb/ovsdb_monitor.py:1009}}
Jul 19 01:17:03.351060 np0000185870 devstack@neutron-api.service[101390]: INFO neutron.plugins.ml2.drivers.ovn.mech_driver.mech_driver [None req-af38fede-af91-45ec-a990-9ed026642c4c None None] WorkerService process has finished the post initialization
Jul 19 01:17:03.351364 np0000185870 devstack@neutron-api.service[101390]: DEBUG oslo_concurrency.processutils [None req-af38fede-af91-45ec-a990-9ed026642c4c None None] Running cmd (subprocess): ovsdb-client transact ssl:199.204.45.229:6641 --timeout 180 -p /opt/stack/data/CA/int-ca/private/devstack-cert.key -c /opt/stack/data/CA/int-ca/devstack-cert.crt -C /opt/stack/data/CA/int-ca/ca-chain.pem ["OVN_Northbound", {"op": "wait", "timeout": 0, "table": "Port_Group", "where": [["name", "==", "pvlan_pg_drop"]], "until": "==", "rows": []}, {"op": "insert", "table": "ACL", "row": {"action": "drop", "direction": "to-lport", "match": "outport == @pvlan_pg_drop && ip", "priority": 1010}, "uuid-name": "pvlandroptoport"}, {"op": "insert", "table": "ACL", "row": {"action": "drop", "direction": "from-lport", "match": "inport == @pvlan_pg_drop && ip", "priority": 1010}, "uuid-name": "pvlandropfromport"}, {"op": "insert", "table": "Port_Group", "row": {"name": "pvlan_pg_drop", "acls": ["set", [["named-uuid", "pvlandroptoport"], ["named-uuid", "pvlandropfromport"]]]}}] {{(pid=101390) execute /opt/stack/data/venv/lib/python3.12/site-packages/oslo_concurrency/processutils.py:440}}
Jul 19 01:17:03.351907 np0000185870 devstack@neutron-api.service[101390]: INFO neutron.plugins.ml2.drivers.ovn.mech_driver.ovsdb.extensions.qos [-] Starting OVNClientQosExtension
Jul 19 01:17:03.352047 np0000185870 devstack@neutron-api.service[101390]: INFO neutron.plugins.ml2.drivers.ovn.mech_driver.ovsdb.extensions.placement [-] Starting OVNClientPlacementExtension
Jul 19 01:17:03.386123 np0000185870 devstack@neutron-api.service[101390]: DEBUG oslo_concurrency.processutils [None req-af38fede-af91-45ec-a990-9ed026642c4c None None] CMD "ovsdb-client transact ssl:199.204.45.229:6641 --timeout 180 -p /opt/stack/data/CA/int-ca/private/devstack-cert.key -c /opt/stack/data/CA/int-ca/devstack-cert.crt -C /opt/stack/data/CA/int-ca/ca-chain.pem ["OVN_Northbound", {"op": "wait", "timeout": 0, "table": "Port_Group", "where": [["name", "==", "pvlan_pg_drop"]], "until": "==", "rows": []}, {"op": "insert", "table": "ACL", "row": {"action": "drop", "direction": "to-lport", "match": "outport == @pvlan_pg_drop && ip", "priority": 1010}, "uuid-name": "pvlandroptoport"}, {"op": "insert", "table": "ACL", "row": {"action": "drop", "direction": "from-lport", "match": "inport == @pvlan_pg_drop && ip", "priority": 1010}, "uuid-name": "pvlandropfromport"}, {"op": "insert", "table": "Port_Group", "row": {"name": "pvlan_pg_drop", "acls": ["set", [["named-uuid", "pvlandroptoport"], ["named-uuid", "pvlandropfromport"]]]}}]" returned: 0 in 0.034s {{(pid=101390) execute /opt/stack/data/venv/lib/python3.12/site-packages/oslo_concurrency/processutils.py:468}}
Jul 19 01:17:03.402174 np0000185870 devstack@neutron-api.service[101390]: WSGI app 0 (mountpoint='') ready in 7 seconds on interpreter 0x768c680a4668 pid: 101390 (default app)
Jul 19 01:17:03.403149 np0000185870 devstack@neutron-api.service[101390]: DEBUG neutron.common.ovn.hash_ring_manager [-] Hash Ring loaded. 1 active nodes. 0 offline nodes {{(pid=101390) _load_hash_ring /opt/stack/neutron/neutron/common/ovn/hash_ring_manager.py:110}}
Jul 19 01:17:03.403333 np0000185870 devstack@neutron-api.service[101390]: DEBUG neutron.plugins.ml2.drivers.ovn.mech_driver.ovsdb.ovsdb_monitor [-] Hash Ring: Node fd480eeef2055b79a340d5283ae0f6da (host: np0000185870) handling event "create" for row a3a2bf98-f57e-49c8-b0dd-0e7d6e761dea (table: ACL) {{(pid=101390) notify /opt/stack/neutron/neutron/plugins/ml2/drivers/ovn/mech_driver/ovsdb/ovsdb_monitor.py:1009}}
Jul 19 01:17:03.409559 np0000185870 devstack@neutron-api.service[101390]: DEBUG neutron.common.ovn.hash_ring_manager [-] Hash Ring loaded. 1 active nodes. 0 offline nodes {{(pid=101390) _load_hash_ring /opt/stack/neutron/neutron/common/ovn/hash_ring_manager.py:110}}
Jul 19 01:17:03.409686 np0000185870 devstack@neutron-api.service[101390]: DEBUG neutron.plugins.ml2.drivers.ovn.mech_driver.ovsdb.ovsdb_monitor [-] Hash Ring: Node fd480eeef2055b79a340d5283ae0f6da (host: np0000185870) handling event "create" for row cf322ea9-2bdd-4697-835f-b17878e588d3 (table: ACL) {{(pid=101390) notify /opt/stack/neutron/neutron/plugins/ml2/drivers/ovn/mech_driver/ovsdb/ovsdb_monitor.py:1009}}
Jul 19 01:17:03.415550 np0000185870 devstack@neutron-api.service[101390]: DEBUG neutron.common.ovn.hash_ring_manager [-] Hash Ring loaded. 1 active nodes. 0 offline nodes {{(pid=101390) _load_hash_ring /opt/stack/neutron/neutron/common/ovn/hash_ring_manager.py:110}}
Jul 19 01:17:03.415685 np0000185870 devstack@neutron-api.service[101390]: DEBUG neutron.plugins.ml2.drivers.ovn.mech_driver.ovsdb.ovsdb_monitor [-] Hash Ring: Node fd480eeef2055b79a340d5283ae0f6da (host: np0000185870) handling event "create" for row 74d7d488-44be-485b-8071-47efb1e5872e (table: Port_Group) {{(pid=101390) notify /opt/stack/neutron/neutron/plugins/ml2/drivers/ovn/mech_driver/ovsdb/ovsdb_monitor.py:1009}}
Jul 19 01:17:03.476076 np0000185870 devstack@neutron-api.service[101391]: INFO neutron.plugins.ml2.managers [None req-17a16c1a-c5c8-4d52-ae11-e9fc5a10fa63 None None] Initializing driver for type 'local'
Jul 19 01:17:03.476285 np0000185870 devstack@neutron-api.service[101391]: INFO neutron.plugins.ml2.managers [None req-17a16c1a-c5c8-4d52-ae11-e9fc5a10fa63 None None] Initializing driver for type 'vlan'
Jul 19 01:17:03.515572 np0000185870 devstack@neutron-api.service[101389]: INFO neutron.plugins.ml2.managers [None req-194e8b69-ac07-42af-aabd-42cf0df2b473 None None] Initializing driver for type 'local'
Jul 19 01:17:03.515742 np0000185870 devstack@neutron-api.service[101389]: INFO neutron.plugins.ml2.managers [None req-194e8b69-ac07-42af-aabd-42cf0df2b473 None None] Initializing driver for type 'vlan'
Jul 19 01:17:03.563821 np0000185870 devstack@neutron-api.service[101388]: INFO neutron.plugins.ml2.managers [None req-28e288c6-8e49-40bb-b338-70e17f647e4e None None] Initializing driver for type 'local'
Jul 19 01:17:03.564068 np0000185870 devstack@neutron-api.service[101388]: INFO neutron.plugins.ml2.managers [None req-28e288c6-8e49-40bb-b338-70e17f647e4e None None] Initializing driver for type 'vlan'
Jul 19 01:17:03.779993 np0000185870 devstack@neutron-api.service[101388]: INFO neutron.plugins.ml2.drivers.type_vlan [None req-28e288c6-8e49-40bb-b338-70e17f647e4e None None] VlanTypeDriver initialization complete
Jul 19 01:17:03.780840 np0000185870 devstack@neutron-api.service[101388]: INFO neutron.plugins.ml2.managers [None req-28e288c6-8e49-40bb-b338-70e17f647e4e None None] Initializing extension driver 'port_security'
Jul 19 01:17:03.780840 np0000185870 devstack@neutron-api.service[101388]: INFO neutron.plugins.ml2.extensions.port_security [None req-28e288c6-8e49-40bb-b338-70e17f647e4e None None] PortSecurityExtensionDriver initialization complete
Jul 19 01:17:03.780840 np0000185870 devstack@neutron-api.service[101388]: INFO neutron.plugins.ml2.managers [None req-28e288c6-8e49-40bb-b338-70e17f647e4e None None] Initializing extension driver 'qos'
Jul 19 01:17:03.780840 np0000185870 devstack@neutron-api.service[101388]: DEBUG neutron.plugins.ml2.extensions.qos [None req-28e288c6-8e49-40bb-b338-70e17f647e4e None None] QosExtensionDriver initialization complete {{(pid=101388) initialize /opt/stack/neutron/neutron/plugins/ml2/extensions/qos.py:31}}
Jul 19 01:17:03.780840 np0000185870 devstack@neutron-api.service[101388]: INFO neutron.plugins.ml2.managers [None req-28e288c6-8e49-40bb-b338-70e17f647e4e None None] Initializing mechanism driver 'ovn'
Jul 19 01:17:03.780840 np0000185870 devstack@neutron-api.service[101388]: INFO neutron.plugins.ml2.drivers.ovn.mech_driver.mech_driver [None req-28e288c6-8e49-40bb-b338-70e17f647e4e None None] Starting OVNMechanismDriver
Jul 19 01:17:03.782912 np0000185870 devstack@neutron-api.service[101388]: DEBUG neutron_lib.callbacks.manager [None req-28e288c6-8e49-40bb-b338-70e17f647e4e None None] Subscribe: > process before_spawn 55550000, False {{(pid=101388) subscribe /opt/stack/data/venv/lib/python3.12/site-packages/neutron_lib/callbacks/manager.py:52}}
Jul 19 01:17:03.783526 np0000185870 devstack@neutron-api.service[101388]: DEBUG neutron_lib.callbacks.manager [None req-28e288c6-8e49-40bb-b338-70e17f647e4e None None] Subscribe: > process after_init 55550000, True {{(pid=101388) subscribe /opt/stack/data/venv/lib/python3.12/site-packages/neutron_lib/callbacks/manager.py:52}}
Jul 19 01:17:03.783526 np0000185870 devstack@neutron-api.service[101388]: DEBUG neutron_lib.callbacks.manager [None req-28e288c6-8e49-40bb-b338-70e17f647e4e None None] Subscribe: > segment after_create 55550000, False {{(pid=101388) subscribe /opt/stack/data/venv/lib/python3.12/site-packages/neutron_lib/callbacks/manager.py:52}}
Jul 19 01:17:03.783526 np0000185870 devstack@neutron-api.service[101388]: DEBUG neutron_lib.callbacks.manager [None req-28e288c6-8e49-40bb-b338-70e17f647e4e None None] Subscribe: > segment after_create 55550000, False {{(pid=101388) subscribe /opt/stack/data/venv/lib/python3.12/site-packages/neutron_lib/callbacks/manager.py:52}}
Jul 19 01:17:03.783526 np0000185870 devstack@neutron-api.service[101388]: DEBUG neutron_lib.callbacks.manager [None req-28e288c6-8e49-40bb-b338-70e17f647e4e None None] Subscribe: > segment after_delete 55550000, False {{(pid=101388) subscribe /opt/stack/data/venv/lib/python3.12/site-packages/neutron_lib/callbacks/manager.py:52}}
Jul 19 01:17:03.784041 np0000185870 devstack@neutron-api.service[101388]: DEBUG neutron_lib.callbacks.manager [None req-28e288c6-8e49-40bb-b338-70e17f647e4e None None] Subscribe: > allowed_address_pair before_create 55550000, False {{(pid=101388) subscribe /opt/stack/data/venv/lib/python3.12/site-packages/neutron_lib/callbacks/manager.py:52}}
Jul 19 01:17:03.784041 np0000185870 devstack@neutron-api.service[101388]: DEBUG neutron_lib.callbacks.manager [None req-28e288c6-8e49-40bb-b338-70e17f647e4e None None] Subscribe: > security_group precommit_create 55550000, False {{(pid=101388) subscribe /opt/stack/data/venv/lib/python3.12/site-packages/neutron_lib/callbacks/manager.py:52}}
Jul 19 01:17:03.784041 np0000185870 devstack@neutron-api.service[101388]: DEBUG neutron_lib.callbacks.manager [None req-28e288c6-8e49-40bb-b338-70e17f647e4e None None] Subscribe: > security_group after_update 55550000, False {{(pid=101388) subscribe /opt/stack/data/venv/lib/python3.12/site-packages/neutron_lib/callbacks/manager.py:52}}
Jul 19 01:17:03.784562 np0000185870 devstack@neutron-api.service[101388]: DEBUG neutron_lib.callbacks.manager [None req-28e288c6-8e49-40bb-b338-70e17f647e4e None None] Subscribe: > security_group after_create 55550000, False {{(pid=101388) subscribe /opt/stack/data/venv/lib/python3.12/site-packages/neutron_lib/callbacks/manager.py:52}}
Jul 19 01:17:03.784562 np0000185870 devstack@neutron-api.service[101388]: DEBUG neutron_lib.callbacks.manager [None req-28e288c6-8e49-40bb-b338-70e17f647e4e None None] Subscribe: > security_group precommit_delete 55550000, False {{(pid=101388) subscribe /opt/stack/data/venv/lib/python3.12/site-packages/neutron_lib/callbacks/manager.py:52}}
Jul 19 01:17:03.784562 np0000185870 devstack@neutron-api.service[101388]: DEBUG neutron_lib.callbacks.manager [None req-28e288c6-8e49-40bb-b338-70e17f647e4e None None] Subscribe: > security_group after_delete 55550000, False {{(pid=101388) subscribe /opt/stack/data/venv/lib/python3.12/site-packages/neutron_lib/callbacks/manager.py:52}}
Jul 19 01:17:03.785023 np0000185870 devstack@neutron-api.service[101388]: DEBUG neutron_lib.callbacks.manager [None req-28e288c6-8e49-40bb-b338-70e17f647e4e None None] Subscribe: > security_group_rule precommit_create 55550000, False {{(pid=101388) subscribe /opt/stack/data/venv/lib/python3.12/site-packages/neutron_lib/callbacks/manager.py:52}}
Jul 19 01:17:03.785023 np0000185870 devstack@neutron-api.service[101388]: DEBUG neutron_lib.callbacks.manager [None req-28e288c6-8e49-40bb-b338-70e17f647e4e None None] Subscribe: > security_group_rule after_create 55550000, False {{(pid=101388) subscribe /opt/stack/data/venv/lib/python3.12/site-packages/neutron_lib/callbacks/manager.py:52}}
Jul 19 01:17:03.785023 np0000185870 devstack@neutron-api.service[101388]: DEBUG neutron_lib.callbacks.manager [None req-28e288c6-8e49-40bb-b338-70e17f647e4e None None] Subscribe: > security_group_rule before_delete 55550000, False {{(pid=101388) subscribe /opt/stack/data/venv/lib/python3.12/site-packages/neutron_lib/callbacks/manager.py:52}}
Jul 19 01:17:03.785023 np0000185870 devstack@neutron-api.service[101388]: DEBUG neutron_lib.callbacks.manager [None req-28e288c6-8e49-40bb-b338-70e17f647e4e None None] Subscribe: > address_group after_create 55550000, False {{(pid=101388) subscribe /opt/stack/data/venv/lib/python3.12/site-packages/neutron_lib/callbacks/manager.py:52}}
Jul 19 01:17:03.785511 np0000185870 devstack@neutron-api.service[101388]: DEBUG neutron_lib.callbacks.manager [None req-28e288c6-8e49-40bb-b338-70e17f647e4e None None] Subscribe: > address_group after_update 55550000, False {{(pid=101388) subscribe /opt/stack/data/venv/lib/python3.12/site-packages/neutron_lib/callbacks/manager.py:52}}
Jul 19 01:17:03.785511 np0000185870 devstack@neutron-api.service[101388]: DEBUG neutron_lib.callbacks.manager [None req-28e288c6-8e49-40bb-b338-70e17f647e4e None None] Subscribe: > address_group after_delete 55550000, False {{(pid=101388) subscribe /opt/stack/data/venv/lib/python3.12/site-packages/neutron_lib/callbacks/manager.py:52}}
Jul 19 01:17:03.785901 np0000185870 devstack@neutron-api.service[101388]: DEBUG neutron_lib.callbacks.manager [None req-28e288c6-8e49-40bb-b338-70e17f647e4e None None] Subscribe: > qos_plugin after_init 55550000, False {{(pid=101388) subscribe /opt/stack/data/venv/lib/python3.12/site-packages/neutron_lib/callbacks/manager.py:52}}
Jul 19 01:17:03.785901 np0000185870 devstack@neutron-api.service[101388]: DEBUG neutron_lib.callbacks.manager [None req-28e288c6-8e49-40bb-b338-70e17f647e4e None None] Subscribe: > trunk_plugin after_init 55550000, False {{(pid=101388) subscribe /opt/stack/data/venv/lib/python3.12/site-packages/neutron_lib/callbacks/manager.py:52}}
Jul 19 01:17:03.786450 np0000185870 devstack@neutron-api.service[101388]: DEBUG neutron_lib.callbacks.manager [None req-28e288c6-8e49-40bb-b338-70e17f647e4e None None] Subscribe: > logging-plugin after_init 55550000, False {{(pid=101388) subscribe /opt/stack/data/venv/lib/python3.12/site-packages/neutron_lib/callbacks/manager.py:52}}
Jul 19 01:17:03.787112 np0000185870 devstack@neutron-api.service[101388]: INFO neutron.services.logapi.drivers.ovn.driver [None req-28e288c6-8e49-40bb-b338-70e17f647e4e None None] OVN logging driver registered
Jul 19 01:17:03.787112 np0000185870 devstack@neutron-api.service[101388]: DEBUG neutron_lib.callbacks.manager [None req-28e288c6-8e49-40bb-b338-70e17f647e4e None None] Subscribe: ._register_pvlan_driver at 0x768c5f9e09a0> pvlan_plugin before_spawn 55550000, False {{(pid=101388) subscribe /opt/stack/data/venv/lib/python3.12/site-packages/neutron_lib/callbacks/manager.py:52}}
Jul 19 01:17:03.787112 np0000185870 devstack@neutron-api.service[101388]: DEBUG neutron_lib.callbacks.manager [None req-28e288c6-8e49-40bb-b338-70e17f647e4e None None] Subscribe: process after_init 55550000, False {{(pid=101388) subscribe /opt/stack/data/venv/lib/python3.12/site-packages/neutron_lib/callbacks/manager.py:52}}
Jul 19 01:17:03.789308 np0000185870 devstack@neutron-api.service[101388]: DEBUG neutron.plugins.ml2.plugin [None req-28e288c6-8e49-40bb-b338-70e17f647e4e None None] neutron.plugins.ml2.plugin.Ml2Plugin method _start_rpc_notifiers called with arguments () {} {{(pid=101388) wrapper /opt/stack/data/venv/lib/python3.12/site-packages/oslo_log/helpers.py:77}}
Jul 19 01:17:03.789695 np0000185870 devstack@neutron-api.service[101388]: DEBUG neutron_lib.callbacks.manager [None req-28e288c6-8e49-40bb-b338-70e17f647e4e None None] Subscribe: > port after_create 55550000, False {{(pid=101388) subscribe /opt/stack/data/venv/lib/python3.12/site-packages/neutron_lib/callbacks/manager.py:52}}
Jul 19 01:17:03.789695 np0000185870 devstack@neutron-api.service[101388]: DEBUG neutron_lib.callbacks.manager [None req-28e288c6-8e49-40bb-b338-70e17f647e4e None None] Subscribe: > port after_update 55550000, False {{(pid=101388) subscribe /opt/stack/data/venv/lib/python3.12/site-packages/neutron_lib/callbacks/manager.py:52}}
Jul 19 01:17:03.790118 np0000185870 devstack@neutron-api.service[101388]: DEBUG neutron_lib.callbacks.manager [None req-28e288c6-8e49-40bb-b338-70e17f647e4e None None] Subscribe: > port after_delete 55550000, False {{(pid=101388) subscribe /opt/stack/data/venv/lib/python3.12/site-packages/neutron_lib/callbacks/manager.py:52}}
Jul 19 01:17:03.790118 np0000185870 devstack@neutron-api.service[101388]: DEBUG neutron_lib.callbacks.manager [None req-28e288c6-8e49-40bb-b338-70e17f647e4e None None] Subscribe: > subnet after_create 55550000, False {{(pid=101388) subscribe /opt/stack/data/venv/lib/python3.12/site-packages/neutron_lib/callbacks/manager.py:52}}
Jul 19 01:17:03.790652 np0000185870 devstack@neutron-api.service[101391]: INFO neutron.plugins.ml2.drivers.type_vlan [None req-17a16c1a-c5c8-4d52-ae11-e9fc5a10fa63 None None] VlanTypeDriver initialization complete
Jul 19 01:17:03.790988 np0000185870 devstack@neutron-api.service[101388]: DEBUG neutron_lib.callbacks.manager [None req-28e288c6-8e49-40bb-b338-70e17f647e4e None None] Subscribe: > subnet after_update 55550000, False {{(pid=101388) subscribe /opt/stack/data/venv/lib/python3.12/site-packages/neutron_lib/callbacks/manager.py:52}}
Jul 19 01:17:03.791125 np0000185870 devstack@neutron-api.service[101391]: INFO neutron.plugins.ml2.managers [None req-17a16c1a-c5c8-4d52-ae11-e9fc5a10fa63 None None] Initializing extension driver 'port_security'
Jul 19 01:17:03.791125 np0000185870 devstack@neutron-api.service[101391]: INFO neutron.plugins.ml2.extensions.port_security [None req-17a16c1a-c5c8-4d52-ae11-e9fc5a10fa63 None None] PortSecurityExtensionDriver initialization complete
Jul 19 01:17:03.791288 np0000185870 devstack@neutron-api.service[101388]: DEBUG neutron_lib.callbacks.manager [None req-28e288c6-8e49-40bb-b338-70e17f647e4e None None] Subscribe: > subnet after_delete 55550000, False {{(pid=101388) subscribe /opt/stack/data/venv/lib/python3.12/site-packages/neutron_lib/callbacks/manager.py:52}}
Jul 19 01:17:03.791451 np0000185870 devstack@neutron-api.service[101391]: INFO neutron.plugins.ml2.managers [None req-17a16c1a-c5c8-4d52-ae11-e9fc5a10fa63 None None] Initializing extension driver 'qos'
Jul 19 01:17:03.791580 np0000185870 devstack@neutron-api.service[101388]: DEBUG neutron_lib.callbacks.manager [None req-28e288c6-8e49-40bb-b338-70e17f647e4e None None] Subscribe: > network after_create 55550000, False {{(pid=101388) subscribe /opt/stack/data/venv/lib/python3.12/site-packages/neutron_lib/callbacks/manager.py:52}}
Jul 19 01:17:03.791718 np0000185870 devstack@neutron-api.service[101391]: DEBUG neutron.plugins.ml2.extensions.qos [None req-17a16c1a-c5c8-4d52-ae11-e9fc5a10fa63 None None] QosExtensionDriver initialization complete {{(pid=101391) initialize /opt/stack/neutron/neutron/plugins/ml2/extensions/qos.py:31}}
Jul 19 01:17:03.791848 np0000185870 devstack@neutron-api.service[101388]: DEBUG neutron_lib.callbacks.manager [None req-28e288c6-8e49-40bb-b338-70e17f647e4e None None] Subscribe: > network after_update 55550000, False {{(pid=101388) subscribe /opt/stack/data/venv/lib/python3.12/site-packages/neutron_lib/callbacks/manager.py:52}}
Jul 19 01:17:03.791984 np0000185870 devstack@neutron-api.service[101391]: INFO neutron.plugins.ml2.managers [None req-17a16c1a-c5c8-4d52-ae11-e9fc5a10fa63 None None] Initializing mechanism driver 'ovn'
Jul 19 01:17:03.791984 np0000185870 devstack@neutron-api.service[101391]: INFO neutron.plugins.ml2.drivers.ovn.mech_driver.mech_driver [None req-17a16c1a-c5c8-4d52-ae11-e9fc5a10fa63 None None] Starting OVNMechanismDriver
Jul 19 01:17:03.792141 np0000185870 devstack@neutron-api.service[101388]: DEBUG neutron_lib.callbacks.manager [None req-28e288c6-8e49-40bb-b338-70e17f647e4e None None] Subscribe: > network after_delete 55550000, False {{(pid=101388) subscribe /opt/stack/data/venv/lib/python3.12/site-packages/neutron_lib/callbacks/manager.py:52}}
Jul 19 01:17:03.792141 np0000185870 devstack@neutron-api.service[101388]: DEBUG neutron_lib.callbacks.manager [None req-28e288c6-8e49-40bb-b338-70e17f647e4e None None] Subscribe: > security_group after_create 55550000, False {{(pid=101388) subscribe /opt/stack/data/venv/lib/python3.12/site-packages/neutron_lib/callbacks/manager.py:52}}
Jul 19 01:17:03.792141 np0000185870 devstack@neutron-api.service[101388]: DEBUG neutron_lib.callbacks.manager [None req-28e288c6-8e49-40bb-b338-70e17f647e4e None None] Subscribe: > security_group after_update 55550000, False {{(pid=101388) subscribe /opt/stack/data/venv/lib/python3.12/site-packages/neutron_lib/callbacks/manager.py:52}}
Jul 19 01:17:03.792141 np0000185870 devstack@neutron-api.service[101388]: DEBUG neutron_lib.callbacks.manager [None req-28e288c6-8e49-40bb-b338-70e17f647e4e None None] Subscribe: > security_group after_delete 55550000, False {{(pid=101388) subscribe /opt/stack/data/venv/lib/python3.12/site-packages/neutron_lib/callbacks/manager.py:52}}
Jul 19 01:17:03.792420 np0000185870 devstack@neutron-api.service[101388]: DEBUG neutron_lib.callbacks.manager [None req-28e288c6-8e49-40bb-b338-70e17f647e4e None None] Subscribe: > security_group_rule after_create 55550000, False {{(pid=101388) subscribe /opt/stack/data/venv/lib/python3.12/site-packages/neutron_lib/callbacks/manager.py:52}}
Jul 19 01:17:03.792420 np0000185870 devstack@neutron-api.service[101388]: DEBUG neutron_lib.callbacks.manager [None req-28e288c6-8e49-40bb-b338-70e17f647e4e None None] Subscribe: > security_group_rule after_update 55550000, False {{(pid=101388) subscribe /opt/stack/data/venv/lib/python3.12/site-packages/neutron_lib/callbacks/manager.py:52}}
Jul 19 01:17:03.792420 np0000185870 devstack@neutron-api.service[101388]: DEBUG neutron_lib.callbacks.manager [None req-28e288c6-8e49-40bb-b338-70e17f647e4e None None] Subscribe: > security_group_rule after_delete 55550000, False {{(pid=101388) subscribe /opt/stack/data/venv/lib/python3.12/site-packages/neutron_lib/callbacks/manager.py:52}}
Jul 19 01:17:03.792420 np0000185870 devstack@neutron-api.service[101388]: DEBUG neutron_lib.callbacks.manager [None req-28e288c6-8e49-40bb-b338-70e17f647e4e None None] Subscribe: > address_group after_create 55550000, False {{(pid=101388) subscribe /opt/stack/data/venv/lib/python3.12/site-packages/neutron_lib/callbacks/manager.py:52}}
Jul 19 01:17:03.792687 np0000185870 devstack@neutron-api.service[101388]: DEBUG neutron_lib.callbacks.manager [None req-28e288c6-8e49-40bb-b338-70e17f647e4e None None] Subscribe: > address_group after_update 55550000, False {{(pid=101388) subscribe /opt/stack/data/venv/lib/python3.12/site-packages/neutron_lib/callbacks/manager.py:52}}
Jul 19 01:17:03.792687 np0000185870 devstack@neutron-api.service[101388]: DEBUG neutron_lib.callbacks.manager [None req-28e288c6-8e49-40bb-b338-70e17f647e4e None None] Subscribe: > address_group after_delete 55550000, False {{(pid=101388) subscribe /opt/stack/data/venv/lib/python3.12/site-packages/neutron_lib/callbacks/manager.py:52}}
Jul 19 01:17:03.792687 np0000185870 devstack@neutron-api.service[101388]: DEBUG neutron.plugins.ml2.ovo_rpc [None req-28e288c6-8e49-40bb-b338-70e17f647e4e None None] ML2 OVO RPC backend initialized. {{(pid=101388) __init__ /opt/stack/neutron/neutron/plugins/ml2/ovo_rpc.py:117}}
Jul 19 01:17:03.792894 np0000185870 devstack@neutron-api.service[101391]: DEBUG neutron_lib.callbacks.manager [None req-17a16c1a-c5c8-4d52-ae11-e9fc5a10fa63 None None] Subscribe: > process before_spawn 55550000, False {{(pid=101391) subscribe /opt/stack/data/venv/lib/python3.12/site-packages/neutron_lib/callbacks/manager.py:52}}
Jul 19 01:17:03.792894 np0000185870 devstack@neutron-api.service[101391]: DEBUG neutron_lib.callbacks.manager [None req-17a16c1a-c5c8-4d52-ae11-e9fc5a10fa63 None None] Subscribe: > process after_init 55550000, True {{(pid=101391) subscribe /opt/stack/data/venv/lib/python3.12/site-packages/neutron_lib/callbacks/manager.py:52}}
Jul 19 01:17:03.792894 np0000185870 devstack@neutron-api.service[101391]: DEBUG neutron_lib.callbacks.manager [None req-17a16c1a-c5c8-4d52-ae11-e9fc5a10fa63 None None] Subscribe: > segment after_create 55550000, False {{(pid=101391) subscribe /opt/stack/data/venv/lib/python3.12/site-packages/neutron_lib/callbacks/manager.py:52}}
Jul 19 01:17:03.792894 np0000185870 devstack@neutron-api.service[101391]: DEBUG neutron_lib.callbacks.manager [None req-17a16c1a-c5c8-4d52-ae11-e9fc5a10fa63 None None] Subscribe: > segment after_create 55550000, False {{(pid=101391) subscribe /opt/stack/data/venv/lib/python3.12/site-packages/neutron_lib/callbacks/manager.py:52}}
Jul 19 01:17:03.793128 np0000185870 devstack@neutron-api.service[101391]: DEBUG neutron_lib.callbacks.manager [None req-17a16c1a-c5c8-4d52-ae11-e9fc5a10fa63 None None] Subscribe: > segment after_delete 55550000, False {{(pid=101391) subscribe /opt/stack/data/venv/lib/python3.12/site-packages/neutron_lib/callbacks/manager.py:52}}
Jul 19 01:17:03.793251 np0000185870 devstack@neutron-api.service[101388]: INFO neutron.quota [None req-28e288c6-8e49-40bb-b338-70e17f647e4e None None] Loaded quota_driver: .
Jul 19 01:17:03.793398 np0000185870 devstack@neutron-api.service[101391]: DEBUG neutron_lib.callbacks.manager [None req-17a16c1a-c5c8-4d52-ae11-e9fc5a10fa63 None None] Subscribe: > allowed_address_pair before_create 55550000, False {{(pid=101391) subscribe /opt/stack/data/venv/lib/python3.12/site-packages/neutron_lib/callbacks/manager.py:52}}
Jul 19 01:17:03.793517 np0000185870 devstack@neutron-api.service[101388]: INFO neutron.plugins.ml2.plugin [None req-28e288c6-8e49-40bb-b338-70e17f647e4e None None] Modular L2 Plugin initialization complete
Jul 19 01:17:03.793628 np0000185870 devstack@neutron-api.service[101391]: DEBUG neutron_lib.callbacks.manager [None req-17a16c1a-c5c8-4d52-ae11-e9fc5a10fa63 None None] Subscribe: > security_group precommit_create 55550000, False {{(pid=101391) subscribe /opt/stack/data/venv/lib/python3.12/site-packages/neutron_lib/callbacks/manager.py:52}}
Jul 19 01:17:03.793763 np0000185870 devstack@neutron-api.service[101388]: DEBUG neutron.manager [None req-28e288c6-8e49-40bb-b338-70e17f647e4e None None] Loading services supported by the core plugin {{(pid=101388) _load_services_from_core_plugin /opt/stack/neutron/neutron/manager.py:167}}
Jul 19 01:17:03.793876 np0000185870 devstack@neutron-api.service[101391]: DEBUG neutron_lib.callbacks.manager [None req-17a16c1a-c5c8-4d52-ae11-e9fc5a10fa63 None None] Subscribe: > security_group after_update 55550000, False {{(pid=101391) subscribe /opt/stack/data/venv/lib/python3.12/site-packages/neutron_lib/callbacks/manager.py:52}}
Jul 19 01:17:03.793989 np0000185870 devstack@neutron-api.service[101388]: INFO neutron.plugins.ml2.managers [None req-28e288c6-8e49-40bb-b338-70e17f647e4e None None] Got port-security extension from driver 'port_security'
Jul 19 01:17:03.794101 np0000185870 devstack@neutron-api.service[101391]: DEBUG neutron_lib.callbacks.manager [None req-17a16c1a-c5c8-4d52-ae11-e9fc5a10fa63 None None] Subscribe: > security_group after_create 55550000, False {{(pid=101391) subscribe /opt/stack/data/venv/lib/python3.12/site-packages/neutron_lib/callbacks/manager.py:52}}
Jul 19 01:17:03.794101 np0000185870 devstack@neutron-api.service[101391]: DEBUG neutron_lib.callbacks.manager [None req-17a16c1a-c5c8-4d52-ae11-e9fc5a10fa63 None None] Subscribe: > security_group precommit_delete 55550000, False {{(pid=101391) subscribe /opt/stack/data/venv/lib/python3.12/site-packages/neutron_lib/callbacks/manager.py:52}}
Jul 19 01:17:03.794263 np0000185870 devstack@neutron-api.service[101388]: DEBUG neutron.manager [None req-28e288c6-8e49-40bb-b338-70e17f647e4e None None] Loading service plugins: ['ovn-router', 'auto_allocate', 'tag', 'timestamp', 'network_ip_availability', 'flavors', 'revisions'] {{(pid=101388) _load_service_plugins /opt/stack/neutron/neutron/manager.py:192}}
Jul 19 01:17:03.794399 np0000185870 devstack@neutron-api.service[101391]: DEBUG neutron_lib.callbacks.manager [None req-17a16c1a-c5c8-4d52-ae11-e9fc5a10fa63 None None] Subscribe: > security_group after_delete 55550000, False {{(pid=101391) subscribe /opt/stack/data/venv/lib/python3.12/site-packages/neutron_lib/callbacks/manager.py:52}}
Jul 19 01:17:03.794522 np0000185870 devstack@neutron-api.service[101388]: INFO neutron.manager [None req-28e288c6-8e49-40bb-b338-70e17f647e4e None None] Loading Plugin: ovn-router
Jul 19 01:17:03.794650 np0000185870 devstack@neutron-api.service[101391]: DEBUG neutron_lib.callbacks.manager [None req-17a16c1a-c5c8-4d52-ae11-e9fc5a10fa63 None None] Subscribe: > security_group_rule precommit_create 55550000, False {{(pid=101391) subscribe /opt/stack/data/venv/lib/python3.12/site-packages/neutron_lib/callbacks/manager.py:52}}
Jul 19 01:17:03.794650 np0000185870 devstack@neutron-api.service[101391]: DEBUG neutron_lib.callbacks.manager [None req-17a16c1a-c5c8-4d52-ae11-e9fc5a10fa63 None None] Subscribe: > security_group_rule after_create 55550000, False {{(pid=101391) subscribe /opt/stack/data/venv/lib/python3.12/site-packages/neutron_lib/callbacks/manager.py:52}}
Jul 19 01:17:03.794650 np0000185870 devstack@neutron-api.service[101391]: DEBUG neutron_lib.callbacks.manager [None req-17a16c1a-c5c8-4d52-ae11-e9fc5a10fa63 None None] Subscribe: > security_group_rule before_delete 55550000, False {{(pid=101391) subscribe /opt/stack/data/venv/lib/python3.12/site-packages/neutron_lib/callbacks/manager.py:52}}
Jul 19 01:17:03.794650 np0000185870 devstack@neutron-api.service[101391]: DEBUG neutron_lib.callbacks.manager [None req-17a16c1a-c5c8-4d52-ae11-e9fc5a10fa63 None None] Subscribe: > address_group after_create 55550000, False {{(pid=101391) subscribe /opt/stack/data/venv/lib/python3.12/site-packages/neutron_lib/callbacks/manager.py:52}}
Jul 19 01:17:03.794893 np0000185870 devstack@neutron-api.service[101391]: DEBUG neutron_lib.callbacks.manager [None req-17a16c1a-c5c8-4d52-ae11-e9fc5a10fa63 None None] Subscribe: > address_group after_update 55550000, False {{(pid=101391) subscribe /opt/stack/data/venv/lib/python3.12/site-packages/neutron_lib/callbacks/manager.py:52}}
Jul 19 01:17:03.794893 np0000185870 devstack@neutron-api.service[101391]: DEBUG neutron_lib.callbacks.manager [None req-17a16c1a-c5c8-4d52-ae11-e9fc5a10fa63 None None] Subscribe: > address_group after_delete 55550000, False {{(pid=101391) subscribe /opt/stack/data/venv/lib/python3.12/site-packages/neutron_lib/callbacks/manager.py:52}}
Jul 19 01:17:03.795036 np0000185870 devstack@neutron-api.service[101391]: DEBUG neutron_lib.callbacks.manager [None req-17a16c1a-c5c8-4d52-ae11-e9fc5a10fa63 None None] Subscribe: > qos_plugin after_init 55550000, False {{(pid=101391) subscribe /opt/stack/data/venv/lib/python3.12/site-packages/neutron_lib/callbacks/manager.py:52}}
Jul 19 01:17:03.795401 np0000185870 devstack@neutron-api.service[101391]: DEBUG neutron_lib.callbacks.manager [None req-17a16c1a-c5c8-4d52-ae11-e9fc5a10fa63 None None] Subscribe: > trunk_plugin after_init 55550000, False {{(pid=101391) subscribe /opt/stack/data/venv/lib/python3.12/site-packages/neutron_lib/callbacks/manager.py:52}}
