2026-05-15 09:28:58.533 8 INFO neutron.notifiers.nova [-] Nova event matching ['req-9f4ac73d-3b6c-486d-9bf3-2afd8d733b4e'] response: {'server_uuid': '635a3775-47cf-49f8-a582-9acf27ad29ec', 'name': 'network-vif-deleted', 'tag': 'c9998e5d-f69c-4291-84f8-aafabbe13437', 'status': 'completed', 'code': 200} [pid: 7|app: 0|req: 1810/3593] 10.0.0.1 () {34 vars in 987 bytes} [Fri May 15 09:29:00 2026] GET /v2.0/ports?device_id=635a3775-47cf-49f8-a582-9acf27ad29ec => generated 12 bytes in 30 msecs (HTTP/1.1 200) 4 headers in 156 bytes (1 switches on core 0) [pid: 8|app: 0|req: 1784/3594] 10.0.0.105 () {28 vars in 582 bytes} [Fri May 15 09:29:00 2026] GET /v2.0/routers => generated 965 bytes in 119 msecs (HTTP/1.1 200) 4 headers in 157 bytes (1 switches on core 0) [pid: 7|app: 0|req: 1811/3595] 10.0.0.105 () {28 vars in 623 bytes} [Fri May 15 09:29:00 2026] GET /v2.0/agents?binary=ovn-controller => generated 416 bytes in 23 msecs (HTTP/1.1 200) 4 headers in 157 bytes (1 switches on core 0) [pid: 8|app: 0|req: 1785/3596] 10.0.0.105 () {28 vars in 584 bytes} [Fri May 15 09:29:00 2026] GET /v2.0/networks => generated 4771 bytes in 85 msecs (HTTP/1.1 200) 4 headers in 158 bytes (1 switches on core 0) [pid: 7|app: 0|req: 1812/3597] 10.0.0.105 () {28 vars in 582 bytes} [Fri May 15 09:29:00 2026] GET /v2.0/subnets => generated 5512 bytes in 47 msecs (HTTP/1.1 200) 4 headers in 158 bytes (1 switches on core 0) [pid: 8|app: 0|req: 1786/3598] 10.0.0.105 () {28 vars in 580 bytes} [Fri May 15 09:29:00 2026] GET /v2.0/agents => generated 1214 bytes in 16 msecs (HTTP/1.1 200) 4 headers in 158 bytes (1 switches on core 0) [pid: 7|app: 0|req: 1813/3599] 10.0.0.105 () {28 vars in 590 bytes} [Fri May 15 09:29:00 2026] GET /v2.0/floatingips => generated 19 bytes in 22 msecs (HTTP/1.1 200) 4 headers in 156 bytes (1 switches on core 0) [pid: 8|app: 0|req: 1787/3600] 10.0.0.105 () {28 vars in 582 bytes} [Fri May 15 09:29:00 2026] GET /v2.0/subnets => generated 5512 bytes in 52 msecs (HTTP/1.1 200) 4 headers in 158 bytes (1 switches on core 0) [pid: 7|app: 0|req: 1814/3601] 10.0.0.105 () {28 vars in 590 bytes} [Fri May 15 09:29:00 2026] GET /v2.0/subnetpools => generated 19 bytes in 11 msecs (HTTP/1.1 200) 4 headers in 156 bytes (1 switches on core 0) [pid: 8|app: 0|req: 1788/3602] 10.0.0.105 () {28 vars in 598 bytes} [Fri May 15 09:29:00 2026] GET /v2.0/security-groups => generated 28652 bytes in 41 msecs (HTTP/1.1 200) 4 headers in 159 bytes (1 switches on core 0) [pid: 7|app: 0|req: 1815/3603] 10.0.0.105 () {28 vars in 618 bytes} [Fri May 15 09:29:00 2026] GET /v2.0/network-ip-availabilities => generated 3187 bytes in 13 msecs (HTTP/1.1 200) 4 headers in 158 bytes (1 switches on core 0) [pid: 8|app: 0|req: 1789/3604] 10.0.0.105 () {28 vars in 578 bytes} [Fri May 15 09:29:00 2026] GET /v2.0/ports => generated 12560 bytes in 75 msecs (HTTP/1.1 200) 4 headers in 159 bytes (1 switches on core 0) [pid: 7|app: 0|req: 1817/3607] 10.0.0.202 () {32 vars in 749 bytes} [Fri May 15 09:29:05 2026] DELETE /v2.0/security-group-rules/d2927d8e-3edc-4aa4-a6b7-7b523c0c876c => generated 0 bytes in 155 msecs (HTTP/1.1 204) 2 headers in 112 bytes (1 switches on core 0)
2026-05-15 09:29:05.316 8 INFO neutron.api.v2.resource [None req-cf7d5dff-3645-4459-ab89-c5af0070dc2d 016433bdd2bb4037aecfad16faaa0162 d410eecedcae46a79b1b0f989c170907 - - default default] show failed (client error): The resource could not be found. [pid: 8|app: 0|req: 1791/3608] 10.0.0.202 () {32 vars in 746 bytes} [Fri May 15 09:29:05 2026] GET /v2.0/security-group-rules/d2927d8e-3edc-4aa4-a6b7-7b523c0c876c => generated 155 bytes in 13 msecs (HTTP/1.1 404) 4 headers in 164 bytes (1 switches on core 0) [pid: 7|app: 0|req: 1818/3609] 10.0.0.202 () {32 vars in 749 bytes} [Fri May 15 09:29:05 2026] DELETE /v2.0/security-group-rules/a4f84439-29a9-42dd-a659-b90be05fcd94 => generated 0 bytes in 158 msecs (HTTP/1.1 204) 2 headers in 112 bytes (1 switches on core 0)
2026-05-15 09:29:05.496 8 INFO neutron.api.v2.resource [None req-843453bd-71d7-4145-bd95-2d71a3713b7b 016433bdd2bb4037aecfad16faaa0162 d410eecedcae46a79b1b0f989c170907 - - default default] show failed (client error): The resource could not be found. [pid: 8|app: 0|req: 1792/3610] 10.0.0.202 () {32 vars in 746 bytes} [Fri May 15 09:29:05 2026] GET /v2.0/security-group-rules/a4f84439-29a9-42dd-a659-b90be05fcd94 => generated 155 bytes in 13 msecs (HTTP/1.1 404) 4 headers in 164 bytes (1 switches on core 0) [pid: 7|app: 0|req: 1819/3611] 10.0.0.202 () {32 vars in 749 bytes} [Fri May 15 09:29:05 2026] DELETE /v2.0/security-group-rules/b63d0fa7-cdc3-4b7a-97be-6d6efd790ac1 => generated 0 bytes in 162 msecs (HTTP/1.1 204) 2 headers in 112 bytes (1 switches on core 0)
2026-05-15 09:29:05.681 8 INFO neutron.api.v2.resource [None req-d525ecab-01ac-497c-a515-90c3820f2785 016433bdd2bb4037aecfad16faaa0162 d410eecedcae46a79b1b0f989c170907 - - default default] show failed (client error): The resource could not be found. [pid: 8|app: 0|req: 1793/3612] 10.0.0.202 () {32 vars in 746 bytes} [Fri May 15 09:29:05 2026] GET /v2.0/security-group-rules/b63d0fa7-cdc3-4b7a-97be-6d6efd790ac1 => generated 155 bytes in 14 msecs (HTTP/1.1 404) 4 headers in 164 bytes (1 switches on core 0) [pid: 7|app: 0|req: 1820/3613] 10.0.0.202 () {32 vars in 749 bytes} [Fri May 15 09:29:05 2026] DELETE /v2.0/security-group-rules/6a2b3f76-434a-4ef2-983d-ae2421351168 => generated 0 bytes in 133 msecs (HTTP/1.1 204) 2 headers in 112 bytes (1 switches on core 0)
2026-05-15 09:29:05.837 8 INFO neutron.api.v2.resource [None req-e5184147-80dc-43a0-8009-bcf5a5b79d45 016433bdd2bb4037aecfad16faaa0162 d410eecedcae46a79b1b0f989c170907 - - default default] show failed (client error): The resource could not be found. [pid: 8|app: 0|req: 1794/3614] 10.0.0.202 () {32 vars in 746 bytes} [Fri May 15 09:29:05 2026] GET /v2.0/security-group-rules/6a2b3f76-434a-4ef2-983d-ae2421351168 => generated 155 bytes in 11 msecs (HTTP/1.1 404) 4 headers in 164 bytes (1 switches on core 0) [pid: 7|app: 0|req: 1821/3615] 10.0.0.202 () {32 vars in 749 bytes} [Fri May 15 09:29:05 2026] DELETE /v2.0/security-group-rules/24796846-15ca-4a68-b6b0-afdf6f1070c5 => generated 0 bytes in 121 msecs (HTTP/1.1 204) 2 headers in 112 bytes (1 switches on core 0)
2026-05-15 09:29:05.983 8 INFO neutron.api.v2.resource [None req-09f19204-80ea-47c5-afad-a56cff0a8b74 016433bdd2bb4037aecfad16faaa0162 d410eecedcae46a79b1b0f989c170907 - - default default] show failed (client error): The resource could not be found. [pid: 8|app: 0|req: 1795/3616] 10.0.0.202 () {32 vars in 746 bytes} [Fri May 15 09:29:05 2026] GET /v2.0/security-group-rules/24796846-15ca-4a68-b6b0-afdf6f1070c5 => generated 155 bytes in 14 msecs (HTTP/1.1 404) 4 headers in 164 bytes (1 switches on core 0) [pid: 7|app: 0|req: 1822/3617] 10.0.0.202 () {32 vars in 749 bytes} [Fri May 15 09:29:05 2026] DELETE /v2.0/security-group-rules/be645928-9c6f-4ac7-81cf-6ba254dbe02b => generated 0 bytes in 114 msecs (HTTP/1.1 204) 2 headers in 112 bytes (1 switches on core 0)
2026-05-15 09:29:06.117 8 INFO neutron.api.v2.resource [None req-422de003-0130-4339-9845-2d298bea75fa 016433bdd2bb4037aecfad16faaa0162 d410eecedcae46a79b1b0f989c170907 - - default default] show failed (client error): The resource could not be found. [pid: 8|app: 0|req: 1796/3618] 10.0.0.202 () {32 vars in 746 bytes} [Fri May 15 09:29:06 2026] GET /v2.0/security-group-rules/be645928-9c6f-4ac7-81cf-6ba254dbe02b => generated 155 bytes in 9 msecs (HTTP/1.1 404) 4 headers in 164 bytes (1 switches on core 0) [pid: 7|app: 0|req: 1823/3619] 10.0.0.202 () {32 vars in 749 bytes} [Fri May 15 09:29:06 2026] DELETE /v2.0/security-group-rules/7496a4b7-44fc-4ad9-a34c-54ef141484ca => generated 0 bytes in 107 msecs (HTTP/1.1 204) 2 headers in 112 bytes (1 switches on core 0)
2026-05-15 09:29:06.241 8 INFO neutron.api.v2.resource [None req-e30a2cc8-3975-4a8f-8e37-9e00a401a939 016433bdd2bb4037aecfad16faaa0162 d410eecedcae46a79b1b0f989c170907 - - default default] show failed (client error): The resource could not be found. [pid: 8|app: 0|req: 1797/3620] 10.0.0.202 () {32 vars in 746 bytes} [Fri May 15 09:29:06 2026] GET /v2.0/security-group-rules/7496a4b7-44fc-4ad9-a34c-54ef141484ca => generated 155 bytes in 10 msecs (HTTP/1.1 404) 4 headers in 164 bytes (1 switches on core 0) [pid: 7|app: 0|req: 1824/3621] 10.0.0.202 () {32 vars in 749 bytes} [Fri May 15 09:29:06 2026] DELETE /v2.0/security-group-rules/0bfffb18-1dda-4784-8f77-261486db383b => generated 0 bytes in 104 msecs (HTTP/1.1 204) 2 headers in 112 bytes (1 switches on core 0)
2026-05-15 09:29:06.365 8 INFO neutron.api.v2.resource [None req-7f5a398b-9a7a-43c4-a471-b87616b45c82 016433bdd2bb4037aecfad16faaa0162 d410eecedcae46a79b1b0f989c170907 - - default default] show failed (client error): The resource could not be found. [pid: 8|app: 0|req: 1798/3622] 10.0.0.202 () {32 vars in 746 bytes} [Fri May 15 09:29:06 2026] GET /v2.0/security-group-rules/0bfffb18-1dda-4784-8f77-261486db383b => generated 155 bytes in 12 msecs (HTTP/1.1 404) 4 headers in 164 bytes (1 switches on core 0) [pid: 7|app: 0|req: 1825/3623] 10.0.0.202 () {32 vars in 749 bytes} [Fri May 15 09:29:06 2026] DELETE /v2.0/security-group-rules/cbb9bd15-71b6-4bc7-a10c-a95fa56f2710 => generated 0 bytes in 103 msecs (HTTP/1.1 204) 2 headers in 112 bytes (1 switches on core 0)
2026-05-15 09:29:06.488 8 INFO neutron.api.v2.resource [None req-ff274418-a1bd-4e62-ba9c-31b0ca913fc2 016433bdd2bb4037aecfad16faaa0162 d410eecedcae46a79b1b0f989c170907 - - default default] show failed (client error): The resource could not be found. [pid: 8|app: 0|req: 1799/3624] 10.0.0.202 () {32 vars in 746 bytes} [Fri May 15 09:29:06 2026] GET /v2.0/security-group-rules/cbb9bd15-71b6-4bc7-a10c-a95fa56f2710 => generated 155 bytes in 11 msecs (HTTP/1.1 404) 4 headers in 164 bytes (1 switches on core 0) [pid: 7|app: 0|req: 1826/3625] 10.0.0.202 () {32 vars in 749 bytes} [Fri May 15 09:29:06 2026] DELETE /v2.0/security-group-rules/eb79b8cd-399f-4673-945f-4989efa02dea => generated 0 bytes in 94 msecs (HTTP/1.1 204) 2 headers in 112 bytes (1 switches on core 0)
2026-05-15 09:29:06.602 8 INFO neutron.api.v2.resource [None req-032df49c-eacd-4be1-88c3-2f662f9c2d44 016433bdd2bb4037aecfad16faaa0162 d410eecedcae46a79b1b0f989c170907 - - default default] show failed (client error): The resource could not be found. [pid: 8|app: 0|req: 1800/3626] 10.0.0.202 () {32 vars in 746 bytes} [Fri May 15 09:29:06 2026] GET /v2.0/security-group-rules/eb79b8cd-399f-4673-945f-4989efa02dea => generated 155 bytes in 11 msecs (HTTP/1.1 404) 4 headers in 164 bytes (1 switches on core 0) [pid: 7|app: 0|req: 1827/3627] 10.0.0.202 () {32 vars in 749 bytes} [Fri May 15 09:29:06 2026] DELETE /v2.0/security-group-rules/d3e18494-eda2-473b-ac9c-2f88426d1c41 => generated 0 bytes in 103 msecs (HTTP/1.1 204) 2 headers in 112 bytes (1 switches on core 0)
2026-05-15 09:29:06.727 8 INFO neutron.api.v2.resource [None req-507d1617-664f-4add-8678-9bfc61382a42 016433bdd2bb4037aecfad16faaa0162 d410eecedcae46a79b1b0f989c170907 - - default default] show failed (client error): The resource could not be found. [pid: 8|app: 0|req: 1801/3628] 10.0.0.202 () {32 vars in 746 bytes} [Fri May 15 09:29:06 2026] GET /v2.0/security-group-rules/d3e18494-eda2-473b-ac9c-2f88426d1c41 => generated 155 bytes in 13 msecs (HTTP/1.1 404) 4 headers in 164 bytes (1 switches on core 0) [pid: 7|app: 0|req: 1828/3629] 10.0.0.202 () {32 vars in 739 bytes} [Fri May 15 09:29:06 2026] DELETE /v2.0/security-groups/d15e3366-a1af-40cb-8e80-81b85a9fa90d => generated 0 bytes in 113 msecs (HTTP/1.1 204) 2 headers in 112 bytes (1 switches on core 0)
2026-05-15 09:29:06.870 8 INFO neutron.api.v2.resource [None req-1f2c0bfb-a851-400a-9f15-a8923096b069 016433bdd2bb4037aecfad16faaa0162 d410eecedcae46a79b1b0f989c170907 - - default default] show failed (client error): The resource could not be found. [pid: 8|app: 0|req: 1802/3630] 10.0.0.202 () {32 vars in 736 bytes} [Fri May 15 09:29:06 2026] GET /v2.0/security-groups/d15e3366-a1af-40cb-8e80-81b85a9fa90d => generated 146 bytes in 20 msecs (HTTP/1.1 404) 4 headers in 164 bytes (1 switches on core 0)
2026-05-15 09:29:07.206 7 INFO neutron_taas.services.taas.taas_plugin [None req-ab281764-c95e-487e-b28d-8e5b89e31fc1 016433bdd2bb4037aecfad16faaa0162 d410eecedcae46a79b1b0f989c170907 - - default default] TaaS: Handle Delete Port: 6557efdb-84fd-46b1-84d4-3eb184965040
2026-05-15 09:29:07.209 7 INFO neutron_taas.services.taas.tap_mirror_plugin [None req-ab281764-c95e-487e-b28d-8e5b89e31fc1 016433bdd2bb4037aecfad16faaa0162 d410eecedcae46a79b1b0f989c170907 - - default default] Tap Mirror: Handle Delete Port: 6557efdb-84fd-46b1-84d4-3eb184965040 [pid: 7|app: 0|req: 1829/3631] 10.0.0.202 () {34 vars in 788 bytes} [Fri May 15 09:29:06 2026] PUT /v2.0/routers/d312a249-c740-4599-9e62-ffb6ff873032/remove_router_interface => generated 309 bytes in 734 msecs (HTTP/1.1 200) 4 headers in 157 bytes (1 switches on core 0)
2026-05-15 09:29:08.400 8 INFO neutron.api.v2.resource [None req-87341b83-9c0b-4d2e-9138-8d702af2dce7 016433bdd2bb4037aecfad16faaa0162 d410eecedcae46a79b1b0f989c170907 - - default default] remove_router_interface failed (client error): The resource could not be found. [pid: 8|app: 0|req: 1803/3632] 10.0.0.202 () {34 vars in 788 bytes} [Fri May 15 09:29:07 2026] PUT /v2.0/routers/d312a249-c740-4599-9e62-ffb6ff873032/remove_router_interface => generated 198 bytes in 744 msecs (HTTP/1.1 404) 4 headers in 164 bytes (1 switches on core 0) /var/lib/openstack/lib/python3.12/site-packages/pycadf/identifier.py:70: UserWarning: Invalid uuid: neutron. To ensure interoperability, identifiers should be a valid uuid. warnings.warn(('Invalid uuid: %s. To ensure interoperability, '
2026-05-15 09:29:08.669 7 INFO neutron_taas.services.taas.taas_plugin [None req-85e4ce97-7c00-41a6-96a3-b044c2ebb4ef 016433bdd2bb4037aecfad16faaa0162 d410eecedcae46a79b1b0f989c170907 - - default default] TaaS: Handle Delete Port: dae7acc7-e2ba-4665-9886-c10fc75917a7
2026-05-15 09:29:08.672 7 INFO neutron_taas.services.taas.tap_mirror_plugin [None req-85e4ce97-7c00-41a6-96a3-b044c2ebb4ef 016433bdd2bb4037aecfad16faaa0162 d410eecedcae46a79b1b0f989c170907 - - default default] Tap Mirror: Handle Delete Port: dae7acc7-e2ba-4665-9886-c10fc75917a7 [pid: 7|app: 0|req: 1830/3633] 10.0.0.202 () {34 vars in 788 bytes} [Fri May 15 09:29:08 2026] PUT /v2.0/routers/d312a249-c740-4599-9e62-ffb6ff873032/remove_router_interface => generated 309 bytes in 770 msecs (HTTP/1.1 200) 4 headers in 157 bytes (1 switches on core 0)
2026-05-15 09:29:09.279 8 INFO neutron.api.v2.resource [None req-54da7dd5-4d80-4284-810e-4822934169bb 016433bdd2bb4037aecfad16faaa0162 d410eecedcae46a79b1b0f989c170907 - - default default] remove_router_interface failed (client error): The resource could not be found. [pid: 8|app: 0|req: 1804/3634] 10.0.0.202 () {34 vars in 788 bytes} [Fri May 15 09:29:09 2026] PUT /v2.0/routers/d312a249-c740-4599-9e62-ffb6ff873032/remove_router_interface => generated 198 bytes in 101 msecs (HTTP/1.1 404) 4 headers in 164 bytes (1 switches on core 0) /var/lib/openstack/lib/python3.12/site-packages/pycadf/identifier.py:70: UserWarning: Invalid uuid: neutron. To ensure interoperability, identifiers should be a valid uuid. warnings.warn(('Invalid uuid: %s. To ensure interoperability, '
2026-05-15 09:29:09.569 7 INFO neutron_taas.services.taas.taas_plugin [None req-14f56798-fe8e-4e9d-99df-64e45d4006eb 016433bdd2bb4037aecfad16faaa0162 d410eecedcae46a79b1b0f989c170907 - - default default] TaaS: Handle Delete Port: 3527838e-3d26-4871-a816-95d685614fd6
2026-05-15 09:29:09.572 7 INFO neutron_taas.services.taas.tap_mirror_plugin [None req-14f56798-fe8e-4e9d-99df-64e45d4006eb 016433bdd2bb4037aecfad16faaa0162 d410eecedcae46a79b1b0f989c170907 - - default default] Tap Mirror: Handle Delete Port: 3527838e-3d26-4871-a816-95d685614fd6 [pid: 7|app: 0|req: 1831/3635] 10.0.0.202 () {34 vars in 788 bytes} [Fri May 15 09:29:09 2026] PUT /v2.0/routers/d312a249-c740-4599-9e62-ffb6ff873032/remove_router_interface => generated 309 bytes in 887 msecs (HTTP/1.1 200) 4 headers in 157 bytes (1 switches on core 0)
2026-05-15 09:29:10.273 8 INFO neutron.api.v2.resource [None req-1c059ad1-3b25-45f8-a55a-c064882f1eea 016433bdd2bb4037aecfad16faaa0162 d410eecedcae46a79b1b0f989c170907 - - default default] remove_router_interface failed (client error): The resource could not be found. [pid: 8|app: 0|req: 1805/3636] 10.0.0.202 () {34 vars in 788 bytes} [Fri May 15 09:29:10 2026] PUT /v2.0/routers/d312a249-c740-4599-9e62-ffb6ff873032/remove_router_interface => generated 198 bytes in 98 msecs (HTTP/1.1 404) 4 headers in 164 bytes (1 switches on core 0) /var/lib/openstack/lib/python3.12/site-packages/pycadf/identifier.py:70: UserWarning: Invalid uuid: neutron. To ensure interoperability, identifiers should be a valid uuid. warnings.warn(('Invalid uuid: %s. To ensure interoperability, '
2026-05-15 09:29:10.592 7 INFO neutron_taas.services.taas.taas_plugin [None req-192ca562-7809-4142-8440-21c89dfc6d62 016433bdd2bb4037aecfad16faaa0162 d410eecedcae46a79b1b0f989c170907 - - default default] TaaS: Handle Delete Port: c3deb744-7d48-42eb-ae2b-1faf9bc684a1
2026-05-15 09:29:10.596 7 INFO neutron_taas.services.taas.tap_mirror_plugin [None req-192ca562-7809-4142-8440-21c89dfc6d62 016433bdd2bb4037aecfad16faaa0162 d410eecedcae46a79b1b0f989c170907 - - default default] Tap Mirror: Handle Delete Port: c3deb744-7d48-42eb-ae2b-1faf9bc684a1 [pid: 7|app: 0|req: 1832/3637] 10.0.0.202 () {32 vars in 723 bytes} [Fri May 15 09:29:10 2026] DELETE /v2.0/routers/d312a249-c740-4599-9e62-ffb6ff873032 => generated 0 bytes in 735 msecs (HTTP/1.1 204) 2 headers in 112 bytes (1 switches on core 0)
2026-05-15 09:29:11.041 8 INFO neutron.api.v2.resource [None req-0da94f80-6a86-4969-a84e-a4f3a53464b7 016433bdd2bb4037aecfad16faaa0162 d410eecedcae46a79b1b0f989c170907 - - default default] show failed (client error): The resource could not be found. [pid: 8|app: 0|req: 1806/3638] 10.0.0.202 () {32 vars in 720 bytes} [Fri May 15 09:29:11 2026] GET /v2.0/routers/d312a249-c740-4599-9e62-ffb6ff873032 => generated 135 bytes in 24 msecs (HTTP/1.1 404) 4 headers in 164 bytes (1 switches on core 0) [pid: 7|app: 0|req: 1833/3639] 10.0.0.202 () {32 vars in 723 bytes} [Fri May 15 09:29:11 2026] DELETE /v2.0/subnets/c64a27f9-ffeb-44ef-a07a-4b3ad65ec6dd => generated 0 bytes in 132 msecs (HTTP/1.1 204) 3 headers in 131 bytes (1 switches on core 0)
2026-05-15 09:29:11.196 8 INFO neutron.pecan_wsgi.hooks.translation [None req-b7bc0101-05d5-417d-b792-d386477f51fa 016433bdd2bb4037aecfad16faaa0162 d410eecedcae46a79b1b0f989c170907 - - default default] GET failed (client error): The resource could not be found. [pid: 8|app: 0|req: 1807/3640] 10.0.0.202 () {32 vars in 720 bytes} [Fri May 15 09:29:11 2026] GET /v2.0/subnets/c64a27f9-ffeb-44ef-a07a-4b3ad65ec6dd => generated 136 bytes in 15 msecs (HTTP/1.1 404) 4 headers in 164 bytes (1 switches on core 0) [pid: 7|app: 0|req: 1834/3641] 10.0.0.202 () {32 vars in 723 bytes} [Fri May 15 09:29:11 2026] DELETE /v2.0/subnets/cda83f81-4a1a-4943-a4a4-3fb5574b9ca0 => generated 0 bytes in 147 msecs (HTTP/1.1 204) 3 headers in 131 bytes (1 switches on core 0)
2026-05-15 09:29:11.370 8 INFO neutron.pecan_wsgi.hooks.translation [None req-863cabf3-6d3d-42b8-bf46-1b7b4fad446a 016433bdd2bb4037aecfad16faaa0162 d410eecedcae46a79b1b0f989c170907 - - default default] GET failed (client error): The resource could not be found. [pid: 8|app: 0|req: 1808/3642] 10.0.0.202 () {32 vars in 720 bytes} [Fri May 15 09:29:11 2026] GET /v2.0/subnets/cda83f81-4a1a-4943-a4a4-3fb5574b9ca0 => generated 136 bytes in 18 msecs (HTTP/1.1 404) 4 headers in 164 bytes (1 switches on core 0)
2026-05-15 09:29:11.504 7 INFO neutron_taas.services.taas.taas_plugin [None req-1f285283-b4c7-484d-b623-714ad550499e 016433bdd2bb4037aecfad16faaa0162 d410eecedcae46a79b1b0f989c170907 - - default default] TaaS: Handle Delete Port: 344c8f07-d80d-4926-9485-c1fe3b6d6343
2026-05-15 09:29:11.507 7 INFO neutron_taas.services.taas.tap_mirror_plugin [None req-1f285283-b4c7-484d-b623-714ad550499e 016433bdd2bb4037aecfad16faaa0162 d410eecedcae46a79b1b0f989c170907 - - default default] Tap Mirror: Handle Delete Port: 344c8f07-d80d-4926-9485-c1fe3b6d6343 [pid: 7|app: 0|req: 1835/3643] 10.0.0.202 () {32 vars in 725 bytes} [Fri May 15 09:29:11 2026] DELETE /v2.0/networks/180eec64-772a-472c-a4e0-e88fa0164508 => generated 0 bytes in 362 msecs (HTTP/1.1 204) 3 headers in 131 bytes (1 switches on core 0)
2026-05-15 09:29:11.741 7 INFO neutron.services.segments.plugin [-] Segment 8724e0fa-fdeb-4b0d-af44-19a1e7bf6d3d resource provider aggregate not found
2026-05-15 09:29:11.759 8 INFO neutron.pecan_wsgi.hooks.translation [None req-2eb785ec-7542-4817-a5e6-4df1176f14e3 016433bdd2bb4037aecfad16faaa0162 d410eecedcae46a79b1b0f989c170907 - - default default] GET failed (client error): The resource could not be found.
2026-05-15 09:29:11.760 7 INFO neutron.services.segments.plugin [-] Segment 8724e0fa-fdeb-4b0d-af44-19a1e7bf6d3d resource provider not found; error: Placement Client Error (4xx): {"errors": [{"status": 404, "title": "Not Found", "detail": "The resource could not be found.\n\n No resource provider with uuid 8724e0fa-fdeb-4b0d-af44-19a1e7bf6d3d found for delete ", "request_id": "req-d212d3d1-ca79-4e6d-a69f-c5abbd794d9e"}]} [pid: 8|app: 0|req: 1809/3644] 10.0.0.202 () {32 vars in 722 bytes} [Fri May 15 09:29:11 2026] GET /v2.0/networks/180eec64-772a-472c-a4e0-e88fa0164508 => generated 138 bytes in 19 msecs (HTTP/1.1 404) 4 headers in 164 bytes (1 switches on core 0)
2026-05-15 09:29:11.764 7 INFO neutron.services.segments.plugin [-] Segment 8724e0fa-fdeb-4b0d-af44-19a1e7bf6d3d resource provider aggregate not found
2026-05-15 09:29:11.788 7 INFO neutron.services.segments.plugin [-] Segment 8724e0fa-fdeb-4b0d-af44-19a1e7bf6d3d resource provider not found; error: Placement Client Error (4xx): {"errors": [{"status": 404, "title": "Not Found", "detail": "The resource could not be found.\n\n No resource provider with uuid 8724e0fa-fdeb-4b0d-af44-19a1e7bf6d3d found for delete ", "request_id": "req-69c244f4-3401-4244-8cb9-40991af1155e"}]} [pid: 7|app: 0|req: 1836/3645] 10.0.0.202 () {32 vars in 723 bytes} [Fri May 15 09:29:11 2026] DELETE /v2.0/subnets/34499f4d-538f-4f9b-9c08-f89f988b8c62 => generated 0 bytes in 138 msecs (HTTP/1.1 204) 3 headers in 131 bytes (1 switches on core 0)
2026-05-15 09:29:11.924 8 INFO neutron.pecan_wsgi.hooks.translation [None req-5b4febb1-793f-4dd2-8e94-5a97e5e02e00 016433bdd2bb4037aecfad16faaa0162 d410eecedcae46a79b1b0f989c170907 - - default default] GET failed (client error): The resource could not be found. [pid: 8|app: 0|req: 1810/3646] 10.0.0.202 () {32 vars in 720 bytes} [Fri May 15 09:29:11 2026] GET /v2.0/subnets/34499f4d-538f-4f9b-9c08-f89f988b8c62 => generated 136 bytes in 16 msecs (HTTP/1.1 404) 4 headers in 164 bytes (1 switches on core 0) [pid: 7|app: 0|req: 1837/3647] 10.0.0.202 () {32 vars in 723 bytes} [Fri May 15 09:29:11 2026] DELETE /v2.0/subnets/9f5039a1-d2fd-4e84-8279-a0d025306a3a => generated 0 bytes in 145 msecs (HTTP/1.1 204) 3 headers in 131 bytes (1 switches on core 0)
2026-05-15 09:29:12.093 8 INFO neutron.pecan_wsgi.hooks.translation [None req-fbdc1844-be8d-4427-bb85-45f9b0bbdcba 016433bdd2bb4037aecfad16faaa0162 d410eecedcae46a79b1b0f989c170907 - - default default] GET failed (client error): The resource could not be found. [pid: 8|app: 0|req: 1811/3648] 10.0.0.202 () {32 vars in 720 bytes} [Fri May 15 09:29:12 2026] GET /v2.0/subnets/9f5039a1-d2fd-4e84-8279-a0d025306a3a => generated 136 bytes in 15 msecs (HTTP/1.1 404) 4 headers in 164 bytes (1 switches on core 0)
2026-05-15 09:29:12.204 7 INFO neutron_taas.services.taas.taas_plugin [None req-fbfc3f54-36a3-42af-b496-4652bd6b53e2 016433bdd2bb4037aecfad16faaa0162 d410eecedcae46a79b1b0f989c170907 - - default default] TaaS: Handle Delete Port: c27794d6-4597-4aca-aedc-4b35277fd041
2026-05-15 09:29:12.207 7 INFO neutron_taas.services.taas.tap_mirror_plugin [None req-fbfc3f54-36a3-42af-b496-4652bd6b53e2 016433bdd2bb4037aecfad16faaa0162 d410eecedcae46a79b1b0f989c170907 - - default default] Tap Mirror: Handle Delete Port: c27794d6-4597-4aca-aedc-4b35277fd041 [pid: 7|app: 0|req: 1838/3649] 10.0.0.202 () {32 vars in 725 bytes} [Fri May 15 09:29:12 2026] DELETE /v2.0/networks/3303f063-198f-446d-a01c-dca6ec8d3954 => generated 0 bytes in 307 msecs (HTTP/1.1 204) 3 headers in 131 bytes (1 switches on core 0)
2026-05-15 09:29:12.422 8 INFO neutron.pecan_wsgi.hooks.translation [None req-345088e8-b1d0-4018-9eb2-dc8dc9989d9f 016433bdd2bb4037aecfad16faaa0162 d410eecedcae46a79b1b0f989c170907 - - default default] GET failed (client error): The resource could not be found. [pid: 8|app: 0|req: 1812/3650] 10.0.0.202 () {32 vars in 722 bytes} [Fri May 15 09:29:12 2026] GET /v2.0/networks/3303f063-198f-446d-a01c-dca6ec8d3954 => generated 138 bytes in 15 msecs (HTTP/1.1 404) 4 headers in 164 bytes (1 switches on core 0) [pid: 7|app: 0|req: 1839/3651] 10.0.0.202 () {32 vars in 723 bytes} [Fri May 15 09:29:12 2026] DELETE /v2.0/subnets/54a42ca1-6567-4fa5-be14-984d8c11589e => generated 0 bytes in 129 msecs (HTTP/1.1 204) 3 headers in 131 bytes (1 switches on core 0)
2026-05-15 09:29:12.573 8 INFO neutron.pecan_wsgi.hooks.translation [None req-71d7842c-4706-45d5-b77e-912dc0bb7d87 016433bdd2bb4037aecfad16faaa0162 d410eecedcae46a79b1b0f989c170907 - - default default] GET failed (client error): The resource could not be found. [pid: 8|app: 0|req: 1813/3652] 10.0.0.202 () {32 vars in 720 bytes} [Fri May 15 09:29:12 2026] GET /v2.0/subnets/54a42ca1-6567-4fa5-be14-984d8c11589e => generated 136 bytes in 14 msecs (HTTP/1.1 404) 4 headers in 164 bytes (1 switches on core 0) [pid: 7|app: 0|req: 1840/3653] 10.0.0.202 () {32 vars in 723 bytes} [Fri May 15 09:29:12 2026] DELETE /v2.0/subnets/0081ec4e-9c0e-4b72-9e08-41ba2ef7d34e => generated 0 bytes in 126 msecs (HTTP/1.1 204) 3 headers in 131 bytes (1 switches on core 0)
2026-05-15 09:29:12.725 8 INFO neutron.pecan_wsgi.hooks.translation [None req-9f0eeb4a-bdf9-4932-8531-7e998fecf1f3 016433bdd2bb4037aecfad16faaa0162 d410eecedcae46a79b1b0f989c170907 - - default default] GET failed (client error): The resource could not be found. [pid: 8|app: 0|req: 1814/3654] 10.0.0.202 () {32 vars in 720 bytes} [Fri May 15 09:29:12 2026] GET /v2.0/subnets/0081ec4e-9c0e-4b72-9e08-41ba2ef7d34e => generated 136 bytes in 15 msecs (HTTP/1.1 404) 4 headers in 164 bytes (1 switches on core 0)
2026-05-15 09:29:12.827 7 INFO neutron_taas.services.taas.taas_plugin [None req-7bfc4496-6061-4b4d-ada4-e149b9b9daba 016433bdd2bb4037aecfad16faaa0162 d410eecedcae46a79b1b0f989c170907 - - default default] TaaS: Handle Delete Port: 8ba31ea1-7564-4b0e-abb4-11d4e502dbf2
2026-05-15 09:29:12.829 7 INFO neutron_taas.services.taas.tap_mirror_plugin [None req-7bfc4496-6061-4b4d-ada4-e149b9b9daba 016433bdd2bb4037aecfad16faaa0162 d410eecedcae46a79b1b0f989c170907 - - default default] Tap Mirror: Handle Delete Port: 8ba31ea1-7564-4b0e-abb4-11d4e502dbf2 [pid: 7|app: 0|req: 1841/3655] 10.0.0.202 () {32 vars in 725 bytes} [Fri May 15 09:29:12 2026] DELETE /v2.0/networks/45583543-f284-408d-ac91-94a15be60a15 => generated 0 bytes in 299 msecs (HTTP/1.1 204) 3 headers in 131 bytes (1 switches on core 0)
2026-05-15 09:29:13.049 8 INFO neutron.pecan_wsgi.hooks.translation [None req-43d0ff51-f5ad-4798-a167-7a0c0df6a4cc 016433bdd2bb4037aecfad16faaa0162 d410eecedcae46a79b1b0f989c170907 - - default default] GET failed (client error): The resource could not be found. [pid: 8|app: 0|req: 1815/3656] 10.0.0.202 () {32 vars in 722 bytes} [Fri May 15 09:29:13 2026] GET /v2.0/networks/45583543-f284-408d-ac91-94a15be60a15 => generated 138 bytes in 15 msecs (HTTP/1.1 404) 4 headers in 164 bytes (1 switches on core 0)
2026-05-15 09:29:13.778 7 INFO neutron.services.segments.plugin [-] Segment cb8ff049-f8e6-442c-a238-1367673474c0 resource provider aggregate not found
2026-05-15 09:29:13.793 7 INFO neutron.services.segments.plugin [-] Segment cb8ff049-f8e6-442c-a238-1367673474c0 resource provider not found; error: Placement Client Error (4xx): {"errors": [{"status": 404, "title": "Not Found", "detail": "The resource could not be found.\n\n No resource provider with uuid cb8ff049-f8e6-442c-a238-1367673474c0 found for delete ", "request_id": "req-992d8969-6727-4f37-ba89-4e11de9f0c1c"}]}
2026-05-15 09:29:13.808 7 INFO neutron.services.segments.plugin [-] Segment cdbff534-d63c-4a9f-8e60-eaaeda3d4167 resource provider aggregate not found
2026-05-15 09:29:13.811 7 INFO neutron.services.segments.plugin [-] Segment cb8ff049-f8e6-442c-a238-1367673474c0 resource provider aggregate not found
2026-05-15 09:29:13.821 7 INFO neutron.services.segments.plugin [-] Segment cdbff534-d63c-4a9f-8e60-eaaeda3d4167 resource provider not found; error: Placement Client Error (4xx): {"errors": [{"status": 404, "title": "Not Found", "detail": "The resource could not be found.\n\n No resource provider with uuid cdbff534-d63c-4a9f-8e60-eaaeda3d4167 found for delete ", "request_id": "req-2e7ebd30-7fa1-4218-a050-297fc5398658"}]}
2026-05-15 09:29:13.828 7 INFO neutron.services.segments.plugin [-] Segment cb8ff049-f8e6-442c-a238-1367673474c0 resource provider not found; error: Placement Client Error (4xx): {"errors": [{"status": 404, "title": "Not Found", "detail": "The resource could not be found.\n\n No resource provider with uuid cb8ff049-f8e6-442c-a238-1367673474c0 found for delete ", "request_id": "req-f2e00b6e-fb12-473e-8a01-8953c9875953"}]}
2026-05-15 09:29:13.840 7 INFO neutron.services.segments.plugin [-] Segment cdbff534-d63c-4a9f-8e60-eaaeda3d4167 resource provider aggregate not found
2026-05-15 09:29:13.855 7 INFO neutron.services.segments.plugin [-] Segment cdbff534-d63c-4a9f-8e60-eaaeda3d4167 resource provider not found; error: Placement Client Error (4xx): {"errors": [{"status": 404, "title": "Not Found", "detail": "The resource could not be found.\n\n No resource provider with uuid cdbff534-d63c-4a9f-8e60-eaaeda3d4167 found for delete ", "request_id": "req-cd9df822-9b97-4a5d-b348-aa7e7ed3a9d2"}]}
2026-05-15 09:29:15.112 7 INFO neutron.db.ovn_revision_numbers_db [None req-98815c16-4e08-44d6-bbea-eaaf938d7c5a 8bce8b03cfad444a8991748ce9e0521a 1b76c0c3d0f443bc956cf73f618deed3 - - default default] Successfully bumped revision number for resource 8c12b9e4-3244-4e2a-9e58-3093d9f82388 (type: security_groups) to 1
2026-05-15 09:29:15.133 7 INFO neutron.db.ovn_revision_numbers_db [None req-98815c16-4e08-44d6-bbea-eaaf938d7c5a 8bce8b03cfad444a8991748ce9e0521a 1b76c0c3d0f443bc956cf73f618deed3 - - default default] Successfully bumped revision number for resource 394b4e6d-f61e-48b4-84f7-40a153af62ec (type: security_group_rules) to 0
2026-05-15 09:29:15.154 7 INFO neutron.db.ovn_revision_numbers_db [None req-98815c16-4e08-44d6-bbea-eaaf938d7c5a 8bce8b03cfad444a8991748ce9e0521a 1b76c0c3d0f443bc956cf73f618deed3 - - default default] Successfully bumped revision number for resource 45b43f3c-4830-4069-b10d-14c66b305877 (type: security_group_rules) to 0
2026-05-15 09:29:15.169 7 INFO neutron.db.ovn_revision_numbers_db [None req-98815c16-4e08-44d6-bbea-eaaf938d7c5a 8bce8b03cfad444a8991748ce9e0521a 1b76c0c3d0f443bc956cf73f618deed3 - - default default] Successfully bumped revision number for resource a611ab20-5ae7-458c-bac8-eee526e99cc9 (type: security_group_rules) to 0
2026-05-15 09:29:15.184 7 INFO neutron.db.ovn_revision_numbers_db [None req-98815c16-4e08-44d6-bbea-eaaf938d7c5a 8bce8b03cfad444a8991748ce9e0521a 1b76c0c3d0f443bc956cf73f618deed3 - - default default] Successfully bumped revision number for resource c0a8c3c2-c7ab-469e-903b-9aab1aa9ef79 (type: security_group_rules) to 0 [pid: 7|app: 0|req: 1842/3657] 10.0.0.202 () {32 vars in 773 bytes} [Fri May 15 09:29:14 2026] GET /v2.0/security-groups?tenant_id=8535f8a6f00342c9bf9415e2f4addc55&name=default => generated 2929 bytes in 415 msecs (HTTP/1.1 200) 4 headers in 158 bytes (1 switches on core 0) [pid: 8|app: 0|req: 1816/3658] 10.0.0.202 () {32 vars in 739 bytes} [Fri May 15 09:29:15 2026] DELETE /v2.0/security-groups/8c12b9e4-3244-4e2a-9e58-3093d9f82388 => generated 0 bytes in 246 msecs (HTTP/1.1 204) 2 headers in 112 bytes (1 switches on core 0)
2026-05-15 09:29:15.715 7 INFO neutron.db.ovn_revision_numbers_db [None req-c7693ec7-6db6-4773-8ca4-e2d279b4d26e 8bce8b03cfad444a8991748ce9e0521a 1b76c0c3d0f443bc956cf73f618deed3 - - default default] Successfully bumped revision number for resource dbfc30ea-431e-43a8-8ce6-f88fb6fbe254 (type: security_groups) to 1
2026-05-15 09:29:15.733 7 INFO neutron.db.ovn_revision_numbers_db [None req-c7693ec7-6db6-4773-8ca4-e2d279b4d26e 8bce8b03cfad444a8991748ce9e0521a 1b76c0c3d0f443bc956cf73f618deed3 - - default default] Successfully bumped revision number for resource 55851a02-666f-47ed-8b0b-38b51f49a2f6 (type: security_group_rules) to 0
2026-05-15 09:29:15.751 7 INFO neutron.db.ovn_revision_numbers_db [None req-c7693ec7-6db6-4773-8ca4-e2d279b4d26e 8bce8b03cfad444a8991748ce9e0521a 1b76c0c3d0f443bc956cf73f618deed3 - - default default] Successfully bumped revision number for resource 9d12943a-7eaa-42e8-98b7-432920f4def4 (type: security_group_rules) to 0
2026-05-15 09:29:15.764 7 INFO neutron.db.ovn_revision_numbers_db [None req-c7693ec7-6db6-4773-8ca4-e2d279b4d26e 8bce8b03cfad444a8991748ce9e0521a 1b76c0c3d0f443bc956cf73f618deed3 - - default default] Successfully bumped revision number for resource b2cf2c92-ab09-4cbe-b34d-2fb9663caa2c (type: security_group_rules) to 0
2026-05-15 09:29:15.775 7 INFO neutron.db.ovn_revision_numbers_db [None req-c7693ec7-6db6-4773-8ca4-e2d279b4d26e 8bce8b03cfad444a8991748ce9e0521a 1b76c0c3d0f443bc956cf73f618deed3 - - default default] Successfully bumped revision number for resource bf9cdeb2-a792-47fe-8955-f710e0a0f128 (type: security_group_rules) to 0 [pid: 7|app: 0|req: 1843/3659] 10.0.0.202 () {32 vars in 773 bytes} [Fri May 15 09:29:15 2026] GET /v2.0/security-groups?tenant_id=5a6ad9cd6e1944419713aa061f888f8d&name=default => generated 2929 bytes in 247 msecs (HTTP/1.1 200) 4 headers in 158 bytes (1 switches on core 0) [pid: 8|app: 0|req: 1817/3660] 10.0.0.202 () {32 vars in 739 bytes} [Fri May 15 09:29:15 2026] DELETE /v2.0/security-groups/dbfc30ea-431e-43a8-8ce6-f88fb6fbe254 => generated 0 bytes in 246 msecs (HTTP/1.1 204) 2 headers in 112 bytes (1 switches on core 0)
2026-05-15 09:29:16.363 8 INFO neutron.db.ovn_revision_numbers_db [None req-8de38de7-3018-4656-b958-067821d7ca4b 8bce8b03cfad444a8991748ce9e0521a 1b76c0c3d0f443bc956cf73f618deed3 - - default default] Successfully bumped revision number for resource 2a4dc978-bd49-4e4c-9a9b-f79a79e5ab4d (type: security_groups) to 1
2026-05-15 09:29:16.376 8 INFO neutron.db.ovn_revision_numbers_db [None req-8de38de7-3018-4656-b958-067821d7ca4b 8bce8b03cfad444a8991748ce9e0521a 1b76c0c3d0f443bc956cf73f618deed3 - - default default] Successfully bumped revision number for resource 18c804b1-7426-4b32-a873-03b11ee6536e (type: security_group_rules) to 0
2026-05-15 09:29:16.407 8 INFO neutron.db.ovn_revision_numbers_db [None req-8de38de7-3018-4656-b958-067821d7ca4b 8bce8b03cfad444a8991748ce9e0521a 1b76c0c3d0f443bc956cf73f618deed3 - - default default] Successfully bumped revision number for resource 197717b5-7060-4bab-ae96-44203df71193 (type: security_group_rules) to 0
2026-05-15 09:29:16.420 8 INFO neutron.db.ovn_revision_numbers_db [None req-8de38de7-3018-4656-b958-067821d7ca4b 8bce8b03cfad444a8991748ce9e0521a 1b76c0c3d0f443bc956cf73f618deed3 - - default default] Successfully bumped revision number for resource 8000d472-47ff-45e6-8324-c2089056faee (type: security_group_rules) to 0
2026-05-15 09:29:16.435 8 INFO neutron.db.ovn_revision_numbers_db [None req-8de38de7-3018-4656-b958-067821d7ca4b 8bce8b03cfad444a8991748ce9e0521a 1b76c0c3d0f443bc956cf73f618deed3 - - default default] Successfully bumped revision number for resource 8d92b7b6-33c6-4ec1-aa8e-1721782cb9e2 (type: security_group_rules) to 0 [pid: 8|app: 0|req: 1819/3663] 10.0.0.202 () {32 vars in 773 bytes} [Fri May 15 09:29:16 2026] GET /v2.0/security-groups?tenant_id=da47b07c873643e7ba75386530f16abc&name=default => generated 2929 bytes in 255 msecs (HTTP/1.1 200) 4 headers in 158 bytes (1 switches on core 0) [pid: 7|app: 0|req: 1845/3664] 10.0.0.202 () {32 vars in 739 bytes} [Fri May 15 09:29:16 2026] DELETE /v2.0/security-groups/2a4dc978-bd49-4e4c-9a9b-f79a79e5ab4d => generated 0 bytes in 238 msecs (HTTP/1.1 204) 2 headers in 112 bytes (1 switches on core 0)
2026-05-15 09:29:16.965 8 INFO neutron.db.ovn_revision_numbers_db [None req-369df803-da28-4cba-8c39-934fa5697f86 8bce8b03cfad444a8991748ce9e0521a 1b76c0c3d0f443bc956cf73f618deed3 - - default default] Successfully bumped revision number for resource 04c44221-f7b2-462d-ae00-25ad8cdab8df (type: security_groups) to 1
2026-05-15 09:29:16.979 8 INFO neutron.db.ovn_revision_numbers_db [None req-369df803-da28-4cba-8c39-934fa5697f86 8bce8b03cfad444a8991748ce9e0521a 1b76c0c3d0f443bc956cf73f618deed3 - - default default] Successfully bumped revision number for resource 70a74ec4-7ed6-4281-98cb-ba677fc32d4d (type: security_group_rules) to 0
2026-05-15 09:29:16.994 8 INFO neutron.db.ovn_revision_numbers_db [None req-369df803-da28-4cba-8c39-934fa5697f86 8bce8b03cfad444a8991748ce9e0521a 1b76c0c3d0f443bc956cf73f618deed3 - - default default] Successfully bumped revision number for resource d030647e-c4dd-4138-9afb-62f12114d52e (type: security_group_rules) to 0
2026-05-15 09:29:17.008 8 INFO neutron.db.ovn_revision_numbers_db [None req-369df803-da28-4cba-8c39-934fa5697f86 8bce8b03cfad444a8991748ce9e0521a 1b76c0c3d0f443bc956cf73f618deed3 - - default default] Successfully bumped revision number for resource d2ffff78-e5ae-4c4c-aed3-a9a4dcff27ca (type: security_group_rules) to 0
2026-05-15 09:29:17.021 8 INFO neutron.db.ovn_revision_numbers_db [None req-369df803-da28-4cba-8c39-934fa5697f86 8bce8b03cfad444a8991748ce9e0521a 1b76c0c3d0f443bc956cf73f618deed3 - - default default] Successfully bumped revision number for resource f4378f64-a0d3-4c98-ab7a-6bf50b6e91c8 (type: security_group_rules) to 0 [pid: 8|app: 0|req: 1820/3665] 10.0.0.202 () {32 vars in 773 bytes} [Fri May 15 09:29:16 2026] GET /v2.0/security-groups?tenant_id=6d67a363d359494685293a2cf3f2617b&name=default => generated 2929 bytes in 216 msecs (HTTP/1.1 200) 4 headers in 158 bytes (1 switches on core 0) [pid: 7|app: 0|req: 1846/3666] 10.0.0.202 () {32 vars in 739 bytes} [Fri May 15 09:29:17 2026] DELETE /v2.0/security-groups/04c44221-f7b2-462d-ae00-25ad8cdab8df => generated 0 bytes in 234 msecs (HTTP/1.1 204) 2 headers in 112 bytes (1 switches on core 0) [pid: 8|app: 0|req: 1821/3667] 10.0.0.202 () {32 vars in 773 bytes} [Fri May 15 09:29:17 2026] GET /v2.0/security-groups?tenant_id=d410eecedcae46a79b1b0f989c170907&name=default => generated 2929 bytes in 30 msecs (HTTP/1.1 200) 4 headers in 158 bytes (1 switches on core 0) [pid: 7|app: 0|req: 1847/3668] 10.0.0.202 () {32 vars in 739 bytes} [Fri May 15 09:29:17 2026] DELETE /v2.0/security-groups/198a7cdb-0066-47a7-a85d-c20c9a3f269f => generated 0 bytes in 212 msecs (HTTP/1.1 204) 2 headers in 112 bytes (1 switches on core 0)
2026-05-15 09:29:17.948 8 INFO neutron.db.ovn_revision_numbers_db [None req-a82dfe0d-475e-4c29-88a3-145729be1763 8bce8b03cfad444a8991748ce9e0521a 1b76c0c3d0f443bc956cf73f618deed3 - - default default] Successfully bumped revision number for resource b7dc856e-b025-4275-8af0-96c277488058 (type: security_groups) to 1
2026-05-15 09:29:17.961 8 INFO neutron.db.ovn_revision_numbers_db [None req-a82dfe0d-475e-4c29-88a3-145729be1763 8bce8b03cfad444a8991748ce9e0521a 1b76c0c3d0f443bc956cf73f618deed3 - - default default] Successfully bumped revision number for resource 0c28df0c-f2dc-408d-8a19-7579e53c9f9e (type: security_group_rules) to 0
2026-05-15 09:29:17.970 8 INFO neutron.db.ovn_revision_numbers_db [None req-a82dfe0d-475e-4c29-88a3-145729be1763 8bce8b03cfad444a8991748ce9e0521a 1b76c0c3d0f443bc956cf73f618deed3 - - default default] Successfully bumped revision number for resource b6b68db2-6e6a-4b44-b593-6d3d5738ca21 (type: security_group_rules) to 0
2026-05-15 09:29:17.977 8 INFO neutron.db.ovn_revision_numbers_db [None req-a82dfe0d-475e-4c29-88a3-145729be1763 8bce8b03cfad444a8991748ce9e0521a 1b76c0c3d0f443bc956cf73f618deed3 - - default default] Successfully bumped revision number for resource b8a1d8a5-f4e2-4f2c-8e5c-35bda40bb798 (type: security_group_rules) to 0
2026-05-15 09:29:17.986 8 INFO neutron.db.ovn_revision_numbers_db [None req-a82dfe0d-475e-4c29-88a3-145729be1763 8bce8b03cfad444a8991748ce9e0521a 1b76c0c3d0f443bc956cf73f618deed3 - - default default] Successfully bumped revision number for resource bf6f6bc8-dffc-4d65-a7e7-e751f84987df (type: security_group_rules) to 0 [pid: 8|app: 0|req: 1822/3669] 10.0.0.202 () {32 vars in 773 bytes} [Fri May 15 09:29:17 2026] GET /v2.0/security-groups?tenant_id=912d0f0b16414fb99e908be827f595fb&name=default => generated 2929 bytes in 177 msecs (HTTP/1.1 200) 4 headers in 158 bytes (1 switches on core 0) [pid: 7|app: 0|req: 1848/3670] 10.0.0.202 () {32 vars in 739 bytes} [Fri May 15 09:29:18 2026] DELETE /v2.0/security-groups/b7dc856e-b025-4275-8af0-96c277488058 => generated 0 bytes in 222 msecs (HTTP/1.1 204) 2 headers in 112 bytes (1 switches on core 0)
2026-05-15 09:29:18.511 8 INFO neutron.db.ovn_revision_numbers_db [None req-df902a19-fb28-4441-9ed2-bf9f5c7d515b 8bce8b03cfad444a8991748ce9e0521a 1b76c0c3d0f443bc956cf73f618deed3 - - default default] Successfully bumped revision number for resource 5c955264-e4af-494a-8065-5290328574ab (type: security_groups) to 1
2026-05-15 09:29:18.526 8 INFO neutron.db.ovn_revision_numbers_db [None req-df902a19-fb28-4441-9ed2-bf9f5c7d515b 8bce8b03cfad444a8991748ce9e0521a 1b76c0c3d0f443bc956cf73f618deed3 - - default default] Successfully bumped revision number for resource 75b1d8e4-02ec-4613-af31-adc3ac17abb2 (type: security_group_rules) to 0
2026-05-15 09:29:18.542 8 INFO neutron.db.ovn_revision_numbers_db [None req-df902a19-fb28-4441-9ed2-bf9f5c7d515b 8bce8b03cfad444a8991748ce9e0521a 1b76c0c3d0f443bc956cf73f618deed3 - - default default] Successfully bumped revision number for resource 7ed7143f-741f-4166-97ec-41f5cb825184 (type: security_group_rules) to 0
2026-05-15 09:29:18.554 8 INFO neutron.db.ovn_revision_numbers_db [None req-df902a19-fb28-4441-9ed2-bf9f5c7d515b 8bce8b03cfad444a8991748ce9e0521a 1b76c0c3d0f443bc956cf73f618deed3 - - default default] Successfully bumped revision number for resource a9b3063b-ee02-4a24-a5b3-3d59c8ff887e (type: security_group_rules) to 0
