2026-05-15 09:21:53.090 8 INFO neutron_taas.services.taas.tap_mirror_plugin [None req-8f2ba2f0-5b28-4aa1-a867-2f64c220cd74 9d6644846b744fd3bb64c5730ddf43fe b09beccf85814cf3896d7be944a10947 - - default default] Tap Mirror: Handle Delete Port: 2f0a3270-6824-48da-b04c-c47c897d19e3 [pid: 8|app: 0|req: 703/1424] 10.0.0.202 () {34 vars in 788 bytes} [Fri May 15 09:21:52 2026] PUT /v2.0/routers/0eee217d-3d93-4380-ae0b-380d3b2aa3b9/remove_router_interface => generated 309 bytes in 614 msecs (HTTP/1.1 200) 4 headers in 157 bytes (1 switches on core 0) /var/lib/openstack/lib/python3.12/site-packages/pycadf/identifier.py:70: UserWarning: Invalid uuid: neutron. To ensure interoperability, identifiers should be a valid uuid. warnings.warn(('Invalid uuid: %s. To ensure interoperability, ' [pid: 8|app: 0|req: 704/1425] 10.0.0.202 () {32 vars in 735 bytes} [Fri May 15 09:21:53 2026] GET /v2.0/ports?device_id=0eee217d-3d93-4380-ae0b-380d3b2aa3b9 => generated 12 bytes in 21 msecs (HTTP/1.1 200) 4 headers in 156 bytes (1 switches on core 0) [pid: 7|app: 0|req: 722/1426] 10.0.0.1 () {34 vars in 987 bytes} [Fri May 15 09:21:53 2026] GET /v2.0/ports?device_id=780bef89-af20-454e-a25b-1fce152f0a3a => generated 971 bytes in 82 msecs (HTTP/1.1 200) 4 headers in 157 bytes (1 switches on core 0) [pid: 7|app: 0|req: 723/1427] 10.0.0.1 () {34 vars in 1037 bytes} [Fri May 15 09:21:53 2026] GET /v2.0/security-groups?id=3ed54555-96e1-4fd3-89fc-278795c165ae&fields=id&fields=name => generated 113 bytes in 31 msecs (HTTP/1.1 200) 4 headers in 157 bytes (1 switches on core 0) [pid: 8|app: 0|req: 705/1428] 10.0.0.202 () {32 vars in 723 bytes} [Fri May 15 09:21:53 2026] DELETE /v2.0/routers/0eee217d-3d93-4380-ae0b-380d3b2aa3b9 => generated 0 bytes in 199 msecs (HTTP/1.1 204) 2 headers in 112 bytes (1 switches on core 0) [pid: 8|app: 0|req: 706/1429] 10.0.0.1 () {34 vars in 987 bytes} [Fri May 15 09:21:53 2026] GET /v2.0/ports?device_id=780bef89-af20-454e-a25b-1fce152f0a3a => generated 971 bytes in 83 msecs (HTTP/1.1 200) 4 headers in 157 bytes (1 switches on core 0)
2026-05-15 09:21:53.822 7 INFO neutron.db.ovn_revision_numbers_db [None req-ef3d539d-d763-4fd9-a55e-32c452b7c9b0 8bce8b03cfad444a8991748ce9e0521a 1b76c0c3d0f443bc956cf73f618deed3 - - default default] Successfully bumped revision number for resource 55ffeb17-bf32-4f81-a29a-063ff04d3141 (type: security_groups) to 1
2026-05-15 09:21:53.834 7 INFO neutron.db.ovn_revision_numbers_db [None req-ef3d539d-d763-4fd9-a55e-32c452b7c9b0 8bce8b03cfad444a8991748ce9e0521a 1b76c0c3d0f443bc956cf73f618deed3 - - default default] Successfully bumped revision number for resource 2b0a5967-1122-45ff-b8f0-bd7046286a96 (type: security_group_rules) to 0
2026-05-15 09:21:53.848 7 INFO neutron.db.ovn_revision_numbers_db [None req-ef3d539d-d763-4fd9-a55e-32c452b7c9b0 8bce8b03cfad444a8991748ce9e0521a 1b76c0c3d0f443bc956cf73f618deed3 - - default default] Successfully bumped revision number for resource 79cf17c5-ae10-4db9-9606-98f25d013dcd (type: security_group_rules) to 0
2026-05-15 09:21:53.860 7 INFO neutron.db.ovn_revision_numbers_db [None req-ef3d539d-d763-4fd9-a55e-32c452b7c9b0 8bce8b03cfad444a8991748ce9e0521a 1b76c0c3d0f443bc956cf73f618deed3 - - default default] Successfully bumped revision number for resource c08370e9-45db-49a8-8bca-7e731c973079 (type: security_group_rules) to 0 [pid: 8|app: 0|req: 707/1430] 10.0.0.202 () {32 vars in 723 bytes} [Fri May 15 09:21:53 2026] DELETE /v2.0/subnets/0868652e-f2e7-43db-a8cb-2227de378020 => generated 0 bytes in 119 msecs (HTTP/1.1 204) 3 headers in 131 bytes (1 switches on core 0)
2026-05-15 09:21:53.872 7 INFO neutron.db.ovn_revision_numbers_db [None req-ef3d539d-d763-4fd9-a55e-32c452b7c9b0 8bce8b03cfad444a8991748ce9e0521a 1b76c0c3d0f443bc956cf73f618deed3 - - default default] Successfully bumped revision number for resource fce0728b-3e90-4f9f-b569-e2c1d93e90ea (type: security_group_rules) to 0 [pid: 8|app: 0|req: 708/1431] 10.0.0.1 () {34 vars in 1037 bytes} [Fri May 15 09:21:53 2026] GET /v2.0/security-groups?id=3ed54555-96e1-4fd3-89fc-278795c165ae&fields=id&fields=name => generated 113 bytes in 27 msecs (HTTP/1.1 200) 4 headers in 157 bytes (1 switches on core 0) [pid: 7|app: 0|req: 724/1432] 10.0.0.202 () {32 vars in 773 bytes} [Fri May 15 09:21:53 2026] GET /v2.0/security-groups?tenant_id=dced4ad42981422ca107d2ededc2f485&name=default => generated 2925 bytes in 381 msecs (HTTP/1.1 200) 4 headers in 158 bytes (1 switches on core 0) [pid: 8|app: 0|req: 709/1433] 10.0.0.202 () {32 vars in 723 bytes} [Fri May 15 09:21:53 2026] DELETE /v2.0/subnets/e0e7dd5d-5c15-44df-ad13-0cabd84c6ea2 => generated 0 bytes in 131 msecs (HTTP/1.1 204) 3 headers in 131 bytes (1 switches on core 0) [pid: 7|app: 0|req: 725/1434] 10.0.0.202 () {32 vars in 739 bytes} [Fri May 15 09:21:53 2026] DELETE /v2.0/security-groups/55ffeb17-bf32-4f81-a29a-063ff04d3141 => generated 0 bytes in 181 msecs (HTTP/1.1 204) 2 headers in 112 bytes (1 switches on core 0)
2026-05-15 09:21:54.147 8 INFO neutron_taas.services.taas.taas_plugin [None req-e3d31509-0edd-4475-9e9f-e4094fac87d5 9d6644846b744fd3bb64c5730ddf43fe b09beccf85814cf3896d7be944a10947 - - default default] TaaS: Handle Delete Port: a2b11b1d-e6aa-4ae7-82fa-7a47c0fede21
2026-05-15 09:21:54.150 8 INFO neutron_taas.services.taas.tap_mirror_plugin [None req-e3d31509-0edd-4475-9e9f-e4094fac87d5 9d6644846b744fd3bb64c5730ddf43fe b09beccf85814cf3896d7be944a10947 - - default default] Tap Mirror: Handle Delete Port: a2b11b1d-e6aa-4ae7-82fa-7a47c0fede21
2026-05-15 09:21:54.333 8 INFO neutron.services.segments.plugin [-] Segment c0e1f91b-7598-468b-841f-c777c07952c6 resource provider aggregate not found
2026-05-15 09:21:54.341 8 INFO neutron.services.segments.plugin [-] Segment c0e1f91b-7598-468b-841f-c777c07952c6 resource provider aggregate not found
2026-05-15 09:21:54.357 8 INFO neutron.services.segments.plugin [-] Segment c0e1f91b-7598-468b-841f-c777c07952c6 resource provider not found; error: Placement Client Error (4xx): {"errors": [{"status": 404, "title": "Not Found", "detail": "The resource could not be found.\n\n No resource provider with uuid c0e1f91b-7598-468b-841f-c777c07952c6 found for delete ", "request_id": "req-1f15bf69-1de1-4543-adb3-213dc2b979ae"}]}
2026-05-15 09:21:54.360 8 INFO neutron.services.segments.plugin [-] Segment c0e1f91b-7598-468b-841f-c777c07952c6 resource provider not found; error: Placement Client Error (4xx): {"errors": [{"status": 404, "title": "Not Found", "detail": "The resource could not be found.\n\n No resource provider with uuid c0e1f91b-7598-468b-841f-c777c07952c6 found for delete ", "request_id": "req-1210495a-6855-4bc0-9f97-4a2be9e65f33"}]} [pid: 8|app: 0|req: 710/1435] 10.0.0.202 () {32 vars in 725 bytes} [Fri May 15 09:21:54 2026] DELETE /v2.0/networks/8bfb9039-da45-45e4-ad71-276b22023eae => generated 0 bytes in 357 msecs (HTTP/1.1 204) 3 headers in 131 bytes (1 switches on core 0)
2026-05-15 09:21:54.516 7 INFO neutron_taas.services.taas.taas_plugin [None req-fd9f83dd-c640-45a3-b827-d05d9284c471 9d6644846b744fd3bb64c5730ddf43fe b09beccf85814cf3896d7be944a10947 - - default default] TaaS: Handle Delete Port: 6ab2242c-cc2c-43b9-a65d-41baa8b85c7d
2026-05-15 09:21:54.518 7 INFO neutron_taas.services.taas.tap_mirror_plugin [None req-fd9f83dd-c640-45a3-b827-d05d9284c471 9d6644846b744fd3bb64c5730ddf43fe b09beccf85814cf3896d7be944a10947 - - default default] Tap Mirror: Handle Delete Port: 6ab2242c-cc2c-43b9-a65d-41baa8b85c7d
2026-05-15 09:21:54.688 7 INFO neutron.services.segments.plugin [-] Segment fc860ed2-704c-44a4-8520-1100597b24b1 resource provider aggregate not found
2026-05-15 09:21:54.691 7 INFO neutron.services.segments.plugin [-] Segment fc860ed2-704c-44a4-8520-1100597b24b1 resource provider aggregate not found
2026-05-15 09:21:54.710 7 INFO neutron.services.segments.plugin [-] Segment fc860ed2-704c-44a4-8520-1100597b24b1 resource provider not found; error: Placement Client Error (4xx): {"errors": [{"status": 404, "title": "Not Found", "detail": "The resource could not be found.\n\n No resource provider with uuid fc860ed2-704c-44a4-8520-1100597b24b1 found for delete ", "request_id": "req-1c480396-93a0-4464-aed0-88b0d8f333bd"}]}
2026-05-15 09:21:54.723 7 INFO neutron.services.segments.plugin [-] Segment fc860ed2-704c-44a4-8520-1100597b24b1 resource provider not found; error: Placement Client Error (4xx): {"errors": [{"status": 404, "title": "Not Found", "detail": "The resource could not be found.\n\n No resource provider with uuid fc860ed2-704c-44a4-8520-1100597b24b1 found for delete ", "request_id": "req-0c09d023-3021-4057-86c8-42f8f3e7be0a"}]} [pid: 7|app: 0|req: 726/1436] 10.0.0.202 () {32 vars in 725 bytes} [Fri May 15 09:21:54 2026] DELETE /v2.0/networks/b99c6a8d-2725-44bd-b1c9-87e07235769f => generated 0 bytes in 346 msecs (HTTP/1.1 204) 3 headers in 131 bytes (1 switches on core 0)
2026-05-15 09:21:54.885 8 INFO neutron.db.segments_db [None req-d16567e1-d7f7-4a3c-9c31-23876b37cbae 9d6644846b744fd3bb64c5730ddf43fe b09beccf85814cf3896d7be944a10947 - - default default] Added segment 39bf418f-b614-4956-bc67-40e86f08738b of type geneve for network 01b53445-246e-4748-9bb1-21e6d6d4ecb1
2026-05-15 09:21:54.993 8 INFO neutron.db.ovn_revision_numbers_db [None req-d16567e1-d7f7-4a3c-9c31-23876b37cbae 9d6644846b744fd3bb64c5730ddf43fe b09beccf85814cf3896d7be944a10947 - - default default] Successfully bumped revision number for resource 01b53445-246e-4748-9bb1-21e6d6d4ecb1 (type: networks) to 1 [pid: 7|app: 0|req: 727/1437] 10.0.0.1 () {34 vars in 987 bytes} [Fri May 15 09:21:54 2026] GET /v2.0/ports?device_id=780bef89-af20-454e-a25b-1fce152f0a3a => generated 971 bytes in 49 msecs (HTTP/1.1 200) 4 headers in 157 bytes (1 switches on core 0) [pid: 7|app: 0|req: 728/1438] 10.0.0.1 () {34 vars in 1037 bytes} [Fri May 15 09:21:55 2026] GET /v2.0/security-groups?id=3ed54555-96e1-4fd3-89fc-278795c165ae&fields=id&fields=name => generated 113 bytes in 31 msecs (HTTP/1.1 200) 4 headers in 157 bytes (1 switches on core 0)
2026-05-15 09:21:55.165 8 WARNING neutron.scheduler.dhcp_agent_scheduler [None req-d16567e1-d7f7-4a3c-9c31-23876b37cbae 9d6644846b744fd3bb64c5730ddf43fe b09beccf85814cf3896d7be944a10947 - - default default] No more DHCP agents
2026-05-15 09:21:55.166 8 WARNING neutron.api.rpc.agentnotifiers.dhcp_rpc_agent_api [None req-d16567e1-d7f7-4a3c-9c31-23876b37cbae 9d6644846b744fd3bb64c5730ddf43fe b09beccf85814cf3896d7be944a10947 - - default default] Unable to schedule network 01b53445-246e-4748-9bb1-21e6d6d4ecb1: no agents available; will retry on subsequent port and subnet creation events.
2026-05-15 09:21:55.257 8 INFO neutron.db.ovn_revision_numbers_db [None req-d16567e1-d7f7-4a3c-9c31-23876b37cbae 9d6644846b744fd3bb64c5730ddf43fe b09beccf85814cf3896d7be944a10947 - - default default] Successfully bumped revision number for resource e273f3c7-cad1-46e7-9deb-2e42e748c627 (type: ports) to 1 [pid: 8|app: 0|req: 711/1439] 10.0.0.202 () {34 vars in 669 bytes} [Fri May 15 09:21:54 2026] POST /v2.0/networks => generated 653 bytes in 531 msecs (HTTP/1.1 201) 4 headers in 162 bytes (1 switches on core 0)
2026-05-15 09:21:55.494 7 WARNING neutron.scheduler.dhcp_agent_scheduler [None req-89406108-ebe6-4fad-a11b-4e2590a8ffce 9d6644846b744fd3bb64c5730ddf43fe b09beccf85814cf3896d7be944a10947 - - default default] No more DHCP agents
2026-05-15 09:21:55.495 7 WARNING neutron.api.rpc.agentnotifiers.dhcp_rpc_agent_api [None req-89406108-ebe6-4fad-a11b-4e2590a8ffce 9d6644846b744fd3bb64c5730ddf43fe b09beccf85814cf3896d7be944a10947 - - default default] Unable to schedule network 01b53445-246e-4748-9bb1-21e6d6d4ecb1: no agents available; will retry on subsequent port and subnet creation events.
2026-05-15 09:21:55.528 7 INFO neutron.db.ovn_revision_numbers_db [None req-89406108-ebe6-4fad-a11b-4e2590a8ffce 9d6644846b744fd3bb64c5730ddf43fe b09beccf85814cf3896d7be944a10947 - - default default] Successfully bumped revision number for resource d01202b8-05d9-48fe-88be-831a554e8a42 (type: subnets) to 0 [pid: 7|app: 0|req: 729/1440] 10.0.0.202 () {34 vars in 668 bytes} [Fri May 15 09:21:55 2026] POST /v2.0/subnets => generated 646 bytes in 250 msecs (HTTP/1.1 201) 4 headers in 162 bytes (1 switches on core 0)
2026-05-15 09:21:55.681 8 INFO neutron.db.ovn_revision_numbers_db [None req-31a5ab08-447e-4fcd-9399-f0a9ab8ce9c6 9d6644846b744fd3bb64c5730ddf43fe b09beccf85814cf3896d7be944a10947 - - default default] Successfully bumped revision number for resource d6db9f7d-1da1-454f-8e90-37b77855c104 (type: routers) to 1 [pid: 8|app: 0|req: 712/1441] 10.0.0.202 () {34 vars in 668 bytes} [Fri May 15 09:21:55 2026] POST /v2.0/routers => generated 607 bytes in 156 msecs (HTTP/1.1 201) 4 headers in 162 bytes (1 switches on core 0)
2026-05-15 09:21:56.022 7 WARNING neutron.scheduler.dhcp_agent_scheduler [None req-3879f2d8-6a4f-4a0d-959b-da70a2ea05ef 9d6644846b744fd3bb64c5730ddf43fe b09beccf85814cf3896d7be944a10947 - - default default] No more DHCP agents
2026-05-15 09:21:56.023 7 WARNING neutron.api.rpc.agentnotifiers.dhcp_rpc_agent_api [None req-3879f2d8-6a4f-4a0d-959b-da70a2ea05ef 9d6644846b744fd3bb64c5730ddf43fe b09beccf85814cf3896d7be944a10947 - - default default] Unable to schedule network 01b53445-246e-4748-9bb1-21e6d6d4ecb1: no agents available; will retry on subsequent port and subnet creation events.
2026-05-15 09:21:56.119 8 INFO neutron.db.ovn_revision_numbers_db [None req-a1b4dc35-db09-4179-8999-39bdda82cd39 8bce8b03cfad444a8991748ce9e0521a 1b76c0c3d0f443bc956cf73f618deed3 - - default default] Successfully bumped revision number for resource 3e3a8172-a1c6-4e82-8184-c81fb0b1710e (type: security_groups) to 1
2026-05-15 09:21:56.136 8 INFO neutron.db.ovn_revision_numbers_db [None req-a1b4dc35-db09-4179-8999-39bdda82cd39 8bce8b03cfad444a8991748ce9e0521a 1b76c0c3d0f443bc956cf73f618deed3 - - default default] Successfully bumped revision number for resource 687653bd-b4cb-4173-9660-4949390a41d5 (type: security_group_rules) to 0
2026-05-15 09:21:56.178 7 INFO neutron.plugins.ml2.drivers.ovn.mech_driver.mech_driver [None req-1bb070c5-aa01-45d2-af5b-55d9263162db - - - - - -] OVN reports status down for port: ab02aec0-aa35-41c3-9dc4-5aaf6090b1dd
2026-05-15 09:21:56.188 8 INFO neutron.db.ovn_revision_numbers_db [None req-a1b4dc35-db09-4179-8999-39bdda82cd39 8bce8b03cfad444a8991748ce9e0521a 1b76c0c3d0f443bc956cf73f618deed3 - - default default] Successfully bumped revision number for resource 7c175b1f-8ffc-4312-a7c9-b4df1dae115a (type: security_group_rules) to 0
2026-05-15 09:21:56.203 8 INFO neutron.db.ovn_revision_numbers_db [None req-a1b4dc35-db09-4179-8999-39bdda82cd39 8bce8b03cfad444a8991748ce9e0521a 1b76c0c3d0f443bc956cf73f618deed3 - - default default] Successfully bumped revision number for resource a310fbbb-d910-4476-abb9-6908b699b6a0 (type: security_group_rules) to 0
2026-05-15 09:21:56.217 8 INFO neutron.db.ovn_revision_numbers_db [None req-a1b4dc35-db09-4179-8999-39bdda82cd39 8bce8b03cfad444a8991748ce9e0521a 1b76c0c3d0f443bc956cf73f618deed3 - - default default] Successfully bumped revision number for resource e29cb786-e288-4156-b8f9-2843cd84414e (type: security_group_rules) to 0
2026-05-15 09:21:56.228 7 INFO neutron.db.ovn_revision_numbers_db [None req-3879f2d8-6a4f-4a0d-959b-da70a2ea05ef 9d6644846b744fd3bb64c5730ddf43fe b09beccf85814cf3896d7be944a10947 - - default default] Successfully bumped revision number for resource ab02aec0-aa35-41c3-9dc4-5aaf6090b1dd (type: ports) to 1 [pid: 8|app: 0|req: 713/1442] 10.0.0.202 () {32 vars in 773 bytes} [Fri May 15 09:21:55 2026] GET /v2.0/security-groups?tenant_id=b8d725a9cd1f43a0bd2eb73b10b1ccae&name=default => generated 2925 bytes in 447 msecs (HTTP/1.1 200) 4 headers in 158 bytes (1 switches on core 0) [pid: 7|app: 0|req: 730/1443] 10.0.0.202 () {34 vars in 664 bytes} [Fri May 15 09:21:55 2026] POST /v2.0/ports => generated 964 bytes in 544 msecs (HTTP/1.1 201) 4 headers in 162 bytes (1 switches on core 0) /var/lib/openstack/lib/python3.12/site-packages/pycadf/identifier.py:70: UserWarning: Invalid uuid: neutron. To ensure interoperability, identifiers should be a valid uuid. warnings.warn(('Invalid uuid: %s. To ensure interoperability, ' [pid: 8|app: 0|req: 714/1444] 199.204.45.23 () {34 vars in 992 bytes} [Fri May 15 09:21:56 2026] GET /v2.0/ports?device_id=780bef89-af20-454e-a25b-1fce152f0a3a => generated 971 bytes in 34 msecs (HTTP/1.1 200) 4 headers in 157 bytes (1 switches on core 0) [pid: 7|app: 0|req: 731/1445] 10.0.0.1 () {34 vars in 987 bytes} [Fri May 15 09:21:56 2026] GET /v2.0/ports?device_id=780bef89-af20-454e-a25b-1fce152f0a3a => generated 971 bytes in 57 msecs (HTTP/1.1 200) 4 headers in 157 bytes (1 switches on core 0) [pid: 8|app: 0|req: 715/1446] 10.0.0.202 () {32 vars in 739 bytes} [Fri May 15 09:21:56 2026] DELETE /v2.0/security-groups/3e3a8172-a1c6-4e82-8184-c81fb0b1710e => generated 0 bytes in 235 msecs (HTTP/1.1 204) 2 headers in 112 bytes (1 switches on core 0)
2026-05-15 09:21:56.652 8 INFO neutron_taas.services.taas.taas_plugin [req-d956bb93-ed3f-45db-87c6-372272262b5a req-0351a81a-b180-433d-8bee-ed0b18da6921 163838a398604dc390a80a02e56d3c7a faeee13ef8e4476981b233df5d1fd6b1 - - default default] TaaS: Handle Delete Port: 03f65727-3106-4ac0-bdc0-974e0caefa5e
2026-05-15 09:21:56.655 8 INFO neutron_taas.services.taas.tap_mirror_plugin [req-d956bb93-ed3f-45db-87c6-372272262b5a req-0351a81a-b180-433d-8bee-ed0b18da6921 163838a398604dc390a80a02e56d3c7a faeee13ef8e4476981b233df5d1fd6b1 - - default default] Tap Mirror: Handle Delete Port: 03f65727-3106-4ac0-bdc0-974e0caefa5e
2026-05-15 09:21:56.743 7 INFO neutron.plugins.ml2.drivers.ovn.mech_driver.mech_driver [None req-1bb070c5-aa01-45d2-af5b-55d9263162db - - - - - -] OVN reports status up for port: ab02aec0-aa35-41c3-9dc4-5aaf6090b1dd
2026-05-15 09:21:56.789 7 INFO neutron.plugins.ml2.plugin [None req-1bb070c5-aa01-45d2-af5b-55d9263162db - - - - - -] Attempt 1 to provision port ab02aec0-aa35-41c3-9dc4-5aaf6090b1dd
2026-05-15 09:21:56.821 7 INFO neutron.db.ovn_revision_numbers_db [None req-455ddccb-c6a5-4871-9a11-667bd8cb0643 9d6644846b744fd3bb64c5730ddf43fe b09beccf85814cf3896d7be944a10947 - - default default] Successfully bumped revision number for resource ab02aec0-aa35-41c3-9dc4-5aaf6090b1dd (type: ports) to 2
2026-05-15 09:21:56.849 8 INFO neutron.db.l3_db [req-d956bb93-ed3f-45db-87c6-372272262b5a req-0351a81a-b180-433d-8bee-ed0b18da6921 163838a398604dc390a80a02e56d3c7a faeee13ef8e4476981b233df5d1fd6b1 - - default default] Floating IP 8aa2b32c-e847-4dff-843e-2dcecad334bb disassociated. External IP: 10.96.250.220, port: 03f65727-3106-4ac0-bdc0-974e0caefa5e. [pid: 8|app: 0|req: 716/1447] 199.204.45.23 () {36 vars in 995 bytes} [Fri May 15 09:21:56 2026] DELETE /v2.0/ports/03f65727-3106-4ac0-bdc0-974e0caefa5e => generated 0 bytes in 458 msecs (HTTP/1.1 204) 3 headers in 131 bytes (1 switches on core 0) [pid: 8|app: 0|req: 717/1448] 10.0.0.1 () {34 vars in 1037 bytes} [Fri May 15 09:21:56 2026] GET /v2.0/security-groups?id=3ed54555-96e1-4fd3-89fc-278795c165ae&fields=id&fields=name => generated 113 bytes in 41 msecs (HTTP/1.1 200) 4 headers in 157 bytes (1 switches on core 0)
2026-05-15 09:21:57.035 8 INFO neutron.notifiers.nova [-] Nova event matching ['req-6bf5118a-ae69-4ac5-b1fb-5c566cae51a7'] response: {'server_uuid': '780bef89-af20-454e-a25b-1fce152f0a3a', 'name': 'network-vif-deleted', 'tag': '03f65727-3106-4ac0-bdc0-974e0caefa5e', 'status': 'completed', 'code': 200}
2026-05-15 09:21:57.093 8 WARNING neutron.plugins.ml2.drivers.ovn.mech_driver.ovsdb.ovn_client [None req-6774e564-80a6-4210-a0fb-852403fd4456 - - - - - -] No port found with ID bd4f575d-4085-4d5d-922a-d906a7192031: RuntimeError: No port found with ID bd4f575d-4085-4d5d-922a-d906a7192031
2026-05-15 09:21:57.105 8 INFO neutron.plugins.ml2.drivers.ovn.mech_driver.mech_driver [None req-6774e564-80a6-4210-a0fb-852403fd4456 - - - - - -] OVN reports status down for port: 03f65727-3106-4ac0-bdc0-974e0caefa5e
2026-05-15 09:21:57.111 8 INFO neutron.plugins.ml2.drivers.ovn.mech_driver.mech_driver [None req-6774e564-80a6-4210-a0fb-852403fd4456 - - - - - -] OVN reports status down for port: e273f3c7-cad1-46e7-9deb-2e42e748c627 /var/lib/openstack/lib/python3.12/site-packages/pycadf/identifier.py:70: UserWarning: Invalid uuid: neutron. To ensure interoperability, identifiers should be a valid uuid. warnings.warn(('Invalid uuid: %s. To ensure interoperability, '
2026-05-15 09:21:57.335 8 INFO neutron.db.ovn_revision_numbers_db [None req-b80b5a3f-1c1b-4284-a95b-a866d3f74bdf 8bce8b03cfad444a8991748ce9e0521a 1b76c0c3d0f443bc956cf73f618deed3 - - default default] Successfully bumped revision number for resource 6d52ac21-f9ba-4f1b-b87a-49892018cc8c (type: security_groups) to 1
2026-05-15 09:21:57.349 8 INFO neutron.db.ovn_revision_numbers_db [None req-b80b5a3f-1c1b-4284-a95b-a866d3f74bdf 8bce8b03cfad444a8991748ce9e0521a 1b76c0c3d0f443bc956cf73f618deed3 - - default default] Successfully bumped revision number for resource 0e145838-3c12-43b1-b019-60e0c06ca5da (type: security_group_rules) to 0
2026-05-15 09:21:57.364 8 INFO neutron.db.ovn_revision_numbers_db [None req-b80b5a3f-1c1b-4284-a95b-a866d3f74bdf 8bce8b03cfad444a8991748ce9e0521a 1b76c0c3d0f443bc956cf73f618deed3 - - default default] Successfully bumped revision number for resource 296fb853-66e5-4b96-990b-d80647a598a1 (type: security_group_rules) to 0
2026-05-15 09:21:57.376 8 INFO neutron.db.ovn_revision_numbers_db [None req-b80b5a3f-1c1b-4284-a95b-a866d3f74bdf 8bce8b03cfad444a8991748ce9e0521a 1b76c0c3d0f443bc956cf73f618deed3 - - default default] Successfully bumped revision number for resource 56106792-4734-4cc8-8410-da8b3adaf3f8 (type: security_group_rules) to 0
2026-05-15 09:21:57.388 8 INFO neutron.db.ovn_revision_numbers_db [None req-b80b5a3f-1c1b-4284-a95b-a866d3f74bdf 8bce8b03cfad444a8991748ce9e0521a 1b76c0c3d0f443bc956cf73f618deed3 - - default default] Successfully bumped revision number for resource 7ffdbeba-4469-4729-8c29-2eeca719bdd7 (type: security_group_rules) to 0 [pid: 8|app: 0|req: 718/1449] 10.0.0.202 () {32 vars in 773 bytes} [Fri May 15 09:21:57 2026] GET /v2.0/security-groups?tenant_id=f70deea58e6c4ed099fd438f4bbc8b81&name=default => generated 2925 bytes in 404 msecs (HTTP/1.1 200) 4 headers in 158 bytes (1 switches on core 0) [pid: 8|app: 0|req: 719/1450] 10.0.0.202 () {32 vars in 739 bytes} [Fri May 15 09:21:57 2026] DELETE /v2.0/security-groups/6d52ac21-f9ba-4f1b-b87a-49892018cc8c => generated 0 bytes in 204 msecs (HTTP/1.1 204) 2 headers in 112 bytes (1 switches on core 0)
2026-05-15 09:21:58.038 7 INFO neutron.db.ovn_revision_numbers_db [None req-1bb070c5-aa01-45d2-af5b-55d9263162db - - - - - -] Successfully bumped revision number for resource ab02aec0-aa35-41c3-9dc4-5aaf6090b1dd (type: ports) to 3 [pid: 8|app: 0|req: 720/1451] 10.0.0.1 () {34 vars in 987 bytes} [Fri May 15 09:21:58 2026] GET /v2.0/ports?device_id=780bef89-af20-454e-a25b-1fce152f0a3a => generated 12 bytes in 25 msecs (HTTP/1.1 200) 4 headers in 156 bytes (1 switches on core 0)
2026-05-15 09:21:58.289 7 WARNING neutron.scheduler.dhcp_agent_scheduler [None req-455ddccb-c6a5-4871-9a11-667bd8cb0643 9d6644846b744fd3bb64c5730ddf43fe b09beccf85814cf3896d7be944a10947 - - default default] No more DHCP agents
2026-05-15 09:21:58.290 7 WARNING neutron.api.rpc.agentnotifiers.dhcp_rpc_agent_api [None req-455ddccb-c6a5-4871-9a11-667bd8cb0643 9d6644846b744fd3bb64c5730ddf43fe b09beccf85814cf3896d7be944a10947 - - default default] Unable to schedule network 01b53445-246e-4748-9bb1-21e6d6d4ecb1: no agents available; will retry on subsequent port and subnet creation events.
2026-05-15 09:21:58.515 7 INFO neutron.db.ovn_revision_numbers_db [None req-455ddccb-c6a5-4871-9a11-667bd8cb0643 9d6644846b744fd3bb64c5730ddf43fe b09beccf85814cf3896d7be944a10947 - - default default] Successfully bumped revision number for resource ab02aec0-aa35-41c3-9dc4-5aaf6090b1dd (type: router_ports) to 3 [pid: 7|app: 0|req: 732/1452] 10.0.0.202 () {34 vars in 782 bytes} [Fri May 15 09:21:56 2026] PUT /v2.0/routers/d6db9f7d-1da1-454f-8e90-37b77855c104/add_router_interface => generated 309 bytes in 2199 msecs (HTTP/1.1 200) 4 headers in 157 bytes (1 switches on core 0) [pid: 8|app: 0|req: 721/1453] 10.0.0.202 () {32 vars in 716 bytes} [Fri May 15 09:21:58 2026] GET /v2.0/ports/ab02aec0-aa35-41c3-9dc4-5aaf6090b1dd => generated 1026 bytes in 96 msecs (HTTP/1.1 200) 4 headers in 158 bytes (1 switches on core 0) /var/lib/openstack/lib/python3.12/site-packages/pycadf/identifier.py:70: UserWarning: Invalid uuid: neutron. To ensure interoperability, identifiers should be a valid uuid. warnings.warn(('Invalid uuid: %s. To ensure interoperability, '
2026-05-15 09:21:58.932 7 INFO neutron_taas.services.taas.taas_plugin [None req-f9b1a863-f8a8-4986-9abd-0727eb986ce0 9d6644846b744fd3bb64c5730ddf43fe b09beccf85814cf3896d7be944a10947 - - default default] TaaS: Handle Delete Port: ab02aec0-aa35-41c3-9dc4-5aaf6090b1dd
2026-05-15 09:21:58.936 7 INFO neutron_taas.services.taas.tap_mirror_plugin [None req-f9b1a863-f8a8-4986-9abd-0727eb986ce0 9d6644846b744fd3bb64c5730ddf43fe b09beccf85814cf3896d7be944a10947 - - default default] Tap Mirror: Handle Delete Port: ab02aec0-aa35-41c3-9dc4-5aaf6090b1dd [pid: 8|app: 0|req: 722/1454] 10.0.0.1 () {34 vars in 987 bytes} [Fri May 15 09:21:59 2026] GET /v2.0/ports?device_id=780bef89-af20-454e-a25b-1fce152f0a3a => generated 12 bytes in 24 msecs (HTTP/1.1 200) 4 headers in 156 bytes (1 switches on core 0) [pid: 7|app: 0|req: 733/1455] 10.0.0.202 () {34 vars in 788 bytes} [Fri May 15 09:21:58 2026] PUT /v2.0/routers/d6db9f7d-1da1-454f-8e90-37b77855c104/remove_router_interface => generated 309 bytes in 627 msecs (HTTP/1.1 200) 4 headers in 157 bytes (1 switches on core 0)
2026-05-15 09:21:59.355 8 INFO neutron.api.v2.resource [None req-416cc44c-0c3c-4651-8b62-72824f900876 9d6644846b744fd3bb64c5730ddf43fe b09beccf85814cf3896d7be944a10947 - - default default] remove_router_interface failed (client error): The resource could not be found. [pid: 8|app: 0|req: 723/1456] 10.0.0.202 () {34 vars in 788 bytes} [Fri May 15 09:21:59 2026] PUT /v2.0/routers/d6db9f7d-1da1-454f-8e90-37b77855c104/remove_router_interface => generated 197 bytes in 95 msecs (HTTP/1.1 404) 4 headers in 164 bytes (1 switches on core 0) [pid: 8|app: 0|req: 724/1457] 10.0.0.202 () {32 vars in 735 bytes} [Fri May 15 09:21:59 2026] GET /v2.0/ports?device_id=d6db9f7d-1da1-454f-8e90-37b77855c104 => generated 12 bytes in 18 msecs (HTTP/1.1 200) 4 headers in 156 bytes (1 switches on core 0) /var/lib/openstack/lib/python3.12/site-packages/pycadf/identifier.py:70: UserWarning: Invalid uuid: neutron. To ensure interoperability, identifiers should be a valid uuid. warnings.warn(('Invalid uuid: %s. To ensure interoperability, ' [pid: 8|app: 0|req: 725/1458] 10.0.0.202 () {32 vars in 723 bytes} [Fri May 15 09:21:59 2026] DELETE /v2.0/routers/d6db9f7d-1da1-454f-8e90-37b77855c104 => generated 0 bytes in 161 msecs (HTTP/1.1 204) 2 headers in 112 bytes (1 switches on core 0)
2026-05-15 09:21:59.640 7 INFO neutron.db.ovn_revision_numbers_db [None req-972fefd1-9e68-4a3c-a122-d012898da422 d59b6ab920b74d26af0271cf88016c25 bb82b2a50b274abd872f41bc13e2271e - - default default] Successfully bumped revision number for resource 6b61918a-d0f7-4f76-b9d4-6e7e5108344b (type: security_groups) to 1
2026-05-15 09:21:59.651 7 INFO neutron.db.ovn_revision_numbers_db [None req-972fefd1-9e68-4a3c-a122-d012898da422 d59b6ab920b74d26af0271cf88016c25 bb82b2a50b274abd872f41bc13e2271e - - default default] Successfully bumped revision number for resource 3672622e-6e9f-4236-9815-8bd486be1829 (type: security_group_rules) to 0
2026-05-15 09:21:59.662 7 INFO neutron.db.ovn_revision_numbers_db [None req-972fefd1-9e68-4a3c-a122-d012898da422 d59b6ab920b74d26af0271cf88016c25 bb82b2a50b274abd872f41bc13e2271e - - default default] Successfully bumped revision number for resource 4e2ef276-d673-4cb5-bde5-cd06c1fcfec4 (type: security_group_rules) to 0
2026-05-15 09:21:59.672 7 INFO neutron.db.ovn_revision_numbers_db [None req-972fefd1-9e68-4a3c-a122-d012898da422 d59b6ab920b74d26af0271cf88016c25 bb82b2a50b274abd872f41bc13e2271e - - default default] Successfully bumped revision number for resource 727ce54c-b538-415c-8d96-aa26eebc6d25 (type: security_group_rules) to 0
2026-05-15 09:21:59.684 7 INFO neutron.db.ovn_revision_numbers_db [None req-972fefd1-9e68-4a3c-a122-d012898da422 d59b6ab920b74d26af0271cf88016c25 bb82b2a50b274abd872f41bc13e2271e - - default default] Successfully bumped revision number for resource 9bb96890-d865-47c0-ac76-3deec4bfc442 (type: security_group_rules) to 0
2026-05-15 09:21:59.708 8 INFO neutron.db.ovn_revision_numbers_db [None req-15bf16f4-fdf2-458e-aa0b-58653878d6f4 215e1e5660df46379b841cd90b1938d4 dedfa198469e442d8147013503d44b88 - - default default] Successfully bumped revision number for resource 662d1fa8-ad7d-49ad-9285-c0db95698e68 (type: security_groups) to 1
2026-05-15 09:21:59.720 8 INFO neutron.db.ovn_revision_numbers_db [None req-15bf16f4-fdf2-458e-aa0b-58653878d6f4 215e1e5660df46379b841cd90b1938d4 dedfa198469e442d8147013503d44b88 - - default default] Successfully bumped revision number for resource 22ed051b-7ff0-43a7-b707-f370d57ed738 (type: security_group_rules) to 0
2026-05-15 09:21:59.731 8 INFO neutron.db.ovn_revision_numbers_db [None req-15bf16f4-fdf2-458e-aa0b-58653878d6f4 215e1e5660df46379b841cd90b1938d4 dedfa198469e442d8147013503d44b88 - - default default] Successfully bumped revision number for resource 3f62ee95-aec3-42fd-9559-66be66464d3c (type: security_group_rules) to 0
2026-05-15 09:21:59.743 8 INFO neutron.db.ovn_revision_numbers_db [None req-15bf16f4-fdf2-458e-aa0b-58653878d6f4 215e1e5660df46379b841cd90b1938d4 dedfa198469e442d8147013503d44b88 - - default default] Successfully bumped revision number for resource 8226a31b-4f4d-4d2c-8fc1-3ae58f131b51 (type: security_group_rules) to 0
2026-05-15 09:21:59.755 8 INFO neutron.db.ovn_revision_numbers_db [None req-15bf16f4-fdf2-458e-aa0b-58653878d6f4 215e1e5660df46379b841cd90b1938d4 dedfa198469e442d8147013503d44b88 - - default default] Successfully bumped revision number for resource ba020be2-5a24-4803-b039-2909e939e470 (type: security_group_rules) to 0
2026-05-15 09:21:59.765 7 INFO neutron.db.segments_db [None req-972fefd1-9e68-4a3c-a122-d012898da422 d59b6ab920b74d26af0271cf88016c25 bb82b2a50b274abd872f41bc13e2271e - - default default] Added segment 9158ebf2-a077-4560-aae8-a4927b771fb1 of type geneve for network e24a1b3d-97ee-4e8c-9625-0aa79477fe89
2026-05-15 09:21:59.836 8 INFO neutron.db.segments_db [None req-15bf16f4-fdf2-458e-aa0b-58653878d6f4 215e1e5660df46379b841cd90b1938d4 dedfa198469e442d8147013503d44b88 - - default default] Added segment 1d0f6ae6-8ae7-4ac1-8407-6ff6d6e0d360 of type geneve for network e268cef8-14a5-45c2-91ff-9d492f99c5d6
2026-05-15 09:21:59.872 7 INFO neutron.db.ovn_revision_numbers_db [None req-972fefd1-9e68-4a3c-a122-d012898da422 d59b6ab920b74d26af0271cf88016c25 bb82b2a50b274abd872f41bc13e2271e - - default default] Successfully bumped revision number for resource e24a1b3d-97ee-4e8c-9625-0aa79477fe89 (type: networks) to 1
2026-05-15 09:21:59.967 8 INFO neutron.db.ovn_revision_numbers_db [None req-15bf16f4-fdf2-458e-aa0b-58653878d6f4 215e1e5660df46379b841cd90b1938d4 dedfa198469e442d8147013503d44b88 - - default default] Successfully bumped revision number for resource e268cef8-14a5-45c2-91ff-9d492f99c5d6 (type: networks) to 1
2026-05-15 09:22:00.030 7 WARNING neutron.scheduler.dhcp_agent_scheduler [None req-972fefd1-9e68-4a3c-a122-d012898da422 d59b6ab920b74d26af0271cf88016c25 bb82b2a50b274abd872f41bc13e2271e - - default default] No more DHCP agents
2026-05-15 09:22:00.032 7 WARNING neutron.api.rpc.agentnotifiers.dhcp_rpc_agent_api [None req-972fefd1-9e68-4a3c-a122-d012898da422 d59b6ab920b74d26af0271cf88016c25 bb82b2a50b274abd872f41bc13e2271e - - default default] Unable to schedule network e24a1b3d-97ee-4e8c-9625-0aa79477fe89: no agents available; will retry on subsequent port and subnet creation events.
2026-05-15 09:22:00.098 8 INFO neutron.plugins.ml2.drivers.ovn.mech_driver.mech_driver [None req-6774e564-80a6-4210-a0fb-852403fd4456 - - - - - -] OVN reports status down for port: ae738167-8588-4aec-8cf8-0642ec551c22
2026-05-15 09:22:00.101 7 INFO neutron.db.ovn_revision_numbers_db [None req-972fefd1-9e68-4a3c-a122-d012898da422 d59b6ab920b74d26af0271cf88016c25 bb82b2a50b274abd872f41bc13e2271e - - default default] Successfully bumped revision number for resource ae738167-8588-4aec-8cf8-0642ec551c22 (type: ports) to 1 [pid: 7|app: 0|req: 734/1459] 10.0.0.202 () {34 vars in 670 bytes} [Fri May 15 09:21:59 2026] POST /v2.0/networks => generated 651 bytes in 830 msecs (HTTP/1.1 201) 4 headers in 162 bytes (1 switches on core 0)
2026-05-15 09:22:00.240 8 WARNING neutron.scheduler.dhcp_agent_scheduler [None req-15bf16f4-fdf2-458e-aa0b-58653878d6f4 215e1e5660df46379b841cd90b1938d4 dedfa198469e442d8147013503d44b88 - - default default] No more DHCP agents
2026-05-15 09:22:00.241 8 WARNING neutron.api.rpc.agentnotifiers.dhcp_rpc_agent_api [None req-15bf16f4-fdf2-458e-aa0b-58653878d6f4 215e1e5660df46379b841cd90b1938d4 dedfa198469e442d8147013503d44b88 - - default default] Unable to schedule network e268cef8-14a5-45c2-91ff-9d492f99c5d6: no agents available; will retry on subsequent port and subnet creation events. [pid: 7|app: 0|req: 735/1460] 10.0.0.202 () {32 vars in 723 bytes} [Fri May 15 09:22:00 2026] DELETE /v2.0/subnets/d01202b8-05d9-48fe-88be-831a554e8a42 => generated 0 bytes in 121 msecs (HTTP/1.1 204) 3 headers in 131 bytes (1 switches on core 0)
2026-05-15 09:22:00.275 8 INFO neutron.plugins.ml2.drivers.ovn.mech_driver.mech_driver [None req-6774e564-80a6-4210-a0fb-852403fd4456 - - - - - -] OVN reports status down for port: 49025d03-3f35-43a3-b375-89a5930b86cf
2026-05-15 09:22:00.342 8 INFO neutron.db.ovn_revision_numbers_db [None req-15bf16f4-fdf2-458e-aa0b-58653878d6f4 215e1e5660df46379b841cd90b1938d4 dedfa198469e442d8147013503d44b88 - - default default] Successfully bumped revision number for resource 49025d03-3f35-43a3-b375-89a5930b86cf (type: ports) to 1 [pid: 8|app: 0|req: 726/1461] 10.0.0.202 () {34 vars in 669 bytes} [Fri May 15 09:21:59 2026] POST /v2.0/networks => generated 668 bytes in 848 msecs (HTTP/1.1 201) 4 headers in 162 bytes (1 switches on core 0)
2026-05-15 09:22:00.521 8 INFO neutron_taas.services.taas.taas_plugin [None req-27fae2c0-9a75-41c9-8a29-de94d4c71478 9d6644846b744fd3bb64c5730ddf43fe b09beccf85814cf3896d7be944a10947 - - default default] TaaS: Handle Delete Port: e273f3c7-cad1-46e7-9deb-2e42e748c627
2026-05-15 09:22:00.524 8 INFO neutron_taas.services.taas.tap_mirror_plugin [None req-27fae2c0-9a75-41c9-8a29-de94d4c71478 9d6644846b744fd3bb64c5730ddf43fe b09beccf85814cf3896d7be944a10947 - - default default] Tap Mirror: Handle Delete Port: e273f3c7-cad1-46e7-9deb-2e42e748c627
2026-05-15 09:22:00.669 7 WARNING neutron.scheduler.dhcp_agent_scheduler [None req-f5d0fcba-7940-401f-877a-d126dc54151d d59b6ab920b74d26af0271cf88016c25 bb82b2a50b274abd872f41bc13e2271e - - default default] No more DHCP agents
2026-05-15 09:22:00.671 7 WARNING neutron.api.rpc.agentnotifiers.dhcp_rpc_agent_api [None req-f5d0fcba-7940-401f-877a-d126dc54151d d59b6ab920b74d26af0271cf88016c25 bb82b2a50b274abd872f41bc13e2271e - - default default] Unable to schedule network 2057ae42-a5b8-4f9f-b557-7f598273893a: no agents available; will retry on subsequent port and subnet creation events.
2026-05-15 09:22:00.753 8 INFO neutron.services.segments.plugin [-] Segment 39bf418f-b614-4956-bc67-40e86f08738b resource provider aggregate not found
2026-05-15 09:22:00.760 8 INFO neutron.plugins.ml2.drivers.ovn.mech_driver.mech_driver [None req-6774e564-80a6-4210-a0fb-852403fd4456 - - - - - -] OVN reports status down for port: 9c73e1d1-c9d2-406e-a5ad-2738650ca0c7
2026-05-15 09:22:00.766 8 INFO neutron.services.segments.plugin [-] Segment 39bf418f-b614-4956-bc67-40e86f08738b resource provider aggregate not found
2026-05-15 09:22:00.784 8 INFO neutron.services.segments.plugin [-] Segment 39bf418f-b614-4956-bc67-40e86f08738b resource provider not found; error: Placement Client Error (4xx): {"errors": [{"status": 404, "title": "Not Found", "detail": "The resource could not be found.\n\n No resource provider with uuid 39bf418f-b614-4956-bc67-40e86f08738b found for delete ", "request_id": "req-edd61be0-0f8c-42a9-830e-1233c9cc86a1"}]}
2026-05-15 09:22:00.794 8 INFO neutron.services.segments.plugin [-] Segment 39bf418f-b614-4956-bc67-40e86f08738b resource provider not found; error: Placement Client Error (4xx): {"errors": [{"status": 404, "title": "Not Found", "detail": "The resource could not be found.\n\n No resource provider with uuid 39bf418f-b614-4956-bc67-40e86f08738b found for delete ", "request_id": "req-54afe686-5693-417e-b573-ea1abaeb756c"}]}
2026-05-15 09:22:00.797 7 INFO neutron.db.ovn_revision_numbers_db [None req-f5d0fcba-7940-401f-877a-d126dc54151d d59b6ab920b74d26af0271cf88016c25 bb82b2a50b274abd872f41bc13e2271e - - default default] Successfully bumped revision number for resource 9c73e1d1-c9d2-406e-a5ad-2738650ca0c7 (type: ports) to 1 [pid: 8|app: 0|req: 727/1462] 10.0.0.202 () {32 vars in 725 bytes} [Fri May 15 09:22:00 2026] DELETE /v2.0/networks/01b53445-246e-4748-9bb1-21e6d6d4ecb1 => generated 0 bytes in 466 msecs (HTTP/1.1 204) 3 headers in 131 bytes (1 switches on core 0) [pid: 8|app: 0|req: 728/1463] 10.0.0.105 () {28 vars in 582 bytes} [Fri May 15 09:22:00 2026] GET /v2.0/subnets => generated 1989 bytes in 126 msecs (HTTP/1.1 200) 4 headers in 158 bytes (1 switches on core 0) [pid: 8|app: 0|req: 729/1464] 10.0.0.202 () {32 vars in 739 bytes} [Fri May 15 09:22:00 2026] DELETE /v2.0/security-groups/3ed54555-96e1-4fd3-89fc-278795c165ae => generated 0 bytes in 151 msecs (HTTP/1.1 204) 2 headers in 112 bytes (1 switches on core 0)
2026-05-15 09:22:01.339 8 WARNING neutron.scheduler.dhcp_agent_scheduler [None req-104e520a-31ce-494f-a3b6-58071075b53b 215e1e5660df46379b841cd90b1938d4 dedfa198469e442d8147013503d44b88 - - default default] No more DHCP agents
2026-05-15 09:22:01.340 8 WARNING neutron.api.rpc.agentnotifiers.dhcp_rpc_agent_api [None req-104e520a-31ce-494f-a3b6-58071075b53b 215e1e5660df46379b841cd90b1938d4 dedfa198469e442d8147013503d44b88 - - default default] Unable to schedule network e268cef8-14a5-45c2-91ff-9d492f99c5d6: no agents available; will retry on subsequent port and subnet creation events.
2026-05-15 09:22:01.362 8 INFO neutron.db.ovn_revision_numbers_db [None req-104e520a-31ce-494f-a3b6-58071075b53b 215e1e5660df46379b841cd90b1938d4 dedfa198469e442d8147013503d44b88 - - default default] Successfully bumped revision number for resource 9cdf6076-5bae-4c05-a33d-8127b850992f (type: subnets) to 0 [pid: 8|app: 0|req: 730/1465] 10.0.0.202 () {34 vars in 668 bytes} [Fri May 15 09:22:01 2026] POST /v2.0/subnets => generated 627 bytes in 247 msecs (HTTP/1.1 201) 4 headers in 162 bytes (1 switches on core 0)
2026-05-15 09:22:01.468 7 INFO neutron.plugins.ml2.drivers.ovn.mech_driver.ovsdb.commands [None req-ef66d9b8-bff2-4b23-93ea-9ec7ece2049f - - - - - -] Schedule LRP lrp-9c73e1d1-c9d2-406e-a5ad-2738650ca0c7 on gateway 201e792a-9552-4c38-ab5e-5c0ebe1b10ce with priority 1
2026-05-15 09:22:01.480 8 INFO neutron.db.segments_db [None req-846a3740-93aa-472b-a581-41377c889a55 9d6644846b744fd3bb64c5730ddf43fe b09beccf85814cf3896d7be944a10947 - - default default] Added segment f02274a7-0ef0-4921-9547-12abf59c1582 of type geneve for network a1e112ea-51a7-4250-8b7b-d988a90a4f33
2026-05-15 09:22:01.490 8 INFO neutron.plugins.ml2.drivers.ovn.mech_driver.mech_driver [None req-6774e564-80a6-4210-a0fb-852403fd4456 - - - - - -] OVN reports status up for port: 9c73e1d1-c9d2-406e-a5ad-2738650ca0c7
2026-05-15 09:22:01.525 7 INFO neutron.db.ovn_revision_numbers_db [None req-f5d0fcba-7940-401f-877a-d126dc54151d d59b6ab920b74d26af0271cf88016c25 bb82b2a50b274abd872f41bc13e2271e - - default default] Successfully bumped revision number for resource 9c73e1d1-c9d2-406e-a5ad-2738650ca0c7 (type: router_ports) to 1
2026-05-15 09:22:01.550 8 INFO neutron.plugins.ml2.plugin [None req-6774e564-80a6-4210-a0fb-852403fd4456 - - - - - -] Attempt 1 to provision port 9c73e1d1-c9d2-406e-a5ad-2738650ca0c7
2026-05-15 09:22:01.553 7 INFO neutron.plugins.ml2.drivers.ovn.mech_driver.ovsdb.ovsdb_monitor [None req-5522ee3d-17c9-40cd-aee6-ccf01a029115 - - - - - -] Router 556fd0db-ed71-490c-a44c-6d563cf1b6d0 is bound to host instance
2026-05-15 09:22:01.657 7 INFO neutron.db.ovn_revision_numbers_db [None req-f5d0fcba-7940-401f-877a-d126dc54151d d59b6ab920b74d26af0271cf88016c25 bb82b2a50b274abd872f41bc13e2271e - - default default] Successfully bumped revision number for resource 556fd0db-ed71-490c-a44c-6d563cf1b6d0 (type: routers) to 2 [pid: 7|app: 0|req: 736/1466] 10.0.0.202 () {34 vars in 668 bytes} [Fri May 15 09:22:00 2026] POST /v2.0/routers => generated 955 bytes in 1445 msecs (HTTP/1.1 201) 4 headers in 162 bytes (1 switches on core 0)
2026-05-15 09:22:01.702 8 INFO neutron.db.ovn_revision_numbers_db [None req-846a3740-93aa-472b-a581-41377c889a55 9d6644846b744fd3bb64c5730ddf43fe b09beccf85814cf3896d7be944a10947 - - default default] Successfully bumped revision number for resource a1e112ea-51a7-4250-8b7b-d988a90a4f33 (type: networks) to 1 [pid: 7|app: 0|req: 737/1467] 10.0.0.105 () {28 vars in 590 bytes} [Fri May 15 09:22:01 2026] GET /v2.0/subnetpools => generated 19 bytes in 27 msecs (HTTP/1.1 200) 4 headers in 156 bytes (1 switches on core 0)
2026-05-15 09:22:01.748 7 INFO neutron.api.v2.resource [None req-96f07b56-be6d-4d4a-a69a-8486c939555d 163838a398604dc390a80a02e56d3c7a faeee13ef8e4476981b233df5d1fd6b1 - - default default] show failed (client error): The resource could not be found. [pid: 7|app: 0|req: 738/1468] 10.0.0.202 () {32 vars in 736 bytes} [Fri May 15 09:22:01 2026] GET /v2.0/security-groups/3ed54555-96e1-4fd3-89fc-278795c165ae => generated 146 bytes in 23 msecs (HTTP/1.1 404) 4 headers in 164 bytes (1 switches on core 0)
2026-05-15 09:22:01.884 8 WARNING neutron.scheduler.dhcp_agent_scheduler [None req-846a3740-93aa-472b-a581-41377c889a55 9d6644846b744fd3bb64c5730ddf43fe b09beccf85814cf3896d7be944a10947 - - default default] No more DHCP agents
2026-05-15 09:22:01.886 8 WARNING neutron.api.rpc.agentnotifiers.dhcp_rpc_agent_api [None req-846a3740-93aa-472b-a581-41377c889a55 9d6644846b744fd3bb64c5730ddf43fe b09beccf85814cf3896d7be944a10947 - - default default] Unable to schedule network a1e112ea-51a7-4250-8b7b-d988a90a4f33: no agents available; will retry on subsequent port and subnet creation events.
2026-05-15 09:22:01.972 8 INFO neutron.db.ovn_revision_numbers_db [None req-846a3740-93aa-472b-a581-41377c889a55 9d6644846b744fd3bb64c5730ddf43fe b09beccf85814cf3896d7be944a10947 - - default default] Successfully bumped revision number for resource 52e7680a-a7c4-4613-92ec-b79bc4ada9d6 (type: ports) to 1 [pid: 8|app: 0|req: 731/1471] 10.0.0.202 () {34 vars in 669 bytes} [Fri May 15 09:22:01 2026] POST /v2.0/networks => generated 652 bytes in 608 msecs (HTTP/1.1 201) 4 headers in 162 bytes (1 switches on core 0) [pid: 8|app: 0|req: 732/1472] 10.0.0.202 () {32 vars in 775 bytes} [Fri May 15 09:22:01 2026] GET /v2.0/subnets?project_id=bb82b2a50b274abd872f41bc13e2271e&cidr=10.100.0.0%2F28 => generated 14 bytes in 61 msecs (HTTP/1.1 200) 4 headers in 156 bytes (1 switches on core 0) [pid: 8|app: 0|req: 733/1473] 10.0.0.105 () {28 vars in 590 bytes} [Fri May 15 09:22:02 2026] GET /v2.0/floatingips => generated 555 bytes in 28 msecs (HTTP/1.1 200) 4 headers in 157 bytes (1 switches on core 0)
2026-05-15 09:22:02.202 8 INFO neutron_taas.services.taas.taas_plugin [None req-c8c1afbf-3662-4719-860c-a68b21873876 163838a398604dc390a80a02e56d3c7a faeee13ef8e4476981b233df5d1fd6b1 - - default default] TaaS: Handle Delete Port: cbf0887f-8235-4b7b-b805-9da85c386a0e
2026-05-15 09:22:02.205 8 INFO neutron_taas.services.taas.tap_mirror_plugin [None req-c8c1afbf-3662-4719-860c-a68b21873876 163838a398604dc390a80a02e56d3c7a faeee13ef8e4476981b233df5d1fd6b1 - - default default] Tap Mirror: Handle Delete Port: cbf0887f-8235-4b7b-b805-9da85c386a0e [pid: 8|app: 0|req: 734/1474] 10.0.0.202 () {32 vars in 731 bytes} [Fri May 15 09:22:02 2026] DELETE /v2.0/floatingips/8aa2b32c-e847-4dff-843e-2dcecad334bb => generated 0 bytes in 282 msecs (HTTP/1.1 204) 2 headers in 112 bytes (1 switches on core 0)
2026-05-15 09:22:02.535 8 WARNING neutron.scheduler.dhcp_agent_scheduler [None req-62efb4db-7914-4ae4-a81d-45da20027092 9d6644846b744fd3bb64c5730ddf43fe b09beccf85814cf3896d7be944a10947 - - default default] No more DHCP agents
2026-05-15 09:22:02.537 8 WARNING neutron.api.rpc.agentnotifiers.dhcp_rpc_agent_api [None req-62efb4db-7914-4ae4-a81d-45da20027092 9d6644846b744fd3bb64c5730ddf43fe b09beccf85814cf3896d7be944a10947 - - default default] Unable to schedule network a1e112ea-51a7-4250-8b7b-d988a90a4f33: no agents available; will retry on subsequent port and subnet creation events.
2026-05-15 09:22:02.563 8 INFO neutron.db.ovn_revision_numbers_db [None req-62efb4db-7914-4ae4-a81d-45da20027092 9d6644846b744fd3bb64c5730ddf43fe b09beccf85814cf3896d7be944a10947 - - default default] Successfully bumped revision number for resource 22d46504-8e55-40dc-9009-af1303523141 (type: subnets) to 0 [pid: 8|app: 0|req: 735/1475] 10.0.0.202 () {34 vars in 668 bytes} [Fri May 15 09:22:02 2026] POST /v2.0/subnets => generated 646 bytes in 216 msecs (HTTP/1.1 201) 4 headers in 162 bytes (1 switches on core 0)
2026-05-15 09:22:02.630 7 WARNING neutron.scheduler.dhcp_agent_scheduler [None req-e20bd2a9-140c-4ee3-8eeb-e9e9603a24f8 215e1e5660df46379b841cd90b1938d4 dedfa198469e442d8147013503d44b88 - - default default] No more DHCP agents
2026-05-15 09:22:02.636 7 WARNING neutron.api.rpc.agentnotifiers.dhcp_rpc_agent_api [None req-e20bd2a9-140c-4ee3-8eeb-e9e9603a24f8 215e1e5660df46379b841cd90b1938d4 dedfa198469e442d8147013503d44b88 - - default default] Unable to schedule network 2057ae42-a5b8-4f9f-b557-7f598273893a: no agents available; will retry on subsequent port and subnet creation events. [pid: 8|app: 0|req: 736/1476] 10.0.0.202 () {32 vars in 693 bytes} [Fri May 15 09:22:02 2026] GET /v2.0/networks?router%3Aexternal=True => generated 791 bytes in 58 msecs (HTTP/1.1 200) 4 headers in 157 bytes (1 switches on core 0) [pid: 8|app: 0|req: 737/1477] 10.0.0.105 () {28 vars in 584 bytes} [Fri May 15 09:22:02 2026] GET /v2.0/networks => generated 5416 bytes in 71 msecs (HTTP/1.1 200) 4 headers in 158 bytes (1 switches on core 0)
2026-05-15 09:22:02.841 7 WARNING neutron.plugins.ml2.drivers.ovn.mech_driver.ovsdb.ovn_client [None req-b9e8c619-1ec6-4d51-bb04-657cbf38149b - - - - - -] No port found with ID ab02aec0-aa35-41c3-9dc4-5aaf6090b1dd: RuntimeError: No port found with ID ab02aec0-aa35-41c3-9dc4-5aaf6090b1dd
2026-05-15 09:22:02.885 7 INFO neutron.db.ovn_revision_numbers_db [None req-e20bd2a9-140c-4ee3-8eeb-e9e9603a24f8 215e1e5660df46379b841cd90b1938d4 dedfa198469e442d8147013503d44b88 - - default default] Successfully bumped revision number for resource d2b289f6-1df0-4280-b3a5-d21c1b72d48d (type: ports) to 1
2026-05-15 09:22:03.033 8 INFO neutron_taas.services.taas.taas_plugin [None req-36a42d87-2d9c-49d8-9845-da718d37b33c 8bce8b03cfad444a8991748ce9e0521a 1b76c0c3d0f443bc956cf73f618deed3 - - default default] TaaS: Handle Delete Port: 559d5407-f522-478b-996e-59e57634326d
2026-05-15 09:22:03.036 8 INFO neutron_taas.services.taas.tap_mirror_plugin [None req-36a42d87-2d9c-49d8-9845-da718d37b33c 8bce8b03cfad444a8991748ce9e0521a 1b76c0c3d0f443bc956cf73f618deed3 - - default default] Tap Mirror: Handle Delete Port: 559d5407-f522-478b-996e-59e57634326d
2026-05-15 09:22:03.188 7 INFO neutron.db.ovn_revision_numbers_db [None req-d536e057-c20d-4a10-a161-42f0d71e922b - - - - - -] Successfully bumped revision number for resource 9c73e1d1-c9d2-406e-a5ad-2738650ca0c7 (type: ports) to 4 [pid: 8|app: 0|req: 738/1478] 10.0.0.202 () {34 vars in 788 bytes} [Fri May 15 09:22:02 2026] PUT /v2.0/routers/a229617f-86bb-4134-81af-17843bbb6d1c/remove_router_interface => generated 309 bytes in 980 msecs (HTTP/1.1 200) 4 headers in 157 bytes (1 switches on core 0) /var/lib/openstack/lib/python3.12/site-packages/pycadf/identifier.py:70: UserWarning: Invalid uuid: neutron. To ensure interoperability, identifiers should be a valid uuid. warnings.warn(('Invalid uuid: %s. To ensure interoperability, '
2026-05-15 09:22:03.809 7 INFO neutron.db.ovn_revision_numbers_db [None req-d536e057-c20d-4a10-a161-42f0d71e922b - - - - - -] Successfully bumped revision number for resource 9c73e1d1-c9d2-406e-a5ad-2738650ca0c7 (type: ports) to 5
2026-05-15 09:22:03.839 8 INFO neutron.db.ovn_revision_numbers_db [None req-14173803-22b9-4464-b180-6b94faa03eb2 9d6644846b744fd3bb64c5730ddf43fe b09beccf85814cf3896d7be944a10947 - - default default] Successfully bumped revision number for resource 57a3e38b-103f-45aa-8217-5ac18b934af8 (type: routers) to 1 [pid: 8|app: 0|req: 739/1479] 10.0.0.202 () {34 vars in 668 bytes} [Fri May 15 09:22:03 2026] POST /v2.0/routers => generated 607 bytes in 165 msecs (HTTP/1.1 201) 4 headers in 162 bytes (1 switches on core 0) [pid: 8|app: 0|req: 740/1480] 10.0.0.202 () {32 vars in 783 bytes} [Fri May 15 09:22:03 2026] GET /v2.0/subnets?network_id=2057ae42-a5b8-4f9f-b557-7f598273893a&cidr=10.100.0.0%2F28 => generated 14 bytes in 22 msecs (HTTP/1.1 200) 4 headers in 156 bytes (1 switches on core 0) [pid: 8|app: 0|req: 741/1481] 10.0.0.105 () {28 vars in 582 bytes} [Fri May 15 09:22:03 2026] GET /v2.0/routers => generated 3512 bytes in 66 msecs (HTTP/1.1 200) 4 headers in 158 bytes (1 switches on core 0)
2026-05-15 09:22:04.003 7 INFO neutron.plugins.ml2.drivers.ovn.mech_driver.ovsdb.commands [None req-ef66d9b8-bff2-4b23-93ea-9ec7ece2049f - - - - - -] Schedule LRP lrp-d2b289f6-1df0-4280-b3a5-d21c1b72d48d on gateway 201e792a-9552-4c38-ab5e-5c0ebe1b10ce with priority 1
