2026-05-15 09:22:29.039 7 INFO neutron.db.ovn_revision_numbers_db [None req-32414474-c474-4415-9760-41862441f7a2 8bce8b03cfad444a8991748ce9e0521a 1b76c0c3d0f443bc956cf73f618deed3 - - default default] Successfully bumped revision number for resource cf29374d-e13d-4e2a-9b1a-75a27ea30f62 (type: ports) to 1
2026-05-15 09:22:29.057 8 INFO neutron.plugins.ml2.drivers.ovn.mech_driver.mech_driver [None req-d5b0b9be-43ac-4e98-8549-b7529b7d2d1e - - - - - -] OVN reports status down for port: cf29374d-e13d-4e2a-9b1a-75a27ea30f62 [pid: 8|app: 0|req: 888/1746] 10.0.0.202 () {32 vars in 720 bytes} [Fri May 15 09:22:28 2026] GET /v2.0/subnets/5e3a929d-6c94-457a-9512-1bbd6f6deb0d => generated 673 bytes in 75 msecs (HTTP/1.1 200) 4 headers in 157 bytes (1 switches on core 0) [pid: 8|app: 0|req: 889/1747] 10.0.0.1 () {34 vars in 987 bytes} [Fri May 15 09:22:29 2026] GET /v2.0/ports?device_id=14b3636f-2428-44c1-95ca-e287dc32a531 => generated 971 bytes in 66 msecs (HTTP/1.1 200) 4 headers in 157 bytes (1 switches on core 0)
2026-05-15 09:22:29.146 8 INFO neutron.pecan_wsgi.hooks.translation [None req-5ecd2ed2-63b4-4bbc-b1db-d876248a93d0 351be278eaad41168ab27dc76c222f6d 4625c1341c0647bdb3a3f2c7e3ee48b2 - - default default] DELETE failed (client error): The resource could not be found. [pid: 8|app: 0|req: 890/1748] 10.0.0.202 () {32 vars in 723 bytes} [Fri May 15 09:22:29 2026] DELETE /v2.0/subnets/fce86e75-cfea-4205-b10e-bc63ff91a90a => generated 136 bytes in 18 msecs (HTTP/1.1 404) 4 headers in 164 bytes (1 switches on core 0) [pid: 8|app: 0|req: 891/1749] 10.0.0.1 () {34 vars in 1037 bytes} [Fri May 15 09:22:29 2026] GET /v2.0/security-groups?id=61704e37-9ec7-490b-b2e0-16cbdcd2c2d3&fields=id&fields=name => generated 114 bytes in 48 msecs (HTTP/1.1 200) 4 headers in 157 bytes (1 switches on core 0)
2026-05-15 09:22:29.215 8 INFO neutron.pecan_wsgi.hooks.translation [None req-b1a50b3a-a0d1-41b1-8b76-839689663094 351be278eaad41168ab27dc76c222f6d 4625c1341c0647bdb3a3f2c7e3ee48b2 - - default default] DELETE failed (client error): The resource could not be found. [pid: 8|app: 0|req: 892/1750] 10.0.0.202 () {32 vars in 725 bytes} [Fri May 15 09:22:29 2026] DELETE /v2.0/networks/921eff2a-9069-4f41-ad49-dd63ea45b989 => generated 138 bytes in 18 msecs (HTTP/1.1 404) 4 headers in 164 bytes (1 switches on core 0) [pid: 8|app: 0|req: 893/1751] 10.0.0.202 () {32 vars in 735 bytes} [Fri May 15 09:22:29 2026] GET /v2.0/ports?device_id=14b3636f-2428-44c1-95ca-e287dc32a531 => generated 1209 bytes in 32 msecs (HTTP/1.1 200) 4 headers in 158 bytes (1 switches on core 0) [pid: 8|app: 0|req: 894/1752] 10.0.0.202 () {32 vars in 723 bytes} [Fri May 15 09:22:29 2026] DELETE /v2.0/subnets/5e3a929d-6c94-457a-9512-1bbd6f6deb0d => generated 0 bytes in 137 msecs (HTTP/1.1 204) 3 headers in 131 bytes (1 switches on core 0)
2026-05-15 09:22:29.563 7 INFO neutron.plugins.ml2.drivers.ovn.mech_driver.ovsdb.commands [None req-ef66d9b8-bff2-4b23-93ea-9ec7ece2049f - - - - - -] Schedule LRP lrp-cf29374d-e13d-4e2a-9b1a-75a27ea30f62 on gateway 201e792a-9552-4c38-ab5e-5c0ebe1b10ce with priority 1
2026-05-15 09:22:29.602 7 INFO neutron.plugins.ml2.drivers.ovn.mech_driver.ovsdb.ovsdb_monitor [None req-d536e057-c20d-4a10-a161-42f0d71e922b - - - - - -] Router 7fc5fba6-7dfe-4e81-a09c-21f136af4702 is bound to host instance
2026-05-15 09:22:29.639 8 INFO neutron.plugins.ml2.drivers.ovn.mech_driver.mech_driver [None req-d5b0b9be-43ac-4e98-8549-b7529b7d2d1e - - - - - -] OVN reports status up for port: cf29374d-e13d-4e2a-9b1a-75a27ea30f62
2026-05-15 09:22:29.673 8 INFO neutron.plugins.ml2.plugin [None req-d5b0b9be-43ac-4e98-8549-b7529b7d2d1e - - - - - -] Attempt 1 to provision port cf29374d-e13d-4e2a-9b1a-75a27ea30f62
2026-05-15 09:22:29.674 7 INFO neutron.db.ovn_revision_numbers_db [None req-32414474-c474-4415-9760-41862441f7a2 8bce8b03cfad444a8991748ce9e0521a 1b76c0c3d0f443bc956cf73f618deed3 - - default default] Successfully bumped revision number for resource cf29374d-e13d-4e2a-9b1a-75a27ea30f62 (type: router_ports) to 1
2026-05-15 09:22:29.691 8 WARNING neutron.scheduler.dhcp_agent_scheduler [None req-14c93391-bbd9-4d47-8019-f833a685ceda d59b6ab920b74d26af0271cf88016c25 bb82b2a50b274abd872f41bc13e2271e - - default default] No more DHCP agents
2026-05-15 09:22:29.694 8 WARNING neutron.api.rpc.agentnotifiers.dhcp_rpc_agent_api [None req-14c93391-bbd9-4d47-8019-f833a685ceda d59b6ab920b74d26af0271cf88016c25 bb82b2a50b274abd872f41bc13e2271e - - default default] Unable to schedule network 2057ae42-a5b8-4f9f-b557-7f598273893a: no agents available; will retry on subsequent port and subnet creation events.
2026-05-15 09:22:29.779 7 INFO neutron.db.ovn_revision_numbers_db [None req-32414474-c474-4415-9760-41862441f7a2 8bce8b03cfad444a8991748ce9e0521a 1b76c0c3d0f443bc956cf73f618deed3 - - default default] Successfully bumped revision number for resource 7fc5fba6-7dfe-4e81-a09c-21f136af4702 (type: routers) to 2 [pid: 7|app: 0|req: 859/1753] 10.0.0.202 () {34 vars in 668 bytes} [Fri May 15 09:22:28 2026] POST /v2.0/routers => generated 966 bytes in 1436 msecs (HTTP/1.1 201) 4 headers in 162 bytes (1 switches on core 0)
2026-05-15 09:22:30.426 7 WARNING neutron.scheduler.dhcp_agent_scheduler [None req-0977746e-8319-422c-95d0-0ba623c4f136 cfdedacb6a364648b6857f1ad0d625a6 57a660011f44421fb133a7e0994cf100 - - default default] No more DHCP agents
2026-05-15 09:22:30.429 7 WARNING neutron.api.rpc.agentnotifiers.dhcp_rpc_agent_api [None req-0977746e-8319-422c-95d0-0ba623c4f136 cfdedacb6a364648b6857f1ad0d625a6 57a660011f44421fb133a7e0994cf100 - - default default] Unable to schedule network 99c6e3c4-e286-440d-9575-6ec96dac6cba: no agents available; will retry on subsequent port and subnet creation events.
2026-05-15 09:22:30.475 7 INFO neutron.db.ovn_revision_numbers_db [None req-0977746e-8319-422c-95d0-0ba623c4f136 cfdedacb6a364648b6857f1ad0d625a6 57a660011f44421fb133a7e0994cf100 - - default default] Successfully bumped revision number for resource 06733b00-4ebe-425f-a3cc-66dbc1d8fd4c (type: subnets) to 0
2026-05-15 09:22:30.541 7 WARNING neutron.scheduler.dhcp_agent_scheduler [None req-0977746e-8319-422c-95d0-0ba623c4f136 cfdedacb6a364648b6857f1ad0d625a6 57a660011f44421fb133a7e0994cf100 - - default default] No more DHCP agents
2026-05-15 09:22:30.544 7 WARNING neutron.api.rpc.agentnotifiers.dhcp_rpc_agent_api [None req-0977746e-8319-422c-95d0-0ba623c4f136 cfdedacb6a364648b6857f1ad0d625a6 57a660011f44421fb133a7e0994cf100 - - default default] Unable to schedule network c94f7682-602e-4fb9-ab72-cacd99bb85bf: no agents available; will retry on subsequent port and subnet creation events.
2026-05-15 09:22:30.556 8 INFO neutron.db.ovn_revision_numbers_db [None req-14c93391-bbd9-4d47-8019-f833a685ceda d59b6ab920b74d26af0271cf88016c25 bb82b2a50b274abd872f41bc13e2271e - - default default] Successfully bumped revision number for resource b9c4f0a5-9dd0-4bcb-adfa-fc90c31dd2e3 (type: floatingips) to 1
2026-05-15 09:22:30.556 8 INFO neutron.db.l3_db [None req-14c93391-bbd9-4d47-8019-f833a685ceda d59b6ab920b74d26af0271cf88016c25 bb82b2a50b274abd872f41bc13e2271e - - default default] Floating IP b9c4f0a5-9dd0-4bcb-adfa-fc90c31dd2e3 associated. External IP: 10.96.250.205, port: d33898fd-38c6-435b-ba1b-6f1f03b88b88. [pid: 8|app: 0|req: 895/1754] 10.0.0.202 () {34 vars in 676 bytes} [Fri May 15 09:22:29 2026] POST /v2.0/floatingips => generated 855 bytes in 1205 msecs (HTTP/1.1 201) 4 headers in 162 bytes (1 switches on core 0)
2026-05-15 09:22:30.614 7 INFO neutron.db.ovn_revision_numbers_db [None req-0977746e-8319-422c-95d0-0ba623c4f136 cfdedacb6a364648b6857f1ad0d625a6 57a660011f44421fb133a7e0994cf100 - - default default] Successfully bumped revision number for resource 4c24c4f6-ac62-44b7-93b9-c5fce4b88286 (type: subnets) to 0
2026-05-15 09:22:30.632 8 INFO neutron.notifiers.nova [-] Nova event matching ['req-027268f7-6197-428d-a88c-9a3d27924aec'] response: {'name': 'network-changed', 'server_uuid': '14b3636f-2428-44c1-95ca-e287dc32a531', 'tag': 'd33898fd-38c6-435b-ba1b-6f1f03b88b88', 'status': 'completed', 'code': 200} [pid: 7|app: 0|req: 860/1755] 10.0.0.202 () {34 vars in 668 bytes} [Fri May 15 09:22:29 2026] POST /v2.0/subnets => generated 1324 bytes in 841 msecs (HTTP/1.1 201) 4 headers in 163 bytes (1 switches on core 0)
2026-05-15 09:22:30.733 8 INFO neutron_taas.services.taas.taas_plugin [None req-5dfb0f7f-d2f2-4377-a678-e2ff42beb4f3 351be278eaad41168ab27dc76c222f6d 4625c1341c0647bdb3a3f2c7e3ee48b2 - - default default] TaaS: Handle Delete Port: 61bd8f5b-2adb-4831-9c6f-ae49a4470cdd
2026-05-15 09:22:30.736 8 INFO neutron_taas.services.taas.tap_mirror_plugin [None req-5dfb0f7f-d2f2-4377-a678-e2ff42beb4f3 351be278eaad41168ab27dc76c222f6d 4625c1341c0647bdb3a3f2c7e3ee48b2 - - default default] Tap Mirror: Handle Delete Port: 61bd8f5b-2adb-4831-9c6f-ae49a4470cdd
2026-05-15 09:22:30.935 8 INFO neutron.services.segments.plugin [-] Segment 4aed3640-7de9-449c-b10a-a774ac93d278 resource provider aggregate not found
2026-05-15 09:22:30.938 8 INFO neutron.services.segments.plugin [-] Segment 4aed3640-7de9-449c-b10a-a774ac93d278 resource provider aggregate not found
2026-05-15 09:22:30.953 8 INFO neutron.services.segments.plugin [-] Segment 4aed3640-7de9-449c-b10a-a774ac93d278 resource provider not found; error: Placement Client Error (4xx): {"errors": [{"status": 404, "title": "Not Found", "detail": "The resource could not be found.\n\n No resource provider with uuid 4aed3640-7de9-449c-b10a-a774ac93d278 found for delete ", "request_id": "req-6d1bbd2b-1675-4134-836d-21a1a30a22af"}]}
2026-05-15 09:22:30.957 8 INFO neutron.services.segments.plugin [-] Segment 4aed3640-7de9-449c-b10a-a774ac93d278 resource provider not found; error: Placement Client Error (4xx): {"errors": [{"status": 404, "title": "Not Found", "detail": "The resource could not be found.\n\n No resource provider with uuid 4aed3640-7de9-449c-b10a-a774ac93d278 found for delete ", "request_id": "req-b302733c-ffb5-4426-8fbe-cb97829cb455"}]} [pid: 8|app: 0|req: 896/1756] 10.0.0.202 () {32 vars in 725 bytes} [Fri May 15 09:22:30 2026] DELETE /v2.0/networks/43b03c4a-82ee-46a8-80dd-9931a14268ab => generated 0 bytes in 397 msecs (HTTP/1.1 204) 3 headers in 131 bytes (1 switches on core 0)
2026-05-15 09:22:31.017 7 INFO neutron.db.ovn_revision_numbers_db [None req-72fc3aa2-c959-42af-9abc-984a54261475 - - - - - -] Successfully bumped revision number for resource cf29374d-e13d-4e2a-9b1a-75a27ea30f62 (type: ports) to 4 [pid: 8|app: 0|req: 897/1757] 10.0.0.202 () {32 vars in 728 bytes} [Fri May 15 09:22:30 2026] GET /v2.0/floatingips/b9c4f0a5-9dd0-4bcb-adfa-fc90c31dd2e3 => generated 857 bytes in 40 msecs (HTTP/1.1 200) 4 headers in 157 bytes (1 switches on core 0) [pid: 8|app: 0|req: 898/1758] 10.0.0.202 () {32 vars in 646 bytes} [Fri May 15 09:22:31 2026] GET /v2.0/subnets => generated 1960 bytes in 56 msecs (HTTP/1.1 200) 4 headers in 158 bytes (1 switches on core 0) [pid: 8|app: 0|req: 899/1759] 10.0.0.202 () {32 vars in 723 bytes} [Fri May 15 09:22:31 2026] DELETE /v2.0/subnets/06733b00-4ebe-425f-a3cc-66dbc1d8fd4c => generated 0 bytes in 148 msecs (HTTP/1.1 204) 3 headers in 131 bytes (1 switches on core 0) [pid: 8|app: 0|req: 900/1760] 199.204.45.23 () {34 vars in 1078 bytes} [Fri May 15 09:22:31 2026] GET /v2.0/ports?tenant_id=bb82b2a50b274abd872f41bc13e2271e&device_id=14b3636f-2428-44c1-95ca-e287dc32a531 => generated 1209 bytes in 52 msecs (HTTP/1.1 200) 4 headers in 158 bytes (1 switches on core 0) [pid: 8|app: 0|req: 903/1763] 10.0.0.202 () {32 vars in 723 bytes} [Fri May 15 09:22:31 2026] DELETE /v2.0/subnets/4c24c4f6-ac62-44b7-93b9-c5fce4b88286 => generated 0 bytes in 153 msecs (HTTP/1.1 204) 3 headers in 131 bytes (1 switches on core 0)
2026-05-15 09:22:31.496 7 WARNING neutron.scheduler.dhcp_agent_scheduler [None req-a0b50022-b686-49cc-b8de-ca9ed3d48afb 8bce8b03cfad444a8991748ce9e0521a 1b76c0c3d0f443bc956cf73f618deed3 - - default default] No more DHCP agents
2026-05-15 09:22:31.499 7 WARNING neutron.api.rpc.agentnotifiers.dhcp_rpc_agent_api [None req-a0b50022-b686-49cc-b8de-ca9ed3d48afb 8bce8b03cfad444a8991748ce9e0521a 1b76c0c3d0f443bc956cf73f618deed3 - - default default] Unable to schedule network d8a99552-d734-4cfb-9e12-e97a60af8562: no agents available; will retry on subsequent port and subnet creation events. [pid: 8|app: 0|req: 904/1764] 199.204.45.23 () {34 vars in 984 bytes} [Fri May 15 09:22:31 2026] GET /v2.0/networks?id=e24a1b3d-97ee-4e8c-9625-0aa79477fe89 => generated 797 bytes in 43 msecs (HTTP/1.1 200) 4 headers in 157 bytes (1 switches on core 0)
2026-05-15 09:22:31.625 7 INFO neutron.db.ovn_revision_numbers_db [None req-72fc3aa2-c959-42af-9abc-984a54261475 - - - - - -] Successfully bumped revision number for resource cf29374d-e13d-4e2a-9b1a-75a27ea30f62 (type: ports) to 5 [pid: 8|app: 0|req: 905/1765] 10.0.0.202 () {32 vars in 773 bytes} [Fri May 15 09:22:31 2026] GET /v2.0/security-groups?tenant_id=4625c1341c0647bdb3a3f2c7e3ee48b2&name=default => generated 2925 bytes in 144 msecs (HTTP/1.1 200) 4 headers in 158 bytes (1 switches on core 0) [pid: 8|app: 0|req: 906/1766] 10.0.0.202 () {32 vars in 646 bytes} [Fri May 15 09:22:31 2026] GET /v2.0/subnets => generated 649 bytes in 38 msecs (HTTP/1.1 200) 4 headers in 157 bytes (1 switches on core 0)
2026-05-15 09:22:31.733 7 INFO neutron.plugins.ml2.drivers.ovn.mech_driver.mech_driver [None req-d2b0ed96-3442-458d-aec7-c160e8efcb41 - - - - - -] OVN reports status down for port: f42e1cc9-0e27-474a-a4de-bde6243cd4ed [pid: 8|app: 0|req: 907/1767] 199.204.45.23 () {34 vars in 1056 bytes} [Fri May 15 09:22:31 2026] GET /v2.0/floatingips?fixed_ip_address=10.100.0.9&port_id=d33898fd-38c6-435b-ba1b-6f1f03b88b88 => generated 860 bytes in 57 msecs (HTTP/1.1 200) 4 headers in 157 bytes (1 switches on core 0)
2026-05-15 09:22:31.822 7 INFO neutron.db.ovn_revision_numbers_db [None req-a0b50022-b686-49cc-b8de-ca9ed3d48afb 8bce8b03cfad444a8991748ce9e0521a 1b76c0c3d0f443bc956cf73f618deed3 - - default default] Successfully bumped revision number for resource f42e1cc9-0e27-474a-a4de-bde6243cd4ed (type: ports) to 1 [pid: 8|app: 0|req: 908/1768] 10.0.0.202 () {32 vars in 739 bytes} [Fri May 15 09:22:31 2026] DELETE /v2.0/security-groups/c2e07a14-3f46-48ce-ad0e-0b770053a43c => generated 0 bytes in 220 msecs (HTTP/1.1 204) 2 headers in 112 bytes (1 switches on core 0)
2026-05-15 09:22:32.084 8 INFO neutron_taas.services.taas.taas_plugin [None req-af633902-3e85-4995-8d9a-84612c1f9ccf cfdedacb6a364648b6857f1ad0d625a6 57a660011f44421fb133a7e0994cf100 - - default default] TaaS: Handle Delete Port: e5d390fe-11a0-4821-9959-cc25cd108a03
2026-05-15 09:22:32.087 8 INFO neutron_taas.services.taas.tap_mirror_plugin [None req-af633902-3e85-4995-8d9a-84612c1f9ccf cfdedacb6a364648b6857f1ad0d625a6 57a660011f44421fb133a7e0994cf100 - - default default] Tap Mirror: Handle Delete Port: e5d390fe-11a0-4821-9959-cc25cd108a03 [pid: 8|app: 0|req: 909/1769] 10.0.0.202 () {32 vars in 725 bytes} [Fri May 15 09:22:31 2026] DELETE /v2.0/networks/c94f7682-602e-4fb9-ab72-cacd99bb85bf => generated 0 bytes in 318 msecs (HTTP/1.1 204) 3 headers in 131 bytes (1 switches on core 0) [pid: 8|app: 0|req: 910/1770] 199.204.45.23 () {34 vars in 982 bytes} [Fri May 15 09:22:32 2026] GET /v2.0/subnets?id=4003f139-a9e8-4ddf-946c-6e7f8ac49e8e => generated 678 bytes in 28 msecs (HTTP/1.1 200) 4 headers in 157 bytes (1 switches on core 0)
2026-05-15 09:22:32.475 7 INFO neutron.plugins.ml2.drivers.ovn.mech_driver.mech_driver [None req-d2b0ed96-3442-458d-aec7-c160e8efcb41 - - - - - -] OVN reports status up for port: f42e1cc9-0e27-474a-a4de-bde6243cd4ed
2026-05-15 09:22:32.485 8 INFO neutron_taas.services.taas.taas_plugin [None req-db5a579c-d32f-4e12-a515-4cab36617fbc cfdedacb6a364648b6857f1ad0d625a6 57a660011f44421fb133a7e0994cf100 - - default default] TaaS: Handle Delete Port: e3687252-357e-4f70-9464-d05e48627f8e
2026-05-15 09:22:32.489 8 INFO neutron_taas.services.taas.tap_mirror_plugin [None req-db5a579c-d32f-4e12-a515-4cab36617fbc cfdedacb6a364648b6857f1ad0d625a6 57a660011f44421fb133a7e0994cf100 - - default default] Tap Mirror: Handle Delete Port: e3687252-357e-4f70-9464-d05e48627f8e
2026-05-15 09:22:32.505 7 INFO neutron.plugins.ml2.plugin [None req-d2b0ed96-3442-458d-aec7-c160e8efcb41 - - - - - -] Attempt 1 to provision port f42e1cc9-0e27-474a-a4de-bde6243cd4ed
2026-05-15 09:22:32.638 7 WARNING neutron.scheduler.dhcp_agent_scheduler [None req-a0b50022-b686-49cc-b8de-ca9ed3d48afb 8bce8b03cfad444a8991748ce9e0521a 1b76c0c3d0f443bc956cf73f618deed3 - - default default] No more DHCP agents
2026-05-15 09:22:32.642 7 WARNING neutron.api.rpc.agentnotifiers.dhcp_rpc_agent_api [None req-a0b50022-b686-49cc-b8de-ca9ed3d48afb 8bce8b03cfad444a8991748ce9e0521a 1b76c0c3d0f443bc956cf73f618deed3 - - default default] Unable to schedule network d8a99552-d734-4cfb-9e12-e97a60af8562: no agents available; will retry on subsequent port and subnet creation events. [pid: 8|app: 0|req: 911/1771] 10.0.0.202 () {32 vars in 725 bytes} [Fri May 15 09:22:32 2026] DELETE /v2.0/networks/99c6e3c4-e286-440d-9575-6ec96dac6cba => generated 0 bytes in 407 msecs (HTTP/1.1 204) 3 headers in 131 bytes (1 switches on core 0) /var/lib/openstack/lib/python3.12/site-packages/pycadf/identifier.py:70: UserWarning: Invalid uuid: neutron. To ensure interoperability, identifiers should be a valid uuid. warnings.warn(('Invalid uuid: %s. To ensure interoperability, ' [pid: 8|app: 0|req: 912/1772] 199.204.45.23 () {34 vars in 1050 bytes} [Fri May 15 09:22:32 2026] GET /v2.0/ports?network_id=e24a1b3d-97ee-4e8c-9625-0aa79477fe89&device_owner=network%3Adhcp => generated 12 bytes in 15 msecs (HTTP/1.1 200) 4 headers in 156 bytes (1 switches on core 0)
2026-05-15 09:22:32.827 8 INFO neutron_taas.services.taas.taas_plugin [None req-bef8c29c-9611-4bd1-8b6f-9fc21b6d2e5a cfdedacb6a364648b6857f1ad0d625a6 57a660011f44421fb133a7e0994cf100 - - default default] TaaS: Handle Delete Port: b88e8f28-71e6-464d-b9e5-da7e614e3686
2026-05-15 09:22:32.829 8 INFO neutron_taas.services.taas.tap_mirror_plugin [None req-bef8c29c-9611-4bd1-8b6f-9fc21b6d2e5a cfdedacb6a364648b6857f1ad0d625a6 57a660011f44421fb133a7e0994cf100 - - default default] Tap Mirror: Handle Delete Port: b88e8f28-71e6-464d-b9e5-da7e614e3686
2026-05-15 09:22:32.977 8 INFO neutron.services.segments.plugin [-] Segment b603acb7-cf03-4301-83e0-d72083d6f40a resource provider aggregate not found
2026-05-15 09:22:32.985 8 INFO neutron.services.segments.plugin [-] Segment b603acb7-cf03-4301-83e0-d72083d6f40a resource provider aggregate not found
2026-05-15 09:22:32.992 8 INFO neutron.services.segments.plugin [-] Segment b603acb7-cf03-4301-83e0-d72083d6f40a resource provider not found; error: Placement Client Error (4xx): {"errors": [{"status": 404, "title": "Not Found", "detail": "The resource could not be found.\n\n No resource provider with uuid b603acb7-cf03-4301-83e0-d72083d6f40a found for delete ", "request_id": "req-8e7be4a3-a5bf-498b-b8d1-66abf62a9b31"}]}
2026-05-15 09:22:33.004 8 INFO neutron.services.segments.plugin [-] Segment 0f4ecad3-be3f-499b-8c99-964b3c5a7070 resource provider aggregate not found
2026-05-15 09:22:33.009 8 INFO neutron.services.segments.plugin [-] Segment b603acb7-cf03-4301-83e0-d72083d6f40a resource provider not found; error: Placement Client Error (4xx): {"errors": [{"status": 404, "title": "Not Found", "detail": "The resource could not be found.\n\n No resource provider with uuid b603acb7-cf03-4301-83e0-d72083d6f40a found for delete ", "request_id": "req-099b471f-830d-469e-a28a-d040cbc4c7cc"}]}
2026-05-15 09:22:33.017 8 INFO neutron.services.segments.plugin [-] Segment 0f4ecad3-be3f-499b-8c99-964b3c5a7070 resource provider not found; error: Placement Client Error (4xx): {"errors": [{"status": 404, "title": "Not Found", "detail": "The resource could not be found.\n\n No resource provider with uuid 0f4ecad3-be3f-499b-8c99-964b3c5a7070 found for delete ", "request_id": "req-c8c100ea-2d4c-488d-a860-bc0a3c600e7c"}]}
2026-05-15 09:22:33.027 8 INFO neutron.services.segments.plugin [-] Segment 0f4ecad3-be3f-499b-8c99-964b3c5a7070 resource provider aggregate not found
2026-05-15 09:22:33.047 8 INFO neutron.services.segments.plugin [-] Segment 0f4ecad3-be3f-499b-8c99-964b3c5a7070 resource provider not found; error: Placement Client Error (4xx): {"errors": [{"status": 404, "title": "Not Found", "detail": "The resource could not be found.\n\n No resource provider with uuid 0f4ecad3-be3f-499b-8c99-964b3c5a7070 found for delete ", "request_id": "req-23736ea4-a17f-420a-aaab-e98f0f212be7"}]} [pid: 8|app: 0|req: 913/1773] 10.0.0.202 () {32 vars in 725 bytes} [Fri May 15 09:22:32 2026] DELETE /v2.0/networks/79e66f03-a49d-4464-a377-36711f94f945 => generated 0 bytes in 338 msecs (HTTP/1.1 204) 3 headers in 131 bytes (1 switches on core 0) [pid: 8|app: 0|req: 914/1774] 199.204.45.23 () {34 vars in 1010 bytes} [Fri May 15 09:22:33 2026] GET /v2.0/networks/e24a1b3d-97ee-4e8c-9625-0aa79477fe89?fields=segments => generated 14 bytes in 34 msecs (HTTP/1.1 200) 4 headers in 156 bytes (1 switches on core 0)
2026-05-15 09:22:33.209 7 INFO neutron.db.ovn_revision_numbers_db [None req-d2b0ed96-3442-458d-aec7-c160e8efcb41 - - - - - -] Successfully bumped revision number for resource f42e1cc9-0e27-474a-a4de-bde6243cd4ed (type: ports) to 2
2026-05-15 09:22:33.235 8 INFO neutron_taas.services.taas.taas_plugin [None req-59f29757-e40c-4b0c-890e-3539cc4ce39d cfdedacb6a364648b6857f1ad0d625a6 57a660011f44421fb133a7e0994cf100 - - default default] TaaS: Handle Delete Port: e5776143-b22f-495a-ab45-d957877da0f6
2026-05-15 09:22:33.240 8 INFO neutron_taas.services.taas.tap_mirror_plugin [None req-59f29757-e40c-4b0c-890e-3539cc4ce39d cfdedacb6a364648b6857f1ad0d625a6 57a660011f44421fb133a7e0994cf100 - - default default] Tap Mirror: Handle Delete Port: e5776143-b22f-495a-ab45-d957877da0f6 [pid: 8|app: 0|req: 915/1775] 10.0.0.202 () {32 vars in 725 bytes} [Fri May 15 09:22:33 2026] DELETE /v2.0/networks/22e0bea4-3337-4f6d-8775-d16b58635488 => generated 0 bytes in 351 msecs (HTTP/1.1 204) 3 headers in 131 bytes (1 switches on core 0) [pid: 8|app: 0|req: 916/1776] 199.204.45.23 () {34 vars in 1110 bytes} [Fri May 15 09:22:33 2026] GET /v2.0/networks/e24a1b3d-97ee-4e8c-9625-0aa79477fe89?fields=provider%3Aphysical_network&fields=provider%3Anetwork_type => generated 79 bytes in 40 msecs (HTTP/1.1 200) 4 headers in 156 bytes (1 switches on core 0)
2026-05-15 09:22:33.535 7 INFO neutron.db.ovn_revision_numbers_db [None req-a0b50022-b686-49cc-b8de-ca9ed3d48afb 8bce8b03cfad444a8991748ce9e0521a 1b76c0c3d0f443bc956cf73f618deed3 - - default default] Successfully bumped revision number for resource f42e1cc9-0e27-474a-a4de-bde6243cd4ed (type: router_ports) to 1 [pid: 7|app: 0|req: 861/1777] 10.0.0.202 () {34 vars in 782 bytes} [Fri May 15 09:22:30 2026] PUT /v2.0/routers/7fc5fba6-7dfe-4e81-a09c-21f136af4702/add_router_interface => generated 309 bytes in 2887 msecs (HTTP/1.1 200) 4 headers in 157 bytes (1 switches on core 0)
2026-05-15 09:22:34.023 8 INFO neutron.db.ovn_revision_numbers_db [None req-fcd12b4b-e592-449d-845f-179ed182b7ad c2d1682ff7a94d45a41234a7dbff9abf 03d18b9731e24fd8b198ad09fa478692 - - default default] Successfully bumped revision number for resource a5750092-2330-446d-b7a1-9f418837e104 (type: security_groups) to 1
2026-05-15 09:22:34.036 8 INFO neutron.db.ovn_revision_numbers_db [None req-fcd12b4b-e592-449d-845f-179ed182b7ad c2d1682ff7a94d45a41234a7dbff9abf 03d18b9731e24fd8b198ad09fa478692 - - default default] Successfully bumped revision number for resource 051a993a-f823-4dc8-adbe-9cbfd57879a8 (type: security_group_rules) to 0
2026-05-15 09:22:34.048 8 INFO neutron.db.ovn_revision_numbers_db [None req-fcd12b4b-e592-449d-845f-179ed182b7ad c2d1682ff7a94d45a41234a7dbff9abf 03d18b9731e24fd8b198ad09fa478692 - - default default] Successfully bumped revision number for resource 0bc64932-34ec-4cf6-bc4b-d5f2d283f299 (type: security_group_rules) to 0 [pid: 7|app: 0|req: 862/1778] 10.0.0.202 () {32 vars in 773 bytes} [Fri May 15 09:22:33 2026] GET /v2.0/security-groups?tenant_id=57a660011f44421fb133a7e0994cf100&name=default => generated 2925 bytes in 70 msecs (HTTP/1.1 200) 4 headers in 158 bytes (1 switches on core 0)
2026-05-15 09:22:34.065 8 INFO neutron.db.ovn_revision_numbers_db [None req-fcd12b4b-e592-449d-845f-179ed182b7ad c2d1682ff7a94d45a41234a7dbff9abf 03d18b9731e24fd8b198ad09fa478692 - - default default] Successfully bumped revision number for resource 26dd35e5-1b16-4835-a18c-0cd2c6fab342 (type: security_group_rules) to 0
2026-05-15 09:22:34.080 8 INFO neutron.db.ovn_revision_numbers_db [None req-fcd12b4b-e592-449d-845f-179ed182b7ad c2d1682ff7a94d45a41234a7dbff9abf 03d18b9731e24fd8b198ad09fa478692 - - default default] Successfully bumped revision number for resource a6c2424e-2889-4751-b415-eed571be727e (type: security_group_rules) to 0
2026-05-15 09:22:34.174 8 INFO neutron.db.segments_db [None req-fcd12b4b-e592-449d-845f-179ed182b7ad c2d1682ff7a94d45a41234a7dbff9abf 03d18b9731e24fd8b198ad09fa478692 - - default default] Added segment 31e44a68-6150-401c-b2e4-a47a2bff0651 of type geneve for network 623552a2-ecde-4be8-b454-98915f989a35 [pid: 7|app: 0|req: 863/1779] 10.0.0.202 () {32 vars in 739 bytes} [Fri May 15 09:22:34 2026] DELETE /v2.0/security-groups/543bd2b8-a2c5-454e-8b1b-31622b99fada => generated 0 bytes in 227 msecs (HTTP/1.1 204) 2 headers in 112 bytes (1 switches on core 0)
2026-05-15 09:22:34.315 8 INFO neutron.db.ovn_revision_numbers_db [None req-fcd12b4b-e592-449d-845f-179ed182b7ad c2d1682ff7a94d45a41234a7dbff9abf 03d18b9731e24fd8b198ad09fa478692 - - default default] Successfully bumped revision number for resource 623552a2-ecde-4be8-b454-98915f989a35 (type: networks) to 1
2026-05-15 09:22:34.491 8 WARNING neutron.scheduler.dhcp_agent_scheduler [None req-fcd12b4b-e592-449d-845f-179ed182b7ad c2d1682ff7a94d45a41234a7dbff9abf 03d18b9731e24fd8b198ad09fa478692 - - default default] No more DHCP agents
2026-05-15 09:22:34.492 8 WARNING neutron.api.rpc.agentnotifiers.dhcp_rpc_agent_api [None req-fcd12b4b-e592-449d-845f-179ed182b7ad c2d1682ff7a94d45a41234a7dbff9abf 03d18b9731e24fd8b198ad09fa478692 - - default default] Unable to schedule network 623552a2-ecde-4be8-b454-98915f989a35: no agents available; will retry on subsequent port and subnet creation events.
2026-05-15 09:22:34.556 8 INFO neutron.db.ovn_revision_numbers_db [None req-fcd12b4b-e592-449d-845f-179ed182b7ad c2d1682ff7a94d45a41234a7dbff9abf 03d18b9731e24fd8b198ad09fa478692 - - default default] Successfully bumped revision number for resource e8d39449-3a9f-4fb8-ab36-9f9ec57a1a13 (type: ports) to 1 [pid: 8|app: 0|req: 917/1780] 10.0.0.202 () {34 vars in 669 bytes} [Fri May 15 09:22:33 2026] POST /v2.0/networks => generated 648 bytes in 931 msecs (HTTP/1.1 201) 4 headers in 162 bytes (1 switches on core 0)
2026-05-15 09:22:34.674 7 INFO neutron.db.segments_db [None req-a2668964-bdc0-4022-9fd7-91d2e3434b42 c2d1682ff7a94d45a41234a7dbff9abf 03d18b9731e24fd8b198ad09fa478692 - - default default] Added segment 211c428a-73cf-40e9-a485-0937f571303c of type geneve for network 6e7b011a-3a7d-487a-9111-0e11a4e2f3b1
2026-05-15 09:22:34.803 7 INFO neutron.db.ovn_revision_numbers_db [None req-a2668964-bdc0-4022-9fd7-91d2e3434b42 c2d1682ff7a94d45a41234a7dbff9abf 03d18b9731e24fd8b198ad09fa478692 - - default default] Successfully bumped revision number for resource 6e7b011a-3a7d-487a-9111-0e11a4e2f3b1 (type: networks) to 1
2026-05-15 09:22:34.978 7 WARNING neutron.scheduler.dhcp_agent_scheduler [None req-a2668964-bdc0-4022-9fd7-91d2e3434b42 c2d1682ff7a94d45a41234a7dbff9abf 03d18b9731e24fd8b198ad09fa478692 - - default default] No more DHCP agents
2026-05-15 09:22:34.980 7 WARNING neutron.api.rpc.agentnotifiers.dhcp_rpc_agent_api [None req-a2668964-bdc0-4022-9fd7-91d2e3434b42 c2d1682ff7a94d45a41234a7dbff9abf 03d18b9731e24fd8b198ad09fa478692 - - default default] Unable to schedule network 6e7b011a-3a7d-487a-9111-0e11a4e2f3b1: no agents available; will retry on subsequent port and subnet creation events.
2026-05-15 09:22:35.038 8 INFO neutron.services.segments.plugin [-] Segment eddf9470-a024-4430-8a7b-596f83887312 resource provider aggregate not found
2026-05-15 09:22:35.053 8 INFO neutron.services.segments.plugin [-] Segment eddf9470-a024-4430-8a7b-596f83887312 resource provider not found; error: Placement Client Error (4xx): {"errors": [{"status": 404, "title": "Not Found", "detail": "The resource could not be found.\n\n No resource provider with uuid eddf9470-a024-4430-8a7b-596f83887312 found for delete ", "request_id": "req-7c454f06-1fd2-473c-aa52-5e8657c010d3"}]}
2026-05-15 09:22:35.065 7 INFO neutron.db.ovn_revision_numbers_db [None req-a2668964-bdc0-4022-9fd7-91d2e3434b42 c2d1682ff7a94d45a41234a7dbff9abf 03d18b9731e24fd8b198ad09fa478692 - - default default] Successfully bumped revision number for resource 258860d8-5efd-44c1-bcb3-e85611ea4904 (type: ports) to 1
2026-05-15 09:22:35.066 8 INFO neutron.services.segments.plugin [-] Segment eddf9470-a024-4430-8a7b-596f83887312 resource provider aggregate not found
2026-05-15 09:22:35.071 8 INFO neutron.services.segments.plugin [-] Segment ff97c673-f93c-403e-9169-202709371f81 resource provider aggregate not found
2026-05-15 09:22:35.088 8 INFO neutron.services.segments.plugin [-] Segment eddf9470-a024-4430-8a7b-596f83887312 resource provider not found; error: Placement Client Error (4xx): {"errors": [{"status": 404, "title": "Not Found", "detail": "The resource could not be found.\n\n No resource provider with uuid eddf9470-a024-4430-8a7b-596f83887312 found for delete ", "request_id": "req-518de619-e29c-4a3b-862e-96cc8de29700"}]} [pid: 7|app: 0|req: 864/1781] 10.0.0.202 () {34 vars in 669 bytes} [Fri May 15 09:22:34 2026] POST /v2.0/networks => generated 649 bytes in 506 msecs (HTTP/1.1 201) 4 headers in 162 bytes (1 switches on core 0)
2026-05-15 09:22:35.089 8 INFO neutron.services.segments.plugin [-] Segment ff97c673-f93c-403e-9169-202709371f81 resource provider not found; error: Placement Client Error (4xx): {"errors": [{"status": 404, "title": "Not Found", "detail": "The resource could not be found.\n\n No resource provider with uuid ff97c673-f93c-403e-9169-202709371f81 found for delete ", "request_id": "req-d312a465-18a3-40e3-8090-c4f513d01721"}]}
2026-05-15 09:22:35.109 8 INFO neutron.services.segments.plugin [-] Segment ff97c673-f93c-403e-9169-202709371f81 resource provider aggregate not found
2026-05-15 09:22:35.130 8 INFO neutron.services.segments.plugin [-] Segment ff97c673-f93c-403e-9169-202709371f81 resource provider not found; error: Placement Client Error (4xx): {"errors": [{"status": 404, "title": "Not Found", "detail": "The resource could not be found.\n\n No resource provider with uuid ff97c673-f93c-403e-9169-202709371f81 found for delete ", "request_id": "req-1eb51616-b4a1-4013-93ac-d675d7f5eb3b"}]}
2026-05-15 09:22:35.304 8 WARNING neutron.scheduler.dhcp_agent_scheduler [None req-96259705-407f-41c6-bd00-5d296bfbd939 c2d1682ff7a94d45a41234a7dbff9abf 03d18b9731e24fd8b198ad09fa478692 - - default default] No more DHCP agents
2026-05-15 09:22:35.306 8 WARNING neutron.api.rpc.agentnotifiers.dhcp_rpc_agent_api [None req-96259705-407f-41c6-bd00-5d296bfbd939 c2d1682ff7a94d45a41234a7dbff9abf 03d18b9731e24fd8b198ad09fa478692 - - default default] Unable to schedule network 623552a2-ecde-4be8-b454-98915f989a35: no agents available; will retry on subsequent port and subnet creation events.
2026-05-15 09:22:35.733 8 INFO neutron.db.ovn_revision_numbers_db [None req-77c27496-dfd8-4d55-bf8a-57809c0c35a3 - - - - - -] Successfully bumped revision number for resource e8d39449-3a9f-4fb8-ab36-9f9ec57a1a13 (type: ports) to 2
2026-05-15 09:22:35.771 8 INFO neutron.db.ovn_revision_numbers_db [None req-77c27496-dfd8-4d55-bf8a-57809c0c35a3 - - - - - -] Successfully bumped revision number for resource 6777af2c-e603-4c1f-8cf1-108595955cd0 (type: subnets) to 0 [pid: 7|app: 0|req: 865/1782] 10.0.0.143 () {34 vars in 989 bytes} [Fri May 15 09:22:35 2026] GET /v2.0/ports?device_id=14b3636f-2428-44c1-95ca-e287dc32a531 => generated 1209 bytes in 43 msecs (HTTP/1.1 200) 4 headers in 158 bytes (1 switches on core 0) [pid: 8|app: 0|req: 918/1783] 10.0.0.202 () {34 vars in 668 bytes} [Fri May 15 09:22:35 2026] POST /v2.0/subnets => generated 626 bytes in 703 msecs (HTTP/1.1 201) 4 headers in 162 bytes (1 switches on core 0) [pid: 7|app: 0|req: 866/1784] 10.0.0.143 () {34 vars in 1039 bytes} [Fri May 15 09:22:35 2026] GET /v2.0/security-groups?id=61704e37-9ec7-490b-b2e0-16cbdcd2c2d3&fields=id&fields=name => generated 114 bytes in 28 msecs (HTTP/1.1 200) 4 headers in 157 bytes (1 switches on core 0) [pid: 7|app: 0|req: 867/1785] 10.0.0.1 () {34 vars in 979 bytes} [Fri May 15 09:22:35 2026] GET /v2.0/networks?id=d8a99552-d734-4cfb-9e12-e97a60af8562 => generated 711 bytes in 48 msecs (HTTP/1.1 200) 4 headers in 157 bytes (1 switches on core 0) [pid: 7|app: 0|req: 868/1786] 10.0.0.1 () {34 vars in 962 bytes} [Fri May 15 09:22:35 2026] GET /v2.0/quotas/f7a4152708c14438b1c1a9e9629e0ff6 => generated 292 bytes in 12 msecs (HTTP/1.1 200) 4 headers in 157 bytes (1 switches on core 0) [pid: 7|app: 0|req: 869/1787] 10.0.0.1 () {34 vars in 999 bytes} [Fri May 15 09:22:35 2026] GET /v2.0/ports?tenant_id=f7a4152708c14438b1c1a9e9629e0ff6&fields=id => generated 103 bytes in 83 msecs (HTTP/1.1 200) 4 headers in 157 bytes (1 switches on core 0)
2026-05-15 09:22:35.998 8 WARNING neutron.scheduler.dhcp_agent_scheduler [None req-37700b18-4dd9-4b48-870e-0c3eb3a6c762 c2d1682ff7a94d45a41234a7dbff9abf 03d18b9731e24fd8b198ad09fa478692 - - default default] No more DHCP agents
2026-05-15 09:22:35.999 8 WARNING neutron.api.rpc.agentnotifiers.dhcp_rpc_agent_api [None req-37700b18-4dd9-4b48-870e-0c3eb3a6c762 c2d1682ff7a94d45a41234a7dbff9abf 03d18b9731e24fd8b198ad09fa478692 - - default default] Unable to schedule network 6e7b011a-3a7d-487a-9111-0e11a4e2f3b1: no agents available; will retry on subsequent port and subnet creation events. [pid: 7|app: 0|req: 870/1788] 10.0.0.1 () {34 vars in 1005 bytes} [Fri May 15 09:22:35 2026] GET /v2.0/networks/d8a99552-d734-4cfb-9e12-e97a60af8562?fields=segments => generated 14 bytes in 60 msecs (HTTP/1.1 200) 4 headers in 156 bytes (1 switches on core 0) [pid: 7|app: 0|req: 871/1789] 10.0.0.1 () {34 vars in 1105 bytes} [Fri May 15 09:22:36 2026] GET /v2.0/networks/d8a99552-d734-4cfb-9e12-e97a60af8562?fields=provider%3Aphysical_network&fields=provider%3Anetwork_type => generated 79 bytes in 40 msecs (HTTP/1.1 200) 4 headers in 156 bytes (1 switches on core 0) [pid: 7|app: 0|req: 872/1790] 10.0.0.1 () {34 vars in 987 bytes} [Fri May 15 09:22:36 2026] GET /v2.0/ports?device_id=e20f99ba-7535-444d-8f06-f96ad3b655df => generated 12 bytes in 20 msecs (HTTP/1.1 200) 4 headers in 156 bytes (1 switches on core 0)
2026-05-15 09:22:36.475 8 INFO neutron.db.ovn_revision_numbers_db [None req-ec42a15a-ba26-47b3-9558-a9cebb7e37f5 - - - - - -] Successfully bumped revision number for resource 258860d8-5efd-44c1-bcb3-e85611ea4904 (type: ports) to 2
2026-05-15 09:22:36.499 8 INFO neutron.db.ovn_revision_numbers_db [None req-ec42a15a-ba26-47b3-9558-a9cebb7e37f5 - - - - - -] Successfully bumped revision number for resource e33ccc78-cfdf-454c-b7f7-de6b89f87962 (type: subnets) to 0 [pid: 8|app: 0|req: 919/1791] 10.0.0.202 () {34 vars in 668 bytes} [Fri May 15 09:22:35 2026] POST /v2.0/subnets => generated 626 bytes in 715 msecs (HTTP/1.1 201) 4 headers in 162 bytes (1 switches on core 0)
2026-05-15 09:22:36.652 7 INFO neutron.db.ovn_revision_numbers_db [None req-3b477e86-612f-4255-ba0b-7443b329249f c2d1682ff7a94d45a41234a7dbff9abf 03d18b9731e24fd8b198ad09fa478692 - - default default] Successfully bumped revision number for resource 43d455d3-a0f9-447c-a777-5ccede008a6f (type: routers) to 1 [pid: 7|app: 0|req: 873/1792] 10.0.0.202 () {34 vars in 668 bytes} [Fri May 15 09:22:36 2026] POST /v2.0/routers => generated 603 bytes in 150 msecs (HTTP/1.1 201) 4 headers in 162 bytes (1 switches on core 0)
2026-05-15 09:22:37.040 8 WARNING neutron.scheduler.dhcp_agent_scheduler [None req-7fc3ea88-e9cf-44f5-8847-3cd60102215d c2d1682ff7a94d45a41234a7dbff9abf 03d18b9731e24fd8b198ad09fa478692 - - default default] No more DHCP agents
2026-05-15 09:22:37.041 8 WARNING neutron.api.rpc.agentnotifiers.dhcp_rpc_agent_api [None req-7fc3ea88-e9cf-44f5-8847-3cd60102215d c2d1682ff7a94d45a41234a7dbff9abf 03d18b9731e24fd8b198ad09fa478692 - - default default] Unable to schedule network 623552a2-ecde-4be8-b454-98915f989a35: no agents available; will retry on subsequent port and subnet creation events.
2026-05-15 09:22:37.150 8 INFO neutron.plugins.ml2.drivers.ovn.mech_driver.mech_driver [None req-d5b0b9be-43ac-4e98-8549-b7529b7d2d1e - - - - - -] OVN reports status down for port: 467f329a-f159-42de-bd5d-8bb2c5aa524a
2026-05-15 09:22:37.200 8 INFO neutron.db.ovn_revision_numbers_db [None req-7fc3ea88-e9cf-44f5-8847-3cd60102215d c2d1682ff7a94d45a41234a7dbff9abf 03d18b9731e24fd8b198ad09fa478692 - - default default] Successfully bumped revision number for resource 467f329a-f159-42de-bd5d-8bb2c5aa524a (type: ports) to 1 [pid: 7|app: 0|req: 874/1793] 10.0.0.1 () {34 vars in 987 bytes} [Fri May 15 09:22:37 2026] GET /v2.0/ports?device_id=e20f99ba-7535-444d-8f06-f96ad3b655df => generated 12 bytes in 28 msecs (HTTP/1.1 200) 4 headers in 156 bytes (1 switches on core 0)
2026-05-15 09:22:37.752 8 INFO neutron.plugins.ml2.drivers.ovn.mech_driver.mech_driver [None req-d5b0b9be-43ac-4e98-8549-b7529b7d2d1e - - - - - -] OVN reports status up for port: 467f329a-f159-42de-bd5d-8bb2c5aa524a
2026-05-15 09:22:37.783 8 INFO neutron.plugins.ml2.plugin [None req-d5b0b9be-43ac-4e98-8549-b7529b7d2d1e - - - - - -] Attempt 1 to provision port 467f329a-f159-42de-bd5d-8bb2c5aa524a
2026-05-15 09:22:37.918 8 WARNING neutron.scheduler.dhcp_agent_scheduler [None req-7fc3ea88-e9cf-44f5-8847-3cd60102215d c2d1682ff7a94d45a41234a7dbff9abf 03d18b9731e24fd8b198ad09fa478692 - - default default] No more DHCP agents
2026-05-15 09:22:37.921 8 WARNING neutron.api.rpc.agentnotifiers.dhcp_rpc_agent_api [None req-7fc3ea88-e9cf-44f5-8847-3cd60102215d c2d1682ff7a94d45a41234a7dbff9abf 03d18b9731e24fd8b198ad09fa478692 - - default default] Unable to schedule network 623552a2-ecde-4be8-b454-98915f989a35: no agents available; will retry on subsequent port and subnet creation events.
2026-05-15 09:22:38.280 8 INFO neutron.db.ovn_revision_numbers_db [None req-7fc3ea88-e9cf-44f5-8847-3cd60102215d c2d1682ff7a94d45a41234a7dbff9abf 03d18b9731e24fd8b198ad09fa478692 - - default default] Successfully bumped revision number for resource 467f329a-f159-42de-bd5d-8bb2c5aa524a (type: router_ports) to 1 [pid: 8|app: 0|req: 920/1794] 10.0.0.202 () {34 vars in 782 bytes} [Fri May 15 09:22:36 2026] PUT /v2.0/routers/43d455d3-a0f9-447c-a777-5ccede008a6f/add_router_interface => generated 309 bytes in 1614 msecs (HTTP/1.1 200) 4 headers in 157 bytes (1 switches on core 0) [pid: 7|app: 0|req: 875/1795] 10.0.0.202 () {32 vars in 825 bytes} [Fri May 15 09:22:38 2026] GET /v2.0/ports?project_id=bb82b2a50b274abd872f41bc13e2271e&network_id=e24a1b3d-97ee-4e8c-9625-0aa79477fe89 => generated 3315 bytes in 69 msecs (HTTP/1.1 200) 4 headers in 158 bytes (1 switches on core 0) [pid: 8|app: 0|req: 921/1796] 10.0.0.202 () {32 vars in 716 bytes} [Fri May 15 09:22:38 2026] GET /v2.0/ports/467f329a-f159-42de-bd5d-8bb2c5aa524a => generated 943 bytes in 81 msecs (HTTP/1.1 200) 4 headers in 157 bytes (1 switches on core 0) [pid: 8|app: 0|req: 922/1797] 10.0.0.1 () {34 vars in 987 bytes} [Fri May 15 09:22:38 2026] GET /v2.0/ports?device_id=e20f99ba-7535-444d-8f06-f96ad3b655df => generated 12 bytes in 45 msecs (HTTP/1.1 200) 4 headers in 156 bytes (1 switches on core 0)
2026-05-15 09:22:38.526 8 INFO neutron.db.ovn_revision_numbers_db [None req-d5b0b9be-43ac-4e98-8549-b7529b7d2d1e - - - - - -] Successfully bumped revision number for resource 467f329a-f159-42de-bd5d-8bb2c5aa524a (type: ports) to 2
2026-05-15 09:22:38.603 7 WARNING neutron.plugins.ml2.drivers.ovn.mech_driver.ovsdb.ovn_client [None req-5eea84d3-0b1a-4558-ba09-07d6cac319c9 - - - - - -] No hosting information found for port f42e1cc9-0e27-474a-a4de-bde6243cd4ed: RuntimeError: No hosting information found for port f42e1cc9-0e27-474a-a4de-bde6243cd4ed
2026-05-15 09:22:38.775 7 INFO neutron.db.ovn_revision_numbers_db [None req-5eea84d3-0b1a-4558-ba09-07d6cac319c9 - - - - - -] Successfully bumped revision number for resource f42e1cc9-0e27-474a-a4de-bde6243cd4ed (type: router_ports) to 2
2026-05-15 09:22:38.775 7 INFO neutron.plugins.ml2.drivers.ovn.mech_driver.mech_driver [None req-5eea84d3-0b1a-4558-ba09-07d6cac319c9 - - - - - -] OVN reports status down for port: e8d39449-3a9f-4fb8-ab36-9f9ec57a1a13
2026-05-15 09:22:38.784 8 INFO neutron.db.ovn_revision_numbers_db [None req-d025655c-8ae6-489e-a111-a5e9db0af571 8bce8b03cfad444a8991748ce9e0521a 1b76c0c3d0f443bc956cf73f618deed3 - - default default] Successfully bumped revision number for resource ca532cb4-4a1b-4d16-a89a-81ef6df6be39 (type: security_groups) to 1
2026-05-15 09:22:38.794 8 INFO neutron.db.ovn_revision_numbers_db [None req-d025655c-8ae6-489e-a111-a5e9db0af571 8bce8b03cfad444a8991748ce9e0521a 1b76c0c3d0f443bc956cf73f618deed3 - - default default] Successfully bumped revision number for resource 9c7651c1-a6e5-4146-88c9-ba110f476e20 (type: security_group_rules) to 0
2026-05-15 09:22:38.805 8 INFO neutron.db.ovn_revision_numbers_db [None req-d025655c-8ae6-489e-a111-a5e9db0af571 8bce8b03cfad444a8991748ce9e0521a 1b76c0c3d0f443bc956cf73f618deed3 - - default default] Successfully bumped revision number for resource a8f23614-cdb7-4b56-8a6a-aa0d92f389c7 (type: security_group_rules) to 0
2026-05-15 09:22:38.816 8 INFO neutron.db.ovn_revision_numbers_db [None req-d025655c-8ae6-489e-a111-a5e9db0af571 8bce8b03cfad444a8991748ce9e0521a 1b76c0c3d0f443bc956cf73f618deed3 - - default default] Successfully bumped revision number for resource be6ca043-a9eb-4ad3-82e7-623e6c234d5e (type: security_group_rules) to 0
2026-05-15 09:22:38.828 8 INFO neutron.db.ovn_revision_numbers_db [None req-d025655c-8ae6-489e-a111-a5e9db0af571 8bce8b03cfad444a8991748ce9e0521a 1b76c0c3d0f443bc956cf73f618deed3 - - default default] Successfully bumped revision number for resource e1ffb8f3-a083-4026-a0b3-b0319cf457a3 (type: security_group_rules) to 0 [pid: 8|app: 0|req: 923/1798] 10.0.0.202 () {32 vars in 773 bytes} [Fri May 15 09:22:38 2026] GET /v2.0/security-groups?tenant_id=fd737fea8faa4265ac887e9583f50473&name=default => generated 2925 bytes in 412 msecs (HTTP/1.1 200) 4 headers in 158 bytes (1 switches on core 0)
2026-05-15 09:22:38.871 7 INFO neutron.plugins.ml2.drivers.ovn.mech_driver.mech_driver [None req-5eea84d3-0b1a-4558-ba09-07d6cac319c9 - - - - - -] OVN reports status down for port: 258860d8-5efd-44c1-bcb3-e85611ea4904 [pid: 8|app: 0|req: 924/1799] 10.0.0.202 () {32 vars in 741 bytes} [Fri May 15 09:22:38 2026] GET /v2.0/subnets?network_id=2057ae42-a5b8-4f9f-b557-7f598273893a => generated 667 bytes in 32 msecs (HTTP/1.1 200) 4 headers in 157 bytes (1 switches on core 0)
2026-05-15 09:22:38.986 7 WARNING neutron.scheduler.dhcp_agent_scheduler [None req-f7ee9ecb-b635-42bf-ae56-585e5ef30dca c2d1682ff7a94d45a41234a7dbff9abf 03d18b9731e24fd8b198ad09fa478692 - - default default] No more DHCP agents
2026-05-15 09:22:38.987 7 WARNING neutron.api.rpc.agentnotifiers.dhcp_rpc_agent_api [None req-f7ee9ecb-b635-42bf-ae56-585e5ef30dca c2d1682ff7a94d45a41234a7dbff9abf 03d18b9731e24fd8b198ad09fa478692 - - default default] Unable to schedule network 6e7b011a-3a7d-487a-9111-0e11a4e2f3b1: no agents available; will retry on subsequent port and subnet creation events.
2026-05-15 09:22:39.085 7 INFO neutron.plugins.ml2.drivers.ovn.mech_driver.mech_driver [None req-5eea84d3-0b1a-4558-ba09-07d6cac319c9 - - - - - -] OVN reports status down for port: 096fd333-8ae2-41c7-8271-f2e5cd275138
2026-05-15 09:22:39.151 7 INFO neutron.db.ovn_revision_numbers_db [None req-f7ee9ecb-b635-42bf-ae56-585e5ef30dca c2d1682ff7a94d45a41234a7dbff9abf 03d18b9731e24fd8b198ad09fa478692 - - default default] Successfully bumped revision number for resource 096fd333-8ae2-41c7-8271-f2e5cd275138 (type: ports) to 1 [pid: 8|app: 0|req: 925/1800] 10.0.0.202 () {32 vars in 739 bytes} [Fri May 15 09:22:38 2026] DELETE /v2.0/security-groups/ca532cb4-4a1b-4d16-a89a-81ef6df6be39 => generated 0 bytes in 254 msecs (HTTP/1.1 204) 2 headers in 112 bytes (1 switches on core 0)
2026-05-15 09:22:39.328 8 INFO neutron.db.ovn_revision_numbers_db [None req-b8ff0398-2324-498b-906c-b725864c4553 d59b6ab920b74d26af0271cf88016c25 bb82b2a50b274abd872f41bc13e2271e - - default default] Successfully bumped revision number for resource b9c4f0a5-9dd0-4bcb-adfa-fc90c31dd2e3 (type: floatingips) to 2
2026-05-15 09:22:39.375 8 INFO neutron.db.l3_db [None req-b8ff0398-2324-498b-906c-b725864c4553 d59b6ab920b74d26af0271cf88016c25 bb82b2a50b274abd872f41bc13e2271e - - default default] Floating IP b9c4f0a5-9dd0-4bcb-adfa-fc90c31dd2e3 disassociated. External IP: 10.96.250.205, port: d33898fd-38c6-435b-ba1b-6f1f03b88b88. [pid: 8|app: 0|req: 926/1801] 10.0.0.202 () {34 vars in 748 bytes} [Fri May 15 09:22:39 2026] PUT /v2.0/floatingips/b9c4f0a5-9dd0-4bcb-adfa-fc90c31dd2e3 => generated 554 bytes in 250 msecs (HTTP/1.1 200) 4 headers in 157 bytes (1 switches on core 0)
2026-05-15 09:22:39.448 8 INFO neutron.notifiers.nova [-] Nova event matching ['req-c240ac20-6863-47d8-8fe2-a11453218bc6'] response: {'name': 'network-changed', 'server_uuid': '14b3636f-2428-44c1-95ca-e287dc32a531', 'tag': 'd33898fd-38c6-435b-ba1b-6f1f03b88b88', 'status': 'completed', 'code': 200}
2026-05-15 09:22:39.519 8 INFO neutron.db.ovn_revision_numbers_db [None req-d4060559-1230-4151-84f9-f5c354237c25 8bce8b03cfad444a8991748ce9e0521a 1b76c0c3d0f443bc956cf73f618deed3 - - default default] Successfully bumped revision number for resource 24d0d815-e851-4f2f-ab33-b70897248654 (type: security_groups) to 1
2026-05-15 09:22:39.530 8 INFO neutron.db.ovn_revision_numbers_db [None req-d4060559-1230-4151-84f9-f5c354237c25 8bce8b03cfad444a8991748ce9e0521a 1b76c0c3d0f443bc956cf73f618deed3 - - default default] Successfully bumped revision number for resource 59a52f4c-ed28-4c32-86ba-143f14212cd3 (type: security_group_rules) to 0
2026-05-15 09:22:39.545 8 INFO neutron.db.ovn_revision_numbers_db [None req-d4060559-1230-4151-84f9-f5c354237c25 8bce8b03cfad444a8991748ce9e0521a 1b76c0c3d0f443bc956cf73f618deed3 - - default default] Successfully bumped revision number for resource d31e4637-c74a-4bfb-b7f4-d8940c476f81 (type: security_group_rules) to 0
2026-05-15 09:22:39.557 8 INFO neutron.db.ovn_revision_numbers_db [None req-d4060559-1230-4151-84f9-f5c354237c25 8bce8b03cfad444a8991748ce9e0521a 1b76c0c3d0f443bc956cf73f618deed3 - - default default] Successfully bumped revision number for resource d9123543-e018-4f55-a20f-f2ed282d7b88 (type: security_group_rules) to 0
2026-05-15 09:22:39.569 8 INFO neutron.db.ovn_revision_numbers_db [None req-d4060559-1230-4151-84f9-f5c354237c25 8bce8b03cfad444a8991748ce9e0521a 1b76c0c3d0f443bc956cf73f618deed3 - - default default] Successfully bumped revision number for resource f5f3147d-98b2-4075-930e-aaddf6c0fbc0 (type: security_group_rules) to 0 [pid: 8|app: 0|req: 927/1802] 10.0.0.202 () {32 vars in 773 bytes} [Fri May 15 09:22:39 2026] GET /v2.0/security-groups?tenant_id=981d02d23603498ca1d9f1ef994e7abb&name=default => generated 2925 bytes in 217 msecs (HTTP/1.1 200) 4 headers in 158 bytes (1 switches on core 0) [pid: 8|app: 0|req: 928/1803] 10.0.0.202 () {32 vars in 728 bytes} [Fri May 15 09:22:39 2026] GET /v2.0/floatingips/b9c4f0a5-9dd0-4bcb-adfa-fc90c31dd2e3 => generated 552 bytes in 26 msecs (HTTP/1.1 200) 4 headers in 157 bytes (1 switches on core 0) [pid: 8|app: 0|req: 929/1804] 10.0.0.1 () {34 vars in 987 bytes} [Fri May 15 09:22:39 2026] GET /v2.0/ports?device_id=e20f99ba-7535-444d-8f06-f96ad3b655df => generated 12 bytes in 25 msecs (HTTP/1.1 200) 4 headers in 156 bytes (1 switches on core 0)
2026-05-15 09:22:39.798 7 INFO neutron.plugins.ml2.drivers.ovn.mech_driver.mech_driver [None req-5eea84d3-0b1a-4558-ba09-07d6cac319c9 - - - - - -] OVN reports status up for port: 096fd333-8ae2-41c7-8271-f2e5cd275138
2026-05-15 09:22:39.830 7 INFO neutron.plugins.ml2.plugin [None req-5eea84d3-0b1a-4558-ba09-07d6cac319c9 - - - - - -] Attempt 1 to provision port 096fd333-8ae2-41c7-8271-f2e5cd275138 [pid: 8|app: 0|req: 930/1805] 10.0.0.202 () {32 vars in 739 bytes} [Fri May 15 09:22:39 2026] DELETE /v2.0/security-groups/24d0d815-e851-4f2f-ab33-b70897248654 => generated 0 bytes in 255 msecs (HTTP/1.1 204) 2 headers in 112 bytes (1 switches on core 0)
2026-05-15 09:22:39.974 7 WARNING neutron.scheduler.dhcp_agent_scheduler [None req-f7ee9ecb-b635-42bf-ae56-585e5ef30dca c2d1682ff7a94d45a41234a7dbff9abf 03d18b9731e24fd8b198ad09fa478692 - - default default] No more DHCP agents
