2026-05-19 14:41:27.592 7 INFO neutron.db.ovn_revision_numbers_db [None req-8fd62be5-c5c8-4d24-968e-231bcf7f63b3 04f815a65bae45d59e820a0b141ab09c 26452e19e722451dba2d25bb0ef24a8f - - default default] Successfully bumped revision number for resource 6fa0b906-6547-4808-9221-ce08c34dac58 (type: security_group_rules) to 0
2026-05-19 14:41:27.604 7 INFO neutron.db.ovn_revision_numbers_db [None req-8fd62be5-c5c8-4d24-968e-231bcf7f63b3 04f815a65bae45d59e820a0b141ab09c 26452e19e722451dba2d25bb0ef24a8f - - default default] Successfully bumped revision number for resource 80e1b1e0-0605-4007-ba8f-0c8102947f7f (type: security_group_rules) to 0
2026-05-19 14:41:27.738 7 INFO neutron.db.ovn_revision_numbers_db [None req-8fd62be5-c5c8-4d24-968e-231bcf7f63b3 04f815a65bae45d59e820a0b141ab09c 26452e19e722451dba2d25bb0ef24a8f - - default default] Successfully bumped revision number for resource 52a21864-8b3d-422b-9e29-c954b0c39550 (type: security_groups) to 1
2026-05-19 14:41:27.750 7 INFO neutron.db.ovn_revision_numbers_db [None req-8fd62be5-c5c8-4d24-968e-231bcf7f63b3 04f815a65bae45d59e820a0b141ab09c 26452e19e722451dba2d25bb0ef24a8f - - default default] Successfully bumped revision number for resource 845d6007-589f-4730-95e0-ebca3f91feed (type: security_group_rules) to 0
2026-05-19 14:41:27.762 7 INFO neutron.db.ovn_revision_numbers_db [None req-8fd62be5-c5c8-4d24-968e-231bcf7f63b3 04f815a65bae45d59e820a0b141ab09c 26452e19e722451dba2d25bb0ef24a8f - - default default] Successfully bumped revision number for resource add76735-2e7c-46ac-8723-a39f3ddccd7c (type: security_group_rules) to 0 [pid: 7|app: 0|req: 1152/2307] 10.0.0.158 () {34 vars in 684 bytes} [Tue May 19 14:41:27 2026] POST /v2.0/security-groups => generated 1601 bytes in 556 msecs (HTTP/1.1 201) 4 headers in 163 bytes (1 switches on core 0)
2026-05-19 14:41:27.874 8 INFO neutron_taas.services.taas.taas_plugin [None req-4a6a9bbf-4d16-4e7c-8a6f-1c038499dcab a55453d06519499b8ae7b3577c1f96ac 8a8322b9407d49da9779354d5d8d2533 - - default default] TaaS: Handle Delete Port: 247c1abb-ade4-45ac-9f2c-bbc50554f185
2026-05-19 14:41:27.877 8 INFO neutron_taas.services.taas.tap_mirror_plugin [None req-4a6a9bbf-4d16-4e7c-8a6f-1c038499dcab a55453d06519499b8ae7b3577c1f96ac 8a8322b9407d49da9779354d5d8d2533 - - default default] Tap Mirror: Handle Delete Port: 247c1abb-ade4-45ac-9f2c-bbc50554f185
2026-05-19 14:41:28.024 7 WARNING neutron.scheduler.dhcp_agent_scheduler [None req-405ef31c-00a5-4bff-86c6-9d6ef6221e7d 3433ae6a30d84764b39b4e36ebd2b390 da113b19f59b40568d51164e84b7fdba - - default default] No more DHCP agents
2026-05-19 14:41:28.025 7 WARNING neutron.api.rpc.agentnotifiers.dhcp_rpc_agent_api [None req-405ef31c-00a5-4bff-86c6-9d6ef6221e7d 3433ae6a30d84764b39b4e36ebd2b390 da113b19f59b40568d51164e84b7fdba - - default default] Unable to schedule network a167b468-bea9-4933-a8fa-7f87245e2ae0: no agents available; will retry on subsequent port and subnet creation events. [pid: 8|app: 0|req: 1156/2308] 10.0.0.158 () {32 vars in 724 bytes} [Tue May 19 14:41:27 2026] DELETE /v2.0/routers/cd8dde13-fe02-4f5e-823d-5afdcedcac11 => generated 0 bytes in 768 msecs (HTTP/1.1 204) 2 headers in 112 bytes (1 switches on core 0) [pid: 7|app: 0|req: 1153/2309] 10.0.0.158 () {34 vars in 676 bytes} [Tue May 19 14:41:27 2026] POST /v2.0/floatingips => generated 552 bytes in 515 msecs (HTTP/1.1 201) 4 headers in 162 bytes (1 switches on core 0)
2026-05-19 14:41:28.343 7 WARNING tagging [None req-90bd67b9-adf9-408b-ae8b-3dbdf56917ab 04f815a65bae45d59e820a0b141ab09c 26452e19e722451dba2d25bb0ef24a8f - - default default] project_id key not found in request, using tenant_id instead. This support has been deprecated and will be removed in a future release. [pid: 7|app: 0|req: 1154/2310] 10.0.0.158 () {34 vars in 767 bytes} [Tue May 19 14:41:28 2026] PUT /v2.0/security-groups/52a21864-8b3d-422b-9e29-c954b0c39550/tags => generated 25 bytes in 53 msecs (HTTP/1.1 200) 4 headers in 156 bytes (1 switches on core 0)
2026-05-19 14:41:28.438 8 INFO neutron.db.ovn_revision_numbers_db [None req-aec4c9b3-6bb8-4c10-ad5d-5fcb510494e7 674200fe3d8a44c7ba8c9dfe3c1fa187 7b5658f4cf79487e80b8976d9234f50a - - default default] Successfully bumped revision number for resource baa835b6-7c3e-489d-9464-f2c7f49f80f7 (type: security_groups) to 1
2026-05-19 14:41:28.452 8 INFO neutron.db.ovn_revision_numbers_db [None req-aec4c9b3-6bb8-4c10-ad5d-5fcb510494e7 674200fe3d8a44c7ba8c9dfe3c1fa187 7b5658f4cf79487e80b8976d9234f50a - - default default] Successfully bumped revision number for resource 131f9f14-6277-40ff-8f00-7a96fdbf4997 (type: security_group_rules) to 0
2026-05-19 14:41:28.465 8 INFO neutron.db.ovn_revision_numbers_db [None req-aec4c9b3-6bb8-4c10-ad5d-5fcb510494e7 674200fe3d8a44c7ba8c9dfe3c1fa187 7b5658f4cf79487e80b8976d9234f50a - - default default] Successfully bumped revision number for resource ce30b1bf-e319-4324-888c-ed48351fdc7a (type: security_group_rules) to 0
2026-05-19 14:41:28.477 8 INFO neutron.db.ovn_revision_numbers_db [None req-aec4c9b3-6bb8-4c10-ad5d-5fcb510494e7 674200fe3d8a44c7ba8c9dfe3c1fa187 7b5658f4cf79487e80b8976d9234f50a - - default default] Successfully bumped revision number for resource d33298f0-d498-467b-84d7-47e47a812d4d (type: security_group_rules) to 0
2026-05-19 14:41:28.488 8 INFO neutron.db.ovn_revision_numbers_db [None req-aec4c9b3-6bb8-4c10-ad5d-5fcb510494e7 674200fe3d8a44c7ba8c9dfe3c1fa187 7b5658f4cf79487e80b8976d9234f50a - - default default] Successfully bumped revision number for resource f2968977-c43b-4f20-819d-e1786c18219d (type: security_group_rules) to 0 [pid: 7|app: 0|req: 1155/2311] 10.0.0.158 () {32 vars in 724 bytes} [Tue May 19 14:41:28 2026] DELETE /v2.0/subnets/879c979a-25ef-4d80-9a04-defe9699316b => generated 0 bytes in 145 msecs (HTTP/1.1 204) 3 headers in 131 bytes (1 switches on core 0)
2026-05-19 14:41:28.602 8 INFO neutron.db.segments_db [None req-aec4c9b3-6bb8-4c10-ad5d-5fcb510494e7 674200fe3d8a44c7ba8c9dfe3c1fa187 7b5658f4cf79487e80b8976d9234f50a - - default default] Added segment 9d2f4e7b-5be6-485b-9c87-b6615cc71da3 of type geneve for network cd8ca69f-bbd9-45b0-8d66-d84aa6ea6843
2026-05-19 14:41:28.692 8 INFO neutron.db.segments_db [None req-aec4c9b3-6bb8-4c10-ad5d-5fcb510494e7 674200fe3d8a44c7ba8c9dfe3c1fa187 7b5658f4cf79487e80b8976d9234f50a - - default default] Added segment 47f0a9ad-8a65-4ebb-9c42-1ef0b42cdc4e of type geneve for network ad6bdcdf-47c8-45c1-9731-7931afa94340
2026-05-19 14:41:28.765 7 WARNING neutron.scheduler.dhcp_agent_scheduler [None req-3025327b-becc-4283-9e3c-5bc056ce8f5b 3433ae6a30d84764b39b4e36ebd2b390 da113b19f59b40568d51164e84b7fdba - - default default] No more DHCP agents
2026-05-19 14:41:28.768 7 WARNING neutron.api.rpc.agentnotifiers.dhcp_rpc_agent_api [None req-3025327b-becc-4283-9e3c-5bc056ce8f5b 3433ae6a30d84764b39b4e36ebd2b390 da113b19f59b40568d51164e84b7fdba - - default default] Unable to schedule network a167b468-bea9-4933-a8fa-7f87245e2ae0: no agents available; will retry on subsequent port and subnet creation events.
2026-05-19 14:41:28.800 8 INFO neutron.db.ovn_revision_numbers_db [None req-aec4c9b3-6bb8-4c10-ad5d-5fcb510494e7 674200fe3d8a44c7ba8c9dfe3c1fa187 7b5658f4cf79487e80b8976d9234f50a - - default default] Successfully bumped revision number for resource cd8ca69f-bbd9-45b0-8d66-d84aa6ea6843 (type: networks) to 1
2026-05-19 14:41:28.958 8 WARNING neutron.scheduler.dhcp_agent_scheduler [None req-aec4c9b3-6bb8-4c10-ad5d-5fcb510494e7 674200fe3d8a44c7ba8c9dfe3c1fa187 7b5658f4cf79487e80b8976d9234f50a - - default default] No more DHCP agents
2026-05-19 14:41:28.959 8 WARNING neutron.api.rpc.agentnotifiers.dhcp_rpc_agent_api [None req-aec4c9b3-6bb8-4c10-ad5d-5fcb510494e7 674200fe3d8a44c7ba8c9dfe3c1fa187 7b5658f4cf79487e80b8976d9234f50a - - default default] Unable to schedule network cd8ca69f-bbd9-45b0-8d66-d84aa6ea6843: no agents available; will retry on subsequent port and subnet creation events.
2026-05-19 14:41:29.009 8 INFO neutron.plugins.ml2.drivers.ovn.mech_driver.mech_driver [None req-7958eff5-d636-4eb5-92e5-ee4087faa45a - - - - - -] OVN reports status down for port: 5594fe6e-0dc0-46dc-99c9-bfd8aa735bc5 [pid: 7|app: 0|req: 1156/2312] 10.0.0.158 () {34 vars in 676 bytes} [Tue May 19 14:41:28 2026] POST /v2.0/floatingips => generated 552 bytes in 529 msecs (HTTP/1.1 201) 4 headers in 162 bytes (1 switches on core 0)
2026-05-19 14:41:29.066 8 INFO neutron.db.ovn_revision_numbers_db [None req-aec4c9b3-6bb8-4c10-ad5d-5fcb510494e7 674200fe3d8a44c7ba8c9dfe3c1fa187 7b5658f4cf79487e80b8976d9234f50a - - default default] Successfully bumped revision number for resource 5594fe6e-0dc0-46dc-99c9-bfd8aa735bc5 (type: ports) to 1
2026-05-19 14:41:29.068 7 WARNING tagging [None req-66d8cfc5-7c83-4baf-b1a3-a23ccc7a2250 04f815a65bae45d59e820a0b141ab09c 26452e19e722451dba2d25bb0ef24a8f - - default default] project_id key not found in request, using tenant_id instead. This support has been deprecated and will be removed in a future release. [pid: 7|app: 0|req: 1157/2313] 10.0.0.158 () {32 vars in 747 bytes} [Tue May 19 14:41:29 2026] GET /v2.0/security-groups/52a21864-8b3d-422b-9e29-c954b0c39550/tags => generated 25 bytes in 30 msecs (HTTP/1.1 200) 4 headers in 156 bytes (1 switches on core 0)
2026-05-19 14:41:29.165 8 INFO neutron.db.ovn_revision_numbers_db [None req-aec4c9b3-6bb8-4c10-ad5d-5fcb510494e7 674200fe3d8a44c7ba8c9dfe3c1fa187 7b5658f4cf79487e80b8976d9234f50a - - default default] Successfully bumped revision number for resource ad6bdcdf-47c8-45c1-9731-7931afa94340 (type: networks) to 1
2026-05-19 14:41:29.180 7 INFO neutron_taas.services.taas.taas_plugin [None req-b03e56eb-9759-4b61-bcbf-6706a146c3f9 a55453d06519499b8ae7b3577c1f96ac 8a8322b9407d49da9779354d5d8d2533 - - default default] TaaS: Handle Delete Port: 911cc296-9c25-466e-9966-eda826f9289f
2026-05-19 14:41:29.183 7 INFO neutron_taas.services.taas.tap_mirror_plugin [None req-b03e56eb-9759-4b61-bcbf-6706a146c3f9 a55453d06519499b8ae7b3577c1f96ac 8a8322b9407d49da9779354d5d8d2533 - - default default] Tap Mirror: Handle Delete Port: 911cc296-9c25-466e-9966-eda826f9289f
2026-05-19 14:41:29.341 7 INFO neutron.services.segments.plugin [-] Segment 4e94d66c-0ed6-46b1-8c14-ad97a11738e3 resource provider aggregate not found
2026-05-19 14:41:29.349 7 INFO neutron.services.segments.plugin [-] Segment 4e94d66c-0ed6-46b1-8c14-ad97a11738e3 resource provider aggregate not found
2026-05-19 14:41:29.355 8 WARNING neutron.scheduler.dhcp_agent_scheduler [None req-aec4c9b3-6bb8-4c10-ad5d-5fcb510494e7 674200fe3d8a44c7ba8c9dfe3c1fa187 7b5658f4cf79487e80b8976d9234f50a - - default default] No more DHCP agents
2026-05-19 14:41:29.357 8 WARNING neutron.api.rpc.agentnotifiers.dhcp_rpc_agent_api [None req-aec4c9b3-6bb8-4c10-ad5d-5fcb510494e7 674200fe3d8a44c7ba8c9dfe3c1fa187 7b5658f4cf79487e80b8976d9234f50a - - default default] Unable to schedule network ad6bdcdf-47c8-45c1-9731-7931afa94340: no agents available; will retry on subsequent port and subnet creation events.
2026-05-19 14:41:29.359 7 INFO neutron.services.segments.plugin [-] Segment 4e94d66c-0ed6-46b1-8c14-ad97a11738e3 resource provider not found; error: Placement Client Error (4xx): {"errors": [{"status": 404, "title": "Not Found", "detail": "The resource could not be found.\n\n No resource provider with uuid 4e94d66c-0ed6-46b1-8c14-ad97a11738e3 found for delete ", "request_id": "req-c8456408-c0e8-4b65-8fd6-ccc7dab5c258"}]}
2026-05-19 14:41:29.370 7 INFO neutron.services.segments.plugin [-] Segment 4e94d66c-0ed6-46b1-8c14-ad97a11738e3 resource provider not found; error: Placement Client Error (4xx): {"errors": [{"status": 404, "title": "Not Found", "detail": "The resource could not be found.\n\n No resource provider with uuid 4e94d66c-0ed6-46b1-8c14-ad97a11738e3 found for delete ", "request_id": "req-801aa8dd-484c-4ea2-98e3-e4a16e51723c"}]} [pid: 7|app: 0|req: 1158/2314] 10.0.0.158 () {32 vars in 726 bytes} [Tue May 19 14:41:29 2026] DELETE /v2.0/networks/67bc44a2-e1ff-4cfa-9362-fab59d3bc604 => generated 0 bytes in 310 msecs (HTTP/1.1 204) 3 headers in 131 bytes (1 switches on core 0)
2026-05-19 14:41:29.415 8 INFO neutron.plugins.ml2.drivers.ovn.mech_driver.mech_driver [None req-7958eff5-d636-4eb5-92e5-ee4087faa45a - - - - - -] OVN reports status down for port: 89e80541-2cf0-4b92-9e11-bef97bd6eeb3
2026-05-19 14:41:29.469 8 INFO neutron.db.ovn_revision_numbers_db [None req-aec4c9b3-6bb8-4c10-ad5d-5fcb510494e7 674200fe3d8a44c7ba8c9dfe3c1fa187 7b5658f4cf79487e80b8976d9234f50a - - default default] Successfully bumped revision number for resource 89e80541-2cf0-4b92-9e11-bef97bd6eeb3 (type: ports) to 1 [pid: 8|app: 0|req: 1157/2315] 10.0.0.158 () {34 vars in 670 bytes} [Tue May 19 14:41:28 2026] POST /v2.0/networks => generated 1321 bytes in 1275 msecs (HTTP/1.1 201) 4 headers in 163 bytes (1 switches on core 0)
2026-05-19 14:41:29.537 8 WARNING tagging [None req-b25877e7-5988-400e-86a6-2df8a39eb7c8 04f815a65bae45d59e820a0b141ab09c 26452e19e722451dba2d25bb0ef24a8f - - default default] project_id key not found in request, using tenant_id instead. This support has been deprecated and will be removed in a future release. [pid: 8|app: 0|req: 1158/2316] 10.0.0.158 () {34 vars in 778 bytes} [Tue May 19 14:41:29 2026] PUT /v2.0/security-groups/52a21864-8b3d-422b-9e29-c954b0c39550/tags/green => generated 4 bytes in 66 msecs (HTTP/1.1 201) 4 headers in 160 bytes (1 switches on core 0) [pid: 8|app: 0|req: 1159/2317] 10.0.0.158 () {32 vars in 649 bytes} [Tue May 19 14:41:29 2026] GET /v2.0/networks => generated 1970 bytes in 50 msecs (HTTP/1.1 200) 4 headers in 158 bytes (1 switches on core 0)
2026-05-19 14:41:29.629 7 WARNING neutron.scheduler.dhcp_agent_scheduler [None req-b9f5c112-6073-482d-b95b-bf599e87a20f 3433ae6a30d84764b39b4e36ebd2b390 da113b19f59b40568d51164e84b7fdba - - default default] No more DHCP agents
2026-05-19 14:41:29.630 7 WARNING neutron.api.rpc.agentnotifiers.dhcp_rpc_agent_api [None req-b9f5c112-6073-482d-b95b-bf599e87a20f 3433ae6a30d84764b39b4e36ebd2b390 da113b19f59b40568d51164e84b7fdba - - default default] Unable to schedule network a167b468-bea9-4933-a8fa-7f87245e2ae0: no agents available; will retry on subsequent port and subnet creation events.
2026-05-19 14:41:29.649 8 WARNING tagging [None req-82902281-8f51-456a-aad8-b2e919dfdb9e 04f815a65bae45d59e820a0b141ab09c 26452e19e722451dba2d25bb0ef24a8f - - default default] project_id key not found in request, using tenant_id instead. This support has been deprecated and will be removed in a future release. [pid: 8|app: 0|req: 1160/2318] 10.0.0.158 () {32 vars in 747 bytes} [Tue May 19 14:41:29 2026] GET /v2.0/security-groups/52a21864-8b3d-422b-9e29-c954b0c39550/tags => generated 34 bytes in 30 msecs (HTTP/1.1 200) 4 headers in 156 bytes (1 switches on core 0)
2026-05-19 14:41:29.768 8 INFO neutron_taas.services.taas.taas_plugin [None req-c8640dfe-36ef-4aba-8577-53673c0fba2b 674200fe3d8a44c7ba8c9dfe3c1fa187 7b5658f4cf79487e80b8976d9234f50a - - default default] TaaS: Handle Delete Port: 5594fe6e-0dc0-46dc-99c9-bfd8aa735bc5
2026-05-19 14:41:29.770 8 INFO neutron_taas.services.taas.tap_mirror_plugin [None req-c8640dfe-36ef-4aba-8577-53673c0fba2b 674200fe3d8a44c7ba8c9dfe3c1fa187 7b5658f4cf79487e80b8976d9234f50a - - default default] Tap Mirror: Handle Delete Port: 5594fe6e-0dc0-46dc-99c9-bfd8aa735bc5 [pid: 7|app: 0|req: 1159/2319] 10.0.0.158 () {34 vars in 676 bytes} [Tue May 19 14:41:29 2026] POST /v2.0/floatingips => generated 552 bytes in 511 msecs (HTTP/1.1 201) 4 headers in 162 bytes (1 switches on core 0)
2026-05-19 14:41:29.919 7 WARNING tagging [None req-e7dcda28-302e-429d-b703-33038bc0cf22 04f815a65bae45d59e820a0b141ab09c 26452e19e722451dba2d25bb0ef24a8f - - default default] project_id key not found in request, using tenant_id instead. This support has been deprecated and will be removed in a future release. [pid: 7|app: 0|req: 1160/2320] 10.0.0.158 () {34 vars in 774 bytes} [Tue May 19 14:41:29 2026] PUT /v2.0/security-groups/52a21864-8b3d-422b-9e29-c954b0c39550/tags/red => generated 4 bytes in 40 msecs (HTTP/1.1 201) 4 headers in 160 bytes (1 switches on core 0)
2026-05-19 14:41:29.943 7 WARNING neutron.db.securitygroups_db [None req-211dc45d-fd8f-4c48-ba4d-b99e73629a60 a55453d06519499b8ae7b3577c1f96ac 8a8322b9407d49da9779354d5d8d2533 - - default default] project_id key not found in filters, using tenant_id instead. This support has been deprecated and will be removed in a future release.
2026-05-19 14:41:29.945 8 INFO neutron.services.segments.plugin [-] Segment 9d2f4e7b-5be6-485b-9c87-b6615cc71da3 resource provider aggregate not found
2026-05-19 14:41:29.951 8 INFO neutron.services.segments.plugin [-] Segment 9d2f4e7b-5be6-485b-9c87-b6615cc71da3 resource provider aggregate not found
2026-05-19 14:41:29.969 8 INFO neutron.services.segments.plugin [-] Segment 9d2f4e7b-5be6-485b-9c87-b6615cc71da3 resource provider not found; error: Placement Client Error (4xx): {"errors": [{"status": 404, "title": "Not Found", "detail": "The resource could not be found.\n\n No resource provider with uuid 9d2f4e7b-5be6-485b-9c87-b6615cc71da3 found for delete ", "request_id": "req-63b64674-4fe2-400b-93b1-eaaac59cb1d8"}]}
2026-05-19 14:41:29.970 8 INFO neutron.services.segments.plugin [-] Segment 9d2f4e7b-5be6-485b-9c87-b6615cc71da3 resource provider not found; error: Placement Client Error (4xx): {"errors": [{"status": 404, "title": "Not Found", "detail": "The resource could not be found.\n\n No resource provider with uuid 9d2f4e7b-5be6-485b-9c87-b6615cc71da3 found for delete ", "request_id": "req-11791202-8e93-4cdb-ae92-f422e3999105"}]} [pid: 7|app: 0|req: 1161/2321] 10.0.0.158 () {32 vars in 774 bytes} [Tue May 19 14:41:29 2026] GET /v2.0/security-groups?tenant_id=edc15d2b48ab46b9990d1fc42b9cbf56&name=default => generated 2925 bytes in 30 msecs (HTTP/1.1 200) 4 headers in 158 bytes (1 switches on core 0)
2026-05-19 14:41:29.986 7 WARNING tagging [None req-87f2f8cc-47a7-4836-9fc9-8133846cc10f 3433ae6a30d84764b39b4e36ebd2b390 da113b19f59b40568d51164e84b7fdba - - default default] project_id key not found in request, using tenant_id instead. This support has been deprecated and will be removed in a future release. [pid: 8|app: 0|req: 1161/2322] 10.0.0.158 () {32 vars in 726 bytes} [Tue May 19 14:41:29 2026] DELETE /v2.0/networks/cd8ca69f-bbd9-45b0-8d66-d84aa6ea6843 => generated 0 bytes in 327 msecs (HTTP/1.1 204) 3 headers in 131 bytes (1 switches on core 0)
2026-05-19 14:41:30.009 8 WARNING tagging [None req-94ecdc3c-65b9-436e-9c86-57cea52643d7 04f815a65bae45d59e820a0b141ab09c 26452e19e722451dba2d25bb0ef24a8f - - default default] project_id key not found in request, using tenant_id instead. This support has been deprecated and will be removed in a future release. [pid: 8|app: 0|req: 1162/2323] 10.0.0.158 () {32 vars in 747 bytes} [Tue May 19 14:41:29 2026] GET /v2.0/security-groups/52a21864-8b3d-422b-9e29-c954b0c39550/tags => generated 34 bytes in 33 msecs (HTTP/1.1 200) 4 headers in 156 bytes (1 switches on core 0) [pid: 7|app: 0|req: 1162/2324] 10.0.0.158 () {34 vars in 759 bytes} [Tue May 19 14:41:29 2026] PUT /v2.0/floatingips/ab3a40b7-56ab-4dcd-ad77-06e28dfd9b66/tags => generated 17 bytes in 75 msecs (HTTP/1.1 200) 4 headers in 156 bytes (1 switches on core 0)
2026-05-19 14:41:30.148 7 INFO neutron_taas.services.taas.taas_plugin [None req-5140b15a-8ef9-448a-ac3f-9ddc0f756829 674200fe3d8a44c7ba8c9dfe3c1fa187 7b5658f4cf79487e80b8976d9234f50a - - default default] TaaS: Handle Delete Port: 89e80541-2cf0-4b92-9e11-bef97bd6eeb3
2026-05-19 14:41:30.152 7 INFO neutron_taas.services.taas.tap_mirror_plugin [None req-5140b15a-8ef9-448a-ac3f-9ddc0f756829 674200fe3d8a44c7ba8c9dfe3c1fa187 7b5658f4cf79487e80b8976d9234f50a - - default default] Tap Mirror: Handle Delete Port: 89e80541-2cf0-4b92-9e11-bef97bd6eeb3 [pid: 8|app: 0|req: 1163/2325] 10.0.0.158 () {32 vars in 740 bytes} [Tue May 19 14:41:30 2026] DELETE /v2.0/security-groups/cb8ab1a7-f591-470b-8308-f0ecb3ead9fa => generated 0 bytes in 191 msecs (HTTP/1.1 204) 2 headers in 112 bytes (1 switches on core 0)
2026-05-19 14:41:30.248 8 WARNING tagging [None req-d7e757f1-152b-4e98-bd73-46817a087478 04f815a65bae45d59e820a0b141ab09c 26452e19e722451dba2d25bb0ef24a8f - - default default] project_id key not found in request, using tenant_id instead. This support has been deprecated and will be removed in a future release. [pid: 8|app: 0|req: 1164/2326] 10.0.0.158 () {34 vars in 796 bytes} [Tue May 19 14:41:30 2026] PUT /v2.0/security-groups/52a21864-8b3d-422b-9e29-c954b0c39550/tags/black.or.white => generated 4 bytes in 71 msecs (HTTP/1.1 201) 4 headers in 160 bytes (1 switches on core 0)
2026-05-19 14:41:30.304 8 WARNING tagging [None req-791f66b4-88f4-4297-8505-8f5244740d24 3433ae6a30d84764b39b4e36ebd2b390 da113b19f59b40568d51164e84b7fdba - - default default] project_id key not found in request, using tenant_id instead. This support has been deprecated and will be removed in a future release. [pid: 8|app: 0|req: 1165/2327] 10.0.0.158 () {34 vars in 759 bytes} [Tue May 19 14:41:30 2026] PUT /v2.0/floatingips/5bb21ff6-6a86-4ac3-9005-2d3079f5961d/tags => generated 25 bytes in 53 msecs (HTTP/1.1 200) 4 headers in 156 bytes (1 switches on core 0) [pid: 7|app: 0|req: 1163/2328] 10.0.0.158 () {32 vars in 726 bytes} [Tue May 19 14:41:30 2026] DELETE /v2.0/networks/ad6bdcdf-47c8-45c1-9731-7931afa94340 => generated 0 bytes in 302 msecs (HTTP/1.1 204) 3 headers in 131 bytes (1 switches on core 0)
2026-05-19 14:41:30.355 8 WARNING tagging [None req-36f27eaa-b9c0-420f-8f1f-ece83a19f9b8 04f815a65bae45d59e820a0b141ab09c 26452e19e722451dba2d25bb0ef24a8f - - default default] project_id key not found in request, using tenant_id instead. This support has been deprecated and will be removed in a future release. [pid: 8|app: 0|req: 1166/2329] 10.0.0.158 () {32 vars in 747 bytes} [Tue May 19 14:41:30 2026] GET /v2.0/security-groups/52a21864-8b3d-422b-9e29-c954b0c39550/tags => generated 52 bytes in 28 msecs (HTTP/1.1 200) 4 headers in 156 bytes (1 switches on core 0)
2026-05-19 14:41:30.369 7 WARNING tagging [None req-1728f9df-970a-4987-9ae8-a7c5024ccd6e 3433ae6a30d84764b39b4e36ebd2b390 da113b19f59b40568d51164e84b7fdba - - default default] project_id key not found in request, using tenant_id instead. This support has been deprecated and will be removed in a future release.
2026-05-19 14:41:30.370 8 WARNING neutron.db.securitygroups_db [None req-7e77e5e5-1821-4b4d-abdb-8dcd3a20805f a55453d06519499b8ae7b3577c1f96ac 8a8322b9407d49da9779354d5d8d2533 - - default default] project_id key not found in filters, using tenant_id instead. This support has been deprecated and will be removed in a future release. [pid: 8|app: 0|req: 1167/2330] 10.0.0.158 () {32 vars in 774 bytes} [Tue May 19 14:41:30 2026] GET /v2.0/security-groups?tenant_id=e6870aed150b46ff94972f432620934d&name=default => generated 2925 bytes in 23 msecs (HTTP/1.1 200) 4 headers in 158 bytes (1 switches on core 0) [pid: 7|app: 0|req: 1164/2331] 10.0.0.158 () {34 vars in 759 bytes} [Tue May 19 14:41:30 2026] PUT /v2.0/floatingips/8b632ee9-8c16-4f62-abc7-07dc4b4be045/tags => generated 34 bytes in 49 msecs (HTTP/1.1 200) 4 headers in 156 bytes (1 switches on core 0)
2026-05-19 14:41:30.419 7 WARNING tagging [None req-196e4886-90a0-4d6e-b652-2a92ba1ac1b9 04f815a65bae45d59e820a0b141ab09c 26452e19e722451dba2d25bb0ef24a8f - - default default] project_id key not found in request, using tenant_id instead. This support has been deprecated and will be removed in a future release. [pid: 8|app: 0|req: 1168/2332] 10.0.0.158 () {32 vars in 649 bytes} [Tue May 19 14:41:30 2026] GET /v2.0/networks => generated 689 bytes in 40 msecs (HTTP/1.1 200) 4 headers in 157 bytes (1 switches on core 0) [pid: 7|app: 0|req: 1165/2333] 10.0.0.158 () {34 vars in 767 bytes} [Tue May 19 14:41:30 2026] PUT /v2.0/security-groups/52a21864-8b3d-422b-9e29-c954b0c39550/tags => generated 37 bytes in 56 msecs (HTTP/1.1 200) 4 headers in 156 bytes (1 switches on core 0)
2026-05-19 14:41:30.477 7 WARNING tagging [None req-a280a66e-eb58-4bd4-94e8-c9da7e54d604 3433ae6a30d84764b39b4e36ebd2b390 da113b19f59b40568d51164e84b7fdba - - default default] project_id key not found in request, using tenant_id instead. This support has been deprecated and will be removed in a future release. [pid: 7|app: 0|req: 1166/2334] 10.0.0.158 () {34 vars in 759 bytes} [Tue May 19 14:41:30 2026] PUT /v2.0/floatingips/fbf45f44-0fb5-4244-9c97-f4dab49e5836/tags => generated 19 bytes in 53 msecs (HTTP/1.1 200) 4 headers in 156 bytes (1 switches on core 0) [pid: 8|app: 0|req: 1169/2335] 10.0.0.158 () {32 vars in 740 bytes} [Tue May 19 14:41:30 2026] DELETE /v2.0/security-groups/c693fd25-09af-43ab-ad60-24f22324d41d => generated 0 bytes in 177 msecs (HTTP/1.1 204) 2 headers in 112 bytes (1 switches on core 0)
2026-05-19 14:41:30.613 7 INFO neutron.db.segments_db [None req-4ad4f493-e903-4658-83c9-edc307a03361 674200fe3d8a44c7ba8c9dfe3c1fa187 7b5658f4cf79487e80b8976d9234f50a - - default default] Added segment 94a240eb-526c-4d5e-98c7-26acce37b19a of type geneve for network 63aee2ff-5a8c-4b4b-aa26-7d008ae04993
2026-05-19 14:41:30.626 8 WARNING tagging [None req-c8b3897b-397c-4bfd-9b86-ae850ef77c22 04f815a65bae45d59e820a0b141ab09c 26452e19e722451dba2d25bb0ef24a8f - - default default] project_id key not found in request, using tenant_id instead. This support has been deprecated and will be removed in a future release. [pid: 8|app: 0|req: 1170/2336] 10.0.0.158 () {32 vars in 747 bytes} [Tue May 19 14:41:30 2026] GET /v2.0/security-groups/52a21864-8b3d-422b-9e29-c954b0c39550/tags => generated 37 bytes in 29 msecs (HTTP/1.1 200) 4 headers in 156 bytes (1 switches on core 0) [pid: 8|app: 0|req: 1171/2337] 10.0.0.158 () {32 vars in 672 bytes} [Tue May 19 14:41:30 2026] GET /v2.0/floatingips?tags=red => generated 1671 bytes in 46 msecs (HTTP/1.1 200) 4 headers in 158 bytes (1 switches on core 0)
2026-05-19 14:41:30.711 8 WARNING tagging [None req-1bd87628-c3f2-4eec-b77e-252ee71fcac1 04f815a65bae45d59e820a0b141ab09c 26452e19e722451dba2d25bb0ef24a8f - - default default] project_id key not found in request, using tenant_id instead. This support has been deprecated and will be removed in a future release. [pid: 8|app: 0|req: 1174/2340] 10.0.0.158 () {32 vars in 755 bytes} [Tue May 19 14:41:30 2026] GET /v2.0/security-groups/52a21864-8b3d-422b-9e29-c954b0c39550/tags/red => generated 0 bytes in 40 msecs (HTTP/1.1 204) 2 headers in 112 bytes (1 switches on core 0)
2026-05-19 14:41:30.727 7 INFO neutron.db.ovn_revision_numbers_db [None req-4ad4f493-e903-4658-83c9-edc307a03361 674200fe3d8a44c7ba8c9dfe3c1fa187 7b5658f4cf79487e80b8976d9234f50a - - default default] Successfully bumped revision number for resource 63aee2ff-5a8c-4b4b-aa26-7d008ae04993 (type: networks) to 1 [pid: 8|app: 0|req: 1175/2341] 10.0.0.158 () {32 vars in 686 bytes} [Tue May 19 14:41:30 2026] GET /v2.0/floatingips?tags=red%2Cblue => generated 1128 bytes in 57 msecs (HTTP/1.1 200) 4 headers in 158 bytes (1 switches on core 0)
2026-05-19 14:41:30.803 8 WARNING tagging [None req-77b98eac-83db-462e-b736-b02feeaff42b 04f815a65bae45d59e820a0b141ab09c 26452e19e722451dba2d25bb0ef24a8f - - default default] project_id key not found in request, using tenant_id instead. This support has been deprecated and will be removed in a future release.
2026-05-19 14:41:30.812 8 INFO neutron.api.v2.resource [None req-77b98eac-83db-462e-b736-b02feeaff42b 04f815a65bae45d59e820a0b141ab09c 26452e19e722451dba2d25bb0ef24a8f - - default default] show failed (client error): The resource could not be found. [pid: 8|app: 0|req: 1176/2342] 10.0.0.158 () {32 vars in 759 bytes} [Tue May 19 14:41:30 2026] GET /v2.0/security-groups/52a21864-8b3d-422b-9e29-c954b0c39550/tags/green => generated 99 bytes in 30 msecs (HTTP/1.1 404) 4 headers in 163 bytes (1 switches on core 0) [pid: 8|app: 0|req: 1177/2343] 10.0.0.158 () {32 vars in 682 bytes} [Tue May 19 14:41:30 2026] GET /v2.0/floatingips?tags-any=blue => generated 1128 bytes in 45 msecs (HTTP/1.1 200) 4 headers in 158 bytes (1 switches on core 0)
2026-05-19 14:41:30.878 8 WARNING tagging [None req-07265882-71c2-4d81-a4eb-6f26b1fb6023 04f815a65bae45d59e820a0b141ab09c 26452e19e722451dba2d25bb0ef24a8f - - default default] project_id key not found in request, using tenant_id instead. This support has been deprecated and will be removed in a future release. [pid: 8|app: 0|req: 1178/2344] 10.0.0.158 () {32 vars in 758 bytes} [Tue May 19 14:41:30 2026] DELETE /v2.0/security-groups/52a21864-8b3d-422b-9e29-c954b0c39550/tags/red => generated 0 bytes in 43 msecs (HTTP/1.1 204) 2 headers in 112 bytes (1 switches on core 0)
2026-05-19 14:41:30.905 7 WARNING neutron.scheduler.dhcp_agent_scheduler [None req-4ad4f493-e903-4658-83c9-edc307a03361 674200fe3d8a44c7ba8c9dfe3c1fa187 7b5658f4cf79487e80b8976d9234f50a - - default default] No more DHCP agents
2026-05-19 14:41:30.906 7 WARNING neutron.api.rpc.agentnotifiers.dhcp_rpc_agent_api [None req-4ad4f493-e903-4658-83c9-edc307a03361 674200fe3d8a44c7ba8c9dfe3c1fa187 7b5658f4cf79487e80b8976d9234f50a - - default default] Unable to schedule network 63aee2ff-5a8c-4b4b-aa26-7d008ae04993: no agents available; will retry on subsequent port and subnet creation events. [pid: 8|app: 0|req: 1179/2345] 10.0.0.158 () {32 vars in 694 bytes} [Tue May 19 14:41:30 2026] GET /v2.0/floatingips?tags-any=red%2Cblue => generated 1671 bytes in 20 msecs (HTTP/1.1 200) 4 headers in 158 bytes (1 switches on core 0)
2026-05-19 14:41:30.947 7 INFO neutron.plugins.ml2.drivers.ovn.mech_driver.mech_driver [None req-a2906149-8027-41a2-9c20-991b697f50b1 - - - - - -] OVN reports status down for port: 6bcb7d27-ad13-4919-8cab-8e81ac0f3c0a
2026-05-19 14:41:30.962 8 WARNING tagging [None req-1a085c00-cce3-4eee-b533-363c3d42b814 04f815a65bae45d59e820a0b141ab09c 26452e19e722451dba2d25bb0ef24a8f - - default default] project_id key not found in request, using tenant_id instead. This support has been deprecated and will be removed in a future release. [pid: 8|app: 0|req: 1180/2346] 10.0.0.158 () {32 vars in 747 bytes} [Tue May 19 14:41:30 2026] GET /v2.0/security-groups/52a21864-8b3d-422b-9e29-c954b0c39550/tags => generated 30 bytes in 50 msecs (HTTP/1.1 200) 4 headers in 156 bytes (1 switches on core 0)
2026-05-19 14:41:30.994 7 INFO neutron.db.ovn_revision_numbers_db [None req-4ad4f493-e903-4658-83c9-edc307a03361 674200fe3d8a44c7ba8c9dfe3c1fa187 7b5658f4cf79487e80b8976d9234f50a - - default default] Successfully bumped revision number for resource 6bcb7d27-ad13-4919-8cab-8e81ac0f3c0a (type: ports) to 1 [pid: 7|app: 0|req: 1167/2347] 10.0.0.158 () {34 vars in 670 bytes} [Tue May 19 14:41:30 2026] POST /v2.0/networks => generated 691 bytes in 513 msecs (HTTP/1.1 201) 4 headers in 162 bytes (1 switches on core 0) [pid: 8|app: 0|req: 1181/2348] 10.0.0.158 () {32 vars in 680 bytes} [Tue May 19 14:41:30 2026] GET /v2.0/floatingips?not-tags=red => generated 1100 bytes in 53 msecs (HTTP/1.1 200) 4 headers in 158 bytes (1 switches on core 0)
2026-05-19 14:41:31.060 7 WARNING tagging [None req-5588e5f6-0dbf-4001-820f-966da970d863 04f815a65bae45d59e820a0b141ab09c 26452e19e722451dba2d25bb0ef24a8f - - default default] project_id key not found in request, using tenant_id instead. This support has been deprecated and will be removed in a future release.
2026-05-19 14:41:31.073 7 INFO neutron.api.v2.resource [None req-5588e5f6-0dbf-4001-820f-966da970d863 04f815a65bae45d59e820a0b141ab09c 26452e19e722451dba2d25bb0ef24a8f - - default default] delete failed (client error): The resource could not be found. [pid: 7|app: 0|req: 1168/2349] 10.0.0.158 () {32 vars in 762 bytes} [Tue May 19 14:41:31 2026] DELETE /v2.0/security-groups/52a21864-8b3d-422b-9e29-c954b0c39550/tags/green => generated 99 bytes in 52 msecs (HTTP/1.1 404) 4 headers in 163 bytes (1 switches on core 0)
2026-05-19 14:41:31.129 8 INFO neutron.db.segments_db [None req-38c96cfe-79fe-42cc-8a83-08029a15fa7f 674200fe3d8a44c7ba8c9dfe3c1fa187 7b5658f4cf79487e80b8976d9234f50a - - default default] Added segment c2c5cc03-4d68-4659-9ca9-82629d825094 of type geneve for network d817c56d-4a1f-418a-bce2-8ad8b4338f9f [pid: 7|app: 0|req: 1169/2350] 10.0.0.158 () {32 vars in 694 bytes} [Tue May 19 14:41:31 2026] GET /v2.0/floatingips?not-tags=red%2Cblue => generated 1643 bytes in 55 msecs (HTTP/1.1 200) 4 headers in 158 bytes (1 switches on core 0)
2026-05-19 14:41:31.152 7 WARNING tagging [None req-baae3f57-ceed-4c3a-a54c-1b4cb61f9585 04f815a65bae45d59e820a0b141ab09c 26452e19e722451dba2d25bb0ef24a8f - - default default] project_id key not found in request, using tenant_id instead. This support has been deprecated and will be removed in a future release. [pid: 7|app: 0|req: 1170/2351] 10.0.0.158 () {32 vars in 750 bytes} [Tue May 19 14:41:31 2026] DELETE /v2.0/security-groups/52a21864-8b3d-422b-9e29-c954b0c39550/tags => generated 0 bytes in 51 msecs (HTTP/1.1 204) 2 headers in 112 bytes (1 switches on core 0) [pid: 7|app: 0|req: 1171/2352] 10.0.0.158 () {32 vars in 690 bytes} [Tue May 19 14:41:31 2026] GET /v2.0/floatingips?not-tags-any=blue => generated 1643 bytes in 65 msecs (HTTP/1.1 200) 4 headers in 158 bytes (1 switches on core 0)
2026-05-19 14:41:31.260 8 INFO neutron.db.ovn_revision_numbers_db [None req-38c96cfe-79fe-42cc-8a83-08029a15fa7f 674200fe3d8a44c7ba8c9dfe3c1fa187 7b5658f4cf79487e80b8976d9234f50a - - default default] Successfully bumped revision number for resource d817c56d-4a1f-418a-bce2-8ad8b4338f9f (type: networks) to 1
2026-05-19 14:41:31.272 7 WARNING tagging [None req-77907b4f-2efe-479a-a2d2-c70d2e63f881 04f815a65bae45d59e820a0b141ab09c 26452e19e722451dba2d25bb0ef24a8f - - default default] project_id key not found in request, using tenant_id instead. This support has been deprecated and will be removed in a future release. [pid: 7|app: 0|req: 1172/2353] 10.0.0.158 () {32 vars in 747 bytes} [Tue May 19 14:41:31 2026] GET /v2.0/security-groups/52a21864-8b3d-422b-9e29-c954b0c39550/tags => generated 12 bytes in 34 msecs (HTTP/1.1 200) 4 headers in 156 bytes (1 switches on core 0) [pid: 7|app: 0|req: 1173/2354] 10.0.0.158 () {32 vars in 702 bytes} [Tue May 19 14:41:31 2026] GET /v2.0/floatingips?not-tags-any=red%2Cblue => generated 1100 bytes in 23 msecs (HTTP/1.1 200) 4 headers in 158 bytes (1 switches on core 0)
2026-05-19 14:41:31.386 7 INFO neutron.services.segments.plugin [-] Segment 47f0a9ad-8a65-4ebb-9c42-1ef0b42cdc4e resource provider aggregate not found
2026-05-19 14:41:31.393 7 INFO neutron.services.segments.plugin [-] Segment 47f0a9ad-8a65-4ebb-9c42-1ef0b42cdc4e resource provider aggregate not found
2026-05-19 14:41:31.409 7 INFO neutron.services.segments.plugin [-] Segment 47f0a9ad-8a65-4ebb-9c42-1ef0b42cdc4e resource provider not found; error: Placement Client Error (4xx): {"errors": [{"status": 404, "title": "Not Found", "detail": "The resource could not be found.\n\n No resource provider with uuid 47f0a9ad-8a65-4ebb-9c42-1ef0b42cdc4e found for delete ", "request_id": "req-37cc7858-8aed-4bfc-92f8-766b91564458"}]}
2026-05-19 14:41:31.410 7 INFO neutron.services.segments.plugin [-] Segment 47f0a9ad-8a65-4ebb-9c42-1ef0b42cdc4e resource provider not found; error: Placement Client Error (4xx): {"errors": [{"status": 404, "title": "Not Found", "detail": "The resource could not be found.\n\n No resource provider with uuid 47f0a9ad-8a65-4ebb-9c42-1ef0b42cdc4e found for delete ", "request_id": "req-1b0bdced-ec96-4806-9097-7e552f5c9d82"}]} [pid: 7|app: 0|req: 1174/2355] 10.0.0.158 () {32 vars in 740 bytes} [Tue May 19 14:41:31 2026] DELETE /v2.0/security-groups/52a21864-8b3d-422b-9e29-c954b0c39550 => generated 0 bytes in 132 msecs (HTTP/1.1 204) 2 headers in 112 bytes (1 switches on core 0)
2026-05-19 14:41:31.457 8 WARNING neutron.scheduler.dhcp_agent_scheduler [None req-38c96cfe-79fe-42cc-8a83-08029a15fa7f 674200fe3d8a44c7ba8c9dfe3c1fa187 7b5658f4cf79487e80b8976d9234f50a - - default default] No more DHCP agents
2026-05-19 14:41:31.459 8 WARNING neutron.api.rpc.agentnotifiers.dhcp_rpc_agent_api [None req-38c96cfe-79fe-42cc-8a83-08029a15fa7f 674200fe3d8a44c7ba8c9dfe3c1fa187 7b5658f4cf79487e80b8976d9234f50a - - default default] Unable to schedule network d817c56d-4a1f-418a-bce2-8ad8b4338f9f: no agents available; will retry on subsequent port and subnet creation events.
2026-05-19 14:41:31.527 7 INFO neutron.plugins.ml2.drivers.ovn.mech_driver.mech_driver [None req-a2906149-8027-41a2-9c20-991b697f50b1 - - - - - -] OVN reports status down for port: 7cfa9f11-f72b-454a-b8c3-9ee37a485782
2026-05-19 14:41:31.594 8 INFO neutron.db.ovn_revision_numbers_db [None req-38c96cfe-79fe-42cc-8a83-08029a15fa7f 674200fe3d8a44c7ba8c9dfe3c1fa187 7b5658f4cf79487e80b8976d9234f50a - - default default] Successfully bumped revision number for resource 7cfa9f11-f72b-454a-b8c3-9ee37a485782 (type: ports) to 1
2026-05-19 14:41:31.616 7 INFO neutron_taas.services.taas.taas_plugin [None req-81fd32dc-7f71-4433-b361-365d9ae07dd6 3433ae6a30d84764b39b4e36ebd2b390 da113b19f59b40568d51164e84b7fdba - - default default] TaaS: Handle Delete Port: bf7aa4b9-34e5-4b01-8b17-fd0ac753c872
2026-05-19 14:41:31.625 7 INFO neutron_taas.services.taas.tap_mirror_plugin [None req-81fd32dc-7f71-4433-b361-365d9ae07dd6 3433ae6a30d84764b39b4e36ebd2b390 da113b19f59b40568d51164e84b7fdba - - default default] Tap Mirror: Handle Delete Port: bf7aa4b9-34e5-4b01-8b17-fd0ac753c872 [pid: 8|app: 0|req: 1182/2356] 10.0.0.158 () {34 vars in 670 bytes} [Tue May 19 14:41:31 2026] POST /v2.0/networks => generated 691 bytes in 604 msecs (HTTP/1.1 201) 4 headers in 162 bytes (1 switches on core 0) [pid: 7|app: 0|req: 1175/2357] 10.0.0.158 () {32 vars in 732 bytes} [Tue May 19 14:41:31 2026] DELETE /v2.0/floatingips/ab3a40b7-56ab-4dcd-ad77-06e28dfd9b66 => generated 0 bytes in 385 msecs (HTTP/1.1 204) 2 headers in 112 bytes (1 switches on core 0)
2026-05-19 14:41:31.951 7 INFO neutron_taas.services.taas.taas_plugin [None req-c25364e8-1876-44ff-b3d8-b2526ed76485 3433ae6a30d84764b39b4e36ebd2b390 da113b19f59b40568d51164e84b7fdba - - default default] TaaS: Handle Delete Port: 0c8514d5-03a8-4b9b-a0da-bedd6f92fe9e
2026-05-19 14:41:31.953 7 INFO neutron_taas.services.taas.tap_mirror_plugin [None req-c25364e8-1876-44ff-b3d8-b2526ed76485 3433ae6a30d84764b39b4e36ebd2b390 da113b19f59b40568d51164e84b7fdba - - default default] Tap Mirror: Handle Delete Port: 0c8514d5-03a8-4b9b-a0da-bedd6f92fe9e
2026-05-19 14:41:32.068 8 WARNING neutron.scheduler.dhcp_agent_scheduler [None req-76341c7c-046f-4d57-bfa7-5331c9b402ec 674200fe3d8a44c7ba8c9dfe3c1fa187 7b5658f4cf79487e80b8976d9234f50a - - default default] No more DHCP agents
2026-05-19 14:41:32.070 8 WARNING neutron.api.rpc.agentnotifiers.dhcp_rpc_agent_api [None req-76341c7c-046f-4d57-bfa7-5331c9b402ec 674200fe3d8a44c7ba8c9dfe3c1fa187 7b5658f4cf79487e80b8976d9234f50a - - default default] Unable to schedule network 63aee2ff-5a8c-4b4b-aa26-7d008ae04993: no agents available; will retry on subsequent port and subnet creation events.
2026-05-19 14:41:32.130 8 INFO neutron.plugins.ml2.drivers.ovn.mech_driver.mech_driver [None req-7958eff5-d636-4eb5-92e5-ee4087faa45a - - - - - -] OVN reports status down for port: cfb98b6c-6a36-46f0-967f-3daf99157687 [pid: 7|app: 0|req: 1176/2358] 10.0.0.158 () {32 vars in 732 bytes} [Tue May 19 14:41:31 2026] DELETE /v2.0/floatingips/5bb21ff6-6a86-4ac3-9005-2d3079f5961d => generated 0 bytes in 332 msecs (HTTP/1.1 204) 2 headers in 112 bytes (1 switches on core 0)
2026-05-19 14:41:32.184 8 INFO neutron.db.ovn_revision_numbers_db [None req-76341c7c-046f-4d57-bfa7-5331c9b402ec 674200fe3d8a44c7ba8c9dfe3c1fa187 7b5658f4cf79487e80b8976d9234f50a - - default default] Successfully bumped revision number for resource cfb98b6c-6a36-46f0-967f-3daf99157687 (type: ports) to 1
2026-05-19 14:41:32.241 8 WARNING neutron.scheduler.dhcp_agent_scheduler [None req-76341c7c-046f-4d57-bfa7-5331c9b402ec 674200fe3d8a44c7ba8c9dfe3c1fa187 7b5658f4cf79487e80b8976d9234f50a - - default default] No more DHCP agents
2026-05-19 14:41:32.242 8 WARNING neutron.api.rpc.agentnotifiers.dhcp_rpc_agent_api [None req-76341c7c-046f-4d57-bfa7-5331c9b402ec 674200fe3d8a44c7ba8c9dfe3c1fa187 7b5658f4cf79487e80b8976d9234f50a - - default default] Unable to schedule network d817c56d-4a1f-418a-bce2-8ad8b4338f9f: no agents available; will retry on subsequent port and subnet creation events.
2026-05-19 14:41:32.288 8 INFO neutron.plugins.ml2.drivers.ovn.mech_driver.mech_driver [None req-7958eff5-d636-4eb5-92e5-ee4087faa45a - - - - - -] OVN reports status down for port: 751e8718-77b4-4748-8361-079cdbc4b8a8
2026-05-19 14:41:32.325 7 WARNING neutron.db.securitygroups_db [None req-1eb4ac66-3094-4de4-9657-570fbdadabe5 a55453d06519499b8ae7b3577c1f96ac 8a8322b9407d49da9779354d5d8d2533 - - default default] project_id key not found in filters, using tenant_id instead. This support has been deprecated and will be removed in a future release.
2026-05-19 14:41:32.332 8 INFO neutron.db.ovn_revision_numbers_db [None req-76341c7c-046f-4d57-bfa7-5331c9b402ec 674200fe3d8a44c7ba8c9dfe3c1fa187 7b5658f4cf79487e80b8976d9234f50a - - default default] Successfully bumped revision number for resource 751e8718-77b4-4748-8361-079cdbc4b8a8 (type: ports) to 1 [pid: 7|app: 0|req: 1177/2359] 10.0.0.158 () {32 vars in 774 bytes} [Tue May 19 14:41:32 2026] GET /v2.0/security-groups?tenant_id=26452e19e722451dba2d25bb0ef24a8f&name=default => generated 2925 bytes in 186 msecs (HTTP/1.1 200) 4 headers in 158 bytes (1 switches on core 0) [pid: 8|app: 0|req: 1183/2360] 10.0.0.158 () {34 vars in 665 bytes} [Tue May 19 14:41:31 2026] POST /v2.0/ports => generated 1505 bytes in 793 msecs (HTTP/1.1 201) 4 headers in 163 bytes (1 switches on core 0) /var/lib/openstack/lib/python3.12/site-packages/pycadf/identifier.py:70: UserWarning: Invalid uuid: neutron. To ensure interoperability, identifiers should be a valid uuid. warnings.warn(('Invalid uuid: %s. To ensure interoperability, '
2026-05-19 14:41:32.471 7 INFO neutron_taas.services.taas.taas_plugin [None req-607bf0e8-1608-44ce-8a4a-8621d8e80b38 3433ae6a30d84764b39b4e36ebd2b390 da113b19f59b40568d51164e84b7fdba - - default default] TaaS: Handle Delete Port: 993feb3f-3208-4b73-9f96-f436b4f40b6a
2026-05-19 14:41:32.474 7 INFO neutron_taas.services.taas.tap_mirror_plugin [None req-607bf0e8-1608-44ce-8a4a-8621d8e80b38 3433ae6a30d84764b39b4e36ebd2b390 da113b19f59b40568d51164e84b7fdba - - default default] Tap Mirror: Handle Delete Port: 993feb3f-3208-4b73-9f96-f436b4f40b6a [pid: 8|app: 0|req: 1184/2361] 10.0.0.158 () {32 vars in 740 bytes} [Tue May 19 14:41:32 2026] DELETE /v2.0/security-groups/4109ecf5-19d1-433c-b00a-4c47116463ee => generated 0 bytes in 161 msecs (HTTP/1.1 204) 2 headers in 112 bytes (1 switches on core 0) [pid: 7|app: 0|req: 1178/2362] 10.0.0.158 () {32 vars in 732 bytes} [Tue May 19 14:41:32 2026] DELETE /v2.0/floatingips/8b632ee9-8c16-4f62-abc7-07dc4b4be045 => generated 0 bytes in 276 msecs (HTTP/1.1 204) 2 headers in 112 bytes (1 switches on core 0) [pid: 8|app: 0|req: 1185/2363] 10.0.0.158 () {32 vars in 643 bytes} [Tue May 19 14:41:32 2026] GET /v2.0/ports => generated 3017 bytes in 45 msecs (HTTP/1.1 200) 4 headers in 158 bytes (1 switches on core 0)
2026-05-19 14:41:32.725 7 INFO neutron_taas.services.taas.taas_plugin [None req-e8645517-4062-4e15-8444-578140319c92 3433ae6a30d84764b39b4e36ebd2b390 da113b19f59b40568d51164e84b7fdba - - default default] TaaS: Handle Delete Port: b75e7d26-a65e-4bec-8c98-f16e23e34ab9
2026-05-19 14:41:32.727 7 INFO neutron_taas.services.taas.tap_mirror_plugin [None req-e8645517-4062-4e15-8444-578140319c92 3433ae6a30d84764b39b4e36ebd2b390 da113b19f59b40568d51164e84b7fdba - - default default] Tap Mirror: Handle Delete Port: b75e7d26-a65e-4bec-8c98-f16e23e34ab9
2026-05-19 14:41:32.752 8 INFO neutron_taas.services.taas.taas_plugin [None req-2443874c-1ab7-4167-975d-468c136d5a4d 674200fe3d8a44c7ba8c9dfe3c1fa187 7b5658f4cf79487e80b8976d9234f50a - - default default] TaaS: Handle Delete Port: cfb98b6c-6a36-46f0-967f-3daf99157687
2026-05-19 14:41:32.755 8 INFO neutron_taas.services.taas.tap_mirror_plugin [None req-2443874c-1ab7-4167-975d-468c136d5a4d 674200fe3d8a44c7ba8c9dfe3c1fa187 7b5658f4cf79487e80b8976d9234f50a - - default default] Tap Mirror: Handle Delete Port: cfb98b6c-6a36-46f0-967f-3daf99157687 [pid: 8|app: 0|req: 1186/2364] 10.0.0.158 () {32 vars in 720 bytes} [Tue May 19 14:41:32 2026] DELETE /v2.0/ports/cfb98b6c-6a36-46f0-967f-3daf99157687 => generated 0 bytes in 210 msecs (HTTP/1.1 204) 3 headers in 131 bytes (1 switches on core 0)
2026-05-19 14:41:32.860 8 WARNING neutron.db.securitygroups_db [None req-59fbaec1-ab6c-4b75-a5a5-d6d26ba14b52 a55453d06519499b8ae7b3577c1f96ac 8a8322b9407d49da9779354d5d8d2533 - - default default] project_id key not found in filters, using tenant_id instead. This support has been deprecated and will be removed in a future release. [pid: 7|app: 0|req: 1179/2365] 10.0.0.158 () {32 vars in 732 bytes} [Tue May 19 14:41:32 2026] DELETE /v2.0/floatingips/fbf45f44-0fb5-4244-9c97-f4dab49e5836 => generated 0 bytes in 236 msecs (HTTP/1.1 204) 2 headers in 112 bytes (1 switches on core 0)
2026-05-19 14:41:32.978 8 INFO neutron.db.ovn_revision_numbers_db [None req-59fbaec1-ab6c-4b75-a5a5-d6d26ba14b52 a55453d06519499b8ae7b3577c1f96ac 8a8322b9407d49da9779354d5d8d2533 - - default default] Successfully bumped revision number for resource 846bb477-0e4b-47b3-a2ea-0d3b3738e2f9 (type: security_groups) to 1
2026-05-19 14:41:32.988 8 INFO neutron.db.ovn_revision_numbers_db [None req-59fbaec1-ab6c-4b75-a5a5-d6d26ba14b52 a55453d06519499b8ae7b3577c1f96ac 8a8322b9407d49da9779354d5d8d2533 - - default default] Successfully bumped revision number for resource 2e0ace59-e7e9-4d1d-8325-e4e433d2d931 (type: security_group_rules) to 0
2026-05-19 14:41:32.998 7 INFO neutron_taas.services.taas.taas_plugin [None req-44b9f12f-7753-4d46-afa7-232de20ef635 674200fe3d8a44c7ba8c9dfe3c1fa187 7b5658f4cf79487e80b8976d9234f50a - - default default] TaaS: Handle Delete Port: 751e8718-77b4-4748-8361-079cdbc4b8a8
2026-05-19 14:41:32.999 8 INFO neutron.db.ovn_revision_numbers_db [None req-59fbaec1-ab6c-4b75-a5a5-d6d26ba14b52 a55453d06519499b8ae7b3577c1f96ac 8a8322b9407d49da9779354d5d8d2533 - - default default] Successfully bumped revision number for resource 7674ff11-1a17-42e0-841b-ba186b7ddba9 (type: security_group_rules) to 0
2026-05-19 14:41:33.004 7 INFO neutron_taas.services.taas.tap_mirror_plugin [None req-44b9f12f-7753-4d46-afa7-232de20ef635 674200fe3d8a44c7ba8c9dfe3c1fa187 7b5658f4cf79487e80b8976d9234f50a - - default default] Tap Mirror: Handle Delete Port: 751e8718-77b4-4748-8361-079cdbc4b8a8
2026-05-19 14:41:33.012 8 INFO neutron.db.ovn_revision_numbers_db [None req-59fbaec1-ab6c-4b75-a5a5-d6d26ba14b52 a55453d06519499b8ae7b3577c1f96ac 8a8322b9407d49da9779354d5d8d2533 - - default default] Successfully bumped revision number for resource 778d4824-c677-406a-bf8f-3ad73cf596af (type: security_group_rules) to 0
2026-05-19 14:41:33.023 8 INFO neutron.db.ovn_revision_numbers_db [None req-59fbaec1-ab6c-4b75-a5a5-d6d26ba14b52 a55453d06519499b8ae7b3577c1f96ac 8a8322b9407d49da9779354d5d8d2533 - - default default] Successfully bumped revision number for resource e35245fa-134a-4f0d-93d0-0da6d06fccc0 (type: security_group_rules) to 0 [pid: 8|app: 0|req: 1187/2366] 10.0.0.158 () {32 vars in 774 bytes} [Tue May 19 14:41:32 2026] GET /v2.0/security-groups?tenant_id=c2e45e8eac094571a65b7a45a3820a6b&name=default => generated 2925 bytes in 209 msecs (HTTP/1.1 200) 4 headers in 158 bytes (1 switches on core 0) [pid: 7|app: 0|req: 1180/2367] 10.0.0.158 () {32 vars in 720 bytes} [Tue May 19 14:41:32 2026] DELETE /v2.0/ports/751e8718-77b4-4748-8361-079cdbc4b8a8 => generated 0 bytes in 245 msecs (HTTP/1.1 204) 3 headers in 131 bytes (1 switches on core 0)
2026-05-19 14:41:33.195 8 INFO neutron_taas.services.taas.taas_plugin [None req-29ce6245-5d84-48eb-b860-adef657ec581 3433ae6a30d84764b39b4e36ebd2b390 da113b19f59b40568d51164e84b7fdba - - default default] TaaS: Handle Delete Port: e09d851f-06ed-4efb-b68c-52075b186c52
2026-05-19 14:41:33.198 8 INFO neutron_taas.services.taas.tap_mirror_plugin [None req-29ce6245-5d84-48eb-b860-adef657ec581 3433ae6a30d84764b39b4e36ebd2b390 da113b19f59b40568d51164e84b7fdba - - default default] Tap Mirror: Handle Delete Port: e09d851f-06ed-4efb-b68c-52075b186c52 [pid: 7|app: 0|req: 1181/2368] 10.0.0.158 () {32 vars in 740 bytes} [Tue May 19 14:41:33 2026] DELETE /v2.0/security-groups/846bb477-0e4b-47b3-a2ea-0d3b3738e2f9 => generated 0 bytes in 176 msecs (HTTP/1.1 204) 2 headers in 112 bytes (1 switches on core 0) [pid: 7|app: 0|req: 1182/2369] 10.0.0.158 () {32 vars in 643 bytes} [Tue May 19 14:41:33 2026] GET /v2.0/ports => generated 1523 bytes in 65 msecs (HTTP/1.1 200) 4 headers in 158 bytes (1 switches on core 0) [pid: 8|app: 0|req: 1188/2370] 10.0.0.158 () {32 vars in 732 bytes} [Tue May 19 14:41:33 2026] DELETE /v2.0/floatingips/d666803e-cbe0-47c1-a6bb-5a70f3c8f451 => generated 0 bytes in 300 msecs (HTTP/1.1 204) 2 headers in 112 bytes (1 switches on core 0)
2026-05-19 14:41:33.440 7 INFO neutron.db.segments_db [None req-31adf2b9-6be5-402c-a3ef-7a5ef87ab921 674200fe3d8a44c7ba8c9dfe3c1fa187 7b5658f4cf79487e80b8976d9234f50a - - default default] Added segment c045335b-2ee9-4a70-af21-ddc1747d111a of type geneve for network 3f8e5199-c887-4e1c-873f-28f3bc33bf79
2026-05-19 14:41:33.532 7 INFO neutron.db.ovn_revision_numbers_db [None req-31adf2b9-6be5-402c-a3ef-7a5ef87ab921 674200fe3d8a44c7ba8c9dfe3c1fa187 7b5658f4cf79487e80b8976d9234f50a - - default default] Successfully bumped revision number for resource 3f8e5199-c887-4e1c-873f-28f3bc33bf79 (type: networks) to 1
2026-05-19 14:41:33.715 7 WARNING neutron.scheduler.dhcp_agent_scheduler [None req-31adf2b9-6be5-402c-a3ef-7a5ef87ab921 674200fe3d8a44c7ba8c9dfe3c1fa187 7b5658f4cf79487e80b8976d9234f50a - - default default] No more DHCP agents
