2026-05-19 14:41:59.225 7 WARNING neutron.db.securitygroups_db [None req-1ad41ae5-f40f-4c31-9a38-1a724d39d22a a55453d06519499b8ae7b3577c1f96ac 8a8322b9407d49da9779354d5d8d2533 - - default default] project_id key not found in filters, using tenant_id instead. This support has been deprecated and will be removed in a future release. [pid: 8|app: 0|req: 1298/2589] 10.0.0.158 () {32 vars in 740 bytes} [Tue May 19 14:41:59 2026] DELETE /v2.0/security-groups/a122cd54-7e2e-4af9-a301-5fa43d55bd4a => generated 0 bytes in 194 msecs (HTTP/1.1 204) 2 headers in 112 bytes (1 switches on core 0)
2026-05-19 14:41:59.355 7 INFO neutron.db.ovn_revision_numbers_db [None req-1ad41ae5-f40f-4c31-9a38-1a724d39d22a a55453d06519499b8ae7b3577c1f96ac 8a8322b9407d49da9779354d5d8d2533 - - default default] Successfully bumped revision number for resource 55d25150-6354-4d17-9e69-c3ebb57181d5 (type: security_groups) to 1
2026-05-19 14:41:59.366 7 INFO neutron.db.ovn_revision_numbers_db [None req-1ad41ae5-f40f-4c31-9a38-1a724d39d22a a55453d06519499b8ae7b3577c1f96ac 8a8322b9407d49da9779354d5d8d2533 - - default default] Successfully bumped revision number for resource 47f6363f-6934-4253-b9d4-c2ced928c96e (type: security_group_rules) to 0
2026-05-19 14:41:59.384 7 INFO neutron.db.ovn_revision_numbers_db [None req-1ad41ae5-f40f-4c31-9a38-1a724d39d22a a55453d06519499b8ae7b3577c1f96ac 8a8322b9407d49da9779354d5d8d2533 - - default default] Successfully bumped revision number for resource 89c6cb6d-ae84-4d5a-9ca3-fdd9eefb0d6d (type: security_group_rules) to 0
2026-05-19 14:41:59.398 7 INFO neutron.db.ovn_revision_numbers_db [None req-1ad41ae5-f40f-4c31-9a38-1a724d39d22a a55453d06519499b8ae7b3577c1f96ac 8a8322b9407d49da9779354d5d8d2533 - - default default] Successfully bumped revision number for resource b59e54a4-84e8-4354-b029-fd0be2aabdec (type: security_group_rules) to 0
2026-05-19 14:41:59.403 8 WARNING neutron.db.securitygroups_db [None req-e11310a9-2a8f-4687-bbdc-e9f3fd2bcb3c a55453d06519499b8ae7b3577c1f96ac 8a8322b9407d49da9779354d5d8d2533 - - default default] project_id key not found in filters, using tenant_id instead. This support has been deprecated and will be removed in a future release.
2026-05-19 14:41:59.409 7 INFO neutron.db.ovn_revision_numbers_db [None req-1ad41ae5-f40f-4c31-9a38-1a724d39d22a a55453d06519499b8ae7b3577c1f96ac 8a8322b9407d49da9779354d5d8d2533 - - default default] Successfully bumped revision number for resource c66fc3a6-8e23-41ac-a10f-76cedefb8980 (type: security_group_rules) to 0 [pid: 7|app: 0|req: 1292/2590] 10.0.0.158 () {32 vars in 774 bytes} [Tue May 19 14:41:59 2026] GET /v2.0/security-groups?tenant_id=6ebe896a687a4f2488ce6685c24a8c7d&name=default => generated 2929 bytes in 267 msecs (HTTP/1.1 200) 4 headers in 158 bytes (1 switches on core 0)
2026-05-19 14:41:59.544 8 INFO neutron.db.ovn_revision_numbers_db [None req-e11310a9-2a8f-4687-bbdc-e9f3fd2bcb3c a55453d06519499b8ae7b3577c1f96ac 8a8322b9407d49da9779354d5d8d2533 - - default default] Successfully bumped revision number for resource b4c60ffc-8c70-4c6e-a48e-aa7c0fc0e692 (type: security_groups) to 1
2026-05-19 14:41:59.555 8 INFO neutron.db.ovn_revision_numbers_db [None req-e11310a9-2a8f-4687-bbdc-e9f3fd2bcb3c a55453d06519499b8ae7b3577c1f96ac 8a8322b9407d49da9779354d5d8d2533 - - default default] Successfully bumped revision number for resource 5e712f1e-f61d-4520-9099-e5c1fa7fdfaa (type: security_group_rules) to 0
2026-05-19 14:41:59.569 8 INFO neutron.db.ovn_revision_numbers_db [None req-e11310a9-2a8f-4687-bbdc-e9f3fd2bcb3c a55453d06519499b8ae7b3577c1f96ac 8a8322b9407d49da9779354d5d8d2533 - - default default] Successfully bumped revision number for resource 8bd46923-0648-4eb8-b6b6-2a1aee2a5e75 (type: security_group_rules) to 0
2026-05-19 14:41:59.581 8 INFO neutron.db.ovn_revision_numbers_db [None req-e11310a9-2a8f-4687-bbdc-e9f3fd2bcb3c a55453d06519499b8ae7b3577c1f96ac 8a8322b9407d49da9779354d5d8d2533 - - default default] Successfully bumped revision number for resource f71a0ce6-2a0d-4e95-a67d-9f0955e5452d (type: security_group_rules) to 0
2026-05-19 14:41:59.592 8 INFO neutron.db.ovn_revision_numbers_db [None req-e11310a9-2a8f-4687-bbdc-e9f3fd2bcb3c a55453d06519499b8ae7b3577c1f96ac 8a8322b9407d49da9779354d5d8d2533 - - default default] Successfully bumped revision number for resource fe6a2806-5212-45e9-a99f-413fcaa95499 (type: security_group_rules) to 0 [pid: 7|app: 0|req: 1293/2591] 10.0.0.158 () {32 vars in 740 bytes} [Tue May 19 14:41:59 2026] DELETE /v2.0/security-groups/55d25150-6354-4d17-9e69-c3ebb57181d5 => generated 0 bytes in 170 msecs (HTTP/1.1 204) 2 headers in 112 bytes (1 switches on core 0) [pid: 8|app: 0|req: 1299/2592] 10.0.0.158 () {32 vars in 774 bytes} [Tue May 19 14:41:59 2026] GET /v2.0/security-groups?tenant_id=40f28c64ccb24c4bba91edb4f1dbf9ee&name=default => generated 2929 bytes in 242 msecs (HTTP/1.1 200) 4 headers in 158 bytes (1 switches on core 0)
2026-05-19 14:41:59.781 8 WARNING neutron.db.securitygroups_db [None req-1fa80c0d-3bfd-4326-acc2-76626dfd2540 a55453d06519499b8ae7b3577c1f96ac 8a8322b9407d49da9779354d5d8d2533 - - default default] project_id key not found in filters, using tenant_id instead. This support has been deprecated and will be removed in a future release. [pid: 7|app: 0|req: 1294/2593] 10.0.0.158 () {32 vars in 740 bytes} [Tue May 19 14:41:59 2026] DELETE /v2.0/security-groups/b4c60ffc-8c70-4c6e-a48e-aa7c0fc0e692 => generated 0 bytes in 167 msecs (HTTP/1.1 204) 2 headers in 112 bytes (1 switches on core 0) [pid: 8|app: 0|req: 1300/2594] 10.0.0.158 () {32 vars in 774 bytes} [Tue May 19 14:41:59 2026] GET /v2.0/security-groups?tenant_id=055c1a7c0b5143ad8a97339cea4fe101&name=default => generated 2925 bytes in 34 msecs (HTTP/1.1 200) 4 headers in 158 bytes (1 switches on core 0)
2026-05-19 14:41:59.896 8 WARNING neutron.db.securitygroups_db [None req-b9f8f477-6a7f-498d-a172-5ab015c700ad a55453d06519499b8ae7b3577c1f96ac 8a8322b9407d49da9779354d5d8d2533 - - default default] project_id key not found in filters, using tenant_id instead. This support has been deprecated and will be removed in a future release. [pid: 7|app: 0|req: 1295/2595] 10.0.0.158 () {32 vars in 740 bytes} [Tue May 19 14:41:59 2026] DELETE /v2.0/security-groups/2508768d-b617-4657-b001-a15f9b80646a => generated 0 bytes in 168 msecs (HTTP/1.1 204) 2 headers in 112 bytes (1 switches on core 0)
2026-05-19 14:42:00.039 8 INFO neutron.db.ovn_revision_numbers_db [None req-b9f8f477-6a7f-498d-a172-5ab015c700ad a55453d06519499b8ae7b3577c1f96ac 8a8322b9407d49da9779354d5d8d2533 - - default default] Successfully bumped revision number for resource 1c036410-a9de-40b1-b696-bd13609f675c (type: security_groups) to 1
2026-05-19 14:42:00.049 8 INFO neutron.db.ovn_revision_numbers_db [None req-b9f8f477-6a7f-498d-a172-5ab015c700ad a55453d06519499b8ae7b3577c1f96ac 8a8322b9407d49da9779354d5d8d2533 - - default default] Successfully bumped revision number for resource 09f0a2ab-b64e-4a0d-8422-c77a4c879333 (type: security_group_rules) to 0
2026-05-19 14:42:00.060 8 INFO neutron.db.ovn_revision_numbers_db [None req-b9f8f477-6a7f-498d-a172-5ab015c700ad a55453d06519499b8ae7b3577c1f96ac 8a8322b9407d49da9779354d5d8d2533 - - default default] Successfully bumped revision number for resource 67135bbd-cf84-443e-945b-9bb7e92705d7 (type: security_group_rules) to 0
2026-05-19 14:42:00.071 8 INFO neutron.db.ovn_revision_numbers_db [None req-b9f8f477-6a7f-498d-a172-5ab015c700ad a55453d06519499b8ae7b3577c1f96ac 8a8322b9407d49da9779354d5d8d2533 - - default default] Successfully bumped revision number for resource 90e7a1dd-5b2b-43b7-a660-517403f67fcc (type: security_group_rules) to 0
2026-05-19 14:42:00.086 8 INFO neutron.db.ovn_revision_numbers_db [None req-b9f8f477-6a7f-498d-a172-5ab015c700ad a55453d06519499b8ae7b3577c1f96ac 8a8322b9407d49da9779354d5d8d2533 - - default default] Successfully bumped revision number for resource d3c0cbd7-7ffa-4e37-8666-a9479de9df6a (type: security_group_rules) to 0 [pid: 8|app: 0|req: 1301/2596] 10.0.0.158 () {32 vars in 774 bytes} [Tue May 19 14:41:59 2026] GET /v2.0/security-groups?tenant_id=854caefeb3344a37a543e52f609a1b07&name=default => generated 2929 bytes in 239 msecs (HTTP/1.1 200) 4 headers in 158 bytes (1 switches on core 0) [pid: 7|app: 0|req: 1296/2597] 10.0.0.158 () {32 vars in 740 bytes} [Tue May 19 14:42:00 2026] DELETE /v2.0/security-groups/1c036410-a9de-40b1-b696-bd13609f675c => generated 0 bytes in 186 msecs (HTTP/1.1 204) 2 headers in 112 bytes (1 switches on core 0)
2026-05-19 14:42:00.864 7 INFO neutron.db.ovn_revision_numbers_db [None req-4e1eb7da-1303-401e-944b-f32ba7e36fcb 1a995392f6f24a25bb9b30b75a50edf2 4e3efd93d4ae43daa61b8324db9b31fc - - default default] Successfully bumped revision number for resource dd5cd676-f0d4-4e72-8905-a1930317a9ae (type: security_groups) to 1
2026-05-19 14:42:00.884 7 INFO neutron.db.ovn_revision_numbers_db [None req-4e1eb7da-1303-401e-944b-f32ba7e36fcb 1a995392f6f24a25bb9b30b75a50edf2 4e3efd93d4ae43daa61b8324db9b31fc - - default default] Successfully bumped revision number for resource 22ee6d8b-6a92-4ca1-8c9d-8f9b1073d3b9 (type: security_group_rules) to 0
2026-05-19 14:42:00.898 7 INFO neutron.db.ovn_revision_numbers_db [None req-4e1eb7da-1303-401e-944b-f32ba7e36fcb 1a995392f6f24a25bb9b30b75a50edf2 4e3efd93d4ae43daa61b8324db9b31fc - - default default] Successfully bumped revision number for resource 61e044b7-9c5a-4bc1-9bd0-ebb68d58520a (type: security_group_rules) to 0
2026-05-19 14:42:00.909 7 INFO neutron.db.ovn_revision_numbers_db [None req-4e1eb7da-1303-401e-944b-f32ba7e36fcb 1a995392f6f24a25bb9b30b75a50edf2 4e3efd93d4ae43daa61b8324db9b31fc - - default default] Successfully bumped revision number for resource 742d2a7d-f631-452c-9f0c-378e72921bb2 (type: security_group_rules) to 0
2026-05-19 14:42:00.921 7 INFO neutron.db.ovn_revision_numbers_db [None req-4e1eb7da-1303-401e-944b-f32ba7e36fcb 1a995392f6f24a25bb9b30b75a50edf2 4e3efd93d4ae43daa61b8324db9b31fc - - default default] Successfully bumped revision number for resource a14a706c-60ca-4e4e-9e86-ee06cc6a0a93 (type: security_group_rules) to 0
2026-05-19 14:42:00.999 7 INFO neutron.db.segments_db [None req-4e1eb7da-1303-401e-944b-f32ba7e36fcb 1a995392f6f24a25bb9b30b75a50edf2 4e3efd93d4ae43daa61b8324db9b31fc - - default default] Added segment d5caa0eb-816a-40dc-9b1b-44fef7b745ee of type geneve for network 515a67e7-4b2a-4cb4-bf04-5b2eb1a2d153
2026-05-19 14:42:01.122 7 INFO neutron.db.ovn_revision_numbers_db [None req-4e1eb7da-1303-401e-944b-f32ba7e36fcb 1a995392f6f24a25bb9b30b75a50edf2 4e3efd93d4ae43daa61b8324db9b31fc - - default default] Successfully bumped revision number for resource 515a67e7-4b2a-4cb4-bf04-5b2eb1a2d153 (type: networks) to 1
2026-05-19 14:42:01.306 7 WARNING neutron.scheduler.dhcp_agent_scheduler [None req-4e1eb7da-1303-401e-944b-f32ba7e36fcb 1a995392f6f24a25bb9b30b75a50edf2 4e3efd93d4ae43daa61b8324db9b31fc - - default default] No more DHCP agents
2026-05-19 14:42:01.308 7 WARNING neutron.api.rpc.agentnotifiers.dhcp_rpc_agent_api [None req-4e1eb7da-1303-401e-944b-f32ba7e36fcb 1a995392f6f24a25bb9b30b75a50edf2 4e3efd93d4ae43daa61b8324db9b31fc - - default default] Unable to schedule network 515a67e7-4b2a-4cb4-bf04-5b2eb1a2d153: no agents available; will retry on subsequent port and subnet creation events.
2026-05-19 14:42:01.378 7 INFO neutron.plugins.ml2.drivers.ovn.mech_driver.mech_driver [None req-a2906149-8027-41a2-9c20-991b697f50b1 - - - - - -] OVN reports status down for port: 614faa85-b1e5-4875-8fa2-16ba996c061f
2026-05-19 14:42:01.458 7 INFO neutron.db.ovn_revision_numbers_db [None req-4e1eb7da-1303-401e-944b-f32ba7e36fcb 1a995392f6f24a25bb9b30b75a50edf2 4e3efd93d4ae43daa61b8324db9b31fc - - default default] Successfully bumped revision number for resource 614faa85-b1e5-4875-8fa2-16ba996c061f (type: ports) to 1 [pid: 7|app: 0|req: 1298/2600] 10.0.0.158 () {34 vars in 670 bytes} [Tue May 19 14:42:00 2026] POST /v2.0/networks => generated 670 bytes in 877 msecs (HTTP/1.1 201) 4 headers in 162 bytes (1 switches on core 0)
2026-05-19 14:42:01.737 8 WARNING neutron.scheduler.dhcp_agent_scheduler [None req-257fbace-4744-43ca-871b-ad341a6f63e5 1a995392f6f24a25bb9b30b75a50edf2 4e3efd93d4ae43daa61b8324db9b31fc - - default default] No more DHCP agents
2026-05-19 14:42:01.739 8 WARNING neutron.api.rpc.agentnotifiers.dhcp_rpc_agent_api [None req-257fbace-4744-43ca-871b-ad341a6f63e5 1a995392f6f24a25bb9b30b75a50edf2 4e3efd93d4ae43daa61b8324db9b31fc - - default default] Unable to schedule network 515a67e7-4b2a-4cb4-bf04-5b2eb1a2d153: no agents available; will retry on subsequent port and subnet creation events.
2026-05-19 14:42:01.798 8 INFO neutron.plugins.ml2.drivers.ovn.mech_driver.mech_driver [None req-7958eff5-d636-4eb5-92e5-ee4087faa45a - - - - - -] OVN reports status down for port: 39b89d8d-db7a-4e0b-a538-e5b6574b6085
2026-05-19 14:42:01.851 8 INFO neutron.db.ovn_revision_numbers_db [None req-257fbace-4744-43ca-871b-ad341a6f63e5 1a995392f6f24a25bb9b30b75a50edf2 4e3efd93d4ae43daa61b8324db9b31fc - - default default] Successfully bumped revision number for resource 39b89d8d-db7a-4e0b-a538-e5b6574b6085 (type: ports) to 1 [pid: 8|app: 0|req: 1303/2601] 10.0.0.158 () {34 vars in 664 bytes} [Tue May 19 14:42:01 2026] POST /v2.0/ports => generated 743 bytes in 446 msecs (HTTP/1.1 201) 4 headers in 162 bytes (1 switches on core 0) [pid: 7|app: 0|req: 1299/2602] 10.0.0.158 () {34 vars in 666 bytes} [Tue May 19 14:42:01 2026] POST /v2.0/trunks => generated 409 bytes in 163 msecs (HTTP/1.1 201) 4 headers in 162 bytes (1 switches on core 0) /var/lib/openstack/lib/python3.12/site-packages/pycadf/identifier.py:70: UserWarning: Invalid uuid: neutron. To ensure interoperability, identifiers should be a valid uuid. warnings.warn(('Invalid uuid: %s. To ensure interoperability, '
2026-05-19 14:42:02.141 8 WARNING tagging [None req-6aa4982c-5360-446d-a0bb-8a914355775f 1a995392f6f24a25bb9b30b75a50edf2 4e3efd93d4ae43daa61b8324db9b31fc - - default default] project_id key not found in request, using tenant_id instead. This support has been deprecated and will be removed in a future release. [pid: 8|app: 0|req: 1304/2603] 10.0.0.158 () {34 vars in 749 bytes} [Tue May 19 14:42:02 2026] PUT /v2.0/trunks/24526c26-2c91-4ccb-9c46-f607d81c0ebe/tags => generated 25 bytes in 26 msecs (HTTP/1.1 200) 4 headers in 156 bytes (1 switches on core 0)
2026-05-19 14:42:02.180 7 WARNING tagging [None req-5b8963ef-6ac1-438f-b684-1f09701b18dc 1a995392f6f24a25bb9b30b75a50edf2 4e3efd93d4ae43daa61b8324db9b31fc - - default default] project_id key not found in request, using tenant_id instead. This support has been deprecated and will be removed in a future release. [pid: 7|app: 0|req: 1300/2604] 10.0.0.158 () {32 vars in 729 bytes} [Tue May 19 14:42:02 2026] GET /v2.0/trunks/24526c26-2c91-4ccb-9c46-f607d81c0ebe/tags => generated 25 bytes in 32 msecs (HTTP/1.1 200) 4 headers in 156 bytes (1 switches on core 0)
2026-05-19 14:42:02.213 8 WARNING tagging [None req-e4104968-b246-44ec-88ff-0c300a197e20 1a995392f6f24a25bb9b30b75a50edf2 4e3efd93d4ae43daa61b8324db9b31fc - - default default] project_id key not found in request, using tenant_id instead. This support has been deprecated and will be removed in a future release. [pid: 8|app: 0|req: 1305/2605] 10.0.0.158 () {34 vars in 760 bytes} [Tue May 19 14:42:02 2026] PUT /v2.0/trunks/24526c26-2c91-4ccb-9c46-f607d81c0ebe/tags/green => generated 4 bytes in 50 msecs (HTTP/1.1 201) 4 headers in 160 bytes (1 switches on core 0)
2026-05-19 14:42:02.270 7 WARNING tagging [None req-9256d784-174c-47f0-91c1-27d15a48b754 1a995392f6f24a25bb9b30b75a50edf2 4e3efd93d4ae43daa61b8324db9b31fc - - default default] project_id key not found in request, using tenant_id instead. This support has been deprecated and will be removed in a future release. [pid: 7|app: 0|req: 1301/2606] 10.0.0.158 () {32 vars in 729 bytes} [Tue May 19 14:42:02 2026] GET /v2.0/trunks/24526c26-2c91-4ccb-9c46-f607d81c0ebe/tags => generated 34 bytes in 22 msecs (HTTP/1.1 200) 4 headers in 156 bytes (1 switches on core 0)
2026-05-19 14:42:02.301 8 WARNING tagging [None req-4cb78582-bfbe-4c8b-8654-adeaebc92ac7 1a995392f6f24a25bb9b30b75a50edf2 4e3efd93d4ae43daa61b8324db9b31fc - - default default] project_id key not found in request, using tenant_id instead. This support has been deprecated and will be removed in a future release. [pid: 8|app: 0|req: 1306/2607] 10.0.0.158 () {34 vars in 756 bytes} [Tue May 19 14:42:02 2026] PUT /v2.0/trunks/24526c26-2c91-4ccb-9c46-f607d81c0ebe/tags/red => generated 4 bytes in 29 msecs (HTTP/1.1 201) 4 headers in 160 bytes (1 switches on core 0)
2026-05-19 14:42:02.336 7 WARNING tagging [None req-8a85253e-1ddf-4ee1-9e00-ee536546d193 1a995392f6f24a25bb9b30b75a50edf2 4e3efd93d4ae43daa61b8324db9b31fc - - default default] project_id key not found in request, using tenant_id instead. This support has been deprecated and will be removed in a future release. [pid: 7|app: 0|req: 1302/2608] 10.0.0.158 () {32 vars in 729 bytes} [Tue May 19 14:42:02 2026] GET /v2.0/trunks/24526c26-2c91-4ccb-9c46-f607d81c0ebe/tags => generated 34 bytes in 23 msecs (HTTP/1.1 200) 4 headers in 156 bytes (1 switches on core 0)
2026-05-19 14:42:02.361 8 WARNING tagging [None req-74a9da75-ba1f-43c1-8021-868e9d427241 1a995392f6f24a25bb9b30b75a50edf2 4e3efd93d4ae43daa61b8324db9b31fc - - default default] project_id key not found in request, using tenant_id instead. This support has been deprecated and will be removed in a future release. [pid: 8|app: 0|req: 1307/2609] 10.0.0.158 () {34 vars in 778 bytes} [Tue May 19 14:42:02 2026] PUT /v2.0/trunks/24526c26-2c91-4ccb-9c46-f607d81c0ebe/tags/black.or.white => generated 4 bytes in 39 msecs (HTTP/1.1 201) 4 headers in 160 bytes (1 switches on core 0)
2026-05-19 14:42:02.407 7 WARNING tagging [None req-1a48a723-bdbb-46c0-a21f-d8012d492218 1a995392f6f24a25bb9b30b75a50edf2 4e3efd93d4ae43daa61b8324db9b31fc - - default default] project_id key not found in request, using tenant_id instead. This support has been deprecated and will be removed in a future release. [pid: 7|app: 0|req: 1303/2610] 10.0.0.158 () {32 vars in 729 bytes} [Tue May 19 14:42:02 2026] GET /v2.0/trunks/24526c26-2c91-4ccb-9c46-f607d81c0ebe/tags => generated 52 bytes in 24 msecs (HTTP/1.1 200) 4 headers in 156 bytes (1 switches on core 0)
2026-05-19 14:42:02.435 8 WARNING tagging [None req-ce9b9b2e-199a-459c-bd8f-a33e88e541e0 1a995392f6f24a25bb9b30b75a50edf2 4e3efd93d4ae43daa61b8324db9b31fc - - default default] project_id key not found in request, using tenant_id instead. This support has been deprecated and will be removed in a future release. [pid: 8|app: 0|req: 1308/2611] 10.0.0.158 () {34 vars in 749 bytes} [Tue May 19 14:42:02 2026] PUT /v2.0/trunks/24526c26-2c91-4ccb-9c46-f607d81c0ebe/tags => generated 37 bytes in 54 msecs (HTTP/1.1 200) 4 headers in 156 bytes (1 switches on core 0)
2026-05-19 14:42:02.490 7 WARNING tagging [None req-eef46af7-3196-4ce3-97e9-9e0d61978d54 1a995392f6f24a25bb9b30b75a50edf2 4e3efd93d4ae43daa61b8324db9b31fc - - default default] project_id key not found in request, using tenant_id instead. This support has been deprecated and will be removed in a future release. [pid: 7|app: 0|req: 1304/2612] 10.0.0.158 () {32 vars in 729 bytes} [Tue May 19 14:42:02 2026] GET /v2.0/trunks/24526c26-2c91-4ccb-9c46-f607d81c0ebe/tags => generated 37 bytes in 19 msecs (HTTP/1.1 200) 4 headers in 156 bytes (1 switches on core 0)
2026-05-19 14:42:02.516 8 WARNING tagging [None req-223e9fd1-9b02-46d6-97ca-4bce2cad7487 1a995392f6f24a25bb9b30b75a50edf2 4e3efd93d4ae43daa61b8324db9b31fc - - default default] project_id key not found in request, using tenant_id instead. This support has been deprecated and will be removed in a future release. [pid: 8|app: 0|req: 1309/2613] 10.0.0.158 () {32 vars in 737 bytes} [Tue May 19 14:42:02 2026] GET /v2.0/trunks/24526c26-2c91-4ccb-9c46-f607d81c0ebe/tags/red => generated 0 bytes in 22 msecs (HTTP/1.1 204) 2 headers in 112 bytes (1 switches on core 0)
2026-05-19 14:42:02.547 7 WARNING tagging [None req-55697640-0ff3-4baa-b9c1-6cae44b998ce 1a995392f6f24a25bb9b30b75a50edf2 4e3efd93d4ae43daa61b8324db9b31fc - - default default] project_id key not found in request, using tenant_id instead. This support has been deprecated and will be removed in a future release.
2026-05-19 14:42:02.557 7 INFO neutron.api.v2.resource [None req-55697640-0ff3-4baa-b9c1-6cae44b998ce 1a995392f6f24a25bb9b30b75a50edf2 4e3efd93d4ae43daa61b8324db9b31fc - - default default] show failed (client error): The resource could not be found. [pid: 7|app: 0|req: 1305/2614] 10.0.0.158 () {32 vars in 741 bytes} [Tue May 19 14:42:02 2026] GET /v2.0/trunks/24526c26-2c91-4ccb-9c46-f607d81c0ebe/tags/green => generated 99 bytes in 22 msecs (HTTP/1.1 404) 4 headers in 163 bytes (1 switches on core 0)
2026-05-19 14:42:02.578 8 WARNING tagging [None req-ad4fd8eb-ec83-4f14-ad19-e00525bbc5b0 1a995392f6f24a25bb9b30b75a50edf2 4e3efd93d4ae43daa61b8324db9b31fc - - default default] project_id key not found in request, using tenant_id instead. This support has been deprecated and will be removed in a future release. [pid: 8|app: 0|req: 1310/2615] 10.0.0.158 () {32 vars in 740 bytes} [Tue May 19 14:42:02 2026] DELETE /v2.0/trunks/24526c26-2c91-4ccb-9c46-f607d81c0ebe/tags/red => generated 0 bytes in 36 msecs (HTTP/1.1 204) 2 headers in 112 bytes (1 switches on core 0)
2026-05-19 14:42:02.614 7 WARNING tagging [None req-0ea52a2d-45fd-4346-a977-0f357f144c28 1a995392f6f24a25bb9b30b75a50edf2 4e3efd93d4ae43daa61b8324db9b31fc - - default default] project_id key not found in request, using tenant_id instead. This support has been deprecated and will be removed in a future release. [pid: 7|app: 0|req: 1306/2616] 10.0.0.158 () {32 vars in 729 bytes} [Tue May 19 14:42:02 2026] GET /v2.0/trunks/24526c26-2c91-4ccb-9c46-f607d81c0ebe/tags => generated 30 bytes in 17 msecs (HTTP/1.1 200) 4 headers in 156 bytes (1 switches on core 0)
2026-05-19 14:42:02.636 8 WARNING tagging [None req-28f4e018-feba-4438-9b18-3b02c56c3fb6 1a995392f6f24a25bb9b30b75a50edf2 4e3efd93d4ae43daa61b8324db9b31fc - - default default] project_id key not found in request, using tenant_id instead. This support has been deprecated and will be removed in a future release.
2026-05-19 14:42:02.647 8 INFO neutron.api.v2.resource [None req-28f4e018-feba-4438-9b18-3b02c56c3fb6 1a995392f6f24a25bb9b30b75a50edf2 4e3efd93d4ae43daa61b8324db9b31fc - - default default] delete failed (client error): The resource could not be found. [pid: 8|app: 0|req: 1311/2617] 10.0.0.158 () {32 vars in 744 bytes} [Tue May 19 14:42:02 2026] DELETE /v2.0/trunks/24526c26-2c91-4ccb-9c46-f607d81c0ebe/tags/green => generated 99 bytes in 23 msecs (HTTP/1.1 404) 4 headers in 163 bytes (1 switches on core 0)
2026-05-19 14:42:02.666 7 WARNING tagging [None req-7f41ca15-d28b-43c4-bdbc-fa3e1d729664 1a995392f6f24a25bb9b30b75a50edf2 4e3efd93d4ae43daa61b8324db9b31fc - - default default] project_id key not found in request, using tenant_id instead. This support has been deprecated and will be removed in a future release. [pid: 7|app: 0|req: 1307/2618] 10.0.0.158 () {32 vars in 732 bytes} [Tue May 19 14:42:02 2026] DELETE /v2.0/trunks/24526c26-2c91-4ccb-9c46-f607d81c0ebe/tags => generated 0 bytes in 38 msecs (HTTP/1.1 204) 2 headers in 112 bytes (1 switches on core 0)
2026-05-19 14:42:02.708 8 WARNING tagging [None req-34547499-1c0a-45a7-b1e6-feff35afdac0 1a995392f6f24a25bb9b30b75a50edf2 4e3efd93d4ae43daa61b8324db9b31fc - - default default] project_id key not found in request, using tenant_id instead. This support has been deprecated and will be removed in a future release. [pid: 8|app: 0|req: 1312/2619] 10.0.0.158 () {32 vars in 729 bytes} [Tue May 19 14:42:02 2026] GET /v2.0/trunks/24526c26-2c91-4ccb-9c46-f607d81c0ebe/tags => generated 12 bytes in 22 msecs (HTTP/1.1 200) 4 headers in 156 bytes (1 switches on core 0) [pid: 7|app: 0|req: 1308/2620] 10.0.0.158 () {32 vars in 719 bytes} [Tue May 19 14:42:02 2026] GET /v2.0/trunks/24526c26-2c91-4ccb-9c46-f607d81c0ebe => generated 409 bytes in 14 msecs (HTTP/1.1 200) 4 headers in 157 bytes (1 switches on core 0) [pid: 8|app: 0|req: 1313/2621] 10.0.0.158 () {32 vars in 717 bytes} [Tue May 19 14:42:02 2026] GET /v2.0/ports/39b89d8d-db7a-4e0b-a538-e5b6574b6085 => generated 826 bytes in 46 msecs (HTTP/1.1 200) 4 headers in 157 bytes (1 switches on core 0) [pid: 7|app: 0|req: 1309/2622] 10.0.0.158 () {32 vars in 722 bytes} [Tue May 19 14:42:02 2026] DELETE /v2.0/trunks/24526c26-2c91-4ccb-9c46-f607d81c0ebe => generated 0 bytes in 66 msecs (HTTP/1.1 204) 2 headers in 112 bytes (1 switches on core 0)
2026-05-19 14:42:02.978 8 INFO neutron_taas.services.taas.taas_plugin [None req-0a34f306-2a34-4135-8747-f0400340b0c7 1a995392f6f24a25bb9b30b75a50edf2 4e3efd93d4ae43daa61b8324db9b31fc - - default default] TaaS: Handle Delete Port: 39b89d8d-db7a-4e0b-a538-e5b6574b6085
2026-05-19 14:42:02.981 8 INFO neutron_taas.services.taas.tap_mirror_plugin [None req-0a34f306-2a34-4135-8747-f0400340b0c7 1a995392f6f24a25bb9b30b75a50edf2 4e3efd93d4ae43daa61b8324db9b31fc - - default default] Tap Mirror: Handle Delete Port: 39b89d8d-db7a-4e0b-a538-e5b6574b6085 [pid: 8|app: 0|req: 1314/2623] 10.0.0.158 () {32 vars in 720 bytes} [Tue May 19 14:42:02 2026] DELETE /v2.0/ports/39b89d8d-db7a-4e0b-a538-e5b6574b6085 => generated 0 bytes in 221 msecs (HTTP/1.1 204) 3 headers in 131 bytes (1 switches on core 0)
2026-05-19 14:42:03.195 7 INFO neutron_taas.services.taas.taas_plugin [None req-32854962-b6a5-41db-8951-100f3cb9dad3 1a995392f6f24a25bb9b30b75a50edf2 4e3efd93d4ae43daa61b8324db9b31fc - - default default] TaaS: Handle Delete Port: 614faa85-b1e5-4875-8fa2-16ba996c061f
2026-05-19 14:42:03.199 7 INFO neutron_taas.services.taas.tap_mirror_plugin [None req-32854962-b6a5-41db-8951-100f3cb9dad3 1a995392f6f24a25bb9b30b75a50edf2 4e3efd93d4ae43daa61b8324db9b31fc - - default default] Tap Mirror: Handle Delete Port: 614faa85-b1e5-4875-8fa2-16ba996c061f
2026-05-19 14:42:03.377 7 INFO neutron.services.segments.plugin [-] Segment d5caa0eb-816a-40dc-9b1b-44fef7b745ee resource provider aggregate not found
2026-05-19 14:42:03.383 7 INFO neutron.services.segments.plugin [-] Segment d5caa0eb-816a-40dc-9b1b-44fef7b745ee resource provider aggregate not found
2026-05-19 14:42:03.398 7 INFO neutron.services.segments.plugin [-] Segment d5caa0eb-816a-40dc-9b1b-44fef7b745ee resource provider not found; error: Placement Client Error (4xx): {"errors": [{"status": 404, "title": "Not Found", "detail": "The resource could not be found.\n\n No resource provider with uuid d5caa0eb-816a-40dc-9b1b-44fef7b745ee found for delete ", "request_id": "req-ffe3b84e-9372-4ac1-8bdb-07a4c27475ca"}]}
2026-05-19 14:42:03.403 7 INFO neutron.services.segments.plugin [-] Segment d5caa0eb-816a-40dc-9b1b-44fef7b745ee resource provider not found; error: Placement Client Error (4xx): {"errors": [{"status": 404, "title": "Not Found", "detail": "The resource could not be found.\n\n No resource provider with uuid d5caa0eb-816a-40dc-9b1b-44fef7b745ee found for delete ", "request_id": "req-33f5993a-be92-4832-a756-9eed0f725b3e"}]} [pid: 7|app: 0|req: 1310/2624] 10.0.0.158 () {32 vars in 726 bytes} [Tue May 19 14:42:03 2026] DELETE /v2.0/networks/515a67e7-4b2a-4cb4-bf04-5b2eb1a2d153 => generated 0 bytes in 360 msecs (HTTP/1.1 204) 3 headers in 131 bytes (1 switches on core 0)
2026-05-19 14:42:03.642 8 INFO neutron.db.ovn_revision_numbers_db [None req-afedb7ca-f132-4288-a910-6373ed4d5ba6 ceee8a3d7ee040c3b2762425209e65c1 c80b543b6f2a4c7c92b9ff9d8a6a8c5f - - default default] Successfully bumped revision number for resource 5ec761af-fe8c-499a-a780-4b98a334b1c0 (type: security_groups) to 1
2026-05-19 14:42:03.654 8 INFO neutron.db.ovn_revision_numbers_db [None req-afedb7ca-f132-4288-a910-6373ed4d5ba6 ceee8a3d7ee040c3b2762425209e65c1 c80b543b6f2a4c7c92b9ff9d8a6a8c5f - - default default] Successfully bumped revision number for resource 0c1a8b9d-ab07-4c1a-bdb2-73811f89c1be (type: security_group_rules) to 0
2026-05-19 14:42:03.666 8 INFO neutron.db.ovn_revision_numbers_db [None req-afedb7ca-f132-4288-a910-6373ed4d5ba6 ceee8a3d7ee040c3b2762425209e65c1 c80b543b6f2a4c7c92b9ff9d8a6a8c5f - - default default] Successfully bumped revision number for resource 9691637d-0dff-479c-af2a-3019abd966a4 (type: security_group_rules) to 0
2026-05-19 14:42:03.679 8 INFO neutron.db.ovn_revision_numbers_db [None req-afedb7ca-f132-4288-a910-6373ed4d5ba6 ceee8a3d7ee040c3b2762425209e65c1 c80b543b6f2a4c7c92b9ff9d8a6a8c5f - - default default] Successfully bumped revision number for resource a0f87648-53a1-4165-aaf8-304e11c37e2a (type: security_group_rules) to 0
2026-05-19 14:42:03.690 8 INFO neutron.db.ovn_revision_numbers_db [None req-afedb7ca-f132-4288-a910-6373ed4d5ba6 ceee8a3d7ee040c3b2762425209e65c1 c80b543b6f2a4c7c92b9ff9d8a6a8c5f - - default default] Successfully bumped revision number for resource c913461b-e6e6-4b1c-a7a8-49dc1e572f8a (type: security_group_rules) to 0
2026-05-19 14:42:03.770 8 INFO neutron.db.segments_db [None req-afedb7ca-f132-4288-a910-6373ed4d5ba6 ceee8a3d7ee040c3b2762425209e65c1 c80b543b6f2a4c7c92b9ff9d8a6a8c5f - - default default] Added segment fb923365-3e3f-4d71-9553-cec75440c0e6 of type geneve for network 7adba07f-2b27-4c27-aa51-d1b9172ccaf2
2026-05-19 14:42:03.893 8 INFO neutron.db.ovn_revision_numbers_db [None req-afedb7ca-f132-4288-a910-6373ed4d5ba6 ceee8a3d7ee040c3b2762425209e65c1 c80b543b6f2a4c7c92b9ff9d8a6a8c5f - - default default] Successfully bumped revision number for resource 7adba07f-2b27-4c27-aa51-d1b9172ccaf2 (type: networks) to 1
2026-05-19 14:42:04.036 8 WARNING neutron.scheduler.dhcp_agent_scheduler [None req-afedb7ca-f132-4288-a910-6373ed4d5ba6 ceee8a3d7ee040c3b2762425209e65c1 c80b543b6f2a4c7c92b9ff9d8a6a8c5f - - default default] No more DHCP agents
2026-05-19 14:42:04.037 8 WARNING neutron.api.rpc.agentnotifiers.dhcp_rpc_agent_api [None req-afedb7ca-f132-4288-a910-6373ed4d5ba6 ceee8a3d7ee040c3b2762425209e65c1 c80b543b6f2a4c7c92b9ff9d8a6a8c5f - - default default] Unable to schedule network 7adba07f-2b27-4c27-aa51-d1b9172ccaf2: no agents available; will retry on subsequent port and subnet creation events.
2026-05-19 14:42:04.090 8 INFO neutron.plugins.ml2.drivers.ovn.mech_driver.mech_driver [None req-7958eff5-d636-4eb5-92e5-ee4087faa45a - - - - - -] OVN reports status down for port: b3432afd-3a6a-4678-aaad-beede684d496
2026-05-19 14:42:04.149 8 INFO neutron.db.ovn_revision_numbers_db [None req-afedb7ca-f132-4288-a910-6373ed4d5ba6 ceee8a3d7ee040c3b2762425209e65c1 c80b543b6f2a4c7c92b9ff9d8a6a8c5f - - default default] Successfully bumped revision number for resource b3432afd-3a6a-4678-aaad-beede684d496 (type: ports) to 1 [pid: 8|app: 0|req: 1315/2625] 10.0.0.158 () {34 vars in 670 bytes} [Tue May 19 14:42:03 2026] POST /v2.0/networks => generated 670 bytes in 878 msecs (HTTP/1.1 201) 4 headers in 162 bytes (1 switches on core 0)
2026-05-19 14:42:04.207 7 WARNING neutron.db.securitygroups_db [None req-52353e6a-a026-4a9e-b1bb-733d8f176933 a55453d06519499b8ae7b3577c1f96ac 8a8322b9407d49da9779354d5d8d2533 - - default default] project_id key not found in filters, using tenant_id instead. This support has been deprecated and will be removed in a future release. [pid: 7|app: 0|req: 1311/2626] 10.0.0.158 () {32 vars in 774 bytes} [Tue May 19 14:42:04 2026] GET /v2.0/security-groups?tenant_id=4e3efd93d4ae43daa61b8324db9b31fc&name=default => generated 2929 bytes in 180 msecs (HTTP/1.1 200) 4 headers in 158 bytes (1 switches on core 0)
2026-05-19 14:42:04.282 8 INFO neutron.db.segments_db [None req-fa9d3657-fed9-4f9f-afdb-66528cf3daec ceee8a3d7ee040c3b2762425209e65c1 c80b543b6f2a4c7c92b9ff9d8a6a8c5f - - default default] Added segment 04622790-c353-445f-bf3f-d12338113ba2 of type geneve for network 2faaa006-77d6-42d6-a376-9aa917787757
2026-05-19 14:42:04.426 8 INFO neutron.db.ovn_revision_numbers_db [None req-fa9d3657-fed9-4f9f-afdb-66528cf3daec ceee8a3d7ee040c3b2762425209e65c1 c80b543b6f2a4c7c92b9ff9d8a6a8c5f - - default default] Successfully bumped revision number for resource 2faaa006-77d6-42d6-a376-9aa917787757 (type: networks) to 1 [pid: 7|app: 0|req: 1312/2627] 10.0.0.158 () {32 vars in 740 bytes} [Tue May 19 14:42:04 2026] DELETE /v2.0/security-groups/dd5cd676-f0d4-4e72-8905-a1930317a9ae => generated 0 bytes in 203 msecs (HTTP/1.1 204) 2 headers in 112 bytes (1 switches on core 0)
2026-05-19 14:42:04.525 7 WARNING neutron.db.securitygroups_db [None req-9a5c3ac1-4009-455e-befa-b6720c8a04ee a55453d06519499b8ae7b3577c1f96ac 8a8322b9407d49da9779354d5d8d2533 - - default default] project_id key not found in filters, using tenant_id instead. This support has been deprecated and will be removed in a future release.
2026-05-19 14:42:04.593 8 WARNING neutron.scheduler.dhcp_agent_scheduler [None req-fa9d3657-fed9-4f9f-afdb-66528cf3daec ceee8a3d7ee040c3b2762425209e65c1 c80b543b6f2a4c7c92b9ff9d8a6a8c5f - - default default] No more DHCP agents
2026-05-19 14:42:04.594 8 WARNING neutron.api.rpc.agentnotifiers.dhcp_rpc_agent_api [None req-fa9d3657-fed9-4f9f-afdb-66528cf3daec ceee8a3d7ee040c3b2762425209e65c1 c80b543b6f2a4c7c92b9ff9d8a6a8c5f - - default default] Unable to schedule network 2faaa006-77d6-42d6-a376-9aa917787757: no agents available; will retry on subsequent port and subnet creation events.
2026-05-19 14:42:04.660 7 INFO neutron.db.ovn_revision_numbers_db [None req-9a5c3ac1-4009-455e-befa-b6720c8a04ee a55453d06519499b8ae7b3577c1f96ac 8a8322b9407d49da9779354d5d8d2533 - - default default] Successfully bumped revision number for resource 35a63013-0fcd-4226-a3b6-a9ccba358fe6 (type: security_groups) to 1
2026-05-19 14:42:04.676 7 INFO neutron.plugins.ml2.drivers.ovn.mech_driver.mech_driver [None req-a2906149-8027-41a2-9c20-991b697f50b1 - - - - - -] OVN reports status down for port: 29ad2aae-28fe-4ac6-af5d-67cd9edf383e
2026-05-19 14:42:04.680 7 INFO neutron.db.ovn_revision_numbers_db [None req-9a5c3ac1-4009-455e-befa-b6720c8a04ee a55453d06519499b8ae7b3577c1f96ac 8a8322b9407d49da9779354d5d8d2533 - - default default] Successfully bumped revision number for resource 21756730-2d25-4f34-b7c2-3526ba15034b (type: security_group_rules) to 0
2026-05-19 14:42:04.694 8 INFO neutron.db.ovn_revision_numbers_db [None req-fa9d3657-fed9-4f9f-afdb-66528cf3daec ceee8a3d7ee040c3b2762425209e65c1 c80b543b6f2a4c7c92b9ff9d8a6a8c5f - - default default] Successfully bumped revision number for resource 29ad2aae-28fe-4ac6-af5d-67cd9edf383e (type: ports) to 1
2026-05-19 14:42:04.704 7 INFO neutron.db.ovn_revision_numbers_db [None req-9a5c3ac1-4009-455e-befa-b6720c8a04ee a55453d06519499b8ae7b3577c1f96ac 8a8322b9407d49da9779354d5d8d2533 - - default default] Successfully bumped revision number for resource 581c1c13-de5e-4bb8-b07f-e92945b61a91 (type: security_group_rules) to 0 [pid: 8|app: 0|req: 1316/2628] 10.0.0.158 () {34 vars in 670 bytes} [Tue May 19 14:42:04 2026] POST /v2.0/networks => generated 669 bytes in 516 msecs (HTTP/1.1 201) 4 headers in 162 bytes (1 switches on core 0)
2026-05-19 14:42:04.727 7 INFO neutron.db.ovn_revision_numbers_db [None req-9a5c3ac1-4009-455e-befa-b6720c8a04ee a55453d06519499b8ae7b3577c1f96ac 8a8322b9407d49da9779354d5d8d2533 - - default default] Successfully bumped revision number for resource b42c461a-3802-45bd-840b-49b0a44c364e (type: security_group_rules) to 0
2026-05-19 14:42:04.748 7 INFO neutron.db.ovn_revision_numbers_db [None req-9a5c3ac1-4009-455e-befa-b6720c8a04ee a55453d06519499b8ae7b3577c1f96ac 8a8322b9407d49da9779354d5d8d2533 - - default default] Successfully bumped revision number for resource e3470888-e36b-4829-b82d-e802f01ed916 (type: security_group_rules) to 0 [pid: 7|app: 0|req: 1313/2629] 10.0.0.158 () {32 vars in 774 bytes} [Tue May 19 14:42:04 2026] GET /v2.0/security-groups?tenant_id=41a0659cf9734e0ba1bc0c40745160a4&name=default => generated 2929 bytes in 291 msecs (HTTP/1.1 200) 4 headers in 158 bytes (1 switches on core 0) [pid: 7|app: 0|req: 1314/2630] 10.0.0.158 () {34 vars in 753 bytes} [Tue May 19 14:42:04 2026] PUT /v2.0/networks/7adba07f-2b27-4c27-aa51-d1b9172ccaf2/tags => generated 25 bytes in 53 msecs (HTTP/1.1 200) 4 headers in 156 bytes (1 switches on core 0)
2026-05-19 14:42:04.948 8 INFO neutron.db.ovn_revision_numbers_db [None req-b10bb76d-9b67-41a2-b9ac-52c3275a40f1 9b95bf83b5854902920cd30f2ae1ce08 e3e85e91bd334bb5a0a5061d98990518 - - default default] Successfully bumped revision number for resource e25407b4-be70-4e5e-b367-3cde877302a9 (type: security_groups) to 1
2026-05-19 14:42:04.960 8 INFO neutron.db.ovn_revision_numbers_db [None req-b10bb76d-9b67-41a2-b9ac-52c3275a40f1 9b95bf83b5854902920cd30f2ae1ce08 e3e85e91bd334bb5a0a5061d98990518 - - default default] Successfully bumped revision number for resource 097ee3e6-4739-41aa-a2a4-0f91accdae5d (type: security_group_rules) to 0
2026-05-19 14:42:04.974 8 INFO neutron.db.ovn_revision_numbers_db [None req-b10bb76d-9b67-41a2-b9ac-52c3275a40f1 9b95bf83b5854902920cd30f2ae1ce08 e3e85e91bd334bb5a0a5061d98990518 - - default default] Successfully bumped revision number for resource 43329eee-4349-4f8e-a76f-7316a55cd09d (type: security_group_rules) to 0
2026-05-19 14:42:04.987 8 INFO neutron.db.ovn_revision_numbers_db [None req-b10bb76d-9b67-41a2-b9ac-52c3275a40f1 9b95bf83b5854902920cd30f2ae1ce08 e3e85e91bd334bb5a0a5061d98990518 - - default default] Successfully bumped revision number for resource 821adc82-19ce-4ebd-a370-1600a0f17489 (type: security_group_rules) to 0
2026-05-19 14:42:05.003 8 INFO neutron.db.ovn_revision_numbers_db [None req-b10bb76d-9b67-41a2-b9ac-52c3275a40f1 9b95bf83b5854902920cd30f2ae1ce08 e3e85e91bd334bb5a0a5061d98990518 - - default default] Successfully bumped revision number for resource b77ac4d1-9569-4262-93c6-8ccab48dae9a (type: security_group_rules) to 0 [pid: 7|app: 0|req: 1315/2631] 10.0.0.158 () {32 vars in 740 bytes} [Tue May 19 14:42:04 2026] DELETE /v2.0/security-groups/35a63013-0fcd-4226-a3b6-a9ccba358fe6 => generated 0 bytes in 161 msecs (HTTP/1.1 204) 2 headers in 112 bytes (1 switches on core 0) [pid: 7|app: 0|req: 1316/2632] 10.0.0.158 () {32 vars in 733 bytes} [Tue May 19 14:42:05 2026] GET /v2.0/networks/7adba07f-2b27-4c27-aa51-d1b9172ccaf2/tags => generated 25 bytes in 43 msecs (HTTP/1.1 200) 4 headers in 156 bytes (1 switches on core 0)
2026-05-19 14:42:05.078 8 INFO neutron.db.segments_db [None req-b10bb76d-9b67-41a2-b9ac-52c3275a40f1 9b95bf83b5854902920cd30f2ae1ce08 e3e85e91bd334bb5a0a5061d98990518 - - default default] Added segment 81f3e5f2-2e76-4b2b-8c5c-02b67e0e47c7 of type geneve for network 2113b9a4-8f44-43f0-85ea-2a16ba926d14 [pid: 7|app: 0|req: 1317/2633] 10.0.0.158 () {34 vars in 753 bytes} [Tue May 19 14:42:05 2026] PUT /v2.0/networks/2faaa006-77d6-42d6-a376-9aa917787757/tags => generated 17 bytes in 52 msecs (HTTP/1.1 200) 4 headers in 156 bytes (1 switches on core 0)
2026-05-19 14:42:05.188 8 INFO neutron.db.ovn_revision_numbers_db [None req-b10bb76d-9b67-41a2-b9ac-52c3275a40f1 9b95bf83b5854902920cd30f2ae1ce08 e3e85e91bd334bb5a0a5061d98990518 - - default default] Successfully bumped revision number for resource 2113b9a4-8f44-43f0-85ea-2a16ba926d14 (type: networks) to 1 [pid: 7|app: 0|req: 1318/2634] 10.0.0.158 () {32 vars in 733 bytes} [Tue May 19 14:42:05 2026] GET /v2.0/networks/2faaa006-77d6-42d6-a376-9aa917787757/tags => generated 17 bytes in 68 msecs (HTTP/1.1 200) 4 headers in 156 bytes (1 switches on core 0) [pid: 7|app: 0|req: 1319/2635] 10.0.0.158 () {34 vars in 753 bytes} [Tue May 19 14:42:05 2026] PUT /v2.0/networks/2faaa006-77d6-42d6-a376-9aa917787757/tags => generated 12 bytes in 52 msecs (HTTP/1.1 200) 4 headers in 156 bytes (1 switches on core 0) [pid: 7|app: 0|req: 1320/2636] 10.0.0.158 () {32 vars in 733 bytes} [Tue May 19 14:42:05 2026] GET /v2.0/networks/2faaa006-77d6-42d6-a376-9aa917787757/tags => generated 12 bytes in 44 msecs (HTTP/1.1 200) 4 headers in 156 bytes (1 switches on core 0) [pid: 7|app: 0|req: 1321/2637] 10.0.0.158 () {32 vars in 733 bytes} [Tue May 19 14:42:05 2026] GET /v2.0/networks/7adba07f-2b27-4c27-aa51-d1b9172ccaf2/tags => generated 25 bytes in 38 msecs (HTTP/1.1 200) 4 headers in 156 bytes (1 switches on core 0)
2026-05-19 14:42:05.357 8 WARNING neutron.scheduler.dhcp_agent_scheduler [None req-b10bb76d-9b67-41a2-b9ac-52c3275a40f1 9b95bf83b5854902920cd30f2ae1ce08 e3e85e91bd334bb5a0a5061d98990518 - - default default] No more DHCP agents
2026-05-19 14:42:05.358 8 WARNING neutron.api.rpc.agentnotifiers.dhcp_rpc_agent_api [None req-b10bb76d-9b67-41a2-b9ac-52c3275a40f1 9b95bf83b5854902920cd30f2ae1ce08 e3e85e91bd334bb5a0a5061d98990518 - - default default] Unable to schedule network 2113b9a4-8f44-43f0-85ea-2a16ba926d14: no agents available; will retry on subsequent port and subnet creation events.
2026-05-19 14:42:05.405 8 INFO neutron.plugins.ml2.drivers.ovn.mech_driver.mech_driver [None req-7958eff5-d636-4eb5-92e5-ee4087faa45a - - - - - -] OVN reports status down for port: 54ca5512-ef2e-4f14-bd54-2946ee9f6064
2026-05-19 14:42:05.463 8 INFO neutron.db.ovn_revision_numbers_db [None req-b10bb76d-9b67-41a2-b9ac-52c3275a40f1 9b95bf83b5854902920cd30f2ae1ce08 e3e85e91bd334bb5a0a5061d98990518 - - default default] Successfully bumped revision number for resource 54ca5512-ef2e-4f14-bd54-2946ee9f6064 (type: ports) to 1 [pid: 8|app: 0|req: 1317/2638] 10.0.0.158 () {34 vars in 670 bytes} [Tue May 19 14:42:04 2026] POST /v2.0/networks => generated 669 bytes in 791 msecs (HTTP/1.1 201) 4 headers in 162 bytes (1 switches on core 0)
2026-05-19 14:42:05.513 7 INFO neutron_taas.services.taas.taas_plugin [None req-7c8a4d59-ee32-4cee-8d09-16ae45c63790 ceee8a3d7ee040c3b2762425209e65c1 c80b543b6f2a4c7c92b9ff9d8a6a8c5f - - default default] TaaS: Handle Delete Port: b3432afd-3a6a-4678-aaad-beede684d496
2026-05-19 14:42:05.516 7 INFO neutron_taas.services.taas.tap_mirror_plugin [None req-7c8a4d59-ee32-4cee-8d09-16ae45c63790 ceee8a3d7ee040c3b2762425209e65c1 c80b543b6f2a4c7c92b9ff9d8a6a8c5f - - default default] Tap Mirror: Handle Delete Port: b3432afd-3a6a-4678-aaad-beede684d496
2026-05-19 14:42:05.693 7 INFO neutron.services.segments.plugin [-] Segment fb923365-3e3f-4d71-9553-cec75440c0e6 resource provider aggregate not found
2026-05-19 14:42:05.699 7 INFO neutron.services.segments.plugin [-] Segment fb923365-3e3f-4d71-9553-cec75440c0e6 resource provider aggregate not found
2026-05-19 14:42:05.718 7 INFO neutron.services.segments.plugin [-] Segment fb923365-3e3f-4d71-9553-cec75440c0e6 resource provider not found; error: Placement Client Error (4xx): {"errors": [{"status": 404, "title": "Not Found", "detail": "The resource could not be found.\n\n No resource provider with uuid fb923365-3e3f-4d71-9553-cec75440c0e6 found for delete ", "request_id": "req-048f2b33-2eeb-4b0a-9c8a-feaf114b0e90"}]}
2026-05-19 14:42:05.720 7 INFO neutron.services.segments.plugin [-] Segment fb923365-3e3f-4d71-9553-cec75440c0e6 resource provider not found; error: Placement Client Error (4xx): {"errors": [{"status": 404, "title": "Not Found", "detail": "The resource could not be found.\n\n No resource provider with uuid fb923365-3e3f-4d71-9553-cec75440c0e6 found for delete ", "request_id": "req-4d287afd-2ea1-460c-b069-dadd1bd919be"}]} [pid: 7|app: 0|req: 1322/2639] 10.0.0.158 () {32 vars in 726 bytes} [Tue May 19 14:42:05 2026] DELETE /v2.0/networks/7adba07f-2b27-4c27-aa51-d1b9172ccaf2 => generated 0 bytes in 372 msecs (HTTP/1.1 204) 3 headers in 131 bytes (1 switches on core 0)
2026-05-19 14:42:05.734 8 WARNING neutron.scheduler.dhcp_agent_scheduler [None req-04bc9ddf-4805-4875-a889-59a7b3668cc9 9b95bf83b5854902920cd30f2ae1ce08 e3e85e91bd334bb5a0a5061d98990518 - - default default] No more DHCP agents
2026-05-19 14:42:05.735 8 WARNING neutron.api.rpc.agentnotifiers.dhcp_rpc_agent_api [None req-04bc9ddf-4805-4875-a889-59a7b3668cc9 9b95bf83b5854902920cd30f2ae1ce08 e3e85e91bd334bb5a0a5061d98990518 - - default default] Unable to schedule network 2113b9a4-8f44-43f0-85ea-2a16ba926d14: no agents available; will retry on subsequent port and subnet creation events.
2026-05-19 14:42:05.837 7 INFO neutron_taas.services.taas.taas_plugin [None req-43a0676b-b465-4bec-bf42-8a0ff2b7fd88 ceee8a3d7ee040c3b2762425209e65c1 c80b543b6f2a4c7c92b9ff9d8a6a8c5f - - default default] TaaS: Handle Delete Port: 29ad2aae-28fe-4ac6-af5d-67cd9edf383e
2026-05-19 14:42:05.839 7 INFO neutron_taas.services.taas.tap_mirror_plugin [None req-43a0676b-b465-4bec-bf42-8a0ff2b7fd88 ceee8a3d7ee040c3b2762425209e65c1 c80b543b6f2a4c7c92b9ff9d8a6a8c5f - - default default] Tap Mirror: Handle Delete Port: 29ad2aae-28fe-4ac6-af5d-67cd9edf383e [pid: 7|app: 0|req: 1323/2640] 10.0.0.158 () {32 vars in 726 bytes} [Tue May 19 14:42:05 2026] DELETE /v2.0/networks/2faaa006-77d6-42d6-a376-9aa917787757 => generated 0 bytes in 375 msecs (HTTP/1.1 204) 3 headers in 131 bytes (1 switches on core 0)
2026-05-19 14:42:06.280 8 INFO neutron.db.ovn_revision_numbers_db [None req-04bc9ddf-4805-4875-a889-59a7b3668cc9 9b95bf83b5854902920cd30f2ae1ce08 e3e85e91bd334bb5a0a5061d98990518 - - default default] Successfully bumped revision number for resource 54ca5512-ef2e-4f14-bd54-2946ee9f6064 (type: ports) to 2
2026-05-19 14:42:06.325 8 INFO neutron.db.ovn_revision_numbers_db [None req-04bc9ddf-4805-4875-a889-59a7b3668cc9 9b95bf83b5854902920cd30f2ae1ce08 e3e85e91bd334bb5a0a5061d98990518 - - default default] Successfully bumped revision number for resource 442ca2bc-3b33-4fea-b057-23dad0110606 (type: subnets) to 0 [pid: 8|app: 0|req: 1318/2641] 10.0.0.158 () {34 vars in 669 bytes} [Tue May 19 14:42:05 2026] POST /v2.0/subnets => generated 626 bytes in 833 msecs (HTTP/1.1 201) 4 headers in 162 bytes (1 switches on core 0)
2026-05-19 14:42:06.453 7 INFO neutron.db.segments_db [None req-70d0573d-5b05-4d29-abb7-77da952f22fa 9b95bf83b5854902920cd30f2ae1ce08 e3e85e91bd334bb5a0a5061d98990518 - - default default] Added segment b3358bba-bcca-4041-9924-50df64bb87cc of type geneve for network 4e0a54c9-db25-467a-a62e-e4056a76c221
2026-05-19 14:42:06.582 7 INFO neutron.db.ovn_revision_numbers_db [None req-70d0573d-5b05-4d29-abb7-77da952f22fa 9b95bf83b5854902920cd30f2ae1ce08 e3e85e91bd334bb5a0a5061d98990518 - - default default] Successfully bumped revision number for resource 4e0a54c9-db25-467a-a62e-e4056a76c221 (type: networks) to 1
2026-05-19 14:42:06.730 7 WARNING neutron.scheduler.dhcp_agent_scheduler [None req-70d0573d-5b05-4d29-abb7-77da952f22fa 9b95bf83b5854902920cd30f2ae1ce08 e3e85e91bd334bb5a0a5061d98990518 - - default default] No more DHCP agents
2026-05-19 14:42:06.732 7 WARNING neutron.api.rpc.agentnotifiers.dhcp_rpc_agent_api [None req-70d0573d-5b05-4d29-abb7-77da952f22fa 9b95bf83b5854902920cd30f2ae1ce08 e3e85e91bd334bb5a0a5061d98990518 - - default default] Unable to schedule network 4e0a54c9-db25-467a-a62e-e4056a76c221: no agents available; will retry on subsequent port and subnet creation events.
2026-05-19 14:42:06.786 8 INFO neutron.plugins.ml2.drivers.ovn.mech_driver.mech_driver [None req-7958eff5-d636-4eb5-92e5-ee4087faa45a - - - - - -] OVN reports status down for port: e2670525-aa5d-42fe-abb3-9e3885ebb157
2026-05-19 14:42:06.818 7 INFO neutron.db.ovn_revision_numbers_db [None req-70d0573d-5b05-4d29-abb7-77da952f22fa 9b95bf83b5854902920cd30f2ae1ce08 e3e85e91bd334bb5a0a5061d98990518 - - default default] Successfully bumped revision number for resource e2670525-aa5d-42fe-abb3-9e3885ebb157 (type: ports) to 1 [pid: 7|app: 0|req: 1324/2642] 10.0.0.158 () {34 vars in 670 bytes} [Tue May 19 14:42:06 2026] POST /v2.0/networks => generated 670 bytes in 489 msecs (HTTP/1.1 201) 4 headers in 162 bytes (1 switches on core 0)
2026-05-19 14:42:06.930 8 WARNING neutron.db.securitygroups_db [None req-8c504f97-4424-4024-960d-dd23216f9bf6 a55453d06519499b8ae7b3577c1f96ac 8a8322b9407d49da9779354d5d8d2533 - - default default] project_id key not found in filters, using tenant_id instead. This support has been deprecated and will be removed in a future release. [pid: 8|app: 0|req: 1319/2643] 10.0.0.158 () {32 vars in 774 bytes} [Tue May 19 14:42:06 2026] GET /v2.0/security-groups?tenant_id=c80b543b6f2a4c7c92b9ff9d8a6a8c5f&name=default => generated 2929 bytes in 213 msecs (HTTP/1.1 200) 4 headers in 158 bytes (1 switches on core 0)
2026-05-19 14:42:07.065 7 WARNING neutron.scheduler.dhcp_agent_scheduler [None req-b9d8032f-4dc5-4518-9068-8cee29e8a27b 9b95bf83b5854902920cd30f2ae1ce08 e3e85e91bd334bb5a0a5061d98990518 - - default default] No more DHCP agents
2026-05-19 14:42:07.067 7 WARNING neutron.api.rpc.agentnotifiers.dhcp_rpc_agent_api [None req-b9d8032f-4dc5-4518-9068-8cee29e8a27b 9b95bf83b5854902920cd30f2ae1ce08 e3e85e91bd334bb5a0a5061d98990518 - - default default] Unable to schedule network 4e0a54c9-db25-467a-a62e-e4056a76c221: no agents available; will retry on subsequent port and subnet creation events. [pid: 8|app: 0|req: 1320/2644] 10.0.0.158 () {32 vars in 740 bytes} [Tue May 19 14:42:06 2026] DELETE /v2.0/security-groups/5ec761af-fe8c-499a-a780-4b98a334b1c0 => generated 0 bytes in 223 msecs (HTTP/1.1 204) 2 headers in 112 bytes (1 switches on core 0)
2026-05-19 14:42:07.278 8 WARNING neutron.db.securitygroups_db [None req-93e8253f-783b-44dd-90d6-3df9903906c9 a55453d06519499b8ae7b3577c1f96ac 8a8322b9407d49da9779354d5d8d2533 - - default default] project_id key not found in filters, using tenant_id instead. This support has been deprecated and will be removed in a future release.
2026-05-19 14:42:07.409 8 INFO neutron.db.ovn_revision_numbers_db [None req-93e8253f-783b-44dd-90d6-3df9903906c9 a55453d06519499b8ae7b3577c1f96ac 8a8322b9407d49da9779354d5d8d2533 - - default default] Successfully bumped revision number for resource e826b20e-dd36-4677-84f4-6609f46b4d4f (type: security_groups) to 1
2026-05-19 14:42:07.425 8 INFO neutron.db.ovn_revision_numbers_db [None req-93e8253f-783b-44dd-90d6-3df9903906c9 a55453d06519499b8ae7b3577c1f96ac 8a8322b9407d49da9779354d5d8d2533 - - default default] Successfully bumped revision number for resource 0c1430ef-2474-45a2-8364-4606348c6414 (type: security_group_rules) to 0
