2026-05-19 14:41:33.717 7 WARNING neutron.api.rpc.agentnotifiers.dhcp_rpc_agent_api [None req-31adf2b9-6be5-402c-a3ef-7a5ef87ab921 674200fe3d8a44c7ba8c9dfe3c1fa187 7b5658f4cf79487e80b8976d9234f50a - - default default] Unable to schedule network 3f8e5199-c887-4e1c-873f-28f3bc33bf79: no agents available; will retry on subsequent port and subnet creation events.
2026-05-19 14:41:33.765 8 INFO neutron.plugins.ml2.drivers.ovn.mech_driver.mech_driver [None req-7958eff5-d636-4eb5-92e5-ee4087faa45a - - - - - -] OVN reports status down for port: dbacf633-c29b-4111-bc73-a1fc93449692
2026-05-19 14:41:33.797 7 INFO neutron.db.ovn_revision_numbers_db [None req-31adf2b9-6be5-402c-a3ef-7a5ef87ab921 674200fe3d8a44c7ba8c9dfe3c1fa187 7b5658f4cf79487e80b8976d9234f50a - - default default] Successfully bumped revision number for resource dbacf633-c29b-4111-bc73-a1fc93449692 (type: ports) to 1 [pid: 7|app: 0|req: 1183/2371] 10.0.0.158 () {34 vars in 670 bytes} [Tue May 19 14:41:33 2026] POST /v2.0/networks => generated 691 bytes in 477 msecs (HTTP/1.1 201) 4 headers in 162 bytes (1 switches on core 0)
2026-05-19 14:41:33.958 8 INFO neutron.db.segments_db [None req-409cdf3b-92be-426b-b63f-733b22747d2e 674200fe3d8a44c7ba8c9dfe3c1fa187 7b5658f4cf79487e80b8976d9234f50a - - default default] Added segment a4f5df97-8798-4feb-a9e4-3617c42cbfa7 of type geneve for network 86ff0108-fa06-44f6-b37c-8bb6a5a03057
2026-05-19 14:41:34.053 8 INFO neutron.db.ovn_revision_numbers_db [None req-409cdf3b-92be-426b-b63f-733b22747d2e 674200fe3d8a44c7ba8c9dfe3c1fa187 7b5658f4cf79487e80b8976d9234f50a - - default default] Successfully bumped revision number for resource 86ff0108-fa06-44f6-b37c-8bb6a5a03057 (type: networks) to 1
2026-05-19 14:41:34.216 8 WARNING neutron.scheduler.dhcp_agent_scheduler [None req-409cdf3b-92be-426b-b63f-733b22747d2e 674200fe3d8a44c7ba8c9dfe3c1fa187 7b5658f4cf79487e80b8976d9234f50a - - default default] No more DHCP agents
2026-05-19 14:41:34.218 8 WARNING neutron.api.rpc.agentnotifiers.dhcp_rpc_agent_api [None req-409cdf3b-92be-426b-b63f-733b22747d2e 674200fe3d8a44c7ba8c9dfe3c1fa187 7b5658f4cf79487e80b8976d9234f50a - - default default] Unable to schedule network 86ff0108-fa06-44f6-b37c-8bb6a5a03057: no agents available; will retry on subsequent port and subnet creation events.
2026-05-19 14:41:34.266 8 INFO neutron.plugins.ml2.drivers.ovn.mech_driver.mech_driver [None req-7958eff5-d636-4eb5-92e5-ee4087faa45a - - - - - -] OVN reports status down for port: 5fdde368-d11b-42b9-9cc2-5632447c8cbb
2026-05-19 14:41:34.334 8 INFO neutron.db.ovn_revision_numbers_db [None req-409cdf3b-92be-426b-b63f-733b22747d2e 674200fe3d8a44c7ba8c9dfe3c1fa187 7b5658f4cf79487e80b8976d9234f50a - - default default] Successfully bumped revision number for resource 5fdde368-d11b-42b9-9cc2-5632447c8cbb (type: ports) to 1
2026-05-19 14:41:34.345 7 WARNING neutron.db.securitygroups_db [None req-da182089-f6cb-41aa-b9d0-0aa8c5f237c1 a55453d06519499b8ae7b3577c1f96ac 8a8322b9407d49da9779354d5d8d2533 - - default default] project_id key not found in filters, using tenant_id instead. This support has been deprecated and will be removed in a future release. [pid: 8|app: 0|req: 1189/2372] 10.0.0.158 () {34 vars in 670 bytes} [Tue May 19 14:41:33 2026] POST /v2.0/networks => generated 692 bytes in 551 msecs (HTTP/1.1 201) 4 headers in 162 bytes (1 switches on core 0)
2026-05-19 14:41:34.456 7 INFO neutron.db.ovn_revision_numbers_db [None req-da182089-f6cb-41aa-b9d0-0aa8c5f237c1 a55453d06519499b8ae7b3577c1f96ac 8a8322b9407d49da9779354d5d8d2533 - - default default] Successfully bumped revision number for resource 1bb15344-7ae1-4f90-8b27-991b2097324a (type: security_groups) to 1
2026-05-19 14:41:34.471 7 INFO neutron.db.ovn_revision_numbers_db [None req-da182089-f6cb-41aa-b9d0-0aa8c5f237c1 a55453d06519499b8ae7b3577c1f96ac 8a8322b9407d49da9779354d5d8d2533 - - default default] Successfully bumped revision number for resource 01d47341-280d-445f-b813-90bd753e4641 (type: security_group_rules) to 0
2026-05-19 14:41:34.484 7 INFO neutron.db.ovn_revision_numbers_db [None req-da182089-f6cb-41aa-b9d0-0aa8c5f237c1 a55453d06519499b8ae7b3577c1f96ac 8a8322b9407d49da9779354d5d8d2533 - - default default] Successfully bumped revision number for resource 88ef1123-8770-4118-bcd4-8f346201793f (type: security_group_rules) to 0
2026-05-19 14:41:34.496 7 INFO neutron.db.ovn_revision_numbers_db [None req-da182089-f6cb-41aa-b9d0-0aa8c5f237c1 a55453d06519499b8ae7b3577c1f96ac 8a8322b9407d49da9779354d5d8d2533 - - default default] Successfully bumped revision number for resource 93b8a1a4-41a9-4327-b7fa-0cb9bbcfca5c (type: security_group_rules) to 0
2026-05-19 14:41:34.509 7 INFO neutron.db.ovn_revision_numbers_db [None req-da182089-f6cb-41aa-b9d0-0aa8c5f237c1 a55453d06519499b8ae7b3577c1f96ac 8a8322b9407d49da9779354d5d8d2533 - - default default] Successfully bumped revision number for resource b5b160da-8079-4be7-93d0-120fd24ceed3 (type: security_group_rules) to 0 [pid: 7|app: 0|req: 1184/2373] 10.0.0.158 () {32 vars in 774 bytes} [Tue May 19 14:41:34 2026] GET /v2.0/security-groups?tenant_id=2fd1837fd9454f439390c2cb059639d2&name=default => generated 2925 bytes in 429 msecs (HTTP/1.1 200) 4 headers in 158 bytes (1 switches on core 0) [pid: 8|app: 0|req: 1190/2374] 10.0.0.158 () {32 vars in 740 bytes} [Tue May 19 14:41:34 2026] DELETE /v2.0/security-groups/1bb15344-7ae1-4f90-8b27-991b2097324a => generated 0 bytes in 166 msecs (HTTP/1.1 204) 2 headers in 112 bytes (1 switches on core 0)
2026-05-19 14:41:34.818 7 WARNING neutron.db.securitygroups_db [None req-ca35aab3-72bc-4052-a41b-d8f11f1882d7 a55453d06519499b8ae7b3577c1f96ac 8a8322b9407d49da9779354d5d8d2533 - - default default] project_id key not found in filters, using tenant_id instead. This support has been deprecated and will be removed in a future release.
2026-05-19 14:41:34.948 7 INFO neutron.db.ovn_revision_numbers_db [None req-ca35aab3-72bc-4052-a41b-d8f11f1882d7 a55453d06519499b8ae7b3577c1f96ac 8a8322b9407d49da9779354d5d8d2533 - - default default] Successfully bumped revision number for resource 27206f79-5d41-440a-bf32-e0a56f1e6d2e (type: security_groups) to 1
2026-05-19 14:41:34.959 7 INFO neutron.db.ovn_revision_numbers_db [None req-ca35aab3-72bc-4052-a41b-d8f11f1882d7 a55453d06519499b8ae7b3577c1f96ac 8a8322b9407d49da9779354d5d8d2533 - - default default] Successfully bumped revision number for resource 1fa8363c-8526-4596-adcf-0117e0f950c2 (type: security_group_rules) to 0
2026-05-19 14:41:34.971 7 INFO neutron.db.ovn_revision_numbers_db [None req-ca35aab3-72bc-4052-a41b-d8f11f1882d7 a55453d06519499b8ae7b3577c1f96ac 8a8322b9407d49da9779354d5d8d2533 - - default default] Successfully bumped revision number for resource 400cc6c2-2135-4a15-b987-19f6ffa4ad70 (type: security_group_rules) to 0
2026-05-19 14:41:34.983 7 INFO neutron.db.ovn_revision_numbers_db [None req-ca35aab3-72bc-4052-a41b-d8f11f1882d7 a55453d06519499b8ae7b3577c1f96ac 8a8322b9407d49da9779354d5d8d2533 - - default default] Successfully bumped revision number for resource 47f52c77-c25a-4659-bd33-41e381a12c96 (type: security_group_rules) to 0
2026-05-19 14:41:34.995 7 INFO neutron.db.ovn_revision_numbers_db [None req-ca35aab3-72bc-4052-a41b-d8f11f1882d7 a55453d06519499b8ae7b3577c1f96ac 8a8322b9407d49da9779354d5d8d2533 - - default default] Successfully bumped revision number for resource 9391b0e1-2894-44ce-8352-d21b5dd7a9e7 (type: security_group_rules) to 0 [pid: 7|app: 0|req: 1185/2375] 10.0.0.158 () {32 vars in 774 bytes} [Tue May 19 14:41:34 2026] GET /v2.0/security-groups?tenant_id=fbe3d8f788314ec9ae34739892aa78c0&name=default => generated 2925 bytes in 227 msecs (HTTP/1.1 200) 4 headers in 158 bytes (1 switches on core 0)
2026-05-19 14:41:35.112 8 INFO neutron.db.ovn_revision_numbers_db [None req-6cf17e4a-67f9-44de-acf9-e7aafafa4de2 d04535e85dd54314a57ff86e8237119a 1482fedf03584530b1e48149b82293e3 - - default default] Successfully bumped revision number for resource 5ac1acae-0c92-4c39-b3bf-ae7cb5fa814d (type: security_groups) to 1
2026-05-19 14:41:35.124 8 INFO neutron.db.ovn_revision_numbers_db [None req-6cf17e4a-67f9-44de-acf9-e7aafafa4de2 d04535e85dd54314a57ff86e8237119a 1482fedf03584530b1e48149b82293e3 - - default default] Successfully bumped revision number for resource 6b4b7ca7-2666-405a-8ddc-1eceb6aaf4f1 (type: security_group_rules) to 0
2026-05-19 14:41:35.137 8 INFO neutron.db.ovn_revision_numbers_db [None req-6cf17e4a-67f9-44de-acf9-e7aafafa4de2 d04535e85dd54314a57ff86e8237119a 1482fedf03584530b1e48149b82293e3 - - default default] Successfully bumped revision number for resource 70541485-4e5f-4a17-82fc-58e211626f6c (type: security_group_rules) to 0
2026-05-19 14:41:35.149 8 INFO neutron.db.ovn_revision_numbers_db [None req-6cf17e4a-67f9-44de-acf9-e7aafafa4de2 d04535e85dd54314a57ff86e8237119a 1482fedf03584530b1e48149b82293e3 - - default default] Successfully bumped revision number for resource eba1f4ca-8885-4151-bd71-7e4d43b8057f (type: security_group_rules) to 0
2026-05-19 14:41:35.164 8 INFO neutron.db.ovn_revision_numbers_db [None req-6cf17e4a-67f9-44de-acf9-e7aafafa4de2 d04535e85dd54314a57ff86e8237119a 1482fedf03584530b1e48149b82293e3 - - default default] Successfully bumped revision number for resource ef57eaa2-ccce-4263-88a5-b688b22e184f (type: security_group_rules) to 0
2026-05-19 14:41:35.240 8 INFO neutron.db.segments_db [None req-6cf17e4a-67f9-44de-acf9-e7aafafa4de2 d04535e85dd54314a57ff86e8237119a 1482fedf03584530b1e48149b82293e3 - - default default] Added segment fd413039-b546-428d-9c4f-e7e14c82982b of type geneve for network 474f0b1f-b422-43a6-909a-b787f1bc0d51
2026-05-19 14:41:35.349 8 INFO neutron.db.ovn_revision_numbers_db [None req-6cf17e4a-67f9-44de-acf9-e7aafafa4de2 d04535e85dd54314a57ff86e8237119a 1482fedf03584530b1e48149b82293e3 - - default default] Successfully bumped revision number for resource 474f0b1f-b422-43a6-909a-b787f1bc0d51 (type: networks) to 1
2026-05-19 14:41:35.350 7 WARNING neutron.scheduler.dhcp_agent_scheduler [None req-60f811e0-e732-4b2c-add3-e62314fba78a 674200fe3d8a44c7ba8c9dfe3c1fa187 7b5658f4cf79487e80b8976d9234f50a - - default default] No more DHCP agents
2026-05-19 14:41:35.352 7 WARNING neutron.api.rpc.agentnotifiers.dhcp_rpc_agent_api [None req-60f811e0-e732-4b2c-add3-e62314fba78a 674200fe3d8a44c7ba8c9dfe3c1fa187 7b5658f4cf79487e80b8976d9234f50a - - default default] Unable to schedule network 3f8e5199-c887-4e1c-873f-28f3bc33bf79: no agents available; will retry on subsequent port and subnet creation events.
2026-05-19 14:41:35.376 7 INFO neutron.db.ovn_revision_numbers_db [None req-60f811e0-e732-4b2c-add3-e62314fba78a 674200fe3d8a44c7ba8c9dfe3c1fa187 7b5658f4cf79487e80b8976d9234f50a - - default default] Successfully bumped revision number for resource 3a8ccf6f-f6af-424b-b1e0-2624d9c6d4d7 (type: subnets) to 0
2026-05-19 14:41:35.404 7 WARNING neutron.scheduler.dhcp_agent_scheduler [None req-60f811e0-e732-4b2c-add3-e62314fba78a 674200fe3d8a44c7ba8c9dfe3c1fa187 7b5658f4cf79487e80b8976d9234f50a - - default default] No more DHCP agents
2026-05-19 14:41:35.405 7 WARNING neutron.api.rpc.agentnotifiers.dhcp_rpc_agent_api [None req-60f811e0-e732-4b2c-add3-e62314fba78a 674200fe3d8a44c7ba8c9dfe3c1fa187 7b5658f4cf79487e80b8976d9234f50a - - default default] Unable to schedule network 86ff0108-fa06-44f6-b37c-8bb6a5a03057: no agents available; will retry on subsequent port and subnet creation events.
2026-05-19 14:41:35.443 7 INFO neutron.db.ovn_revision_numbers_db [None req-60f811e0-e732-4b2c-add3-e62314fba78a 674200fe3d8a44c7ba8c9dfe3c1fa187 7b5658f4cf79487e80b8976d9234f50a - - default default] Successfully bumped revision number for resource 047d3eee-8f85-40e0-95db-cb872ec499ac (type: subnets) to 0 [pid: 7|app: 0|req: 1186/2376] 10.0.0.158 () {34 vars in 669 bytes} [Tue May 19 14:41:35 2026] POST /v2.0/subnets => generated 1324 bytes in 423 msecs (HTTP/1.1 201) 4 headers in 163 bytes (1 switches on core 0)
2026-05-19 14:41:35.510 8 WARNING neutron.scheduler.dhcp_agent_scheduler [None req-6cf17e4a-67f9-44de-acf9-e7aafafa4de2 d04535e85dd54314a57ff86e8237119a 1482fedf03584530b1e48149b82293e3 - - default default] No more DHCP agents
2026-05-19 14:41:35.512 8 WARNING neutron.api.rpc.agentnotifiers.dhcp_rpc_agent_api [None req-6cf17e4a-67f9-44de-acf9-e7aafafa4de2 d04535e85dd54314a57ff86e8237119a 1482fedf03584530b1e48149b82293e3 - - default default] Unable to schedule network 474f0b1f-b422-43a6-909a-b787f1bc0d51: no agents available; will retry on subsequent port and subnet creation events.
2026-05-19 14:41:35.566 7 INFO neutron.plugins.ml2.drivers.ovn.mech_driver.mech_driver [None req-a2906149-8027-41a2-9c20-991b697f50b1 - - - - - -] OVN reports status down for port: 73347bd6-068a-44ab-a71a-2b06d01070f8
2026-05-19 14:41:35.597 8 INFO neutron.db.ovn_revision_numbers_db [None req-6cf17e4a-67f9-44de-acf9-e7aafafa4de2 d04535e85dd54314a57ff86e8237119a 1482fedf03584530b1e48149b82293e3 - - default default] Successfully bumped revision number for resource 73347bd6-068a-44ab-a71a-2b06d01070f8 (type: ports) to 1 [pid: 8|app: 0|req: 1191/2377] 10.0.0.158 () {34 vars in 670 bytes} [Tue May 19 14:41:34 2026] POST /v2.0/networks => generated 670 bytes in 763 msecs (HTTP/1.1 201) 4 headers in 162 bytes (1 switches on core 0) [pid: 8|app: 0|req: 1192/2378] 10.0.0.158 () {32 vars in 647 bytes} [Tue May 19 14:41:35 2026] GET /v2.0/subnets => generated 1960 bytes in 38 msecs (HTTP/1.1 200) 4 headers in 158 bytes (1 switches on core 0) [pid: 7|app: 0|req: 1187/2379] 10.0.0.158 () {32 vars in 740 bytes} [Tue May 19 14:41:35 2026] DELETE /v2.0/security-groups/27206f79-5d41-440a-bf32-e0a56f1e6d2e => generated 0 bytes in 199 msecs (HTTP/1.1 204) 2 headers in 112 bytes (1 switches on core 0)
2026-05-19 14:41:35.750 8 INFO neutron.db.segments_db [None req-4fb33a25-1c59-4f96-9340-9f1d0f052cb8 d04535e85dd54314a57ff86e8237119a 1482fedf03584530b1e48149b82293e3 - - default default] Added segment d0d90e1e-4723-47d5-9ddb-1529bad9285e of type geneve for network 2c15f1e5-4760-4e60-b817-70d3e2dc7573 [pid: 7|app: 0|req: 1188/2380] 10.0.0.158 () {32 vars in 724 bytes} [Tue May 19 14:41:35 2026] DELETE /v2.0/subnets/3a8ccf6f-f6af-424b-b1e0-2624d9c6d4d7 => generated 0 bytes in 124 msecs (HTTP/1.1 204) 3 headers in 131 bytes (1 switches on core 0)
2026-05-19 14:41:35.851 8 INFO neutron.db.ovn_revision_numbers_db [None req-4fb33a25-1c59-4f96-9340-9f1d0f052cb8 d04535e85dd54314a57ff86e8237119a 1482fedf03584530b1e48149b82293e3 - - default default] Successfully bumped revision number for resource 2c15f1e5-4760-4e60-b817-70d3e2dc7573 (type: networks) to 1 [pid: 7|app: 0|req: 1189/2381] 10.0.0.158 () {32 vars in 724 bytes} [Tue May 19 14:41:35 2026] DELETE /v2.0/subnets/047d3eee-8f85-40e0-95db-cb872ec499ac => generated 0 bytes in 141 msecs (HTTP/1.1 204) 3 headers in 131 bytes (1 switches on core 0)
2026-05-19 14:41:35.948 7 WARNING neutron.db.securitygroups_db [None req-a986afab-c5e1-49be-8b9f-8504d25e416a a55453d06519499b8ae7b3577c1f96ac 8a8322b9407d49da9779354d5d8d2533 - - default default] project_id key not found in filters, using tenant_id instead. This support has been deprecated and will be removed in a future release.
2026-05-19 14:41:36.041 8 WARNING neutron.scheduler.dhcp_agent_scheduler [None req-4fb33a25-1c59-4f96-9340-9f1d0f052cb8 d04535e85dd54314a57ff86e8237119a 1482fedf03584530b1e48149b82293e3 - - default default] No more DHCP agents
2026-05-19 14:41:36.043 8 WARNING neutron.api.rpc.agentnotifiers.dhcp_rpc_agent_api [None req-4fb33a25-1c59-4f96-9340-9f1d0f052cb8 d04535e85dd54314a57ff86e8237119a 1482fedf03584530b1e48149b82293e3 - - default default] Unable to schedule network 2c15f1e5-4760-4e60-b817-70d3e2dc7573: no agents available; will retry on subsequent port and subnet creation events.
2026-05-19 14:41:36.100 8 INFO neutron.plugins.ml2.drivers.ovn.mech_driver.mech_driver [None req-7958eff5-d636-4eb5-92e5-ee4087faa45a - - - - - -] OVN reports status down for port: 58a11522-b7a4-43a3-8574-e1dcf2deae8c
2026-05-19 14:41:36.114 7 INFO neutron.db.ovn_revision_numbers_db [None req-a986afab-c5e1-49be-8b9f-8504d25e416a a55453d06519499b8ae7b3577c1f96ac 8a8322b9407d49da9779354d5d8d2533 - - default default] Successfully bumped revision number for resource fa40f128-4f4b-481c-aa3d-08d6d3e3b5f0 (type: security_groups) to 1
2026-05-19 14:41:36.126 7 INFO neutron.db.ovn_revision_numbers_db [None req-a986afab-c5e1-49be-8b9f-8504d25e416a a55453d06519499b8ae7b3577c1f96ac 8a8322b9407d49da9779354d5d8d2533 - - default default] Successfully bumped revision number for resource 0025e114-1958-4585-bb5d-4960fddc17ba (type: security_group_rules) to 0
2026-05-19 14:41:36.139 7 INFO neutron.db.ovn_revision_numbers_db [None req-a986afab-c5e1-49be-8b9f-8504d25e416a a55453d06519499b8ae7b3577c1f96ac 8a8322b9407d49da9779354d5d8d2533 - - default default] Successfully bumped revision number for resource 20ff2044-56a4-4632-be46-88fa80b6bfc9 (type: security_group_rules) to 0
2026-05-19 14:41:36.148 7 INFO neutron.db.ovn_revision_numbers_db [None req-a986afab-c5e1-49be-8b9f-8504d25e416a a55453d06519499b8ae7b3577c1f96ac 8a8322b9407d49da9779354d5d8d2533 - - default default] Successfully bumped revision number for resource c001eccb-3534-40c4-9607-70701f22f936 (type: security_group_rules) to 0
2026-05-19 14:41:36.154 8 INFO neutron.db.ovn_revision_numbers_db [None req-4fb33a25-1c59-4f96-9340-9f1d0f052cb8 d04535e85dd54314a57ff86e8237119a 1482fedf03584530b1e48149b82293e3 - - default default] Successfully bumped revision number for resource 58a11522-b7a4-43a3-8574-e1dcf2deae8c (type: ports) to 1
2026-05-19 14:41:36.161 7 INFO neutron.db.ovn_revision_numbers_db [None req-a986afab-c5e1-49be-8b9f-8504d25e416a a55453d06519499b8ae7b3577c1f96ac 8a8322b9407d49da9779354d5d8d2533 - - default default] Successfully bumped revision number for resource ff8fdd68-e197-4542-addb-8ae0def078f1 (type: security_group_rules) to 0 [pid: 7|app: 0|req: 1190/2382] 10.0.0.158 () {32 vars in 774 bytes} [Tue May 19 14:41:35 2026] GET /v2.0/security-groups?tenant_id=da113b19f59b40568d51164e84b7fdba&name=default => generated 2925 bytes in 254 msecs (HTTP/1.1 200) 4 headers in 158 bytes (1 switches on core 0) [pid: 8|app: 0|req: 1193/2383] 10.0.0.158 () {34 vars in 670 bytes} [Tue May 19 14:41:35 2026] POST /v2.0/networks => generated 670 bytes in 538 msecs (HTTP/1.1 201) 4 headers in 162 bytes (1 switches on core 0) [pid: 7|app: 0|req: 1191/2384] 10.0.0.158 () {32 vars in 647 bytes} [Tue May 19 14:41:36 2026] GET /v2.0/subnets => generated 649 bytes in 24 msecs (HTTP/1.1 200) 4 headers in 157 bytes (1 switches on core 0)
2026-05-19 14:41:36.306 7 INFO neutron.db.segments_db [None req-372f52c4-f011-4784-9e0b-06399a4be8da d04535e85dd54314a57ff86e8237119a 1482fedf03584530b1e48149b82293e3 - - default default] Added segment 497c4eb0-eec3-4f21-b84e-5ca9815d4ea3 of type geneve for network 1408af84-4f00-47cc-8196-c6b941203e76 [pid: 8|app: 0|req: 1194/2385] 10.0.0.158 () {32 vars in 740 bytes} [Tue May 19 14:41:36 2026] DELETE /v2.0/security-groups/fa40f128-4f4b-481c-aa3d-08d6d3e3b5f0 => generated 0 bytes in 209 msecs (HTTP/1.1 204) 2 headers in 112 bytes (1 switches on core 0)
2026-05-19 14:41:36.452 7 INFO neutron.db.ovn_revision_numbers_db [None req-372f52c4-f011-4784-9e0b-06399a4be8da d04535e85dd54314a57ff86e8237119a 1482fedf03584530b1e48149b82293e3 - - default default] Successfully bumped revision number for resource 1408af84-4f00-47cc-8196-c6b941203e76 (type: networks) to 1
2026-05-19 14:41:36.549 8 INFO neutron_taas.services.taas.taas_plugin [None req-d71811b7-bc33-49d1-9431-5c75210115b9 674200fe3d8a44c7ba8c9dfe3c1fa187 7b5658f4cf79487e80b8976d9234f50a - - default default] TaaS: Handle Delete Port: 5fdde368-d11b-42b9-9cc2-5632447c8cbb
2026-05-19 14:41:36.553 8 INFO neutron_taas.services.taas.tap_mirror_plugin [None req-d71811b7-bc33-49d1-9431-5c75210115b9 674200fe3d8a44c7ba8c9dfe3c1fa187 7b5658f4cf79487e80b8976d9234f50a - - default default] Tap Mirror: Handle Delete Port: 5fdde368-d11b-42b9-9cc2-5632447c8cbb
2026-05-19 14:41:36.656 7 WARNING neutron.scheduler.dhcp_agent_scheduler [None req-372f52c4-f011-4784-9e0b-06399a4be8da d04535e85dd54314a57ff86e8237119a 1482fedf03584530b1e48149b82293e3 - - default default] No more DHCP agents
2026-05-19 14:41:36.658 7 WARNING neutron.api.rpc.agentnotifiers.dhcp_rpc_agent_api [None req-372f52c4-f011-4784-9e0b-06399a4be8da d04535e85dd54314a57ff86e8237119a 1482fedf03584530b1e48149b82293e3 - - default default] Unable to schedule network 1408af84-4f00-47cc-8196-c6b941203e76: no agents available; will retry on subsequent port and subnet creation events.
2026-05-19 14:41:36.696 8 INFO neutron.plugins.ml2.drivers.ovn.mech_driver.mech_driver [None req-7958eff5-d636-4eb5-92e5-ee4087faa45a - - - - - -] OVN reports status down for port: eec36f85-9b3e-4489-b144-c0b770613751
2026-05-19 14:41:36.738 7 INFO neutron.db.ovn_revision_numbers_db [None req-372f52c4-f011-4784-9e0b-06399a4be8da d04535e85dd54314a57ff86e8237119a 1482fedf03584530b1e48149b82293e3 - - default default] Successfully bumped revision number for resource eec36f85-9b3e-4489-b144-c0b770613751 (type: ports) to 1
2026-05-19 14:41:36.754 8 INFO neutron.services.segments.plugin [-] Segment a4f5df97-8798-4feb-a9e4-3617c42cbfa7 resource provider aggregate not found [pid: 7|app: 0|req: 1192/2386] 10.0.0.158 () {34 vars in 670 bytes} [Tue May 19 14:41:36 2026] POST /v2.0/networks => generated 669 bytes in 538 msecs (HTTP/1.1 201) 4 headers in 162 bytes (1 switches on core 0)
2026-05-19 14:41:36.763 8 INFO neutron.services.segments.plugin [-] Segment a4f5df97-8798-4feb-a9e4-3617c42cbfa7 resource provider aggregate not found
2026-05-19 14:41:36.780 8 INFO neutron.services.segments.plugin [-] Segment a4f5df97-8798-4feb-a9e4-3617c42cbfa7 resource provider not found; error: Placement Client Error (4xx): {"errors": [{"status": 404, "title": "Not Found", "detail": "The resource could not be found.\n\n No resource provider with uuid a4f5df97-8798-4feb-a9e4-3617c42cbfa7 found for delete ", "request_id": "req-8f86535b-a078-405b-98e0-90137fdb6437"}]}
2026-05-19 14:41:36.781 8 INFO neutron.services.segments.plugin [-] Segment a4f5df97-8798-4feb-a9e4-3617c42cbfa7 resource provider not found; error: Placement Client Error (4xx): {"errors": [{"status": 404, "title": "Not Found", "detail": "The resource could not be found.\n\n No resource provider with uuid a4f5df97-8798-4feb-a9e4-3617c42cbfa7 found for delete ", "request_id": "req-9a822f17-aaea-4678-bce5-b43d2f1a5536"}]} [pid: 8|app: 0|req: 1195/2387] 10.0.0.158 () {32 vars in 726 bytes} [Tue May 19 14:41:36 2026] DELETE /v2.0/networks/86ff0108-fa06-44f6-b37c-8bb6a5a03057 => generated 0 bytes in 415 msecs (HTTP/1.1 204) 3 headers in 131 bytes (1 switches on core 0)
2026-05-19 14:41:36.855 7 INFO neutron.db.segments_db [None req-ed33d716-3e8e-4b54-adcc-09e645a132cb d04535e85dd54314a57ff86e8237119a 1482fedf03584530b1e48149b82293e3 - - default default] Added segment a2566144-49f2-49ba-8fee-1afe75f48fd7 of type geneve for network 65a4adbb-9c93-4dae-bf94-6189ee677a84
2026-05-19 14:41:36.964 7 INFO neutron.db.ovn_revision_numbers_db [None req-ed33d716-3e8e-4b54-adcc-09e645a132cb d04535e85dd54314a57ff86e8237119a 1482fedf03584530b1e48149b82293e3 - - default default] Successfully bumped revision number for resource 65a4adbb-9c93-4dae-bf94-6189ee677a84 (type: networks) to 1
2026-05-19 14:41:36.970 8 INFO neutron_taas.services.taas.taas_plugin [None req-585103c8-15f8-4657-8760-0352363f6997 674200fe3d8a44c7ba8c9dfe3c1fa187 7b5658f4cf79487e80b8976d9234f50a - - default default] TaaS: Handle Delete Port: dbacf633-c29b-4111-bc73-a1fc93449692
2026-05-19 14:41:36.974 8 INFO neutron_taas.services.taas.tap_mirror_plugin [None req-585103c8-15f8-4657-8760-0352363f6997 674200fe3d8a44c7ba8c9dfe3c1fa187 7b5658f4cf79487e80b8976d9234f50a - - default default] Tap Mirror: Handle Delete Port: dbacf633-c29b-4111-bc73-a1fc93449692
2026-05-19 14:41:37.131 7 WARNING neutron.scheduler.dhcp_agent_scheduler [None req-ed33d716-3e8e-4b54-adcc-09e645a132cb d04535e85dd54314a57ff86e8237119a 1482fedf03584530b1e48149b82293e3 - - default default] No more DHCP agents
2026-05-19 14:41:37.132 7 WARNING neutron.api.rpc.agentnotifiers.dhcp_rpc_agent_api [None req-ed33d716-3e8e-4b54-adcc-09e645a132cb d04535e85dd54314a57ff86e8237119a 1482fedf03584530b1e48149b82293e3 - - default default] Unable to schedule network 65a4adbb-9c93-4dae-bf94-6189ee677a84: no agents available; will retry on subsequent port and subnet creation events.
2026-05-19 14:41:37.183 8 INFO neutron.plugins.ml2.drivers.ovn.mech_driver.mech_driver [None req-7958eff5-d636-4eb5-92e5-ee4087faa45a - - - - - -] OVN reports status down for port: f32e8b8b-671a-44a9-900e-2fd8dbab0659 [pid: 8|app: 0|req: 1196/2388] 10.0.0.158 () {32 vars in 726 bytes} [Tue May 19 14:41:36 2026] DELETE /v2.0/networks/3f8e5199-c887-4e1c-873f-28f3bc33bf79 => generated 0 bytes in 372 msecs (HTTP/1.1 204) 3 headers in 131 bytes (1 switches on core 0)
2026-05-19 14:41:37.220 7 INFO neutron.db.ovn_revision_numbers_db [None req-ed33d716-3e8e-4b54-adcc-09e645a132cb d04535e85dd54314a57ff86e8237119a 1482fedf03584530b1e48149b82293e3 - - default default] Successfully bumped revision number for resource f32e8b8b-671a-44a9-900e-2fd8dbab0659 (type: ports) to 1 [pid: 7|app: 0|req: 1193/2389] 10.0.0.158 () {34 vars in 670 bytes} [Tue May 19 14:41:36 2026] POST /v2.0/networks => generated 670 bytes in 480 msecs (HTTP/1.1 201) 4 headers in 162 bytes (1 switches on core 0)
2026-05-19 14:41:37.326 7 INFO neutron.db.segments_db [None req-66698dfb-4e1a-40bb-a80a-371169755a70 d04535e85dd54314a57ff86e8237119a 1482fedf03584530b1e48149b82293e3 - - default default] Added segment 72591fac-3812-4e04-9cd3-741728633b5e of type geneve for network d470a08c-def7-460b-aaa7-ff8ade2ed30d
2026-05-19 14:41:37.347 8 INFO neutron_taas.services.taas.taas_plugin [None req-a3bf8959-cfaf-42a1-a9d6-067907da8ecb 674200fe3d8a44c7ba8c9dfe3c1fa187 7b5658f4cf79487e80b8976d9234f50a - - default default] TaaS: Handle Delete Port: 7cfa9f11-f72b-454a-b8c3-9ee37a485782
2026-05-19 14:41:37.351 8 INFO neutron_taas.services.taas.tap_mirror_plugin [None req-a3bf8959-cfaf-42a1-a9d6-067907da8ecb 674200fe3d8a44c7ba8c9dfe3c1fa187 7b5658f4cf79487e80b8976d9234f50a - - default default] Tap Mirror: Handle Delete Port: 7cfa9f11-f72b-454a-b8c3-9ee37a485782
2026-05-19 14:41:37.430 7 INFO neutron.db.ovn_revision_numbers_db [None req-66698dfb-4e1a-40bb-a80a-371169755a70 d04535e85dd54314a57ff86e8237119a 1482fedf03584530b1e48149b82293e3 - - default default] Successfully bumped revision number for resource d470a08c-def7-460b-aaa7-ff8ade2ed30d (type: networks) to 1 [pid: 8|app: 0|req: 1197/2390] 10.0.0.158 () {32 vars in 726 bytes} [Tue May 19 14:41:37 2026] DELETE /v2.0/networks/d817c56d-4a1f-418a-bce2-8ad8b4338f9f => generated 0 bytes in 348 msecs (HTTP/1.1 204) 3 headers in 131 bytes (1 switches on core 0)
2026-05-19 14:41:37.606 7 WARNING neutron.scheduler.dhcp_agent_scheduler [None req-66698dfb-4e1a-40bb-a80a-371169755a70 d04535e85dd54314a57ff86e8237119a 1482fedf03584530b1e48149b82293e3 - - default default] No more DHCP agents
2026-05-19 14:41:37.607 7 WARNING neutron.api.rpc.agentnotifiers.dhcp_rpc_agent_api [None req-66698dfb-4e1a-40bb-a80a-371169755a70 d04535e85dd54314a57ff86e8237119a 1482fedf03584530b1e48149b82293e3 - - default default] Unable to schedule network d470a08c-def7-460b-aaa7-ff8ade2ed30d: no agents available; will retry on subsequent port and subnet creation events.
2026-05-19 14:41:37.661 8 INFO neutron.plugins.ml2.drivers.ovn.mech_driver.mech_driver [None req-7958eff5-d636-4eb5-92e5-ee4087faa45a - - - - - -] OVN reports status down for port: 8421dad8-5f2e-45d1-a956-aa3f0bcab85d
2026-05-19 14:41:37.693 7 INFO neutron.db.ovn_revision_numbers_db [None req-66698dfb-4e1a-40bb-a80a-371169755a70 d04535e85dd54314a57ff86e8237119a 1482fedf03584530b1e48149b82293e3 - - default default] Successfully bumped revision number for resource 8421dad8-5f2e-45d1-a956-aa3f0bcab85d (type: ports) to 1
2026-05-19 14:41:37.707 8 INFO neutron_taas.services.taas.taas_plugin [None req-1e2d6455-4450-4a2c-b5dc-2d87f618d7f2 674200fe3d8a44c7ba8c9dfe3c1fa187 7b5658f4cf79487e80b8976d9234f50a - - default default] TaaS: Handle Delete Port: 6bcb7d27-ad13-4919-8cab-8e81ac0f3c0a
2026-05-19 14:41:37.712 8 INFO neutron_taas.services.taas.tap_mirror_plugin [None req-1e2d6455-4450-4a2c-b5dc-2d87f618d7f2 674200fe3d8a44c7ba8c9dfe3c1fa187 7b5658f4cf79487e80b8976d9234f50a - - default default] Tap Mirror: Handle Delete Port: 6bcb7d27-ad13-4919-8cab-8e81ac0f3c0a [pid: 7|app: 0|req: 1194/2391] 10.0.0.158 () {34 vars in 670 bytes} [Tue May 19 14:41:37 2026] POST /v2.0/networks => generated 670 bytes in 473 msecs (HTTP/1.1 201) 4 headers in 162 bytes (1 switches on core 0) [pid: 7|app: 0|req: 1195/2392] 10.0.0.158 () {34 vars in 753 bytes} [Tue May 19 14:41:37 2026] PUT /v2.0/networks/474f0b1f-b422-43a6-909a-b787f1bc0d51/tags => generated 17 bytes in 57 msecs (HTTP/1.1 200) 4 headers in 156 bytes (1 switches on core 0) [pid: 7|app: 0|req: 1196/2393] 10.0.0.158 () {34 vars in 753 bytes} [Tue May 19 14:41:37 2026] PUT /v2.0/networks/2c15f1e5-4760-4e60-b817-70d3e2dc7573/tags => generated 25 bytes in 63 msecs (HTTP/1.1 200) 4 headers in 156 bytes (1 switches on core 0) [pid: 7|app: 0|req: 1197/2394] 10.0.0.158 () {34 vars in 753 bytes} [Tue May 19 14:41:37 2026] PUT /v2.0/networks/1408af84-4f00-47cc-8196-c6b941203e76/tags => generated 34 bytes in 59 msecs (HTTP/1.1 200) 4 headers in 156 bytes (1 switches on core 0) [pid: 8|app: 0|req: 1198/2395] 10.0.0.158 () {32 vars in 726 bytes} [Tue May 19 14:41:37 2026] DELETE /v2.0/networks/63aee2ff-5a8c-4b4b-aa26-7d008ae04993 => generated 0 bytes in 350 msecs (HTTP/1.1 204) 3 headers in 131 bytes (1 switches on core 0) [pid: 7|app: 0|req: 1198/2396] 10.0.0.158 () {34 vars in 753 bytes} [Tue May 19 14:41:37 2026] PUT /v2.0/networks/65a4adbb-9c93-4dae-bf94-6189ee677a84/tags => generated 19 bytes in 50 msecs (HTTP/1.1 200) 4 headers in 156 bytes (1 switches on core 0) [pid: 8|app: 0|req: 1199/2397] 10.0.0.158 () {32 vars in 666 bytes} [Tue May 19 14:41:37 2026] GET /v2.0/networks?tags=red => generated 1988 bytes in 54 msecs (HTTP/1.1 200) 4 headers in 158 bytes (1 switches on core 0) [pid: 7|app: 0|req: 1199/2398] 10.0.0.158 () {32 vars in 680 bytes} [Tue May 19 14:41:38 2026] GET /v2.0/networks?tags=red%2Cblue => generated 1337 bytes in 54 msecs (HTTP/1.1 200) 4 headers in 158 bytes (1 switches on core 0) [pid: 8|app: 0|req: 1200/2399] 10.0.0.158 () {32 vars in 676 bytes} [Tue May 19 14:41:38 2026] GET /v2.0/networks?tags-any=blue => generated 1337 bytes in 48 msecs (HTTP/1.1 200) 4 headers in 158 bytes (1 switches on core 0) [pid: 7|app: 0|req: 1200/2400] 10.0.0.158 () {32 vars in 688 bytes} [Tue May 19 14:41:38 2026] GET /v2.0/networks?tags-any=red%2Cblue => generated 1988 bytes in 47 msecs (HTTP/1.1 200) 4 headers in 158 bytes (1 switches on core 0) [pid: 8|app: 0|req: 1201/2401] 10.0.0.158 () {32 vars in 674 bytes} [Tue May 19 14:41:38 2026] GET /v2.0/networks?not-tags=red => generated 1988 bytes in 60 msecs (HTTP/1.1 200) 4 headers in 158 bytes (1 switches on core 0) [pid: 7|app: 0|req: 1201/2402] 10.0.0.158 () {32 vars in 688 bytes} [Tue May 19 14:41:38 2026] GET /v2.0/networks?not-tags=red%2Cblue => generated 2639 bytes in 64 msecs (HTTP/1.1 200) 4 headers in 158 bytes (1 switches on core 0) [pid: 8|app: 0|req: 1202/2403] 10.0.0.158 () {32 vars in 684 bytes} [Tue May 19 14:41:38 2026] GET /v2.0/networks?not-tags-any=blue => generated 2639 bytes in 71 msecs (HTTP/1.1 200) 4 headers in 158 bytes (1 switches on core 0) [pid: 8|app: 0|req: 1203/2404] 10.0.0.158 () {32 vars in 696 bytes} [Tue May 19 14:41:38 2026] GET /v2.0/networks?not-tags-any=red%2Cblue => generated 1988 bytes in 42 msecs (HTTP/1.1 200) 4 headers in 158 bytes (1 switches on core 0)
2026-05-19 14:41:38.541 7 WARNING neutron.db.securitygroups_db [None req-445e5b71-33b6-45e2-b839-29d9e65fb27f a55453d06519499b8ae7b3577c1f96ac 8a8322b9407d49da9779354d5d8d2533 - - default default] project_id key not found in filters, using tenant_id instead. This support has been deprecated and will be removed in a future release. [pid: 7|app: 0|req: 1202/2405] 10.0.0.158 () {32 vars in 774 bytes} [Tue May 19 14:41:38 2026] GET /v2.0/security-groups?tenant_id=7b5658f4cf79487e80b8976d9234f50a&name=default => generated 2925 bytes in 170 msecs (HTTP/1.1 200) 4 headers in 158 bytes (1 switches on core 0)
2026-05-19 14:41:38.578 8 INFO neutron_taas.services.taas.taas_plugin [None req-2cde0476-26b9-4008-b212-6518768a9129 d04535e85dd54314a57ff86e8237119a 1482fedf03584530b1e48149b82293e3 - - default default] TaaS: Handle Delete Port: 73347bd6-068a-44ab-a71a-2b06d01070f8
2026-05-19 14:41:38.582 8 INFO neutron_taas.services.taas.tap_mirror_plugin [None req-2cde0476-26b9-4008-b212-6518768a9129 d04535e85dd54314a57ff86e8237119a 1482fedf03584530b1e48149b82293e3 - - default default] Tap Mirror: Handle Delete Port: 73347bd6-068a-44ab-a71a-2b06d01070f8 [pid: 7|app: 0|req: 1203/2406] 10.0.0.158 () {32 vars in 740 bytes} [Tue May 19 14:41:38 2026] DELETE /v2.0/security-groups/baa835b6-7c3e-489d-9464-f2c7f49f80f7 => generated 0 bytes in 167 msecs (HTTP/1.1 204) 2 headers in 112 bytes (1 switches on core 0)
2026-05-19 14:41:39.289 8 INFO neutron.services.segments.plugin [-] Segment c045335b-2ee9-4a70-af21-ddc1747d111a resource provider aggregate not found
2026-05-19 14:41:39.292 8 INFO neutron.services.segments.plugin [-] Segment c045335b-2ee9-4a70-af21-ddc1747d111a resource provider aggregate not found
2026-05-19 14:41:39.308 8 INFO neutron.services.segments.plugin [-] Segment c045335b-2ee9-4a70-af21-ddc1747d111a resource provider not found; error: Placement Client Error (4xx): {"errors": [{"status": 404, "title": "Not Found", "detail": "The resource could not be found.\n\n No resource provider with uuid c045335b-2ee9-4a70-af21-ddc1747d111a found for delete ", "request_id": "req-96a5b51b-8d12-4a1c-aa23-1d9a59f3d730"}]}
2026-05-19 14:41:39.313 8 INFO neutron.services.segments.plugin [-] Segment c045335b-2ee9-4a70-af21-ddc1747d111a resource provider not found; error: Placement Client Error (4xx): {"errors": [{"status": 404, "title": "Not Found", "detail": "The resource could not be found.\n\n No resource provider with uuid c045335b-2ee9-4a70-af21-ddc1747d111a found for delete ", "request_id": "req-64843e34-3b80-4bdd-a374-89b6a5b15d4d"}]}
2026-05-19 14:41:39.329 8 INFO neutron.services.segments.plugin [-] Segment c2c5cc03-4d68-4659-9ca9-82629d825094 resource provider aggregate not found
2026-05-19 14:41:39.336 8 INFO neutron.services.segments.plugin [-] Segment c2c5cc03-4d68-4659-9ca9-82629d825094 resource provider aggregate not found [pid: 8|app: 0|req: 1204/2407] 10.0.0.158 () {32 vars in 726 bytes} [Tue May 19 14:41:38 2026] DELETE /v2.0/networks/474f0b1f-b422-43a6-909a-b787f1bc0d51 => generated 0 bytes in 893 msecs (HTTP/1.1 204) 3 headers in 131 bytes (1 switches on core 0)
2026-05-19 14:41:39.354 8 INFO neutron.services.segments.plugin [-] Segment c2c5cc03-4d68-4659-9ca9-82629d825094 resource provider not found; error: Placement Client Error (4xx): {"errors": [{"status": 404, "title": "Not Found", "detail": "The resource could not be found.\n\n No resource provider with uuid c2c5cc03-4d68-4659-9ca9-82629d825094 found for delete ", "request_id": "req-bca6af42-a4dc-4ad2-80fa-29dccf7ee31c"}]}
2026-05-19 14:41:39.357 8 INFO neutron.services.segments.plugin [-] Segment c2c5cc03-4d68-4659-9ca9-82629d825094 resource provider not found; error: Placement Client Error (4xx): {"errors": [{"status": 404, "title": "Not Found", "detail": "The resource could not be found.\n\n No resource provider with uuid c2c5cc03-4d68-4659-9ca9-82629d825094 found for delete ", "request_id": "req-f056e432-5d31-4aac-a4e0-8f6dea2b7ec3"}]}
2026-05-19 14:41:39.376 8 INFO neutron.services.segments.plugin [-] Segment 94a240eb-526c-4d5e-98c7-26acce37b19a resource provider aggregate not found
2026-05-19 14:41:39.381 8 INFO neutron.services.segments.plugin [-] Segment 94a240eb-526c-4d5e-98c7-26acce37b19a resource provider aggregate not found
2026-05-19 14:41:39.393 8 INFO neutron.services.segments.plugin [-] Segment 94a240eb-526c-4d5e-98c7-26acce37b19a resource provider not found; error: Placement Client Error (4xx): {"errors": [{"status": 404, "title": "Not Found", "detail": "The resource could not be found.\n\n No resource provider with uuid 94a240eb-526c-4d5e-98c7-26acce37b19a found for delete ", "request_id": "req-83fbeb31-6658-444f-b35c-a389222ec9e8"}]}
2026-05-19 14:41:39.400 8 INFO neutron.services.segments.plugin [-] Segment 94a240eb-526c-4d5e-98c7-26acce37b19a resource provider not found; error: Placement Client Error (4xx): {"errors": [{"status": 404, "title": "Not Found", "detail": "The resource could not be found.\n\n No resource provider with uuid 94a240eb-526c-4d5e-98c7-26acce37b19a found for delete ", "request_id": "req-f35f1da9-de1d-4d20-97b8-513e2ec08755"}]}
2026-05-19 14:41:39.407 8 INFO neutron.services.segments.plugin [-] Segment fd413039-b546-428d-9c4f-e7e14c82982b resource provider aggregate not found
2026-05-19 14:41:39.418 8 INFO neutron.services.segments.plugin [-] Segment fd413039-b546-428d-9c4f-e7e14c82982b resource provider aggregate not found
2026-05-19 14:41:39.419 8 INFO neutron.services.segments.plugin [-] Segment fd413039-b546-428d-9c4f-e7e14c82982b resource provider not found; error: Placement Client Error (4xx): {"errors": [{"status": 404, "title": "Not Found", "detail": "The resource could not be found.\n\n No resource provider with uuid fd413039-b546-428d-9c4f-e7e14c82982b found for delete ", "request_id": "req-72f72e47-0442-4bed-ab50-0376f15ddf3d"}]}
2026-05-19 14:41:39.435 8 INFO neutron.services.segments.plugin [-] Segment fd413039-b546-428d-9c4f-e7e14c82982b resource provider not found; error: Placement Client Error (4xx): {"errors": [{"status": 404, "title": "Not Found", "detail": "The resource could not be found.\n\n No resource provider with uuid fd413039-b546-428d-9c4f-e7e14c82982b found for delete ", "request_id": "req-f8883ebe-c869-453b-a975-8e08bd013e9f"}]}
2026-05-19 14:41:39.473 7 INFO neutron_taas.services.taas.taas_plugin [None req-31710d25-93d9-46aa-9b56-585ae2458b6a d04535e85dd54314a57ff86e8237119a 1482fedf03584530b1e48149b82293e3 - - default default] TaaS: Handle Delete Port: 58a11522-b7a4-43a3-8574-e1dcf2deae8c
2026-05-19 14:41:39.476 7 INFO neutron_taas.services.taas.tap_mirror_plugin [None req-31710d25-93d9-46aa-9b56-585ae2458b6a d04535e85dd54314a57ff86e8237119a 1482fedf03584530b1e48149b82293e3 - - default default] Tap Mirror: Handle Delete Port: 58a11522-b7a4-43a3-8574-e1dcf2deae8c
2026-05-19 14:41:39.653 7 INFO neutron.services.segments.plugin [-] Segment d0d90e1e-4723-47d5-9ddb-1529bad9285e resource provider aggregate not found
2026-05-19 14:41:39.656 7 INFO neutron.services.segments.plugin [-] Segment d0d90e1e-4723-47d5-9ddb-1529bad9285e resource provider aggregate not found
2026-05-19 14:41:39.676 7 INFO neutron.services.segments.plugin [-] Segment d0d90e1e-4723-47d5-9ddb-1529bad9285e resource provider not found; error: Placement Client Error (4xx): {"errors": [{"status": 404, "title": "Not Found", "detail": "The resource could not be found.\n\n No resource provider with uuid d0d90e1e-4723-47d5-9ddb-1529bad9285e found for delete ", "request_id": "req-c47ea8a9-cacc-4455-8659-b7cc64ef9d4a"}]}
2026-05-19 14:41:39.679 7 INFO neutron.services.segments.plugin [-] Segment d0d90e1e-4723-47d5-9ddb-1529bad9285e resource provider not found; error: Placement Client Error (4xx): {"errors": [{"status": 404, "title": "Not Found", "detail": "The resource could not be found.\n\n No resource provider with uuid d0d90e1e-4723-47d5-9ddb-1529bad9285e found for delete ", "request_id": "req-8397cc0e-8428-4ac9-aa7e-bf0208524293"}]} [pid: 7|app: 0|req: 1204/2408] 10.0.0.158 () {32 vars in 726 bytes} [Tue May 19 14:41:39 2026] DELETE /v2.0/networks/2c15f1e5-4760-4e60-b817-70d3e2dc7573 => generated 0 bytes in 348 msecs (HTTP/1.1 204) 3 headers in 131 bytes (1 switches on core 0)
2026-05-19 14:41:39.828 8 INFO neutron_taas.services.taas.taas_plugin [None req-c9d5bf2f-6474-4fed-b236-ade9f1f15b23 d04535e85dd54314a57ff86e8237119a 1482fedf03584530b1e48149b82293e3 - - default default] TaaS: Handle Delete Port: eec36f85-9b3e-4489-b144-c0b770613751
2026-05-19 14:41:39.830 8 INFO neutron_taas.services.taas.tap_mirror_plugin [None req-c9d5bf2f-6474-4fed-b236-ade9f1f15b23 d04535e85dd54314a57ff86e8237119a 1482fedf03584530b1e48149b82293e3 - - default default] Tap Mirror: Handle Delete Port: eec36f85-9b3e-4489-b144-c0b770613751 [pid: 8|app: 0|req: 1205/2409] 10.0.0.158 () {32 vars in 726 bytes} [Tue May 19 14:41:39 2026] DELETE /v2.0/networks/1408af84-4f00-47cc-8196-c6b941203e76 => generated 0 bytes in 316 msecs (HTTP/1.1 204) 3 headers in 131 bytes (1 switches on core 0)
2026-05-19 14:41:40.141 7 INFO neutron_taas.services.taas.taas_plugin [None req-7e81816e-93c0-4249-9fd8-67f227be400c d04535e85dd54314a57ff86e8237119a 1482fedf03584530b1e48149b82293e3 - - default default] TaaS: Handle Delete Port: f32e8b8b-671a-44a9-900e-2fd8dbab0659
2026-05-19 14:41:40.146 7 INFO neutron_taas.services.taas.tap_mirror_plugin [None req-7e81816e-93c0-4249-9fd8-67f227be400c d04535e85dd54314a57ff86e8237119a 1482fedf03584530b1e48149b82293e3 - - default default] Tap Mirror: Handle Delete Port: f32e8b8b-671a-44a9-900e-2fd8dbab0659 [pid: 7|app: 0|req: 1205/2410] 10.0.0.158 () {32 vars in 726 bytes} [Tue May 19 14:41:40 2026] DELETE /v2.0/networks/65a4adbb-9c93-4dae-bf94-6189ee677a84 => generated 0 bytes in 320 msecs (HTTP/1.1 204) 3 headers in 131 bytes (1 switches on core 0)
2026-05-19 14:41:40.487 8 INFO neutron_taas.services.taas.taas_plugin [None req-d6556107-7322-408b-ae61-84bfcf441586 d04535e85dd54314a57ff86e8237119a 1482fedf03584530b1e48149b82293e3 - - default default] TaaS: Handle Delete Port: 8421dad8-5f2e-45d1-a956-aa3f0bcab85d
2026-05-19 14:41:40.490 8 INFO neutron_taas.services.taas.tap_mirror_plugin [None req-d6556107-7322-408b-ae61-84bfcf441586 d04535e85dd54314a57ff86e8237119a 1482fedf03584530b1e48149b82293e3 - - default default] Tap Mirror: Handle Delete Port: 8421dad8-5f2e-45d1-a956-aa3f0bcab85d [pid: 8|app: 0|req: 1206/2411] 10.0.0.158 () {32 vars in 726 bytes} [Tue May 19 14:41:40 2026] DELETE /v2.0/networks/d470a08c-def7-460b-aaa7-ff8ade2ed30d => generated 0 bytes in 314 msecs (HTTP/1.1 204) 3 headers in 131 bytes (1 switches on core 0) [pid: 7|app: 0|req: 1206/2412] 10.0.0.158 () {34 vars in 678 bytes} [Tue May 19 14:41:40 2026] POST /v2.0/qos/policies => generated 359 bytes in 223 msecs (HTTP/1.1 201) 4 headers in 162 bytes (1 switches on core 0) [pid: 7|app: 0|req: 1207/2413] 10.0.0.158 () {34 vars in 678 bytes} [Tue May 19 14:41:40 2026] POST /v2.0/qos/policies => generated 359 bytes in 37 msecs (HTTP/1.1 201) 4 headers in 162 bytes (1 switches on core 0) [pid: 7|app: 0|req: 1208/2414] 10.0.0.158 () {34 vars in 678 bytes} [Tue May 19 14:41:40 2026] POST /v2.0/qos/policies => generated 359 bytes in 41 msecs (HTTP/1.1 201) 4 headers in 162 bytes (1 switches on core 0) [pid: 7|app: 0|req: 1209/2415] 10.0.0.158 () {34 vars in 678 bytes} [Tue May 19 14:41:40 2026] POST /v2.0/qos/policies => generated 359 bytes in 49 msecs (HTTP/1.1 201) 4 headers in 162 bytes (1 switches on core 0)
2026-05-19 14:41:40.907 8 INFO neutron.db.ovn_revision_numbers_db [None req-a98e4c29-61aa-4579-928c-b9f6e3ade2f7 c776e18067d6476cac2c72620f40fc89 619a98d56fc94dcd95658df949c6b9d9 - - default default] Successfully bumped revision number for resource 835be00a-b6ff-4e3e-9c10-08de31c9b721 (type: security_groups) to 1
2026-05-19 14:41:40.922 8 INFO neutron.db.ovn_revision_numbers_db [None req-a98e4c29-61aa-4579-928c-b9f6e3ade2f7 c776e18067d6476cac2c72620f40fc89 619a98d56fc94dcd95658df949c6b9d9 - - default default] Successfully bumped revision number for resource 035d7afa-90c7-4f63-a8f5-1e7d80cf7755 (type: security_group_rules) to 0
2026-05-19 14:41:40.933 8 INFO neutron.db.ovn_revision_numbers_db [None req-a98e4c29-61aa-4579-928c-b9f6e3ade2f7 c776e18067d6476cac2c72620f40fc89 619a98d56fc94dcd95658df949c6b9d9 - - default default] Successfully bumped revision number for resource 17096c1b-21ec-4f31-b430-ba808b574004 (type: security_group_rules) to 0 [pid: 7|app: 0|req: 1210/2416] 10.0.0.158 () {34 vars in 678 bytes} [Tue May 19 14:41:40 2026] POST /v2.0/qos/policies => generated 359 bytes in 39 msecs (HTTP/1.1 201) 4 headers in 162 bytes (1 switches on core 0)
2026-05-19 14:41:40.944 8 INFO neutron.db.ovn_revision_numbers_db [None req-a98e4c29-61aa-4579-928c-b9f6e3ade2f7 c776e18067d6476cac2c72620f40fc89 619a98d56fc94dcd95658df949c6b9d9 - - default default] Successfully bumped revision number for resource 51ebcf7a-daa1-4308-a008-0c59f3a65522 (type: security_group_rules) to 0
2026-05-19 14:41:40.956 8 INFO neutron.db.ovn_revision_numbers_db [None req-a98e4c29-61aa-4579-928c-b9f6e3ade2f7 c776e18067d6476cac2c72620f40fc89 619a98d56fc94dcd95658df949c6b9d9 - - default default] Successfully bumped revision number for resource 7d634e9e-dad4-4f8d-a47e-65b4726b9db1 (type: security_group_rules) to 0
2026-05-19 14:41:40.966 7 WARNING tagging [None req-d21976e8-dd39-4bec-827a-ab6159d149ab e59f64a7d8e340ebbaf6cfc729481247 609c5fc97ba841a1a8349f391245b363 - - default default] project_id key not found in request, using tenant_id instead. This support has been deprecated and will be removed in a future release. [pid: 7|app: 0|req: 1211/2417] 10.0.0.158 () {34 vars in 753 bytes} [Tue May 19 14:41:40 2026] PUT /v2.0/policies/963bb829-99d4-48aa-90aa-0f2eeeba11ec/tags => generated 17 bytes in 43 msecs (HTTP/1.1 200) 4 headers in 156 bytes (1 switches on core 0)
2026-05-19 14:41:41.012 7 WARNING tagging [None req-cf0d1ee4-5b54-4954-abca-437e2c225f0f e59f64a7d8e340ebbaf6cfc729481247 609c5fc97ba841a1a8349f391245b363 - - default default] project_id key not found in request, using tenant_id instead. This support has been deprecated and will be removed in a future release.
2026-05-19 14:41:41.034 8 INFO neutron.db.segments_db [None req-a98e4c29-61aa-4579-928c-b9f6e3ade2f7 c776e18067d6476cac2c72620f40fc89 619a98d56fc94dcd95658df949c6b9d9 - - default default] Added segment 096cf424-f0ee-4ea4-ba73-f3a322983cf0 of type geneve for network bc4b4fb1-ae2f-4070-83c5-274b7ce57e2c [pid: 7|app: 0|req: 1212/2418] 10.0.0.158 () {34 vars in 753 bytes} [Tue May 19 14:41:40 2026] PUT /v2.0/policies/0f15b02c-87c1-4f2a-8ef9-53924dc752fc/tags => generated 25 bytes in 46 msecs (HTTP/1.1 200) 4 headers in 156 bytes (1 switches on core 0)
2026-05-19 14:41:41.061 7 WARNING tagging [None req-d3ba1cf5-dcd4-41d6-bdfb-7ad332764a88 e59f64a7d8e340ebbaf6cfc729481247 609c5fc97ba841a1a8349f391245b363 - - default default] project_id key not found in request, using tenant_id instead. This support has been deprecated and will be removed in a future release. [pid: 7|app: 0|req: 1213/2419] 10.0.0.158 () {34 vars in 753 bytes} [Tue May 19 14:41:41 2026] PUT /v2.0/policies/86f5186b-f6e0-42f7-ac1b-a7bd1c332cd4/tags => generated 34 bytes in 42 msecs (HTTP/1.1 200) 4 headers in 156 bytes (1 switches on core 0)
2026-05-19 14:41:41.112 7 WARNING tagging [None req-8c5f7d60-674d-4136-a1cd-b55f7fdc8379 e59f64a7d8e340ebbaf6cfc729481247 609c5fc97ba841a1a8349f391245b363 - - default default] project_id key not found in request, using tenant_id instead. This support has been deprecated and will be removed in a future release.
2026-05-19 14:41:41.135 8 INFO neutron.db.ovn_revision_numbers_db [None req-a98e4c29-61aa-4579-928c-b9f6e3ade2f7 c776e18067d6476cac2c72620f40fc89 619a98d56fc94dcd95658df949c6b9d9 - - default default] Successfully bumped revision number for resource bc4b4fb1-ae2f-4070-83c5-274b7ce57e2c (type: networks) to 1 [pid: 7|app: 0|req: 1214/2420] 10.0.0.158 () {34 vars in 753 bytes} [Tue May 19 14:41:41 2026] PUT /v2.0/policies/035705ca-9676-4053-8151-f9c6877077ac/tags => generated 19 bytes in 50 msecs (HTTP/1.1 200) 4 headers in 156 bytes (1 switches on core 0)
2026-05-19 14:41:41.292 8 WARNING neutron.scheduler.dhcp_agent_scheduler [None req-a98e4c29-61aa-4579-928c-b9f6e3ade2f7 c776e18067d6476cac2c72620f40fc89 619a98d56fc94dcd95658df949c6b9d9 - - default default] No more DHCP agents
2026-05-19 14:41:41.294 8 WARNING neutron.api.rpc.agentnotifiers.dhcp_rpc_agent_api [None req-a98e4c29-61aa-4579-928c-b9f6e3ade2f7 c776e18067d6476cac2c72620f40fc89 619a98d56fc94dcd95658df949c6b9d9 - - default default] Unable to schedule network bc4b4fb1-ae2f-4070-83c5-274b7ce57e2c: no agents available; will retry on subsequent port and subnet creation events.
2026-05-19 14:41:41.329 8 INFO neutron.plugins.ml2.drivers.ovn.mech_driver.mech_driver [None req-7958eff5-d636-4eb5-92e5-ee4087faa45a - - - - - -] OVN reports status down for port: d44393d5-d6ae-4225-a027-63710786321c
2026-05-19 14:41:41.380 8 INFO neutron.db.ovn_revision_numbers_db [None req-a98e4c29-61aa-4579-928c-b9f6e3ade2f7 c776e18067d6476cac2c72620f40fc89 619a98d56fc94dcd95658df949c6b9d9 - - default default] Successfully bumped revision number for resource d44393d5-d6ae-4225-a027-63710786321c (type: ports) to 1 [pid: 8|app: 0|req: 1207/2421] 10.0.0.158 () {34 vars in 670 bytes} [Tue May 19 14:41:40 2026] POST /v2.0/networks => generated 682 bytes in 747 msecs (HTTP/1.1 201) 4 headers in 162 bytes (1 switches on core 0)
2026-05-19 14:41:41.440 8 INFO neutron.services.segments.plugin [-] Segment 497c4eb0-eec3-4f21-b84e-5ca9815d4ea3 resource provider aggregate not found
2026-05-19 14:41:41.453 8 INFO neutron.services.segments.plugin [-] Segment 497c4eb0-eec3-4f21-b84e-5ca9815d4ea3 resource provider not found; error: Placement Client Error (4xx): {"errors": [{"status": 404, "title": "Not Found", "detail": "The resource could not be found.\n\n No resource provider with uuid 497c4eb0-eec3-4f21-b84e-5ca9815d4ea3 found for delete ", "request_id": "req-1a3141bf-07b8-42ae-9a44-65cad6117bb4"}]}
2026-05-19 14:41:41.456 8 INFO neutron.services.segments.plugin [-] Segment 497c4eb0-eec3-4f21-b84e-5ca9815d4ea3 resource provider aggregate not found
