2026-05-19 14:38:54.400 7 INFO neutron_taas.services.taas.tap_mirror_plugin [None req-c2f1de7c-cb1f-451e-907b-aa29c1b02c55 452d1b52e29a42338eca446d40d2760d af8def32b55e44ee86eee03f62a9df63 - - default default] Tap Mirror: Handle Delete Port: b3276da5-e0bc-45df-bee3-c0cd1a28e189
2026-05-19 14:38:54.449 8 INFO neutron.db.ovn_revision_numbers_db [None req-f6a6384c-b75b-4b72-89e6-c34e25fff35a a55453d06519499b8ae7b3577c1f96ac 8a8322b9407d49da9779354d5d8d2533 - - default default] Successfully bumped revision number for resource 2ec180ea-198a-4e27-b43d-7e29c89dec84 (type: ports) to 1 [pid: 7|app: 0|req: 600/1219] 10.0.0.158 () {32 vars in 726 bytes} [Tue May 19 14:38:54 2026] DELETE /v2.0/networks/aeacea4a-5164-4109-8f3d-c1f4d444ad49 => generated 0 bytes in 340 msecs (HTTP/1.1 204) 3 headers in 131 bytes (1 switches on core 0)
2026-05-19 14:38:54.841 7 INFO neutron.db.ovn_revision_numbers_db [None req-84ee813c-d313-49f8-af87-5e8cd5799c8a daa476eadd2c4e2f87ced5f46eb0dcc4 fa61b20eb17f4e96a00e44f8f4348979 - - default default] Successfully bumped revision number for resource 319c0b29-1106-4bd7-928f-f3866dc174db (type: security_groups) to 1
2026-05-19 14:38:54.855 7 INFO neutron.db.ovn_revision_numbers_db [None req-84ee813c-d313-49f8-af87-5e8cd5799c8a daa476eadd2c4e2f87ced5f46eb0dcc4 fa61b20eb17f4e96a00e44f8f4348979 - - default default] Successfully bumped revision number for resource 18b4c7c5-58a2-452a-8b4c-634816c70b96 (type: security_group_rules) to 0
2026-05-19 14:38:54.872 7 INFO neutron.db.ovn_revision_numbers_db [None req-84ee813c-d313-49f8-af87-5e8cd5799c8a daa476eadd2c4e2f87ced5f46eb0dcc4 fa61b20eb17f4e96a00e44f8f4348979 - - default default] Successfully bumped revision number for resource 241c249b-59f4-4b35-af92-541d13461dea (type: security_group_rules) to 0
2026-05-19 14:38:54.883 7 INFO neutron.db.ovn_revision_numbers_db [None req-84ee813c-d313-49f8-af87-5e8cd5799c8a daa476eadd2c4e2f87ced5f46eb0dcc4 fa61b20eb17f4e96a00e44f8f4348979 - - default default] Successfully bumped revision number for resource 37315259-a93c-4313-afa7-08d5cdff369a (type: security_group_rules) to 0
2026-05-19 14:38:54.894 7 INFO neutron.db.ovn_revision_numbers_db [None req-84ee813c-d313-49f8-af87-5e8cd5799c8a daa476eadd2c4e2f87ced5f46eb0dcc4 fa61b20eb17f4e96a00e44f8f4348979 - - default default] Successfully bumped revision number for resource 635cacff-02d9-4e3a-9513-7440df7bd4bb (type: security_group_rules) to 0
2026-05-19 14:38:54.962 7 INFO neutron.db.segments_db [None req-84ee813c-d313-49f8-af87-5e8cd5799c8a daa476eadd2c4e2f87ced5f46eb0dcc4 fa61b20eb17f4e96a00e44f8f4348979 - - default default] Added segment e1835dec-f39d-4be3-9761-d564e0a491d0 of type geneve for network b126a795-4670-4859-9d0a-56d909830ff7
2026-05-19 14:38:55.090 7 INFO neutron.db.ovn_revision_numbers_db [None req-84ee813c-d313-49f8-af87-5e8cd5799c8a daa476eadd2c4e2f87ced5f46eb0dcc4 fa61b20eb17f4e96a00e44f8f4348979 - - default default] Successfully bumped revision number for resource b126a795-4670-4859-9d0a-56d909830ff7 (type: networks) to 1
2026-05-19 14:38:55.116 8 INFO neutron.plugins.ml2.drivers.ovn.mech_driver.ovsdb.ovsdb_monitor [None req-566bbfbf-663c-4c84-ba59-e291d2e368c5 - - - - - -] Router f3966ddf-7012-4847-aee8-46d41796beb0 is bound to host instance
2026-05-19 14:38:55.136 8 INFO neutron.plugins.ml2.drivers.ovn.mech_driver.mech_driver [None req-48565b94-cdac-4c8a-a844-60553c2f0e88 - - - - - -] OVN reports status up for port: 2ec180ea-198a-4e27-b43d-7e29c89dec84
2026-05-19 14:38:55.166 8 INFO neutron.plugins.ml2.plugin [None req-48565b94-cdac-4c8a-a844-60553c2f0e88 - - - - - -] Attempt 1 to provision port 2ec180ea-198a-4e27-b43d-7e29c89dec84
2026-05-19 14:38:55.211 8 INFO neutron.db.ovn_revision_numbers_db [None req-f6a6384c-b75b-4b72-89e6-c34e25fff35a a55453d06519499b8ae7b3577c1f96ac 8a8322b9407d49da9779354d5d8d2533 - - default default] Successfully bumped revision number for resource 2ec180ea-198a-4e27-b43d-7e29c89dec84 (type: router_ports) to 1
2026-05-19 14:38:55.243 7 WARNING neutron.scheduler.dhcp_agent_scheduler [None req-84ee813c-d313-49f8-af87-5e8cd5799c8a daa476eadd2c4e2f87ced5f46eb0dcc4 fa61b20eb17f4e96a00e44f8f4348979 - - default default] No more DHCP agents
2026-05-19 14:38:55.245 7 WARNING neutron.api.rpc.agentnotifiers.dhcp_rpc_agent_api [None req-84ee813c-d313-49f8-af87-5e8cd5799c8a daa476eadd2c4e2f87ced5f46eb0dcc4 fa61b20eb17f4e96a00e44f8f4348979 - - default default] Unable to schedule network b126a795-4670-4859-9d0a-56d909830ff7: no agents available; will retry on subsequent port and subnet creation events.
2026-05-19 14:38:55.321 7 INFO neutron.db.ovn_revision_numbers_db [None req-84ee813c-d313-49f8-af87-5e8cd5799c8a daa476eadd2c4e2f87ced5f46eb0dcc4 fa61b20eb17f4e96a00e44f8f4348979 - - default default] Successfully bumped revision number for resource 8a9d08b4-8c00-48e1-b041-71fcb14245da (type: ports) to 1 [pid: 7|app: 0|req: 601/1220] 10.0.0.158 () {34 vars in 670 bytes} [Tue May 19 14:38:54 2026] POST /v2.0/networks => generated 686 bytes in 739 msecs (HTTP/1.1 201) 4 headers in 162 bytes (1 switches on core 0)
2026-05-19 14:38:55.460 8 INFO neutron.db.ovn_revision_numbers_db [None req-f6a6384c-b75b-4b72-89e6-c34e25fff35a a55453d06519499b8ae7b3577c1f96ac 8a8322b9407d49da9779354d5d8d2533 - - default default] Successfully bumped revision number for resource f3966ddf-7012-4847-aee8-46d41796beb0 (type: routers) to 2 [pid: 8|app: 0|req: 620/1221] 10.0.0.158 () {34 vars in 669 bytes} [Tue May 19 14:38:53 2026] POST /v2.0/routers => generated 990 bytes in 2219 msecs (HTTP/1.1 201) 4 headers in 162 bytes (1 switches on core 0)
2026-05-19 14:38:55.517 7 WARNING neutron.scheduler.dhcp_agent_scheduler [None req-3e9065ff-1a23-4f0b-9fc5-75762b689e8c 51f7fcf1b8d04e5f8ea9cfb8e4e16ebd c8bc2249d85149288c3e6ee732ee364f - - default default] No more DHCP agents
2026-05-19 14:38:55.519 7 WARNING neutron.api.rpc.agentnotifiers.dhcp_rpc_agent_api [None req-3e9065ff-1a23-4f0b-9fc5-75762b689e8c 51f7fcf1b8d04e5f8ea9cfb8e4e16ebd c8bc2249d85149288c3e6ee732ee364f - - default default] Unable to schedule network 8f610be8-0f56-49b6-992f-f240980a44ac: no agents available; will retry on subsequent port and subnet creation events.
2026-05-19 14:38:55.718 8 INFO neutron_taas.services.taas.taas_plugin [None req-45abfbd0-5c41-4f4e-b91e-a3ee949e17fe 452d1b52e29a42338eca446d40d2760d af8def32b55e44ee86eee03f62a9df63 - - default default] TaaS: Handle Delete Port: c1bfdfa3-b579-4367-af7d-52a9e7b81309
2026-05-19 14:38:55.722 8 INFO neutron_taas.services.taas.tap_mirror_plugin [None req-45abfbd0-5c41-4f4e-b91e-a3ee949e17fe 452d1b52e29a42338eca446d40d2760d af8def32b55e44ee86eee03f62a9df63 - - default default] Tap Mirror: Handle Delete Port: c1bfdfa3-b579-4367-af7d-52a9e7b81309
2026-05-19 14:38:55.812 7 INFO neutron.services.segments.plugin [-] Segment cdecd9da-9734-496a-975d-8887f80f4801 resource provider aggregate not found
2026-05-19 14:38:55.824 7 INFO neutron.services.segments.plugin [-] Segment cdecd9da-9734-496a-975d-8887f80f4801 resource provider aggregate not found
2026-05-19 14:38:55.830 7 INFO neutron.services.segments.plugin [-] Segment cdecd9da-9734-496a-975d-8887f80f4801 resource provider not found; error: Placement Client Error (4xx): {"errors": [{"status": 404, "title": "Not Found", "detail": "The resource could not be found.\n\n No resource provider with uuid cdecd9da-9734-496a-975d-8887f80f4801 found for delete ", "request_id": "req-b1c81146-85d8-469d-a85a-370c84ea125d"}]}
2026-05-19 14:38:55.846 7 INFO neutron.services.segments.plugin [-] Segment cdecd9da-9734-496a-975d-8887f80f4801 resource provider not found; error: Placement Client Error (4xx): {"errors": [{"status": 404, "title": "Not Found", "detail": "The resource could not be found.\n\n No resource provider with uuid cdecd9da-9734-496a-975d-8887f80f4801 found for delete ", "request_id": "req-1fafb8ec-06ff-4753-8e65-c6f815c5a8aa"}]}
2026-05-19 14:38:55.985 7 INFO neutron.db.ovn_revision_numbers_db [None req-3e9065ff-1a23-4f0b-9fc5-75762b689e8c 51f7fcf1b8d04e5f8ea9cfb8e4e16ebd c8bc2249d85149288c3e6ee732ee364f - - default default] Successfully bumped revision number for resource 84c300c5-b275-42d4-8912-0cc9b9fe6674 (type: ports) to 2
2026-05-19 14:38:56.025 7 INFO neutron.db.ovn_revision_numbers_db [None req-3e9065ff-1a23-4f0b-9fc5-75762b689e8c 51f7fcf1b8d04e5f8ea9cfb8e4e16ebd c8bc2249d85149288c3e6ee732ee364f - - default default] Successfully bumped revision number for resource 0396afea-c083-4533-934b-0d276c14ba5d (type: subnets) to 0 [pid: 7|app: 0|req: 602/1222] 10.0.0.158 () {34 vars in 669 bytes} [Tue May 19 14:38:55 2026] POST /v2.0/subnets => generated 626 bytes in 700 msecs (HTTP/1.1 201) 4 headers in 162 bytes (1 switches on core 0)
2026-05-19 14:38:56.085 8 INFO neutron.services.segments.plugin [-] Segment 032b1e80-ac53-4ecc-8ad5-06b20db64b67 resource provider aggregate not found
2026-05-19 14:38:56.091 8 INFO neutron.services.segments.plugin [-] Segment 032b1e80-ac53-4ecc-8ad5-06b20db64b67 resource provider aggregate not found
2026-05-19 14:38:56.118 8 INFO neutron.services.segments.plugin [-] Segment 032b1e80-ac53-4ecc-8ad5-06b20db64b67 resource provider not found; error: Placement Client Error (4xx): {"errors": [{"status": 404, "title": "Not Found", "detail": "The resource could not be found.\n\n No resource provider with uuid 032b1e80-ac53-4ecc-8ad5-06b20db64b67 found for delete ", "request_id": "req-3b70abb1-2623-46b5-aa39-107e1829de2e"}]}
2026-05-19 14:38:56.119 8 INFO neutron.services.segments.plugin [-] Segment 032b1e80-ac53-4ecc-8ad5-06b20db64b67 resource provider not found; error: Placement Client Error (4xx): {"errors": [{"status": 404, "title": "Not Found", "detail": "The resource could not be found.\n\n No resource provider with uuid 032b1e80-ac53-4ecc-8ad5-06b20db64b67 found for delete ", "request_id": "req-e3813b44-ee52-4ea4-86fd-522cfa69b1ce"}]} [pid: 8|app: 0|req: 621/1223] 10.0.0.158 () {32 vars in 726 bytes} [Tue May 19 14:38:55 2026] DELETE /v2.0/networks/06d84ac0-f7b7-4f87-9a58-738b1654d759 => generated 0 bytes in 676 msecs (HTTP/1.1 204) 3 headers in 131 bytes (1 switches on core 0)
2026-05-19 14:38:56.263 7 WARNING neutron.scheduler.dhcp_agent_scheduler [None req-761011a4-7734-4437-9ea9-9691d5955f1f daa476eadd2c4e2f87ced5f46eb0dcc4 fa61b20eb17f4e96a00e44f8f4348979 - - default default] No more DHCP agents
2026-05-19 14:38:56.264 7 WARNING neutron.api.rpc.agentnotifiers.dhcp_rpc_agent_api [None req-761011a4-7734-4437-9ea9-9691d5955f1f daa476eadd2c4e2f87ced5f46eb0dcc4 fa61b20eb17f4e96a00e44f8f4348979 - - default default] Unable to schedule network b126a795-4670-4859-9d0a-56d909830ff7: no agents available; will retry on subsequent port and subnet creation events.
2026-05-19 14:38:56.365 7 INFO neutron.db.ovn_revision_numbers_db [None req-761011a4-7734-4437-9ea9-9691d5955f1f daa476eadd2c4e2f87ced5f46eb0dcc4 fa61b20eb17f4e96a00e44f8f4348979 - - default default] Successfully bumped revision number for resource 63889ae8-8c3d-4234-9c5e-90c22b08bbfb (type: ports) to 1 [pid: 7|app: 0|req: 603/1224] 10.0.0.158 () {34 vars in 665 bytes} [Tue May 19 14:38:56 2026] POST /v2.0/ports => generated 779 bytes in 358 msecs (HTTP/1.1 201) 4 headers in 162 bytes (1 switches on core 0) /var/lib/openstack/lib/python3.12/site-packages/pycadf/identifier.py:70: UserWarning: Invalid uuid: neutron. To ensure interoperability, identifiers should be a valid uuid. warnings.warn(('Invalid uuid: %s. To ensure interoperability, '
2026-05-19 14:38:56.659 7 WARNING neutron.scheduler.dhcp_agent_scheduler [None req-ac2dc4c5-891f-4ca9-ad1f-64d59edd5dba 51f7fcf1b8d04e5f8ea9cfb8e4e16ebd c8bc2249d85149288c3e6ee732ee364f - - default default] No more DHCP agents
2026-05-19 14:38:56.660 7 WARNING neutron.api.rpc.agentnotifiers.dhcp_rpc_agent_api [None req-ac2dc4c5-891f-4ca9-ad1f-64d59edd5dba 51f7fcf1b8d04e5f8ea9cfb8e4e16ebd c8bc2249d85149288c3e6ee732ee364f - - default default] Unable to schedule network 8f610be8-0f56-49b6-992f-f240980a44ac: no agents available; will retry on subsequent port and subnet creation events.
2026-05-19 14:38:56.815 7 INFO neutron.db.ovn_revision_numbers_db [None req-ac2dc4c5-891f-4ca9-ad1f-64d59edd5dba 51f7fcf1b8d04e5f8ea9cfb8e4e16ebd c8bc2249d85149288c3e6ee732ee364f - - default default] Successfully bumped revision number for resource 0a64ca0c-98a3-44ce-a0da-7434a8d094e3 (type: ports) to 1 [pid: 7|app: 0|req: 604/1225] 10.0.0.158 () {34 vars in 665 bytes} [Tue May 19 14:38:56 2026] POST /v2.0/ports => generated 953 bytes in 436 msecs (HTTP/1.1 201) 4 headers in 162 bytes (1 switches on core 0) /var/lib/openstack/lib/python3.12/site-packages/pycadf/identifier.py:70: UserWarning: Invalid uuid: neutron. To ensure interoperability, identifiers should be a valid uuid. warnings.warn(('Invalid uuid: %s. To ensure interoperability, '
2026-05-19 14:38:56.899 8 INFO neutron.db.ovn_revision_numbers_db [None req-e7da3291-9352-46eb-84a3-441379036d21 - - - - - -] Successfully bumped revision number for resource 2ec180ea-198a-4e27-b43d-7e29c89dec84 (type: ports) to 4
2026-05-19 14:38:56.971 7 INFO neutron_taas.services.taas.taas_plugin [None req-fd75ef28-6215-4750-9435-733071361925 452d1b52e29a42338eca446d40d2760d af8def32b55e44ee86eee03f62a9df63 - - default default] TaaS: Handle Delete Port: 69d3ab00-1de3-4fad-8ee5-d395bb02a1c6
2026-05-19 14:38:56.973 7 INFO neutron_taas.services.taas.tap_mirror_plugin [None req-fd75ef28-6215-4750-9435-733071361925 452d1b52e29a42338eca446d40d2760d af8def32b55e44ee86eee03f62a9df63 - - default default] Tap Mirror: Handle Delete Port: 69d3ab00-1de3-4fad-8ee5-d395bb02a1c6
2026-05-19 14:38:57.133 8 WARNING neutron.scheduler.dhcp_agent_scheduler [None req-16a4acb9-dd07-446c-89e3-f95d4a9ea00f a55453d06519499b8ae7b3577c1f96ac 8a8322b9407d49da9779354d5d8d2533 - - default default] No more DHCP agents
2026-05-19 14:38:57.135 8 WARNING neutron.api.rpc.agentnotifiers.dhcp_rpc_agent_api [None req-16a4acb9-dd07-446c-89e3-f95d4a9ea00f a55453d06519499b8ae7b3577c1f96ac 8a8322b9407d49da9779354d5d8d2533 - - default default] Unable to schedule network 1e3c48b4-cb4a-4516-b109-83c8aaca340e: no agents available; will retry on subsequent port and subnet creation events. [pid: 7|app: 0|req: 605/1226] 10.0.0.158 () {32 vars in 726 bytes} [Tue May 19 14:38:56 2026] DELETE /v2.0/networks/3593a087-8bfc-4e0c-9cdc-7268f652f5b7 => generated 0 bytes in 349 msecs (HTTP/1.1 204) 3 headers in 131 bytes (1 switches on core 0)
2026-05-19 14:38:57.271 7 INFO neutron.db.segments_db [None req-b387adca-82b4-4e82-9de9-c3b606f54842 daa476eadd2c4e2f87ced5f46eb0dcc4 fa61b20eb17f4e96a00e44f8f4348979 - - default default] Added segment a0187502-328b-4024-90e0-ed8c734a329e of type geneve for network db670bb0-aee6-41ce-ae6d-4292d53e589c
2026-05-19 14:38:57.400 7 INFO neutron.db.ovn_revision_numbers_db [None req-b387adca-82b4-4e82-9de9-c3b606f54842 daa476eadd2c4e2f87ced5f46eb0dcc4 fa61b20eb17f4e96a00e44f8f4348979 - - default default] Successfully bumped revision number for resource db670bb0-aee6-41ce-ae6d-4292d53e589c (type: networks) to 1
2026-05-19 14:38:57.462 8 INFO neutron.db.ovn_revision_numbers_db [None req-16a4acb9-dd07-446c-89e3-f95d4a9ea00f a55453d06519499b8ae7b3577c1f96ac 8a8322b9407d49da9779354d5d8d2533 - - default default] Successfully bumped revision number for resource d004a197-fb0d-4254-a8f5-17a0e064fe72 (type: ports) to 1
2026-05-19 14:38:57.551 7 WARNING neutron.scheduler.dhcp_agent_scheduler [None req-b387adca-82b4-4e82-9de9-c3b606f54842 daa476eadd2c4e2f87ced5f46eb0dcc4 fa61b20eb17f4e96a00e44f8f4348979 - - default default] No more DHCP agents
2026-05-19 14:38:57.552 7 WARNING neutron.api.rpc.agentnotifiers.dhcp_rpc_agent_api [None req-b387adca-82b4-4e82-9de9-c3b606f54842 daa476eadd2c4e2f87ced5f46eb0dcc4 fa61b20eb17f4e96a00e44f8f4348979 - - default default] Unable to schedule network db670bb0-aee6-41ce-ae6d-4292d53e589c: no agents available; will retry on subsequent port and subnet creation events.
2026-05-19 14:38:57.605 7 INFO neutron.plugins.ml2.drivers.ovn.mech_driver.mech_driver [None req-e79e7f20-526f-4a1f-a3fa-1b94d14af36b - - - - - -] OVN reports status down for port: 530a75f1-a145-4c17-8d56-69c2cb77b466
2026-05-19 14:38:57.633 8 INFO neutron.db.ovn_revision_numbers_db [None req-e7da3291-9352-46eb-84a3-441379036d21 - - - - - -] Successfully bumped revision number for resource 2ec180ea-198a-4e27-b43d-7e29c89dec84 (type: ports) to 5
2026-05-19 14:38:57.668 7 INFO neutron.db.ovn_revision_numbers_db [None req-b387adca-82b4-4e82-9de9-c3b606f54842 daa476eadd2c4e2f87ced5f46eb0dcc4 fa61b20eb17f4e96a00e44f8f4348979 - - default default] Successfully bumped revision number for resource 530a75f1-a145-4c17-8d56-69c2cb77b466 (type: ports) to 1 [pid: 7|app: 0|req: 606/1227] 10.0.0.158 () {34 vars in 670 bytes} [Tue May 19 14:38:57 2026] POST /v2.0/networks => generated 674 bytes in 517 msecs (HTTP/1.1 201) 4 headers in 162 bytes (1 switches on core 0)
2026-05-19 14:38:57.824 7 INFO neutron_taas.services.taas.taas_plugin [None req-4aaf9bc9-68d7-43f2-b892-f07d422f5a07 51f7fcf1b8d04e5f8ea9cfb8e4e16ebd c8bc2249d85149288c3e6ee732ee364f - - default default] TaaS: Handle Delete Port: 0a64ca0c-98a3-44ce-a0da-7434a8d094e3
2026-05-19 14:38:57.827 7 INFO neutron_taas.services.taas.tap_mirror_plugin [None req-4aaf9bc9-68d7-43f2-b892-f07d422f5a07 51f7fcf1b8d04e5f8ea9cfb8e4e16ebd c8bc2249d85149288c3e6ee732ee364f - - default default] Tap Mirror: Handle Delete Port: 0a64ca0c-98a3-44ce-a0da-7434a8d094e3
2026-05-19 14:38:57.852 7 INFO neutron.services.segments.plugin [-] Segment 81f4954d-e7ee-4e97-8053-9c125b8bed83 resource provider aggregate not found
2026-05-19 14:38:57.873 7 INFO neutron.services.segments.plugin [-] Segment 81f4954d-e7ee-4e97-8053-9c125b8bed83 resource provider not found; error: Placement Client Error (4xx): {"errors": [{"status": 404, "title": "Not Found", "detail": "The resource could not be found.\n\n No resource provider with uuid 81f4954d-e7ee-4e97-8053-9c125b8bed83 found for delete ", "request_id": "req-a3771348-2de1-4e8b-9f50-5f6956725919"}]}
2026-05-19 14:38:57.877 7 INFO neutron.services.segments.plugin [-] Segment 81f4954d-e7ee-4e97-8053-9c125b8bed83 resource provider aggregate not found
2026-05-19 14:38:57.892 7 INFO neutron.services.segments.plugin [-] Segment 81f4954d-e7ee-4e97-8053-9c125b8bed83 resource provider not found; error: Placement Client Error (4xx): {"errors": [{"status": 404, "title": "Not Found", "detail": "The resource could not be found.\n\n No resource provider with uuid 81f4954d-e7ee-4e97-8053-9c125b8bed83 found for delete ", "request_id": "req-d3f5f71f-e2cd-4ae9-aa5d-d990d1c18b6a"}]} [pid: 7|app: 0|req: 607/1228] 10.0.0.158 () {32 vars in 720 bytes} [Tue May 19 14:38:57 2026] DELETE /v2.0/ports/0a64ca0c-98a3-44ce-a0da-7434a8d094e3 => generated 0 bytes in 290 msecs (HTTP/1.1 204) 3 headers in 131 bytes (1 switches on core 0)
2026-05-19 14:38:58.159 7 WARNING neutron.scheduler.dhcp_agent_scheduler [None req-71523ad7-9412-486c-9141-6db5888e9992 daa476eadd2c4e2f87ced5f46eb0dcc4 fa61b20eb17f4e96a00e44f8f4348979 - - default default] No more DHCP agents
2026-05-19 14:38:58.168 7 WARNING neutron.api.rpc.agentnotifiers.dhcp_rpc_agent_api [None req-71523ad7-9412-486c-9141-6db5888e9992 daa476eadd2c4e2f87ced5f46eb0dcc4 fa61b20eb17f4e96a00e44f8f4348979 - - default default] Unable to schedule network db670bb0-aee6-41ce-ae6d-4292d53e589c: no agents available; will retry on subsequent port and subnet creation events.
2026-05-19 14:38:58.198 7 INFO neutron.db.ovn_revision_numbers_db [None req-71523ad7-9412-486c-9141-6db5888e9992 daa476eadd2c4e2f87ced5f46eb0dcc4 fa61b20eb17f4e96a00e44f8f4348979 - - default default] Successfully bumped revision number for resource edaaa5c9-f713-41db-9151-f313c0ca5fd2 (type: subnets) to 0 [pid: 7|app: 0|req: 608/1229] 10.0.0.158 () {34 vars in 669 bytes} [Tue May 19 14:38:57 2026] POST /v2.0/subnets => generated 646 bytes in 215 msecs (HTTP/1.1 201) 4 headers in 162 bytes (1 switches on core 0)
2026-05-19 14:38:58.221 8 INFO neutron.plugins.ml2.drivers.ovn.mech_driver.mech_driver [None req-48565b94-cdac-4c8a-a844-60553c2f0e88 - - - - - -] OVN reports status down for port: 8a9d08b4-8c00-48e1-b041-71fcb14245da
2026-05-19 14:38:58.298 7 WARNING neutron.db.securitygroups_db [None req-3c43b496-9aa0-4b0d-844d-7b0dc448f020 a55453d06519499b8ae7b3577c1f96ac 8a8322b9407d49da9779354d5d8d2533 - - default default] project_id key not found in filters, using tenant_id instead. This support has been deprecated and will be removed in a future release. [pid: 7|app: 0|req: 609/1230] 10.0.0.158 () {32 vars in 774 bytes} [Tue May 19 14:38:58 2026] GET /v2.0/security-groups?tenant_id=af8def32b55e44ee86eee03f62a9df63&name=default => generated 2925 bytes in 105 msecs (HTTP/1.1 200) 4 headers in 158 bytes (1 switches on core 0)
2026-05-19 14:38:58.325 8 INFO neutron.plugins.ml2.drivers.ovn.mech_driver.mech_driver [None req-48565b94-cdac-4c8a-a844-60553c2f0e88 - - - - - -] OVN reports status down for port: 63889ae8-8c3d-4234-9c5e-90c22b08bbfb
2026-05-19 14:38:58.331 8 WARNING neutron.scheduler.dhcp_agent_scheduler [None req-16a4acb9-dd07-446c-89e3-f95d4a9ea00f a55453d06519499b8ae7b3577c1f96ac 8a8322b9407d49da9779354d5d8d2533 - - default default] No more DHCP agents
2026-05-19 14:38:58.336 7 INFO neutron.pecan_wsgi.hooks.translation [None req-a573a03a-2223-4bdf-a241-801cac52e8e2 51f7fcf1b8d04e5f8ea9cfb8e4e16ebd c8bc2249d85149288c3e6ee732ee364f - - default default] DELETE failed (client error): The resource could not be found. [pid: 7|app: 0|req: 610/1231] 10.0.0.158 () {32 vars in 720 bytes} [Tue May 19 14:38:58 2026] DELETE /v2.0/ports/0a64ca0c-98a3-44ce-a0da-7434a8d094e3 => generated 132 bytes in 19 msecs (HTTP/1.1 404) 4 headers in 164 bytes (1 switches on core 0)
2026-05-19 14:38:58.340 8 WARNING neutron.api.rpc.agentnotifiers.dhcp_rpc_agent_api [None req-16a4acb9-dd07-446c-89e3-f95d4a9ea00f a55453d06519499b8ae7b3577c1f96ac 8a8322b9407d49da9779354d5d8d2533 - - default default] Unable to schedule network 1e3c48b4-cb4a-4516-b109-83c8aaca340e: no agents available; will retry on subsequent port and subnet creation events.
2026-05-19 14:38:58.448 8 INFO neutron.plugins.ml2.drivers.ovn.mech_driver.mech_driver [None req-48565b94-cdac-4c8a-a844-60553c2f0e88 - - - - - -] OVN reports status down for port: 0a64ca0c-98a3-44ce-a0da-7434a8d094e3
2026-05-19 14:38:58.470 8 INFO neutron.plugins.ml2.drivers.ovn.mech_driver.mech_driver [None req-48565b94-cdac-4c8a-a844-60553c2f0e88 - - - - - -] OVN reports status down for port: d004a197-fb0d-4254-a8f5-17a0e064fe72
2026-05-19 14:38:58.570 8 WARNING neutron.plugins.ml2.drivers.ovn.mech_driver.ovsdb.ovn_client [None req-48565b94-cdac-4c8a-a844-60553c2f0e88 - - - - - -] Logical_Switch_Port d004a197-fb0d-4254-a8f5-17a0e064fe72 host information not removed, the port state is up
2026-05-19 14:38:58.570 8 INFO neutron.plugins.ml2.drivers.ovn.mech_driver.mech_driver [None req-48565b94-cdac-4c8a-a844-60553c2f0e88 - - - - - -] OVN reports status up for port: d004a197-fb0d-4254-a8f5-17a0e064fe72
2026-05-19 14:38:58.591 8 INFO neutron.plugins.ml2.plugin [None req-48565b94-cdac-4c8a-a844-60553c2f0e88 - - - - - -] Attempt 1 to provision port d004a197-fb0d-4254-a8f5-17a0e064fe72
2026-05-19 14:38:58.616 7 WARNING neutron.scheduler.dhcp_agent_scheduler [None req-ce825442-be43-430e-8b3b-047450297acf daa476eadd2c4e2f87ced5f46eb0dcc4 fa61b20eb17f4e96a00e44f8f4348979 - - default default] No more DHCP agents
2026-05-19 14:38:58.617 7 WARNING neutron.api.rpc.agentnotifiers.dhcp_rpc_agent_api [None req-ce825442-be43-430e-8b3b-047450297acf daa476eadd2c4e2f87ced5f46eb0dcc4 fa61b20eb17f4e96a00e44f8f4348979 - - default default] Unable to schedule network db670bb0-aee6-41ce-ae6d-4292d53e589c: no agents available; will retry on subsequent port and subnet creation events.
2026-05-19 14:38:58.731 7 INFO neutron.db.ovn_revision_numbers_db [None req-ce825442-be43-430e-8b3b-047450297acf daa476eadd2c4e2f87ced5f46eb0dcc4 fa61b20eb17f4e96a00e44f8f4348979 - - default default] Successfully bumped revision number for resource cad1a342-577f-48ca-88ac-e1931489ddaa (type: ports) to 1 [pid: 7|app: 0|req: 611/1232] 10.0.0.158 () {34 vars in 665 bytes} [Tue May 19 14:38:58 2026] POST /v2.0/ports => generated 962 bytes in 415 msecs (HTTP/1.1 201) 4 headers in 162 bytes (1 switches on core 0) /var/lib/openstack/lib/python3.12/site-packages/pycadf/identifier.py:70: UserWarning: Invalid uuid: neutron. To ensure interoperability, identifiers should be a valid uuid. warnings.warn(('Invalid uuid: %s. To ensure interoperability, ' [pid: 7|app: 0|req: 612/1233] 10.0.0.158 () {32 vars in 740 bytes} [Tue May 19 14:38:58 2026] DELETE /v2.0/security-groups/c7d43bdf-6c45-426e-80e6-a6053730ea63 => generated 0 bytes in 174 msecs (HTTP/1.1 204) 2 headers in 112 bytes (1 switches on core 0)
2026-05-19 14:38:58.944 7 INFO neutron.pecan_wsgi.hooks.translation [None req-f0f00eb7-1a36-400a-ac6c-b9f0e73d0ead 51f7fcf1b8d04e5f8ea9cfb8e4e16ebd c8bc2249d85149288c3e6ee732ee364f - - default default] GET failed (client error): The resource could not be found. [pid: 7|app: 0|req: 613/1234] 10.0.0.158 () {32 vars in 717 bytes} [Tue May 19 14:38:58 2026] GET /v2.0/ports/0a64ca0c-98a3-44ce-a0da-7434a8d094e3 => generated 132 bytes in 16 msecs (HTTP/1.1 404) 4 headers in 164 bytes (1 switches on core 0)
2026-05-19 14:38:59.084 7 INFO neutron_taas.services.taas.taas_plugin [None req-caff7369-e6b1-4fd3-adf1-4f8b6d91745e daa476eadd2c4e2f87ced5f46eb0dcc4 fa61b20eb17f4e96a00e44f8f4348979 - - default default] TaaS: Handle Delete Port: cad1a342-577f-48ca-88ac-e1931489ddaa
2026-05-19 14:38:59.086 7 INFO neutron_taas.services.taas.tap_mirror_plugin [None req-caff7369-e6b1-4fd3-adf1-4f8b6d91745e daa476eadd2c4e2f87ced5f46eb0dcc4 fa61b20eb17f4e96a00e44f8f4348979 - - default default] Tap Mirror: Handle Delete Port: cad1a342-577f-48ca-88ac-e1931489ddaa [pid: 7|app: 0|req: 614/1235] 10.0.0.158 () {32 vars in 720 bytes} [Tue May 19 14:38:58 2026] DELETE /v2.0/ports/cad1a342-577f-48ca-88ac-e1931489ddaa => generated 0 bytes in 275 msecs (HTTP/1.1 204) 3 headers in 131 bytes (1 switches on core 0)
2026-05-19 14:38:59.295 8 INFO neutron.db.ovn_revision_numbers_db [None req-16a4acb9-dd07-446c-89e3-f95d4a9ea00f a55453d06519499b8ae7b3577c1f96ac 8a8322b9407d49da9779354d5d8d2533 - - default default] Successfully bumped revision number for resource d004a197-fb0d-4254-a8f5-17a0e064fe72 (type: router_ports) to 1 [pid: 8|app: 0|req: 622/1236] 10.0.0.158 () {34 vars in 783 bytes} [Tue May 19 14:38:56 2026] PUT /v2.0/routers/f3966ddf-7012-4847-aee8-46d41796beb0/add_router_interface => generated 310 bytes in 3135 msecs (HTTP/1.1 200) 4 headers in 157 bytes (1 switches on core 0)
2026-05-19 14:38:59.328 8 INFO neutron.pecan_wsgi.hooks.translation [None req-5876205a-f271-437e-8cfe-2289f22e27b2 daa476eadd2c4e2f87ced5f46eb0dcc4 fa61b20eb17f4e96a00e44f8f4348979 - - default default] DELETE failed (client error): The resource could not be found. [pid: 8|app: 0|req: 623/1237] 10.0.0.158 () {32 vars in 720 bytes} [Tue May 19 14:38:59 2026] DELETE /v2.0/ports/cad1a342-577f-48ca-88ac-e1931489ddaa => generated 132 bytes in 28 msecs (HTTP/1.1 404) 4 headers in 164 bytes (1 switches on core 0)
2026-05-19 14:38:59.376 8 INFO neutron.pecan_wsgi.hooks.translation [None req-c3a6540f-d9ea-469d-ae45-6b0a4cd15043 daa476eadd2c4e2f87ced5f46eb0dcc4 fa61b20eb17f4e96a00e44f8f4348979 - - default default] GET failed (client error): The resource could not be found. [pid: 8|app: 0|req: 624/1238] 10.0.0.158 () {32 vars in 717 bytes} [Tue May 19 14:38:59 2026] GET /v2.0/ports/cad1a342-577f-48ca-88ac-e1931489ddaa => generated 132 bytes in 43 msecs (HTTP/1.1 404) 4 headers in 164 bytes (1 switches on core 0)
2026-05-19 14:38:59.391 8 INFO neutron.db.ovn_revision_numbers_db [None req-48565b94-cdac-4c8a-a844-60553c2f0e88 - - - - - -] Successfully bumped revision number for resource d004a197-fb0d-4254-a8f5-17a0e064fe72 (type: ports) to 2 [pid: 7|app: 0|req: 615/1239] 10.0.0.158 () {32 vars in 724 bytes} [Tue May 19 14:38:59 2026] DELETE /v2.0/subnets/0396afea-c083-4533-934b-0d276c14ba5d => generated 0 bytes in 171 msecs (HTTP/1.1 204) 3 headers in 131 bytes (1 switches on core 0)
2026-05-19 14:38:59.514 7 INFO neutron_taas.services.taas.taas_plugin [None req-653b65e7-5246-49ce-bb89-64910d70f782 51f7fcf1b8d04e5f8ea9cfb8e4e16ebd c8bc2249d85149288c3e6ee732ee364f - - default default] TaaS: Handle Delete Port: 84c300c5-b275-42d4-8912-0cc9b9fe6674
2026-05-19 14:38:59.517 7 INFO neutron_taas.services.taas.tap_mirror_plugin [None req-653b65e7-5246-49ce-bb89-64910d70f782 51f7fcf1b8d04e5f8ea9cfb8e4e16ebd c8bc2249d85149288c3e6ee732ee364f - - default default] Tap Mirror: Handle Delete Port: 84c300c5-b275-42d4-8912-0cc9b9fe6674 [pid: 8|app: 0|req: 625/1240] 10.0.0.158 () {32 vars in 724 bytes} [Tue May 19 14:38:59 2026] DELETE /v2.0/subnets/edaaa5c9-f713-41db-9151-f313c0ca5fd2 => generated 0 bytes in 193 msecs (HTTP/1.1 204) 3 headers in 131 bytes (1 switches on core 0) [pid: 7|app: 0|req: 616/1241] 10.0.0.158 () {32 vars in 726 bytes} [Tue May 19 14:38:59 2026] DELETE /v2.0/networks/8f610be8-0f56-49b6-992f-f240980a44ac => generated 0 bytes in 314 msecs (HTTP/1.1 204) 3 headers in 131 bytes (1 switches on core 0)
2026-05-19 14:38:59.720 8 INFO neutron_taas.services.taas.taas_plugin [None req-1c3186db-564e-42b8-8243-1d444f37e07f daa476eadd2c4e2f87ced5f46eb0dcc4 fa61b20eb17f4e96a00e44f8f4348979 - - default default] TaaS: Handle Delete Port: 530a75f1-a145-4c17-8d56-69c2cb77b466
2026-05-19 14:38:59.723 8 INFO neutron_taas.services.taas.tap_mirror_plugin [None req-1c3186db-564e-42b8-8243-1d444f37e07f daa476eadd2c4e2f87ced5f46eb0dcc4 fa61b20eb17f4e96a00e44f8f4348979 - - default default] Tap Mirror: Handle Delete Port: 530a75f1-a145-4c17-8d56-69c2cb77b466
2026-05-19 14:38:59.805 7 INFO neutron.db.segments_db [None req-a2178fcc-07d1-42b1-83ba-b4c44d25fc25 51f7fcf1b8d04e5f8ea9cfb8e4e16ebd c8bc2249d85149288c3e6ee732ee364f - - default default] Added segment f67b4c2e-29d5-42eb-b7cb-8248a7fc102d of type geneve for network 4e63474e-5c88-421e-a984-6c0f8604e8ab
2026-05-19 14:38:59.899 7 INFO neutron.services.segments.plugin [-] Segment e66b2e62-04b8-493b-ae05-60e3dc926c10 resource provider aggregate not found
2026-05-19 14:38:59.905 8 INFO neutron.services.segments.plugin [-] Segment a0187502-328b-4024-90e0-ed8c734a329e resource provider aggregate not found
2026-05-19 14:38:59.914 7 INFO neutron.services.segments.plugin [-] Segment e66b2e62-04b8-493b-ae05-60e3dc926c10 resource provider aggregate not found
2026-05-19 14:38:59.916 8 INFO neutron.services.segments.plugin [-] Segment a0187502-328b-4024-90e0-ed8c734a329e resource provider aggregate not found
2026-05-19 14:38:59.923 7 INFO neutron.services.segments.plugin [-] Segment e66b2e62-04b8-493b-ae05-60e3dc926c10 resource provider not found; error: Placement Client Error (4xx): {"errors": [{"status": 404, "title": "Not Found", "detail": "The resource could not be found.\n\n No resource provider with uuid e66b2e62-04b8-493b-ae05-60e3dc926c10 found for delete ", "request_id": "req-97cb9ddb-e200-4d85-b686-0683b95aa345"}]}
2026-05-19 14:38:59.924 8 INFO neutron.services.segments.plugin [-] Segment a0187502-328b-4024-90e0-ed8c734a329e resource provider not found; error: Placement Client Error (4xx): {"errors": [{"status": 404, "title": "Not Found", "detail": "The resource could not be found.\n\n No resource provider with uuid a0187502-328b-4024-90e0-ed8c734a329e found for delete ", "request_id": "req-429fa944-f727-475d-a770-63fa1ca28970"}]}
2026-05-19 14:38:59.940 8 INFO neutron.services.segments.plugin [-] Segment a0187502-328b-4024-90e0-ed8c734a329e resource provider not found; error: Placement Client Error (4xx): {"errors": [{"status": 404, "title": "Not Found", "detail": "The resource could not be found.\n\n No resource provider with uuid a0187502-328b-4024-90e0-ed8c734a329e found for delete ", "request_id": "req-9a764855-10a0-4720-ba7a-6a5e8454a618"}]}
2026-05-19 14:38:59.941 7 INFO neutron.services.segments.plugin [-] Segment e66b2e62-04b8-493b-ae05-60e3dc926c10 resource provider not found; error: Placement Client Error (4xx): {"errors": [{"status": 404, "title": "Not Found", "detail": "The resource could not be found.\n\n No resource provider with uuid e66b2e62-04b8-493b-ae05-60e3dc926c10 found for delete ", "request_id": "req-22656296-5fd4-4470-b2cb-a9ad8ad780bd"}]} [pid: 8|app: 0|req: 626/1242] 10.0.0.158 () {32 vars in 726 bytes} [Tue May 19 14:38:59 2026] DELETE /v2.0/networks/db670bb0-aee6-41ce-ae6d-4292d53e589c => generated 0 bytes in 391 msecs (HTTP/1.1 204) 3 headers in 131 bytes (1 switches on core 0)
2026-05-19 14:38:59.982 7 INFO neutron.db.ovn_revision_numbers_db [None req-a2178fcc-07d1-42b1-83ba-b4c44d25fc25 51f7fcf1b8d04e5f8ea9cfb8e4e16ebd c8bc2249d85149288c3e6ee732ee364f - - default default] Successfully bumped revision number for resource 4e63474e-5c88-421e-a984-6c0f8604e8ab (type: networks) to 1
2026-05-19 14:39:00.107 8 INFO neutron.db.ovn_revision_numbers_db [None req-bdd45c08-b65d-4642-8fad-36d3c130db32 f3baa0386b054bb49786c48deecf0ca6 34be2d8d578e40e5ab980725d311d566 - - default default] Successfully bumped revision number for resource 16245e3b-e813-4178-82ea-8086b13df125 (type: security_groups) to 1
2026-05-19 14:39:00.122 8 INFO neutron.db.ovn_revision_numbers_db [None req-bdd45c08-b65d-4642-8fad-36d3c130db32 f3baa0386b054bb49786c48deecf0ca6 34be2d8d578e40e5ab980725d311d566 - - default default] Successfully bumped revision number for resource b658d82c-1289-4c5a-ad69-b64b369a4884 (type: security_group_rules) to 0
2026-05-19 14:39:00.135 8 INFO neutron.db.ovn_revision_numbers_db [None req-bdd45c08-b65d-4642-8fad-36d3c130db32 f3baa0386b054bb49786c48deecf0ca6 34be2d8d578e40e5ab980725d311d566 - - default default] Successfully bumped revision number for resource fea05721-19fc-402b-833e-6cd78f48aec4 (type: security_group_rules) to 0
2026-05-19 14:39:00.152 7 WARNING neutron.scheduler.dhcp_agent_scheduler [None req-a2178fcc-07d1-42b1-83ba-b4c44d25fc25 51f7fcf1b8d04e5f8ea9cfb8e4e16ebd c8bc2249d85149288c3e6ee732ee364f - - default default] No more DHCP agents
2026-05-19 14:39:00.153 7 WARNING neutron.api.rpc.agentnotifiers.dhcp_rpc_agent_api [None req-a2178fcc-07d1-42b1-83ba-b4c44d25fc25 51f7fcf1b8d04e5f8ea9cfb8e4e16ebd c8bc2249d85149288c3e6ee732ee364f - - default default] Unable to schedule network 4e63474e-5c88-421e-a984-6c0f8604e8ab: no agents available; will retry on subsequent port and subnet creation events. [pid: 8|app: 0|req: 627/1243] 10.0.0.158 () {34 vars in 685 bytes} [Tue May 19 14:38:59 2026] POST /v2.0/security-groups => generated 1660 bytes in 193 msecs (HTTP/1.1 201) 4 headers in 163 bytes (1 switches on core 0)
2026-05-19 14:39:00.205 7 INFO neutron.plugins.ml2.drivers.ovn.mech_driver.mech_driver [None req-e79e7f20-526f-4a1f-a3fa-1b94d14af36b - - - - - -] OVN reports status down for port: b6485e8f-5dd2-4323-82ce-1be28b263851
2026-05-19 14:39:00.261 7 INFO neutron.db.ovn_revision_numbers_db [None req-a2178fcc-07d1-42b1-83ba-b4c44d25fc25 51f7fcf1b8d04e5f8ea9cfb8e4e16ebd c8bc2249d85149288c3e6ee732ee364f - - default default] Successfully bumped revision number for resource b6485e8f-5dd2-4323-82ce-1be28b263851 (type: ports) to 1
2026-05-19 14:39:00.270 8 INFO neutron.db.segments_db [None req-5318ab97-488c-4b12-b95b-0d756cc77931 daa476eadd2c4e2f87ced5f46eb0dcc4 fa61b20eb17f4e96a00e44f8f4348979 - - default default] Added segment 377defbe-8f9e-42fb-a205-16ee9d33a72d of type geneve for network a667209e-8760-49ba-9512-8cf6c3d3a602 [pid: 7|app: 0|req: 617/1244] 10.0.0.158 () {34 vars in 670 bytes} [Tue May 19 14:38:59 2026] POST /v2.0/networks => generated 669 bytes in 597 msecs (HTTP/1.1 201) 4 headers in 162 bytes (1 switches on core 0)
2026-05-19 14:39:00.390 8 INFO neutron.db.ovn_revision_numbers_db [None req-5318ab97-488c-4b12-b95b-0d756cc77931 daa476eadd2c4e2f87ced5f46eb0dcc4 fa61b20eb17f4e96a00e44f8f4348979 - - default default] Successfully bumped revision number for resource a667209e-8760-49ba-9512-8cf6c3d3a602 (type: networks) to 1
2026-05-19 14:39:00.431 7 INFO neutron.db.ovn_revision_numbers_db [None req-6a94b0d9-6f34-4d9c-90cd-10f7e2455a84 f3baa0386b054bb49786c48deecf0ca6 34be2d8d578e40e5ab980725d311d566 - - default default] Successfully bumped revision number for resource d57dc740-ec04-4c5f-a23e-88bae1aae5e3 (type: security_group_rules) to 0 [pid: 7|app: 0|req: 618/1245] 10.0.0.158 () {34 vars in 695 bytes} [Tue May 19 14:39:00 2026] POST /v2.0/security-group-rules => generated 597 bytes in 173 msecs (HTTP/1.1 201) 4 headers in 162 bytes (1 switches on core 0)
2026-05-19 14:39:00.574 8 WARNING neutron.scheduler.dhcp_agent_scheduler [None req-5318ab97-488c-4b12-b95b-0d756cc77931 daa476eadd2c4e2f87ced5f46eb0dcc4 fa61b20eb17f4e96a00e44f8f4348979 - - default default] No more DHCP agents
2026-05-19 14:39:00.575 8 WARNING neutron.api.rpc.agentnotifiers.dhcp_rpc_agent_api [None req-5318ab97-488c-4b12-b95b-0d756cc77931 daa476eadd2c4e2f87ced5f46eb0dcc4 fa61b20eb17f4e96a00e44f8f4348979 - - default default] Unable to schedule network a667209e-8760-49ba-9512-8cf6c3d3a602: no agents available; will retry on subsequent port and subnet creation events.
2026-05-19 14:39:00.630 7 INFO neutron.plugins.ml2.drivers.ovn.mech_driver.mech_driver [None req-e79e7f20-526f-4a1f-a3fa-1b94d14af36b - - - - - -] OVN reports status down for port: 3bac8cf9-24b2-4b2b-87ae-0f6952e6e1d6
2026-05-19 14:39:00.662 8 INFO neutron.db.ovn_revision_numbers_db [None req-5318ab97-488c-4b12-b95b-0d756cc77931 daa476eadd2c4e2f87ced5f46eb0dcc4 fa61b20eb17f4e96a00e44f8f4348979 - - default default] Successfully bumped revision number for resource 3bac8cf9-24b2-4b2b-87ae-0f6952e6e1d6 (type: ports) to 1 [pid: 8|app: 0|req: 628/1246] 10.0.0.158 () {34 vars in 670 bytes} [Tue May 19 14:39:00 2026] POST /v2.0/networks => generated 673 bytes in 519 msecs (HTTP/1.1 201) 4 headers in 162 bytes (1 switches on core 0)
2026-05-19 14:39:00.711 7 WARNING neutron.scheduler.dhcp_agent_scheduler [None req-82302535-5364-4fd3-ba0a-762a88e753ef 51f7fcf1b8d04e5f8ea9cfb8e4e16ebd c8bc2249d85149288c3e6ee732ee364f - - default default] No more DHCP agents
2026-05-19 14:39:00.714 7 WARNING neutron.api.rpc.agentnotifiers.dhcp_rpc_agent_api [None req-82302535-5364-4fd3-ba0a-762a88e753ef 51f7fcf1b8d04e5f8ea9cfb8e4e16ebd c8bc2249d85149288c3e6ee732ee364f - - default default] Unable to schedule network 4e63474e-5c88-421e-a984-6c0f8604e8ab: no agents available; will retry on subsequent port and subnet creation events.
2026-05-19 14:39:00.800 8 INFO neutron.db.ovn_revision_numbers_db [None req-76e69b6f-19e0-401e-8a63-6e6994241c9d f3baa0386b054bb49786c48deecf0ca6 34be2d8d578e40e5ab980725d311d566 - - default default] Successfully bumped revision number for resource 85a694ed-d492-4116-9d91-017b9c2fd8da (type: security_group_rules) to 0 [pid: 8|app: 0|req: 629/1247] 10.0.0.158 () {34 vars in 695 bytes} [Tue May 19 14:39:00 2026] POST /v2.0/security-group-rules => generated 602 bytes in 142 msecs (HTTP/1.1 201) 4 headers in 162 bytes (1 switches on core 0)
2026-05-19 14:39:01.146 8 INFO neutron.db.ovn_revision_numbers_db [None req-d33e7ed7-b2ba-4453-b2d6-9d9c23f87ec1 bc28454277964a8c82f7f4f7789758a4 738b78492d6647f885bed5cf4b2c5c01 - - default default] Successfully bumped revision number for resource 78d835c4-6c84-49f0-806a-ddd29d2f7bf2 (type: security_groups) to 1
2026-05-19 14:39:01.160 8 INFO neutron.db.ovn_revision_numbers_db [None req-d33e7ed7-b2ba-4453-b2d6-9d9c23f87ec1 bc28454277964a8c82f7f4f7789758a4 738b78492d6647f885bed5cf4b2c5c01 - - default default] Successfully bumped revision number for resource 5619bc13-1148-4697-8c77-f172989407a6 (type: security_group_rules) to 0
2026-05-19 14:39:01.185 8 INFO neutron.db.ovn_revision_numbers_db [None req-d33e7ed7-b2ba-4453-b2d6-9d9c23f87ec1 bc28454277964a8c82f7f4f7789758a4 738b78492d6647f885bed5cf4b2c5c01 - - default default] Successfully bumped revision number for resource cb5c6bf3-ceca-48db-8073-42c7cd60f1d2 (type: security_group_rules) to 0
2026-05-19 14:39:01.197 8 INFO neutron.db.ovn_revision_numbers_db [None req-d33e7ed7-b2ba-4453-b2d6-9d9c23f87ec1 bc28454277964a8c82f7f4f7789758a4 738b78492d6647f885bed5cf4b2c5c01 - - default default] Successfully bumped revision number for resource cf272e42-4ce5-4dfe-ad72-04ad509b7c61 (type: security_group_rules) to 0
2026-05-19 14:39:01.199 7 INFO neutron.db.ovn_revision_numbers_db [None req-82302535-5364-4fd3-ba0a-762a88e753ef 51f7fcf1b8d04e5f8ea9cfb8e4e16ebd c8bc2249d85149288c3e6ee732ee364f - - default default] Successfully bumped revision number for resource b6485e8f-5dd2-4323-82ce-1be28b263851 (type: ports) to 2
2026-05-19 14:39:01.210 8 INFO neutron.db.ovn_revision_numbers_db [None req-d33e7ed7-b2ba-4453-b2d6-9d9c23f87ec1 bc28454277964a8c82f7f4f7789758a4 738b78492d6647f885bed5cf4b2c5c01 - - default default] Successfully bumped revision number for resource f3280670-8a9f-4d0b-b0ee-a9c6966a4b70 (type: security_group_rules) to 0
2026-05-19 14:39:01.228 7 INFO neutron.db.ovn_revision_numbers_db [None req-82302535-5364-4fd3-ba0a-762a88e753ef 51f7fcf1b8d04e5f8ea9cfb8e4e16ebd c8bc2249d85149288c3e6ee732ee364f - - default default] Successfully bumped revision number for resource d2302984-03f8-4233-ad64-392bc19e8d47 (type: subnets) to 0 [pid: 7|app: 0|req: 619/1248] 10.0.0.158 () {34 vars in 669 bytes} [Tue May 19 14:39:00 2026] POST /v2.0/subnets => generated 626 bytes in 759 msecs (HTTP/1.1 201) 4 headers in 162 bytes (1 switches on core 0)
2026-05-19 14:39:01.295 8 INFO neutron.db.segments_db [None req-d33e7ed7-b2ba-4453-b2d6-9d9c23f87ec1 bc28454277964a8c82f7f4f7789758a4 738b78492d6647f885bed5cf4b2c5c01 - - default default] Added segment 506940a9-8c10-46fa-a0fb-6b576825a90d of type geneve for network ecc4f4a9-a104-46e4-a3bc-9231028abeb8
2026-05-19 14:39:01.390 8 INFO neutron.db.ovn_revision_numbers_db [None req-d33e7ed7-b2ba-4453-b2d6-9d9c23f87ec1 bc28454277964a8c82f7f4f7789758a4 738b78492d6647f885bed5cf4b2c5c01 - - default default] Successfully bumped revision number for resource ecc4f4a9-a104-46e4-a3bc-9231028abeb8 (type: networks) to 1
2026-05-19 14:39:01.415 7 WARNING neutron.scheduler.dhcp_agent_scheduler [None req-3062429b-0ecd-4f6a-998a-718796a9d61b daa476eadd2c4e2f87ced5f46eb0dcc4 fa61b20eb17f4e96a00e44f8f4348979 - - default default] No more DHCP agents
2026-05-19 14:39:01.416 7 WARNING neutron.api.rpc.agentnotifiers.dhcp_rpc_agent_api [None req-3062429b-0ecd-4f6a-998a-718796a9d61b daa476eadd2c4e2f87ced5f46eb0dcc4 fa61b20eb17f4e96a00e44f8f4348979 - - default default] Unable to schedule network a667209e-8760-49ba-9512-8cf6c3d3a602: no agents available; will retry on subsequent port and subnet creation events.
2026-05-19 14:39:01.441 7 INFO neutron.db.ovn_revision_numbers_db [None req-3062429b-0ecd-4f6a-998a-718796a9d61b daa476eadd2c4e2f87ced5f46eb0dcc4 fa61b20eb17f4e96a00e44f8f4348979 - - default default] Successfully bumped revision number for resource 35311eb3-2207-4ae3-81c1-1dd228e78b60 (type: subnets) to 0 [pid: 7|app: 0|req: 622/1251] 10.0.0.158 () {34 vars in 669 bytes} [Tue May 19 14:39:01 2026] POST /v2.0/subnets => generated 646 bytes in 205 msecs (HTTP/1.1 201) 4 headers in 162 bytes (1 switches on core 0)
2026-05-19 14:39:01.567 8 WARNING neutron.scheduler.dhcp_agent_scheduler [None req-d33e7ed7-b2ba-4453-b2d6-9d9c23f87ec1 bc28454277964a8c82f7f4f7789758a4 738b78492d6647f885bed5cf4b2c5c01 - - default default] No more DHCP agents
2026-05-19 14:39:01.568 8 WARNING neutron.api.rpc.agentnotifiers.dhcp_rpc_agent_api [None req-d33e7ed7-b2ba-4453-b2d6-9d9c23f87ec1 bc28454277964a8c82f7f4f7789758a4 738b78492d6647f885bed5cf4b2c5c01 - - default default] Unable to schedule network ecc4f4a9-a104-46e4-a3bc-9231028abeb8: no agents available; will retry on subsequent port and subnet creation events.
2026-05-19 14:39:01.657 8 INFO neutron.db.ovn_revision_numbers_db [None req-d33e7ed7-b2ba-4453-b2d6-9d9c23f87ec1 bc28454277964a8c82f7f4f7789758a4 738b78492d6647f885bed5cf4b2c5c01 - - default default] Successfully bumped revision number for resource 5022b220-8058-4070-b034-6b996965ef5b (type: ports) to 1 [pid: 8|app: 0|req: 630/1252] 10.0.0.158 () {34 vars in 670 bytes} [Tue May 19 14:39:00 2026] POST /v2.0/networks => generated 671 bytes in 847 msecs (HTTP/1.1 201) 4 headers in 162 bytes (1 switches on core 0)
2026-05-19 14:39:01.677 7 WARNING neutron.scheduler.dhcp_agent_scheduler [None req-ce7c9204-f053-47c8-a855-d4011a8bcbd9 f3baa0386b054bb49786c48deecf0ca6 34be2d8d578e40e5ab980725d311d566 - - default default] No more DHCP agents
2026-05-19 14:39:01.678 7 WARNING neutron.api.rpc.agentnotifiers.dhcp_rpc_agent_api [None req-ce7c9204-f053-47c8-a855-d4011a8bcbd9 f3baa0386b054bb49786c48deecf0ca6 34be2d8d578e40e5ab980725d311d566 - - default default] Unable to schedule network a167b468-bea9-4933-a8fa-7f87245e2ae0: no agents available; will retry on subsequent port and subnet creation events.
2026-05-19 14:39:01.905 8 WARNING neutron.scheduler.dhcp_agent_scheduler [None req-8bab35bf-58a1-4a17-b687-1fb732e1724f 51f7fcf1b8d04e5f8ea9cfb8e4e16ebd c8bc2249d85149288c3e6ee732ee364f - - default default] No more DHCP agents
2026-05-19 14:39:01.906 8 WARNING neutron.api.rpc.agentnotifiers.dhcp_rpc_agent_api [None req-8bab35bf-58a1-4a17-b687-1fb732e1724f 51f7fcf1b8d04e5f8ea9cfb8e4e16ebd c8bc2249d85149288c3e6ee732ee364f - - default default] Unable to schedule network 4e63474e-5c88-421e-a984-6c0f8604e8ab: no agents available; will retry on subsequent port and subnet creation events. [pid: 7|app: 0|req: 623/1253] 10.0.0.158 () {34 vars in 676 bytes} [Tue May 19 14:39:01 2026] POST /v2.0/floatingips => generated 552 bytes in 486 msecs (HTTP/1.1 201) 4 headers in 162 bytes (1 switches on core 0)
2026-05-19 14:39:02.105 8 INFO neutron.db.ovn_revision_numbers_db [None req-8bab35bf-58a1-4a17-b687-1fb732e1724f 51f7fcf1b8d04e5f8ea9cfb8e4e16ebd c8bc2249d85149288c3e6ee732ee364f - - default default] Successfully bumped revision number for resource 01a881f3-91b0-4966-ac30-bd6a83ab310d (type: ports) to 1 [pid: 8|app: 0|req: 631/1254] 10.0.0.158 () {34 vars in 665 bytes} [Tue May 19 14:39:01 2026] POST /v2.0/ports => generated 911 bytes in 487 msecs (HTTP/1.1 201) 4 headers in 162 bytes (1 switches on core 0)
2026-05-19 14:39:02.189 7 WARNING neutron.scheduler.dhcp_agent_scheduler [None req-304a0c88-7157-435d-a0e8-8c9b3fa95275 daa476eadd2c4e2f87ced5f46eb0dcc4 fa61b20eb17f4e96a00e44f8f4348979 - - default default] No more DHCP agents
2026-05-19 14:39:02.190 7 WARNING neutron.api.rpc.agentnotifiers.dhcp_rpc_agent_api [None req-304a0c88-7157-435d-a0e8-8c9b3fa95275 daa476eadd2c4e2f87ced5f46eb0dcc4 fa61b20eb17f4e96a00e44f8f4348979 - - default default] Unable to schedule network a667209e-8760-49ba-9512-8cf6c3d3a602: no agents available; will retry on subsequent port and subnet creation events.
2026-05-19 14:39:02.245 8 INFO neutron.db.segments_db [None req-49c190ce-05c7-4141-a7f8-cbdd14bb63f9 bc28454277964a8c82f7f4f7789758a4 738b78492d6647f885bed5cf4b2c5c01 - - default default] Added segment 7ff9201d-b0e2-4c79-a0d4-f5cf07a14f71 of type geneve for network 9774474a-d055-4935-b785-12b6c5cd74ee
2026-05-19 14:39:02.289 7 INFO neutron.plugins.ml2.drivers.ovn.mech_driver.mech_driver [None req-e79e7f20-526f-4a1f-a3fa-1b94d14af36b - - - - - -] OVN reports status down for port: 8433995c-84f9-4129-8861-c93b0d89361f
2026-05-19 14:39:02.343 7 INFO neutron.db.ovn_revision_numbers_db [None req-304a0c88-7157-435d-a0e8-8c9b3fa95275 daa476eadd2c4e2f87ced5f46eb0dcc4 fa61b20eb17f4e96a00e44f8f4348979 - - default default] Successfully bumped revision number for resource 8433995c-84f9-4129-8861-c93b0d89361f (type: ports) to 1
2026-05-19 14:39:02.389 8 INFO neutron.db.ovn_revision_numbers_db [None req-49c190ce-05c7-4141-a7f8-cbdd14bb63f9 bc28454277964a8c82f7f4f7789758a4 738b78492d6647f885bed5cf4b2c5c01 - - default default] Successfully bumped revision number for resource 9774474a-d055-4935-b785-12b6c5cd74ee (type: networks) to 1 [pid: 7|app: 0|req: 624/1255] 10.0.0.158 () {34 vars in 665 bytes} [Tue May 19 14:39:01 2026] POST /v2.0/ports => generated 923 bytes in 449 msecs (HTTP/1.1 201) 4 headers in 162 bytes (1 switches on core 0)
2026-05-19 14:39:02.517 7 INFO neutron_taas.services.taas.taas_plugin [None req-759f61b7-379f-4529-a509-c79144728059 51f7fcf1b8d04e5f8ea9cfb8e4e16ebd c8bc2249d85149288c3e6ee732ee364f - - default default] TaaS: Handle Delete Port: 01a881f3-91b0-4966-ac30-bd6a83ab310d
2026-05-19 14:39:02.521 7 INFO neutron_taas.services.taas.tap_mirror_plugin [None req-759f61b7-379f-4529-a509-c79144728059 51f7fcf1b8d04e5f8ea9cfb8e4e16ebd c8bc2249d85149288c3e6ee732ee364f - - default default] Tap Mirror: Handle Delete Port: 01a881f3-91b0-4966-ac30-bd6a83ab310d
2026-05-19 14:39:02.548 8 WARNING neutron.scheduler.dhcp_agent_scheduler [None req-49c190ce-05c7-4141-a7f8-cbdd14bb63f9 bc28454277964a8c82f7f4f7789758a4 738b78492d6647f885bed5cf4b2c5c01 - - default default] No more DHCP agents
2026-05-19 14:39:02.550 8 WARNING neutron.api.rpc.agentnotifiers.dhcp_rpc_agent_api [None req-49c190ce-05c7-4141-a7f8-cbdd14bb63f9 bc28454277964a8c82f7f4f7789758a4 738b78492d6647f885bed5cf4b2c5c01 - - default default] Unable to schedule network 9774474a-d055-4935-b785-12b6c5cd74ee: no agents available; will retry on subsequent port and subnet creation events.
2026-05-19 14:39:02.608 7 INFO neutron.plugins.ml2.drivers.ovn.mech_driver.mech_driver [None req-e79e7f20-526f-4a1f-a3fa-1b94d14af36b - - - - - -] OVN reports status down for port: de92bed0-de25-498e-b191-910ce577936a
2026-05-19 14:39:02.629 8 INFO neutron.db.ovn_revision_numbers_db [None req-49c190ce-05c7-4141-a7f8-cbdd14bb63f9 bc28454277964a8c82f7f4f7789758a4 738b78492d6647f885bed5cf4b2c5c01 - - default default] Successfully bumped revision number for resource de92bed0-de25-498e-b191-910ce577936a (type: ports) to 1 [pid: 8|app: 0|req: 632/1256] 10.0.0.158 () {34 vars in 670 bytes} [Tue May 19 14:39:02 2026] POST /v2.0/networks => generated 672 bytes in 484 msecs (HTTP/1.1 201) 4 headers in 162 bytes (1 switches on core 0)
