May 15 00:59:21.817811 np0000174286 nova-conductor[110239]: DEBUG cotyledon.oslo_config_glue [-] vmware.vnc_port_total = 10000 {{(pid=110239) log_opt_values /opt/stack/data/venv/lib/python3.12/site-packages/oslo_config/cfg.py:3006}}
May 15 00:59:21.817811 np0000174286 nova-conductor[110239]: DEBUG cotyledon.oslo_config_glue [-] vnc.auth_schemes = ['none'] {{(pid=110239) log_opt_values /opt/stack/data/venv/lib/python3.12/site-packages/oslo_config/cfg.py:3006}}
May 15 00:59:21.817811 np0000174286 nova-conductor[110239]: DEBUG cotyledon.oslo_config_glue [-] vnc.enabled = True {{(pid=110239) log_opt_values /opt/stack/data/venv/lib/python3.12/site-packages/oslo_config/cfg.py:3006}}
May 15 00:59:21.817811 np0000174286 nova-conductor[110239]: DEBUG cotyledon.oslo_config_glue [-] vnc.novncproxy_base_url = http://127.0.0.1:6080/vnc_auto.html {{(pid=110239) log_opt_values /opt/stack/data/venv/lib/python3.12/site-packages/oslo_config/cfg.py:3006}}
May 15 00:59:21.817811 np0000174286 nova-conductor[110239]: DEBUG cotyledon.oslo_config_glue [-] vnc.novncproxy_host = 0.0.0.0 {{(pid=110239) log_opt_values /opt/stack/data/venv/lib/python3.12/site-packages/oslo_config/cfg.py:3006}}
May 15 00:59:21.818012 np0000174286 nova-conductor[110239]: DEBUG cotyledon.oslo_config_glue [-] vnc.novncproxy_port = 6080 {{(pid=110239) log_opt_values /opt/stack/data/venv/lib/python3.12/site-packages/oslo_config/cfg.py:3006}}
May 15 00:59:21.818012 np0000174286 nova-conductor[110239]: DEBUG cotyledon.oslo_config_glue [-] vnc.server_listen = 127.0.0.1 {{(pid=110239) log_opt_values /opt/stack/data/venv/lib/python3.12/site-packages/oslo_config/cfg.py:3006}}
May 15 00:59:21.818012 np0000174286 nova-conductor[110239]: DEBUG cotyledon.oslo_config_glue [-] vnc.server_proxyclient_address = 127.0.0.1 {{(pid=110239) log_opt_values /opt/stack/data/venv/lib/python3.12/site-packages/oslo_config/cfg.py:3006}}
May 15 00:59:21.818012 np0000174286 nova-conductor[110239]: DEBUG cotyledon.oslo_config_glue [-] vnc.vencrypt_ca_certs = None {{(pid=110239) log_opt_values /opt/stack/data/venv/lib/python3.12/site-packages/oslo_config/cfg.py:3006}}
May 15 00:59:21.818012 np0000174286 nova-conductor[110239]: DEBUG cotyledon.oslo_config_glue [-] vnc.vencrypt_client_cert = None {{(pid=110239) log_opt_values /opt/stack/data/venv/lib/python3.12/site-packages/oslo_config/cfg.py:3006}}
May 15 00:59:21.818012 np0000174286 nova-conductor[110239]: DEBUG cotyledon.oslo_config_glue [-] vnc.vencrypt_client_key = None {{(pid=110239) log_opt_values /opt/stack/data/venv/lib/python3.12/site-packages/oslo_config/cfg.py:3006}}
May 15 00:59:21.818012 np0000174286 nova-conductor[110239]: DEBUG cotyledon.oslo_config_glue [-] workarounds.disable_compute_service_check_for_ffu = False {{(pid=110239) log_opt_values /opt/stack/data/venv/lib/python3.12/site-packages/oslo_config/cfg.py:3006}}
May 15 00:59:21.818012 np0000174286 nova-conductor[110239]: DEBUG cotyledon.oslo_config_glue [-] workarounds.disable_deep_image_inspection = False {{(pid=110239) log_opt_values /opt/stack/data/venv/lib/python3.12/site-packages/oslo_config/cfg.py:3006}}
May 15 00:59:21.818012 np0000174286 nova-conductor[110239]: DEBUG cotyledon.oslo_config_glue [-] workarounds.disable_fallback_pcpu_query = False {{(pid=110239) log_opt_values /opt/stack/data/venv/lib/python3.12/site-packages/oslo_config/cfg.py:3006}}
May 15 00:59:21.818218 np0000174286 nova-conductor[110239]: DEBUG cotyledon.oslo_config_glue [-] workarounds.disable_group_policy_check_upcall = False {{(pid=110239) log_opt_values /opt/stack/data/venv/lib/python3.12/site-packages/oslo_config/cfg.py:3006}}
May 15 00:59:21.818218 np0000174286 nova-conductor[110239]: DEBUG cotyledon.oslo_config_glue [-] workarounds.disable_libvirt_livesnapshot = False {{(pid=110239) log_opt_values /opt/stack/data/venv/lib/python3.12/site-packages/oslo_config/cfg.py:3006}}
May 15 00:59:21.818218 np0000174286 nova-conductor[110239]: DEBUG cotyledon.oslo_config_glue [-] workarounds.disable_rootwrap = False {{(pid=110239) log_opt_values /opt/stack/data/venv/lib/python3.12/site-packages/oslo_config/cfg.py:3006}}
May 15 00:59:21.818218 np0000174286 nova-conductor[110239]: DEBUG cotyledon.oslo_config_glue [-] workarounds.enable_numa_live_migration = False {{(pid=110239) log_opt_values /opt/stack/data/venv/lib/python3.12/site-packages/oslo_config/cfg.py:3006}}
May 15 00:59:21.818218 np0000174286 nova-conductor[110239]: DEBUG cotyledon.oslo_config_glue [-] workarounds.enable_qemu_monitor_announce_self = False {{(pid=110239) log_opt_values /opt/stack/data/venv/lib/python3.12/site-packages/oslo_config/cfg.py:3006}}
May 15 00:59:21.818218 np0000174286 nova-conductor[110239]: DEBUG cotyledon.oslo_config_glue [-] workarounds.ensure_libvirt_rbd_instance_dir_cleanup = False {{(pid=110239) log_opt_values /opt/stack/data/venv/lib/python3.12/site-packages/oslo_config/cfg.py:3006}}
May 15 00:59:21.818218 np0000174286 nova-conductor[110239]: DEBUG cotyledon.oslo_config_glue [-] workarounds.handle_virt_lifecycle_events = True {{(pid=110239) log_opt_values /opt/stack/data/venv/lib/python3.12/site-packages/oslo_config/cfg.py:3006}}
May 15 00:59:21.818218 np0000174286 nova-conductor[110239]: DEBUG cotyledon.oslo_config_glue [-] workarounds.libvirt_disable_apic = False {{(pid=110239) log_opt_values /opt/stack/data/venv/lib/python3.12/site-packages/oslo_config/cfg.py:3006}}
May 15 00:59:21.818218 np0000174286 nova-conductor[110239]: DEBUG cotyledon.oslo_config_glue [-] workarounds.never_download_image_if_on_rbd = False {{(pid=110239) log_opt_values /opt/stack/data/venv/lib/python3.12/site-packages/oslo_config/cfg.py:3006}}
May 15 00:59:21.818428 np0000174286 nova-conductor[110239]: DEBUG cotyledon.oslo_config_glue [-] workarounds.qemu_monitor_announce_self_count = 3 {{(pid=110239) log_opt_values /opt/stack/data/venv/lib/python3.12/site-packages/oslo_config/cfg.py:3006}}
May 15 00:59:21.818428 np0000174286 nova-conductor[110239]: DEBUG cotyledon.oslo_config_glue [-] workarounds.qemu_monitor_announce_self_interval = 1 {{(pid=110239) log_opt_values /opt/stack/data/venv/lib/python3.12/site-packages/oslo_config/cfg.py:3006}}
May 15 00:59:21.818428 np0000174286 nova-conductor[110239]: DEBUG cotyledon.oslo_config_glue [-] workarounds.reserve_disk_resource_for_image_cache = False {{(pid=110239) log_opt_values /opt/stack/data/venv/lib/python3.12/site-packages/oslo_config/cfg.py:3006}}
May 15 00:59:21.818428 np0000174286 nova-conductor[110239]: DEBUG cotyledon.oslo_config_glue [-] workarounds.skip_cpu_compare_at_startup = False {{(pid=110239) log_opt_values /opt/stack/data/venv/lib/python3.12/site-packages/oslo_config/cfg.py:3006}}
May 15 00:59:21.818428 np0000174286 nova-conductor[110239]: DEBUG cotyledon.oslo_config_glue [-] workarounds.skip_cpu_compare_on_dest = False {{(pid=110239) log_opt_values /opt/stack/data/venv/lib/python3.12/site-packages/oslo_config/cfg.py:3006}}
May 15 00:59:21.818428 np0000174286 nova-conductor[110239]: DEBUG cotyledon.oslo_config_glue [-] workarounds.skip_hypervisor_version_check_on_lm = False {{(pid=110239) log_opt_values /opt/stack/data/venv/lib/python3.12/site-packages/oslo_config/cfg.py:3006}}
May 15 00:59:21.818428 np0000174286 nova-conductor[110239]: DEBUG cotyledon.oslo_config_glue [-] workarounds.skip_reserve_in_use_ironic_nodes = False {{(pid=110239) log_opt_values /opt/stack/data/venv/lib/python3.12/site-packages/oslo_config/cfg.py:3006}}
May 15 00:59:21.818428 np0000174286 nova-conductor[110239]: DEBUG cotyledon.oslo_config_glue [-] workarounds.unified_limits_count_pcpu_as_vcpu = False {{(pid=110239) log_opt_values /opt/stack/data/venv/lib/python3.12/site-packages/oslo_config/cfg.py:3006}}
May 15 00:59:21.818638 np0000174286 nova-conductor[110239]: DEBUG cotyledon.oslo_config_glue [-] workarounds.wait_for_vif_plugged_event_during_hard_reboot = [] {{(pid=110239) log_opt_values /opt/stack/data/venv/lib/python3.12/site-packages/oslo_config/cfg.py:3006}}
May 15 00:59:21.818638 np0000174286 nova-conductor[110239]: DEBUG cotyledon.oslo_config_glue [-] wsgi.api_paste_config = /etc/nova/api-paste.ini {{(pid=110239) log_opt_values /opt/stack/data/venv/lib/python3.12/site-packages/oslo_config/cfg.py:3006}}
May 15 00:59:21.818638 np0000174286 nova-conductor[110239]: DEBUG cotyledon.oslo_config_glue [-] wsgi.secure_proxy_ssl_header = None {{(pid=110239) log_opt_values /opt/stack/data/venv/lib/python3.12/site-packages/oslo_config/cfg.py:3006}}
May 15 00:59:21.818638 np0000174286 nova-conductor[110239]: DEBUG cotyledon.oslo_config_glue [-] zvm.ca_file = None {{(pid=110239) log_opt_values /opt/stack/data/venv/lib/python3.12/site-packages/oslo_config/cfg.py:3006}}
May 15 00:59:21.818638 np0000174286 nova-conductor[110239]: DEBUG cotyledon.oslo_config_glue [-] zvm.cloud_connector_url = None {{(pid=110239) log_opt_values /opt/stack/data/venv/lib/python3.12/site-packages/oslo_config/cfg.py:3006}}
May 15 00:59:21.818638 np0000174286 nova-conductor[110239]: DEBUG cotyledon.oslo_config_glue [-] zvm.image_tmp_path = /opt/stack/data/nova/images {{(pid=110239) log_opt_values /opt/stack/data/venv/lib/python3.12/site-packages/oslo_config/cfg.py:3006}}
May 15 00:59:21.818638 np0000174286 nova-conductor[110239]: DEBUG cotyledon.oslo_config_glue [-] zvm.reachable_timeout = 300 {{(pid=110239) log_opt_values /opt/stack/data/venv/lib/python3.12/site-packages/oslo_config/cfg.py:3006}}
May 15 00:59:21.818638 np0000174286 nova-conductor[110239]: DEBUG cotyledon.oslo_config_glue [-] oslo_versionedobjects.fatal_exception_format_errors = False {{(pid=110239) log_opt_values /opt/stack/data/venv/lib/python3.12/site-packages/oslo_config/cfg.py:3006}}
May 15 00:59:21.818638 np0000174286 nova-conductor[110239]: DEBUG cotyledon.oslo_config_glue [-] oslo_middleware.http_basic_auth_user_file = /etc/htpasswd {{(pid=110239) log_opt_values /opt/stack/data/venv/lib/python3.12/site-packages/oslo_config/cfg.py:3006}}
May 15 00:59:21.818850 np0000174286 nova-conductor[110239]: DEBUG cotyledon.oslo_config_glue [-] profiler.connection_string = messaging:// {{(pid=110239) log_opt_values /opt/stack/data/venv/lib/python3.12/site-packages/oslo_config/cfg.py:3006}}
May 15 00:59:21.818850 np0000174286 nova-conductor[110239]: DEBUG cotyledon.oslo_config_glue [-] profiler.enabled = False {{(pid=110239) log_opt_values /opt/stack/data/venv/lib/python3.12/site-packages/oslo_config/cfg.py:3006}}
May 15 00:59:21.818850 np0000174286 nova-conductor[110239]: DEBUG cotyledon.oslo_config_glue [-] profiler.es_doc_type = notification {{(pid=110239) log_opt_values /opt/stack/data/venv/lib/python3.12/site-packages/oslo_config/cfg.py:3006}}
May 15 00:59:21.818850 np0000174286 nova-conductor[110239]: DEBUG cotyledon.oslo_config_glue [-] profiler.es_scroll_size = 10000 {{(pid=110239) log_opt_values /opt/stack/data/venv/lib/python3.12/site-packages/oslo_config/cfg.py:3006}}
May 15 00:59:21.818850 np0000174286 nova-conductor[110239]: DEBUG cotyledon.oslo_config_glue [-] profiler.es_scroll_time = 2m {{(pid=110239) log_opt_values /opt/stack/data/venv/lib/python3.12/site-packages/oslo_config/cfg.py:3006}}
May 15 00:59:21.818850 np0000174286 nova-conductor[110239]: DEBUG cotyledon.oslo_config_glue [-] profiler.filter_error_trace = False {{(pid=110239) log_opt_values /opt/stack/data/venv/lib/python3.12/site-packages/oslo_config/cfg.py:3006}}
May 15 00:59:21.818850 np0000174286 nova-conductor[110239]: DEBUG cotyledon.oslo_config_glue [-] profiler.hmac_keys = **** {{(pid=110239) log_opt_values /opt/stack/data/venv/lib/python3.12/site-packages/oslo_config/cfg.py:3006}}
May 15 00:59:21.818850 np0000174286 nova-conductor[110239]: DEBUG cotyledon.oslo_config_glue [-] profiler.sentinel_service_name = mymaster {{(pid=110239) log_opt_values /opt/stack/data/venv/lib/python3.12/site-packages/oslo_config/cfg.py:3006}}
May 15 00:59:21.818850 np0000174286 nova-conductor[110239]: DEBUG cotyledon.oslo_config_glue [-] profiler.socket_timeout = 0.1 {{(pid=110239) log_opt_values /opt/stack/data/venv/lib/python3.12/site-packages/oslo_config/cfg.py:3006}}
May 15 00:59:21.819062 np0000174286 nova-conductor[110239]: DEBUG cotyledon.oslo_config_glue [-] profiler.trace_requests = False {{(pid=110239) log_opt_values /opt/stack/data/venv/lib/python3.12/site-packages/oslo_config/cfg.py:3006}}
May 15 00:59:21.819062 np0000174286 nova-conductor[110239]: DEBUG cotyledon.oslo_config_glue [-] profiler.trace_sqlalchemy = False {{(pid=110239) log_opt_values /opt/stack/data/venv/lib/python3.12/site-packages/oslo_config/cfg.py:3006}}
May 15 00:59:21.819062 np0000174286 nova-conductor[110239]: DEBUG cotyledon.oslo_config_glue [-] profiler_jaeger.process_tags = {} {{(pid=110239) log_opt_values /opt/stack/data/venv/lib/python3.12/site-packages/oslo_config/cfg.py:3006}}
May 15 00:59:21.819062 np0000174286 nova-conductor[110239]: DEBUG cotyledon.oslo_config_glue [-] profiler_jaeger.service_name_prefix = None {{(pid=110239) log_opt_values /opt/stack/data/venv/lib/python3.12/site-packages/oslo_config/cfg.py:3006}}
May 15 00:59:21.819062 np0000174286 nova-conductor[110239]: DEBUG cotyledon.oslo_config_glue [-] profiler_otlp.service_name_prefix = None {{(pid=110239) log_opt_values /opt/stack/data/venv/lib/python3.12/site-packages/oslo_config/cfg.py:3006}}
May 15 00:59:21.819062 np0000174286 nova-conductor[110239]: DEBUG cotyledon.oslo_config_glue [-] oslo_messaging_rabbit.amqp_auto_delete = False {{(pid=110239) log_opt_values /opt/stack/data/venv/lib/python3.12/site-packages/oslo_config/cfg.py:3006}}
May 15 00:59:21.819062 np0000174286 nova-conductor[110239]: DEBUG cotyledon.oslo_config_glue [-] oslo_messaging_rabbit.amqp_durable_queues = False {{(pid=110239) log_opt_values /opt/stack/data/venv/lib/python3.12/site-packages/oslo_config/cfg.py:3006}}
May 15 00:59:21.819062 np0000174286 nova-conductor[110239]: DEBUG cotyledon.oslo_config_glue [-] oslo_messaging_rabbit.conn_pool_min_size = 2 {{(pid=110239) log_opt_values /opt/stack/data/venv/lib/python3.12/site-packages/oslo_config/cfg.py:3006}}
May 15 00:59:21.819062 np0000174286 nova-conductor[110239]: DEBUG cotyledon.oslo_config_glue [-] oslo_messaging_rabbit.conn_pool_ttl = 1200 {{(pid=110239) log_opt_values /opt/stack/data/venv/lib/python3.12/site-packages/oslo_config/cfg.py:3006}}
May 15 00:59:21.819271 np0000174286 nova-conductor[110239]: DEBUG cotyledon.oslo_config_glue [-] oslo_messaging_rabbit.direct_mandatory_flag = True {{(pid=110239) log_opt_values /opt/stack/data/venv/lib/python3.12/site-packages/oslo_config/cfg.py:3006}}
May 15 00:59:21.819271 np0000174286 nova-conductor[110239]: DEBUG cotyledon.oslo_config_glue [-] oslo_messaging_rabbit.enable_cancel_on_failover = False {{(pid=110239) log_opt_values /opt/stack/data/venv/lib/python3.12/site-packages/oslo_config/cfg.py:3006}}
May 15 00:59:21.819271 np0000174286 nova-conductor[110239]: DEBUG cotyledon.oslo_config_glue [-] oslo_messaging_rabbit.heartbeat_in_pthread = False {{(pid=110239) log_opt_values /opt/stack/data/venv/lib/python3.12/site-packages/oslo_config/cfg.py:3006}}
May 15 00:59:21.819271 np0000174286 nova-conductor[110239]: DEBUG cotyledon.oslo_config_glue [-] oslo_messaging_rabbit.heartbeat_rate = 3 {{(pid=110239) log_opt_values /opt/stack/data/venv/lib/python3.12/site-packages/oslo_config/cfg.py:3006}}
May 15 00:59:21.819271 np0000174286 nova-conductor[110239]: DEBUG cotyledon.oslo_config_glue [-] oslo_messaging_rabbit.heartbeat_timeout_threshold = 60 {{(pid=110239) log_opt_values /opt/stack/data/venv/lib/python3.12/site-packages/oslo_config/cfg.py:3006}}
May 15 00:59:21.819271 np0000174286 nova-conductor[110239]: DEBUG cotyledon.oslo_config_glue [-] oslo_messaging_rabbit.hostname = np0000174286 {{(pid=110239) log_opt_values /opt/stack/data/venv/lib/python3.12/site-packages/oslo_config/cfg.py:3006}}
May 15 00:59:21.819271 np0000174286 nova-conductor[110239]: DEBUG cotyledon.oslo_config_glue [-] oslo_messaging_rabbit.kombu_compression = None {{(pid=110239) log_opt_values /opt/stack/data/venv/lib/python3.12/site-packages/oslo_config/cfg.py:3006}}
May 15 00:59:21.819271 np0000174286 nova-conductor[110239]: DEBUG cotyledon.oslo_config_glue [-] oslo_messaging_rabbit.kombu_failover_strategy = round-robin {{(pid=110239) log_opt_values /opt/stack/data/venv/lib/python3.12/site-packages/oslo_config/cfg.py:3006}}
May 15 00:59:21.819468 np0000174286 nova-conductor[110239]: DEBUG cotyledon.oslo_config_glue [-] oslo_messaging_rabbit.kombu_missing_consumer_retry_timeout = 60 {{(pid=110239) log_opt_values /opt/stack/data/venv/lib/python3.12/site-packages/oslo_config/cfg.py:3006}}
May 15 00:59:21.819468 np0000174286 nova-conductor[110239]: DEBUG cotyledon.oslo_config_glue [-] oslo_messaging_rabbit.kombu_reconnect_delay = 1.0 {{(pid=110239) log_opt_values /opt/stack/data/venv/lib/python3.12/site-packages/oslo_config/cfg.py:3006}}
May 15 00:59:21.819468 np0000174286 nova-conductor[110239]: DEBUG cotyledon.oslo_config_glue [-] oslo_messaging_rabbit.kombu_reconnect_splay = 0.0 {{(pid=110239) log_opt_values /opt/stack/data/venv/lib/python3.12/site-packages/oslo_config/cfg.py:3006}}
May 15 00:59:21.819468 np0000174286 nova-conductor[110239]: DEBUG cotyledon.oslo_config_glue [-] oslo_messaging_rabbit.processname = nova-conductor {{(pid=110239) log_opt_values /opt/stack/data/venv/lib/python3.12/site-packages/oslo_config/cfg.py:3006}}
May 15 00:59:21.819468 np0000174286 nova-conductor[110239]: DEBUG cotyledon.oslo_config_glue [-] oslo_messaging_rabbit.rabbit_ha_queues = False {{(pid=110239) log_opt_values /opt/stack/data/venv/lib/python3.12/site-packages/oslo_config/cfg.py:3006}}
May 15 00:59:21.819468 np0000174286 nova-conductor[110239]: DEBUG cotyledon.oslo_config_glue [-] oslo_messaging_rabbit.rabbit_interval_max = 30 {{(pid=110239) log_opt_values /opt/stack/data/venv/lib/python3.12/site-packages/oslo_config/cfg.py:3006}}
May 15 00:59:21.819468 np0000174286 nova-conductor[110239]: DEBUG cotyledon.oslo_config_glue [-] oslo_messaging_rabbit.rabbit_login_method = AMQPLAIN {{(pid=110239) log_opt_values /opt/stack/data/venv/lib/python3.12/site-packages/oslo_config/cfg.py:3006}}
May 15 00:59:21.819468 np0000174286 nova-conductor[110239]: DEBUG cotyledon.oslo_config_glue [-] oslo_messaging_rabbit.rabbit_qos_prefetch_count = 0 {{(pid=110239) log_opt_values /opt/stack/data/venv/lib/python3.12/site-packages/oslo_config/cfg.py:3006}}
May 15 00:59:21.819669 np0000174286 nova-conductor[110239]: DEBUG cotyledon.oslo_config_glue [-] oslo_messaging_rabbit.rabbit_quorum_delivery_limit = 0 {{(pid=110239) log_opt_values /opt/stack/data/venv/lib/python3.12/site-packages/oslo_config/cfg.py:3006}}
May 15 00:59:21.819669 np0000174286 nova-conductor[110239]: DEBUG cotyledon.oslo_config_glue [-] oslo_messaging_rabbit.rabbit_quorum_max_memory_bytes = 0 {{(pid=110239) log_opt_values /opt/stack/data/venv/lib/python3.12/site-packages/oslo_config/cfg.py:3006}}
May 15 00:59:21.819669 np0000174286 nova-conductor[110239]: DEBUG cotyledon.oslo_config_glue [-] oslo_messaging_rabbit.rabbit_quorum_max_memory_length = 0 {{(pid=110239) log_opt_values /opt/stack/data/venv/lib/python3.12/site-packages/oslo_config/cfg.py:3006}}
May 15 00:59:21.819669 np0000174286 nova-conductor[110239]: DEBUG cotyledon.oslo_config_glue [-] oslo_messaging_rabbit.rabbit_quorum_queue = False {{(pid=110239) log_opt_values /opt/stack/data/venv/lib/python3.12/site-packages/oslo_config/cfg.py:3006}}
May 15 00:59:21.819669 np0000174286 nova-conductor[110239]: DEBUG cotyledon.oslo_config_glue [-] oslo_messaging_rabbit.rabbit_retry_backoff = 2 {{(pid=110239) log_opt_values /opt/stack/data/venv/lib/python3.12/site-packages/oslo_config/cfg.py:3006}}
May 15 00:59:21.819669 np0000174286 nova-conductor[110239]: DEBUG cotyledon.oslo_config_glue [-] oslo_messaging_rabbit.rabbit_retry_interval = 1 {{(pid=110239) log_opt_values /opt/stack/data/venv/lib/python3.12/site-packages/oslo_config/cfg.py:3006}}
May 15 00:59:21.819669 np0000174286 nova-conductor[110239]: DEBUG cotyledon.oslo_config_glue [-] oslo_messaging_rabbit.rabbit_stream_fanout = False {{(pid=110239) log_opt_values /opt/stack/data/venv/lib/python3.12/site-packages/oslo_config/cfg.py:3006}}
May 15 00:59:21.819669 np0000174286 nova-conductor[110239]: DEBUG cotyledon.oslo_config_glue [-] oslo_messaging_rabbit.rabbit_transient_queues_ttl = 1800 {{(pid=110239) log_opt_values /opt/stack/data/venv/lib/python3.12/site-packages/oslo_config/cfg.py:3006}}
May 15 00:59:21.819859 np0000174286 nova-conductor[110239]: DEBUG cotyledon.oslo_config_glue [-] oslo_messaging_rabbit.rabbit_transient_quorum_queue = False {{(pid=110239) log_opt_values /opt/stack/data/venv/lib/python3.12/site-packages/oslo_config/cfg.py:3006}}
May 15 00:59:21.819859 np0000174286 nova-conductor[110239]: DEBUG cotyledon.oslo_config_glue [-] oslo_messaging_rabbit.rpc_conn_pool_size = 30 {{(pid=110239) log_opt_values /opt/stack/data/venv/lib/python3.12/site-packages/oslo_config/cfg.py:3006}}
May 15 00:59:21.819859 np0000174286 nova-conductor[110239]: DEBUG cotyledon.oslo_config_glue [-] oslo_messaging_rabbit.ssl = False {{(pid=110239) log_opt_values /opt/stack/data/venv/lib/python3.12/site-packages/oslo_config/cfg.py:3006}}
May 15 00:59:21.819859 np0000174286 nova-conductor[110239]: DEBUG cotyledon.oslo_config_glue [-] oslo_messaging_rabbit.ssl_ca_file = {{(pid=110239) log_opt_values /opt/stack/data/venv/lib/python3.12/site-packages/oslo_config/cfg.py:3006}}
May 15 00:59:21.819859 np0000174286 nova-conductor[110239]: DEBUG cotyledon.oslo_config_glue [-] oslo_messaging_rabbit.ssl_cert_file = {{(pid=110239) log_opt_values /opt/stack/data/venv/lib/python3.12/site-packages/oslo_config/cfg.py:3006}}
May 15 00:59:21.819859 np0000174286 nova-conductor[110239]: DEBUG cotyledon.oslo_config_glue [-] oslo_messaging_rabbit.ssl_enforce_fips_mode = False {{(pid=110239) log_opt_values /opt/stack/data/venv/lib/python3.12/site-packages/oslo_config/cfg.py:3006}}
May 15 00:59:21.819859 np0000174286 nova-conductor[110239]: DEBUG cotyledon.oslo_config_glue [-] oslo_messaging_rabbit.ssl_key_file = {{(pid=110239) log_opt_values /opt/stack/data/venv/lib/python3.12/site-packages/oslo_config/cfg.py:3006}}
May 15 00:59:21.819859 np0000174286 nova-conductor[110239]: DEBUG cotyledon.oslo_config_glue [-] oslo_messaging_rabbit.ssl_version = {{(pid=110239) log_opt_values /opt/stack/data/venv/lib/python3.12/site-packages/oslo_config/cfg.py:3006}}
May 15 00:59:21.819859 np0000174286 nova-conductor[110239]: DEBUG cotyledon.oslo_config_glue [-] oslo_messaging_rabbit.use_queue_manager = False {{(pid=110239) log_opt_values /opt/stack/data/venv/lib/python3.12/site-packages/oslo_config/cfg.py:3006}}
May 15 00:59:21.820055 np0000174286 nova-conductor[110239]: DEBUG cotyledon.oslo_config_glue [-] oslo_messaging_notifications.driver = ['messagingv2'] {{(pid=110239) log_opt_values /opt/stack/data/venv/lib/python3.12/site-packages/oslo_config/cfg.py:3006}}
May 15 00:59:21.820055 np0000174286 nova-conductor[110239]: DEBUG cotyledon.oslo_config_glue [-] oslo_messaging_notifications.retry = -1 {{(pid=110239) log_opt_values /opt/stack/data/venv/lib/python3.12/site-packages/oslo_config/cfg.py:3006}}
May 15 00:59:21.820055 np0000174286 nova-conductor[110239]: DEBUG cotyledon.oslo_config_glue [-] oslo_messaging_notifications.topics = ['notifications'] {{(pid=110239) log_opt_values /opt/stack/data/venv/lib/python3.12/site-packages/oslo_config/cfg.py:3006}}
May 15 00:59:21.820055 np0000174286 nova-conductor[110239]: DEBUG cotyledon.oslo_config_glue [-] oslo_messaging_notifications.transport_url = **** {{(pid=110239) log_opt_values /opt/stack/data/venv/lib/python3.12/site-packages/oslo_config/cfg.py:3006}}
May 15 00:59:21.820055 np0000174286 nova-conductor[110239]: DEBUG cotyledon.oslo_config_glue [-] oslo_limit.auth_section = None {{(pid=110239) log_opt_values /opt/stack/data/venv/lib/python3.12/site-packages/oslo_config/cfg.py:3006}}
May 15 00:59:21.820055 np0000174286 nova-conductor[110239]: DEBUG cotyledon.oslo_config_glue [-] oslo_limit.auth_type = None {{(pid=110239) log_opt_values /opt/stack/data/venv/lib/python3.12/site-packages/oslo_config/cfg.py:3006}}
May 15 00:59:21.820055 np0000174286 nova-conductor[110239]: DEBUG cotyledon.oslo_config_glue [-] oslo_limit.cafile = None {{(pid=110239) log_opt_values /opt/stack/data/venv/lib/python3.12/site-packages/oslo_config/cfg.py:3006}}
May 15 00:59:21.820055 np0000174286 nova-conductor[110239]: DEBUG cotyledon.oslo_config_glue [-] oslo_limit.certfile = None {{(pid=110239) log_opt_values /opt/stack/data/venv/lib/python3.12/site-packages/oslo_config/cfg.py:3006}}
May 15 00:59:21.820055 np0000174286 nova-conductor[110239]: DEBUG cotyledon.oslo_config_glue [-] oslo_limit.collect_timing = False {{(pid=110239) log_opt_values /opt/stack/data/venv/lib/python3.12/site-packages/oslo_config/cfg.py:3006}}
May 15 00:59:21.820261 np0000174286 nova-conductor[110239]: DEBUG cotyledon.oslo_config_glue [-] oslo_limit.connect_retries = None {{(pid=110239) log_opt_values /opt/stack/data/venv/lib/python3.12/site-packages/oslo_config/cfg.py:3006}}
May 15 00:59:21.820261 np0000174286 nova-conductor[110239]: DEBUG cotyledon.oslo_config_glue [-] oslo_limit.connect_retry_delay = None {{(pid=110239) log_opt_values /opt/stack/data/venv/lib/python3.12/site-packages/oslo_config/cfg.py:3006}}
May 15 00:59:21.820261 np0000174286 nova-conductor[110239]: DEBUG cotyledon.oslo_config_glue [-] oslo_limit.endpoint_id = None {{(pid=110239) log_opt_values /opt/stack/data/venv/lib/python3.12/site-packages/oslo_config/cfg.py:3006}}
May 15 00:59:21.820261 np0000174286 nova-conductor[110239]: DEBUG cotyledon.oslo_config_glue [-] oslo_limit.endpoint_interface = public {{(pid=110239) log_opt_values /opt/stack/data/venv/lib/python3.12/site-packages/oslo_config/cfg.py:3006}}
May 15 00:59:21.820261 np0000174286 nova-conductor[110239]: DEBUG cotyledon.oslo_config_glue [-] oslo_limit.endpoint_override = None {{(pid=110239) log_opt_values /opt/stack/data/venv/lib/python3.12/site-packages/oslo_config/cfg.py:3006}}
May 15 00:59:21.820261 np0000174286 nova-conductor[110239]: DEBUG cotyledon.oslo_config_glue [-] oslo_limit.endpoint_region_name = None {{(pid=110239) log_opt_values /opt/stack/data/venv/lib/python3.12/site-packages/oslo_config/cfg.py:3006}}
May 15 00:59:21.820261 np0000174286 nova-conductor[110239]: DEBUG cotyledon.oslo_config_glue [-] oslo_limit.endpoint_service_name = None {{(pid=110239) log_opt_values /opt/stack/data/venv/lib/python3.12/site-packages/oslo_config/cfg.py:3006}}
May 15 00:59:21.820261 np0000174286 nova-conductor[110239]: DEBUG cotyledon.oslo_config_glue [-] oslo_limit.endpoint_service_type = None {{(pid=110239) log_opt_values /opt/stack/data/venv/lib/python3.12/site-packages/oslo_config/cfg.py:3006}}
May 15 00:59:21.820261 np0000174286 nova-conductor[110239]: DEBUG cotyledon.oslo_config_glue [-] oslo_limit.insecure = False {{(pid=110239) log_opt_values /opt/stack/data/venv/lib/python3.12/site-packages/oslo_config/cfg.py:3006}}
May 15 00:59:21.820476 np0000174286 nova-conductor[110239]: DEBUG cotyledon.oslo_config_glue [-] oslo_limit.keyfile = None {{(pid=110239) log_opt_values /opt/stack/data/venv/lib/python3.12/site-packages/oslo_config/cfg.py:3006}}
May 15 00:59:21.820476 np0000174286 nova-conductor[110239]: DEBUG cotyledon.oslo_config_glue [-] oslo_limit.max_version = None {{(pid=110239) log_opt_values /opt/stack/data/venv/lib/python3.12/site-packages/oslo_config/cfg.py:3006}}
May 15 00:59:21.820476 np0000174286 nova-conductor[110239]: DEBUG cotyledon.oslo_config_glue [-] oslo_limit.min_version = None {{(pid=110239) log_opt_values /opt/stack/data/venv/lib/python3.12/site-packages/oslo_config/cfg.py:3006}}
May 15 00:59:21.820476 np0000174286 nova-conductor[110239]: DEBUG cotyledon.oslo_config_glue [-] oslo_limit.region_name = None {{(pid=110239) log_opt_values /opt/stack/data/venv/lib/python3.12/site-packages/oslo_config/cfg.py:3006}}
May 15 00:59:21.820476 np0000174286 nova-conductor[110239]: DEBUG cotyledon.oslo_config_glue [-] oslo_limit.retriable_status_codes = None {{(pid=110239) log_opt_values /opt/stack/data/venv/lib/python3.12/site-packages/oslo_config/cfg.py:3006}}
May 15 00:59:21.820476 np0000174286 nova-conductor[110239]: DEBUG cotyledon.oslo_config_glue [-] oslo_limit.service_name = None {{(pid=110239) log_opt_values /opt/stack/data/venv/lib/python3.12/site-packages/oslo_config/cfg.py:3006}}
May 15 00:59:21.820476 np0000174286 nova-conductor[110239]: DEBUG cotyledon.oslo_config_glue [-] oslo_limit.service_type = None {{(pid=110239) log_opt_values /opt/stack/data/venv/lib/python3.12/site-packages/oslo_config/cfg.py:3006}}
May 15 00:59:21.820476 np0000174286 nova-conductor[110239]: DEBUG cotyledon.oslo_config_glue [-] oslo_limit.split_loggers = False {{(pid=110239) log_opt_values /opt/stack/data/venv/lib/python3.12/site-packages/oslo_config/cfg.py:3006}}
May 15 00:59:21.820476 np0000174286 nova-conductor[110239]: DEBUG cotyledon.oslo_config_glue [-] oslo_limit.status_code_retries = None {{(pid=110239) log_opt_values /opt/stack/data/venv/lib/python3.12/site-packages/oslo_config/cfg.py:3006}}
May 15 00:59:21.820698 np0000174286 nova-conductor[110239]: DEBUG cotyledon.oslo_config_glue [-] oslo_limit.status_code_retry_delay = None {{(pid=110239) log_opt_values /opt/stack/data/venv/lib/python3.12/site-packages/oslo_config/cfg.py:3006}}
May 15 00:59:21.820698 np0000174286 nova-conductor[110239]: DEBUG cotyledon.oslo_config_glue [-] oslo_limit.timeout = None {{(pid=110239) log_opt_values /opt/stack/data/venv/lib/python3.12/site-packages/oslo_config/cfg.py:3006}}
May 15 00:59:21.820698 np0000174286 nova-conductor[110239]: DEBUG cotyledon.oslo_config_glue [-] oslo_limit.valid_interfaces = None {{(pid=110239) log_opt_values /opt/stack/data/venv/lib/python3.12/site-packages/oslo_config/cfg.py:3006}}
May 15 00:59:21.820698 np0000174286 nova-conductor[110239]: DEBUG cotyledon.oslo_config_glue [-] oslo_limit.version = None {{(pid=110239) log_opt_values /opt/stack/data/venv/lib/python3.12/site-packages/oslo_config/cfg.py:3006}}
May 15 00:59:21.820698 np0000174286 nova-conductor[110239]: DEBUG cotyledon.oslo_config_glue [-] oslo_reports.file_event_handler = None {{(pid=110239) log_opt_values /opt/stack/data/venv/lib/python3.12/site-packages/oslo_config/cfg.py:3006}}
May 15 00:59:21.820698 np0000174286 nova-conductor[110239]: DEBUG cotyledon.oslo_config_glue [-] oslo_reports.file_event_handler_interval = 1 {{(pid=110239) log_opt_values /opt/stack/data/venv/lib/python3.12/site-packages/oslo_config/cfg.py:3006}}
May 15 00:59:21.820698 np0000174286 nova-conductor[110239]: DEBUG cotyledon.oslo_config_glue [-] oslo_reports.log_dir = None {{(pid=110239) log_opt_values /opt/stack/data/venv/lib/python3.12/site-packages/oslo_config/cfg.py:3006}}
May 15 00:59:21.820698 np0000174286 nova-conductor[110239]: DEBUG cotyledon.oslo_config_glue [-] ******************************************************************************** {{(pid=110239) log_opt_values /opt/stack/data/venv/lib/python3.12/site-packages/oslo_config/cfg.py:3013}}
May 15 00:59:21.820698 np0000174286 nova-conductor[110239]: DEBUG cotyledon._service_worker [-] Run service ServiceWrapper(3) [110239] {{(pid=110239) wait_forever /opt/stack/data/venv/lib/python3.12/site-packages/cotyledon/_service_worker.py:218}}
May 15 00:59:21.820912 np0000174286 nova-conductor[110239]: INFO nova.service [-] Starting conductor node (version 33.1.0)
May 15 00:59:21.820939 np0000174286 nova-conductor[110231]: DEBUG oslo_db.sqlalchemy.engines [None req-0529b9c1-036f-406c-9a54-c77cdb657f89 None None] MySQL server mode set to STRICT_TRANS_TABLES,STRICT_ALL_TABLES,NO_ZERO_IN_DATE,NO_ZERO_DATE,ERROR_FOR_DIVISION_BY_ZERO,TRADITIONAL,NO_ENGINE_SUBSTITUTION {{(pid=110231) _check_effective_sql_mode /opt/stack/data/venv/lib/python3.12/site-packages/oslo_db/sqlalchemy/engines.py:325}}
May 15 00:59:21.820969 np0000174286 nova-conductor[110220]: DEBUG dbcounter [-] [110220] Writer thread running {{(pid=110220) stat_writer /opt/stack/data/venv/lib/python3.12/site-packages/dbcounter.py:102}}
May 15 00:59:21.821004 np0000174286 nova-conductor[110212]: DEBUG nova.service [None req-a6bb6649-210d-496f-a765-5148cc95c5a8 None None] Creating RPC server for service: nova-conductor on topic: conductor {{(pid=110212) start /opt/stack/nova/nova/service.py:195}}
May 15 00:59:21.821035 np0000174286 nova-conductor[110239]: INFO dbcounter [None req-a4cc15d5-3257-49e9-a6ee-4f4688c71e07 None None] Registered counter for database nova_cell0
May 15 00:59:21.821613 np0000174286 nova-conductor[110231]: DEBUG dbcounter [-] [110231] Writer thread running {{(pid=110231) stat_writer /opt/stack/data/venv/lib/python3.12/site-packages/dbcounter.py:102}}
May 15 00:59:21.824559 np0000174286 nova-conductor[110220]: DEBUG nova.service [None req-273971ec-b770-4de2-81c3-ba2242a49249 None None] Creating RPC server for service: nova-conductor on topic: conductor {{(pid=110220) start /opt/stack/nova/nova/service.py:195}}
May 15 00:59:21.825229 np0000174286 nova-conductor[110231]: DEBUG nova.service [None req-0529b9c1-036f-406c-9a54-c77cdb657f89 None None] Creating RPC server for service: nova-conductor on topic: conductor {{(pid=110231) start /opt/stack/nova/nova/service.py:195}}
May 15 00:59:21.826493 np0000174286 nova-conductor[110239]: DEBUG oslo_db.sqlalchemy.engines [None req-a4cc15d5-3257-49e9-a6ee-4f4688c71e07 None None] MySQL server mode set to STRICT_TRANS_TABLES,STRICT_ALL_TABLES,NO_ZERO_IN_DATE,NO_ZERO_DATE,ERROR_FOR_DIVISION_BY_ZERO,TRADITIONAL,NO_ENGINE_SUBSTITUTION {{(pid=110239) _check_effective_sql_mode /opt/stack/data/venv/lib/python3.12/site-packages/oslo_db/sqlalchemy/engines.py:325}}
May 15 00:59:21.839235 np0000174286 nova-conductor[110239]: DEBUG dbcounter [-] [110239] Writer thread running {{(pid=110239) stat_writer /opt/stack/data/venv/lib/python3.12/site-packages/dbcounter.py:102}}
May 15 00:59:21.842810 np0000174286 nova-conductor[110239]: DEBUG nova.service [None req-a4cc15d5-3257-49e9-a6ee-4f4688c71e07 None None] Creating RPC server for service: nova-conductor on topic: conductor {{(pid=110239) start /opt/stack/nova/nova/service.py:195}}
May 15 00:59:21.844776 np0000174286 nova-conductor[110212]: DEBUG nova.service [None req-a6bb6649-210d-496f-a765-5148cc95c5a8 None None] Join ServiceGroup membership for this service conductor {{(pid=110212) start /opt/stack/nova/nova/service.py:221}}
May 15 00:59:21.845304 np0000174286 nova-conductor[110212]: DEBUG nova.servicegroup.drivers.db [None req-a6bb6649-210d-496f-a765-5148cc95c5a8 None None] DB_Driver: join new ServiceGroup member np0000174286 to the conductor group, service = {{(pid=110212) join /opt/stack/nova/nova/servicegroup/drivers/db.py:44}}
May 15 00:59:21.849115 np0000174286 nova-conductor[110220]: DEBUG nova.service [None req-273971ec-b770-4de2-81c3-ba2242a49249 None None] Join ServiceGroup membership for this service conductor {{(pid=110220) start /opt/stack/nova/nova/service.py:221}}
May 15 00:59:21.849408 np0000174286 nova-conductor[110220]: DEBUG nova.servicegroup.drivers.db [None req-273971ec-b770-4de2-81c3-ba2242a49249 None None] DB_Driver: join new ServiceGroup member np0000174286 to the conductor group, service = {{(pid=110220) join /opt/stack/nova/nova/servicegroup/drivers/db.py:44}}
May 15 00:59:21.850607 np0000174286 nova-conductor[110231]: DEBUG nova.service [None req-0529b9c1-036f-406c-9a54-c77cdb657f89 None None] Join ServiceGroup membership for this service conductor {{(pid=110231) start /opt/stack/nova/nova/service.py:221}}
May 15 00:59:21.851156 np0000174286 nova-conductor[110231]: DEBUG nova.servicegroup.drivers.db [None req-0529b9c1-036f-406c-9a54-c77cdb657f89 None None] DB_Driver: join new ServiceGroup member np0000174286 to the conductor group, service = {{(pid=110231) join /opt/stack/nova/nova/servicegroup/drivers/db.py:44}}
May 15 00:59:21.860875 np0000174286 nova-conductor[110239]: DEBUG nova.service [None req-a4cc15d5-3257-49e9-a6ee-4f4688c71e07 None None] Join ServiceGroup membership for this service conductor {{(pid=110239) start /opt/stack/nova/nova/service.py:221}}
May 15 00:59:21.861225 np0000174286 nova-conductor[110239]: DEBUG nova.servicegroup.drivers.db [None req-a4cc15d5-3257-49e9-a6ee-4f4688c71e07 None None] DB_Driver: join new ServiceGroup member np0000174286 to the conductor group, service = {{(pid=110239) join /opt/stack/nova/nova/servicegroup/drivers/db.py:44}}
May 15 00:59:26.864557 np0000174286 nova-conductor[110212]: DEBUG oslo.service.backend._threading.loopingcall [-] Fixed interval looping call 'nova.servicegroup.drivers.db.DbDriver._report_state' sleeping for 119.98 seconds {{(pid=110212) _run_loop /opt/stack/data/venv/lib/python3.12/site-packages/oslo_service/backend/_threading/loopingcall.py:125}}
May 15 00:59:26.865139 np0000174286 nova-conductor[110220]: DEBUG oslo.service.backend._threading.loopingcall [-] Fixed interval looping call 'nova.servicegroup.drivers.db.DbDriver._report_state' sleeping for 119.99 seconds {{(pid=110220) _run_loop /opt/stack/data/venv/lib/python3.12/site-packages/oslo_service/backend/_threading/loopingcall.py:125}}
May 15 00:59:26.867041 np0000174286 nova-conductor[110231]: DEBUG oslo.service.backend._threading.loopingcall [-] Fixed interval looping call 'nova.servicegroup.drivers.db.DbDriver._report_state' sleeping for 119.99 seconds {{(pid=110231) _run_loop /opt/stack/data/venv/lib/python3.12/site-packages/oslo_service/backend/_threading/loopingcall.py:125}}
May 15 00:59:26.880106 np0000174286 nova-conductor[110239]: DEBUG oslo.service.backend._threading.loopingcall [-] Fixed interval looping call 'nova.servicegroup.drivers.db.DbDriver._report_state' sleeping for 119.98 seconds {{(pid=110239) _run_loop /opt/stack/data/venv/lib/python3.12/site-packages/oslo_service/backend/_threading/loopingcall.py:125}}
May 15 00:59:30.462798 np0000174286 nova-conductor[109431]: DEBUG dbcounter [-] [109431] Writing DB stats nova_api:SELECT=1 {{(pid=109431) stat_writer /opt/stack/data/venv/lib/python3.12/site-packages/dbcounter.py:115}}
May 15 00:59:30.554790 np0000174286 nova-conductor[109431]: DEBUG dbcounter [-] [109431] Writing DB stats nova_cell0:SELECT=1 {{(pid=109431) stat_writer /opt/stack/data/venv/lib/python3.12/site-packages/dbcounter.py:115}}
May 15 00:59:30.560910 np0000174286 nova-conductor[109431]: DEBUG dbcounter [-] [109431] Writing DB stats nova_cell1:SELECT=1 {{(pid=109431) stat_writer /opt/stack/data/venv/lib/python3.12/site-packages/dbcounter.py:115}}
May 15 00:59:36.859271 np0000174286 nova-conductor[110212]: DEBUG dbcounter [-] [110212] Writing DB stats nova_cell0:SELECT=4,nova_cell0:INSERT=1,nova_cell0:UPDATE=1 {{(pid=110212) stat_writer /opt/stack/data/venv/lib/python3.12/site-packages/dbcounter.py:115}}
May 15 00:59:36.860013 np0000174286 nova-conductor[110220]: DEBUG dbcounter [-] [110220] Writing DB stats nova_cell0:SELECT=4,nova_cell0:INSERT=1,nova_cell0:UPDATE=1 {{(pid=110220) stat_writer /opt/stack/data/venv/lib/python3.12/site-packages/dbcounter.py:115}}
May 15 00:59:36.865809 np0000174286 nova-conductor[110231]: DEBUG dbcounter [-] [110231] Writing DB stats nova_cell0:SELECT=3,nova_cell0:UPDATE=1 {{(pid=110231) stat_writer /opt/stack/data/venv/lib/python3.12/site-packages/dbcounter.py:115}}
May 15 00:59:36.874938 np0000174286 nova-conductor[110239]: DEBUG dbcounter [-] [110239] Writing DB stats nova_cell0:SELECT=3 {{(pid=110239) stat_writer /opt/stack/data/venv/lib/python3.12/site-packages/dbcounter.py:115}}
May 15 00:59:43.854062 np0000174286 nova-conductor[110231]: DEBUG oslo.service.backend._threading.loopingcall [None req-6c7d10cc-6a19-4ae2-a60a-1dd4c63b0970 None None] Dynamic interval looping call 'nova.service.Service.periodic_tasks' sleeping for 60.00 seconds {{(pid=110231) _run_loop /opt/stack/data/venv/lib/python3.12/site-packages/oslo_service/backend/_threading/loopingcall.py:125}}
May 15 00:59:51.848437 np0000174286 nova-conductor[110212]: DEBUG oslo.service.backend._threading.loopingcall [None req-ba2c5c9c-4842-48cc-a1a9-eba1aca276e7 None None] Dynamic interval looping call 'nova.service.Service.periodic_tasks' sleeping for 60.00 seconds {{(pid=110212) _run_loop /opt/stack/data/venv/lib/python3.12/site-packages/oslo_service/backend/_threading/loopingcall.py:125}}
May 15 01:00:02.852662 np0000174286 nova-conductor[110220]: DEBUG oslo.service.backend._threading.loopingcall [None req-df0c33b3-3627-4534-b770-49ca8326f0f9 None None] Dynamic interval looping call 'nova.service.Service.periodic_tasks' sleeping for 60.00 seconds {{(pid=110220) _run_loop /opt/stack/data/venv/lib/python3.12/site-packages/oslo_service/backend/_threading/loopingcall.py:125}}
May 15 01:00:04.864196 np0000174286 nova-conductor[110239]: DEBUG oslo.service.backend._threading.loopingcall [None req-df79e85a-a88e-474c-a4d4-c4a98a80f92a None None] Dynamic interval looping call 'nova.service.Service.periodic_tasks' sleeping for 60.00 seconds {{(pid=110239) _run_loop /opt/stack/data/venv/lib/python3.12/site-packages/oslo_service/backend/_threading/loopingcall.py:125}}
May 15 01:00:43.854675 np0000174286 nova-conductor[110231]: DEBUG oslo.service.backend._threading.loopingcall [None req-6c7d10cc-6a19-4ae2-a60a-1dd4c63b0970 None None] Dynamic interval looping call 'nova.service.Service.periodic_tasks' sleeping for 60.00 seconds {{(pid=110231) _run_loop /opt/stack/data/venv/lib/python3.12/site-packages/oslo_service/backend/_threading/loopingcall.py:125}}
May 15 01:00:51.849022 np0000174286 nova-conductor[110212]: DEBUG oslo.service.backend._threading.loopingcall [None req-ba2c5c9c-4842-48cc-a1a9-eba1aca276e7 None None] Dynamic interval looping call 'nova.service.Service.periodic_tasks' sleeping for 60.00 seconds {{(pid=110212) _run_loop /opt/stack/data/venv/lib/python3.12/site-packages/oslo_service/backend/_threading/loopingcall.py:125}}
May 15 01:01:02.853510 np0000174286 nova-conductor[110220]: DEBUG oslo.service.backend._threading.loopingcall [None req-df0c33b3-3627-4534-b770-49ca8326f0f9 None None] Dynamic interval looping call 'nova.service.Service.periodic_tasks' sleeping for 60.00 seconds {{(pid=110220) _run_loop /opt/stack/data/venv/lib/python3.12/site-packages/oslo_service/backend/_threading/loopingcall.py:125}}
May 15 01:01:04.864976 np0000174286 nova-conductor[110239]: DEBUG oslo.service.backend._threading.loopingcall [None req-df79e85a-a88e-474c-a4d4-c4a98a80f92a None None] Dynamic interval looping call 'nova.service.Service.periodic_tasks' sleeping for 60.00 seconds {{(pid=110239) _run_loop /opt/stack/data/venv/lib/python3.12/site-packages/oslo_service/backend/_threading/loopingcall.py:125}}
May 15 01:01:26.855870 np0000174286 nova-conductor[110212]: DEBUG oslo.service.backend._threading.loopingcall [-] Fixed interval looping call 'nova.servicegroup.drivers.db.DbDriver._report_state' sleeping for 119.99 seconds {{(pid=110212) _run_loop /opt/stack/data/venv/lib/python3.12/site-packages/oslo_service/backend/_threading/loopingcall.py:125}}
May 15 01:01:26.859802 np0000174286 nova-conductor[110220]: DEBUG oslo.service.backend._threading.loopingcall [-] Fixed interval looping call 'nova.servicegroup.drivers.db.DbDriver._report_state' sleeping for 120.00 seconds {{(pid=110220) _run_loop /opt/stack/data/venv/lib/python3.12/site-packages/oslo_service/backend/_threading/loopingcall.py:125}}
May 15 01:01:26.861465 np0000174286 nova-conductor[110231]: DEBUG oslo.service.backend._threading.loopingcall [-] Fixed interval looping call 'nova.servicegroup.drivers.db.DbDriver._report_state' sleeping for 120.00 seconds {{(pid=110231) _run_loop /opt/stack/data/venv/lib/python3.12/site-packages/oslo_service/backend/_threading/loopingcall.py:125}}
May 15 01:01:26.864603 np0000174286 nova-conductor[110239]: DEBUG oslo.service.backend._threading.loopingcall [-] Fixed interval looping call 'nova.servicegroup.drivers.db.DbDriver._report_state' sleeping for 120.00 seconds {{(pid=110239) _run_loop /opt/stack/data/venv/lib/python3.12/site-packages/oslo_service/backend/_threading/loopingcall.py:125}}
May 15 01:01:36.850636 np0000174286 nova-conductor[110212]: DEBUG dbcounter [-] [110212] Writing DB stats nova_cell0:SELECT=1,nova_cell0:UPDATE=1 {{(pid=110212) stat_writer /opt/stack/data/venv/lib/python3.12/site-packages/dbcounter.py:115}}
May 15 01:01:36.857526 np0000174286 nova-conductor[110220]: DEBUG dbcounter [-] [110220] Writing DB stats nova_cell0:SELECT=1 {{(pid=110220) stat_writer /opt/stack/data/venv/lib/python3.12/site-packages/dbcounter.py:115}}
May 15 01:01:36.859243 np0000174286 nova-conductor[110231]: DEBUG dbcounter [-] [110231] Writing DB stats nova_cell0:SELECT=1 {{(pid=110231) stat_writer /opt/stack/data/venv/lib/python3.12/site-packages/dbcounter.py:115}}
May 15 01:01:36.862685 np0000174286 nova-conductor[110239]: DEBUG dbcounter [-] [110239] Writing DB stats nova_cell0:SELECT=1 {{(pid=110239) stat_writer /opt/stack/data/venv/lib/python3.12/site-packages/dbcounter.py:115}}
May 15 01:01:43.855530 np0000174286 nova-conductor[110231]: DEBUG oslo.service.backend._threading.loopingcall [None req-6c7d10cc-6a19-4ae2-a60a-1dd4c63b0970 None None] Dynamic interval looping call 'nova.service.Service.periodic_tasks' sleeping for 60.00 seconds {{(pid=110231) _run_loop /opt/stack/data/venv/lib/python3.12/site-packages/oslo_service/backend/_threading/loopingcall.py:125}}
May 15 01:01:51.849800 np0000174286 nova-conductor[110212]: DEBUG oslo.service.backend._threading.loopingcall [None req-ba2c5c9c-4842-48cc-a1a9-eba1aca276e7 None None] Dynamic interval looping call 'nova.service.Service.periodic_tasks' sleeping for 60.00 seconds {{(pid=110212) _run_loop /opt/stack/data/venv/lib/python3.12/site-packages/oslo_service/backend/_threading/loopingcall.py:125}}
May 15 01:02:02.854269 np0000174286 nova-conductor[110220]: DEBUG oslo.service.backend._threading.loopingcall [None req-df0c33b3-3627-4534-b770-49ca8326f0f9 None None] Dynamic interval looping call 'nova.service.Service.periodic_tasks' sleeping for 60.00 seconds {{(pid=110220) _run_loop /opt/stack/data/venv/lib/python3.12/site-packages/oslo_service/backend/_threading/loopingcall.py:125}}
May 15 01:02:04.865863 np0000174286 nova-conductor[110239]: DEBUG oslo.service.backend._threading.loopingcall [None req-df79e85a-a88e-474c-a4d4-c4a98a80f92a None None] Dynamic interval looping call 'nova.service.Service.periodic_tasks' sleeping for 60.00 seconds {{(pid=110239) _run_loop /opt/stack/data/venv/lib/python3.12/site-packages/oslo_service/backend/_threading/loopingcall.py:125}}
May 15 01:02:43.856281 np0000174286 nova-conductor[110231]: DEBUG oslo.service.backend._threading.loopingcall [None req-6c7d10cc-6a19-4ae2-a60a-1dd4c63b0970 None None] Dynamic interval looping call 'nova.service.Service.periodic_tasks' sleeping for 60.00 seconds {{(pid=110231) _run_loop /opt/stack/data/venv/lib/python3.12/site-packages/oslo_service/backend/_threading/loopingcall.py:125}}
May 15 01:02:51.850440 np0000174286 nova-conductor[110212]: DEBUG oslo.service.backend._threading.loopingcall [None req-ba2c5c9c-4842-48cc-a1a9-eba1aca276e7 None None] Dynamic interval looping call 'nova.service.Service.periodic_tasks' sleeping for 60.00 seconds {{(pid=110212) _run_loop /opt/stack/data/venv/lib/python3.12/site-packages/oslo_service/backend/_threading/loopingcall.py:125}}
May 15 01:03:02.854873 np0000174286 nova-conductor[110220]: DEBUG oslo.service.backend._threading.loopingcall [None req-df0c33b3-3627-4534-b770-49ca8326f0f9 None None] Dynamic interval looping call 'nova.service.Service.periodic_tasks' sleeping for 60.00 seconds {{(pid=110220) _run_loop /opt/stack/data/venv/lib/python3.12/site-packages/oslo_service/backend/_threading/loopingcall.py:125}}
May 15 01:03:04.866743 np0000174286 nova-conductor[110239]: DEBUG oslo.service.backend._threading.loopingcall [None req-df79e85a-a88e-474c-a4d4-c4a98a80f92a None None] Dynamic interval looping call 'nova.service.Service.periodic_tasks' sleeping for 60.00 seconds {{(pid=110239) _run_loop /opt/stack/data/venv/lib/python3.12/site-packages/oslo_service/backend/_threading/loopingcall.py:125}}
May 15 01:03:26.987287 np0000174286 nova-conductor[110212]: DEBUG oslo.service.backend._threading.loopingcall [-] Fixed interval looping call 'nova.servicegroup.drivers.db.DbDriver._report_state' sleeping for 119.86 seconds {{(pid=110212) _run_loop /opt/stack/data/venv/lib/python3.12/site-packages/oslo_service/backend/_threading/loopingcall.py:125}}
May 15 01:03:26.987829 np0000174286 nova-conductor[110220]: DEBUG oslo.service.backend._threading.loopingcall [-] Fixed interval looping call 'nova.servicegroup.drivers.db.DbDriver._report_state' sleeping for 119.87 seconds {{(pid=110220) _run_loop /opt/stack/data/venv/lib/python3.12/site-packages/oslo_service/backend/_threading/loopingcall.py:125}}
May 15 01:03:26.988342 np0000174286 nova-conductor[110231]: DEBUG oslo.service.backend._threading.loopingcall [-] Fixed interval looping call 'nova.servicegroup.drivers.db.DbDriver._report_state' sleeping for 119.87 seconds {{(pid=110231) _run_loop /opt/stack/data/venv/lib/python3.12/site-packages/oslo_service/backend/_threading/loopingcall.py:125}}
May 15 01:03:26.989639 np0000174286 nova-conductor[110239]: DEBUG oslo.service.backend._threading.loopingcall [-] Fixed interval looping call 'nova.servicegroup.drivers.db.DbDriver._report_state' sleeping for 119.88 seconds {{(pid=110239) _run_loop /opt/stack/data/venv/lib/python3.12/site-packages/oslo_service/backend/_threading/loopingcall.py:125}}
May 15 01:03:36.850986 np0000174286 nova-conductor[110212]: DEBUG dbcounter [-] [110212] Writing DB stats nova_cell0:SELECT=1,nova_cell0:UPDATE=1 {{(pid=110212) stat_writer /opt/stack/data/venv/lib/python3.12/site-packages/dbcounter.py:115}}
May 15 01:03:36.866111 np0000174286 nova-conductor[110231]: DEBUG dbcounter [-] [110231] Writing DB stats nova_cell0:SELECT=1,nova_cell0:UPDATE=1 {{(pid=110231) stat_writer /opt/stack/data/venv/lib/python3.12/site-packages/dbcounter.py:115}}
