2026-05-12 06:30:05.155 15 INFO neutron.db.ovn_revision_numbers_db [None req-4226c989-50b8-41ef-91e7-fa52e3ac5f97 - - - - - -] Successfully bumped revision number for resource a9edea5a-1275-42ba-a7a8-7500bf60cf40 (type: networks) to 2
2026-05-12 06:30:05.156 15 INFO neutron.plugins.ml2.drivers.ovn.mech_driver.ovsdb.maintenance [None req-4226c989-50b8-41ef-91e7-fa52e3ac5f97 - - - - - -] Maintenance task: Synchronization finished (took 0.15 seconds)
2026-05-12 06:30:17.949 9 INFO neutron.wsgi [-] 10.0.0.49 "GET / HTTP/1.1" status: 200 len: 246 time: 0.0021098
2026-05-12 06:30:17.951 10 INFO neutron.wsgi [-] 10.0.0.49 "GET / HTTP/1.1" status: 200 len: 246 time: 0.0040038
2026-05-12 06:30:32.948 9 INFO neutron.wsgi [-] 10.0.0.49 "GET / HTTP/1.1" status: 200 len: 246 time: 0.0020039
2026-05-12 06:30:32.949 10 INFO neutron.wsgi [-] 10.0.0.49 "GET / HTTP/1.1" status: 200 len: 246 time: 0.0027552
2026-05-12 06:30:47.948 9 INFO neutron.wsgi [-] 10.0.0.49 "GET / HTTP/1.1" status: 200 len: 246 time: 0.0017307
2026-05-12 06:30:47.949 10 INFO neutron.wsgi [-] 10.0.0.49 "GET / HTTP/1.1" status: 200 len: 246 time: 0.0032241
2026-05-12 06:31:02.949 10 INFO neutron.wsgi [-] 10.0.0.49 "GET / HTTP/1.1" status: 200 len: 246 time: 0.0026162
2026-05-12 06:31:02.949 9 INFO neutron.wsgi [-] 10.0.0.49 "GET / HTTP/1.1" status: 200 len: 246 time: 0.0024645
2026-05-12 06:31:17.949 9 INFO neutron.wsgi [-] 10.0.0.49 "GET / HTTP/1.1" status: 200 len: 246 time: 0.0027428
2026-05-12 06:31:17.949 10 INFO neutron.wsgi [-] 10.0.0.49 "GET / HTTP/1.1" status: 200 len: 246 time: 0.0030055
2026-05-12 06:31:32.949 9 INFO neutron.wsgi [-] 10.0.0.49 "GET / HTTP/1.1" status: 200 len: 246 time: 0.0027654
2026-05-12 06:31:32.953 9 INFO neutron.wsgi [-] 10.0.0.49 "GET / HTTP/1.1" status: 200 len: 246 time: 0.0023446
2026-05-12 06:31:47.950 10 INFO neutron.wsgi [-] 10.0.0.49 "GET / HTTP/1.1" status: 200 len: 246 time: 0.0032125
2026-05-12 06:31:47.953 9 INFO neutron.wsgi [-] 10.0.0.49 "GET / HTTP/1.1" status: 200 len: 246 time: 0.0034208
2026-05-12 06:32:02.950 9 INFO neutron.wsgi [-] 10.0.0.49 "GET / HTTP/1.1" status: 200 len: 246 time: 0.0029216
2026-05-12 06:32:02.950 10 INFO neutron.wsgi [-] 10.0.0.49 "GET / HTTP/1.1" status: 200 len: 246 time: 0.0031555 /var/lib/openstack/lib/python3.10/site-packages/memcache.py:1303: SyntaxWarning: "is" with a literal. Did you mean "=="? if key is '': /var/lib/openstack/lib/python3.10/site-packages/memcache.py:1304: SyntaxWarning: "is" with a literal. Did you mean "=="? if key_extra_len is 0: /var/lib/openstack/lib/python3.10/site-packages/pycadf/identifier.py:71: UserWarning: Invalid uuid: unknown. To ensure interoperability, identifiers should be a valid uuid. warnings.warn(('Invalid uuid: %s. To ensure interoperability, '
2026-05-12 06:32:09.095 10 WARNING oslo_policy.policy [None req-8ecaf491-9f0a-4b2e-b53d-f7860890b59a eb6609e0220b4604b3e676946760858f b9e572cd022844ef802bb08079d29030 - - default default] Policies ['delete_port', 'update_port:allowed_address_pairs', 'update_port:allowed_address_pairs:ip_address', 'update_port:allowed_address_pairs:mac_address', 'update_port:fixed_ips', 'update_port:mac_address'] reference a rule that is not defined.
2026-05-12 06:32:09.463 10 INFO neutron.wsgi [None req-8ecaf491-9f0a-4b2e-b53d-f7860890b59a eb6609e0220b4604b3e676946760858f b9e572cd022844ef802bb08079d29030 - - default default] 199.19.213.59,10.0.0.49 "GET /v2.0/networks HTTP/1.1" status: 200 len: 928 time: 0.8785326
2026-05-12 06:32:09.580 10 INFO neutron.db.segments_db [None req-0aea70b6-eeb1-4bb0-8421-0e22a7c83984 eb6609e0220b4604b3e676946760858f b9e572cd022844ef802bb08079d29030 - - - -] Added segment a39fea77-4b46-42d2-a2a2-66879f4f9ea5 of type geneve for network 9a180d04-a3fa-4a48-9a89-338f812665c4
2026-05-12 06:32:09.713 10 INFO neutron.plugins.ml2.drivers.ovn.mech_driver.ovsdb.extensions.qos [None req-0aea70b6-eeb1-4bb0-8421-0e22a7c83984 eb6609e0220b4604b3e676946760858f b9e572cd022844ef802bb08079d29030 - - - -] Starting OVNClientQosExtension
2026-05-12 06:32:09.714 10 INFO neutron.plugins.ml2.drivers.ovn.mech_driver.ovsdb.extensions.placement [None req-0aea70b6-eeb1-4bb0-8421-0e22a7c83984 eb6609e0220b4604b3e676946760858f b9e572cd022844ef802bb08079d29030 - - - -] Starting OVNClientPlacementExtension
2026-05-12 06:32:09.784 10 INFO neutron.db.ovn_revision_numbers_db [None req-0aea70b6-eeb1-4bb0-8421-0e22a7c83984 eb6609e0220b4604b3e676946760858f b9e572cd022844ef802bb08079d29030 - - - -] Successfully bumped revision number for resource 9a180d04-a3fa-4a48-9a89-338f812665c4 (type: networks) to 1
2026-05-12 06:32:10.053 10 WARNING neutron.scheduler.dhcp_agent_scheduler [None req-0aea70b6-eeb1-4bb0-8421-0e22a7c83984 eb6609e0220b4604b3e676946760858f b9e572cd022844ef802bb08079d29030 - - - -] No more DHCP agents
2026-05-12 06:32:10.055 10 WARNING neutron.api.rpc.agentnotifiers.dhcp_rpc_agent_api [None req-0aea70b6-eeb1-4bb0-8421-0e22a7c83984 eb6609e0220b4604b3e676946760858f b9e572cd022844ef802bb08079d29030 - - - -] Unable to schedule network 9a180d04-a3fa-4a48-9a89-338f812665c4: no agents available; will retry on subsequent port and subnet creation events.
2026-05-12 06:32:10.153 10 INFO neutron.db.ovn_revision_numbers_db [None req-0aea70b6-eeb1-4bb0-8421-0e22a7c83984 eb6609e0220b4604b3e676946760858f b9e572cd022844ef802bb08079d29030 - - - -] Successfully bumped revision number for resource a534d8a7-13b4-4858-b0de-ef034fdd2101 (type: ports) to 1
2026-05-12 06:32:10.181 10 INFO neutron.wsgi [None req-0aea70b6-eeb1-4bb0-8421-0e22a7c83984 eb6609e0220b4604b3e676946760858f b9e572cd022844ef802bb08079d29030 - - - -] 199.19.213.59,10.0.0.49 "POST /v2.0/networks HTTP/1.1" status: 201 len: 889 time: 0.7136445
2026-05-12 06:32:11.187 10 INFO neutron.wsgi [None req-d65bbde0-fe77-4558-90b6-e4b5fae5f7e7 eb6609e0220b4604b3e676946760858f b9e572cd022844ef802bb08079d29030 - - default default] 199.19.213.59,10.0.0.49 "GET /v2.0/subnets HTTP/1.1" status: 200 len: 819 time: 0.0796905
2026-05-12 06:32:11.259 10 INFO neutron.wsgi [None req-edd44252-9dfb-4500-9e3b-ca215a4e2ab4 eb6609e0220b4604b3e676946760858f b9e572cd022844ef802bb08079d29030 - - default default] 199.19.213.59,10.0.0.49 "GET /v2.0/networks HTTP/1.1" status: 200 len: 1614 time: 0.0659957
2026-05-12 06:32:11.453 10 WARNING neutron.scheduler.dhcp_agent_scheduler [None req-fdd1f533-02eb-4d8b-9643-765c2221f718 eb6609e0220b4604b3e676946760858f b9e572cd022844ef802bb08079d29030 - - - -] No more DHCP agents
2026-05-12 06:32:11.455 10 WARNING neutron.api.rpc.agentnotifiers.dhcp_rpc_agent_api [None req-fdd1f533-02eb-4d8b-9643-765c2221f718 eb6609e0220b4604b3e676946760858f b9e572cd022844ef802bb08079d29030 - - - -] Unable to schedule network 9a180d04-a3fa-4a48-9a89-338f812665c4: no agents available; will retry on subsequent port and subnet creation events.
2026-05-12 06:32:12.094 10 INFO neutron.db.ovn_revision_numbers_db [None req-fdd1f533-02eb-4d8b-9643-765c2221f718 eb6609e0220b4604b3e676946760858f b9e572cd022844ef802bb08079d29030 - - - -] Successfully bumped revision number for resource a534d8a7-13b4-4858-b0de-ef034fdd2101 (type: ports) to 2
2026-05-12 06:32:12.107 10 INFO neutron.db.ovn_revision_numbers_db [None req-fdd1f533-02eb-4d8b-9643-765c2221f718 eb6609e0220b4604b3e676946760858f b9e572cd022844ef802bb08079d29030 - - - -] Successfully bumped revision number for resource 2b1d2c56-cb99-47f0-bc0b-3156a5e6b5ef (type: subnets) to 0
2026-05-12 06:32:12.120 10 INFO neutron.wsgi [None req-fdd1f533-02eb-4d8b-9643-765c2221f718 eb6609e0220b4604b3e676946760858f b9e572cd022844ef802bb08079d29030 - - - -] 199.19.213.59,10.0.0.49 "POST /v2.0/subnets HTTP/1.1" status: 201 len: 807 time: 0.8577137
2026-05-12 06:32:13.188 10 INFO neutron.wsgi [None req-d6ad1f3f-a7a1-4697-8e45-65cba52c5418 eb6609e0220b4604b3e676946760858f b9e572cd022844ef802bb08079d29030 - - default default] 199.19.213.59,10.0.0.49 "GET /v2.0/security-groups?tenant_id=b9e572cd022844ef802bb08079d29030 HTTP/1.1" status: 200 len: 2969 time: 0.0926192
2026-05-12 06:32:13.496 10 INFO neutron.db.ovn_revision_numbers_db [None req-b60fa958-5266-41fe-889d-92ddc95c630c eb6609e0220b4604b3e676946760858f b9e572cd022844ef802bb08079d29030 - - - -] Successfully bumped revision number for resource e3f10ef5-e44d-4263-8c17-31d8c2ff7bd0 (type: security_groups) to 1
2026-05-12 06:32:13.578 10 INFO neutron.wsgi [None req-b60fa958-5266-41fe-889d-92ddc95c630c eb6609e0220b4604b3e676946760858f b9e572cd022844ef802bb08079d29030 - - - -] 199.19.213.59,10.0.0.49 "POST /v2.0/security-groups HTTP/1.1" status: 201 len: 1733 time: 0.3795595
2026-05-12 06:32:14.799 10 INFO neutron.wsgi [None req-d74dfaaa-4fce-4d70-baec-b1494ca9ff57 eb6609e0220b4604b3e676946760858f b9e572cd022844ef802bb08079d29030 - - default default] 199.19.213.59,10.0.0.49 "GET /v2.0/security-groups?tenant_id=b9e572cd022844ef802bb08079d29030 HTTP/1.1" status: 200 len: 4503 time: 0.0834978
2026-05-12 06:32:14.846 10 INFO neutron.wsgi [None req-c409c081-3089-41e4-97d5-86c9a7ac9ae1 eb6609e0220b4604b3e676946760858f b9e572cd022844ef802bb08079d29030 - - default default] 199.19.213.59,10.0.0.49 "GET /v2.0/security-groups HTTP/1.1" status: 200 len: 4503 time: 0.0364513
2026-05-12 06:32:15.175 10 INFO neutron.db.ovn_revision_numbers_db [None req-49cd7967-5b12-494f-a1e9-2bd6ad94d015 eb6609e0220b4604b3e676946760858f b9e572cd022844ef802bb08079d29030 - - - -] Successfully bumped revision number for resource 3bc5f9c2-7e1b-433d-a916-0301fb1a8c8e (type: security_group_rules) to 0
2026-05-12 06:32:15.241 10 INFO neutron.wsgi [None req-49cd7967-5b12-494f-a1e9-2bd6ad94d015 eb6609e0220b4604b3e676946760858f b9e572cd022844ef802bb08079d29030 - - - -] 199.19.213.59,10.0.0.49 "POST /v2.0/security-group-rules HTTP/1.1" status: 201 len: 749 time: 0.3899505
2026-05-12 06:32:16.080 10 INFO neutron.wsgi [None req-f2379f9f-160d-4efe-a16e-cc8cec47fc09 eb6609e0220b4604b3e676946760858f b9e572cd022844ef802bb08079d29030 - - default default] 199.19.213.59,10.0.0.49 "GET /v2.0/security-groups?tenant_id=b9e572cd022844ef802bb08079d29030 HTTP/1.1" status: 200 len: 5085 time: 0.0781171
2026-05-12 06:32:16.144 10 INFO neutron.wsgi [None req-1421f10a-2fbb-4cfc-b9d8-474f654c63cc eb6609e0220b4604b3e676946760858f b9e572cd022844ef802bb08079d29030 - - default default] 199.19.213.59,10.0.0.49 "GET /v2.0/security-groups HTTP/1.1" status: 200 len: 5085 time: 0.0534256
2026-05-12 06:32:16.277 10 INFO neutron.db.ovn_revision_numbers_db [None req-56b3c205-041b-49a5-9701-63554f869781 eb6609e0220b4604b3e676946760858f b9e572cd022844ef802bb08079d29030 - - - -] Successfully bumped revision number for resource b558eb0c-74ce-4790-b999-0bb474136e3c (type: security_group_rules) to 0
2026-05-12 06:32:16.306 10 INFO neutron.wsgi [None req-56b3c205-041b-49a5-9701-63554f869781 eb6609e0220b4604b3e676946760858f b9e572cd022844ef802bb08079d29030 - - - -] 199.19.213.59,10.0.0.49 "POST /v2.0/security-group-rules HTTP/1.1" status: 201 len: 751 time: 0.1527343
2026-05-12 06:32:17.179 10 INFO neutron.wsgi [None req-b57959a5-f301-42e2-9ad7-6f451ae997e1 eb6609e0220b4604b3e676946760858f b9e572cd022844ef802bb08079d29030 - - default default] 199.19.213.59,10.0.0.49 "GET /v2.0/security-groups?tenant_id=b9e572cd022844ef802bb08079d29030 HTTP/1.1" status: 200 len: 5669 time: 0.0713964
2026-05-12 06:32:17.220 10 INFO neutron.wsgi [None req-122ce355-5239-4a3a-936a-7ba48ff45a73 eb6609e0220b4604b3e676946760858f b9e572cd022844ef802bb08079d29030 - - default default] 199.19.213.59,10.0.0.49 "GET /v2.0/security-groups HTTP/1.1" status: 200 len: 5669 time: 0.0315037
2026-05-12 06:32:17.338 10 INFO neutron.db.ovn_revision_numbers_db [None req-584f985b-62f0-459e-978a-b966de2250f6 eb6609e0220b4604b3e676946760858f b9e572cd022844ef802bb08079d29030 - - - -] Successfully bumped revision number for resource 43ccbc9f-c947-45f3-bfa0-aa4e42874b08 (type: security_group_rules) to 0
2026-05-12 06:32:17.359 10 INFO neutron.wsgi [None req-584f985b-62f0-459e-978a-b966de2250f6 eb6609e0220b4604b3e676946760858f b9e572cd022844ef802bb08079d29030 - - - -] 199.19.213.59,10.0.0.49 "POST /v2.0/security-group-rules HTTP/1.1" status: 201 len: 751 time: 0.1275811
2026-05-12 06:32:17.948 9 INFO neutron.wsgi [-] 10.0.0.49 "GET / HTTP/1.1" status: 200 len: 246 time: 0.0022240
2026-05-12 06:32:17.949 10 INFO neutron.wsgi [-] 10.0.0.49 "GET / HTTP/1.1" status: 200 len: 246 time: 0.0029855
2026-05-12 06:32:18.196 10 INFO neutron.wsgi [None req-65cb140b-55e5-4357-bf88-f33dd912afc2 eb6609e0220b4604b3e676946760858f b9e572cd022844ef802bb08079d29030 - - default default] 199.19.213.59,10.0.0.49 "GET /v2.0/security-groups?tenant_id=b9e572cd022844ef802bb08079d29030 HTTP/1.1" status: 200 len: 6253 time: 0.0685885
2026-05-12 06:32:18.240 10 INFO neutron.wsgi [None req-9d9ab24b-aa64-438d-8178-6ec98e779e1e eb6609e0220b4604b3e676946760858f b9e572cd022844ef802bb08079d29030 - - default default] 199.19.213.59,10.0.0.49 "GET /v2.0/security-groups HTTP/1.1" status: 200 len: 6253 time: 0.0345800
2026-05-12 06:32:18.357 10 INFO neutron.db.ovn_revision_numbers_db [None req-c6f7ca3b-eecd-4fa3-8f09-a08ef56a3aaf eb6609e0220b4604b3e676946760858f b9e572cd022844ef802bb08079d29030 - - - -] Successfully bumped revision number for resource 424b41e9-8ea0-4d9b-a77c-d6aa53f44c37 (type: security_group_rules) to 0
2026-05-12 06:32:18.384 10 INFO neutron.wsgi [None req-c6f7ca3b-eecd-4fa3-8f09-a08ef56a3aaf eb6609e0220b4604b3e676946760858f b9e572cd022844ef802bb08079d29030 - - - -] 199.19.213.59,10.0.0.49 "POST /v2.0/security-group-rules HTTP/1.1" status: 201 len: 751 time: 0.1343145
2026-05-12 06:32:19.233 10 INFO neutron.wsgi [None req-080722b7-d060-46a8-baed-c3fb3c2f51ac eb6609e0220b4604b3e676946760858f b9e572cd022844ef802bb08079d29030 - - default default] 199.19.213.59,10.0.0.49 "GET /v2.0/security-groups?tenant_id=b9e572cd022844ef802bb08079d29030 HTTP/1.1" status: 200 len: 6837 time: 0.0793056
2026-05-12 06:32:19.285 10 INFO neutron.wsgi [None req-ec9ddf7e-1ab2-4206-b30d-1e4d83039841 eb6609e0220b4604b3e676946760858f b9e572cd022844ef802bb08079d29030 - - default default] 199.19.213.59,10.0.0.49 "GET /v2.0/security-groups HTTP/1.1" status: 200 len: 6837 time: 0.0429132
2026-05-12 06:32:19.410 10 INFO neutron.db.ovn_revision_numbers_db [None req-f5ebe87e-3f6d-4a07-b290-ef4bb038c977 eb6609e0220b4604b3e676946760858f b9e572cd022844ef802bb08079d29030 - - - -] Successfully bumped revision number for resource 15508235-a906-4dde-bf23-c698f9623a33 (type: security_group_rules) to 0
2026-05-12 06:32:19.437 10 INFO neutron.wsgi [None req-f5ebe87e-3f6d-4a07-b290-ef4bb038c977 eb6609e0220b4604b3e676946760858f b9e572cd022844ef802bb08079d29030 - - - -] 199.19.213.59,10.0.0.49 "POST /v2.0/security-group-rules HTTP/1.1" status: 201 len: 751 time: 0.1414258
2026-05-12 06:32:20.624 10 INFO neutron.wsgi [None req-2867d959-b20a-4bdb-a07c-1267a1e178e1 eb6609e0220b4604b3e676946760858f b9e572cd022844ef802bb08079d29030 - - default default] 199.19.213.59,10.0.0.49 "GET /v2.0/security-groups HTTP/1.1" status: 200 len: 7421 time: 0.0925879
2026-05-12 06:32:20.698 10 INFO neutron.wsgi [None req-131c3fe6-9fa1-46cc-8d0b-4add6f07cb2e eb6609e0220b4604b3e676946760858f b9e572cd022844ef802bb08079d29030 - - default default] 199.19.213.59,10.0.0.49 "GET /v2.0/ports HTTP/1.1" status: 200 len: 2301 time: 0.0661466
2026-05-12 06:32:20.789 10 INFO neutron.wsgi [None req-f34745ec-1273-401e-91db-f19c89705f70 eb6609e0220b4604b3e676946760858f b9e572cd022844ef802bb08079d29030 - - default default] 199.19.213.59,10.0.0.49 "GET /v2.0/networks HTTP/1.1" status: 200 len: 1652 time: 0.0818810
2026-05-12 06:32:21.202 10 WARNING neutron.scheduler.dhcp_agent_scheduler [None req-75444b42-fc78-4438-ba76-be84d5e31c4c eb6609e0220b4604b3e676946760858f b9e572cd022844ef802bb08079d29030 - - - -] No more DHCP agents
2026-05-12 06:32:21.204 10 WARNING neutron.api.rpc.agentnotifiers.dhcp_rpc_agent_api [None req-75444b42-fc78-4438-ba76-be84d5e31c4c eb6609e0220b4604b3e676946760858f b9e572cd022844ef802bb08079d29030 - - - -] Unable to schedule network 9a180d04-a3fa-4a48-9a89-338f812665c4: no agents available; will retry on subsequent port and subnet creation events.
2026-05-12 06:32:21.336 10 INFO neutron.db.ovn_revision_numbers_db [None req-75444b42-fc78-4438-ba76-be84d5e31c4c eb6609e0220b4604b3e676946760858f b9e572cd022844ef802bb08079d29030 - - - -] Successfully bumped revision number for resource d7d1e1a9-aa2c-4c47-97ad-1139f1510148 (type: ports) to 1
2026-05-12 06:32:21.358 10 INFO neutron.wsgi [None req-75444b42-fc78-4438-ba76-be84d5e31c4c eb6609e0220b4604b3e676946760858f b9e572cd022844ef802bb08079d29030 - - - -] 199.19.213.59,10.0.0.49 "POST /v2.0/ports HTTP/1.1" status: 201 len: 1281 time: 0.5628147 /var/lib/openstack/lib/python3.10/site-packages/pycadf/identifier.py:71: UserWarning: Invalid uuid: unknown. To ensure interoperability, identifiers should be a valid uuid. warnings.warn(('Invalid uuid: %s. To ensure interoperability, '
2026-05-12 06:32:27.373 10 INFO neutron.pecan_wsgi.hooks.translation [None req-bcb4cffb-f845-4928-a3fb-1d2aeb2a811d eb6609e0220b4604b3e676946760858f b9e572cd022844ef802bb08079d29030 - - default default] GET failed (client error): The resource could not be found.
2026-05-12 06:32:27.375 10 INFO neutron.wsgi [None req-bcb4cffb-f845-4928-a3fb-1d2aeb2a811d eb6609e0220b4604b3e676946760858f b9e572cd022844ef802bb08079d29030 - - default default] 199.19.213.59,10.0.0.49 "GET /v2.0/ports/octavia-health-manager-port-instance HTTP/1.1" status: 404 len: 314 time: 0.0636089
2026-05-12 06:32:27.439 10 INFO neutron.wsgi [None req-ea1cb02d-4203-4e01-a036-2fbddb153aa9 eb6609e0220b4604b3e676946760858f b9e572cd022844ef802bb08079d29030 - - default default] 199.19.213.59,10.0.0.49 "GET /v2.0/ports?name=octavia-health-manager-port-instance HTTP/1.1" status: 200 len: 1279 time: 0.0588572
2026-05-12 06:32:27.813 10 INFO neutron.db.ovn_revision_numbers_db [None req-7463128d-5db9-4e20-aaf2-fe518cf211a3 eb6609e0220b4604b3e676946760858f b9e572cd022844ef802bb08079d29030 - - - -] Successfully bumped revision number for resource d7d1e1a9-aa2c-4c47-97ad-1139f1510148 (type: ports) to 1
2026-05-12 06:32:28.027 10 INFO neutron.db.ovn_revision_numbers_db [None req-7463128d-5db9-4e20-aaf2-fe518cf211a3 eb6609e0220b4604b3e676946760858f b9e572cd022844ef802bb08079d29030 - - - -] Successfully bumped revision number for resource d7d1e1a9-aa2c-4c47-97ad-1139f1510148 (type: ports) to 2
2026-05-12 06:32:28.044 10 INFO neutron.wsgi [None req-7463128d-5db9-4e20-aaf2-fe518cf211a3 eb6609e0220b4604b3e676946760858f b9e572cd022844ef802bb08079d29030 - - - -] 199.19.213.59,10.0.0.49 "PUT /v2.0/ports/d7d1e1a9-aa2c-4c47-97ad-1139f1510148 HTTP/1.1" status: 200 len: 1318 time: 0.5965362 /var/lib/openstack/lib/python3.10/site-packages/pycadf/identifier.py:71: UserWarning: Invalid uuid: unknown. To ensure interoperability, identifiers should be a valid uuid. warnings.warn(('Invalid uuid: %s. To ensure interoperability, '
2026-05-12 06:32:29.607 10 INFO neutron.wsgi [None req-03a5a4e8-4896-493c-81de-408d2421ee61 eb6609e0220b4604b3e676946760858f b9e572cd022844ef802bb08079d29030 - - default default] 199.19.213.59,10.0.0.49 "GET /v2.0/ports HTTP/1.1" status: 200 len: 3463 time: 0.0732064
2026-05-12 06:32:30.629 10 INFO neutron.wsgi [None req-6b51f6de-5357-40bd-a6da-2a30508d45d4 eb6609e0220b4604b3e676946760858f b9e572cd022844ef802bb08079d29030 - - default default] 199.19.213.59,10.0.0.49 "GET /v2.0/security-groups?tenant_id=b9e572cd022844ef802bb08079d29030 HTTP/1.1" status: 200 len: 7421 time: 0.0973630
2026-05-12 06:32:30.759 10 INFO neutron.db.ovn_revision_numbers_db [None req-dffc3bcd-6ce7-4f67-b5ef-0575c16e0cc8 eb6609e0220b4604b3e676946760858f b9e572cd022844ef802bb08079d29030 - - - -] Successfully bumped revision number for resource 95dabd68-c58a-4fa6-acb7-702cdb72fdbe (type: security_groups) to 1
2026-05-12 06:32:30.798 10 INFO neutron.wsgi [None req-dffc3bcd-6ce7-4f67-b5ef-0575c16e0cc8 eb6609e0220b4604b3e676946760858f b9e572cd022844ef802bb08079d29030 - - - -] 199.19.213.59,10.0.0.49 "POST /v2.0/security-groups HTTP/1.1" status: 201 len: 1727 time: 0.1590424
2026-05-12 06:32:31.767 10 INFO neutron.wsgi [None req-4bcd7687-6623-4736-9c35-786a7a0e0457 eb6609e0220b4604b3e676946760858f b9e572cd022844ef802bb08079d29030 - - default default] 199.19.213.59,10.0.0.49 "GET /v2.0/security-groups?tenant_id=b9e572cd022844ef802bb08079d29030 HTTP/1.1" status: 200 len: 8949 time: 0.0870991
2026-05-12 06:32:31.821 10 INFO neutron.wsgi [None req-0e5baef5-3558-4c71-a3b4-553f206a2abf eb6609e0220b4604b3e676946760858f b9e572cd022844ef802bb08079d29030 - - default default] 199.19.213.59,10.0.0.49 "GET /v2.0/security-groups HTTP/1.1" status: 200 len: 8949 time: 0.0460370
2026-05-12 06:32:31.948 10 INFO neutron.db.ovn_revision_numbers_db [None req-b60a0f11-955e-4dcf-9d64-7acbf4f3a085 eb6609e0220b4604b3e676946760858f b9e572cd022844ef802bb08079d29030 - - - -] Successfully bumped revision number for resource 1ede29dc-1e50-48a7-a74d-b848ec3388ec (type: security_group_rules) to 0
2026-05-12 06:32:32.049 10 INFO neutron.wsgi [None req-b60a0f11-955e-4dcf-9d64-7acbf4f3a085 eb6609e0220b4604b3e676946760858f b9e572cd022844ef802bb08079d29030 - - - -] 199.19.213.59,10.0.0.49 "POST /v2.0/security-group-rules HTTP/1.1" status: 201 len: 771 time: 0.2131207
2026-05-12 06:32:32.945 10 INFO neutron.wsgi [None req-db591fa6-439f-4793-8524-388a930f35eb eb6609e0220b4604b3e676946760858f b9e572cd022844ef802bb08079d29030 - - default default] 199.19.213.59,10.0.0.49 "GET /v2.0/security-groups?tenant_id=b9e572cd022844ef802bb08079d29030 HTTP/1.1" status: 200 len: 9553 time: 0.1070409
2026-05-12 06:32:32.949 9 INFO neutron.wsgi [-] 10.0.0.49 "GET / HTTP/1.1" status: 200 len: 246 time: 0.0020299
2026-05-12 06:32:32.950 9 INFO neutron.wsgi [-] 10.0.0.49 "GET / HTTP/1.1" status: 200 len: 246 time: 0.0012090
2026-05-12 06:32:33.012 10 INFO neutron.wsgi [None req-09481ad0-f972-4141-b7b9-29ce244bd488 eb6609e0220b4604b3e676946760858f b9e572cd022844ef802bb08079d29030 - - default default] 199.19.213.59,10.0.0.49 "GET /v2.0/security-groups HTTP/1.1" status: 200 len: 9553 time: 0.0545487
2026-05-12 06:32:33.129 10 INFO neutron.db.ovn_revision_numbers_db [None req-bae01b18-db7a-4fa8-a475-735834409600 eb6609e0220b4604b3e676946760858f b9e572cd022844ef802bb08079d29030 - - - -] Successfully bumped revision number for resource c9b646c3-4357-46f4-9e07-ec9a9759c462 (type: security_group_rules) to 0
2026-05-12 06:32:33.155 10 INFO neutron.wsgi [None req-bae01b18-db7a-4fa8-a475-735834409600 eb6609e0220b4604b3e676946760858f b9e572cd022844ef802bb08079d29030 - - - -] 199.19.213.59,10.0.0.49 "POST /v2.0/security-group-rules HTTP/1.1" status: 201 len: 775 time: 0.1343739
2026-05-12 06:32:47.948 9 INFO neutron.wsgi [-] 10.0.0.49 "GET / HTTP/1.1" status: 200 len: 246 time: 0.0018792
2026-05-12 06:32:47.948 10 INFO neutron.wsgi [-] 10.0.0.49 "GET / HTTP/1.1" status: 200 len: 246 time: 0.0021799
2026-05-12 06:33:02.950 9 INFO neutron.wsgi [-] 10.0.0.49 "GET / HTTP/1.1" status: 200 len: 246 time: 0.0032103
2026-05-12 06:33:02.951 10 INFO neutron.wsgi [-] 10.0.0.49 "GET / HTTP/1.1" status: 200 len: 246 time: 0.0044413
2026-05-12 06:33:17.951 9 INFO neutron.wsgi [-] 10.0.0.49 "GET / HTTP/1.1" status: 200 len: 246 time: 0.0029228
2026-05-12 06:33:17.954 9 INFO neutron.wsgi [-] 10.0.0.49 "GET / HTTP/1.1" status: 200 len: 246 time: 0.0022464
2026-05-12 06:33:32.950 10 INFO neutron.wsgi [-] 10.0.0.49 "GET / HTTP/1.1" status: 200 len: 246 time: 0.0028093
2026-05-12 06:33:32.950 9 INFO neutron.wsgi [-] 10.0.0.49 "GET / HTTP/1.1" status: 200 len: 246 time: 0.0036500
2026-05-12 06:33:47.950 9 INFO neutron.wsgi [-] 10.0.0.49 "GET / HTTP/1.1" status: 200 len: 246 time: 0.0033908
2026-05-12 06:33:47.951 10 INFO neutron.wsgi [-] 10.0.0.49 "GET / HTTP/1.1" status: 200 len: 246 time: 0.0041010
2026-05-12 06:33:53.017 9 INFO neutron.wsgi [None req-9e339f13-7ab7-488f-8821-d07c496807f8 eb6609e0220b4604b3e676946760858f b9e572cd022844ef802bb08079d29030 - - default default] 199.19.213.59,10.0.0.49 "GET /v2.0/quotas/b9e572cd022844ef802bb08079d29030 HTTP/1.1" status: 200 len: 362 time: 0.0165517 /var/lib/openstack/lib/python3.10/site-packages/neutron/extensions/quotasv2.py:140: UserWarning: Neutron quota engine will require "--force" parameter to set a quota limit without checking the resource usage. warnings.warn('Neutron quota engine will require "--force" '
2026-05-12 06:33:53.362 9 INFO neutron.wsgi [None req-5456d07e-1283-44fe-a816-4f9a31d32d8b eb6609e0220b4604b3e676946760858f b9e572cd022844ef802bb08079d29030 - - default default] 199.19.213.59,10.0.0.49 "PUT /v2.0/quotas/b9e572cd022844ef802bb08079d29030 HTTP/1.1" status: 200 len: 361 time: 0.0329454
2026-05-12 06:33:53.675 9 INFO neutron.wsgi [None req-709f4319-5011-4130-b74b-e69c37f37958 eb6609e0220b4604b3e676946760858f b9e572cd022844ef802bb08079d29030 - - default default] 199.19.213.59,10.0.0.49 "GET /v2.0/quotas/b9e572cd022844ef802bb08079d29030 HTTP/1.1" status: 200 len: 361 time: 0.0120029
2026-05-12 06:34:02.949 9 INFO neutron.wsgi [-] 10.0.0.49 "GET / HTTP/1.1" status: 200 len: 246 time: 0.0021799
2026-05-12 06:34:02.951 9 INFO neutron.wsgi [-] 10.0.0.49 "GET / HTTP/1.1" status: 200 len: 246 time: 0.0013087
2026-05-12 06:34:17.948 9 INFO neutron.wsgi [-] 10.0.0.49 "GET / HTTP/1.1" status: 200 len: 246 time: 0.0018778
2026-05-12 06:34:17.949 10 INFO neutron.wsgi [-] 10.0.0.49 "GET / HTTP/1.1" status: 200 len: 246 time: 0.0028913
2026-05-12 06:34:32.950 10 INFO neutron.wsgi [-] 10.0.0.49 "GET / HTTP/1.1" status: 200 len: 246 time: 0.0029774
2026-05-12 06:34:32.954 10 INFO neutron.wsgi [-] 10.0.0.49 "GET / HTTP/1.1" status: 200 len: 246 time: 0.0028002
2026-05-12 06:34:47.949 10 INFO neutron.wsgi [-] 10.0.0.49 "GET / HTTP/1.1" status: 200 len: 246 time: 0.0020638
2026-05-12 06:34:47.951 9 INFO neutron.wsgi [-] 10.0.0.49 "GET / HTTP/1.1" status: 200 len: 246 time: 0.0034971
2026-05-12 06:35:02.949 10 INFO neutron.wsgi [-] 10.0.0.49 "GET / HTTP/1.1" status: 200 len: 246 time: 0.0029941
2026-05-12 06:35:02.951 9 INFO neutron.wsgi [-] 10.0.0.49 "GET / HTTP/1.1" status: 200 len: 246 time: 0.0042317
2026-05-12 06:35:05.119 15 INFO neutron.db.ovn_revision_numbers_db [None req-4226c989-50b8-41ef-91e7-fa52e3ac5f97 - - - - - -] Successfully bumped revision number for resource 9a180d04-a3fa-4a48-9a89-338f812665c4 (type: networks) to 2
2026-05-12 06:35:05.174 15 INFO neutron.db.ovn_revision_numbers_db [None req-4226c989-50b8-41ef-91e7-fa52e3ac5f97 - - - - - -] Successfully bumped revision number for resource e3f10ef5-e44d-4263-8c17-31d8c2ff7bd0 (type: security_groups) to 6
2026-05-12 06:35:05.226 15 INFO neutron.db.ovn_revision_numbers_db [None req-4226c989-50b8-41ef-91e7-fa52e3ac5f97 - - - - - -] Successfully bumped revision number for resource 95dabd68-c58a-4fa6-acb7-702cdb72fdbe (type: security_groups) to 3
2026-05-12 06:35:05.450 15 INFO neutron.db.ovn_revision_numbers_db [None req-4226c989-50b8-41ef-91e7-fa52e3ac5f97 - - - - - -] Successfully bumped revision number for resource d7d1e1a9-aa2c-4c47-97ad-1139f1510148 (type: ports) to 3
2026-05-12 06:35:05.451 15 INFO neutron.plugins.ml2.drivers.ovn.mech_driver.ovsdb.maintenance [None req-4226c989-50b8-41ef-91e7-fa52e3ac5f97 - - - - - -] Maintenance task: Synchronization finished (took 0.43 seconds)
2026-05-12 06:35:17.949 10 INFO neutron.wsgi [-] 10.0.0.49 "GET / HTTP/1.1" status: 200 len: 246 time: 0.0027027
2026-05-12 06:35:17.949 9 INFO neutron.wsgi [-] 10.0.0.49 "GET / HTTP/1.1" status: 200 len: 246 time: 0.0029356
2026-05-12 06:35:32.951 10 INFO neutron.wsgi [-] 10.0.0.49 "GET / HTTP/1.1" status: 200 len: 246 time: 0.0033443
2026-05-12 06:35:32.951 9 INFO neutron.wsgi [-] 10.0.0.49 "GET / HTTP/1.1" status: 200 len: 246 time: 0.0040131
2026-05-12 06:35:47.949 9 INFO neutron.wsgi [-] 10.0.0.49 "GET / HTTP/1.1" status: 200 len: 246 time: 0.0021982
2026-05-12 06:35:47.951 10 INFO neutron.wsgi [-] 10.0.0.49 "GET / HTTP/1.1" status: 200 len: 246 time: 0.0041494 /var/lib/openstack/lib/python3.10/site-packages/pycadf/identifier.py:71: UserWarning: Invalid uuid: neutron. To ensure interoperability, identifiers should be a valid uuid. warnings.warn(('Invalid uuid: %s. To ensure interoperability, '
2026-05-12 06:36:02.771 10 INFO neutron.pecan_wsgi.hooks.translation [None req-367de9e1-9eec-4ad6-8b29-a7c0f7e12f49 eb6609e0220b4604b3e676946760858f b9e572cd022844ef802bb08079d29030 - - default default] GET failed (client error): The resource could not be found.
2026-05-12 06:36:02.773 10 INFO neutron.wsgi [None req-367de9e1-9eec-4ad6-8b29-a7c0f7e12f49 eb6609e0220b4604b3e676946760858f b9e572cd022844ef802bb08079d29030 - - default default] 199.19.213.59 "GET /v2.0/ports/octavia-health-manager-port-instance HTTP/1.1" status: 404 len: 338 time: 0.2548766
2026-05-12 06:36:02.809 10 INFO neutron.wsgi [None req-f5b56b51-f247-4d58-ac5b-f45f4a6ea77e eb6609e0220b4604b3e676946760858f b9e572cd022844ef802bb08079d29030 - - default default] 199.19.213.59 "GET /v2.0/ports?name=octavia-health-manager-port-instance HTTP/1.1" status: 200 len: 1373 time: 0.0295975
2026-05-12 06:36:02.948 9 INFO neutron.wsgi [-] 10.0.0.49 "GET / HTTP/1.1" status: 200 len: 246 time: 0.0018611
2026-05-12 06:36:02.952 10 INFO neutron.wsgi [-] 10.0.0.49 "GET / HTTP/1.1" status: 200 len: 246 time: 0.0060093
2026-05-12 06:36:04.700 10 INFO neutron.pecan_wsgi.hooks.translation [None req-24514ef6-1123-4d02-b012-a484067bac8e eb6609e0220b4604b3e676946760858f b9e572cd022844ef802bb08079d29030 - - default default] GET failed (client error): The resource could not be found.
2026-05-12 06:36:04.702 10 INFO neutron.wsgi [None req-24514ef6-1123-4d02-b012-a484067bac8e eb6609e0220b4604b3e676946760858f b9e572cd022844ef802bb08079d29030 - - default default] 199.19.213.59 "GET /v2.0/ports/octavia-health-manager-port-instance HTTP/1.1" status: 404 len: 338 time: 0.0673094
2026-05-12 06:36:04.739 10 INFO neutron.wsgi [None req-5d51a20a-e199-44bb-a2df-4af46546ab58 eb6609e0220b4604b3e676946760858f b9e572cd022844ef802bb08079d29030 - - default default] 199.19.213.59 "GET /v2.0/ports?name=octavia-health-manager-port-instance HTTP/1.1" status: 200 len: 1373 time: 0.0317287
2026-05-12 06:36:05.443 10 INFO neutron.plugins.ml2.drivers.ovn.mech_driver.mech_driver [-] OVN reports status up for port: d7d1e1a9-aa2c-4c47-97ad-1139f1510148
2026-05-12 06:36:05.456 10 INFO neutron.plugins.ml2.plugin [None req-08057539-665d-4047-884f-b9d8c95b934b - - - - - -] Attempt 1 to provision port d7d1e1a9-aa2c-4c47-97ad-1139f1510148
2026-05-12 06:36:05.878 10 INFO neutron.db.ovn_revision_numbers_db [None req-08057539-665d-4047-884f-b9d8c95b934b - - - - - -] Successfully bumped revision number for resource d7d1e1a9-aa2c-4c47-97ad-1139f1510148 (type: ports) to 4
2026-05-12 06:36:17.949 10 INFO neutron.wsgi [-] 10.0.0.49 "GET / HTTP/1.1" status: 200 len: 246 time: 0.0019217
2026-05-12 06:36:17.951 9 INFO neutron.wsgi [-] 10.0.0.49 "GET / HTTP/1.1" status: 200 len: 246 time: 0.0037799
2026-05-12 06:36:32.950 10 INFO neutron.wsgi [-] 10.0.0.49 "GET / HTTP/1.1" status: 200 len: 246 time: 0.0028901
2026-05-12 06:36:32.950 9 INFO neutron.wsgi [-] 10.0.0.49 "GET / HTTP/1.1" status: 200 len: 246 time: 0.0034049
2026-05-12 06:36:47.949 9 INFO neutron.wsgi [-] 10.0.0.49 "GET / HTTP/1.1" status: 200 len: 246 time: 0.0026422
2026-05-12 06:36:47.950 10 INFO neutron.wsgi [-] 10.0.0.49 "GET / HTTP/1.1" status: 200 len: 246 time: 0.0035276
2026-05-12 06:37:02.950 10 INFO neutron.wsgi [-] 10.0.0.49 "GET / HTTP/1.1" status: 200 len: 246 time: 0.0030205
2026-05-12 06:37:02.952 9 INFO neutron.wsgi [-] 10.0.0.49 "GET / HTTP/1.1" status: 200 len: 246 time: 0.0042801
2026-05-12 06:37:17.949 10 INFO neutron.wsgi [-] 10.0.0.49 "GET / HTTP/1.1" status: 200 len: 246 time: 0.0024562
2026-05-12 06:37:17.949 9 INFO neutron.wsgi [-] 10.0.0.49 "GET / HTTP/1.1" status: 200 len: 246 time: 0.0030367
2026-05-12 06:37:32.949 9 INFO neutron.wsgi [-] 10.0.0.49 "GET / HTTP/1.1" status: 200 len: 246 time: 0.0019574
2026-05-12 06:37:32.950 10 INFO neutron.wsgi [-] 10.0.0.49 "GET / HTTP/1.1" status: 200 len: 246 time: 0.0023801
2026-05-12 06:37:47.949 10 INFO neutron.wsgi [-] 10.0.0.49 "GET / HTTP/1.1" status: 200 len: 246 time: 0.0022624
2026-05-12 06:37:47.949 9 INFO neutron.wsgi [-] 10.0.0.49 "GET / HTTP/1.1" status: 200 len: 246 time: 0.0020754
2026-05-12 06:38:02.948 9 INFO neutron.wsgi [-] 10.0.0.49 "GET / HTTP/1.1" status: 200 len: 246 time: 0.0021620
2026-05-12 06:38:02.950 10 INFO neutron.wsgi [-] 10.0.0.49 "GET / HTTP/1.1" status: 200 len: 246 time: 0.0030518
2026-05-12 06:38:17.955 10 INFO neutron.wsgi [-] 10.0.0.49 "GET / HTTP/1.1" status: 200 len: 246 time: 0.0074100
2026-05-12 06:38:17.957 10 INFO neutron.wsgi [-] 10.0.0.49 "GET / HTTP/1.1" status: 200 len: 246 time: 0.0012641
2026-05-12 06:38:32.955 9 INFO neutron.wsgi [-] 10.0.0.49 "GET / HTTP/1.1" status: 200 len: 246 time: 0.0058029
2026-05-12 06:38:32.955 10 INFO neutron.wsgi [-] 10.0.0.49 "GET / HTTP/1.1" status: 200 len: 246 time: 0.0057988
2026-05-12 06:38:47.950 10 INFO neutron.wsgi [-] 10.0.0.49 "GET / HTTP/1.1" status: 200 len: 246 time: 0.0029497
2026-05-12 06:38:47.954 10 INFO neutron.wsgi [-] 10.0.0.49 "GET / HTTP/1.1" status: 200 len: 246 time: 0.0027516
2026-05-12 06:39:02.948 10 INFO neutron.wsgi [-] 10.0.0.49 "GET / HTTP/1.1" status: 200 len: 246 time: 0.0024559
2026-05-12 06:39:02.949 9 INFO neutron.wsgi [-] 10.0.0.49 "GET / HTTP/1.1" status: 200 len: 246 time: 0.0029919
2026-05-12 06:39:17.949 9 INFO neutron.wsgi [-] 10.0.0.49 "GET / HTTP/1.1" status: 200 len: 246 time: 0.0025766
2026-05-12 06:39:17.950 10 INFO neutron.wsgi [-] 10.0.0.49 "GET / HTTP/1.1" status: 200 len: 246 time: 0.0026665
2026-05-12 06:39:32.951 9 INFO neutron.wsgi [-] 10.0.0.49 "GET / HTTP/1.1" status: 200 len: 246 time: 0.0031929
2026-05-12 06:39:32.951 10 INFO neutron.wsgi [-] 10.0.0.49 "GET / HTTP/1.1" status: 200 len: 246 time: 0.0037022
2026-05-12 06:39:47.950 9 INFO neutron.wsgi [-] 10.0.0.49 "GET / HTTP/1.1" status: 200 len: 246 time: 0.0028980
2026-05-12 06:39:47.952 9 INFO neutron.wsgi [-] 10.0.0.49 "GET / HTTP/1.1" status: 200 len: 246 time: 0.0016026
2026-05-12 06:40:02.949 10 INFO neutron.wsgi [-] 10.0.0.49 "GET / HTTP/1.1" status: 200 len: 246 time: 0.0020483
2026-05-12 06:40:02.952 10 INFO neutron.wsgi [-] 10.0.0.49 "GET / HTTP/1.1" status: 200 len: 246 time: 0.0020151
2026-05-12 06:40:17.950 10 INFO neutron.wsgi [-] 10.0.0.49 "GET / HTTP/1.1" status: 200 len: 246 time: 0.0032830
2026-05-12 06:40:17.950 9 INFO neutron.wsgi [-] 10.0.0.49 "GET / HTTP/1.1" status: 200 len: 246 time: 0.0039959
2026-05-12 06:40:32.949 9 INFO neutron.wsgi [-] 10.0.0.49 "GET / HTTP/1.1" status: 200 len: 246 time: 0.0022168
2026-05-12 06:40:32.950 10 INFO neutron.wsgi [-] 10.0.0.49 "GET / HTTP/1.1" status: 200 len: 246 time: 0.0029972
2026-05-12 06:40:47.950 10 INFO neutron.wsgi [-] 10.0.0.49 "GET / HTTP/1.1" status: 200 len: 246 time: 0.0029128
2026-05-12 06:40:47.950 9 INFO neutron.wsgi [-] 10.0.0.49 "GET / HTTP/1.1" status: 200 len: 246 time: 0.0030432
2026-05-12 06:41:02.950 9 INFO neutron.wsgi [-] 10.0.0.49 "GET / HTTP/1.1" status: 200 len: 246 time: 0.0029938
2026-05-12 06:41:02.951 9 INFO neutron.wsgi [-] 10.0.0.49 "GET / HTTP/1.1" status: 200 len: 246 time: 0.0012479
2026-05-12 06:41:17.949 10 INFO neutron.wsgi [-] 10.0.0.49 "GET / HTTP/1.1" status: 200 len: 246 time: 0.0023952
2026-05-12 06:41:17.949 9 INFO neutron.wsgi [-] 10.0.0.49 "GET / HTTP/1.1" status: 200 len: 246 time: 0.0030167
2026-05-12 06:41:32.950 10 INFO neutron.wsgi [-] 10.0.0.49 "GET / HTTP/1.1" status: 200 len: 246 time: 0.0028155
2026-05-12 06:41:32.951 9 INFO neutron.wsgi [-] 10.0.0.49 "GET / HTTP/1.1" status: 200 len: 246 time: 0.0042033
2026-05-12 06:41:47.950 10 INFO neutron.wsgi [-] 10.0.0.49 "GET / HTTP/1.1" status: 200 len: 246 time: 0.0025179
2026-05-12 06:41:47.950 9 INFO neutron.wsgi [-] 10.0.0.49 "GET / HTTP/1.1" status: 200 len: 246 time: 0.0029418
2026-05-12 06:42:02.949 9 INFO neutron.wsgi [-] 10.0.0.49 "GET / HTTP/1.1" status: 200 len: 246 time: 0.0021880
2026-05-12 06:42:02.950 10 INFO neutron.wsgi [-] 10.0.0.49 "GET / HTTP/1.1" status: 200 len: 246 time: 0.0037317
2026-05-12 06:42:17.949 10 INFO neutron.wsgi [-] 10.0.0.49 "GET / HTTP/1.1" status: 200 len: 246 time: 0.0027149
2026-05-12 06:42:17.952 10 INFO neutron.wsgi [-] 10.0.0.49 "GET / HTTP/1.1" status: 200 len: 246 time: 0.0017507
2026-05-12 06:42:32.950 10 INFO neutron.wsgi [-] 10.0.0.49 "GET / HTTP/1.1" status: 200 len: 246 time: 0.0029764
2026-05-12 06:42:32.951 9 INFO neutron.wsgi [-] 10.0.0.49 "GET / HTTP/1.1" status: 200 len: 246 time: 0.0029519
2026-05-12 06:42:47.949 10 INFO neutron.wsgi [-] 10.0.0.49 "GET / HTTP/1.1" status: 200 len: 246 time: 0.0021174
2026-05-12 06:42:47.949 9 INFO neutron.wsgi [-] 10.0.0.49 "GET / HTTP/1.1" status: 200 len: 246 time: 0.0028679
2026-05-12 06:43:02.949 10 INFO neutron.wsgi [-] 10.0.0.49 "GET / HTTP/1.1" status: 200 len: 246 time: 0.0028152
2026-05-12 06:43:02.951 9 INFO neutron.wsgi [-] 10.0.0.49 "GET / HTTP/1.1" status: 200 len: 246 time: 0.0041368
2026-05-12 06:43:17.953 10 INFO neutron.wsgi [-] 10.0.0.49 "GET / HTTP/1.1" status: 200 len: 246 time: 0.0053093
2026-05-12 06:43:17.959 10 INFO neutron.wsgi [-] 10.0.0.49 "GET / HTTP/1.1" status: 200 len: 246 time: 0.0017028
2026-05-12 06:43:32.948 10 INFO neutron.wsgi [-] 10.0.0.49 "GET / HTTP/1.1" status: 200 len: 246 time: 0.0018494
2026-05-12 06:43:32.950 9 INFO neutron.wsgi [-] 10.0.0.49 "GET / HTTP/1.1" status: 200 len: 246 time: 0.0029871
2026-05-12 06:43:47.948 10 INFO neutron.wsgi [-] 10.0.0.49 "GET / HTTP/1.1" status: 200 len: 246 time: 0.0016108
2026-05-12 06:43:47.949 9 INFO neutron.wsgi [-] 10.0.0.49 "GET / HTTP/1.1" status: 200 len: 246 time: 0.0022087
2026-05-12 06:44:02.950 10 INFO neutron.wsgi [-] 10.0.0.49 "GET / HTTP/1.1" status: 200 len: 246 time: 0.0024927
2026-05-12 06:44:02.951 9 INFO neutron.wsgi [-] 10.0.0.49 "GET / HTTP/1.1" status: 200 len: 246 time: 0.0032012
2026-05-12 06:44:04.355 9 INFO neutron.db.ovn_revision_numbers_db [None req-8da6746f-1400-4924-8335-26c7ae21f954 eb6609e0220b4604b3e676946760858f b9e572cd022844ef802bb08079d29030 - - default default] Successfully bumped revision number for resource ab00d798-37a7-4efc-8baa-1ca52b065c9e (type: security_groups) to 1
2026-05-12 06:44:04.380 9 INFO neutron.wsgi [None req-8da6746f-1400-4924-8335-26c7ae21f954 eb6609e0220b4604b3e676946760858f b9e572cd022844ef802bb08079d29030 - - default default] 199.19.213.59,10.0.0.49 "GET /v2.0/security-groups?tenant_id=0df174a901bc4dc0bb74341c0eb17dec HTTP/1.1" status: 200 len: 2973 time: 0.2837844
2026-05-12 06:44:04.488 9 INFO neutron.db.ovn_revision_numbers_db [None req-f6d54fab-11ca-4255-ac40-73aef40d8f6c eb6609e0220b4604b3e676946760858f b9e572cd022844ef802bb08079d29030 - - - -] Successfully bumped revision number for resource f3dcb294-f7ba-4953-9256-f8e214427ee2 (type: security_groups) to 1
2026-05-12 06:44:04.509 9 INFO neutron.wsgi [None req-f6d54fab-11ca-4255-ac40-73aef40d8f6c eb6609e0220b4604b3e676946760858f b9e572cd022844ef802bb08079d29030 - - - -] 199.19.213.59,10.0.0.49 "POST /v2.0/security-groups HTTP/1.1" status: 201 len: 1741 time: 0.1175401
2026-05-12 06:44:05.460 9 INFO neutron.wsgi [None req-3a9b4ca3-806e-4bba-9ef8-df3f2b53e77c eb6609e0220b4604b3e676946760858f b9e572cd022844ef802bb08079d29030 - - default default] 199.19.213.59,10.0.0.49 "GET /v2.0/security-groups?tenant_id=0df174a901bc4dc0bb74341c0eb17dec HTTP/1.1" status: 200 len: 4515 time: 0.0811298
2026-05-12 06:44:05.526 9 INFO neutron.wsgi [None req-f0114ef1-7092-4318-81b2-978fe37b5f0a eb6609e0220b4604b3e676946760858f b9e572cd022844ef802bb08079d29030 - - default default] 199.19.213.59,10.0.0.49 "GET /v2.0/security-groups HTTP/1.1" status: 200 len: 14480 time: 0.0582519
2026-05-12 06:44:05.663 9 INFO neutron.db.ovn_revision_numbers_db [None req-2e7d38e1-4af8-49e6-8f2f-7cb58a89cb6c eb6609e0220b4604b3e676946760858f b9e572cd022844ef802bb08079d29030 - - - -] Successfully bumped revision number for resource 4a94c39c-94dd-44b3-b434-e467ca8ad1a4 (type: security_group_rules) to 0
2026-05-12 06:44:05.698 9 INFO neutron.wsgi [None req-2e7d38e1-4af8-49e6-8f2f-7cb58a89cb6c eb6609e0220b4604b3e676946760858f b9e572cd022844ef802bb08079d29030 - - - -] 199.19.213.59,10.0.0.49 "POST /v2.0/security-group-rules HTTP/1.1" status: 201 len: 745 time: 0.1597927
2026-05-12 06:44:06.572 9 INFO neutron.wsgi [None req-4fccef5a-f0e0-44b5-abce-289d7ee2f277 eb6609e0220b4604b3e676946760858f b9e572cd022844ef802bb08079d29030 - - default default] 199.19.213.59,10.0.0.49 "GET /v2.0/security-groups?tenant_id=0df174a901bc4dc0bb74341c0eb17dec HTTP/1.1" status: 200 len: 5093 time: 0.0829408
2026-05-12 06:44:06.632 9 INFO neutron.wsgi [None req-278adeba-8638-4f35-9ed7-12b0f24681f1 eb6609e0220b4604b3e676946760858f b9e572cd022844ef802bb08079d29030 - - default default] 199.19.213.59,10.0.0.49 "GET /v2.0/security-groups HTTP/1.1" status: 200 len: 15058 time: 0.0528867
2026-05-12 06:44:06.932 9 INFO neutron.db.ovn_revision_numbers_db [None req-c8970645-a666-4e90-abf7-db6b6adcd846 eb6609e0220b4604b3e676946760858f b9e572cd022844ef802bb08079d29030 - - - -] Successfully bumped revision number for resource 044ca5a1-b514-485a-8563-762a51fb3279 (type: security_group_rules) to 0
2026-05-12 06:44:06.961 9 INFO neutron.wsgi [None req-c8970645-a666-4e90-abf7-db6b6adcd846 eb6609e0220b4604b3e676946760858f b9e572cd022844ef802bb08079d29030 - - - -] 199.19.213.59,10.0.0.49 "POST /v2.0/security-group-rules HTTP/1.1" status: 201 len: 747 time: 0.3191445
2026-05-12 06:44:07.856 9 INFO neutron.wsgi [None req-c557ee11-548b-4bda-b0d4-c92b309548c0 eb6609e0220b4604b3e676946760858f b9e572cd022844ef802bb08079d29030 - - default default] 199.19.213.59,10.0.0.49 "GET /v2.0/security-groups?tenant_id=0df174a901bc4dc0bb74341c0eb17dec HTTP/1.1" status: 200 len: 5673 time: 0.0927646
2026-05-12 06:44:07.928 9 INFO neutron.wsgi [None req-10bd1cf6-0cdf-4661-8a48-8d1b2fb43c54 eb6609e0220b4604b3e676946760858f b9e572cd022844ef802bb08079d29030 - - default default] 199.19.213.59,10.0.0.49 "GET /v2.0/security-groups HTTP/1.1" status: 200 len: 15638 time: 0.0653665
2026-05-12 06:44:08.148 9 INFO neutron.db.ovn_revision_numbers_db [None req-0fd4bc5c-de1a-4bfd-8ab7-8b49412235e0 eb6609e0220b4604b3e676946760858f b9e572cd022844ef802bb08079d29030 - - - -] Successfully bumped revision number for resource d658c17a-eb82-4147-85e8-e05d38393ae8 (type: security_group_rules) to 0
2026-05-12 06:44:08.174 9 INFO neutron.wsgi [None req-0fd4bc5c-de1a-4bfd-8ab7-8b49412235e0 eb6609e0220b4604b3e676946760858f b9e572cd022844ef802bb08079d29030 - - - -] 199.19.213.59,10.0.0.49 "POST /v2.0/security-group-rules HTTP/1.1" status: 201 len: 749 time: 0.2340248
2026-05-12 06:44:09.115 9 INFO neutron.wsgi [None req-6fc156bb-836d-472a-85b7-1ac3b50e9b89 eb6609e0220b4604b3e676946760858f b9e572cd022844ef802bb08079d29030 - - default default] 199.19.213.59,10.0.0.49 "GET /v2.0/security-groups?tenant_id=0df174a901bc4dc0bb74341c0eb17dec HTTP/1.1" status: 200 len: 6255 time: 0.0877647
2026-05-12 06:44:09.192 9 INFO neutron.wsgi [None req-f286df39-fd64-4d4d-a37d-d4302064a89b eb6609e0220b4604b3e676946760858f b9e572cd022844ef802bb08079d29030 - - default default] 199.19.213.59,10.0.0.49 "GET /v2.0/security-groups HTTP/1.1" status: 200 len: 16220 time: 0.0641901
2026-05-12 06:44:09.319 9 INFO neutron.db.ovn_revision_numbers_db [None req-c95f1fdd-778a-4507-97d1-f0b3db497204 eb6609e0220b4604b3e676946760858f b9e572cd022844ef802bb08079d29030 - - - -] Successfully bumped revision number for resource b15b4f06-b719-43af-b81a-74568a3b370b (type: security_group_rules) to 0
2026-05-12 06:44:09.345 9 INFO neutron.wsgi [None req-c95f1fdd-778a-4507-97d1-f0b3db497204 eb6609e0220b4604b3e676946760858f b9e572cd022844ef802bb08079d29030 - - - -] 199.19.213.59,10.0.0.49 "POST /v2.0/security-group-rules HTTP/1.1" status: 201 len: 750 time: 0.1392453
2026-05-12 06:44:17.949 9 INFO neutron.wsgi [-] 10.0.0.49 "GET / HTTP/1.1" status: 200 len: 246 time: 0.0028141
2026-05-12 06:44:17.950 10 INFO neutron.wsgi [-] 10.0.0.49 "GET / HTTP/1.1" status: 200 len: 246 time: 0.0034409
2026-05-12 06:44:32.948 9 INFO neutron.wsgi [-] 10.0.0.49 "GET / HTTP/1.1" status: 200 len: 246 time: 0.0021608
2026-05-12 06:44:32.950 10 INFO neutron.wsgi [-] 10.0.0.49 "GET / HTTP/1.1" status: 200 len: 246 time: 0.0033484
2026-05-12 06:44:47.949 10 INFO neutron.wsgi [-] 10.0.0.49 "GET / HTTP/1.1" status: 200 len: 246 time: 0.0027723
2026-05-12 06:44:47.950 9 INFO neutron.wsgi [-] 10.0.0.49 "GET / HTTP/1.1" status: 200 len: 246 time: 0.0030344
2026-05-12 06:45:02.949 10 INFO neutron.wsgi [-] 10.0.0.49 "GET / HTTP/1.1" status: 200 len: 246 time: 0.0022585
2026-05-12 06:45:02.950 9 INFO neutron.wsgi [-] 10.0.0.49 "GET / HTTP/1.1" status: 200 len: 246 time: 0.0029716
2026-05-12 06:45:05.082 15 INFO neutron.db.ovn_revision_numbers_db [None req-4226c989-50b8-41ef-91e7-fa52e3ac5f97 - - - - - -] Successfully bumped revision number for resource f3dcb294-f7ba-4953-9256-f8e214427ee2 (type: security_groups) to 5
2026-05-12 06:45:05.083 15 INFO neutron.plugins.ml2.drivers.ovn.mech_driver.ovsdb.maintenance [None req-4226c989-50b8-41ef-91e7-fa52e3ac5f97 - - - - - -] Maintenance task: Synchronization finished (took 0.03 seconds)
2026-05-12 06:45:17.950 9 INFO neutron.wsgi [-] 10.0.0.49 "GET / HTTP/1.1" status: 200 len: 246 time: 0.0032568
2026-05-12 06:45:17.952 9 INFO neutron.wsgi [-] 10.0.0.49 "GET / HTTP/1.1" status: 200 len: 246 time: 0.0015826
2026-05-12 06:45:32.950 10 INFO neutron.wsgi [-] 10.0.0.49 "GET / HTTP/1.1" status: 200 len: 246 time: 0.0039222
2026-05-12 06:45:32.954 10 INFO neutron.wsgi [-] 10.0.0.49 "GET / HTTP/1.1" status: 200 len: 246 time: 0.0022326
2026-05-12 06:45:47.950 9 INFO neutron.wsgi [-] 10.0.0.49 "GET / HTTP/1.1" status: 200 len: 246 time: 0.0031421
2026-05-12 06:45:47.950 10 INFO neutron.wsgi [-] 10.0.0.49 "GET / HTTP/1.1" status: 200 len: 246 time: 0.0033762
2026-05-12 06:46:02.950 9 INFO neutron.wsgi [-] 10.0.0.49 "GET / HTTP/1.1" status: 200 len: 246 time: 0.0027974
2026-05-12 06:46:02.953 10 INFO neutron.wsgi [-] 10.0.0.49 "GET / HTTP/1.1" status: 200 len: 246 time: 0.0053599
2026-05-12 06:46:17.950 9 INFO neutron.wsgi [-] 10.0.0.49 "GET / HTTP/1.1" status: 200 len: 246 time: 0.0030823
2026-05-12 06:46:17.950 10 INFO neutron.wsgi [-] 10.0.0.49 "GET / HTTP/1.1" status: 200 len: 246 time: 0.0027320 /var/lib/openstack/lib/python3.10/site-packages/pycadf/identifier.py:71: UserWarning: Invalid uuid: neutron. To ensure interoperability, identifiers should be a valid uuid. warnings.warn(('Invalid uuid: %s. To ensure interoperability, '
2026-05-12 06:46:27.282 10 INFO neutron.wsgi [None req-e4726285-40e0-4f58-942e-8b9fc2b42c73 75dd0ece39f44f28894509411f4e99e3 0df174a901bc4dc0bb74341c0eb17dec - - 794e60b7ab31494d9889834336fd9def 794e60b7ab31494d9889834336fd9def] 199.19.213.59 "GET /v2.0/networks?tenant_id=0df174a901bc4dc0bb74341c0eb17dec&shared=False HTTP/1.1" status: 200 len: 213 time: 0.1812203
2026-05-12 06:46:27.388 10 INFO neutron.db.segments_db [None req-10a2983d-1e30-4a2b-9e89-b0aef379e923 75dd0ece39f44f28894509411f4e99e3 0df174a901bc4dc0bb74341c0eb17dec - - - -] Added segment 178a09fb-1ba4-47e8-bc15-313947d96a96 of type geneve for network 2ce678df-c5d8-4592-b71a-28e9695aef71
2026-05-12 06:46:27.560 10 INFO neutron.db.ovn_revision_numbers_db [None req-10a2983d-1e30-4a2b-9e89-b0aef379e923 75dd0ece39f44f28894509411f4e99e3 0df174a901bc4dc0bb74341c0eb17dec - - - -] Successfully bumped revision number for resource 2ce678df-c5d8-4592-b71a-28e9695aef71 (type: networks) to 1
2026-05-12 06:46:27.748 10 WARNING neutron.scheduler.dhcp_agent_scheduler [None req-10a2983d-1e30-4a2b-9e89-b0aef379e923 75dd0ece39f44f28894509411f4e99e3 0df174a901bc4dc0bb74341c0eb17dec - - - -] No more DHCP agents
2026-05-12 06:46:27.750 10 WARNING neutron.api.rpc.agentnotifiers.dhcp_rpc_agent_api [None req-10a2983d-1e30-4a2b-9e89-b0aef379e923 75dd0ece39f44f28894509411f4e99e3 0df174a901bc4dc0bb74341c0eb17dec - - - -] Unable to schedule network 2ce678df-c5d8-4592-b71a-28e9695aef71: no agents available; will retry on subsequent port and subnet creation events.
2026-05-12 06:46:27.840 10 INFO neutron.db.ovn_revision_numbers_db [None req-10a2983d-1e30-4a2b-9e89-b0aef379e923 75dd0ece39f44f28894509411f4e99e3 0df174a901bc4dc0bb74341c0eb17dec - - - -] Successfully bumped revision number for resource 4206047a-0f60-4f2a-ac3d-7aa73d1da691 (type: ports) to 1
2026-05-12 06:46:27.861 10 INFO neutron.wsgi [None req-10a2983d-1e30-4a2b-9e89-b0aef379e923 75dd0ece39f44f28894509411f4e99e3 0df174a901bc4dc0bb74341c0eb17dec - - - -] 199.19.213.59 "POST /v2.0/networks HTTP/1.1" status: 201 len: 925 time: 0.5706611
2026-05-12 06:46:27.907 10 INFO neutron.wsgi [None req-0ba5a1d6-a1dc-4706-b94c-8619f39917bb 75dd0ece39f44f28894509411f4e99e3 0df174a901bc4dc0bb74341c0eb17dec - - 794e60b7ab31494d9889834336fd9def 794e60b7ab31494d9889834336fd9def] 199.19.213.59 "GET /v2.0/ports?device_id=manila-share&binding%3Ahost_id=instance HTTP/1.1" status: 200 len: 210 time: 0.0374761
2026-05-12 06:46:27.921 10 INFO neutron.wsgi [None req-b7a9a4ff-a1b1-4a07-a2af-3447924cc547 75dd0ece39f44f28894509411f4e99e3 0df174a901bc4dc0bb74341c0eb17dec - - 794e60b7ab31494d9889834336fd9def 794e60b7ab31494d9889834336fd9def] 199.19.213.59 "GET /v2.0/extensions HTTP/1.1" status: 200 len: 16525 time: 0.0074430
2026-05-12 06:46:28.240 10 WARNING neutron.scheduler.dhcp_agent_scheduler [None req-2aa6ef33-50cb-465a-86a0-cabb3fc06c3a 75dd0ece39f44f28894509411f4e99e3 0df174a901bc4dc0bb74341c0eb17dec - - - -] No more DHCP agents
2026-05-12 06:46:28.243 10 WARNING neutron.api.rpc.agentnotifiers.dhcp_rpc_agent_api [None req-2aa6ef33-50cb-465a-86a0-cabb3fc06c3a 75dd0ece39f44f28894509411f4e99e3 0df174a901bc4dc0bb74341c0eb17dec - - - -] Unable to schedule network 2ce678df-c5d8-4592-b71a-28e9695aef71: no agents available; will retry on subsequent port and subnet creation events.
