2026-05-12 07:06:37.195 10 INFO neutron.wsgi [None req-87e0f1e5-ddbd-4789-a85b-4e948a6f65b4 eb6609e0220b4604b3e676946760858f b9e572cd022844ef802bb08079d29030 - - default default] 10.0.0.66 "GET /v2.0/security-groups?tenant_id=3af6161b7e3749cbbee4222e7cb26ed5&name=default HTTP/1.1" status: 200 len: 2996 time: 0.0244703
2026-05-12 07:06:37.422 10 INFO neutron.wsgi [None req-ec63261d-a5bf-4d85-902a-f5343032c6cc eb6609e0220b4604b3e676946760858f b9e572cd022844ef802bb08079d29030 - - - -] 10.0.0.66 "DELETE /v2.0/security-groups/40600ffa-d0c9-4f8c-80ba-61b4021d206f HTTP/1.1" status: 204 len: 168 time: 0.2093806
2026-05-12 07:06:40.433 9 INFO neutron.db.ovn_revision_numbers_db [None req-d6ecc508-feb2-4749-b3ba-ba91af61ea1e 38b8498a891447bca5a0aff31198001e b6ed9023eb3345fa88fee4afdad081ad - - - -] Successfully bumped revision number for resource 69dae919-b586-4fab-bae7-c931bf18c1d2 (type: security_groups) to 1
2026-05-12 07:06:40.489 9 INFO neutron.db.segments_db [None req-d6ecc508-feb2-4749-b3ba-ba91af61ea1e 38b8498a891447bca5a0aff31198001e b6ed9023eb3345fa88fee4afdad081ad - - - -] Added segment 96bd5722-7109-49cd-9797-08ae904ca27e of type geneve for network 1bf98263-38e1-48ee-af5f-accb069129c3
2026-05-12 07:06:40.637 9 INFO neutron.db.ovn_revision_numbers_db [None req-d6ecc508-feb2-4749-b3ba-ba91af61ea1e 38b8498a891447bca5a0aff31198001e b6ed9023eb3345fa88fee4afdad081ad - - - -] Successfully bumped revision number for resource 1bf98263-38e1-48ee-af5f-accb069129c3 (type: networks) to 1
2026-05-12 07:06:40.847 9 WARNING neutron.scheduler.dhcp_agent_scheduler [None req-d6ecc508-feb2-4749-b3ba-ba91af61ea1e 38b8498a891447bca5a0aff31198001e b6ed9023eb3345fa88fee4afdad081ad - - - -] No more DHCP agents
2026-05-12 07:06:40.849 9 WARNING neutron.api.rpc.agentnotifiers.dhcp_rpc_agent_api [None req-d6ecc508-feb2-4749-b3ba-ba91af61ea1e 38b8498a891447bca5a0aff31198001e b6ed9023eb3345fa88fee4afdad081ad - - - -] Unable to schedule network 1bf98263-38e1-48ee-af5f-accb069129c3: no agents available; will retry on subsequent port and subnet creation events.
2026-05-12 07:06:40.916 9 INFO neutron.db.ovn_revision_numbers_db [None req-d6ecc508-feb2-4749-b3ba-ba91af61ea1e 38b8498a891447bca5a0aff31198001e b6ed9023eb3345fa88fee4afdad081ad - - - -] Successfully bumped revision number for resource cfec7317-5b63-4533-92c0-070a3800b25a (type: ports) to 1
2026-05-12 07:06:40.945 9 INFO neutron.wsgi [None req-d6ecc508-feb2-4749-b3ba-ba91af61ea1e 38b8498a891447bca5a0aff31198001e b6ed9023eb3345fa88fee4afdad081ad - - - -] 10.0.0.66 "POST /v2.0/networks HTTP/1.1" status: 201 len: 831 time: 0.7831044
2026-05-12 07:06:41.156 10 WARNING neutron.scheduler.dhcp_agent_scheduler [None req-6f33ef40-21c3-4510-ab7d-07cad55dcce5 68dc509a0fa34644a16952a64c7415cd 3c0200328a8d403393c2ced90c346093 - - - -] No more DHCP agents
2026-05-12 07:06:41.159 10 WARNING neutron.api.rpc.agentnotifiers.dhcp_rpc_agent_api [None req-6f33ef40-21c3-4510-ab7d-07cad55dcce5 68dc509a0fa34644a16952a64c7415cd 3c0200328a8d403393c2ced90c346093 - - - -] Unable to schedule network a9edea5a-1275-42ba-a7a8-7500bf60cf40: no agents available; will retry on subsequent port and subnet creation events.
2026-05-12 07:06:41.201 9 WARNING neutron.scheduler.dhcp_agent_scheduler [None req-2ee5894d-b94e-4abc-8bb8-d80a08d4a468 38b8498a891447bca5a0aff31198001e b6ed9023eb3345fa88fee4afdad081ad - - - -] No more DHCP agents
2026-05-12 07:06:41.203 9 WARNING neutron.api.rpc.agentnotifiers.dhcp_rpc_agent_api [None req-2ee5894d-b94e-4abc-8bb8-d80a08d4a468 38b8498a891447bca5a0aff31198001e b6ed9023eb3345fa88fee4afdad081ad - - - -] Unable to schedule network 1bf98263-38e1-48ee-af5f-accb069129c3: no agents available; will retry on subsequent port and subnet creation events.
2026-05-12 07:06:41.281 9 INFO neutron.db.ovn_revision_numbers_db [None req-2ee5894d-b94e-4abc-8bb8-d80a08d4a468 38b8498a891447bca5a0aff31198001e b6ed9023eb3345fa88fee4afdad081ad - - - -] Successfully bumped revision number for resource 2b47e8fe-d57b-4933-9a14-e516f77ff8cc (type: ports) to 1
2026-05-12 07:06:41.307 9 INFO neutron.wsgi [None req-2ee5894d-b94e-4abc-8bb8-d80a08d4a468 38b8498a891447bca5a0aff31198001e b6ed9023eb3345fa88fee4afdad081ad - - - -] 10.0.0.66 "POST /v2.0/ports HTTP/1.1" status: 201 len: 942 time: 0.3559678 /var/lib/openstack/lib/python3.10/site-packages/pycadf/identifier.py:71: UserWarning: Invalid uuid: neutron. To ensure interoperability, identifiers should be a valid uuid. warnings.warn(('Invalid uuid: %s. To ensure interoperability, '
2026-05-12 07:06:41.499 10 INFO neutron.db.ovn_revision_numbers_db [None req-6f33ef40-21c3-4510-ab7d-07cad55dcce5 68dc509a0fa34644a16952a64c7415cd 3c0200328a8d403393c2ced90c346093 - - - -] Successfully bumped revision number for resource f788dc95-5b82-4c05-ab8b-83d967db15da (type: floatingips) to 0
2026-05-12 07:06:41.513 9 INFO neutron.wsgi [None req-35e9e0e7-1b51-418f-ad4e-431fc9c8bd4d 38b8498a891447bca5a0aff31198001e b6ed9023eb3345fa88fee4afdad081ad - - - -] 10.0.0.66 "POST /v2.0/trunks HTTP/1.1" status: 201 len: 608 time: 0.2004092
2026-05-12 07:06:41.514 10 INFO neutron.wsgi [None req-6f33ef40-21c3-4510-ab7d-07cad55dcce5 68dc509a0fa34644a16952a64c7415cd 3c0200328a8d403393c2ced90c346093 - - - -] 10.0.0.66 "POST /v2.0/floatingips HTTP/1.1" status: 201 len: 751 time: 0.7189169
2026-05-12 07:06:41.548 9 INFO neutron.wsgi [None req-099c803c-c9c7-47f5-8a43-4dc629b3e6bb 38b8498a891447bca5a0aff31198001e b6ed9023eb3345fa88fee4afdad081ad - - - -] 10.0.0.66 "PUT /v2.0/trunks/c4813d4d-2c4f-4910-af54-b453b2426c8c/tags HTTP/1.1" status: 200 len: 218 time: 0.0293913
2026-05-12 07:06:41.565 10 INFO neutron.wsgi [None req-eea72a48-0020-4780-ae56-eccaa24d1e99 68dc509a0fa34644a16952a64c7415cd 3c0200328a8d403393c2ced90c346093 - - - -] 10.0.0.66 "PUT /v2.0/floatingips/f788dc95-5b82-4c05-ab8b-83d967db15da/tags HTTP/1.1" status: 200 len: 218 time: 0.0451722
2026-05-12 07:06:41.573 9 INFO neutron.wsgi [None req-644100d6-f4c8-4f7d-b7a8-fe6aa3e18eda 38b8498a891447bca5a0aff31198001e b6ed9023eb3345fa88fee4afdad081ad - - default default] 10.0.0.66 "GET /v2.0/trunks/c4813d4d-2c4f-4910-af54-b453b2426c8c/tags HTTP/1.1" status: 200 len: 218 time: 0.0194271
2026-05-12 07:06:41.600 10 INFO neutron.wsgi [None req-0236daf7-32f4-4873-a215-39e9ab734202 68dc509a0fa34644a16952a64c7415cd 3c0200328a8d403393c2ced90c346093 - - default default] 10.0.0.66 "GET /v2.0/floatingips/f788dc95-5b82-4c05-ab8b-83d967db15da/tags HTTP/1.1" status: 200 len: 218 time: 0.0302501
2026-05-12 07:06:41.608 9 INFO neutron.wsgi [None req-543d0ffa-c926-46d1-b7e5-18d9379892fc 38b8498a891447bca5a0aff31198001e b6ed9023eb3345fa88fee4afdad081ad - - - -] 10.0.0.66 "PUT /v2.0/trunks/c4813d4d-2c4f-4910-af54-b453b2426c8c/tags/green HTTP/1.1" status: 201 len: 201 time: 0.0295956
2026-05-12 07:06:41.654 10 INFO neutron.wsgi [None req-5da458b9-9d34-46b0-a71d-51a86641ac3a 38b8498a891447bca5a0aff31198001e b6ed9023eb3345fa88fee4afdad081ad - - default default] 10.0.0.66 "GET /v2.0/trunks/c4813d4d-2c4f-4910-af54-b453b2426c8c/tags HTTP/1.1" status: 200 len: 227 time: 0.0407934
2026-05-12 07:06:41.668 10 INFO neutron.wsgi [None req-1a607a64-6588-40b7-9c3c-b93ed73ef902 68dc509a0fa34644a16952a64c7415cd 3c0200328a8d403393c2ced90c346093 - - - -] 10.0.0.66 "PUT /v2.0/floatingips/f788dc95-5b82-4c05-ab8b-83d967db15da/tags/green HTTP/1.1" status: 201 len: 201 time: 0.0627232
2026-05-12 07:06:41.678 10 INFO neutron.wsgi [None req-92376318-7fec-4c29-b307-7286315ede89 38b8498a891447bca5a0aff31198001e b6ed9023eb3345fa88fee4afdad081ad - - - -] 10.0.0.66 "PUT /v2.0/trunks/c4813d4d-2c4f-4910-af54-b453b2426c8c/tags/red HTTP/1.1" status: 201 len: 201 time: 0.0170426
2026-05-12 07:06:41.707 10 INFO neutron.wsgi [None req-2d70f863-03dc-4641-ba47-14e853313f49 38b8498a891447bca5a0aff31198001e b6ed9023eb3345fa88fee4afdad081ad - - default default] 10.0.0.66 "GET /v2.0/trunks/c4813d4d-2c4f-4910-af54-b453b2426c8c/tags HTTP/1.1" status: 200 len: 227 time: 0.0224018
2026-05-12 07:06:41.726 9 INFO neutron.wsgi [None req-3c0e2180-e50a-411b-a3eb-ab15ec51665b 68dc509a0fa34644a16952a64c7415cd 3c0200328a8d403393c2ced90c346093 - - default default] 10.0.0.66 "GET /v2.0/floatingips/f788dc95-5b82-4c05-ab8b-83d967db15da/tags HTTP/1.1" status: 200 len: 227 time: 0.0532029
2026-05-12 07:06:41.752 10 INFO neutron.wsgi [None req-56963ced-ce91-4d5b-a7ef-8a2925941078 38b8498a891447bca5a0aff31198001e b6ed9023eb3345fa88fee4afdad081ad - - - -] 10.0.0.66 "PUT /v2.0/trunks/c4813d4d-2c4f-4910-af54-b453b2426c8c/tags/black.or.white HTTP/1.1" status: 201 len: 201 time: 0.0390778
2026-05-12 07:06:41.772 10 INFO neutron.wsgi [None req-bf942e9d-92fb-4d85-b37a-746853ddcf2d 68dc509a0fa34644a16952a64c7415cd 3c0200328a8d403393c2ced90c346093 - - - -] 10.0.0.66 "PUT /v2.0/floatingips/f788dc95-5b82-4c05-ab8b-83d967db15da/tags/red HTTP/1.1" status: 201 len: 201 time: 0.0414367
2026-05-12 07:06:41.789 9 INFO neutron.wsgi [None req-dd6a237f-e940-4c51-9cf2-01454384ac85 38b8498a891447bca5a0aff31198001e b6ed9023eb3345fa88fee4afdad081ad - - default default] 10.0.0.66 "GET /v2.0/trunks/c4813d4d-2c4f-4910-af54-b453b2426c8c/tags HTTP/1.1" status: 200 len: 245 time: 0.0168459
2026-05-12 07:06:41.802 10 INFO neutron.wsgi [None req-60cfab70-a2fb-49d4-bf38-b14adb7e35e1 68dc509a0fa34644a16952a64c7415cd 3c0200328a8d403393c2ced90c346093 - - default default] 10.0.0.66 "GET /v2.0/floatingips/f788dc95-5b82-4c05-ab8b-83d967db15da/tags HTTP/1.1" status: 200 len: 227 time: 0.0265965
2026-05-12 07:06:41.823 9 INFO neutron.wsgi [None req-abdf52bd-a8d0-498c-86da-ce7da716ebbb 38b8498a891447bca5a0aff31198001e b6ed9023eb3345fa88fee4afdad081ad - - - -] 10.0.0.66 "PUT /v2.0/trunks/c4813d4d-2c4f-4910-af54-b453b2426c8c/tags HTTP/1.1" status: 200 len: 230 time: 0.0290284
2026-05-12 07:06:41.846 9 INFO neutron.wsgi [None req-56407b6b-ecf1-48da-b233-1ab2b1806b99 38b8498a891447bca5a0aff31198001e b6ed9023eb3345fa88fee4afdad081ad - - default default] 10.0.0.66 "GET /v2.0/trunks/c4813d4d-2c4f-4910-af54-b453b2426c8c/tags HTTP/1.1" status: 200 len: 230 time: 0.0162749
2026-05-12 07:06:41.871 9 INFO neutron.wsgi [None req-9cb2df3d-847b-4fb4-a14a-3f112c319c0a 38b8498a891447bca5a0aff31198001e b6ed9023eb3345fa88fee4afdad081ad - - default default] 10.0.0.66 "GET /v2.0/trunks/c4813d4d-2c4f-4910-af54-b453b2426c8c/tags/red HTTP/1.1" status: 204 len: 168 time: 0.0193253
2026-05-12 07:06:41.895 9 INFO neutron.api.v2.resource [None req-98415cf1-f4ae-4129-8ecb-6a130fd5c336 38b8498a891447bca5a0aff31198001e b6ed9023eb3345fa88fee4afdad081ad - - default default] show failed (client error): The resource could not be found.
2026-05-12 07:06:41.897 9 INFO neutron.wsgi [None req-98415cf1-f4ae-4129-8ecb-6a130fd5c336 38b8498a891447bca5a0aff31198001e b6ed9023eb3345fa88fee4afdad081ad - - default default] 10.0.0.66 "GET /v2.0/trunks/c4813d4d-2c4f-4910-af54-b453b2426c8c/tags/green HTTP/1.1" status: 404 len: 299 time: 0.0184970
2026-05-12 07:06:41.935 9 INFO neutron.wsgi [None req-904c70e1-3d43-43ef-a431-a769ff85fa21 38b8498a891447bca5a0aff31198001e b6ed9023eb3345fa88fee4afdad081ad - - - -] 10.0.0.66 "DELETE /v2.0/trunks/c4813d4d-2c4f-4910-af54-b453b2426c8c/tags/red HTTP/1.1" status: 204 len: 168 time: 0.0328660
2026-05-12 07:06:41.958 9 INFO neutron.wsgi [None req-54114e6f-5acc-43d7-b1ef-ff394d75967d 38b8498a891447bca5a0aff31198001e b6ed9023eb3345fa88fee4afdad081ad - - default default] 10.0.0.66 "GET /v2.0/trunks/c4813d4d-2c4f-4910-af54-b453b2426c8c/tags HTTP/1.1" status: 200 len: 223 time: 0.0170257
2026-05-12 07:06:41.983 9 INFO neutron.api.v2.resource [None req-5c9385e0-7b33-4a48-a89d-b3b083613cda 38b8498a891447bca5a0aff31198001e b6ed9023eb3345fa88fee4afdad081ad - - - -] delete failed (client error): The resource could not be found.
2026-05-12 07:06:41.985 9 INFO neutron.wsgi [None req-5c9385e0-7b33-4a48-a89d-b3b083613cda 38b8498a891447bca5a0aff31198001e b6ed9023eb3345fa88fee4afdad081ad - - - -] 10.0.0.66 "DELETE /v2.0/trunks/c4813d4d-2c4f-4910-af54-b453b2426c8c/tags/green HTTP/1.1" status: 404 len: 299 time: 0.0224495
2026-05-12 07:06:42.024 9 INFO neutron.wsgi [None req-c0bd2f0b-ae26-44ec-b7d6-f1e0fc76a6a8 38b8498a891447bca5a0aff31198001e b6ed9023eb3345fa88fee4afdad081ad - - - -] 10.0.0.66 "DELETE /v2.0/trunks/c4813d4d-2c4f-4910-af54-b453b2426c8c/tags HTTP/1.1" status: 204 len: 168 time: 0.0342436
2026-05-12 07:06:42.047 9 INFO neutron.wsgi [None req-8bea72fd-d02d-4334-8232-36381d29073a 38b8498a891447bca5a0aff31198001e b6ed9023eb3345fa88fee4afdad081ad - - default default] 10.0.0.66 "GET /v2.0/trunks/c4813d4d-2c4f-4910-af54-b453b2426c8c/tags HTTP/1.1" status: 200 len: 205 time: 0.0188186
2026-05-12 07:06:42.068 9 INFO neutron.wsgi [None req-fc9b94bb-eb95-4efb-810d-05f7ad5e3d84 38b8498a891447bca5a0aff31198001e b6ed9023eb3345fa88fee4afdad081ad - - default default] 10.0.0.66 "GET /v2.0/trunks/c4813d4d-2c4f-4910-af54-b453b2426c8c HTTP/1.1" status: 200 len: 603 time: 0.0155656
2026-05-12 07:06:42.188 9 INFO neutron.wsgi [None req-a14b1fbc-dd8d-42e2-83a8-3fd115dc1f01 38b8498a891447bca5a0aff31198001e b6ed9023eb3345fa88fee4afdad081ad - - default default] 10.0.0.66 "GET /v2.0/ports/2b47e8fe-d57b-4933-9a14-e516f77ff8cc HTTP/1.1" status: 200 len: 1020 time: 0.1141002
2026-05-12 07:06:42.233 10 INFO neutron.wsgi [None req-21e3a612-3ad7-4d37-a673-c3d6b5e21afd 68dc509a0fa34644a16952a64c7415cd 3c0200328a8d403393c2ced90c346093 - - - -] 10.0.0.66 "PUT /v2.0/floatingips/f788dc95-5b82-4c05-ab8b-83d967db15da/tags/black.or.white HTTP/1.1" status: 201 len: 201 time: 0.4267635
2026-05-12 07:06:42.269 10 INFO neutron.wsgi [None req-ab48a7dc-b7fb-48e7-ab97-1d1f7f6c9120 68dc509a0fa34644a16952a64c7415cd 3c0200328a8d403393c2ced90c346093 - - default default] 10.0.0.66 "GET /v2.0/floatingips/f788dc95-5b82-4c05-ab8b-83d967db15da/tags HTTP/1.1" status: 200 len: 245 time: 0.0291319
2026-05-12 07:06:42.292 9 INFO neutron.wsgi [None req-511f29f4-a7e8-4e9b-b630-ea1cae9a5a34 38b8498a891447bca5a0aff31198001e b6ed9023eb3345fa88fee4afdad081ad - - - -] 10.0.0.66 "DELETE /v2.0/trunks/c4813d4d-2c4f-4910-af54-b453b2426c8c HTTP/1.1" status: 204 len: 168 time: 0.0993307
2026-05-12 07:06:42.317 10 INFO neutron.wsgi [None req-f49e1673-b29b-4662-b38d-fe7d278dcc00 68dc509a0fa34644a16952a64c7415cd 3c0200328a8d403393c2ced90c346093 - - - -] 10.0.0.66 "PUT /v2.0/floatingips/f788dc95-5b82-4c05-ab8b-83d967db15da/tags HTTP/1.1" status: 200 len: 230 time: 0.0411656
2026-05-12 07:06:42.351 10 INFO neutron.wsgi [None req-ae282074-fee7-4bcf-bb77-a36a41f02d69 68dc509a0fa34644a16952a64c7415cd 3c0200328a8d403393c2ced90c346093 - - default default] 10.0.0.66 "GET /v2.0/floatingips/f788dc95-5b82-4c05-ab8b-83d967db15da/tags HTTP/1.1" status: 200 len: 230 time: 0.0286498
2026-05-12 07:06:42.385 10 INFO neutron.wsgi [None req-f929e5dd-020c-422a-bf8e-1bd03533ce70 68dc509a0fa34644a16952a64c7415cd 3c0200328a8d403393c2ced90c346093 - - default default] 10.0.0.66 "GET /v2.0/floatingips/f788dc95-5b82-4c05-ab8b-83d967db15da/tags/red HTTP/1.1" status: 204 len: 168 time: 0.0256851
2026-05-12 07:06:42.428 10 INFO neutron.api.v2.resource [None req-b6d1aa8c-0fd4-4838-9039-a38f38070863 68dc509a0fa34644a16952a64c7415cd 3c0200328a8d403393c2ced90c346093 - - default default] show failed (client error): The resource could not be found.
2026-05-12 07:06:42.430 10 INFO neutron.wsgi [None req-b6d1aa8c-0fd4-4838-9039-a38f38070863 68dc509a0fa34644a16952a64c7415cd 3c0200328a8d403393c2ced90c346093 - - default default] 10.0.0.66 "GET /v2.0/floatingips/f788dc95-5b82-4c05-ab8b-83d967db15da/tags/green HTTP/1.1" status: 404 len: 299 time: 0.0384352
2026-05-12 07:06:42.474 10 INFO neutron.wsgi [None req-742302ef-cc21-40bc-921c-c754a10fb9a9 68dc509a0fa34644a16952a64c7415cd 3c0200328a8d403393c2ced90c346093 - - - -] 10.0.0.66 "DELETE /v2.0/floatingips/f788dc95-5b82-4c05-ab8b-83d967db15da/tags/red HTTP/1.1" status: 204 len: 168 time: 0.0386708
2026-05-12 07:06:42.540 10 INFO neutron.wsgi [None req-77f18dcd-10f5-4eff-acf6-844a2e2ea729 68dc509a0fa34644a16952a64c7415cd 3c0200328a8d403393c2ced90c346093 - - default default] 10.0.0.66 "GET /v2.0/floatingips/f788dc95-5b82-4c05-ab8b-83d967db15da/tags HTTP/1.1" status: 200 len: 223 time: 0.0597589
2026-05-12 07:06:42.545 9 INFO neutron.wsgi [None req-eb1f39d3-90bb-4984-951a-c3aa3cb64eee 38b8498a891447bca5a0aff31198001e b6ed9023eb3345fa88fee4afdad081ad - - - -] 10.0.0.66 "DELETE /v2.0/ports/2b47e8fe-d57b-4933-9a14-e516f77ff8cc HTTP/1.1" status: 204 len: 168 time: 0.2492900
2026-05-12 07:06:42.580 10 INFO neutron.api.v2.resource [None req-8beb8b2d-290e-4475-b1b1-ddc7699a6cc5 68dc509a0fa34644a16952a64c7415cd 3c0200328a8d403393c2ced90c346093 - - - -] delete failed (client error): The resource could not be found.
2026-05-12 07:06:42.582 10 INFO neutron.wsgi [None req-8beb8b2d-290e-4475-b1b1-ddc7699a6cc5 68dc509a0fa34644a16952a64c7415cd 3c0200328a8d403393c2ced90c346093 - - - -] 10.0.0.66 "DELETE /v2.0/floatingips/f788dc95-5b82-4c05-ab8b-83d967db15da/tags/green HTTP/1.1" status: 404 len: 299 time: 0.0363295
2026-05-12 07:06:42.629 10 INFO neutron.wsgi [None req-71c52255-66bf-487d-9ceb-6ff43e7a33e0 68dc509a0fa34644a16952a64c7415cd 3c0200328a8d403393c2ced90c346093 - - - -] 10.0.0.66 "DELETE /v2.0/floatingips/f788dc95-5b82-4c05-ab8b-83d967db15da/tags HTTP/1.1" status: 204 len: 168 time: 0.0416701
2026-05-12 07:06:42.663 10 INFO neutron.wsgi [None req-fad6279a-009e-4b72-b7ec-4405412d62ea 68dc509a0fa34644a16952a64c7415cd 3c0200328a8d403393c2ced90c346093 - - default default] 10.0.0.66 "GET /v2.0/floatingips/f788dc95-5b82-4c05-ab8b-83d967db15da/tags HTTP/1.1" status: 200 len: 205 time: 0.0275569
2026-05-12 07:06:42.926 9 INFO neutron.services.segments.plugin [-] Segment 96bd5722-7109-49cd-9797-08ae904ca27e resource provider aggregate not found
2026-05-12 07:06:42.937 9 INFO neutron.services.segments.plugin [-] Segment 96bd5722-7109-49cd-9797-08ae904ca27e resource provider aggregate not found
2026-05-12 07:06:42.943 9 INFO neutron.services.segments.plugin [-] Segment 96bd5722-7109-49cd-9797-08ae904ca27e resource provider not found; error: Placement Client Error (4xx): {"errors": [{"status": 404, "title": "Not Found", "detail": "The resource could not be found.\n\n No resource provider with uuid 96bd5722-7109-49cd-9797-08ae904ca27e found for delete ", "request_id": "req-80ca7fd7-abd6-4341-a213-779bf12363eb"}]}
2026-05-12 07:06:42.959 9 INFO neutron.services.segments.plugin [-] Segment 96bd5722-7109-49cd-9797-08ae904ca27e resource provider not found; error: Placement Client Error (4xx): {"errors": [{"status": 404, "title": "Not Found", "detail": "The resource could not be found.\n\n No resource provider with uuid 96bd5722-7109-49cd-9797-08ae904ca27e found for delete ", "request_id": "req-1dac2be3-87ba-493e-9c5e-e86de80f6169"}]}
2026-05-12 07:06:42.997 9 INFO neutron.wsgi [None req-6d4b2066-7ea9-4945-90d7-9253f5aa6ca3 38b8498a891447bca5a0aff31198001e b6ed9023eb3345fa88fee4afdad081ad - - - -] 10.0.0.66 "DELETE /v2.0/networks/1bf98263-38e1-48ee-af5f-accb069129c3 HTTP/1.1" status: 204 len: 168 time: 0.4468327
2026-05-12 07:06:43.061 10 INFO neutron.wsgi [None req-355268ad-ad74-4aec-a089-3f4c30f2d662 68dc509a0fa34644a16952a64c7415cd 3c0200328a8d403393c2ced90c346093 - - - -] 10.0.0.66 "DELETE /v2.0/floatingips/f788dc95-5b82-4c05-ab8b-83d967db15da HTTP/1.1" status: 204 len: 168 time: 0.3876674
2026-05-12 07:06:43.904 9 INFO neutron.db.ovn_revision_numbers_db [None req-40f82cd3-a088-4102-a14a-3ce60af4afbd eb6609e0220b4604b3e676946760858f b9e572cd022844ef802bb08079d29030 - - default default] Successfully bumped revision number for resource ae62edca-6a41-4428-9cea-f6d17a7c3c30 (type: security_groups) to 1
2026-05-12 07:06:43.907 9 INFO neutron.db.ovn_revision_numbers_db [None req-55580303-449d-4777-bf46-0f7c5f40b8bb eb6609e0220b4604b3e676946760858f b9e572cd022844ef802bb08079d29030 - - default default] Successfully bumped revision number for resource 5fd831e8-3be6-49a2-8afd-866d44967066 (type: security_groups) to 1
2026-05-12 07:06:43.929 9 INFO neutron.wsgi [None req-55580303-449d-4777-bf46-0f7c5f40b8bb eb6609e0220b4604b3e676946760858f b9e572cd022844ef802bb08079d29030 - - default default] 10.0.0.66 "GET /v2.0/security-groups?tenant_id=3c0200328a8d403393c2ced90c346093&name=default HTTP/1.1" status: 200 len: 3000 time: 0.2464120
2026-05-12 07:06:43.932 9 INFO neutron.wsgi [None req-40f82cd3-a088-4102-a14a-3ce60af4afbd eb6609e0220b4604b3e676946760858f b9e572cd022844ef802bb08079d29030 - - default default] 10.0.0.66 "GET /v2.0/security-groups?tenant_id=58d9b69023f542dcbb88543237d1850b&name=default HTTP/1.1" status: 200 len: 3000 time: 0.2585254
2026-05-12 07:06:44.129 9 INFO neutron.wsgi [None req-aa93dd6c-2ec3-4e57-a2b8-36a33ab7c370 eb6609e0220b4604b3e676946760858f b9e572cd022844ef802bb08079d29030 - - - -] 10.0.0.66 "DELETE /v2.0/security-groups/5fd831e8-3be6-49a2-8afd-866d44967066 HTTP/1.1" status: 204 len: 168 time: 0.1941497
2026-05-12 07:06:44.146 10 INFO neutron.wsgi [None req-d55c126c-82d5-4857-af50-7bcbdfa4ad39 eb6609e0220b4604b3e676946760858f b9e572cd022844ef802bb08079d29030 - - - -] 10.0.0.66 "DELETE /v2.0/security-groups/ae62edca-6a41-4428-9cea-f6d17a7c3c30 HTTP/1.1" status: 204 len: 168 time: 0.2070582
2026-05-12 07:06:44.287 9 INFO neutron.wsgi [None req-e4100ec2-f193-41e3-9d9e-811462332ae2 eb6609e0220b4604b3e676946760858f b9e572cd022844ef802bb08079d29030 - - default default] 10.0.0.66 "GET /v2.0/security-groups?tenant_id=b6ed9023eb3345fa88fee4afdad081ad&name=default HTTP/1.1" status: 200 len: 2996 time: 0.0355921
2026-05-12 07:06:44.329 10 INFO neutron.db.ovn_revision_numbers_db [None req-6c9cf248-4f4c-4158-989f-5a50b9053f90 eb6609e0220b4604b3e676946760858f b9e572cd022844ef802bb08079d29030 - - default default] Successfully bumped revision number for resource d17f2c83-5b17-4038-84e5-30ce3ad1cfb0 (type: security_groups) to 1
2026-05-12 07:06:44.355 10 INFO neutron.wsgi [None req-6c9cf248-4f4c-4158-989f-5a50b9053f90 eb6609e0220b4604b3e676946760858f b9e572cd022844ef802bb08079d29030 - - default default] 10.0.0.66 "GET /v2.0/security-groups?tenant_id=14c8736b3503401fbe6a631db11056f9&name=default HTTP/1.1" status: 200 len: 3000 time: 0.1283982
2026-05-12 07:06:44.499 9 INFO neutron.wsgi [None req-072fdba7-1a07-400e-8ed9-29835769543d eb6609e0220b4604b3e676946760858f b9e572cd022844ef802bb08079d29030 - - - -] 10.0.0.66 "DELETE /v2.0/security-groups/69dae919-b586-4fab-bae7-c931bf18c1d2 HTTP/1.1" status: 204 len: 168 time: 0.2065673
2026-05-12 07:06:44.541 10 INFO neutron.wsgi [None req-f65e298b-4d45-4861-9c33-eb3b69b9d0ff eb6609e0220b4604b3e676946760858f b9e572cd022844ef802bb08079d29030 - - - -] 10.0.0.66 "DELETE /v2.0/security-groups/d17f2c83-5b17-4038-84e5-30ce3ad1cfb0 HTTP/1.1" status: 204 len: 168 time: 0.1810112
2026-05-12 07:06:47.958 9 INFO neutron.wsgi [-] 10.0.0.49 "GET / HTTP/1.1" status: 200 len: 246 time: 0.0112207
2026-05-12 07:06:47.960 9 INFO neutron.wsgi [-] 10.0.0.49 "GET / HTTP/1.1" status: 200 len: 246 time: 0.0011427
2026-05-12 07:06:48.092 10 INFO neutron.db.ovn_revision_numbers_db [None req-8894cca1-f988-4cf4-a753-ea490fefc952 95c537346c8447ccb4a94d1e1931712d 9efbeeed60f74b10b6fc91215825a232 - - - -] Successfully bumped revision number for resource 2c9aa355-10c9-46e6-9193-5742c5f8c47c (type: security_groups) to 1
2026-05-12 07:06:48.145 10 INFO neutron.db.segments_db [None req-8894cca1-f988-4cf4-a753-ea490fefc952 95c537346c8447ccb4a94d1e1931712d 9efbeeed60f74b10b6fc91215825a232 - - - -] Added segment 4c22c6ea-dc54-46b9-8733-df2fb864798b of type geneve for network 771ce33e-bbdc-42e5-a41e-d16100509179
2026-05-12 07:06:48.287 10 INFO neutron.db.ovn_revision_numbers_db [None req-8894cca1-f988-4cf4-a753-ea490fefc952 95c537346c8447ccb4a94d1e1931712d 9efbeeed60f74b10b6fc91215825a232 - - - -] Successfully bumped revision number for resource 771ce33e-bbdc-42e5-a41e-d16100509179 (type: networks) to 1
2026-05-12 07:06:48.486 9 INFO neutron.db.ovn_revision_numbers_db [None req-51e0a24e-e815-46cb-85da-991ca295326e eb6609e0220b4604b3e676946760858f b9e572cd022844ef802bb08079d29030 - - default default] Successfully bumped revision number for resource 93465d0c-55c7-42fc-8a23-360d5d51e550 (type: security_groups) to 1
2026-05-12 07:06:48.499 10 WARNING neutron.scheduler.dhcp_agent_scheduler [None req-8894cca1-f988-4cf4-a753-ea490fefc952 95c537346c8447ccb4a94d1e1931712d 9efbeeed60f74b10b6fc91215825a232 - - - -] No more DHCP agents
2026-05-12 07:06:48.501 10 WARNING neutron.api.rpc.agentnotifiers.dhcp_rpc_agent_api [None req-8894cca1-f988-4cf4-a753-ea490fefc952 95c537346c8447ccb4a94d1e1931712d 9efbeeed60f74b10b6fc91215825a232 - - - -] Unable to schedule network 771ce33e-bbdc-42e5-a41e-d16100509179: no agents available; will retry on subsequent port and subnet creation events.
2026-05-12 07:06:48.515 9 INFO neutron.wsgi [None req-51e0a24e-e815-46cb-85da-991ca295326e eb6609e0220b4604b3e676946760858f b9e572cd022844ef802bb08079d29030 - - default default] 10.0.0.66 "GET /v2.0/security-groups?tenant_id=0915ae193f534bc39c3042e7324f0be9&name=default HTTP/1.1" status: 200 len: 3000 time: 0.2600720
2026-05-12 07:06:48.574 10 INFO neutron.db.ovn_revision_numbers_db [None req-8894cca1-f988-4cf4-a753-ea490fefc952 95c537346c8447ccb4a94d1e1931712d 9efbeeed60f74b10b6fc91215825a232 - - - -] Successfully bumped revision number for resource b5aa0165-a512-44cf-86d3-787c85fac173 (type: ports) to 1
2026-05-12 07:06:48.597 10 INFO neutron.wsgi [None req-8894cca1-f988-4cf4-a753-ea490fefc952 95c537346c8447ccb4a94d1e1931712d 9efbeeed60f74b10b6fc91215825a232 - - - -] 10.0.0.66 "POST /v2.0/networks HTTP/1.1" status: 201 len: 829 time: 0.8887527
2026-05-12 07:06:48.696 10 INFO neutron.db.segments_db [None req-356926a5-2dfe-4a72-8c03-bb3770859263 95c537346c8447ccb4a94d1e1931712d 9efbeeed60f74b10b6fc91215825a232 - - - -] Added segment 86dc0261-25fb-46c9-bc65-676d4225dbfa of type geneve for network 3f2404c8-0018-4376-9c2f-ff3615b0047e
2026-05-12 07:06:48.706 9 INFO neutron.wsgi [None req-9cae08f4-61f0-4500-a445-4d36f43e73e1 eb6609e0220b4604b3e676946760858f b9e572cd022844ef802bb08079d29030 - - - -] 10.0.0.66 "DELETE /v2.0/security-groups/93465d0c-55c7-42fc-8a23-360d5d51e550 HTTP/1.1" status: 204 len: 168 time: 0.1841280
2026-05-12 07:06:48.829 10 INFO neutron.db.ovn_revision_numbers_db [None req-356926a5-2dfe-4a72-8c03-bb3770859263 95c537346c8447ccb4a94d1e1931712d 9efbeeed60f74b10b6fc91215825a232 - - - -] Successfully bumped revision number for resource 3f2404c8-0018-4376-9c2f-ff3615b0047e (type: networks) to 1
2026-05-12 07:06:48.898 9 INFO neutron.db.ovn_revision_numbers_db [None req-e31e73f7-839c-4879-ab8c-e617dc7d1dac eb6609e0220b4604b3e676946760858f b9e572cd022844ef802bb08079d29030 - - default default] Successfully bumped revision number for resource 8521c627-128b-48eb-bf11-e9f9b0f4da27 (type: security_groups) to 1
2026-05-12 07:06:48.917 9 INFO neutron.wsgi [None req-e31e73f7-839c-4879-ab8c-e617dc7d1dac eb6609e0220b4604b3e676946760858f b9e572cd022844ef802bb08079d29030 - - default default] 10.0.0.66 "GET /v2.0/security-groups?tenant_id=bfb9a62dc66b47edb734caf250f99ee0&name=default HTTP/1.1" status: 200 len: 3000 time: 0.1018846
2026-05-12 07:06:49.031 10 WARNING neutron.scheduler.dhcp_agent_scheduler [None req-356926a5-2dfe-4a72-8c03-bb3770859263 95c537346c8447ccb4a94d1e1931712d 9efbeeed60f74b10b6fc91215825a232 - - - -] No more DHCP agents
2026-05-12 07:06:49.033 10 WARNING neutron.api.rpc.agentnotifiers.dhcp_rpc_agent_api [None req-356926a5-2dfe-4a72-8c03-bb3770859263 95c537346c8447ccb4a94d1e1931712d 9efbeeed60f74b10b6fc91215825a232 - - - -] Unable to schedule network 3f2404c8-0018-4376-9c2f-ff3615b0047e: no agents available; will retry on subsequent port and subnet creation events.
2026-05-12 07:06:49.076 9 INFO neutron.wsgi [None req-64698ce5-5069-4f55-a609-62de52c9c5c4 eb6609e0220b4604b3e676946760858f b9e572cd022844ef802bb08079d29030 - - - -] 10.0.0.66 "DELETE /v2.0/security-groups/8521c627-128b-48eb-bf11-e9f9b0f4da27 HTTP/1.1" status: 204 len: 168 time: 0.1514606
2026-05-12 07:06:49.097 10 INFO neutron.db.ovn_revision_numbers_db [None req-356926a5-2dfe-4a72-8c03-bb3770859263 95c537346c8447ccb4a94d1e1931712d 9efbeeed60f74b10b6fc91215825a232 - - - -] Successfully bumped revision number for resource ce76580f-4096-4cf0-8663-b7806339dd2b (type: ports) to 1
2026-05-12 07:06:49.127 10 INFO neutron.wsgi [None req-356926a5-2dfe-4a72-8c03-bb3770859263 95c537346c8447ccb4a94d1e1931712d 9efbeeed60f74b10b6fc91215825a232 - - - -] 10.0.0.66 "POST /v2.0/networks HTTP/1.1" status: 201 len: 830 time: 0.5238030
2026-05-12 07:06:49.187 9 INFO neutron.wsgi [None req-251eafd4-ec57-48c7-801d-cd6d8587918e 95c537346c8447ccb4a94d1e1931712d 9efbeeed60f74b10b6fc91215825a232 - - - -] 10.0.0.66 "PUT /v2.0/networks/771ce33e-bbdc-42e5-a41e-d16100509179/tags HTTP/1.1" status: 200 len: 218 time: 0.0527680
2026-05-12 07:06:49.239 9 INFO neutron.wsgi [None req-49fd3d21-b370-4f95-9eb3-f74ce29ff053 95c537346c8447ccb4a94d1e1931712d 9efbeeed60f74b10b6fc91215825a232 - - default default] 10.0.0.66 "GET /v2.0/networks/771ce33e-bbdc-42e5-a41e-d16100509179/tags HTTP/1.1" status: 200 len: 218 time: 0.0470526
2026-05-12 07:06:49.303 9 INFO neutron.wsgi [None req-a91e5a28-1f25-49b1-a630-06381cedb71d 95c537346c8447ccb4a94d1e1931712d 9efbeeed60f74b10b6fc91215825a232 - - - -] 10.0.0.66 "PUT /v2.0/networks/3f2404c8-0018-4376-9c2f-ff3615b0047e/tags HTTP/1.1" status: 200 len: 210 time: 0.0574386
2026-05-12 07:06:49.354 9 INFO neutron.wsgi [None req-3635d4ca-d401-4333-83d5-83ecd82be8e1 95c537346c8447ccb4a94d1e1931712d 9efbeeed60f74b10b6fc91215825a232 - - default default] 10.0.0.66 "GET /v2.0/networks/3f2404c8-0018-4376-9c2f-ff3615b0047e/tags HTTP/1.1" status: 200 len: 210 time: 0.0456479
2026-05-12 07:06:49.427 9 INFO neutron.wsgi [None req-d097a595-75ab-447a-9fed-de7e9364ba9b 95c537346c8447ccb4a94d1e1931712d 9efbeeed60f74b10b6fc91215825a232 - - - -] 10.0.0.66 "PUT /v2.0/networks/3f2404c8-0018-4376-9c2f-ff3615b0047e/tags HTTP/1.1" status: 200 len: 205 time: 0.0659761
2026-05-12 07:06:49.481 9 INFO neutron.wsgi [None req-09772cb2-1b7f-43b3-b393-fdae3dbafd90 95c537346c8447ccb4a94d1e1931712d 9efbeeed60f74b10b6fc91215825a232 - - default default] 10.0.0.66 "GET /v2.0/networks/3f2404c8-0018-4376-9c2f-ff3615b0047e/tags HTTP/1.1" status: 200 len: 205 time: 0.0485270
2026-05-12 07:06:49.524 9 INFO neutron.wsgi [None req-2090d719-267b-4229-bfb3-c97f0978518a 95c537346c8447ccb4a94d1e1931712d 9efbeeed60f74b10b6fc91215825a232 - - default default] 10.0.0.66 "GET /v2.0/networks/771ce33e-bbdc-42e5-a41e-d16100509179/tags HTTP/1.1" status: 200 len: 218 time: 0.0356243
2026-05-12 07:06:49.950 9 INFO neutron.services.segments.plugin [-] Segment 4c22c6ea-dc54-46b9-8733-df2fb864798b resource provider aggregate not found
2026-05-12 07:06:49.958 9 INFO neutron.services.segments.plugin [-] Segment 4c22c6ea-dc54-46b9-8733-df2fb864798b resource provider aggregate not found
2026-05-12 07:06:49.978 9 INFO neutron.services.segments.plugin [-] Segment 4c22c6ea-dc54-46b9-8733-df2fb864798b resource provider not found; error: Placement Client Error (4xx): {"errors": [{"status": 404, "title": "Not Found", "detail": "The resource could not be found.\n\n No resource provider with uuid 4c22c6ea-dc54-46b9-8733-df2fb864798b found for delete ", "request_id": "req-5ea8bda4-6262-46bf-bc9d-cb6253fff7c5"}]}
2026-05-12 07:06:49.994 9 INFO neutron.services.segments.plugin [-] Segment 4c22c6ea-dc54-46b9-8733-df2fb864798b resource provider not found; error: Placement Client Error (4xx): {"errors": [{"status": 404, "title": "Not Found", "detail": "The resource could not be found.\n\n No resource provider with uuid 4c22c6ea-dc54-46b9-8733-df2fb864798b found for delete ", "request_id": "req-24de35f3-cc67-4d95-8fe4-d1d2a7ab54b0"}]}
2026-05-12 07:06:50.015 9 INFO neutron.wsgi [None req-d9bdf6a5-7ef5-4a61-adf7-c4e9176582a3 95c537346c8447ccb4a94d1e1931712d 9efbeeed60f74b10b6fc91215825a232 - - - -] 10.0.0.66 "DELETE /v2.0/networks/771ce33e-bbdc-42e5-a41e-d16100509179 HTTP/1.1" status: 204 len: 168 time: 0.4770298
2026-05-12 07:06:50.379 10 INFO neutron.services.segments.plugin [-] Segment 86dc0261-25fb-46c9-bc65-676d4225dbfa resource provider aggregate not found
2026-05-12 07:06:50.385 10 INFO neutron.services.segments.plugin [-] Segment 86dc0261-25fb-46c9-bc65-676d4225dbfa resource provider aggregate not found
2026-05-12 07:06:50.407 10 INFO neutron.services.segments.plugin [-] Segment 86dc0261-25fb-46c9-bc65-676d4225dbfa resource provider not found; error: Placement Client Error (4xx): {"errors": [{"status": 404, "title": "Not Found", "detail": "The resource could not be found.\n\n No resource provider with uuid 86dc0261-25fb-46c9-bc65-676d4225dbfa found for delete ", "request_id": "req-98aa20b1-f90a-4fc3-9a02-e01f0e2fd620"}]}
2026-05-12 07:06:50.408 10 INFO neutron.services.segments.plugin [-] Segment 86dc0261-25fb-46c9-bc65-676d4225dbfa resource provider not found; error: Placement Client Error (4xx): {"errors": [{"status": 404, "title": "Not Found", "detail": "The resource could not be found.\n\n No resource provider with uuid 86dc0261-25fb-46c9-bc65-676d4225dbfa found for delete ", "request_id": "req-ebc2123d-e5f3-461a-b8c1-c2cf53f2578e"}]}
2026-05-12 07:06:50.441 10 INFO neutron.wsgi [None req-062ca1e6-9ab4-42b1-afca-7a7a526f0f3b 95c537346c8447ccb4a94d1e1931712d 9efbeeed60f74b10b6fc91215825a232 - - - -] 10.0.0.66 "DELETE /v2.0/networks/3f2404c8-0018-4376-9c2f-ff3615b0047e HTTP/1.1" status: 204 len: 168 time: 0.4184120
2026-05-12 07:06:51.382 9 INFO neutron.db.ovn_revision_numbers_db [None req-80f20966-8213-451a-a4ce-89f66be4457e eb6609e0220b4604b3e676946760858f b9e572cd022844ef802bb08079d29030 - - default default] Successfully bumped revision number for resource d7cef341-6fa8-4c78-8450-26de74af66bc (type: security_groups) to 1
2026-05-12 07:06:51.408 9 INFO neutron.wsgi [None req-80f20966-8213-451a-a4ce-89f66be4457e eb6609e0220b4604b3e676946760858f b9e572cd022844ef802bb08079d29030 - - default default] 10.0.0.66 "GET /v2.0/security-groups?tenant_id=99cef5caaf8a418393d97256cbd22100&name=default HTTP/1.1" status: 200 len: 3000 time: 0.2800090
2026-05-12 07:06:51.604 9 INFO neutron.wsgi [None req-e06bd512-da88-49ee-82b3-aaf688c250bc eb6609e0220b4604b3e676946760858f b9e572cd022844ef802bb08079d29030 - - - -] 10.0.0.66 "DELETE /v2.0/security-groups/d7cef341-6fa8-4c78-8450-26de74af66bc HTTP/1.1" status: 204 len: 168 time: 0.1915381
2026-05-12 07:06:51.739 9 INFO neutron.wsgi [None req-2fb87cf6-6bd7-4482-85dd-7ef7f80934ee eb6609e0220b4604b3e676946760858f b9e572cd022844ef802bb08079d29030 - - default default] 10.0.0.66 "GET /v2.0/security-groups?tenant_id=9efbeeed60f74b10b6fc91215825a232&name=default HTTP/1.1" status: 200 len: 3000 time: 0.0308921
2026-05-12 07:06:51.762 10 INFO neutron.wsgi [req-77960b22-cdf8-45b7-a771-3b6c5805eb51 req-7769ba9f-3cdf-4f23-bde9-f3b2c1214fe1 be24e40d546744398d618efcb3a6a31a d0769a3c9db44b409d1eae865d95d6a2 - - default default] 10.0.0.138 "GET /v2.0/ports?device_id=5e32b4c8-5fa2-44b8-b60e-453dadccf010 HTTP/1.1" status: 200 len: 1210 time: 0.0944607
2026-05-12 07:06:51.814 10 INFO neutron.wsgi [req-77960b22-cdf8-45b7-a771-3b6c5805eb51 req-1713ab79-ee8c-4ff0-b86f-ab91c8fe7639 be24e40d546744398d618efcb3a6a31a d0769a3c9db44b409d1eae865d95d6a2 - - default default] 10.0.0.138 "GET /v2.0/security-groups?id=08bdc233-4293-4ca3-b995-2c33bfc448f4&id=836a127d-fc0c-4c9a-a763-1e66f287b581&fields=id&fields=name HTTP/1.1" status: 200 len: 405 time: 0.0418215
2026-05-12 07:06:51.990 9 INFO neutron.wsgi [None req-318e82ef-2262-4040-a9f9-9be4e090104f eb6609e0220b4604b3e676946760858f b9e572cd022844ef802bb08079d29030 - - - -] 10.0.0.66 "DELETE /v2.0/security-groups/2c9aa355-10c9-46e6-9193-5742c5f8c47c HTTP/1.1" status: 204 len: 168 time: 0.2420254
2026-05-12 07:06:52.097 10 INFO neutron.wsgi [None req-61fd5ec1-fae8-462d-8711-28f772a85e9e 3fe41e4bf0f84222b970b8c8c30a3ee4 3aefb54d96dd472c9451b7bb502f368c - - default default] 10.0.0.66 "GET /v2.0/ports?device_id=5e32b4c8-5fa2-44b8-b60e-453dadccf010 HTTP/1.1" status: 200 len: 1395 time: 0.2518435
2026-05-12 07:06:52.175 10 INFO neutron.wsgi [None req-b471fce6-f35a-4696-b07b-c21a29795646 be24e40d546744398d618efcb3a6a31a d0769a3c9db44b409d1eae865d95d6a2 - - default default] 10.0.0.66 "GET /v2.0/floatingips?floating_network_id=a9edea5a-1275-42ba-a7a8-7500bf60cf40&port_id=4f8265de-8aae-4cef-8749-9d69d69609a4 HTTP/1.1" status: 200 len: 1054 time: 0.0713589
2026-05-12 07:06:53.529 10 INFO neutron.wsgi [req-67fd19ce-d09f-49a5-9951-af5b0e512aeb req-e2282f43-6ad9-4845-963c-bb75c973d27e 359013e03f6a44c8a66d1a1af43a6529 0df174a901bc4dc0bb74341c0eb17dec - - 794e60b7ab31494d9889834336fd9def 794e60b7ab31494d9889834336fd9def] 10.0.0.109 "GET /v2.0/ports?device_id=5e32b4c8-5fa2-44b8-b60e-453dadccf010 HTTP/1.1" status: 200 len: 1400 time: 0.2541122
2026-05-12 07:06:53.584 10 INFO neutron.wsgi [req-67fd19ce-d09f-49a5-9951-af5b0e512aeb req-05986468-e924-4e41-9f65-3a7ccb8f74d5 359013e03f6a44c8a66d1a1af43a6529 0df174a901bc4dc0bb74341c0eb17dec - - 794e60b7ab31494d9889834336fd9def 794e60b7ab31494d9889834336fd9def] 10.0.0.109 "GET /v2.0/security-groups?id=08bdc233-4293-4ca3-b995-2c33bfc448f4&id=836a127d-fc0c-4c9a-a763-1e66f287b581&fields=id&fields=name HTTP/1.1" status: 200 len: 405 time: 0.0474422
2026-05-12 07:06:55.681 10 INFO neutron.plugins.ml2.drivers.ovn.mech_driver.mech_driver [None req-08057539-665d-4047-884f-b9d8c95b934b - - - - - -] OVN reports status down for port: 4f8265de-8aae-4cef-8749-9d69d69609a4
2026-05-12 07:06:55.756 9 INFO neutron.wsgi [req-4bb2c360-4f79-4edd-be61-b01467637c26 req-ba8314e2-c53a-4240-b96b-f4e1a27d77f6 be24e40d546744398d618efcb3a6a31a d0769a3c9db44b409d1eae865d95d6a2 - - default default] 10.0.0.138 "GET /v2.0/ports?device_id=5e32b4c8-5fa2-44b8-b60e-453dadccf010 HTTP/1.1" status: 200 len: 1210 time: 0.1327500
2026-05-12 07:06:55.823 10 INFO neutron.notifiers.nova [-] Nova event matching ['req-09491dbe-3b61-4dd8-98a2-9cc83dfcf0d2'] response: {'server_uuid': '5e32b4c8-5fa2-44b8-b60e-453dadccf010', 'name': 'network-vif-unplugged', 'status': 'completed', 'tag': '4f8265de-8aae-4cef-8749-9d69d69609a4', 'code': 200}
2026-05-12 07:06:55.833 9 INFO neutron.wsgi [req-4bb2c360-4f79-4edd-be61-b01467637c26 req-6de642a9-1074-4f27-9b79-e9163c0b0429 be24e40d546744398d618efcb3a6a31a d0769a3c9db44b409d1eae865d95d6a2 - - default default] 10.0.0.138 "GET /v2.0/security-groups?id=08bdc233-4293-4ca3-b995-2c33bfc448f4&id=836a127d-fc0c-4c9a-a763-1e66f287b581&fields=id&fields=name HTTP/1.1" status: 200 len: 405 time: 0.0697925
2026-05-12 07:06:55.973 10 INFO neutron.db.ovn_revision_numbers_db [None req-08057539-665d-4047-884f-b9d8c95b934b - - - - - -] Successfully bumped revision number for resource 4f8265de-8aae-4cef-8749-9d69d69609a4 (type: ports) to 5
2026-05-12 07:06:56.064 9 INFO neutron.wsgi [req-8f64a11d-e2de-435a-a6cf-ee9084c62c8e req-e4ebcef5-1b07-4534-b27d-13ed2de42088 be24e40d546744398d618efcb3a6a31a d0769a3c9db44b409d1eae865d95d6a2 - - default default] 199.19.213.59 "GET /v2.0/ports?device_id=5e32b4c8-5fa2-44b8-b60e-453dadccf010 HTTP/1.1" status: 200 len: 1208 time: 0.0468228
2026-05-12 07:06:56.448 9 INFO neutron.db.l3_db [None req-ab872853-57a3-4fc3-8703-44a72ad96ea1 be24e40d546744398d618efcb3a6a31a d0769a3c9db44b409d1eae865d95d6a2 - - - -] Floating IP beaeaa04-eb32-4e9e-afad-6bb8e5ee72db disassociated. External IP: 10.96.250.202, port: 4f8265de-8aae-4cef-8749-9d69d69609a4.
2026-05-12 07:06:56.656 9 INFO neutron.wsgi [None req-ab872853-57a3-4fc3-8703-44a72ad96ea1 be24e40d546744398d618efcb3a6a31a d0769a3c9db44b409d1eae865d95d6a2 - - - -] 199.19.213.59 "DELETE /v2.0/ports/4f8265de-8aae-4cef-8749-9d69d69609a4 HTTP/1.1" status: 204 len: 173 time: 0.5866108
2026-05-12 07:06:56.693 9 INFO neutron.notifiers.nova [-] Nova event matching ['req-a0dc4018-f035-4c3a-8a07-ad10672f7ffa'] response: {'server_uuid': '5e32b4c8-5fa2-44b8-b60e-453dadccf010', 'name': 'network-vif-deleted', 'tag': '4f8265de-8aae-4cef-8749-9d69d69609a4', 'status': 'completed', 'code': 200}
2026-05-12 07:06:56.935 9 INFO neutron.wsgi [req-7f7de4a3-cb9e-4ff2-8a2d-3b0f6ad14224 req-1f27bdcb-a2f0-4890-b500-b3abcfea7d30 be24e40d546744398d618efcb3a6a31a d0769a3c9db44b409d1eae865d95d6a2 - - default default] 10.0.0.138 "GET /v2.0/ports?device_id=5e32b4c8-5fa2-44b8-b60e-453dadccf010 HTTP/1.1" status: 200 len: 210 time: 0.0293388
2026-05-12 07:06:57.889 10 INFO neutron.notifiers.nova [-] Nova event matching ['req-5ef889d0-db46-4f1c-9a1a-ba27e41a2d23'] response: {'server_uuid': '5e32b4c8-5fa2-44b8-b60e-453dadccf010', 'name': 'network-vif-plugged', 'status': 'completed', 'tag': '4f8265de-8aae-4cef-8749-9d69d69609a4', 'code': 200}
2026-05-12 07:06:58.709 9 INFO neutron.wsgi [None req-9c948ae5-8d57-420a-a3b3-2cf2a44ac7e1 be24e40d546744398d618efcb3a6a31a d0769a3c9db44b409d1eae865d95d6a2 - - - -] 10.0.0.66 "DELETE /v2.0/security-groups/08bdc233-4293-4ca3-b995-2c33bfc448f4 HTTP/1.1" status: 204 len: 168 time: 0.6079221
2026-05-12 07:06:58.729 9 INFO neutron.api.v2.resource [None req-a72068ee-d48c-4a9b-be82-d0e7d53dd13a be24e40d546744398d618efcb3a6a31a d0769a3c9db44b409d1eae865d95d6a2 - - default default] show failed (client error): The resource could not be found.
2026-05-12 07:06:58.731 9 INFO neutron.wsgi [None req-a72068ee-d48c-4a9b-be82-d0e7d53dd13a be24e40d546744398d618efcb3a6a31a d0769a3c9db44b409d1eae865d95d6a2 - - default default] 10.0.0.66 "GET /v2.0/security-groups/08bdc233-4293-4ca3-b995-2c33bfc448f4 HTTP/1.1" status: 404 len: 347 time: 0.0169163
2026-05-12 07:06:59.182 9 INFO neutron.wsgi [None req-c055137a-2da7-4e37-baa3-8a5b7a41097f be24e40d546744398d618efcb3a6a31a d0769a3c9db44b409d1eae865d95d6a2 - - - -] 10.0.0.66 "DELETE /v2.0/floatingips/beaeaa04-eb32-4e9e-afad-6bb8e5ee72db HTTP/1.1" status: 204 len: 168 time: 0.4447052
2026-05-12 07:06:59.344 9 INFO neutron.wsgi [None req-ce179e12-101b-49ff-896c-36e6223f625b be24e40d546744398d618efcb3a6a31a d0769a3c9db44b409d1eae865d95d6a2 - - - -] 10.0.0.66 "DELETE /v2.0/security-groups/836a127d-fc0c-4c9a-a763-1e66f287b581 HTTP/1.1" status: 204 len: 168 time: 0.1558390
2026-05-12 07:07:00.502 9 INFO neutron.wsgi [None req-6083b58d-ffd3-4fb3-abb0-f7e021a01520 eb6609e0220b4604b3e676946760858f b9e572cd022844ef802bb08079d29030 - - - -] 10.0.0.66 "PUT /v2.0/routers/5ec093ba-4f25-41e7-8652-fc69160d0191/remove_router_interface HTTP/1.1" status: 200 len: 503 time: 1.1153812 /var/lib/openstack/lib/python3.10/site-packages/pycadf/identifier.py:71: UserWarning: Invalid uuid: neutron. To ensure interoperability, identifiers should be a valid uuid. warnings.warn(('Invalid uuid: %s. To ensure interoperability, '
2026-05-12 07:07:01.193 10 INFO neutron.wsgi [None req-897275c1-dde5-4856-8c35-bb97906f4c11 eb6609e0220b4604b3e676946760858f b9e572cd022844ef802bb08079d29030 - - - -] 10.0.0.66 "DELETE /v2.0/routers/5ec093ba-4f25-41e7-8652-fc69160d0191 HTTP/1.1" status: 204 len: 168 time: 0.6861165 /var/lib/openstack/lib/python3.10/site-packages/pycadf/identifier.py:71: UserWarning: Invalid uuid: neutron. To ensure interoperability, identifiers should be a valid uuid. warnings.warn(('Invalid uuid: %s. To ensure interoperability, '
2026-05-12 07:07:01.411 9 INFO neutron.wsgi [None req-64eb12e3-9a04-4737-8210-abd2909e023e eb6609e0220b4604b3e676946760858f b9e572cd022844ef802bb08079d29030 - - - -] 10.0.0.66 "DELETE /v2.0/subnets/59e8e1ec-7e57-4893-8bbe-aef02673989b HTTP/1.1" status: 204 len: 168 time: 0.2137599
2026-05-12 07:07:01.481 10 INFO neutron.db.ovn_revision_numbers_db [None req-6d96b7c3-2c29-4b94-9780-d373aff29f96 ff72c2084a6d42528edbc25b357b9d35 9109c30892ca4f689ef8f1a6123843a6 - - - -] Successfully bumped revision number for resource a6937973-8d46-4be2-a55c-f0146baf9d42 (type: security_groups) to 1
2026-05-12 07:07:01.544 10 INFO neutron.db.segments_db [None req-6d96b7c3-2c29-4b94-9780-d373aff29f96 ff72c2084a6d42528edbc25b357b9d35 9109c30892ca4f689ef8f1a6123843a6 - - - -] Added segment 76cd3d23-0067-4007-9047-bf66246c0a1f of type geneve for network 9e08311c-38ea-4813-af55-56820a1f925e
2026-05-12 07:07:01.692 10 INFO neutron.db.ovn_revision_numbers_db [None req-6d96b7c3-2c29-4b94-9780-d373aff29f96 ff72c2084a6d42528edbc25b357b9d35 9109c30892ca4f689ef8f1a6123843a6 - - - -] Successfully bumped revision number for resource 9e08311c-38ea-4813-af55-56820a1f925e (type: networks) to 1
2026-05-12 07:07:01.837 9 INFO neutron.services.segments.plugin [-] Segment 3be36956-6305-45d1-b237-35ec41bee899 resource provider aggregate not found
2026-05-12 07:07:01.842 9 INFO neutron.services.segments.plugin [-] Segment 3be36956-6305-45d1-b237-35ec41bee899 resource provider aggregate not found
2026-05-12 07:07:01.862 9 INFO neutron.services.segments.plugin [-] Segment 3be36956-6305-45d1-b237-35ec41bee899 resource provider not found; error: Placement Client Error (4xx): {"errors": [{"status": 404, "title": "Not Found", "detail": "The resource could not be found.\n\n No resource provider with uuid 3be36956-6305-45d1-b237-35ec41bee899 found for delete ", "request_id": "req-f3e8971e-ee45-4c7b-ac46-f510d306ce4c"}]}
2026-05-12 07:07:01.866 9 INFO neutron.services.segments.plugin [-] Segment 3be36956-6305-45d1-b237-35ec41bee899 resource provider not found; error: Placement Client Error (4xx): {"errors": [{"status": 404, "title": "Not Found", "detail": "The resource could not be found.\n\n No resource provider with uuid 3be36956-6305-45d1-b237-35ec41bee899 found for delete ", "request_id": "req-1420a38a-d9f0-4406-8c2f-3f507c0fe28f"}]}
2026-05-12 07:07:01.873 9 INFO neutron.wsgi [None req-a82de3ca-ace5-45f1-9856-226d0cd94801 eb6609e0220b4604b3e676946760858f b9e572cd022844ef802bb08079d29030 - - - -] 10.0.0.66 "DELETE /v2.0/networks/4348ea65-06ab-4683-9040-a38846a464dd HTTP/1.1" status: 204 len: 168 time: 0.4562833
2026-05-12 07:07:01.929 10 WARNING neutron.scheduler.dhcp_agent_scheduler [None req-6d96b7c3-2c29-4b94-9780-d373aff29f96 ff72c2084a6d42528edbc25b357b9d35 9109c30892ca4f689ef8f1a6123843a6 - - - -] No more DHCP agents
2026-05-12 07:07:01.931 10 WARNING neutron.api.rpc.agentnotifiers.dhcp_rpc_agent_api [None req-6d96b7c3-2c29-4b94-9780-d373aff29f96 ff72c2084a6d42528edbc25b357b9d35 9109c30892ca4f689ef8f1a6123843a6 - - - -] Unable to schedule network 9e08311c-38ea-4813-af55-56820a1f925e: no agents available; will retry on subsequent port and subnet creation events.
2026-05-12 07:07:02.438 10 INFO neutron.db.ovn_revision_numbers_db [None req-6d96b7c3-2c29-4b94-9780-d373aff29f96 ff72c2084a6d42528edbc25b357b9d35 9109c30892ca4f689ef8f1a6123843a6 - - - -] Successfully bumped revision number for resource c8ea54ab-248f-4804-85ae-a3abb832e148 (type: ports) to 1
2026-05-12 07:07:02.489 10 INFO neutron.wsgi [None req-6d96b7c3-2c29-4b94-9780-d373aff29f96 ff72c2084a6d42528edbc25b357b9d35 9109c30892ca4f689ef8f1a6123843a6 - - - -] 10.0.0.66 "POST /v2.0/networks HTTP/1.1" status: 201 len: 839 time: 1.3301499
2026-05-12 07:07:02.836 9 WARNING neutron.scheduler.dhcp_agent_scheduler [None req-1a442396-89d5-49e3-a50a-b4629faa8058 ff72c2084a6d42528edbc25b357b9d35 9109c30892ca4f689ef8f1a6123843a6 - - - -] No more DHCP agents
2026-05-12 07:07:02.839 9 WARNING neutron.api.rpc.agentnotifiers.dhcp_rpc_agent_api [None req-1a442396-89d5-49e3-a50a-b4629faa8058 ff72c2084a6d42528edbc25b357b9d35 9109c30892ca4f689ef8f1a6123843a6 - - - -] Unable to schedule network 9e08311c-38ea-4813-af55-56820a1f925e: no agents available; will retry on subsequent port and subnet creation events.
2026-05-12 07:07:02.948 9 INFO neutron.wsgi [-] 10.0.0.49 "GET / HTTP/1.1" status: 200 len: 246 time: 0.0018618
2026-05-12 07:07:02.949 10 INFO neutron.wsgi [-] 10.0.0.49 "GET / HTTP/1.1" status: 200 len: 246 time: 0.0020583
2026-05-12 07:07:03.254 9 INFO neutron.db.ovn_revision_numbers_db [None req-1a442396-89d5-49e3-a50a-b4629faa8058 ff72c2084a6d42528edbc25b357b9d35 9109c30892ca4f689ef8f1a6123843a6 - - - -] Successfully bumped revision number for resource c8ea54ab-248f-4804-85ae-a3abb832e148 (type: ports) to 2
2026-05-12 07:07:03.270 9 INFO neutron.db.ovn_revision_numbers_db [None req-1a442396-89d5-49e3-a50a-b4629faa8058 ff72c2084a6d42528edbc25b357b9d35 9109c30892ca4f689ef8f1a6123843a6 - - - -] Successfully bumped revision number for resource 670ac066-8a2e-4bcc-bd36-e91bee57b201 (type: subnets) to 0
2026-05-12 07:07:03.286 9 INFO neutron.wsgi [None req-1a442396-89d5-49e3-a50a-b4629faa8058 ff72c2084a6d42528edbc25b357b9d35 9109c30892ca4f689ef8f1a6123843a6 - - - -] 10.0.0.66 "POST /v2.0/subnets HTTP/1.1" status: 201 len: 833 time: 0.7836971
2026-05-12 07:07:03.353 10 INFO neutron.wsgi [None req-2529c6ed-e9ac-4e32-9627-b2e0dc0c3ed7 eb6609e0220b4604b3e676946760858f b9e572cd022844ef802bb08079d29030 - - - -] 10.0.0.66 "PUT /v2.0/routers/82d95bf1-75b0-4106-9b15-ed383b5d3980/remove_router_interface HTTP/1.1" status: 200 len: 503 time: 1.4684453
2026-05-12 07:07:03.359 9 INFO neutron.wsgi [None req-437b5fe5-a638-4810-ab0f-4f7483d3804a 1b645ac1b61f4e2792f1651bc73ccf72 bf4ffcfb172f46228c62f44b164462bf - - default default] 10.0.0.66 "GET /v2.0/subnetpools?name=shared-default-subnetpool-v6 HTTP/1.1" status: 200 len: 212 time: 0.0666897 /var/lib/openstack/lib/python3.10/site-packages/pycadf/identifier.py:71: UserWarning: Invalid uuid: neutron. To ensure interoperability, identifiers should be a valid uuid. warnings.warn(('Invalid uuid: %s. To ensure interoperability, '
2026-05-12 07:07:03.646 9 WARNING neutron.scheduler.dhcp_agent_scheduler [None req-418254a3-4cd2-4207-bdfc-7a0640b3383d ff72c2084a6d42528edbc25b357b9d35 9109c30892ca4f689ef8f1a6123843a6 - - - -] No more DHCP agents
2026-05-12 07:07:03.649 9 WARNING neutron.api.rpc.agentnotifiers.dhcp_rpc_agent_api [None req-418254a3-4cd2-4207-bdfc-7a0640b3383d ff72c2084a6d42528edbc25b357b9d35 9109c30892ca4f689ef8f1a6123843a6 - - - -] Unable to schedule network 9e08311c-38ea-4813-af55-56820a1f925e: no agents available; will retry on subsequent port and subnet creation events.
2026-05-12 07:07:03.663 9 INFO neutron.db.ovn_revision_numbers_db [None req-418254a3-4cd2-4207-bdfc-7a0640b3383d ff72c2084a6d42528edbc25b357b9d35 9109c30892ca4f689ef8f1a6123843a6 - - - -] Successfully bumped revision number for resource eac0f13f-d94b-42e5-9ccb-0653a201b257 (type: subnets) to 0
