2026-05-12 07:04:46.897 9 WARNING neutron.api.rpc.agentnotifiers.dhcp_rpc_agent_api [None req-064d5443-a107-4ac0-bc7d-8aa0362b41da daf59f9a69674fc08260867b5e3310f1 5a27aef5780345aeb0faf362f5616b5c - - - -] Unable to schedule network 94cf3bf5-fae2-40cb-99cb-928e0c69a7ce: no agents available; will retry on subsequent port and subnet creation events.
2026-05-12 07:04:46.968 9 INFO neutron.db.ovn_revision_numbers_db [None req-064d5443-a107-4ac0-bc7d-8aa0362b41da daf59f9a69674fc08260867b5e3310f1 5a27aef5780345aeb0faf362f5616b5c - - - -] Successfully bumped revision number for resource c259ab1c-8b01-4575-b506-329bc557ace7 (type: ports) to 1
2026-05-12 07:04:46.995 9 INFO neutron.wsgi [None req-064d5443-a107-4ac0-bc7d-8aa0362b41da daf59f9a69674fc08260867b5e3310f1 5a27aef5780345aeb0faf362f5616b5c - - - -] 10.0.0.66 "POST /v2.0/networks HTTP/1.1" status: 201 len: 835 time: 0.4842067
2026-05-12 07:04:47.082 10 INFO neutron.db.ovn_revision_numbers_db [None req-d4c64a57-b69f-478b-8c9c-53a1a710c888 eb6609e0220b4604b3e676946760858f b9e572cd022844ef802bb08079d29030 - - - -] Successfully bumped revision number for resource 789d0889-f5f1-42bf-829b-6eadf5553e9a (type: router_ports) to 3
2026-05-12 07:04:47.086 10 INFO neutron.wsgi [None req-d4c64a57-b69f-478b-8c9c-53a1a710c888 eb6609e0220b4604b3e676946760858f b9e572cd022844ef802bb08079d29030 - - - -] 10.0.0.66 "PUT /v2.0/routers/eb0fbe48-accd-4eaf-81a6-d5c7c59ebaa9/add_router_interface HTTP/1.1" status: 200 len: 503 time: 2.7614229
2026-05-12 07:04:47.224 9 INFO neutron.db.ovn_revision_numbers_db [None req-1985a68f-cb8f-4152-9071-97aab47e3cea eb6609e0220b4604b3e676946760858f b9e572cd022844ef802bb08079d29030 - - default default] Successfully bumped revision number for resource 2502c5db-5c53-463b-9458-766eb2a3573e (type: security_groups) to 1
2026-05-12 07:04:47.258 9 INFO neutron.wsgi [None req-1985a68f-cb8f-4152-9071-97aab47e3cea eb6609e0220b4604b3e676946760858f b9e572cd022844ef802bb08079d29030 - - default default] 10.0.0.66 "GET /v2.0/security-groups?tenant_id=a8d922bfa4924325a10fa085f56349d0&name=default HTTP/1.1" status: 200 len: 2996 time: 0.3888619
2026-05-12 07:04:47.338 9 WARNING neutron.scheduler.dhcp_agent_scheduler [None req-6b98eb37-407b-4c8e-ae90-738fab8bba1b daf59f9a69674fc08260867b5e3310f1 5a27aef5780345aeb0faf362f5616b5c - - - -] No more DHCP agents
2026-05-12 07:04:47.342 9 WARNING neutron.api.rpc.agentnotifiers.dhcp_rpc_agent_api [None req-6b98eb37-407b-4c8e-ae90-738fab8bba1b daf59f9a69674fc08260867b5e3310f1 5a27aef5780345aeb0faf362f5616b5c - - - -] Unable to schedule network 94cf3bf5-fae2-40cb-99cb-928e0c69a7ce: no agents available; will retry on subsequent port and subnet creation events.
2026-05-12 07:04:47.355 9 INFO neutron.db.ovn_revision_numbers_db [None req-6b98eb37-407b-4c8e-ae90-738fab8bba1b daf59f9a69674fc08260867b5e3310f1 5a27aef5780345aeb0faf362f5616b5c - - - -] Successfully bumped revision number for resource 66d87251-32b5-4fe8-aad4-88c682aba6b4 (type: subnets) to 0
2026-05-12 07:04:47.370 9 INFO neutron.wsgi [None req-6b98eb37-407b-4c8e-ae90-738fab8bba1b daf59f9a69674fc08260867b5e3310f1 5a27aef5780345aeb0faf362f5616b5c - - - -] 10.0.0.66 "POST /v2.0/subnets HTTP/1.1" status: 201 len: 821 time: 0.3636005
2026-05-12 07:04:47.524 10 INFO neutron.wsgi [None req-082eee32-eafb-4470-9981-72aaf8de91e9 eb6609e0220b4604b3e676946760858f b9e572cd022844ef802bb08079d29030 - - - -] 10.0.0.66 "DELETE /v2.0/security-groups/2502c5db-5c53-463b-9458-766eb2a3573e HTTP/1.1" status: 204 len: 168 time: 0.2601032
2026-05-12 07:04:47.721 9 WARNING neutron.scheduler.dhcp_agent_scheduler [None req-a90d0d0a-bd7e-4a29-a826-f6af7f133a21 daf59f9a69674fc08260867b5e3310f1 5a27aef5780345aeb0faf362f5616b5c - - - -] No more DHCP agents
2026-05-12 07:04:47.722 10 INFO neutron.db.ovn_revision_numbers_db [None req-9819dce5-7223-4ac0-b866-c7a7b98b1494 eb6609e0220b4604b3e676946760858f b9e572cd022844ef802bb08079d29030 - - default default] Successfully bumped revision number for resource 5dea943a-b1c3-4b86-96a8-fe7a1a7bf430 (type: security_groups) to 1
2026-05-12 07:04:47.724 9 WARNING neutron.api.rpc.agentnotifiers.dhcp_rpc_agent_api [None req-a90d0d0a-bd7e-4a29-a826-f6af7f133a21 daf59f9a69674fc08260867b5e3310f1 5a27aef5780345aeb0faf362f5616b5c - - - -] Unable to schedule network 94cf3bf5-fae2-40cb-99cb-928e0c69a7ce: no agents available; will retry on subsequent port and subnet creation events.
2026-05-12 07:04:47.747 10 INFO neutron.wsgi [None req-9819dce5-7223-4ac0-b866-c7a7b98b1494 eb6609e0220b4604b3e676946760858f b9e572cd022844ef802bb08079d29030 - - default default] 10.0.0.66 "GET /v2.0/security-groups?tenant_id=a55717bcd2e044af833f875b7558a171&name=default HTTP/1.1" status: 200 len: 2996 time: 0.1242135
2026-05-12 07:04:47.840 9 INFO neutron.db.ovn_revision_numbers_db [None req-a90d0d0a-bd7e-4a29-a826-f6af7f133a21 daf59f9a69674fc08260867b5e3310f1 5a27aef5780345aeb0faf362f5616b5c - - - -] Successfully bumped revision number for resource f29c591f-6ee1-4d60-a78e-3258b4ea2a37 (type: ports) to 1
2026-05-12 07:04:47.865 9 INFO neutron.wsgi [None req-a90d0d0a-bd7e-4a29-a826-f6af7f133a21 daf59f9a69674fc08260867b5e3310f1 5a27aef5780345aeb0faf362f5616b5c - - - -] 10.0.0.66 "POST /v2.0/ports HTTP/1.1" status: 201 len: 1161 time: 0.4891272 /var/lib/openstack/lib/python3.10/site-packages/pycadf/identifier.py:71: UserWarning: Invalid uuid: neutron. To ensure interoperability, identifiers should be a valid uuid. warnings.warn(('Invalid uuid: %s. To ensure interoperability, '
2026-05-12 07:04:47.949 9 INFO neutron.wsgi [-] 10.0.0.49 "GET / HTTP/1.1" status: 200 len: 246 time: 0.0019925
2026-05-12 07:04:47.949 10 INFO neutron.wsgi [-] 10.0.0.49 "GET / HTTP/1.1" status: 200 len: 246 time: 0.0030031
2026-05-12 07:04:47.971 10 INFO neutron.wsgi [None req-1430ebe7-fc51-4b1c-b55f-4392fb0018aa eb6609e0220b4604b3e676946760858f b9e572cd022844ef802bb08079d29030 - - - -] 10.0.0.66 "DELETE /v2.0/security-groups/5dea943a-b1c3-4b86-96a8-fe7a1a7bf430 HTTP/1.1" status: 204 len: 168 time: 0.2185948
2026-05-12 07:04:48.233 9 INFO neutron.wsgi [None req-f40acb5c-d175-468f-a557-1cf5149e2393 daf59f9a69674fc08260867b5e3310f1 5a27aef5780345aeb0faf362f5616b5c - - - -] 10.0.0.66 "DELETE /v2.0/ports/f29c591f-6ee1-4d60-a78e-3258b4ea2a37 HTTP/1.1" status: 204 len: 168 time: 0.3616948
2026-05-12 07:04:48.257 9 INFO neutron.pecan_wsgi.hooks.translation [None req-a2cd905e-c3fa-4adb-8856-2d4573a84e26 daf59f9a69674fc08260867b5e3310f1 5a27aef5780345aeb0faf362f5616b5c - - - -] DELETE failed (client error): The resource could not be found.
2026-05-12 07:04:48.260 9 INFO neutron.wsgi [None req-a2cd905e-c3fa-4adb-8856-2d4573a84e26 daf59f9a69674fc08260867b5e3310f1 5a27aef5780345aeb0faf362f5616b5c - - - -] 10.0.0.66 "DELETE /v2.0/ports/f29c591f-6ee1-4d60-a78e-3258b4ea2a37 HTTP/1.1" status: 404 len: 333 time: 0.0197554
2026-05-12 07:04:48.285 9 INFO neutron.pecan_wsgi.hooks.translation [None req-aa870989-5e65-499e-af3f-0882714a10d6 daf59f9a69674fc08260867b5e3310f1 5a27aef5780345aeb0faf362f5616b5c - - default default] GET failed (client error): The resource could not be found.
2026-05-12 07:04:48.287 9 INFO neutron.wsgi [None req-aa870989-5e65-499e-af3f-0882714a10d6 daf59f9a69674fc08260867b5e3310f1 5a27aef5780345aeb0faf362f5616b5c - - default default] 10.0.0.66 "GET /v2.0/ports/f29c591f-6ee1-4d60-a78e-3258b4ea2a37 HTTP/1.1" status: 404 len: 333 time: 0.0207405
2026-05-12 07:04:48.518 9 INFO neutron.wsgi [None req-3755e15e-ac21-49b6-8c74-cfa9980fd062 daf59f9a69674fc08260867b5e3310f1 5a27aef5780345aeb0faf362f5616b5c - - - -] 10.0.0.66 "DELETE /v2.0/subnets/66d87251-32b5-4fe8-aad4-88c682aba6b4 HTTP/1.1" status: 204 len: 168 time: 0.2250419
2026-05-12 07:04:48.972 9 INFO neutron.services.segments.plugin [-] Segment f80dc147-029e-46b8-8ad8-7ef65441ec74 resource provider aggregate not found
2026-05-12 07:04:48.977 9 INFO neutron.services.segments.plugin [-] Segment f80dc147-029e-46b8-8ad8-7ef65441ec74 resource provider aggregate not found
2026-05-12 07:04:48.993 9 INFO neutron.services.segments.plugin [-] Segment f80dc147-029e-46b8-8ad8-7ef65441ec74 resource provider not found; error: Placement Client Error (4xx): {"errors": [{"status": 404, "title": "Not Found", "detail": "The resource could not be found.\n\n No resource provider with uuid f80dc147-029e-46b8-8ad8-7ef65441ec74 found for delete ", "request_id": "req-1dea5cf3-56d5-4950-8399-a009925918a6"}]}
2026-05-12 07:04:49.001 9 INFO neutron.services.segments.plugin [-] Segment f80dc147-029e-46b8-8ad8-7ef65441ec74 resource provider not found; error: Placement Client Error (4xx): {"errors": [{"status": 404, "title": "Not Found", "detail": "The resource could not be found.\n\n No resource provider with uuid f80dc147-029e-46b8-8ad8-7ef65441ec74 found for delete ", "request_id": "req-8ff4e850-c27a-4c37-9766-726b822255c4"}]}
2026-05-12 07:04:49.023 9 INFO neutron.wsgi [None req-f7d76078-6055-4095-9741-cd0b11559bed daf59f9a69674fc08260867b5e3310f1 5a27aef5780345aeb0faf362f5616b5c - - - -] 10.0.0.66 "DELETE /v2.0/networks/94cf3bf5-fae2-40cb-99cb-928e0c69a7ce HTTP/1.1" status: 204 len: 168 time: 0.4994366
2026-05-12 07:04:49.115 10 INFO neutron.db.segments_db [None req-6b6f2511-dd81-45c0-83f6-796768ef0987 daf59f9a69674fc08260867b5e3310f1 5a27aef5780345aeb0faf362f5616b5c - - - -] Added segment bc81deee-5109-43fa-aff6-c3fe4150dafa of type geneve for network 4d5ab5aa-3a28-4802-aa9a-7c5ca274253a
2026-05-12 07:04:49.285 10 INFO neutron.db.ovn_revision_numbers_db [None req-6b6f2511-dd81-45c0-83f6-796768ef0987 daf59f9a69674fc08260867b5e3310f1 5a27aef5780345aeb0faf362f5616b5c - - - -] Successfully bumped revision number for resource 4d5ab5aa-3a28-4802-aa9a-7c5ca274253a (type: networks) to 1
2026-05-12 07:04:49.524 10 WARNING neutron.scheduler.dhcp_agent_scheduler [None req-6b6f2511-dd81-45c0-83f6-796768ef0987 daf59f9a69674fc08260867b5e3310f1 5a27aef5780345aeb0faf362f5616b5c - - - -] No more DHCP agents
2026-05-12 07:04:49.531 10 WARNING neutron.api.rpc.agentnotifiers.dhcp_rpc_agent_api [None req-6b6f2511-dd81-45c0-83f6-796768ef0987 daf59f9a69674fc08260867b5e3310f1 5a27aef5780345aeb0faf362f5616b5c - - - -] Unable to schedule network 4d5ab5aa-3a28-4802-aa9a-7c5ca274253a: no agents available; will retry on subsequent port and subnet creation events.
2026-05-12 07:04:49.622 10 INFO neutron.db.ovn_revision_numbers_db [None req-6b6f2511-dd81-45c0-83f6-796768ef0987 daf59f9a69674fc08260867b5e3310f1 5a27aef5780345aeb0faf362f5616b5c - - - -] Successfully bumped revision number for resource 6f42ce3a-f586-4454-ae93-7fa9a239678f (type: ports) to 1
2026-05-12 07:04:49.647 10 INFO neutron.wsgi [None req-6b6f2511-dd81-45c0-83f6-796768ef0987 daf59f9a69674fc08260867b5e3310f1 5a27aef5780345aeb0faf362f5616b5c - - - -] 10.0.0.66 "POST /v2.0/networks HTTP/1.1" status: 201 len: 835 time: 0.6164260
2026-05-12 07:04:49.740 10 INFO neutron.wsgi [req-5d48c611-b12e-415e-83a2-a2264e349da6 req-00205ce6-c6bb-4272-a173-dfe9de514810 46406d68c58244e1b6c34d0470eb233a 230fe31f7bd646729be17290b86fb97d - - default default] 10.0.0.138 "GET /v2.0/networks?id=1d0a23dd-8221-49dc-89a6-2a51fcb8cf95 HTTP/1.1" status: 200 len: 871 time: 0.0846100
2026-05-12 07:04:49.764 10 INFO neutron.wsgi [req-5d48c611-b12e-415e-83a2-a2264e349da6 req-d819bd7e-30cc-44a0-949f-e270e22076ca 46406d68c58244e1b6c34d0470eb233a 230fe31f7bd646729be17290b86fb97d - - default default] 10.0.0.138 "GET /v2.0/quotas/230fe31f7bd646729be17290b86fb97d HTTP/1.1" status: 200 len: 386 time: 0.0118799
2026-05-12 07:04:49.883 10 INFO neutron.wsgi [req-5d48c611-b12e-415e-83a2-a2264e349da6 req-86f57fab-e8b8-4100-bb92-30c0ce0b3f07 46406d68c58244e1b6c34d0470eb233a 230fe31f7bd646729be17290b86fb97d - - default default] 10.0.0.138 "GET /v2.0/ports?tenant_id=230fe31f7bd646729be17290b86fb97d&fields=id HTTP/1.1" status: 200 len: 302 time: 0.1134603
2026-05-12 07:04:49.948 9 WARNING neutron.scheduler.dhcp_agent_scheduler [None req-1c5c11a8-9d98-47be-8f66-622e47232033 daf59f9a69674fc08260867b5e3310f1 5a27aef5780345aeb0faf362f5616b5c - - - -] No more DHCP agents
2026-05-12 07:04:49.951 9 WARNING neutron.api.rpc.agentnotifiers.dhcp_rpc_agent_api [None req-1c5c11a8-9d98-47be-8f66-622e47232033 daf59f9a69674fc08260867b5e3310f1 5a27aef5780345aeb0faf362f5616b5c - - - -] Unable to schedule network 4d5ab5aa-3a28-4802-aa9a-7c5ca274253a: no agents available; will retry on subsequent port and subnet creation events.
2026-05-12 07:04:49.967 9 INFO neutron.db.ovn_revision_numbers_db [None req-1c5c11a8-9d98-47be-8f66-622e47232033 daf59f9a69674fc08260867b5e3310f1 5a27aef5780345aeb0faf362f5616b5c - - - -] Successfully bumped revision number for resource fda599dc-dea9-44be-80b1-035a5d68d409 (type: subnets) to 0
2026-05-12 07:04:49.973 10 INFO neutron.wsgi [req-5d48c611-b12e-415e-83a2-a2264e349da6 req-d7b0e03c-1561-4f36-ad25-9b64638df5c7 359013e03f6a44c8a66d1a1af43a6529 0df174a901bc4dc0bb74341c0eb17dec - - 794e60b7ab31494d9889834336fd9def 794e60b7ab31494d9889834336fd9def] 10.0.0.138 "GET /v2.0/networks/1d0a23dd-8221-49dc-89a6-2a51fcb8cf95?fields=segments HTTP/1.1" status: 200 len: 212 time: 0.0741436
2026-05-12 07:04:49.989 9 INFO neutron.wsgi [None req-1c5c11a8-9d98-47be-8f66-622e47232033 daf59f9a69674fc08260867b5e3310f1 5a27aef5780345aeb0faf362f5616b5c - - - -] 10.0.0.66 "POST /v2.0/subnets HTTP/1.1" status: 201 len: 821 time: 0.3367679
2026-05-12 07:04:50.066 10 INFO neutron.db.ovn_revision_numbers_db [None req-b00747a9-8be6-4f14-8cd3-6bb5397a1954 eb6609e0220b4604b3e676946760858f b9e572cd022844ef802bb08079d29030 - - default default] Successfully bumped revision number for resource 5ce11a0a-a507-4532-8f6a-a3cd24dbaf0a (type: security_groups) to 1
2026-05-12 07:04:50.092 10 INFO neutron.wsgi [req-5d48c611-b12e-415e-83a2-a2264e349da6 req-bdc8e0b3-34d1-4a11-9e78-8aaca94dafc2 359013e03f6a44c8a66d1a1af43a6529 0df174a901bc4dc0bb74341c0eb17dec - - 794e60b7ab31494d9889834336fd9def 794e60b7ab31494d9889834336fd9def] 10.0.0.138 "GET /v2.0/networks/1d0a23dd-8221-49dc-89a6-2a51fcb8cf95?fields=provider%3Aphysical_network&fields=provider%3Anetwork_type HTTP/1.1" status: 200 len: 277 time: 0.1097867
2026-05-12 07:04:50.100 10 INFO neutron.wsgi [None req-b00747a9-8be6-4f14-8cd3-6bb5397a1954 eb6609e0220b4604b3e676946760858f b9e572cd022844ef802bb08079d29030 - - default default] 10.0.0.66 "GET /v2.0/security-groups?tenant_id=cf16d50eee5a4ea385ba3b8bf7e0dc45&name=default HTTP/1.1" status: 200 len: 2996 time: 0.3734150
2026-05-12 07:04:50.253 9 INFO neutron.wsgi [req-608e5aea-1367-4d84-a801-19bfaab617ea req-ecb83aeb-c448-4cdf-92e3-f433b5326fcf 46406d68c58244e1b6c34d0470eb233a 230fe31f7bd646729be17290b86fb97d - - default default] 10.0.0.138 "GET /v2.0/ports?device_id=de08d37a-b8ef-44ec-a3f6-5e543003f248 HTTP/1.1" status: 200 len: 210 time: 0.0343547
2026-05-12 07:04:50.381 9 WARNING neutron.scheduler.dhcp_agent_scheduler [None req-67de1df0-26ad-4285-b311-0a9d5aab412a daf59f9a69674fc08260867b5e3310f1 5a27aef5780345aeb0faf362f5616b5c - - - -] No more DHCP agents
2026-05-12 07:04:50.384 9 WARNING neutron.api.rpc.agentnotifiers.dhcp_rpc_agent_api [None req-67de1df0-26ad-4285-b311-0a9d5aab412a daf59f9a69674fc08260867b5e3310f1 5a27aef5780345aeb0faf362f5616b5c - - - -] Unable to schedule network 4d5ab5aa-3a28-4802-aa9a-7c5ca274253a: no agents available; will retry on subsequent port and subnet creation events.
2026-05-12 07:04:50.429 9 INFO neutron.wsgi [None req-7c5479d5-e658-416d-85e8-4681029408d9 eb6609e0220b4604b3e676946760858f b9e572cd022844ef802bb08079d29030 - - - -] 10.0.0.66 "DELETE /v2.0/security-groups/5ce11a0a-a507-4532-8f6a-a3cd24dbaf0a HTTP/1.1" status: 204 len: 168 time: 0.3213289
2026-05-12 07:04:50.483 9 INFO neutron.db.ovn_revision_numbers_db [None req-67de1df0-26ad-4285-b311-0a9d5aab412a daf59f9a69674fc08260867b5e3310f1 5a27aef5780345aeb0faf362f5616b5c - - - -] Successfully bumped revision number for resource 43348310-82a6-47d3-8f7b-f8d085619f87 (type: ports) to 1
2026-05-12 07:04:50.501 9 INFO neutron.wsgi [None req-67de1df0-26ad-4285-b311-0a9d5aab412a daf59f9a69674fc08260867b5e3310f1 5a27aef5780345aeb0faf362f5616b5c - - - -] 10.0.0.66 "POST /v2.0/ports HTTP/1.1" status: 201 len: 1127 time: 0.5007160
2026-05-12 07:04:50.800 9 INFO neutron.wsgi [None req-af69f64e-4dae-4b48-a411-c2f9b34cf145 daf59f9a69674fc08260867b5e3310f1 5a27aef5780345aeb0faf362f5616b5c - - - -] 10.0.0.66 "DELETE /v2.0/ports/43348310-82a6-47d3-8f7b-f8d085619f87 HTTP/1.1" status: 204 len: 168 time: 0.2914035
2026-05-12 07:04:50.825 9 INFO neutron.pecan_wsgi.hooks.translation [None req-9c609130-fc48-4e7d-b17e-8ce05df61fa7 daf59f9a69674fc08260867b5e3310f1 5a27aef5780345aeb0faf362f5616b5c - - default default] GET failed (client error): The resource could not be found.
2026-05-12 07:04:50.827 9 INFO neutron.wsgi [None req-9c609130-fc48-4e7d-b17e-8ce05df61fa7 daf59f9a69674fc08260867b5e3310f1 5a27aef5780345aeb0faf362f5616b5c - - default default] 10.0.0.66 "GET /v2.0/ports/43348310-82a6-47d3-8f7b-f8d085619f87 HTTP/1.1" status: 404 len: 333 time: 0.0206156
2026-05-12 07:04:50.843 9 INFO neutron.db.ovn_revision_numbers_db [None req-7c68702e-613b-4201-9978-1f1774f11162 eb6609e0220b4604b3e676946760858f b9e572cd022844ef802bb08079d29030 - - default default] Successfully bumped revision number for resource df77da05-728e-4db7-b4ec-1260600d3b19 (type: security_groups) to 1
2026-05-12 07:04:50.876 9 INFO neutron.wsgi [None req-7c68702e-613b-4201-9978-1f1774f11162 eb6609e0220b4604b3e676946760858f b9e572cd022844ef802bb08079d29030 - - default default] 10.0.0.66 "GET /v2.0/security-groups?tenant_id=e1e322bcd3c84af5a58ca2bba7b4606b&name=default HTTP/1.1" status: 200 len: 2996 time: 0.3249159
2026-05-12 07:04:51.024 9 INFO neutron.wsgi [None req-1779f1ed-c08f-435f-aa3c-9f642d8bd067 daf59f9a69674fc08260867b5e3310f1 5a27aef5780345aeb0faf362f5616b5c - - - -] 10.0.0.66 "DELETE /v2.0/subnets/fda599dc-dea9-44be-80b1-035a5d68d409 HTTP/1.1" status: 204 len: 168 time: 0.1926434
2026-05-12 07:04:51.448 10 INFO neutron.wsgi [req-5d48c611-b12e-415e-83a2-a2264e349da6 req-de97f9c4-d250-4e9e-a8f2-7062d6b0cd6b 46406d68c58244e1b6c34d0470eb233a 230fe31f7bd646729be17290b86fb97d - - default default] 199.19.213.59 "GET /v2.0/networks?id=1d0a23dd-8221-49dc-89a6-2a51fcb8cf95 HTTP/1.1" status: 200 len: 871 time: 0.5290735
2026-05-12 07:04:51.479 10 WARNING neutron.plugins.ml2.drivers.ovn.mech_driver.ovsdb.ovn_client [None req-08057539-665d-4047-884f-b9d8c95b934b - - - - - -] No hosting information found for port 789d0889-f5f1-42bf-829b-6eadf5553e9a: RuntimeError: No hosting information found for port 789d0889-f5f1-42bf-829b-6eadf5553e9a
2026-05-12 07:04:51.505 10 INFO neutron.wsgi [req-47e9f600-7f9f-44bf-b8dd-ea97efd085a1 req-4eda1c23-9f13-4c5a-b0f6-49fd46949c96 46406d68c58244e1b6c34d0470eb233a 230fe31f7bd646729be17290b86fb97d - - default default] 10.0.0.138 "GET /v2.0/ports?device_id=de08d37a-b8ef-44ec-a3f6-5e543003f248 HTTP/1.1" status: 200 len: 210 time: 0.0835283
2026-05-12 07:04:51.702 10 INFO neutron.wsgi [None req-63af5058-cd30-426f-b57e-28b1801a31ae eb6609e0220b4604b3e676946760858f b9e572cd022844ef802bb08079d29030 - - - -] 10.0.0.66 "DELETE /v2.0/security-groups/df77da05-728e-4db7-b4ec-1260600d3b19 HTTP/1.1" status: 204 len: 168 time: 0.8205791
2026-05-12 07:04:51.814 9 INFO neutron.services.segments.plugin [-] Segment bc81deee-5109-43fa-aff6-c3fe4150dafa resource provider aggregate not found
2026-05-12 07:04:51.824 9 INFO neutron.services.segments.plugin [-] Segment bc81deee-5109-43fa-aff6-c3fe4150dafa resource provider aggregate not found
2026-05-12 07:04:51.843 9 INFO neutron.services.segments.plugin [-] Segment bc81deee-5109-43fa-aff6-c3fe4150dafa resource provider not found; error: Placement Client Error (4xx): {"errors": [{"status": 404, "title": "Not Found", "detail": "The resource could not be found.\n\n No resource provider with uuid bc81deee-5109-43fa-aff6-c3fe4150dafa found for delete ", "request_id": "req-538d4b4e-6a84-4cf2-a8c4-9a265f23e67f"}]}
2026-05-12 07:04:51.849 9 INFO neutron.services.segments.plugin [-] Segment bc81deee-5109-43fa-aff6-c3fe4150dafa resource provider not found; error: Placement Client Error (4xx): {"errors": [{"status": 404, "title": "Not Found", "detail": "The resource could not be found.\n\n No resource provider with uuid bc81deee-5109-43fa-aff6-c3fe4150dafa found for delete ", "request_id": "req-69a7b521-6145-4d54-ab3e-1e244d61b112"}]}
2026-05-12 07:04:51.889 9 INFO neutron.wsgi [None req-c4f620a0-d2dd-483d-ad43-461318f0b5c5 daf59f9a69674fc08260867b5e3310f1 5a27aef5780345aeb0faf362f5616b5c - - - -] 10.0.0.66 "DELETE /v2.0/networks/4d5ab5aa-3a28-4802-aa9a-7c5ca274253a HTTP/1.1" status: 204 len: 168 time: 0.8561988
2026-05-12 07:04:51.897 10 WARNING neutron.scheduler.dhcp_agent_scheduler [None req-69cd5815-eddf-4f37-be97-0ed818ec5d3b 46406d68c58244e1b6c34d0470eb233a 230fe31f7bd646729be17290b86fb97d - - - -] No more DHCP agents
2026-05-12 07:04:51.900 10 WARNING neutron.api.rpc.agentnotifiers.dhcp_rpc_agent_api [None req-69cd5815-eddf-4f37-be97-0ed818ec5d3b 46406d68c58244e1b6c34d0470eb233a 230fe31f7bd646729be17290b86fb97d - - - -] Unable to schedule network 1d0a23dd-8221-49dc-89a6-2a51fcb8cf95: no agents available; will retry on subsequent port and subnet creation events.
2026-05-12 07:04:52.122 10 INFO neutron.db.ovn_revision_numbers_db [None req-69cd5815-eddf-4f37-be97-0ed818ec5d3b 46406d68c58244e1b6c34d0470eb233a 230fe31f7bd646729be17290b86fb97d - - - -] Successfully bumped revision number for resource 765b30c4-c2f8-4104-895b-5d35b01042ca (type: ports) to 1
2026-05-12 07:04:52.148 10 INFO neutron.wsgi [None req-69cd5815-eddf-4f37-be97-0ed818ec5d3b 46406d68c58244e1b6c34d0470eb233a 230fe31f7bd646729be17290b86fb97d - - - -] 199.19.213.59 "POST /v2.0/ports HTTP/1.1" status: 201 len: 1158 time: 0.6913729
2026-05-12 07:04:52.149 9 WARNING neutron.scheduler.dhcp_agent_scheduler [None req-e341c76f-f7c9-43b0-a8e5-514ebc24bd08 daf59f9a69674fc08260867b5e3310f1 5a27aef5780345aeb0faf362f5616b5c - - - -] No more DHCP agents
2026-05-12 07:04:52.156 9 WARNING neutron.api.rpc.agentnotifiers.dhcp_rpc_agent_api [None req-e341c76f-f7c9-43b0-a8e5-514ebc24bd08 daf59f9a69674fc08260867b5e3310f1 5a27aef5780345aeb0faf362f5616b5c - - - -] Unable to schedule network 058349de-24c0-4b04-b6e6-ee0b821f5aa4: no agents available; will retry on subsequent port and subnet creation events. /var/lib/openstack/lib/python3.10/site-packages/pycadf/identifier.py:71: UserWarning: Invalid uuid: neutron. To ensure interoperability, identifiers should be a valid uuid. warnings.warn(('Invalid uuid: %s. To ensure interoperability, '
2026-05-12 07:04:52.276 9 INFO neutron.db.ovn_revision_numbers_db [None req-e341c76f-f7c9-43b0-a8e5-514ebc24bd08 daf59f9a69674fc08260867b5e3310f1 5a27aef5780345aeb0faf362f5616b5c - - - -] Successfully bumped revision number for resource ec312f4d-7846-4e60-bdc6-029785a516ee (type: ports) to 1
2026-05-12 07:04:52.304 9 INFO neutron.wsgi [None req-e341c76f-f7c9-43b0-a8e5-514ebc24bd08 daf59f9a69674fc08260867b5e3310f1 5a27aef5780345aeb0faf362f5616b5c - - - -] 10.0.0.66 "POST /v2.0/ports HTTP/1.1" status: 201 len: 978 time: 0.4033835 /var/lib/openstack/lib/python3.10/site-packages/pycadf/identifier.py:71: UserWarning: Invalid uuid: neutron. To ensure interoperability, identifiers should be a valid uuid. warnings.warn(('Invalid uuid: %s. To ensure interoperability, '
2026-05-12 07:04:52.572 9 INFO neutron.db.ovn_revision_numbers_db [None req-972c124e-e05d-4023-b21f-b3f6b005d319 daf59f9a69674fc08260867b5e3310f1 5a27aef5780345aeb0faf362f5616b5c - - - -] Successfully bumped revision number for resource ec312f4d-7846-4e60-bdc6-029785a516ee (type: ports) to 2
2026-05-12 07:04:52.587 9 INFO neutron.wsgi [None req-972c124e-e05d-4023-b21f-b3f6b005d319 daf59f9a69674fc08260867b5e3310f1 5a27aef5780345aeb0faf362f5616b5c - - - -] 10.0.0.66 "PUT /v2.0/ports/ec312f4d-7846-4e60-bdc6-029785a516ee HTTP/1.1" status: 200 len: 946 time: 0.2771583
2026-05-12 07:04:52.593 10 INFO neutron.db.ovn_revision_numbers_db [None req-d3958d5c-0ab4-4f7d-8ec4-22d9316af52b 359013e03f6a44c8a66d1a1af43a6529 0df174a901bc4dc0bb74341c0eb17dec - - - -] Successfully bumped revision number for resource 765b30c4-c2f8-4104-895b-5d35b01042ca (type: ports) to 2 /var/lib/openstack/lib/python3.10/site-packages/pycadf/identifier.py:71: UserWarning: Invalid uuid: neutron. To ensure interoperability, identifiers should be a valid uuid. warnings.warn(('Invalid uuid: %s. To ensure interoperability, '
2026-05-12 07:04:52.728 9 INFO neutron.wsgi [req-d43433e1-6944-48b5-a5be-a870eb50ad20 req-f3703798-77c4-4952-b08c-b70ab46496cf 46406d68c58244e1b6c34d0470eb233a 230fe31f7bd646729be17290b86fb97d - - default default] 10.0.0.138 "GET /v2.0/ports?device_id=de08d37a-b8ef-44ec-a3f6-5e543003f248 HTTP/1.1" status: 200 len: 1168 time: 0.1392038
2026-05-12 07:04:52.793 9 INFO neutron.wsgi [req-d43433e1-6944-48b5-a5be-a870eb50ad20 req-ab335498-b766-4433-9c3c-a14991e7f554 46406d68c58244e1b6c34d0470eb233a 230fe31f7bd646729be17290b86fb97d - - default default] 10.0.0.138 "GET /v2.0/security-groups?id=f32ccb21-143e-4347-8b89-2df040caaba6&fields=id&fields=name HTTP/1.1" status: 200 len: 286 time: 0.0505428
2026-05-12 07:04:52.796 10 INFO neutron.db.ovn_revision_numbers_db [None req-d3958d5c-0ab4-4f7d-8ec4-22d9316af52b 359013e03f6a44c8a66d1a1af43a6529 0df174a901bc4dc0bb74341c0eb17dec - - - -] Successfully bumped revision number for resource 765b30c4-c2f8-4104-895b-5d35b01042ca (type: ports) to 2
2026-05-12 07:04:52.818 10 INFO neutron.wsgi [None req-d3958d5c-0ab4-4f7d-8ec4-22d9316af52b 359013e03f6a44c8a66d1a1af43a6529 0df174a901bc4dc0bb74341c0eb17dec - - - -] 199.19.213.59 "PUT /v2.0/ports/765b30c4-c2f8-4104-895b-5d35b01042ca HTTP/1.1" status: 200 len: 1328 time: 0.6560280
2026-05-12 07:04:52.864 10 INFO neutron.notifiers.nova [-] Nova event matching ['req-708d0c7d-9369-487a-89ee-a9c76baa2df3'] response: {'name': 'network-changed', 'server_uuid': 'de08d37a-b8ef-44ec-a3f6-5e543003f248', 'tag': '765b30c4-c2f8-4104-895b-5d35b01042ca', 'status': 'completed', 'code': 200} /var/lib/openstack/lib/python3.10/site-packages/pycadf/identifier.py:71: UserWarning: Invalid uuid: neutron. To ensure interoperability, identifiers should be a valid uuid. warnings.warn(('Invalid uuid: %s. To ensure interoperability, '
2026-05-12 07:04:52.930 10 INFO neutron.wsgi [req-5d48c611-b12e-415e-83a2-a2264e349da6 req-2a1e6901-34a4-481e-8907-d5adfa4368c4 359013e03f6a44c8a66d1a1af43a6529 0df174a901bc4dc0bb74341c0eb17dec - - 794e60b7ab31494d9889834336fd9def 794e60b7ab31494d9889834336fd9def] 199.19.213.59 "GET /v2.0/ports?tenant_id=230fe31f7bd646729be17290b86fb97d&device_id=de08d37a-b8ef-44ec-a3f6-5e543003f248 HTTP/1.1" status: 200 len: 1359 time: 0.0573952
2026-05-12 07:04:52.977 10 INFO neutron.wsgi [req-5d48c611-b12e-415e-83a2-a2264e349da6 req-7f547306-42c4-4c41-b2c8-27c9842e075b 359013e03f6a44c8a66d1a1af43a6529 0df174a901bc4dc0bb74341c0eb17dec - - 794e60b7ab31494d9889834336fd9def 794e60b7ab31494d9889834336fd9def] 199.19.213.59 "GET /v2.0/floatingips?fixed_ip_address=10.100.0.8&port_id=765b30c4-c2f8-4104-895b-5d35b01042ca HTTP/1.1" status: 200 len: 217 time: 0.0394623
2026-05-12 07:04:52.987 9 INFO neutron.wsgi [None req-840c4c87-4410-4af6-85e7-fa488c973654 daf59f9a69674fc08260867b5e3310f1 5a27aef5780345aeb0faf362f5616b5c - - - -] 10.0.0.66 "DELETE /v2.0/ports/ec312f4d-7846-4e60-bdc6-029785a516ee HTTP/1.1" status: 204 len: 168 time: 0.3944581
2026-05-12 07:04:53.024 10 INFO neutron.wsgi [req-5d48c611-b12e-415e-83a2-a2264e349da6 req-00d1a574-f0c0-420c-b446-159dd67c325c 359013e03f6a44c8a66d1a1af43a6529 0df174a901bc4dc0bb74341c0eb17dec - - 794e60b7ab31494d9889834336fd9def 794e60b7ab31494d9889834336fd9def] 199.19.213.59 "GET /v2.0/subnets?id=a3bbdae2-e939-4fcc-9040-b4bae2113924 HTTP/1.1" status: 200 len: 865 time: 0.0373769
2026-05-12 07:04:53.062 10 INFO neutron.wsgi [req-5d48c611-b12e-415e-83a2-a2264e349da6 req-6f21b99a-2114-4e1e-9b53-e5e4946eec51 359013e03f6a44c8a66d1a1af43a6529 0df174a901bc4dc0bb74341c0eb17dec - - 794e60b7ab31494d9889834336fd9def 794e60b7ab31494d9889834336fd9def] 199.19.213.59 "GET /v2.0/ports?network_id=1d0a23dd-8221-49dc-89a6-2a51fcb8cf95&device_owner=network%3Adhcp HTTP/1.1" status: 200 len: 210 time: 0.0276783
2026-05-12 07:04:53.089 9 INFO neutron.db.ovn_revision_numbers_db [None req-58e5531b-a8c7-49b4-8c50-46d7093a64f8 eb6609e0220b4604b3e676946760858f b9e572cd022844ef802bb08079d29030 - - default default] Successfully bumped revision number for resource f840d357-001d-43a1-a635-604ff81187d6 (type: security_groups) to 1
2026-05-12 07:04:53.107 9 INFO neutron.wsgi [None req-edfb4e5b-7948-4297-8026-69fa167db9d6 daf59f9a69674fc08260867b5e3310f1 5a27aef5780345aeb0faf362f5616b5c - - default default] 10.0.0.66 "GET /v2.0/ports HTTP/1.1" status: 200 len: 1731 time: 0.1049297
2026-05-12 07:04:53.122 9 INFO neutron.wsgi [None req-58e5531b-a8c7-49b4-8c50-46d7093a64f8 eb6609e0220b4604b3e676946760858f b9e572cd022844ef802bb08079d29030 - - default default] 10.0.0.66 "GET /v2.0/security-groups?tenant_id=1c831e9f665646749fdb83a3e62387d9&name=default HTTP/1.1" status: 200 len: 2996 time: 0.4089732
2026-05-12 07:04:53.137 9 INFO neutron.pecan_wsgi.hooks.translation [None req-03652313-506e-4c0b-98af-cfe41df76518 daf59f9a69674fc08260867b5e3310f1 5a27aef5780345aeb0faf362f5616b5c - - default default] GET failed (client error): The resource could not be found.
2026-05-12 07:04:53.137 10 INFO neutron.wsgi [req-5d48c611-b12e-415e-83a2-a2264e349da6 req-23808802-bcb8-4183-bdd9-e681cc6ea868 359013e03f6a44c8a66d1a1af43a6529 0df174a901bc4dc0bb74341c0eb17dec - - 794e60b7ab31494d9889834336fd9def 794e60b7ab31494d9889834336fd9def] 199.19.213.59 "GET /v2.0/networks/1d0a23dd-8221-49dc-89a6-2a51fcb8cf95?fields=segments HTTP/1.1" status: 200 len: 212 time: 0.0670478
2026-05-12 07:04:53.138 9 INFO neutron.wsgi [None req-03652313-506e-4c0b-98af-cfe41df76518 daf59f9a69674fc08260867b5e3310f1 5a27aef5780345aeb0faf362f5616b5c - - default default] 10.0.0.66 "GET /v2.0/ports/ec312f4d-7846-4e60-bdc6-029785a516ee HTTP/1.1" status: 404 len: 333 time: 0.0252225
2026-05-12 07:04:53.182 9 INFO neutron.wsgi [None req-c1c7ff7d-f0d3-4fad-9f73-803a1f98014a daf59f9a69674fc08260867b5e3310f1 5a27aef5780345aeb0faf362f5616b5c - - default default] 10.0.0.66 "GET /v2.0/ports HTTP/1.1" status: 200 len: 1731 time: 0.0381966
2026-05-12 07:04:53.218 10 INFO neutron.wsgi [req-5d48c611-b12e-415e-83a2-a2264e349da6 req-578f3376-1512-45cb-9fbd-9bb06929e1f5 359013e03f6a44c8a66d1a1af43a6529 0df174a901bc4dc0bb74341c0eb17dec - - 794e60b7ab31494d9889834336fd9def 794e60b7ab31494d9889834336fd9def] 199.19.213.59 "GET /v2.0/networks/1d0a23dd-8221-49dc-89a6-2a51fcb8cf95?fields=provider%3Aphysical_network&fields=provider%3Anetwork_type HTTP/1.1" status: 200 len: 277 time: 0.0743423
2026-05-12 07:04:53.230 9 INFO neutron.wsgi [None req-19b70de6-080a-4036-8ac9-1ff634628b52 daf59f9a69674fc08260867b5e3310f1 5a27aef5780345aeb0faf362f5616b5c - - default default] 10.0.0.66 "GET /v2.0/ports/d0de638e-f7bd-44c4-88e1-5decefd09199 HTTP/1.1" status: 200 len: 971 time: 0.0416398
2026-05-12 07:04:53.256 9 INFO neutron.pecan_wsgi.hooks.translation [None req-42a8087a-bc65-4dcd-b594-c71012889c7e daf59f9a69674fc08260867b5e3310f1 5a27aef5780345aeb0faf362f5616b5c - - - -] DELETE failed (client error): The resource could not be found.
2026-05-12 07:04:53.258 9 INFO neutron.wsgi [None req-42a8087a-bc65-4dcd-b594-c71012889c7e daf59f9a69674fc08260867b5e3310f1 5a27aef5780345aeb0faf362f5616b5c - - - -] 10.0.0.66 "DELETE /v2.0/ports/43348310-82a6-47d3-8f7b-f8d085619f87 HTTP/1.1" status: 404 len: 333 time: 0.0189185
2026-05-12 07:04:53.286 9 INFO neutron.pecan_wsgi.hooks.translation [None req-c4052010-6574-4f86-beff-791d5e5f136a daf59f9a69674fc08260867b5e3310f1 5a27aef5780345aeb0faf362f5616b5c - - - -] DELETE failed (client error): The resource could not be found.
2026-05-12 07:04:53.288 9 INFO neutron.wsgi [None req-c4052010-6574-4f86-beff-791d5e5f136a daf59f9a69674fc08260867b5e3310f1 5a27aef5780345aeb0faf362f5616b5c - - - -] 10.0.0.66 "DELETE /v2.0/subnets/fda599dc-dea9-44be-80b1-035a5d68d409 HTTP/1.1" status: 404 len: 337 time: 0.0243993
2026-05-12 07:04:53.301 10 INFO neutron.wsgi [req-cdaa3aee-5fe2-481a-a925-0be0458def34 req-1a094d87-443e-40c3-9e0b-0a6e8f18f11e 359013e03f6a44c8a66d1a1af43a6529 0df174a901bc4dc0bb74341c0eb17dec - - 794e60b7ab31494d9889834336fd9def 794e60b7ab31494d9889834336fd9def] 199.19.213.59 "GET /v2.0/ports?tenant_id=230fe31f7bd646729be17290b86fb97d&device_id=de08d37a-b8ef-44ec-a3f6-5e543003f248 HTTP/1.1" status: 200 len: 1359 time: 0.0397961
2026-05-12 07:04:53.315 9 INFO neutron.pecan_wsgi.hooks.translation [None req-4eefae8d-b3c1-4301-bca5-1ff9fab98d22 daf59f9a69674fc08260867b5e3310f1 5a27aef5780345aeb0faf362f5616b5c - - - -] DELETE failed (client error): The resource could not be found.
2026-05-12 07:04:53.320 9 INFO neutron.wsgi [None req-4eefae8d-b3c1-4301-bca5-1ff9fab98d22 daf59f9a69674fc08260867b5e3310f1 5a27aef5780345aeb0faf362f5616b5c - - - -] 10.0.0.66 "DELETE /v2.0/subnets/66d87251-32b5-4fe8-aad4-88c682aba6b4 HTTP/1.1" status: 404 len: 337 time: 0.0260394
2026-05-12 07:04:53.407 10 INFO neutron.wsgi [req-cdaa3aee-5fe2-481a-a925-0be0458def34 req-c0118a62-8ce6-4685-8a82-62d62e8fa26b 359013e03f6a44c8a66d1a1af43a6529 0df174a901bc4dc0bb74341c0eb17dec - - 794e60b7ab31494d9889834336fd9def 794e60b7ab31494d9889834336fd9def] 199.19.213.59 "GET /v2.0/networks?id=1d0a23dd-8221-49dc-89a6-2a51fcb8cf95 HTTP/1.1" status: 200 len: 970 time: 0.1004586
2026-05-12 07:04:53.418 10 INFO neutron.wsgi [None req-5c2ad782-07c4-4368-a4b4-c6cea41152ac eb6609e0220b4604b3e676946760858f b9e572cd022844ef802bb08079d29030 - - - -] 10.0.0.66 "DELETE /v2.0/security-groups/f840d357-001d-43a1-a635-604ff81187d6 HTTP/1.1" status: 204 len: 168 time: 0.2903266
2026-05-12 07:04:53.443 10 INFO neutron.plugins.ml2.drivers.ovn.mech_driver.mech_driver [None req-08057539-665d-4047-884f-b9d8c95b934b - - - - - -] OVN reports status up for port: 765b30c4-c2f8-4104-895b-5d35b01042ca
2026-05-12 07:04:53.472 10 INFO neutron.wsgi [req-cdaa3aee-5fe2-481a-a925-0be0458def34 req-ca77b0e8-380e-4c8e-b0dd-cd32432c2dce 359013e03f6a44c8a66d1a1af43a6529 0df174a901bc4dc0bb74341c0eb17dec - - 794e60b7ab31494d9889834336fd9def 794e60b7ab31494d9889834336fd9def] 199.19.213.59 "GET /v2.0/floatingips?fixed_ip_address=10.100.0.8&port_id=765b30c4-c2f8-4104-895b-5d35b01042ca HTTP/1.1" status: 200 len: 217 time: 0.0573156
2026-05-12 07:04:53.477 10 INFO neutron.plugins.ml2.plugin [None req-08057539-665d-4047-884f-b9d8c95b934b - - - - - -] Attempt 1 to provision port 765b30c4-c2f8-4104-895b-5d35b01042ca
2026-05-12 07:04:53.532 10 INFO neutron.wsgi [req-cdaa3aee-5fe2-481a-a925-0be0458def34 req-e018e312-5f6c-48a5-9016-baeafdad1057 359013e03f6a44c8a66d1a1af43a6529 0df174a901bc4dc0bb74341c0eb17dec - - 794e60b7ab31494d9889834336fd9def 794e60b7ab31494d9889834336fd9def] 199.19.213.59 "GET /v2.0/subnets?id=a3bbdae2-e939-4fcc-9040-b4bae2113924 HTTP/1.1" status: 200 len: 865 time: 0.0529461
2026-05-12 07:04:53.570 10 INFO neutron.wsgi [req-cdaa3aee-5fe2-481a-a925-0be0458def34 req-b3422aa1-b110-4464-829a-913e634a2292 359013e03f6a44c8a66d1a1af43a6529 0df174a901bc4dc0bb74341c0eb17dec - - 794e60b7ab31494d9889834336fd9def 794e60b7ab31494d9889834336fd9def] 199.19.213.59 "GET /v2.0/ports?network_id=1d0a23dd-8221-49dc-89a6-2a51fcb8cf95&device_owner=network%3Adhcp HTTP/1.1" status: 200 len: 210 time: 0.0320544
2026-05-12 07:04:53.643 9 INFO neutron.wsgi [None req-ebf115bd-bb6b-4d90-b81d-f99e3227956a daf59f9a69674fc08260867b5e3310f1 5a27aef5780345aeb0faf362f5616b5c - - - -] 10.0.0.66 "DELETE /v2.0/ports/d0de638e-f7bd-44c4-88e1-5decefd09199 HTTP/1.1" status: 204 len: 168 time: 0.3167350
2026-05-12 07:04:53.650 10 INFO neutron.wsgi [req-cdaa3aee-5fe2-481a-a925-0be0458def34 req-98abbbd2-5428-442c-b769-8952f13a5acd 359013e03f6a44c8a66d1a1af43a6529 0df174a901bc4dc0bb74341c0eb17dec - - 794e60b7ab31494d9889834336fd9def 794e60b7ab31494d9889834336fd9def] 199.19.213.59 "GET /v2.0/networks/1d0a23dd-8221-49dc-89a6-2a51fcb8cf95?fields=segments HTTP/1.1" status: 200 len: 212 time: 0.0732086
2026-05-12 07:04:53.763 10 INFO neutron.wsgi [req-cdaa3aee-5fe2-481a-a925-0be0458def34 req-86f43498-42ab-4a2b-82aa-272adf3ec3ac 359013e03f6a44c8a66d1a1af43a6529 0df174a901bc4dc0bb74341c0eb17dec - - 794e60b7ab31494d9889834336fd9def 794e60b7ab31494d9889834336fd9def] 199.19.213.59 "GET /v2.0/networks/1d0a23dd-8221-49dc-89a6-2a51fcb8cf95?fields=provider%3Aphysical_network&fields=provider%3Anetwork_type HTTP/1.1" status: 200 len: 277 time: 0.1036577
2026-05-12 07:04:53.895 10 INFO neutron.db.ovn_revision_numbers_db [None req-08057539-665d-4047-884f-b9d8c95b934b - - - - - -] Successfully bumped revision number for resource 765b30c4-c2f8-4104-895b-5d35b01042ca (type: ports) to 4
2026-05-12 07:04:53.920 9 INFO neutron.wsgi [req-377b7d66-e554-4481-9981-a02a601d443a req-bde971bb-ff46-4d8c-93f6-fb84c6ad2de2 46406d68c58244e1b6c34d0470eb233a 230fe31f7bd646729be17290b86fb97d - - default default] 10.0.0.138 "GET /v2.0/ports?device_id=de08d37a-b8ef-44ec-a3f6-5e543003f248 HTTP/1.1" status: 200 len: 1170 time: 0.0376885
2026-05-12 07:04:53.974 9 INFO neutron.wsgi [req-377b7d66-e554-4481-9981-a02a601d443a req-9a734ad7-9353-4eb2-9f13-95e2b8302c52 46406d68c58244e1b6c34d0470eb233a 230fe31f7bd646729be17290b86fb97d - - default default] 10.0.0.138 "GET /v2.0/security-groups?id=f32ccb21-143e-4347-8b89-2df040caaba6&fields=id&fields=name HTTP/1.1" status: 200 len: 286 time: 0.0465751
2026-05-12 07:04:54.039 9 INFO neutron.services.segments.plugin [-] Segment 6a17f85b-5ae0-42de-a52e-841bd064e676 resource provider aggregate not found
2026-05-12 07:04:54.043 9 INFO neutron.services.segments.plugin [-] Segment 6a17f85b-5ae0-42de-a52e-841bd064e676 resource provider aggregate not found
2026-05-12 07:04:54.061 9 INFO neutron.services.segments.plugin [-] Segment 6a17f85b-5ae0-42de-a52e-841bd064e676 resource provider not found; error: Placement Client Error (4xx): {"errors": [{"status": 404, "title": "Not Found", "detail": "The resource could not be found.\n\n No resource provider with uuid 6a17f85b-5ae0-42de-a52e-841bd064e676 found for delete ", "request_id": "req-75787aa7-dccb-45d7-a320-fc1aa55ce78c"}]}
2026-05-12 07:04:54.073 9 INFO neutron.wsgi [None req-4e919398-d2f2-4495-be9a-d775b9969721 daf59f9a69674fc08260867b5e3310f1 5a27aef5780345aeb0faf362f5616b5c - - - -] 10.0.0.66 "DELETE /v2.0/networks/058349de-24c0-4b04-b6e6-ee0b821f5aa4 HTTP/1.1" status: 204 len: 168 time: 0.4252901
2026-05-12 07:04:54.145 9 INFO neutron.services.segments.plugin [-] Segment 6a17f85b-5ae0-42de-a52e-841bd064e676 resource provider not found; error: Placement Client Error (4xx): {"errors": [{"status": 404, "title": "Not Found", "detail": "The resource could not be found.\n\n No resource provider with uuid 6a17f85b-5ae0-42de-a52e-841bd064e676 found for delete ", "request_id": "req-73e72791-f472-43ae-b8bb-705db7bc2400"}]} /var/lib/openstack/lib/python3.10/site-packages/pycadf/identifier.py:71: UserWarning: Invalid uuid: neutron. To ensure interoperability, identifiers should be a valid uuid. warnings.warn(('Invalid uuid: %s. To ensure interoperability, '
2026-05-12 07:04:54.780 10 INFO neutron.wsgi [None req-37950910-2ed0-403b-a94c-de4d776e45f6 eb6609e0220b4604b3e676946760858f b9e572cd022844ef802bb08079d29030 - - default default] 10.0.0.66 "GET /v2.0/security-groups?tenant_id=5a27aef5780345aeb0faf362f5616b5c&name=default HTTP/1.1" status: 200 len: 2996 time: 0.1754878
2026-05-12 07:04:54.906 10 INFO neutron.notifiers.nova [-] Nova event matching ['req-25c007a0-23a8-406c-90df-c8dcb36aa0b0'] response: {'server_uuid': 'de08d37a-b8ef-44ec-a3f6-5e543003f248', 'name': 'network-vif-plugged', 'status': 'completed', 'tag': '765b30c4-c2f8-4104-895b-5d35b01042ca', 'code': 200}
2026-05-12 07:04:54.906 10 INFO neutron.notifiers.nova [-] Nova event matching ['req-25c007a0-23a8-406c-90df-c8dcb36aa0b0'] response: {'server_uuid': 'de08d37a-b8ef-44ec-a3f6-5e543003f248', 'name': 'network-vif-plugged', 'status': 'completed', 'tag': '765b30c4-c2f8-4104-895b-5d35b01042ca', 'code': 200}
2026-05-12 07:04:55.005 10 INFO neutron.wsgi [None req-4e422512-6157-48e4-a7ad-e105e2314904 eb6609e0220b4604b3e676946760858f b9e572cd022844ef802bb08079d29030 - - - -] 10.0.0.66 "DELETE /v2.0/security-groups/63c74627-33ee-4a82-a8ad-95dbb20891bb HTTP/1.1" status: 204 len: 168 time: 0.2197006
2026-05-12 07:04:55.099 9 INFO neutron.wsgi [req-8b6446c3-218d-4fcc-8eaa-b449953a1921 req-78923dd8-fb8c-4fd8-be56-23b36f34890b 46406d68c58244e1b6c34d0470eb233a 230fe31f7bd646729be17290b86fb97d - - default default] 10.0.0.138 "GET /v2.0/ports?device_id=de08d37a-b8ef-44ec-a3f6-5e543003f248 HTTP/1.1" status: 200 len: 1170 time: 0.0477583
2026-05-12 07:04:55.146 9 INFO neutron.wsgi [req-8b6446c3-218d-4fcc-8eaa-b449953a1921 req-569c1800-97fb-4222-961f-1701a0f1e552 46406d68c58244e1b6c34d0470eb233a 230fe31f7bd646729be17290b86fb97d - - default default] 10.0.0.138 "GET /v2.0/security-groups?id=f32ccb21-143e-4347-8b89-2df040caaba6&fields=id&fields=name HTTP/1.1" status: 200 len: 286 time: 0.0378020
2026-05-12 07:04:56.291 10 INFO neutron.wsgi [req-d84642be-81ed-4f8e-bf04-387fd15efc81 req-0b0ffd68-922f-4594-b510-8f6d0cbd856f 46406d68c58244e1b6c34d0470eb233a 230fe31f7bd646729be17290b86fb97d - - default default] 10.0.0.138 "GET /v2.0/ports?device_id=de08d37a-b8ef-44ec-a3f6-5e543003f248 HTTP/1.1" status: 200 len: 1170 time: 0.0769017
2026-05-12 07:04:56.336 10 INFO neutron.wsgi [req-d84642be-81ed-4f8e-bf04-387fd15efc81 req-9c7f7b74-d9fc-47dd-aca0-a2b62a3fc0c1 46406d68c58244e1b6c34d0470eb233a 230fe31f7bd646729be17290b86fb97d - - default default] 10.0.0.138 "GET /v2.0/security-groups?id=f32ccb21-143e-4347-8b89-2df040caaba6&fields=id&fields=name HTTP/1.1" status: 200 len: 286 time: 0.0368249
2026-05-12 07:04:56.891 10 INFO neutron.plugins.ml2.drivers.ovn.mech_driver.mech_driver [None req-08057539-665d-4047-884f-b9d8c95b934b - - - - - -] OVN reports status down for port: 765b30c4-c2f8-4104-895b-5d35b01042ca
2026-05-12 07:04:56.913 10 INFO neutron.wsgi [req-92c35123-192b-4c3b-b6bc-4e5f33b17508 req-1a09219b-d8b3-4a36-8831-1a93dd558049 46406d68c58244e1b6c34d0470eb233a 230fe31f7bd646729be17290b86fb97d - - default default] 10.0.0.138 "GET /v2.0/ports?device_id=de08d37a-b8ef-44ec-a3f6-5e543003f248 HTTP/1.1" status: 200 len: 1170 time: 0.0640233
2026-05-12 07:04:56.975 10 INFO neutron.wsgi [req-92c35123-192b-4c3b-b6bc-4e5f33b17508 req-5a910d12-3aa4-407c-a4a2-7479ac6a1baf 46406d68c58244e1b6c34d0470eb233a 230fe31f7bd646729be17290b86fb97d - - default default] 10.0.0.138 "GET /v2.0/security-groups?id=f32ccb21-143e-4347-8b89-2df040caaba6&fields=id&fields=name HTTP/1.1" status: 200 len: 286 time: 0.0540836
2026-05-12 07:04:56.985 10 INFO neutron.wsgi [None req-cb443040-e47a-4528-837d-9f68676b812a 5a49288a905841cdb46a2265b1541e9c ae44d95dfae245f0a1ffeb61123aecf8 - - default default] 10.0.0.215 "GET /v2.0/extensions HTTP/1.1" status: 200 len: 16525 time: 0.1341069
2026-05-12 07:04:57.060 10 INFO neutron.notifiers.nova [-] Nova event matching ['req-194a0678-8813-41e6-9831-029b21dad667'] response: {'server_uuid': 'de08d37a-b8ef-44ec-a3f6-5e543003f248', 'name': 'network-vif-unplugged', 'status': 'completed', 'tag': '765b30c4-c2f8-4104-895b-5d35b01042ca', 'code': 200}
2026-05-12 07:04:57.114 9 INFO neutron.wsgi [None req-30545d29-13b5-45b2-a975-69daac94310c 5a49288a905841cdb46a2265b1541e9c ae44d95dfae245f0a1ffeb61123aecf8 - - default default] 10.0.0.215 "GET /v2.0/quotas/ae44d95dfae245f0a1ffeb61123aecf8/details HTTP/1.1" status: 200 len: 756 time: 0.1062889
2026-05-12 07:04:57.228 10 INFO neutron.wsgi [req-9efd0701-99a7-4e36-a12a-c47d7c25d9b5 req-ee48f066-5b48-459d-ad43-27b9bf4be64f 46406d68c58244e1b6c34d0470eb233a 230fe31f7bd646729be17290b86fb97d - - default default] 199.19.213.59 "GET /v2.0/ports?device_id=de08d37a-b8ef-44ec-a3f6-5e543003f248 HTTP/1.1" status: 200 len: 1168 time: 0.0463767
2026-05-12 07:04:57.241 10 INFO neutron.db.ovn_revision_numbers_db [None req-37569960-9dd6-4b8f-bcdd-0f82a4bab30b 1d12402ba85e4adba5385aa92a2ae791 328dd5d33cfe4e14bcac50bb8b0b4b98 - - - -] Successfully bumped revision number for resource 2f33a8e0-e77e-43b7-85ec-2316c843b9db (type: security_groups) to 1
2026-05-12 07:04:57.246 10 INFO neutron.db.ovn_revision_numbers_db [None req-08057539-665d-4047-884f-b9d8c95b934b - - - - - -] Successfully bumped revision number for resource 765b30c4-c2f8-4104-895b-5d35b01042ca (type: ports) to 5
2026-05-12 07:04:57.323 10 INFO neutron.db.segments_db [None req-37569960-9dd6-4b8f-bcdd-0f82a4bab30b 1d12402ba85e4adba5385aa92a2ae791 328dd5d33cfe4e14bcac50bb8b0b4b98 - - - -] Added segment 780fc910-952d-4125-adc8-b0bbbaaab657 of type geneve for network fbeb67b0-aef0-4dc7-8d91-ae94e9994b45
2026-05-12 07:04:57.514 10 INFO neutron.db.ovn_revision_numbers_db [None req-37569960-9dd6-4b8f-bcdd-0f82a4bab30b 1d12402ba85e4adba5385aa92a2ae791 328dd5d33cfe4e14bcac50bb8b0b4b98 - - - -] Successfully bumped revision number for resource fbeb67b0-aef0-4dc7-8d91-ae94e9994b45 (type: networks) to 1
2026-05-12 07:04:57.692 9 INFO neutron.db.ovn_revision_numbers_db [None req-7bd678a1-7f0c-457d-80f0-3cae5f6c40ef eb6609e0220b4604b3e676946760858f b9e572cd022844ef802bb08079d29030 - - default default] Successfully bumped revision number for resource 96615435-b48f-44e8-8f0c-8f26ff9838f2 (type: security_groups) to 1
2026-05-12 07:04:57.705 10 INFO neutron.wsgi [None req-6c68d01b-e2c4-4ec3-8664-32294314d539 46406d68c58244e1b6c34d0470eb233a 230fe31f7bd646729be17290b86fb97d - - - -] 199.19.213.59 "DELETE /v2.0/ports/765b30c4-c2f8-4104-895b-5d35b01042ca HTTP/1.1" status: 204 len: 173 time: 0.4710946
2026-05-12 07:04:57.710 9 INFO neutron.wsgi [None req-7bd678a1-7f0c-457d-80f0-3cae5f6c40ef eb6609e0220b4604b3e676946760858f b9e572cd022844ef802bb08079d29030 - - default default] 10.0.0.66 "GET /v2.0/security-groups?tenant_id=0d7bd724230c4c48997ff98b4b6fbd35&name=default HTTP/1.1" status: 200 len: 2996 time: 0.2333994
2026-05-12 07:04:57.749 10 WARNING neutron.scheduler.dhcp_agent_scheduler [None req-37569960-9dd6-4b8f-bcdd-0f82a4bab30b 1d12402ba85e4adba5385aa92a2ae791 328dd5d33cfe4e14bcac50bb8b0b4b98 - - - -] No more DHCP agents
2026-05-12 07:04:57.752 10 WARNING neutron.api.rpc.agentnotifiers.dhcp_rpc_agent_api [None req-37569960-9dd6-4b8f-bcdd-0f82a4bab30b 1d12402ba85e4adba5385aa92a2ae791 328dd5d33cfe4e14bcac50bb8b0b4b98 - - - -] Unable to schedule network fbeb67b0-aef0-4dc7-8d91-ae94e9994b45: no agents available; will retry on subsequent port and subnet creation events.
2026-05-12 07:04:57.822 10 INFO neutron.db.ovn_revision_numbers_db [None req-37569960-9dd6-4b8f-bcdd-0f82a4bab30b 1d12402ba85e4adba5385aa92a2ae791 328dd5d33cfe4e14bcac50bb8b0b4b98 - - - -] Successfully bumped revision number for resource 6ccf0827-dfae-4a8f-a7ee-5ef622ec4409 (type: ports) to 1
2026-05-12 07:04:57.851 10 INFO neutron.wsgi [None req-37569960-9dd6-4b8f-bcdd-0f82a4bab30b 1d12402ba85e4adba5385aa92a2ae791 328dd5d33cfe4e14bcac50bb8b0b4b98 - - - -] 10.0.0.66 "POST /v2.0/networks HTTP/1.1" status: 201 len: 829 time: 0.9022291
2026-05-12 07:04:57.907 9 INFO neutron.wsgi [None req-76d2f333-aa77-4258-8e5f-1ce274e7e4f0 eb6609e0220b4604b3e676946760858f b9e572cd022844ef802bb08079d29030 - - - -] 10.0.0.66 "DELETE /v2.0/security-groups/96615435-b48f-44e8-8f0c-8f26ff9838f2 HTTP/1.1" status: 204 len: 168 time: 0.1859822
2026-05-12 07:04:57.942 9 INFO neutron.db.segments_db [None req-1038b316-7339-4455-9829-1c23eb51178d 1d12402ba85e4adba5385aa92a2ae791 328dd5d33cfe4e14bcac50bb8b0b4b98 - - - -] Added segment d4d633d6-87b9-4d91-9b8d-b2355c364391 of type geneve for network 0bb69202-86d7-45fd-9641-b501f272bc10 /var/lib/openstack/lib/python3.10/site-packages/pycadf/identifier.py:71: UserWarning: Invalid uuid: neutron. To ensure interoperability, identifiers should be a valid uuid. warnings.warn(('Invalid uuid: %s. To ensure interoperability, '
2026-05-12 07:04:58.098 9 INFO neutron.db.ovn_revision_numbers_db [None req-1038b316-7339-4455-9829-1c23eb51178d 1d12402ba85e4adba5385aa92a2ae791 328dd5d33cfe4e14bcac50bb8b0b4b98 - - - -] Successfully bumped revision number for resource 0bb69202-86d7-45fd-9641-b501f272bc10 (type: networks) to 1
2026-05-12 07:04:58.120 10 INFO neutron.wsgi [req-6e81e2b7-67fc-4932-80cf-d4e66eaf2c0a req-0940e74c-f7d0-473f-a5e8-46f995b02cf5 46406d68c58244e1b6c34d0470eb233a 230fe31f7bd646729be17290b86fb97d - - default default] 10.0.0.138 "GET /v2.0/ports?device_id=de08d37a-b8ef-44ec-a3f6-5e543003f248 HTTP/1.1" status: 200 len: 210 time: 0.0378814
2026-05-12 07:04:58.283 9 WARNING neutron.scheduler.dhcp_agent_scheduler [None req-1038b316-7339-4455-9829-1c23eb51178d 1d12402ba85e4adba5385aa92a2ae791 328dd5d33cfe4e14bcac50bb8b0b4b98 - - - -] No more DHCP agents
2026-05-12 07:04:58.285 9 WARNING neutron.api.rpc.agentnotifiers.dhcp_rpc_agent_api [None req-1038b316-7339-4455-9829-1c23eb51178d 1d12402ba85e4adba5385aa92a2ae791 328dd5d33cfe4e14bcac50bb8b0b4b98 - - - -] Unable to schedule network 0bb69202-86d7-45fd-9641-b501f272bc10: no agents available; will retry on subsequent port and subnet creation events.
2026-05-12 07:04:58.355 9 INFO neutron.db.ovn_revision_numbers_db [None req-1038b316-7339-4455-9829-1c23eb51178d 1d12402ba85e4adba5385aa92a2ae791 328dd5d33cfe4e14bcac50bb8b0b4b98 - - - -] Successfully bumped revision number for resource 5eb4dcd2-6a6a-475e-9355-1826c4d9d818 (type: ports) to 1
2026-05-12 07:04:58.385 9 INFO neutron.wsgi [None req-1038b316-7339-4455-9829-1c23eb51178d 1d12402ba85e4adba5385aa92a2ae791 328dd5d33cfe4e14bcac50bb8b0b4b98 - - - -] 10.0.0.66 "POST /v2.0/networks HTTP/1.1" status: 201 len: 828 time: 0.5253215
2026-05-12 07:04:58.668 9 WARNING neutron.scheduler.dhcp_agent_scheduler [None req-dcaabd74-8b4c-4a9d-a8f3-bad3ef22ed0c 1d12402ba85e4adba5385aa92a2ae791 328dd5d33cfe4e14bcac50bb8b0b4b98 - - - -] No more DHCP agents
2026-05-12 07:04:58.670 9 WARNING neutron.api.rpc.agentnotifiers.dhcp_rpc_agent_api [None req-dcaabd74-8b4c-4a9d-a8f3-bad3ef22ed0c 1d12402ba85e4adba5385aa92a2ae791 328dd5d33cfe4e14bcac50bb8b0b4b98 - - - -] Unable to schedule network fbeb67b0-aef0-4dc7-8d91-ae94e9994b45: no agents available; will retry on subsequent port and subnet creation events.
