2026-05-12 07:03:48.637 9 INFO neutron.plugins.ml2.drivers.ovn.mech_driver.mech_driver [None req-ee3f4d76-0ba3-4096-b2a3-140b9f36852c - - - - - -] OVN reports status up for port: 72ee2edf-73a5-4333-9490-50b51d4888a4
2026-05-12 07:03:48.649 9 INFO neutron.plugins.ml2.plugin [None req-ee3f4d76-0ba3-4096-b2a3-140b9f36852c - - - - - -] Attempt 1 to provision port 72ee2edf-73a5-4333-9490-50b51d4888a4
2026-05-12 07:03:48.664 10 INFO neutron.plugins.ml2.drivers.ovn.mech_driver.ovsdb.ovsdb_monitor [None req-aa2e9746-82a3-4462-92b8-955a03735ba7 - - - - - -] Router 3b4de4df-25c5-4956-bd01-46bb29f1b842 is bound to host instance
2026-05-12 07:03:48.668 10 INFO neutron.db.ovn_revision_numbers_db [None req-ba2f775d-0bc5-4e29-b707-8cc94d951681 eb6609e0220b4604b3e676946760858f b9e572cd022844ef802bb08079d29030 - - - -] Successfully bumped revision number for resource 72ee2edf-73a5-4333-9490-50b51d4888a4 (type: router_ports) to 1
2026-05-12 07:03:48.765 9 INFO neutron.services.segments.plugin [-] Segment f417a204-f1f5-4067-ba7d-160fc11ab9e7 resource provider aggregate not found
2026-05-12 07:03:48.772 9 INFO neutron.services.segments.plugin [-] Segment f417a204-f1f5-4067-ba7d-160fc11ab9e7 resource provider aggregate not found
2026-05-12 07:03:48.796 9 INFO neutron.services.segments.plugin [-] Segment f417a204-f1f5-4067-ba7d-160fc11ab9e7 resource provider not found; error: Placement Client Error (4xx): {"errors": [{"status": 404, "title": "Not Found", "detail": "The resource could not be found.\n\n No resource provider with uuid f417a204-f1f5-4067-ba7d-160fc11ab9e7 found for delete ", "request_id": "req-0835c84f-b80c-430f-b263-8110a501b59f"}]}
2026-05-12 07:03:48.805 9 INFO neutron.services.segments.plugin [-] Segment f417a204-f1f5-4067-ba7d-160fc11ab9e7 resource provider not found; error: Placement Client Error (4xx): {"errors": [{"status": 404, "title": "Not Found", "detail": "The resource could not be found.\n\n No resource provider with uuid f417a204-f1f5-4067-ba7d-160fc11ab9e7 found for delete ", "request_id": "req-fff994bc-db90-42e8-81f0-12e92aed685c"}]}
2026-05-12 07:03:48.832 9 INFO neutron.services.segments.plugin [-] Segment 66d63406-a483-422a-ae0f-542f457fcc4b resource provider aggregate not found
2026-05-12 07:03:48.841 9 INFO neutron.services.segments.plugin [-] Segment 66d63406-a483-422a-ae0f-542f457fcc4b resource provider aggregate not found
2026-05-12 07:03:48.859 9 INFO neutron.services.segments.plugin [-] Segment 66d63406-a483-422a-ae0f-542f457fcc4b resource provider not found; error: Placement Client Error (4xx): {"errors": [{"status": 404, "title": "Not Found", "detail": "The resource could not be found.\n\n No resource provider with uuid 66d63406-a483-422a-ae0f-542f457fcc4b found for delete ", "request_id": "req-a4c80162-8a2f-4fcf-a974-c40b4af39b15"}]}
2026-05-12 07:03:48.860 9 INFO neutron.services.segments.plugin [-] Segment 66d63406-a483-422a-ae0f-542f457fcc4b resource provider not found; error: Placement Client Error (4xx): {"errors": [{"status": 404, "title": "Not Found", "detail": "The resource could not be found.\n\n No resource provider with uuid 66d63406-a483-422a-ae0f-542f457fcc4b found for delete ", "request_id": "req-c389e7ba-8d84-4254-89be-3ba9cbab98f7"}]}
2026-05-12 07:03:49.148 10 INFO neutron.db.ovn_revision_numbers_db [None req-ba2f775d-0bc5-4e29-b707-8cc94d951681 eb6609e0220b4604b3e676946760858f b9e572cd022844ef802bb08079d29030 - - - -] Successfully bumped revision number for resource 3b4de4df-25c5-4956-bd01-46bb29f1b842 (type: routers) to 3
2026-05-12 07:03:49.210 10 INFO neutron.wsgi [None req-ba2f775d-0bc5-4e29-b707-8cc94d951681 eb6609e0220b4604b3e676946760858f b9e572cd022844ef802bb08079d29030 - - - -] 10.0.0.66 "POST /v2.0/routers HTTP/1.1" status: 201 len: 871 time: 2.1474135
2026-05-12 07:03:49.316 10 INFO neutron.wsgi [req-f73d6acc-3f0a-49ed-bbb0-2d4f871fca09 req-7a29e7b2-641e-440e-b485-f0abdbfb1788 f56c25212c934a8f8234324588668e89 c32a6ac69a834263ae573c76ae7e3ca5 - - default default] 10.0.0.138 "GET /v2.0/ports?device_id=7a5a1e26-cad2-4f03-9859-9911eeb4608b HTTP/1.1" status: 200 len: 1170 time: 0.1975775
2026-05-12 07:03:49.379 10 INFO neutron.wsgi [req-f73d6acc-3f0a-49ed-bbb0-2d4f871fca09 req-bb8d073f-2b5e-408b-94f3-c8d61c6559bd f56c25212c934a8f8234324588668e89 c32a6ac69a834263ae573c76ae7e3ca5 - - default default] 10.0.0.138 "GET /v2.0/security-groups?id=f6564216-3c88-4385-bac0-5b8730f122cb&fields=id&fields=name HTTP/1.1" status: 200 len: 313 time: 0.0534856
2026-05-12 07:03:49.570 9 INFO neutron.wsgi [req-e960f6ef-224c-4ca7-816d-d021465d008a req-c6dc4b68-7909-44c5-b68c-de1b56e63811 f56c25212c934a8f8234324588668e89 c32a6ac69a834263ae573c76ae7e3ca5 - - default default] 10.0.0.138 "GET /v2.0/ports?device_id=7a5a1e26-cad2-4f03-9859-9911eeb4608b HTTP/1.1" status: 200 len: 1170 time: 0.1137795
2026-05-12 07:03:49.618 9 INFO neutron.wsgi [req-e960f6ef-224c-4ca7-816d-d021465d008a req-b174594e-8444-413c-bd73-8fb06cf93fed f56c25212c934a8f8234324588668e89 c32a6ac69a834263ae573c76ae7e3ca5 - - default default] 10.0.0.138 "GET /v2.0/security-groups?id=f6564216-3c88-4385-bac0-5b8730f122cb&fields=id&fields=name HTTP/1.1" status: 200 len: 313 time: 0.0406020
2026-05-12 07:03:49.642 10 INFO neutron.wsgi [None req-220fc84f-e88e-4618-a5fd-36d24c6b5465 93f206ae57a94ab2968a7158dc3c9cd9 75c4ccf943c246c8a643a3711b5fa827 - - - -] 10.0.0.66 "DELETE /v2.0/networks/77bd2c09-97b0-416c-b913-8a2b596d0b55 HTTP/1.1" status: 204 len: 168 time: 1.0484631
2026-05-12 07:03:49.728 9 WARNING neutron.scheduler.dhcp_agent_scheduler [None req-5805ce47-4b0b-4ba1-b180-ac0062031adb eb6609e0220b4604b3e676946760858f b9e572cd022844ef802bb08079d29030 - - default default] No more DHCP agents
2026-05-12 07:03:49.730 9 WARNING neutron.api.rpc.agentnotifiers.dhcp_rpc_agent_api [None req-5805ce47-4b0b-4ba1-b180-ac0062031adb eb6609e0220b4604b3e676946760858f b9e572cd022844ef802bb08079d29030 - - default default] Unable to schedule network 95c7d3db-cedb-4ffe-bcb3-d5b37f8864df: no agents available; will retry on subsequent port and subnet creation events.
2026-05-12 07:03:49.787 10 INFO neutron.db.ovn_revision_numbers_db [None req-aa2e9746-82a3-4462-92b8-955a03735ba7 - - - - - -] Successfully bumped revision number for resource 72ee2edf-73a5-4333-9490-50b51d4888a4 (type: ports) to 1
2026-05-12 07:03:49.865 9 INFO neutron.db.ovn_revision_numbers_db [None req-5805ce47-4b0b-4ba1-b180-ac0062031adb eb6609e0220b4604b3e676946760858f b9e572cd022844ef802bb08079d29030 - - default default] Successfully bumped revision number for resource f50294b4-46d9-4944-b7d0-319f081600a0 (type: ports) to 1
2026-05-12 07:03:49.966 9 INFO neutron.wsgi [req-8ecf408e-63e1-4087-b897-529924de375d req-ccb7be6d-9ce7-41f4-adc8-9215c6221d1b f56c25212c934a8f8234324588668e89 c32a6ac69a834263ae573c76ae7e3ca5 - - default default] 10.0.0.138 "GET /v2.0/ports?device_id=7a5a1e26-cad2-4f03-9859-9911eeb4608b HTTP/1.1" status: 200 len: 1170 time: 0.0459926
2026-05-12 07:03:50.005 10 INFO neutron.wsgi [req-69f43cd7-d7c7-48da-8aab-b4587a1e9c25 req-2ec76c7e-2163-4b09-b2f4-7530245a08c5 359013e03f6a44c8a66d1a1af43a6529 0df174a901bc4dc0bb74341c0eb17dec - - 794e60b7ab31494d9889834336fd9def 794e60b7ab31494d9889834336fd9def] 199.19.213.59 "GET /v2.0/ports?tenant_id=c32a6ac69a834263ae573c76ae7e3ca5&device_id=7a5a1e26-cad2-4f03-9859-9911eeb4608b HTTP/1.1" status: 200 len: 1361 time: 0.0557883
2026-05-12 07:03:50.012 9 INFO neutron.wsgi [req-8ecf408e-63e1-4087-b897-529924de375d req-3d505744-1d53-44ca-b076-d671c75aa19d f56c25212c934a8f8234324588668e89 c32a6ac69a834263ae573c76ae7e3ca5 - - default default] 10.0.0.138 "GET /v2.0/security-groups?id=f6564216-3c88-4385-bac0-5b8730f122cb&fields=id&fields=name HTTP/1.1" status: 200 len: 313 time: 0.0414946
2026-05-12 07:03:50.072 10 INFO neutron.db.ovn_revision_numbers_db [None req-aa2e9746-82a3-4462-92b8-955a03735ba7 - - - - - -] Successfully bumped revision number for resource 72ee2edf-73a5-4333-9490-50b51d4888a4 (type: router_ports) to 3
2026-05-12 07:03:50.077 10 INFO neutron.wsgi [req-69f43cd7-d7c7-48da-8aab-b4587a1e9c25 req-ed0df58b-0d0b-4f67-be29-6f1797629bcc 359013e03f6a44c8a66d1a1af43a6529 0df174a901bc4dc0bb74341c0eb17dec - - 794e60b7ab31494d9889834336fd9def 794e60b7ab31494d9889834336fd9def] 199.19.213.59 "GET /v2.0/networks?id=01c45dc5-9b44-491b-87fa-41a215bb1611 HTTP/1.1" status: 200 len: 974 time: 0.0640323
2026-05-12 07:03:50.155 10 INFO neutron.wsgi [req-69f43cd7-d7c7-48da-8aab-b4587a1e9c25 req-368c05a0-6e67-47c0-9496-24c8646b5700 359013e03f6a44c8a66d1a1af43a6529 0df174a901bc4dc0bb74341c0eb17dec - - 794e60b7ab31494d9889834336fd9def 794e60b7ab31494d9889834336fd9def] 199.19.213.59 "GET /v2.0/floatingips?fixed_ip_address=10.100.0.8&port_id=e3004535-0741-4600-8560-b0c7adecc9fe HTTP/1.1" status: 200 len: 1059 time: 0.0707455
2026-05-12 07:03:50.160 10 INFO neutron.services.segments.plugin [-] Segment d4601ce3-deaa-41eb-91a9-cfac1fa54dc4 resource provider aggregate not found
2026-05-12 07:03:50.166 10 INFO neutron.services.segments.plugin [-] Segment d4601ce3-deaa-41eb-91a9-cfac1fa54dc4 resource provider aggregate not found
2026-05-12 07:03:50.187 10 INFO neutron.services.segments.plugin [-] Segment d4601ce3-deaa-41eb-91a9-cfac1fa54dc4 resource provider not found; error: Placement Client Error (4xx): {"errors": [{"status": 404, "title": "Not Found", "detail": "The resource could not be found.\n\n No resource provider with uuid d4601ce3-deaa-41eb-91a9-cfac1fa54dc4 found for delete ", "request_id": "req-c0ff1b18-5768-44ec-a355-54ff1ba1dfc3"}]}
2026-05-12 07:03:50.188 10 INFO neutron.services.segments.plugin [-] Segment d4601ce3-deaa-41eb-91a9-cfac1fa54dc4 resource provider not found; error: Placement Client Error (4xx): {"errors": [{"status": 404, "title": "Not Found", "detail": "The resource could not be found.\n\n No resource provider with uuid d4601ce3-deaa-41eb-91a9-cfac1fa54dc4 found for delete ", "request_id": "req-eecab112-ed0f-4126-ac1e-844c293f5a01"}]}
2026-05-12 07:03:50.212 10 INFO neutron.wsgi [req-69f43cd7-d7c7-48da-8aab-b4587a1e9c25 req-d3946edb-a72b-4aa0-a428-ee84942d437f 359013e03f6a44c8a66d1a1af43a6529 0df174a901bc4dc0bb74341c0eb17dec - - 794e60b7ab31494d9889834336fd9def 794e60b7ab31494d9889834336fd9def] 199.19.213.59 "GET /v2.0/subnets?id=9af03d2f-b992-410e-8959-08f84b8da821 HTTP/1.1" status: 200 len: 869 time: 0.0427401
2026-05-12 07:03:50.258 10 INFO neutron.wsgi [req-69f43cd7-d7c7-48da-8aab-b4587a1e9c25 req-d9dec550-ee2c-4886-a80e-bb81509ff79a 359013e03f6a44c8a66d1a1af43a6529 0df174a901bc4dc0bb74341c0eb17dec - - 794e60b7ab31494d9889834336fd9def 794e60b7ab31494d9889834336fd9def] 199.19.213.59 "GET /v2.0/ports?network_id=01c45dc5-9b44-491b-87fa-41a215bb1611&device_owner=network%3Adhcp HTTP/1.1" status: 200 len: 210 time: 0.0333598
2026-05-12 07:03:50.338 10 INFO neutron.db.ovn_revision_numbers_db [None req-aa2e9746-82a3-4462-92b8-955a03735ba7 - - - - - -] Successfully bumped revision number for resource 72ee2edf-73a5-4333-9490-50b51d4888a4 (type: ports) to 2
2026-05-12 07:03:50.349 10 INFO neutron.wsgi [req-69f43cd7-d7c7-48da-8aab-b4587a1e9c25 req-1340a750-491b-42d7-b74a-68ceb5442342 359013e03f6a44c8a66d1a1af43a6529 0df174a901bc4dc0bb74341c0eb17dec - - 794e60b7ab31494d9889834336fd9def 794e60b7ab31494d9889834336fd9def] 199.19.213.59 "GET /v2.0/networks/01c45dc5-9b44-491b-87fa-41a215bb1611?fields=segments HTTP/1.1" status: 200 len: 212 time: 0.0821254
2026-05-12 07:03:50.432 10 INFO neutron.wsgi [req-69f43cd7-d7c7-48da-8aab-b4587a1e9c25 req-7d3a5218-aa6c-4356-9c48-472a2d516ec1 359013e03f6a44c8a66d1a1af43a6529 0df174a901bc4dc0bb74341c0eb17dec - - 794e60b7ab31494d9889834336fd9def 794e60b7ab31494d9889834336fd9def] 199.19.213.59 "GET /v2.0/networks/01c45dc5-9b44-491b-87fa-41a215bb1611?fields=provider%3Aphysical_network&fields=provider%3Anetwork_type HTTP/1.1" status: 200 len: 277 time: 0.0745592
2026-05-12 07:03:50.590 10 INFO neutron.db.ovn_revision_numbers_db [None req-aa2e9746-82a3-4462-92b8-955a03735ba7 - - - - - -] Successfully bumped revision number for resource 72ee2edf-73a5-4333-9490-50b51d4888a4 (type: ports) to 4
2026-05-12 07:03:50.682 10 INFO neutron.plugins.ml2.drivers.ovn.mech_driver.mech_driver [None req-08057539-665d-4047-884f-b9d8c95b934b - - - - - -] OVN reports status down for port: e3004535-0741-4600-8560-b0c7adecc9fe
2026-05-12 07:03:50.711 9 INFO neutron.wsgi [None req-1a125e46-6a2c-45b9-b135-96a249977cf1 eb6609e0220b4604b3e676946760858f b9e572cd022844ef802bb08079d29030 - - default default] 10.0.0.66 "GET /v2.0/security-groups?tenant_id=75c4ccf943c246c8a643a3711b5fa827&name=default HTTP/1.1" status: 200 len: 2996 time: 0.5673125
2026-05-12 07:03:50.793 9 INFO neutron.db.ovn_revision_numbers_db [None req-5805ce47-4b0b-4ba1-b180-ac0062031adb eb6609e0220b4604b3e676946760858f b9e572cd022844ef802bb08079d29030 - - default default] Successfully bumped revision number for resource f50294b4-46d9-4944-b7d0-319f081600a0 (type: router_ports) to 2
2026-05-12 07:03:50.892 10 INFO neutron.notifiers.nova [-] Nova event matching ['req-f46542b9-b60a-4779-b63e-4ad41d8ea8e1'] response: {'server_uuid': '7a5a1e26-cad2-4f03-9859-9911eeb4608b', 'name': 'network-vif-unplugged', 'status': 'completed', 'tag': 'e3004535-0741-4600-8560-b0c7adecc9fe', 'code': 200}
2026-05-12 07:03:50.946 10 INFO neutron.db.ovn_revision_numbers_db [None req-aa2e9746-82a3-4462-92b8-955a03735ba7 - - - - - -] Successfully bumped revision number for resource 72ee2edf-73a5-4333-9490-50b51d4888a4 (type: router_ports) to 4
2026-05-12 07:03:50.969 9 INFO neutron.db.ovn_revision_numbers_db [None req-5805ce47-4b0b-4ba1-b180-ac0062031adb eb6609e0220b4604b3e676946760858f b9e572cd022844ef802bb08079d29030 - - default default] Successfully bumped revision number for resource f50294b4-46d9-4944-b7d0-319f081600a0 (type: ports) to 2
2026-05-12 07:03:51.003 9 INFO neutron.wsgi [None req-56f7c8c5-8e70-42fe-9a51-c9d355186de2 eb6609e0220b4604b3e676946760858f b9e572cd022844ef802bb08079d29030 - - - -] 10.0.0.66 "DELETE /v2.0/security-groups/8d72063c-3d6e-4fe4-9d15-dab8ef211e57 HTTP/1.1" status: 204 len: 168 time: 0.2809451
2026-05-12 07:03:51.059 9 WARNING neutron.scheduler.dhcp_agent_scheduler [None req-5805ce47-4b0b-4ba1-b180-ac0062031adb eb6609e0220b4604b3e676946760858f b9e572cd022844ef802bb08079d29030 - - default default] No more DHCP agents
2026-05-12 07:03:51.063 9 WARNING neutron.api.rpc.agentnotifiers.dhcp_rpc_agent_api [None req-5805ce47-4b0b-4ba1-b180-ac0062031adb eb6609e0220b4604b3e676946760858f b9e572cd022844ef802bb08079d29030 - - default default] Unable to schedule network 95c7d3db-cedb-4ffe-bcb3-d5b37f8864df: no agents available; will retry on subsequent port and subnet creation events.
2026-05-12 07:03:51.074 10 INFO neutron.db.ovn_revision_numbers_db [None req-08057539-665d-4047-884f-b9d8c95b934b - - - - - -] Successfully bumped revision number for resource e3004535-0741-4600-8560-b0c7adecc9fe (type: ports) to 5
2026-05-12 07:03:51.091 10 INFO neutron.plugins.ml2.drivers.ovn.mech_driver.mech_driver [None req-08057539-665d-4047-884f-b9d8c95b934b - - - - - -] OVN reports status up for port: f50294b4-46d9-4944-b7d0-319f081600a0
2026-05-12 07:03:51.108 10 INFO neutron.plugins.ml2.plugin [None req-08057539-665d-4047-884f-b9d8c95b934b - - - - - -] Attempt 1 to provision port f50294b4-46d9-4944-b7d0-319f081600a0
2026-05-12 07:03:51.170 9 INFO neutron.wsgi [req-027091be-5a40-4110-a1a1-383d37479918 req-03f4180e-3874-4f70-b45a-71f5b0aa579e f56c25212c934a8f8234324588668e89 c32a6ac69a834263ae573c76ae7e3ca5 - - default default] 10.0.0.138 "GET /v2.0/ports?device_id=7a5a1e26-cad2-4f03-9859-9911eeb4608b HTTP/1.1" status: 200 len: 1168 time: 0.0638711
2026-05-12 07:03:51.219 9 INFO neutron.wsgi [req-027091be-5a40-4110-a1a1-383d37479918 req-c61be80b-64a7-4d3e-9d84-11ee95651264 f56c25212c934a8f8234324588668e89 c32a6ac69a834263ae573c76ae7e3ca5 - - default default] 10.0.0.138 "GET /v2.0/security-groups?id=f6564216-3c88-4385-bac0-5b8730f122cb&fields=id&fields=name HTTP/1.1" status: 200 len: 313 time: 0.0408123
2026-05-12 07:03:51.457 10 INFO neutron.db.ovn_revision_numbers_db [None req-08057539-665d-4047-884f-b9d8c95b934b - - - - - -] Successfully bumped revision number for resource f50294b4-46d9-4944-b7d0-319f081600a0 (type: ports) to 3
2026-05-12 07:03:51.625 10 INFO neutron.db.ovn_revision_numbers_db [None req-08057539-665d-4047-884f-b9d8c95b934b - - - - - -] Successfully bumped revision number for resource f50294b4-46d9-4944-b7d0-319f081600a0 (type: router_ports) to 3
2026-05-12 07:03:51.720 9 INFO neutron.wsgi [None req-5805ce47-4b0b-4ba1-b180-ac0062031adb eb6609e0220b4604b3e676946760858f b9e572cd022844ef802bb08079d29030 - - - -] 10.0.0.66 "PUT /v2.0/routers/3b4de4df-25c5-4956-bd01-46bb29f1b842/add_router_interface HTTP/1.1" status: 200 len: 503 time: 2.5028367 /var/lib/openstack/lib/python3.10/site-packages/pycadf/identifier.py:71: UserWarning: Invalid uuid: neutron. To ensure interoperability, identifiers should be a valid uuid. warnings.warn(('Invalid uuid: %s. To ensure interoperability, '
2026-05-12 07:03:52.345 9 INFO neutron.wsgi [req-9a11c527-c1d9-476e-9000-3175c4f3b933 req-95cea4fd-e0ed-46b5-aa6d-8ab5fa87fa9a f56c25212c934a8f8234324588668e89 c32a6ac69a834263ae573c76ae7e3ca5 - - default default] 10.0.0.138 "GET /v2.0/ports?device_id=7a5a1e26-cad2-4f03-9859-9911eeb4608b HTTP/1.1" status: 200 len: 1168 time: 0.0568137
2026-05-12 07:03:52.403 9 INFO neutron.wsgi [req-9a11c527-c1d9-476e-9000-3175c4f3b933 req-8d7cfb54-e476-4079-88a2-0e5f00524053 f56c25212c934a8f8234324588668e89 c32a6ac69a834263ae573c76ae7e3ca5 - - default default] 10.0.0.138 "GET /v2.0/security-groups?id=f6564216-3c88-4385-bac0-5b8730f122cb&fields=id&fields=name HTTP/1.1" status: 200 len: 313 time: 0.0475082
2026-05-12 07:03:52.440 10 INFO neutron.db.ovn_revision_numbers_db [None req-f2e37ba5-93e9-4c23-a434-bdfa5cda33cb b34c18856adb48e8851fe5491da770d8 839f23ba8a0a4ad788d9514446a91eda - - - -] Successfully bumped revision number for resource 7784807a-598c-4742-9b25-e6a2b20ec2dd (type: security_groups) to 1
2026-05-12 07:03:52.476 10 INFO neutron.wsgi [None req-f2e37ba5-93e9-4c23-a434-bdfa5cda33cb b34c18856adb48e8851fe5491da770d8 839f23ba8a0a4ad788d9514446a91eda - - - -] 10.0.0.66 "POST /v2.0/security-groups HTTP/1.1" status: 201 len: 1796 time: 0.1498356
2026-05-12 07:03:52.662 10 INFO neutron.db.ovn_revision_numbers_db [None req-122cb88f-a528-4676-9d63-4c2014680714 b34c18856adb48e8851fe5491da770d8 839f23ba8a0a4ad788d9514446a91eda - - - -] Successfully bumped revision number for resource 313517c6-02f7-4542-a6e6-2110157ef1b9 (type: security_group_rules) to 0
2026-05-12 07:03:52.694 10 INFO neutron.wsgi [None req-122cb88f-a528-4676-9d63-4c2014680714 b34c18856adb48e8851fe5491da770d8 839f23ba8a0a4ad788d9514446a91eda - - - -] 10.0.0.66 "POST /v2.0/security-group-rules HTTP/1.1" status: 201 len: 764 time: 0.2124419
2026-05-12 07:03:52.839 10 INFO neutron.db.ovn_revision_numbers_db [None req-f56a9422-67d5-4401-9ebb-6f140c45cf6f b34c18856adb48e8851fe5491da770d8 839f23ba8a0a4ad788d9514446a91eda - - - -] Successfully bumped revision number for resource 984a9164-2b31-4d56-9518-c78479a8491b (type: security_group_rules) to 0
2026-05-12 07:03:52.878 10 INFO neutron.wsgi [None req-f56a9422-67d5-4401-9ebb-6f140c45cf6f b34c18856adb48e8851fe5491da770d8 839f23ba8a0a4ad788d9514446a91eda - - - -] 10.0.0.66 "POST /v2.0/security-group-rules HTTP/1.1" status: 201 len: 769 time: 0.1744401
2026-05-12 07:03:52.941 10 INFO neutron.notifiers.nova [-] Nova event matching ['req-b55230d1-9a13-465a-967a-5720fe34fb53'] response: {'server_uuid': '7a5a1e26-cad2-4f03-9859-9911eeb4608b', 'name': 'network-vif-plugged', 'status': 'completed', 'tag': 'e3004535-0741-4600-8560-b0c7adecc9fe', 'code': 200}
2026-05-12 07:03:53.208 10 WARNING neutron.scheduler.dhcp_agent_scheduler [None req-55fad00f-bdad-4199-9a86-59ccde58f700 b34c18856adb48e8851fe5491da770d8 839f23ba8a0a4ad788d9514446a91eda - - - -] No more DHCP agents
2026-05-12 07:03:53.211 10 WARNING neutron.api.rpc.agentnotifiers.dhcp_rpc_agent_api [None req-55fad00f-bdad-4199-9a86-59ccde58f700 b34c18856adb48e8851fe5491da770d8 839f23ba8a0a4ad788d9514446a91eda - - - -] Unable to schedule network a9edea5a-1275-42ba-a7a8-7500bf60cf40: no agents available; will retry on subsequent port and subnet creation events.
2026-05-12 07:03:53.525 10 INFO neutron.db.ovn_revision_numbers_db [None req-55fad00f-bdad-4199-9a86-59ccde58f700 b34c18856adb48e8851fe5491da770d8 839f23ba8a0a4ad788d9514446a91eda - - - -] Successfully bumped revision number for resource e02db0f2-ba3c-491f-a3d2-5e8e60848e99 (type: floatingips) to 0
2026-05-12 07:03:53.551 10 INFO neutron.wsgi [None req-55fad00f-bdad-4199-9a86-59ccde58f700 b34c18856adb48e8851fe5491da770d8 839f23ba8a0a4ad788d9514446a91eda - - - -] 10.0.0.66 "POST /v2.0/floatingips HTTP/1.1" status: 201 len: 751 time: 0.6678240
2026-05-12 07:03:53.558 10 INFO neutron.db.ovn_revision_numbers_db [None req-48437751-e6b6-4e80-ae1a-8fa687a46fd3 0d7f303b532d4bc9bc233fc9bd89370f 11cb8fe7e8ab4107af3aa1275f0819e8 - - - -] Successfully bumped revision number for resource dd957d99-0ea2-4cf8-9319-83d589805457 (type: security_groups) to 1
2026-05-12 07:03:53.614 10 INFO neutron.db.segments_db [None req-48437751-e6b6-4e80-ae1a-8fa687a46fd3 0d7f303b532d4bc9bc233fc9bd89370f 11cb8fe7e8ab4107af3aa1275f0819e8 - - - -] Added segment a517b82e-18db-4712-9dd4-cffd8601a42c of type geneve for network 23a1a9b0-78b2-49b3-9f34-d8b546e91a11
2026-05-12 07:03:54.003 9 INFO neutron.wsgi [req-41d37caf-a2d8-45e4-a1a5-93cec3e0bf54 req-ffa3c611-dca4-4dcd-9c95-21b7a54caf9b b34c18856adb48e8851fe5491da770d8 839f23ba8a0a4ad788d9514446a91eda - - default default] 10.0.0.138 "GET /v2.0/security-groups?name=tempest-securitygroup--713208118&fields=id&tenant_id=839f23ba8a0a4ad788d9514446a91eda HTTP/1.1" status: 200 len: 267 time: 0.0403943
2026-05-12 07:03:54.083 10 INFO neutron.db.ovn_revision_numbers_db [None req-48437751-e6b6-4e80-ae1a-8fa687a46fd3 0d7f303b532d4bc9bc233fc9bd89370f 11cb8fe7e8ab4107af3aa1275f0819e8 - - - -] Successfully bumped revision number for resource 23a1a9b0-78b2-49b3-9f34-d8b546e91a11 (type: networks) to 1
2026-05-12 07:03:54.091 9 INFO neutron.wsgi [req-41d37caf-a2d8-45e4-a1a5-93cec3e0bf54 req-2aecf452-4d7f-4659-afc6-155b39c61e13 b34c18856adb48e8851fe5491da770d8 839f23ba8a0a4ad788d9514446a91eda - - default default] 10.0.0.138 "GET /v2.0/networks?id=95c7d3db-cedb-4ffe-bcb3-d5b37f8864df HTTP/1.1" status: 200 len: 869 time: 0.0752406
2026-05-12 07:03:54.114 9 INFO neutron.wsgi [req-41d37caf-a2d8-45e4-a1a5-93cec3e0bf54 req-f18f0740-5247-4751-9f01-1d16fc85f93b b34c18856adb48e8851fe5491da770d8 839f23ba8a0a4ad788d9514446a91eda - - default default] 10.0.0.138 "GET /v2.0/quotas/839f23ba8a0a4ad788d9514446a91eda HTTP/1.1" status: 200 len: 386 time: 0.0151083
2026-05-12 07:03:54.209 9 INFO neutron.wsgi [req-41d37caf-a2d8-45e4-a1a5-93cec3e0bf54 req-810d42a0-1bd4-4245-a038-b08b3ec8994f b34c18856adb48e8851fe5491da770d8 839f23ba8a0a4ad788d9514446a91eda - - default default] 10.0.0.138 "GET /v2.0/ports?tenant_id=839f23ba8a0a4ad788d9514446a91eda&fields=id HTTP/1.1" status: 200 len: 302 time: 0.0900652
2026-05-12 07:03:54.274 10 WARNING neutron.scheduler.dhcp_agent_scheduler [None req-48437751-e6b6-4e80-ae1a-8fa687a46fd3 0d7f303b532d4bc9bc233fc9bd89370f 11cb8fe7e8ab4107af3aa1275f0819e8 - - - -] No more DHCP agents
2026-05-12 07:03:54.277 10 WARNING neutron.api.rpc.agentnotifiers.dhcp_rpc_agent_api [None req-48437751-e6b6-4e80-ae1a-8fa687a46fd3 0d7f303b532d4bc9bc233fc9bd89370f 11cb8fe7e8ab4107af3aa1275f0819e8 - - - -] Unable to schedule network 23a1a9b0-78b2-49b3-9f34-d8b546e91a11: no agents available; will retry on subsequent port and subnet creation events.
2026-05-12 07:03:54.294 9 INFO neutron.wsgi [req-41d37caf-a2d8-45e4-a1a5-93cec3e0bf54 req-4f3680ae-b338-491f-95e6-709f76867999 359013e03f6a44c8a66d1a1af43a6529 0df174a901bc4dc0bb74341c0eb17dec - - 794e60b7ab31494d9889834336fd9def 794e60b7ab31494d9889834336fd9def] 10.0.0.138 "GET /v2.0/networks/95c7d3db-cedb-4ffe-bcb3-d5b37f8864df?fields=segments HTTP/1.1" status: 200 len: 212 time: 0.0720339
2026-05-12 07:03:54.339 10 INFO neutron.db.ovn_revision_numbers_db [None req-48437751-e6b6-4e80-ae1a-8fa687a46fd3 0d7f303b532d4bc9bc233fc9bd89370f 11cb8fe7e8ab4107af3aa1275f0819e8 - - - -] Successfully bumped revision number for resource 21ea23f4-f31c-4a50-a3e7-5f1019d0799e (type: ports) to 1
2026-05-12 07:03:54.361 10 INFO neutron.wsgi [None req-48437751-e6b6-4e80-ae1a-8fa687a46fd3 0d7f303b532d4bc9bc233fc9bd89370f 11cb8fe7e8ab4107af3aa1275f0819e8 - - - -] 10.0.0.66 "POST /v2.0/networks HTTP/1.1" status: 201 len: 831 time: 1.2436042
2026-05-12 07:03:54.365 9 INFO neutron.wsgi [req-41d37caf-a2d8-45e4-a1a5-93cec3e0bf54 req-0cd00507-0b1d-42b2-913b-4f4c023dfdb9 359013e03f6a44c8a66d1a1af43a6529 0df174a901bc4dc0bb74341c0eb17dec - - 794e60b7ab31494d9889834336fd9def 794e60b7ab31494d9889834336fd9def] 10.0.0.138 "GET /v2.0/networks/95c7d3db-cedb-4ffe-bcb3-d5b37f8864df?fields=provider%3Aphysical_network&fields=provider%3Anetwork_type HTTP/1.1" status: 200 len: 277 time: 0.0632885
2026-05-12 07:03:54.459 9 INFO neutron.db.segments_db [None req-e970c65f-7fd8-423b-b44c-5538d599f430 0d7f303b532d4bc9bc233fc9bd89370f 11cb8fe7e8ab4107af3aa1275f0819e8 - - - -] Added segment b1fd5019-0b07-44f7-a64e-171427fdffc2 of type geneve for network 1d03b1d5-a54b-4560-93a4-6109b15140b8
2026-05-12 07:03:54.548 10 INFO neutron.wsgi [req-cdd6ec07-2a5c-4a38-b255-8bd02149249b req-f0fb3b7a-1bf8-409d-9e87-45bf937132b8 b34c18856adb48e8851fe5491da770d8 839f23ba8a0a4ad788d9514446a91eda - - default default] 10.0.0.138 "GET /v2.0/ports?device_id=f172f133-636a-4c8a-92e3-a40fa7eb8c89 HTTP/1.1" status: 200 len: 210 time: 0.0329359
2026-05-12 07:03:54.589 9 INFO neutron.db.ovn_revision_numbers_db [None req-e970c65f-7fd8-423b-b44c-5538d599f430 0d7f303b532d4bc9bc233fc9bd89370f 11cb8fe7e8ab4107af3aa1275f0819e8 - - - -] Successfully bumped revision number for resource 1d03b1d5-a54b-4560-93a4-6109b15140b8 (type: networks) to 1
2026-05-12 07:03:54.788 9 WARNING neutron.scheduler.dhcp_agent_scheduler [None req-e970c65f-7fd8-423b-b44c-5538d599f430 0d7f303b532d4bc9bc233fc9bd89370f 11cb8fe7e8ab4107af3aa1275f0819e8 - - - -] No more DHCP agents
2026-05-12 07:03:54.790 9 WARNING neutron.api.rpc.agentnotifiers.dhcp_rpc_agent_api [None req-e970c65f-7fd8-423b-b44c-5538d599f430 0d7f303b532d4bc9bc233fc9bd89370f 11cb8fe7e8ab4107af3aa1275f0819e8 - - - -] Unable to schedule network 1d03b1d5-a54b-4560-93a4-6109b15140b8: no agents available; will retry on subsequent port and subnet creation events.
2026-05-12 07:03:54.857 9 INFO neutron.db.ovn_revision_numbers_db [None req-e970c65f-7fd8-423b-b44c-5538d599f430 0d7f303b532d4bc9bc233fc9bd89370f 11cb8fe7e8ab4107af3aa1275f0819e8 - - - -] Successfully bumped revision number for resource 815146fa-b388-465c-9f80-b8bacb73fc7d (type: ports) to 1
2026-05-12 07:03:54.882 9 INFO neutron.wsgi [None req-e970c65f-7fd8-423b-b44c-5538d599f430 0d7f303b532d4bc9bc233fc9bd89370f 11cb8fe7e8ab4107af3aa1275f0819e8 - - - -] 10.0.0.66 "POST /v2.0/networks HTTP/1.1" status: 201 len: 833 time: 0.5157354
2026-05-12 07:03:55.135 9 WARNING neutron.scheduler.dhcp_agent_scheduler [None req-6aaf9576-fd9a-4b95-a823-bef9253fea17 0d7f303b532d4bc9bc233fc9bd89370f 11cb8fe7e8ab4107af3aa1275f0819e8 - - - -] No more DHCP agents
2026-05-12 07:03:55.138 9 WARNING neutron.api.rpc.agentnotifiers.dhcp_rpc_agent_api [None req-6aaf9576-fd9a-4b95-a823-bef9253fea17 0d7f303b532d4bc9bc233fc9bd89370f 11cb8fe7e8ab4107af3aa1275f0819e8 - - - -] Unable to schedule network 23a1a9b0-78b2-49b3-9f34-d8b546e91a11: no agents available; will retry on subsequent port and subnet creation events.
2026-05-12 07:03:55.155 9 INFO neutron.db.ovn_revision_numbers_db [None req-6aaf9576-fd9a-4b95-a823-bef9253fea17 0d7f303b532d4bc9bc233fc9bd89370f 11cb8fe7e8ab4107af3aa1275f0819e8 - - - -] Successfully bumped revision number for resource 4dfd2414-4250-40e2-8828-d5d0331ad5b9 (type: subnets) to 0
2026-05-12 07:03:55.172 9 INFO neutron.wsgi [None req-6aaf9576-fd9a-4b95-a823-bef9253fea17 0d7f303b532d4bc9bc233fc9bd89370f 11cb8fe7e8ab4107af3aa1275f0819e8 - - - -] 10.0.0.66 "POST /v2.0/subnets HTTP/1.1" status: 201 len: 821 time: 0.2836621
2026-05-12 07:03:55.362 10 INFO neutron.wsgi [req-41d37caf-a2d8-45e4-a1a5-93cec3e0bf54 req-f6730cff-932a-437e-aa45-bc6d9a5e1569 b34c18856adb48e8851fe5491da770d8 839f23ba8a0a4ad788d9514446a91eda - - default default] 199.19.213.59 "GET /v2.0/networks?id=95c7d3db-cedb-4ffe-bcb3-d5b37f8864df HTTP/1.1" status: 200 len: 869 time: 0.0864661
2026-05-12 07:03:55.418 10 INFO neutron.wsgi [req-41d37caf-a2d8-45e4-a1a5-93cec3e0bf54 req-a590b991-0f81-40ac-849c-955b066b35a7 b34c18856adb48e8851fe5491da770d8 839f23ba8a0a4ad788d9514446a91eda - - default default] 199.19.213.59 "GET /v2.0/security-groups?fields=id&fields=name&tenant_id=839f23ba8a0a4ad788d9514446a91eda HTTP/1.1" status: 200 len: 379 time: 0.0478015
2026-05-12 07:03:55.461 9 INFO neutron.db.ovn_revision_numbers_db [None req-790c03cd-ac28-4504-9c58-499488a4eb56 eb6609e0220b4604b3e676946760858f b9e572cd022844ef802bb08079d29030 - - default default] Successfully bumped revision number for resource c9e6644a-4c77-4ed3-be65-d6bbd5d0ab30 (type: security_groups) to 1
2026-05-12 07:03:55.494 9 WARNING neutron.scheduler.dhcp_agent_scheduler [None req-c5f50cc5-a738-48d2-9ed4-71f312e211b7 0d7f303b532d4bc9bc233fc9bd89370f 11cb8fe7e8ab4107af3aa1275f0819e8 - - - -] No more DHCP agents
2026-05-12 07:03:55.497 9 INFO neutron.wsgi [None req-790c03cd-ac28-4504-9c58-499488a4eb56 eb6609e0220b4604b3e676946760858f b9e572cd022844ef802bb08079d29030 - - default default] 10.0.0.66 "GET /v2.0/security-groups?tenant_id=33bcf3468c9d4c5c8879b63235f0c182&name=default HTTP/1.1" status: 200 len: 2996 time: 0.3921537
2026-05-12 07:03:55.498 9 WARNING neutron.api.rpc.agentnotifiers.dhcp_rpc_agent_api [None req-c5f50cc5-a738-48d2-9ed4-71f312e211b7 0d7f303b532d4bc9bc233fc9bd89370f 11cb8fe7e8ab4107af3aa1275f0819e8 - - - -] Unable to schedule network 1d03b1d5-a54b-4560-93a4-6109b15140b8: no agents available; will retry on subsequent port and subnet creation events.
2026-05-12 07:03:55.519 9 INFO neutron.db.ovn_revision_numbers_db [None req-c5f50cc5-a738-48d2-9ed4-71f312e211b7 0d7f303b532d4bc9bc233fc9bd89370f 11cb8fe7e8ab4107af3aa1275f0819e8 - - - -] Successfully bumped revision number for resource c41fd182-5e77-4f19-8b74-7a32bc41cb12 (type: subnets) to 0
2026-05-12 07:03:55.538 9 INFO neutron.wsgi [None req-c5f50cc5-a738-48d2-9ed4-71f312e211b7 0d7f303b532d4bc9bc233fc9bd89370f 11cb8fe7e8ab4107af3aa1275f0819e8 - - - -] 10.0.0.66 "POST /v2.0/subnets HTTP/1.1" status: 201 len: 830 time: 0.3564835
2026-05-12 07:03:55.641 9 INFO neutron.wsgi [req-f4fe18c3-8eb0-4d8c-a3c8-56c9672565f3 req-a04422de-beb1-4c8d-91eb-843b0da1b97c b34c18856adb48e8851fe5491da770d8 839f23ba8a0a4ad788d9514446a91eda - - default default] 10.0.0.138 "GET /v2.0/ports?device_id=f172f133-636a-4c8a-92e3-a40fa7eb8c89 HTTP/1.1" status: 200 len: 210 time: 0.0199614
2026-05-12 07:03:55.734 9 INFO neutron.db.ovn_revision_numbers_db [None req-953b2050-0c2b-4e57-8329-7d070bd47d11 0d7f303b532d4bc9bc233fc9bd89370f 11cb8fe7e8ab4107af3aa1275f0819e8 - - - -] Successfully bumped revision number for resource 5d138b78-1491-45ef-a63e-e28e7100bc97 (type: routers) to 1
2026-05-12 07:03:55.750 9 INFO neutron.wsgi [None req-953b2050-0c2b-4e57-8329-7d070bd47d11 0d7f303b532d4bc9bc233fc9bd89370f 11cb8fe7e8ab4107af3aa1275f0819e8 - - - -] 10.0.0.66 "POST /v2.0/routers HTTP/1.1" status: 201 len: 691 time: 0.2043962
2026-05-12 07:03:55.805 10 WARNING neutron.scheduler.dhcp_agent_scheduler [None req-75e42f0e-5057-42f8-bce3-9bc742f9a304 b34c18856adb48e8851fe5491da770d8 839f23ba8a0a4ad788d9514446a91eda - - - -] No more DHCP agents
2026-05-12 07:03:55.807 10 WARNING neutron.api.rpc.agentnotifiers.dhcp_rpc_agent_api [None req-75e42f0e-5057-42f8-bce3-9bc742f9a304 b34c18856adb48e8851fe5491da770d8 839f23ba8a0a4ad788d9514446a91eda - - - -] Unable to schedule network 95c7d3db-cedb-4ffe-bcb3-d5b37f8864df: no agents available; will retry on subsequent port and subnet creation events.
2026-05-12 07:03:55.822 9 INFO neutron.wsgi [None req-3d0a1fbb-c994-4fe8-91ca-f7c537b49b8a eb6609e0220b4604b3e676946760858f b9e572cd022844ef802bb08079d29030 - - - -] 10.0.0.66 "DELETE /v2.0/security-groups/c9e6644a-4c77-4ed3-be65-d6bbd5d0ab30 HTTP/1.1" status: 204 len: 168 time: 0.3182025 /var/lib/openstack/lib/python3.10/site-packages/pycadf/identifier.py:71: UserWarning: Invalid uuid: neutron. To ensure interoperability, identifiers should be a valid uuid. warnings.warn(('Invalid uuid: %s. To ensure interoperability, '
2026-05-12 07:03:56.073 10 INFO neutron.db.ovn_revision_numbers_db [None req-75e42f0e-5057-42f8-bce3-9bc742f9a304 b34c18856adb48e8851fe5491da770d8 839f23ba8a0a4ad788d9514446a91eda - - - -] Successfully bumped revision number for resource d927b709-e96d-4ece-930b-83c0d59f3abe (type: ports) to 1
2026-05-12 07:03:56.113 10 INFO neutron.wsgi [None req-75e42f0e-5057-42f8-bce3-9bc742f9a304 b34c18856adb48e8851fe5491da770d8 839f23ba8a0a4ad788d9514446a91eda - - - -] 199.19.213.59 "POST /v2.0/ports HTTP/1.1" status: 201 len: 1162 time: 0.6911750
2026-05-12 07:03:56.203 10 INFO neutron.db.ovn_revision_numbers_db [None req-d24451d8-b445-45fb-b3ac-71ecc2c0ce45 eb6609e0220b4604b3e676946760858f b9e572cd022844ef802bb08079d29030 - - default default] Successfully bumped revision number for resource 55dd9b03-21a4-48fc-899d-ca390aa13e35 (type: security_groups) to 1
2026-05-12 07:03:56.241 10 INFO neutron.wsgi [None req-d24451d8-b445-45fb-b3ac-71ecc2c0ce45 eb6609e0220b4604b3e676946760858f b9e572cd022844ef802bb08079d29030 - - default default] 10.0.0.66 "GET /v2.0/security-groups?tenant_id=a4ec92bd782944bbb54fad4a701f5d4d&name=default HTTP/1.1" status: 200 len: 2996 time: 0.2138798
2026-05-12 07:03:56.354 9 WARNING neutron.scheduler.dhcp_agent_scheduler [None req-10f8b194-a86a-40a2-9371-9b25dd20c472 0d7f303b532d4bc9bc233fc9bd89370f 11cb8fe7e8ab4107af3aa1275f0819e8 - - default default] No more DHCP agents
2026-05-12 07:03:56.360 9 WARNING neutron.api.rpc.agentnotifiers.dhcp_rpc_agent_api [None req-10f8b194-a86a-40a2-9371-9b25dd20c472 0d7f303b532d4bc9bc233fc9bd89370f 11cb8fe7e8ab4107af3aa1275f0819e8 - - default default] Unable to schedule network 23a1a9b0-78b2-49b3-9f34-d8b546e91a11: no agents available; will retry on subsequent port and subnet creation events.
2026-05-12 07:03:56.493 9 INFO neutron.db.ovn_revision_numbers_db [None req-10f8b194-a86a-40a2-9371-9b25dd20c472 0d7f303b532d4bc9bc233fc9bd89370f 11cb8fe7e8ab4107af3aa1275f0819e8 - - default default] Successfully bumped revision number for resource 2eaef69d-7e0f-4c5d-a392-5e5a9b331fa0 (type: ports) to 1
2026-05-12 07:03:56.565 9 INFO neutron.wsgi [None req-6128f55c-205c-407e-9cf0-d11bef179069 eb6609e0220b4604b3e676946760858f b9e572cd022844ef802bb08079d29030 - - - -] 10.0.0.66 "DELETE /v2.0/security-groups/55dd9b03-21a4-48fc-899d-ca390aa13e35 HTTP/1.1" status: 204 len: 168 time: 0.3177438
2026-05-12 07:03:56.569 10 INFO neutron.db.ovn_revision_numbers_db [None req-ebe88fe0-a5fd-446b-93da-a3527bfc300f 359013e03f6a44c8a66d1a1af43a6529 0df174a901bc4dc0bb74341c0eb17dec - - - -] Successfully bumped revision number for resource d927b709-e96d-4ece-930b-83c0d59f3abe (type: ports) to 2 /var/lib/openstack/lib/python3.10/site-packages/pycadf/identifier.py:71: UserWarning: Invalid uuid: neutron. To ensure interoperability, identifiers should be a valid uuid. warnings.warn(('Invalid uuid: %s. To ensure interoperability, '
2026-05-12 07:03:56.784 10 INFO neutron.db.ovn_revision_numbers_db [None req-ebe88fe0-a5fd-446b-93da-a3527bfc300f 359013e03f6a44c8a66d1a1af43a6529 0df174a901bc4dc0bb74341c0eb17dec - - - -] Successfully bumped revision number for resource d927b709-e96d-4ece-930b-83c0d59f3abe (type: ports) to 2
2026-05-12 07:03:56.819 10 INFO neutron.wsgi [None req-ebe88fe0-a5fd-446b-93da-a3527bfc300f 359013e03f6a44c8a66d1a1af43a6529 0df174a901bc4dc0bb74341c0eb17dec - - - -] 199.19.213.59 "PUT /v2.0/ports/d927b709-e96d-4ece-930b-83c0d59f3abe HTTP/1.1" status: 200 len: 1332 time: 0.6945701
2026-05-12 07:03:56.850 10 INFO neutron.wsgi [req-653d8463-31b6-47f9-bddb-263d4e0e395c req-c527e70a-c7f5-4a76-aa9e-71a1a5409264 b34c18856adb48e8851fe5491da770d8 839f23ba8a0a4ad788d9514446a91eda - - default default] 10.0.0.138 "GET /v2.0/ports?device_id=f172f133-636a-4c8a-92e3-a40fa7eb8c89 HTTP/1.1" status: 200 len: 1172 time: 0.1321168
2026-05-12 07:03:56.871 10 INFO neutron.notifiers.nova [-] Nova event matching ['req-d7a08e39-ae15-49db-ba64-9e8a6394bd9b'] response: {'name': 'network-changed', 'server_uuid': 'f172f133-636a-4c8a-92e3-a40fa7eb8c89', 'tag': 'd927b709-e96d-4ece-930b-83c0d59f3abe', 'status': 'completed', 'code': 200}
2026-05-12 07:03:56.892 10 WARNING neutron.plugins.ml2.drivers.ovn.mech_driver.ovsdb.ovn_client [None req-08057539-665d-4047-884f-b9d8c95b934b - - - - - -] No hosting information found for port f50294b4-46d9-4944-b7d0-319f081600a0: RuntimeError: No hosting information found for port f50294b4-46d9-4944-b7d0-319f081600a0
2026-05-12 07:03:56.892 10 INFO neutron.plugins.ml2.drivers.ovn.mech_driver.mech_driver [None req-08057539-665d-4047-884f-b9d8c95b934b - - - - - -] OVN reports status up for port: e3004535-0741-4600-8560-b0c7adecc9fe
2026-05-12 07:03:56.913 10 INFO neutron.wsgi [req-41d37caf-a2d8-45e4-a1a5-93cec3e0bf54 req-69cf8d9b-f3cc-41f0-b356-17ded59b9e92 359013e03f6a44c8a66d1a1af43a6529 0df174a901bc4dc0bb74341c0eb17dec - - 794e60b7ab31494d9889834336fd9def 794e60b7ab31494d9889834336fd9def] 199.19.213.59 "GET /v2.0/ports?tenant_id=839f23ba8a0a4ad788d9514446a91eda&device_id=f172f133-636a-4c8a-92e3-a40fa7eb8c89 HTTP/1.1" status: 200 len: 1363 time: 0.0500469
2026-05-12 07:03:56.916 10 INFO neutron.wsgi [req-653d8463-31b6-47f9-bddb-263d4e0e395c req-76a4db33-487c-477c-b48a-6e366fe81e8c b34c18856adb48e8851fe5491da770d8 839f23ba8a0a4ad788d9514446a91eda - - default default] 10.0.0.138 "GET /v2.0/security-groups?id=7784807a-598c-4742-9b25-e6a2b20ec2dd&fields=id&fields=name HTTP/1.1" status: 200 len: 312 time: 0.0549481
2026-05-12 07:03:56.917 10 INFO neutron.plugins.ml2.plugin [None req-08057539-665d-4047-884f-b9d8c95b934b - - - - - -] Attempt 1 to provision port e3004535-0741-4600-8560-b0c7adecc9fe
2026-05-12 07:03:56.956 10 INFO neutron.wsgi [req-41d37caf-a2d8-45e4-a1a5-93cec3e0bf54 req-af5c305f-7d18-4c7c-857d-2e1601d4afd1 359013e03f6a44c8a66d1a1af43a6529 0df174a901bc4dc0bb74341c0eb17dec - - 794e60b7ab31494d9889834336fd9def 794e60b7ab31494d9889834336fd9def] 199.19.213.59 "GET /v2.0/floatingips?fixed_ip_address=10.100.0.12&port_id=d927b709-e96d-4ece-930b-83c0d59f3abe HTTP/1.1" status: 200 len: 217 time: 0.0356307
2026-05-12 07:03:56.994 10 INFO neutron.wsgi [req-41d37caf-a2d8-45e4-a1a5-93cec3e0bf54 req-5d591a2f-9c2c-465f-850f-6acb1e9952d5 359013e03f6a44c8a66d1a1af43a6529 0df174a901bc4dc0bb74341c0eb17dec - - 794e60b7ab31494d9889834336fd9def 794e60b7ab31494d9889834336fd9def] 199.19.213.59 "GET /v2.0/subnets?id=cd36bf78-1ddd-45d1-b789-366fb3d9173f HTTP/1.1" status: 200 len: 863 time: 0.0316980
2026-05-12 07:03:57.030 10 INFO neutron.wsgi [req-41d37caf-a2d8-45e4-a1a5-93cec3e0bf54 req-2ab374d0-9acd-4ac1-8338-52c4ece5913a 359013e03f6a44c8a66d1a1af43a6529 0df174a901bc4dc0bb74341c0eb17dec - - 794e60b7ab31494d9889834336fd9def 794e60b7ab31494d9889834336fd9def] 199.19.213.59 "GET /v2.0/ports?network_id=95c7d3db-cedb-4ffe-bcb3-d5b37f8864df&device_owner=network%3Adhcp HTTP/1.1" status: 200 len: 210 time: 0.0281856
2026-05-12 07:03:57.110 10 INFO neutron.wsgi [req-41d37caf-a2d8-45e4-a1a5-93cec3e0bf54 req-27ee7c61-620c-4929-979c-692f147f5ea7 359013e03f6a44c8a66d1a1af43a6529 0df174a901bc4dc0bb74341c0eb17dec - - 794e60b7ab31494d9889834336fd9def 794e60b7ab31494d9889834336fd9def] 199.19.213.59 "GET /v2.0/networks/95c7d3db-cedb-4ffe-bcb3-d5b37f8864df?fields=segments HTTP/1.1" status: 200 len: 212 time: 0.0729206
2026-05-12 07:03:57.196 10 INFO neutron.wsgi [req-41d37caf-a2d8-45e4-a1a5-93cec3e0bf54 req-b24c11b3-fffd-4ca7-a4e2-90559e0da57e 359013e03f6a44c8a66d1a1af43a6529 0df174a901bc4dc0bb74341c0eb17dec - - 794e60b7ab31494d9889834336fd9def 794e60b7ab31494d9889834336fd9def] 199.19.213.59 "GET /v2.0/networks/95c7d3db-cedb-4ffe-bcb3-d5b37f8864df?fields=provider%3Aphysical_network&fields=provider%3Anetwork_type HTTP/1.1" status: 200 len: 277 time: 0.0715179
2026-05-12 07:03:57.267 9 INFO neutron.db.ovn_revision_numbers_db [None req-10f8b194-a86a-40a2-9371-9b25dd20c472 0d7f303b532d4bc9bc233fc9bd89370f 11cb8fe7e8ab4107af3aa1275f0819e8 - - default default] Successfully bumped revision number for resource 2eaef69d-7e0f-4c5d-a392-5e5a9b331fa0 (type: router_ports) to 2
2026-05-12 07:03:57.285 10 INFO neutron.wsgi [req-d3aa69d4-3ef3-4866-8550-f5d01862747c req-d6f1dfcf-7d64-428b-aa1d-2e929a30acc5 359013e03f6a44c8a66d1a1af43a6529 0df174a901bc4dc0bb74341c0eb17dec - - 794e60b7ab31494d9889834336fd9def 794e60b7ab31494d9889834336fd9def] 199.19.213.59 "GET /v2.0/ports?tenant_id=839f23ba8a0a4ad788d9514446a91eda&device_id=f172f133-636a-4c8a-92e3-a40fa7eb8c89 HTTP/1.1" status: 200 len: 1363 time: 0.0466027
2026-05-12 07:03:57.293 10 INFO neutron.db.ovn_revision_numbers_db [None req-08057539-665d-4047-884f-b9d8c95b934b - - - - - -] Successfully bumped revision number for resource e3004535-0741-4600-8560-b0c7adecc9fe (type: ports) to 6
2026-05-12 07:03:57.359 9 INFO neutron.db.ovn_revision_numbers_db [None req-10f8b194-a86a-40a2-9371-9b25dd20c472 0d7f303b532d4bc9bc233fc9bd89370f 11cb8fe7e8ab4107af3aa1275f0819e8 - - default default] Successfully bumped revision number for resource 2eaef69d-7e0f-4c5d-a392-5e5a9b331fa0 (type: ports) to 2
2026-05-12 07:03:57.374 10 INFO neutron.plugins.ml2.drivers.ovn.mech_driver.mech_driver [None req-08057539-665d-4047-884f-b9d8c95b934b - - - - - -] OVN reports status up for port: 2eaef69d-7e0f-4c5d-a392-5e5a9b331fa0
2026-05-12 07:03:57.383 10 INFO neutron.plugins.ml2.plugin [None req-08057539-665d-4047-884f-b9d8c95b934b - - - - - -] Attempt 1 to provision port 2eaef69d-7e0f-4c5d-a392-5e5a9b331fa0
2026-05-12 07:03:57.401 10 INFO neutron.wsgi [req-d3aa69d4-3ef3-4866-8550-f5d01862747c req-00620df0-0b39-4988-94cd-f8e48b2b7a18 359013e03f6a44c8a66d1a1af43a6529 0df174a901bc4dc0bb74341c0eb17dec - - 794e60b7ab31494d9889834336fd9def 794e60b7ab31494d9889834336fd9def] 199.19.213.59 "GET /v2.0/networks?id=95c7d3db-cedb-4ffe-bcb3-d5b37f8864df HTTP/1.1" status: 200 len: 968 time: 0.1083434 /var/lib/openstack/lib/python3.10/site-packages/pycadf/identifier.py:71: UserWarning: Invalid uuid: neutron. To ensure interoperability, identifiers should be a valid uuid. warnings.warn(('Invalid uuid: %s. To ensure interoperability, '
2026-05-12 07:03:57.462 10 INFO neutron.wsgi [req-d3aa69d4-3ef3-4866-8550-f5d01862747c req-55d5bd73-ca1e-4485-bea3-2bf3aa51ea6e 359013e03f6a44c8a66d1a1af43a6529 0df174a901bc4dc0bb74341c0eb17dec - - 794e60b7ab31494d9889834336fd9def 794e60b7ab31494d9889834336fd9def] 199.19.213.59 "GET /v2.0/floatingips?fixed_ip_address=10.100.0.12&port_id=d927b709-e96d-4ece-930b-83c0d59f3abe HTTP/1.1" status: 200 len: 217 time: 0.0505159
2026-05-12 07:03:57.466 9 WARNING neutron.scheduler.dhcp_agent_scheduler [None req-10f8b194-a86a-40a2-9371-9b25dd20c472 0d7f303b532d4bc9bc233fc9bd89370f 11cb8fe7e8ab4107af3aa1275f0819e8 - - default default] No more DHCP agents
2026-05-12 07:03:57.467 9 WARNING neutron.api.rpc.agentnotifiers.dhcp_rpc_agent_api [None req-10f8b194-a86a-40a2-9371-9b25dd20c472 0d7f303b532d4bc9bc233fc9bd89370f 11cb8fe7e8ab4107af3aa1275f0819e8 - - default default] Unable to schedule network 23a1a9b0-78b2-49b3-9f34-d8b546e91a11: no agents available; will retry on subsequent port and subnet creation events.
2026-05-12 07:03:57.511 10 INFO neutron.wsgi [req-d3aa69d4-3ef3-4866-8550-f5d01862747c req-75b02444-6843-4194-9f27-9c342053cd32 359013e03f6a44c8a66d1a1af43a6529 0df174a901bc4dc0bb74341c0eb17dec - - 794e60b7ab31494d9889834336fd9def 794e60b7ab31494d9889834336fd9def] 199.19.213.59 "GET /v2.0/subnets?id=cd36bf78-1ddd-45d1-b789-366fb3d9173f HTTP/1.1" status: 200 len: 863 time: 0.0382636
2026-05-12 07:03:57.547 10 INFO neutron.wsgi [req-d3aa69d4-3ef3-4866-8550-f5d01862747c req-74c422be-582a-4058-bd9c-8bfeb88f2070 359013e03f6a44c8a66d1a1af43a6529 0df174a901bc4dc0bb74341c0eb17dec - - 794e60b7ab31494d9889834336fd9def 794e60b7ab31494d9889834336fd9def] 199.19.213.59 "GET /v2.0/ports?network_id=95c7d3db-cedb-4ffe-bcb3-d5b37f8864df&device_owner=network%3Adhcp HTTP/1.1" status: 200 len: 210 time: 0.0245173
2026-05-12 07:03:57.634 10 INFO neutron.wsgi [req-d3aa69d4-3ef3-4866-8550-f5d01862747c req-ce582169-ba59-44b3-b2a1-01416696f5d8 359013e03f6a44c8a66d1a1af43a6529 0df174a901bc4dc0bb74341c0eb17dec - - 794e60b7ab31494d9889834336fd9def 794e60b7ab31494d9889834336fd9def] 199.19.213.59 "GET /v2.0/networks/95c7d3db-cedb-4ffe-bcb3-d5b37f8864df?fields=segments HTTP/1.1" status: 200 len: 212 time: 0.0761297
2026-05-12 07:03:57.682 9 INFO neutron.db.ovn_revision_numbers_db [None req-10f8b194-a86a-40a2-9371-9b25dd20c472 0d7f303b532d4bc9bc233fc9bd89370f 11cb8fe7e8ab4107af3aa1275f0819e8 - - - -] Successfully bumped revision number for resource 2eaef69d-7e0f-4c5d-a392-5e5a9b331fa0 (type: router_ports) to 2
2026-05-12 07:03:57.685 9 INFO neutron.wsgi [None req-10f8b194-a86a-40a2-9371-9b25dd20c472 0d7f303b532d4bc9bc233fc9bd89370f 11cb8fe7e8ab4107af3aa1275f0819e8 - - - -] 10.0.0.66 "PUT /v2.0/routers/5d138b78-1491-45ef-a63e-e28e7100bc97/add_router_interface HTTP/1.1" status: 200 len: 503 time: 1.9302442
2026-05-12 07:03:57.731 10 INFO neutron.wsgi [req-d3aa69d4-3ef3-4866-8550-f5d01862747c req-d00bb619-4f71-4f08-b1b7-e3f854481689 359013e03f6a44c8a66d1a1af43a6529 0df174a901bc4dc0bb74341c0eb17dec - - 794e60b7ab31494d9889834336fd9def 794e60b7ab31494d9889834336fd9def] 199.19.213.59 "GET /v2.0/networks/95c7d3db-cedb-4ffe-bcb3-d5b37f8864df?fields=provider%3Aphysical_network&fields=provider%3Anetwork_type HTTP/1.1" status: 200 len: 277 time: 0.0867200
2026-05-12 07:03:57.737 9 INFO neutron.wsgi [None req-6c80eb23-1013-4541-915e-5098b5884eb4 0d7f303b532d4bc9bc233fc9bd89370f 11cb8fe7e8ab4107af3aa1275f0819e8 - - default default] 10.0.0.66 "GET /v2.0/ports/2eaef69d-7e0f-4c5d-a392-5e5a9b331fa0 HTTP/1.1" status: 200 len: 1141 time: 0.0434637
2026-05-12 07:03:57.794 10 INFO neutron.db.ovn_revision_numbers_db [None req-08057539-665d-4047-884f-b9d8c95b934b - - - - - -] Successfully bumped revision number for resource 2eaef69d-7e0f-4c5d-a392-5e5a9b331fa0 (type: ports) to 3
2026-05-12 07:03:57.959 10 INFO neutron.db.ovn_revision_numbers_db [None req-08057539-665d-4047-884f-b9d8c95b934b - - - - - -] Successfully bumped revision number for resource 2eaef69d-7e0f-4c5d-a392-5e5a9b331fa0 (type: router_ports) to 3
2026-05-12 07:03:58.098 9 INFO neutron.wsgi [req-15783dd9-21f8-4584-b6ed-301fa1f166ed req-e9196464-766d-4b8d-8eb6-0dee025274bb b34c18856adb48e8851fe5491da770d8 839f23ba8a0a4ad788d9514446a91eda - - default default] 10.0.0.138 "GET /v2.0/ports?device_id=f172f133-636a-4c8a-92e3-a40fa7eb8c89 HTTP/1.1" status: 200 len: 1172 time: 0.0642724
2026-05-12 07:03:58.156 9 INFO neutron.wsgi [req-15783dd9-21f8-4584-b6ed-301fa1f166ed req-facaa7cd-59b3-4bc6-ab14-cd790df76c7b b34c18856adb48e8851fe5491da770d8 839f23ba8a0a4ad788d9514446a91eda - - default default] 10.0.0.138 "GET /v2.0/security-groups?id=7784807a-598c-4742-9b25-e6a2b20ec2dd&fields=id&fields=name HTTP/1.1" status: 200 len: 312 time: 0.0507557
2026-05-12 07:03:58.366 9 WARNING neutron.scheduler.dhcp_agent_scheduler [None req-48b5ef72-54a5-47e0-9038-d1ff3cfc4085 0d7f303b532d4bc9bc233fc9bd89370f 11cb8fe7e8ab4107af3aa1275f0819e8 - - default default] No more DHCP agents
2026-05-12 07:03:58.368 9 WARNING neutron.api.rpc.agentnotifiers.dhcp_rpc_agent_api [None req-48b5ef72-54a5-47e0-9038-d1ff3cfc4085 0d7f303b532d4bc9bc233fc9bd89370f 11cb8fe7e8ab4107af3aa1275f0819e8 - - default default] Unable to schedule network 1d03b1d5-a54b-4560-93a4-6109b15140b8: no agents available; will retry on subsequent port and subnet creation events.
2026-05-12 07:03:58.459 9 INFO neutron.db.ovn_revision_numbers_db [None req-48b5ef72-54a5-47e0-9038-d1ff3cfc4085 0d7f303b532d4bc9bc233fc9bd89370f 11cb8fe7e8ab4107af3aa1275f0819e8 - - default default] Successfully bumped revision number for resource efdad93c-3ea3-440a-93b8-c5bcf4643f6f (type: ports) to 1
2026-05-12 07:03:58.911 10 INFO neutron.notifiers.nova [-] Nova event matching ['req-29a3b565-511d-48ee-9ca3-0546eba3b317'] response: {'server_uuid': '7a5a1e26-cad2-4f03-9859-9911eeb4608b', 'name': 'network-vif-plugged', 'status': 'completed', 'tag': 'e3004535-0741-4600-8560-b0c7adecc9fe', 'code': 200}
2026-05-12 07:03:58.911 10 INFO neutron.notifiers.nova [-] Nova event matching ['req-29a3b565-511d-48ee-9ca3-0546eba3b317'] response: {'server_uuid': '7a5a1e26-cad2-4f03-9859-9911eeb4608b', 'name': 'network-vif-plugged', 'status': 'completed', 'tag': 'e3004535-0741-4600-8560-b0c7adecc9fe', 'code': 200}
2026-05-12 07:03:58.949 9 INFO neutron.db.ovn_revision_numbers_db [None req-48b5ef72-54a5-47e0-9038-d1ff3cfc4085 0d7f303b532d4bc9bc233fc9bd89370f 11cb8fe7e8ab4107af3aa1275f0819e8 - - default default] Successfully bumped revision number for resource efdad93c-3ea3-440a-93b8-c5bcf4643f6f (type: router_ports) to 2
2026-05-12 07:03:59.056 9 INFO neutron.db.ovn_revision_numbers_db [None req-48b5ef72-54a5-47e0-9038-d1ff3cfc4085 0d7f303b532d4bc9bc233fc9bd89370f 11cb8fe7e8ab4107af3aa1275f0819e8 - - default default] Successfully bumped revision number for resource efdad93c-3ea3-440a-93b8-c5bcf4643f6f (type: ports) to 2
2026-05-12 07:03:59.132 9 WARNING neutron.scheduler.dhcp_agent_scheduler [None req-48b5ef72-54a5-47e0-9038-d1ff3cfc4085 0d7f303b532d4bc9bc233fc9bd89370f 11cb8fe7e8ab4107af3aa1275f0819e8 - - default default] No more DHCP agents
2026-05-12 07:03:59.134 9 WARNING neutron.api.rpc.agentnotifiers.dhcp_rpc_agent_api [None req-48b5ef72-54a5-47e0-9038-d1ff3cfc4085 0d7f303b532d4bc9bc233fc9bd89370f 11cb8fe7e8ab4107af3aa1275f0819e8 - - default default] Unable to schedule network 1d03b1d5-a54b-4560-93a4-6109b15140b8: no agents available; will retry on subsequent port and subnet creation events.
