2026-05-12 07:04:33.507 9 INFO neutron.wsgi [None req-2893589b-5429-4c9f-ac65-1eaadba09c61 9186ee19aaed4c9d8eb403175088b1ae ab8edaca714b4f188fcbbe3d5da8ce8b - - default default] 10.0.0.66 "GET /v2.0/security-group-rules HTTP/1.1" status: 200 len: 4113 time: 0.0395391
2026-05-12 07:04:33.583 10 INFO neutron.wsgi [req-1c602851-bb9c-4285-bb75-02f72574444a req-cd7776f9-e2d4-4c1c-92c4-ef43d1fa5700 c4d07dbd62794ef8ac9b525859181be3 b7a0e30277694c66a4864bc82cdf7f88 - - default default] 199.19.213.59 "GET /v2.0/ports?device_id=e7bce890-f868-4869-a52d-fa4d334b04bb HTTP/1.1" status: 200 len: 1168 time: 0.0849197
2026-05-12 07:04:33.618 9 INFO neutron.wsgi [None req-c882ce24-96ec-4291-b5f7-ce2280c7cb17 eb6609e0220b4604b3e676946760858f b9e572cd022844ef802bb08079d29030 - - - -] 10.0.0.66 "DELETE /v2.0/security-groups/ff368c01-3654-4060-af4d-e5280bc6c573 HTTP/1.1" status: 204 len: 168 time: 0.2246563
2026-05-12 07:04:33.630 9 INFO neutron.wsgi [None req-be508f19-4897-4c8e-bdcf-142cb6a0aec1 9186ee19aaed4c9d8eb403175088b1ae ab8edaca714b4f188fcbbe3d5da8ce8b - - - -] 10.0.0.66 "DELETE /v2.0/security-group-rules/c5c262d6-54db-402a-b3c6-b87bc9023eaf HTTP/1.1" status: 204 len: 168 time: 0.1156306
2026-05-12 07:04:33.630 10 INFO neutron.db.ovn_revision_numbers_db [None req-08057539-665d-4047-884f-b9d8c95b934b - - - - - -] Successfully bumped revision number for resource 027678fd-4698-436c-afed-f554bdf3b383 (type: ports) to 5
2026-05-12 07:04:33.667 9 INFO neutron.wsgi [None req-cb793137-75a4-43c7-a723-4efcfd282703 9186ee19aaed4c9d8eb403175088b1ae ab8edaca714b4f188fcbbe3d5da8ce8b - - default default] 10.0.0.66 "GET /v2.0/security-group-rules HTTP/1.1" status: 200 len: 3567 time: 0.0317814
2026-05-12 07:04:33.905 10 INFO neutron.db.ovn_revision_numbers_db [None req-62348f31-3f67-4d4a-a8aa-4a9b13b5024f 9186ee19aaed4c9d8eb403175088b1ae ab8edaca714b4f188fcbbe3d5da8ce8b - - - -] Successfully bumped revision number for resource 90209aad-92aa-40b6-bed4-1e847bcead9f (type: security_group_rules) to 0
2026-05-12 07:04:33.949 10 INFO neutron.wsgi [None req-62348f31-3f67-4d4a-a8aa-4a9b13b5024f 9186ee19aaed4c9d8eb403175088b1ae ab8edaca714b4f188fcbbe3d5da8ce8b - - - -] 10.0.0.66 "POST /v2.0/security-group-rules HTTP/1.1" status: 201 len: 768 time: 0.2695031
2026-05-12 07:04:33.975 9 INFO neutron.wsgi [None req-0e0c7da9-79de-4473-b1e8-6ffddb9c91ac 9186ee19aaed4c9d8eb403175088b1ae ab8edaca714b4f188fcbbe3d5da8ce8b - - default default] 10.0.0.66 "GET /v2.0/security-group-rules/90209aad-92aa-40b6-bed4-1e847bcead9f HTTP/1.1" status: 200 len: 763 time: 0.0148332
2026-05-12 07:04:34.011 10 INFO neutron.wsgi [None req-bd4ea1e1-6aa4-47c2-ae5b-62e2e33e6366 c4d07dbd62794ef8ac9b525859181be3 b7a0e30277694c66a4864bc82cdf7f88 - - - -] 199.19.213.59 "DELETE /v2.0/ports/027678fd-4698-436c-afed-f554bdf3b383 HTTP/1.1" status: 204 len: 173 time: 0.4210393
2026-05-12 07:04:34.013 9 INFO neutron.wsgi [None req-0a95c62b-06c4-482e-a6bb-2e6436915bdf 9186ee19aaed4c9d8eb403175088b1ae ab8edaca714b4f188fcbbe3d5da8ce8b - - default default] 10.0.0.66 "GET /v2.0/security-group-rules HTTP/1.1" status: 200 len: 4113 time: 0.0314925
2026-05-12 07:04:34.139 9 INFO neutron.wsgi [None req-2368079d-c95d-4e61-9b09-f4ea48505ab4 9186ee19aaed4c9d8eb403175088b1ae ab8edaca714b4f188fcbbe3d5da8ce8b - - - -] 10.0.0.66 "DELETE /v2.0/security-group-rules/90209aad-92aa-40b6-bed4-1e847bcead9f HTTP/1.1" status: 204 len: 168 time: 0.1185920
2026-05-12 07:04:34.168 9 INFO neutron.db.ovn_revision_numbers_db [None req-6aad1461-fd05-466d-92de-78ec2152e4ff eb6609e0220b4604b3e676946760858f b9e572cd022844ef802bb08079d29030 - - default default] Successfully bumped revision number for resource 12eb9524-faa3-49ca-b18d-a3b458c4ee1f (type: security_groups) to 1
2026-05-12 07:04:34.206 9 INFO neutron.wsgi [None req-c230fd78-7b73-4a7b-9106-39fc872528a7 9186ee19aaed4c9d8eb403175088b1ae ab8edaca714b4f188fcbbe3d5da8ce8b - - default default] 10.0.0.66 "GET /v2.0/security-group-rules HTTP/1.1" status: 200 len: 3567 time: 0.0584865
2026-05-12 07:04:34.210 9 INFO neutron.wsgi [None req-6aad1461-fd05-466d-92de-78ec2152e4ff eb6609e0220b4604b3e676946760858f b9e572cd022844ef802bb08079d29030 - - default default] 10.0.0.66 "GET /v2.0/security-groups?tenant_id=12e0ff724fb149e58b0385b0de9cf7c5&name=default HTTP/1.1" status: 200 len: 2996 time: 0.3543787 /var/lib/openstack/lib/python3.10/site-packages/pycadf/identifier.py:71: UserWarning: Invalid uuid: neutron. To ensure interoperability, identifiers should be a valid uuid. warnings.warn(('Invalid uuid: %s. To ensure interoperability, '
2026-05-12 07:04:34.343 9 INFO neutron.db.ovn_revision_numbers_db [None req-ce845933-6f31-4100-9e05-5a4ae83ae76d 9186ee19aaed4c9d8eb403175088b1ae ab8edaca714b4f188fcbbe3d5da8ce8b - - - -] Successfully bumped revision number for resource 899c29b8-57b6-4c08-a432-75f3bec5bbe5 (type: security_group_rules) to 0
2026-05-12 07:04:34.380 9 INFO neutron.wsgi [None req-ce845933-6f31-4100-9e05-5a4ae83ae76d 9186ee19aaed4c9d8eb403175088b1ae ab8edaca714b4f188fcbbe3d5da8ce8b - - - -] 10.0.0.66 "POST /v2.0/security-group-rules HTTP/1.1" status: 201 len: 769 time: 0.1672182
2026-05-12 07:04:34.399 10 INFO neutron.notifiers.nova [-] Nova event matching ['req-a41b65b0-d988-46fd-ac97-2dce58d7e195'] response: {'server_uuid': 'e7bce890-f868-4869-a52d-fa4d334b04bb', 'name': 'network-vif-unplugged', 'status': 'completed', 'tag': '027678fd-4698-436c-afed-f554bdf3b383', 'code': 200}
2026-05-12 07:04:34.400 10 INFO neutron.notifiers.nova [-] Nova event matching ['req-a41b65b0-d988-46fd-ac97-2dce58d7e195'] response: {'server_uuid': 'e7bce890-f868-4869-a52d-fa4d334b04bb', 'name': 'network-vif-plugged', 'status': 'completed', 'tag': '027678fd-4698-436c-afed-f554bdf3b383', 'code': 200}
2026-05-12 07:04:34.400 10 INFO neutron.notifiers.nova [-] Nova event matching ['req-a41b65b0-d988-46fd-ac97-2dce58d7e195'] response: {'server_uuid': 'e7bce890-f868-4869-a52d-fa4d334b04bb', 'name': 'network-vif-deleted', 'tag': '027678fd-4698-436c-afed-f554bdf3b383', 'status': 'completed', 'code': 200}
2026-05-12 07:04:34.406 9 INFO neutron.wsgi [None req-adc86345-1751-43a2-88e0-7250564c24a8 9186ee19aaed4c9d8eb403175088b1ae ab8edaca714b4f188fcbbe3d5da8ce8b - - default default] 10.0.0.66 "GET /v2.0/security-group-rules/899c29b8-57b6-4c08-a432-75f3bec5bbe5 HTTP/1.1" status: 200 len: 764 time: 0.0191045
2026-05-12 07:04:34.463 9 INFO neutron.wsgi [None req-0a096bed-1143-4f3b-9acf-00c1c04f2bc4 9186ee19aaed4c9d8eb403175088b1ae ab8edaca714b4f188fcbbe3d5da8ce8b - - default default] 10.0.0.66 "GET /v2.0/security-group-rules HTTP/1.1" status: 200 len: 4114 time: 0.0469856
2026-05-12 07:04:34.521 10 INFO neutron.wsgi [None req-cdff81d2-bab5-4a7b-8219-d961d977196b eb6609e0220b4604b3e676946760858f b9e572cd022844ef802bb08079d29030 - - - -] 10.0.0.66 "DELETE /v2.0/security-groups/12eb9524-faa3-49ca-b18d-a3b458c4ee1f HTTP/1.1" status: 204 len: 168 time: 0.3047397
2026-05-12 07:04:34.584 9 INFO neutron.wsgi [None req-fdb02baf-4bee-464a-b640-4462c644ac6a 9186ee19aaed4c9d8eb403175088b1ae ab8edaca714b4f188fcbbe3d5da8ce8b - - - -] 10.0.0.66 "DELETE /v2.0/security-group-rules/899c29b8-57b6-4c08-a432-75f3bec5bbe5 HTTP/1.1" status: 204 len: 168 time: 0.1145592
2026-05-12 07:04:34.623 9 INFO neutron.wsgi [None req-a3c3a808-8014-4544-9ac0-602078867bb7 9186ee19aaed4c9d8eb403175088b1ae ab8edaca714b4f188fcbbe3d5da8ce8b - - default default] 10.0.0.66 "GET /v2.0/security-group-rules HTTP/1.1" status: 200 len: 3567 time: 0.0327601
2026-05-12 07:04:34.776 9 INFO neutron.wsgi [None req-0532f4d6-005e-4905-a76f-ea9a208eb4d6 9186ee19aaed4c9d8eb403175088b1ae ab8edaca714b4f188fcbbe3d5da8ce8b - - - -] 10.0.0.66 "DELETE /v2.0/security-groups/deb0bce5-7690-40a7-9e4a-9e0b4672f7a8 HTTP/1.1" status: 204 len: 168 time: 0.1456804
2026-05-12 07:04:34.805 9 INFO neutron.db.ovn_revision_numbers_db [None req-aceb46a8-8f6e-4035-87c1-36ca4ccaf7ad eb6609e0220b4604b3e676946760858f b9e572cd022844ef802bb08079d29030 - - default default] Successfully bumped revision number for resource cab180af-8ae2-4071-8604-b017c943f347 (type: security_groups) to 1
2026-05-12 07:04:34.835 9 INFO neutron.wsgi [None req-2d2c1442-b920-4cf2-b0db-4e43d5cb4ba8 9186ee19aaed4c9d8eb403175088b1ae ab8edaca714b4f188fcbbe3d5da8ce8b - - default default] 10.0.0.66 "GET /v2.0/security-groups HTTP/1.1" status: 200 len: 2996 time: 0.0499177
2026-05-12 07:04:34.845 9 INFO neutron.wsgi [None req-aceb46a8-8f6e-4035-87c1-36ca4ccaf7ad eb6609e0220b4604b3e676946760858f b9e572cd022844ef802bb08079d29030 - - default default] 10.0.0.66 "GET /v2.0/security-groups?tenant_id=269589f5479a4b6eb1c6c1197ccdb230&name=default HTTP/1.1" status: 200 len: 2996 time: 0.1770566
2026-05-12 07:04:34.876 10 INFO neutron.wsgi [None req-05d65fde-dd58-4eef-98e4-9794f35a6946 9186ee19aaed4c9d8eb403175088b1ae ab8edaca714b4f188fcbbe3d5da8ce8b - - default default] 10.0.0.66 "GET /v2.0/security-groups HTTP/1.1" status: 200 len: 2996 time: 0.0338802
2026-05-12 07:04:35.323 10 INFO neutron.wsgi [None req-76628d1b-7747-4181-8f7d-dc0fda64cdff eb6609e0220b4604b3e676946760858f b9e572cd022844ef802bb08079d29030 - - - -] 10.0.0.66 "PUT /v2.0/routers/9acd8ea7-1d47-452e-8423-64e7d41bf031/remove_router_interface HTTP/1.1" status: 200 len: 503 time: 0.8998172 /var/lib/openstack/lib/python3.10/site-packages/pycadf/identifier.py:71: UserWarning: Invalid uuid: neutron. To ensure interoperability, identifiers should be a valid uuid. warnings.warn(('Invalid uuid: %s. To ensure interoperability, '
2026-05-12 07:04:35.342 9 INFO neutron.wsgi [None req-199c0fa8-5168-4033-9946-57571b619d77 eb6609e0220b4604b3e676946760858f b9e572cd022844ef802bb08079d29030 - - - -] 10.0.0.66 "DELETE /v2.0/security-groups/cab180af-8ae2-4071-8604-b017c943f347 HTTP/1.1" status: 204 len: 168 time: 0.4919968
2026-05-12 07:04:35.658 10 INFO neutron.wsgi [None req-d168665f-bc1a-4a33-9d52-6ddb181e6f40 eb6609e0220b4604b3e676946760858f b9e572cd022844ef802bb08079d29030 - - default default] 10.0.0.66 "GET /v2.0/security-groups?tenant_id=ab8edaca714b4f188fcbbe3d5da8ce8b&name=default HTTP/1.1" status: 200 len: 2996 time: 0.2664492
2026-05-12 07:04:35.836 9 INFO neutron.wsgi [None req-cab75d01-4c5c-4794-bd79-62f8d0c73919 eb6609e0220b4604b3e676946760858f b9e572cd022844ef802bb08079d29030 - - - -] 10.0.0.66 "DELETE /v2.0/security-groups/cb7800fe-1b03-44f0-80cf-f1bef9e45f81 HTTP/1.1" status: 204 len: 168 time: 0.1720042
2026-05-12 07:04:35.840 10 INFO neutron.db.ovn_revision_numbers_db [None req-5dd0a7c6-dfea-4846-804b-9ea4f3c086dc 6fe015c5a84b4860916361c8cbb7c6f0 6e10c7ea7b9948a1b9f5b622d25fe2df - - - -] Successfully bumped revision number for resource 37c7ef0c-c811-443e-8faf-9e2bd19ef377 (type: security_groups) to 1
2026-05-12 07:04:35.915 10 INFO neutron.db.segments_db [None req-5dd0a7c6-dfea-4846-804b-9ea4f3c086dc 6fe015c5a84b4860916361c8cbb7c6f0 6e10c7ea7b9948a1b9f5b622d25fe2df - - - -] Added segment be0daf45-9717-4fbd-b2b3-91a479b2d677 of type geneve for network badfe8be-c8a8-4126-8560-55ce32d42f5f
2026-05-12 07:04:36.090 10 INFO neutron.wsgi [None req-76eddc90-d274-4412-b402-64fbd85b0349 eb6609e0220b4604b3e676946760858f b9e572cd022844ef802bb08079d29030 - - - -] 10.0.0.66 "DELETE /v2.0/routers/9acd8ea7-1d47-452e-8423-64e7d41bf031 HTTP/1.1" status: 204 len: 168 time: 0.7601643
2026-05-12 07:04:36.110 10 INFO neutron.db.ovn_revision_numbers_db [None req-5dd0a7c6-dfea-4846-804b-9ea4f3c086dc 6fe015c5a84b4860916361c8cbb7c6f0 6e10c7ea7b9948a1b9f5b622d25fe2df - - - -] Successfully bumped revision number for resource badfe8be-c8a8-4126-8560-55ce32d42f5f (type: networks) to 1
2026-05-12 07:04:36.290 9 INFO neutron.wsgi [None req-805a4cc9-b995-4e2c-8fc3-0297b18dbea3 eb6609e0220b4604b3e676946760858f b9e572cd022844ef802bb08079d29030 - - - -] 10.0.0.66 "DELETE /v2.0/subnets/72834df1-0d81-4927-939e-f93fb74a097a HTTP/1.1" status: 204 len: 168 time: 0.1960804
2026-05-12 07:04:36.307 10 WARNING neutron.scheduler.dhcp_agent_scheduler [None req-5dd0a7c6-dfea-4846-804b-9ea4f3c086dc 6fe015c5a84b4860916361c8cbb7c6f0 6e10c7ea7b9948a1b9f5b622d25fe2df - - - -] No more DHCP agents
2026-05-12 07:04:36.325 10 WARNING neutron.api.rpc.agentnotifiers.dhcp_rpc_agent_api [None req-5dd0a7c6-dfea-4846-804b-9ea4f3c086dc 6fe015c5a84b4860916361c8cbb7c6f0 6e10c7ea7b9948a1b9f5b622d25fe2df - - - -] Unable to schedule network badfe8be-c8a8-4126-8560-55ce32d42f5f: no agents available; will retry on subsequent port and subnet creation events.
2026-05-12 07:04:36.404 10 INFO neutron.db.ovn_revision_numbers_db [None req-5dd0a7c6-dfea-4846-804b-9ea4f3c086dc 6fe015c5a84b4860916361c8cbb7c6f0 6e10c7ea7b9948a1b9f5b622d25fe2df - - - -] Successfully bumped revision number for resource 5db7f199-b692-4c01-8507-5782b9259d35 (type: ports) to 1
2026-05-12 07:04:36.426 10 INFO neutron.wsgi [None req-5dd0a7c6-dfea-4846-804b-9ea4f3c086dc 6fe015c5a84b4860916361c8cbb7c6f0 6e10c7ea7b9948a1b9f5b622d25fe2df - - - -] 10.0.0.66 "POST /v2.0/networks HTTP/1.1" status: 201 len: 843 time: 1.0239799
2026-05-12 07:04:36.760 9 INFO neutron.services.segments.plugin [-] Segment c4993b77-328c-4bfd-91f3-20dbff6aa510 resource provider aggregate not found
2026-05-12 07:04:36.766 9 INFO neutron.services.segments.plugin [-] Segment c4993b77-328c-4bfd-91f3-20dbff6aa510 resource provider aggregate not found
2026-05-12 07:04:36.795 9 INFO neutron.services.segments.plugin [-] Segment c4993b77-328c-4bfd-91f3-20dbff6aa510 resource provider not found; error: Placement Client Error (4xx): {"errors": [{"status": 404, "title": "Not Found", "detail": "The resource could not be found.\n\n No resource provider with uuid c4993b77-328c-4bfd-91f3-20dbff6aa510 found for delete ", "request_id": "req-9b4e82ea-ba49-4b5f-b332-6ee77ec87e11"}]}
2026-05-12 07:04:36.801 9 INFO neutron.services.segments.plugin [-] Segment c4993b77-328c-4bfd-91f3-20dbff6aa510 resource provider not found; error: Placement Client Error (4xx): {"errors": [{"status": 404, "title": "Not Found", "detail": "The resource could not be found.\n\n No resource provider with uuid c4993b77-328c-4bfd-91f3-20dbff6aa510 found for delete ", "request_id": "req-34a215b2-0203-4c62-a334-04fe6211efcf"}]}
2026-05-12 07:04:36.843 9 INFO neutron.wsgi [None req-38ef9e56-83d5-48fc-ae93-0921a0f71d9f eb6609e0220b4604b3e676946760858f b9e572cd022844ef802bb08079d29030 - - - -] 10.0.0.66 "DELETE /v2.0/networks/bc826c4c-a445-4207-9d32-821b3a6b7f28 HTTP/1.1" status: 204 len: 168 time: 0.5463681
2026-05-12 07:04:36.869 9 WARNING neutron.scheduler.dhcp_agent_scheduler [None req-2a7305bf-83b5-47b0-a5e4-b9c62db95165 6fe015c5a84b4860916361c8cbb7c6f0 6e10c7ea7b9948a1b9f5b622d25fe2df - - - -] No more DHCP agents
2026-05-12 07:04:36.870 9 WARNING neutron.api.rpc.agentnotifiers.dhcp_rpc_agent_api [None req-2a7305bf-83b5-47b0-a5e4-b9c62db95165 6fe015c5a84b4860916361c8cbb7c6f0 6e10c7ea7b9948a1b9f5b622d25fe2df - - - -] Unable to schedule network badfe8be-c8a8-4126-8560-55ce32d42f5f: no agents available; will retry on subsequent port and subnet creation events.
2026-05-12 07:04:37.072 10 INFO neutron.wsgi [None req-c97e1afc-6c00-49d6-99d5-b8b352817571 eb6609e0220b4604b3e676946760858f b9e572cd022844ef802bb08079d29030 - - default default] 10.0.0.66 "GET /v2.0/security-groups?tenant_id=b7a0e30277694c66a4864bc82cdf7f88&name=default HTTP/1.1" status: 200 len: 2996 time: 0.0424025
2026-05-12 07:04:37.256 10 INFO neutron.wsgi [None req-b4d2d519-da60-4bde-8bb3-d28f1e42027c eb6609e0220b4604b3e676946760858f b9e572cd022844ef802bb08079d29030 - - - -] 10.0.0.66 "DELETE /v2.0/security-groups/6e20aa0b-68e2-4133-b665-a090630f9856 HTTP/1.1" status: 204 len: 168 time: 0.1775525
2026-05-12 07:04:37.391 9 INFO neutron.db.ovn_revision_numbers_db [None req-2a7305bf-83b5-47b0-a5e4-b9c62db95165 6fe015c5a84b4860916361c8cbb7c6f0 6e10c7ea7b9948a1b9f5b622d25fe2df - - - -] Successfully bumped revision number for resource 5db7f199-b692-4c01-8507-5782b9259d35 (type: ports) to 2
2026-05-12 07:04:37.408 9 INFO neutron.db.ovn_revision_numbers_db [None req-2a7305bf-83b5-47b0-a5e4-b9c62db95165 6fe015c5a84b4860916361c8cbb7c6f0 6e10c7ea7b9948a1b9f5b622d25fe2df - - - -] Successfully bumped revision number for resource c0f7578d-5dab-4cf3-ba52-58816249443b (type: subnets) to 0
2026-05-12 07:04:37.430 9 INFO neutron.wsgi [None req-2a7305bf-83b5-47b0-a5e4-b9c62db95165 6fe015c5a84b4860916361c8cbb7c6f0 6e10c7ea7b9948a1b9f5b622d25fe2df - - - -] 10.0.0.66 "POST /v2.0/subnets HTTP/1.1" status: 201 len: 816 time: 0.9738185
2026-05-12 07:04:37.529 9 INFO neutron.db.segments_db [None req-3381c160-0ad1-4028-88e0-65e11dfa2420 6fe015c5a84b4860916361c8cbb7c6f0 6e10c7ea7b9948a1b9f5b622d25fe2df - - - -] Added segment 7167cebb-3e7f-45b8-ba98-f74759a51bee of type geneve for network 7ba8b486-915e-4c6f-9ec3-d8742d282d89
2026-05-12 07:04:37.672 9 INFO neutron.db.ovn_revision_numbers_db [None req-3381c160-0ad1-4028-88e0-65e11dfa2420 6fe015c5a84b4860916361c8cbb7c6f0 6e10c7ea7b9948a1b9f5b622d25fe2df - - - -] Successfully bumped revision number for resource 7ba8b486-915e-4c6f-9ec3-d8742d282d89 (type: networks) to 1
2026-05-12 07:04:37.918 9 WARNING neutron.scheduler.dhcp_agent_scheduler [None req-3381c160-0ad1-4028-88e0-65e11dfa2420 6fe015c5a84b4860916361c8cbb7c6f0 6e10c7ea7b9948a1b9f5b622d25fe2df - - - -] No more DHCP agents
2026-05-12 07:04:37.923 9 INFO neutron.wsgi [None req-5a0c2577-295d-4f15-903b-888f9baeac1a 6bf42cb3b618455fa1fcf94ded0220ee 05bc0158165244ec9458e9d2d76b1d54 - - - -] 10.0.0.66 "POST /v2.0/subnetpools HTTP/1.1" status: 201 len: 748 time: 0.4407306
2026-05-12 07:04:37.925 9 WARNING neutron.api.rpc.agentnotifiers.dhcp_rpc_agent_api [None req-3381c160-0ad1-4028-88e0-65e11dfa2420 6fe015c5a84b4860916361c8cbb7c6f0 6e10c7ea7b9948a1b9f5b622d25fe2df - - - -] Unable to schedule network 7ba8b486-915e-4c6f-9ec3-d8742d282d89: no agents available; will retry on subsequent port and subnet creation events.
2026-05-12 07:04:37.978 10 INFO neutron.wsgi [None req-106f66b2-3732-45f7-9790-014b9969fe1e 6bf42cb3b618455fa1fcf94ded0220ee 05bc0158165244ec9458e9d2d76b1d54 - - default default] 10.0.0.66 "GET /v2.0/subnetpools/77cc63ef-d516-4b55-acf2-10dee804fc3d HTTP/1.1" status: 200 len: 743 time: 0.0467105
2026-05-12 07:04:38.010 9 INFO neutron.db.ovn_revision_numbers_db [None req-3381c160-0ad1-4028-88e0-65e11dfa2420 6fe015c5a84b4860916361c8cbb7c6f0 6e10c7ea7b9948a1b9f5b622d25fe2df - - - -] Successfully bumped revision number for resource 53ac38d8-2566-4ffc-94fb-f5f59527f01e (type: ports) to 1
2026-05-12 07:04:38.037 9 INFO neutron.wsgi [None req-3381c160-0ad1-4028-88e0-65e11dfa2420 6fe015c5a84b4860916361c8cbb7c6f0 6e10c7ea7b9948a1b9f5b622d25fe2df - - - -] 10.0.0.66 "POST /v2.0/networks HTTP/1.1" status: 201 len: 842 time: 0.6014464
2026-05-12 07:04:38.083 10 INFO neutron.wsgi [None req-29f2cfb2-7819-49fc-86b7-fd89884e7cdb 6bf42cb3b618455fa1fcf94ded0220ee 05bc0158165244ec9458e9d2d76b1d54 - - - -] 10.0.0.66 "PUT /v2.0/subnetpools/77cc63ef-d516-4b55-acf2-10dee804fc3d HTTP/1.1" status: 200 len: 695 time: 0.0968883
2026-05-12 07:04:38.173 10 INFO neutron.wsgi [None req-66b08425-caec-4237-a9b3-c0cdef3a91b6 6bf42cb3b618455fa1fcf94ded0220ee 05bc0158165244ec9458e9d2d76b1d54 - - - -] 10.0.0.66 "DELETE /v2.0/subnetpools/77cc63ef-d516-4b55-acf2-10dee804fc3d HTTP/1.1" status: 204 len: 168 time: 0.0840194
2026-05-12 07:04:38.197 10 INFO neutron.api.v2.resource [None req-6ed96a4e-2848-4893-9fae-bdec2ade6546 6bf42cb3b618455fa1fcf94ded0220ee 05bc0158165244ec9458e9d2d76b1d54 - - default default] show failed (client error): The resource could not be found.
2026-05-12 07:04:38.199 10 INFO neutron.wsgi [None req-6ed96a4e-2848-4893-9fae-bdec2ade6546 6bf42cb3b618455fa1fcf94ded0220ee 05bc0158165244ec9458e9d2d76b1d54 - - default default] 10.0.0.66 "GET /v2.0/subnetpools/77cc63ef-d516-4b55-acf2-10dee804fc3d HTTP/1.1" status: 404 len: 346 time: 0.0206380
2026-05-12 07:04:38.224 10 INFO neutron.api.v2.resource [None req-c8d01583-b132-4c56-b620-aaffcc199241 6bf42cb3b618455fa1fcf94ded0220ee 05bc0158165244ec9458e9d2d76b1d54 - - - -] delete failed (client error): The resource could not be found.
2026-05-12 07:04:38.227 10 INFO neutron.wsgi [None req-c8d01583-b132-4c56-b620-aaffcc199241 6bf42cb3b618455fa1fcf94ded0220ee 05bc0158165244ec9458e9d2d76b1d54 - - - -] 10.0.0.66 "DELETE /v2.0/subnetpools/77cc63ef-d516-4b55-acf2-10dee804fc3d HTTP/1.1" status: 404 len: 346 time: 0.0202782
2026-05-12 07:04:38.299 9 INFO neutron.db.ovn_revision_numbers_db [None req-fe3b7731-4539-4f35-91d3-201f6ebb06ab 6fe015c5a84b4860916361c8cbb7c6f0 6e10c7ea7b9948a1b9f5b622d25fe2df - - - -] Successfully bumped revision number for resource 7ba8b486-915e-4c6f-9ec3-d8742d282d89 (type: networks) to 2
2026-05-12 07:04:38.305 9 INFO neutron.wsgi [None req-fe3b7731-4539-4f35-91d3-201f6ebb06ab 6fe015c5a84b4860916361c8cbb7c6f0 6e10c7ea7b9948a1b9f5b622d25fe2df - - - -] 10.0.0.66 "PUT /v2.0/networks/7ba8b486-915e-4c6f-9ec3-d8742d282d89 HTTP/1.1" status: 200 len: 792 time: 0.2601504
2026-05-12 07:04:38.597 9 WARNING neutron.scheduler.dhcp_agent_scheduler [None req-94b2748e-3383-42f4-898b-90a03ce34349 6fe015c5a84b4860916361c8cbb7c6f0 6e10c7ea7b9948a1b9f5b622d25fe2df - - - -] No more DHCP agents
2026-05-12 07:04:38.599 9 WARNING neutron.api.rpc.agentnotifiers.dhcp_rpc_agent_api [None req-94b2748e-3383-42f4-898b-90a03ce34349 6fe015c5a84b4860916361c8cbb7c6f0 6e10c7ea7b9948a1b9f5b622d25fe2df - - - -] Unable to schedule network 7ba8b486-915e-4c6f-9ec3-d8742d282d89: no agents available; will retry on subsequent port and subnet creation events.
2026-05-12 07:04:39.051 10 INFO neutron.db.ovn_revision_numbers_db [None req-d9019afb-2d02-4f35-b3ec-98771f07220d eb6609e0220b4604b3e676946760858f b9e572cd022844ef802bb08079d29030 - - default default] Successfully bumped revision number for resource 9ae9ec9e-116c-47e5-b355-a4bcf9f437bc (type: security_groups) to 1
2026-05-12 07:04:39.087 10 INFO neutron.wsgi [None req-d9019afb-2d02-4f35-b3ec-98771f07220d eb6609e0220b4604b3e676946760858f b9e572cd022844ef802bb08079d29030 - - default default] 10.0.0.66 "GET /v2.0/security-groups?tenant_id=d47c2d8d5f9e460fa5ed2b20e23e64e2&name=default HTTP/1.1" status: 200 len: 2996 time: 0.3837168
2026-05-12 07:04:39.135 9 INFO neutron.db.ovn_revision_numbers_db [None req-94b2748e-3383-42f4-898b-90a03ce34349 6fe015c5a84b4860916361c8cbb7c6f0 6e10c7ea7b9948a1b9f5b622d25fe2df - - - -] Successfully bumped revision number for resource 53ac38d8-2566-4ffc-94fb-f5f59527f01e (type: ports) to 2
2026-05-12 07:04:39.135 10 INFO neutron.db.ovn_revision_numbers_db [None req-67cc5e81-f959-43c9-9495-ce770cd08694 eb6609e0220b4604b3e676946760858f b9e572cd022844ef802bb08079d29030 - - default default] Successfully bumped revision number for resource ddec3654-831f-4902-88f2-71422e55753b (type: security_groups) to 1
2026-05-12 07:04:39.159 9 INFO neutron.db.ovn_revision_numbers_db [None req-94b2748e-3383-42f4-898b-90a03ce34349 6fe015c5a84b4860916361c8cbb7c6f0 6e10c7ea7b9948a1b9f5b622d25fe2df - - - -] Successfully bumped revision number for resource 99e31de3-8d47-467f-adfb-c19f8ffc2bf9 (type: subnets) to 0
2026-05-12 07:04:39.162 10 INFO neutron.wsgi [None req-67cc5e81-f959-43c9-9495-ce770cd08694 eb6609e0220b4604b3e676946760858f b9e572cd022844ef802bb08079d29030 - - default default] 10.0.0.66 "GET /v2.0/security-groups?tenant_id=05bc0158165244ec9458e9d2d76b1d54&name=default HTTP/1.1" status: 200 len: 2996 time: 0.4477935
2026-05-12 07:04:39.182 9 INFO neutron.wsgi [None req-94b2748e-3383-42f4-898b-90a03ce34349 6fe015c5a84b4860916361c8cbb7c6f0 6e10c7ea7b9948a1b9f5b622d25fe2df - - - -] 10.0.0.66 "POST /v2.0/subnets HTTP/1.1" status: 201 len: 801 time: 0.8714638
2026-05-12 07:04:39.308 10 INFO neutron.wsgi [None req-4e725483-9d5c-4f8d-a500-7025f4758c6c eb6609e0220b4604b3e676946760858f b9e572cd022844ef802bb08079d29030 - - - -] 10.0.0.66 "DELETE /v2.0/security-groups/9ae9ec9e-116c-47e5-b355-a4bcf9f437bc HTTP/1.1" status: 204 len: 168 time: 0.2138729
2026-05-12 07:04:39.342 10 INFO neutron.wsgi [None req-d8034472-d20e-4873-afcf-fd408d7cd7e5 eb6609e0220b4604b3e676946760858f b9e572cd022844ef802bb08079d29030 - - - -] 10.0.0.66 "DELETE /v2.0/security-groups/ddec3654-831f-4902-88f2-71422e55753b HTTP/1.1" status: 204 len: 168 time: 0.1743977
2026-05-12 07:04:39.543 9 INFO neutron.db.ovn_revision_numbers_db [None req-eed00c46-e3cc-4f9b-bafb-7d872ea9453d 6fe015c5a84b4860916361c8cbb7c6f0 6e10c7ea7b9948a1b9f5b622d25fe2df - - - -] Successfully bumped revision number for resource 99e31de3-8d47-467f-adfb-c19f8ffc2bf9 (type: subnets) to 1
2026-05-12 07:04:39.547 9 INFO neutron.wsgi [None req-eed00c46-e3cc-4f9b-bafb-7d872ea9453d 6fe015c5a84b4860916361c8cbb7c6f0 6e10c7ea7b9948a1b9f5b622d25fe2df - - - -] 10.0.0.66 "PUT /v2.0/subnets/99e31de3-8d47-467f-adfb-c19f8ffc2bf9 HTTP/1.1" status: 200 len: 806 time: 0.3591738
2026-05-12 07:04:40.217 9 INFO neutron.services.segments.plugin [-] Segment 7167cebb-3e7f-45b8-ba98-f74759a51bee resource provider aggregate not found
2026-05-12 07:04:40.221 9 INFO neutron.services.segments.plugin [-] Segment 7167cebb-3e7f-45b8-ba98-f74759a51bee resource provider aggregate not found
2026-05-12 07:04:40.239 9 INFO neutron.services.segments.plugin [-] Segment 7167cebb-3e7f-45b8-ba98-f74759a51bee resource provider not found; error: Placement Client Error (4xx): {"errors": [{"status": 404, "title": "Not Found", "detail": "The resource could not be found.\n\n No resource provider with uuid 7167cebb-3e7f-45b8-ba98-f74759a51bee found for delete ", "request_id": "req-bec4152a-b152-4148-80c3-9740760ceb22"}]}
2026-05-12 07:04:40.242 9 INFO neutron.services.segments.plugin [-] Segment 7167cebb-3e7f-45b8-ba98-f74759a51bee resource provider not found; error: Placement Client Error (4xx): {"errors": [{"status": 404, "title": "Not Found", "detail": "The resource could not be found.\n\n No resource provider with uuid 7167cebb-3e7f-45b8-ba98-f74759a51bee found for delete ", "request_id": "req-81281cfd-1251-42af-a0fd-9f7607f5c928"}]}
2026-05-12 07:04:40.267 9 INFO neutron.wsgi [None req-400880a9-75e3-4d3f-93cd-7450fed54eab 6fe015c5a84b4860916361c8cbb7c6f0 6e10c7ea7b9948a1b9f5b622d25fe2df - - - -] 10.0.0.66 "DELETE /v2.0/networks/7ba8b486-915e-4c6f-9ec3-d8742d282d89 HTTP/1.1" status: 204 len: 168 time: 0.7162430
2026-05-12 07:04:40.292 10 INFO neutron.pecan_wsgi.hooks.translation [None req-a3a289d9-b229-487e-bc03-af0ca1543d5c 6fe015c5a84b4860916361c8cbb7c6f0 6e10c7ea7b9948a1b9f5b622d25fe2df - - - -] DELETE failed (client error): The resource could not be found.
2026-05-12 07:04:40.294 10 INFO neutron.wsgi [None req-a3a289d9-b229-487e-bc03-af0ca1543d5c 6fe015c5a84b4860916361c8cbb7c6f0 6e10c7ea7b9948a1b9f5b622d25fe2df - - - -] 10.0.0.66 "DELETE /v2.0/networks/7ba8b486-915e-4c6f-9ec3-d8742d282d89 HTTP/1.1" status: 404 len: 339 time: 0.0200276
2026-05-12 07:04:40.782 10 INFO neutron.wsgi [None req-48dfd82a-7ba8-40e3-85ad-ec3edcb96cb3 6fe015c5a84b4860916361c8cbb7c6f0 6e10c7ea7b9948a1b9f5b622d25fe2df - - default default] 10.0.0.66 "GET /v2.0/networks?router%3Aexternal=True HTTP/1.1" status: 200 len: 845 time: 0.4767766
2026-05-12 07:04:40.837 10 INFO neutron.wsgi [None req-51ab7fad-c69a-4c78-8efc-1d21810acb3f 6fe015c5a84b4860916361c8cbb7c6f0 6e10c7ea7b9948a1b9f5b622d25fe2df - - default default] 10.0.0.66 "GET /v2.0/subnets?network_id=a9edea5a-1275-42ba-a7a8-7500bf60cf40 HTTP/1.1" status: 200 len: 820 time: 0.0507622
2026-05-12 07:04:40.855 10 INFO neutron.wsgi [None req-8259a4e4-1541-4603-916e-a0a85234869f 6fe015c5a84b4860916361c8cbb7c6f0 6e10c7ea7b9948a1b9f5b622d25fe2df - - default default] 10.0.0.66 "GET /v2.0/extensions HTTP/1.1" status: 200 len: 16520 time: 0.0078425
2026-05-12 07:04:40.933 10 INFO neutron.wsgi [None req-cd8c3706-a196-4d62-9f35-ea80e51ed62f 6fe015c5a84b4860916361c8cbb7c6f0 6e10c7ea7b9948a1b9f5b622d25fe2df - - default default] 10.0.0.66 "GET /v2.0/networks HTTP/1.1" status: 200 len: 1504 time: 0.0713229
2026-05-12 07:04:40.982 10 INFO neutron.wsgi [None req-b5855480-5d5f-4dd4-82f5-968794d0e44b 6fe015c5a84b4860916361c8cbb7c6f0 6e10c7ea7b9948a1b9f5b622d25fe2df - - default default] 10.0.0.66 "GET /v2.0/subnets HTTP/1.1" status: 200 len: 1428 time: 0.0405905
2026-05-12 07:04:41.062 10 INFO neutron.wsgi [None req-a16e869b-222c-4243-b878-befd1eed2010 6fe015c5a84b4860916361c8cbb7c6f0 6e10c7ea7b9948a1b9f5b622d25fe2df - - default default] 10.0.0.66 "GET /v2.0/networks/badfe8be-c8a8-4126-8560-55ce32d42f5f HTTP/1.1" status: 200 len: 863 time: 0.0725238
2026-05-12 07:04:41.107 10 INFO neutron.wsgi [None req-61b116ec-0b44-4a3a-989f-677c07871a6e 6fe015c5a84b4860916361c8cbb7c6f0 6e10c7ea7b9948a1b9f5b622d25fe2df - - default default] 10.0.0.66 "GET /v2.0/subnets/c0f7578d-5dab-4cf3-ba52-58816249443b HTTP/1.1" status: 200 len: 811 time: 0.0317092
2026-05-12 07:04:41.137 9 INFO neutron.pecan_wsgi.hooks.translation [None req-f42e3574-46ee-4585-892f-08f3d4dfdba2 6fe015c5a84b4860916361c8cbb7c6f0 6e10c7ea7b9948a1b9f5b622d25fe2df - - - -] DELETE failed (client error): The resource could not be found.
2026-05-12 07:04:41.140 9 INFO neutron.wsgi [None req-f42e3574-46ee-4585-892f-08f3d4dfdba2 6fe015c5a84b4860916361c8cbb7c6f0 6e10c7ea7b9948a1b9f5b622d25fe2df - - - -] 10.0.0.66 "DELETE /v2.0/subnets/99e31de3-8d47-467f-adfb-c19f8ffc2bf9 HTTP/1.1" status: 404 len: 337 time: 0.0249386
2026-05-12 07:04:41.163 9 INFO neutron.pecan_wsgi.hooks.translation [None req-0cafff62-02af-4cc4-9428-d3709c80e450 6fe015c5a84b4860916361c8cbb7c6f0 6e10c7ea7b9948a1b9f5b622d25fe2df - - - -] DELETE failed (client error): The resource could not be found.
2026-05-12 07:04:41.167 9 INFO neutron.wsgi [None req-0cafff62-02af-4cc4-9428-d3709c80e450 6fe015c5a84b4860916361c8cbb7c6f0 6e10c7ea7b9948a1b9f5b622d25fe2df - - - -] 10.0.0.66 "DELETE /v2.0/networks/7ba8b486-915e-4c6f-9ec3-d8742d282d89 HTTP/1.1" status: 404 len: 339 time: 0.0204206
2026-05-12 07:04:41.339 10 INFO neutron.db.ovn_revision_numbers_db [None req-b978021c-44d0-47b1-948b-7010d1e40656 eb6609e0220b4604b3e676946760858f b9e572cd022844ef802bb08079d29030 - - - -] Successfully bumped revision number for resource f32ccb21-143e-4347-8b89-2df040caaba6 (type: security_groups) to 1
2026-05-12 07:04:41.395 10 INFO neutron.db.segments_db [None req-b978021c-44d0-47b1-948b-7010d1e40656 eb6609e0220b4604b3e676946760858f b9e572cd022844ef802bb08079d29030 - - - -] Added segment bf7677c4-b868-4938-84d2-4ddb09f1d101 of type geneve for network 1d0a23dd-8221-49dc-89a6-2a51fcb8cf95
2026-05-12 07:04:41.410 9 INFO neutron.wsgi [None req-d36fdca0-0ce1-4c02-83dd-54f858b6ca32 6fe015c5a84b4860916361c8cbb7c6f0 6e10c7ea7b9948a1b9f5b622d25fe2df - - - -] 10.0.0.66 "DELETE /v2.0/subnets/c0f7578d-5dab-4cf3-ba52-58816249443b HTTP/1.1" status: 204 len: 168 time: 0.2370980
2026-05-12 07:04:41.581 10 INFO neutron.db.ovn_revision_numbers_db [None req-b978021c-44d0-47b1-948b-7010d1e40656 eb6609e0220b4604b3e676946760858f b9e572cd022844ef802bb08079d29030 - - - -] Successfully bumped revision number for resource 1d0a23dd-8221-49dc-89a6-2a51fcb8cf95 (type: networks) to 1
2026-05-12 07:04:41.829 10 WARNING neutron.scheduler.dhcp_agent_scheduler [None req-b978021c-44d0-47b1-948b-7010d1e40656 eb6609e0220b4604b3e676946760858f b9e572cd022844ef802bb08079d29030 - - - -] No more DHCP agents
2026-05-12 07:04:41.842 10 WARNING neutron.api.rpc.agentnotifiers.dhcp_rpc_agent_api [None req-b978021c-44d0-47b1-948b-7010d1e40656 eb6609e0220b4604b3e676946760858f b9e572cd022844ef802bb08079d29030 - - - -] Unable to schedule network 1d0a23dd-8221-49dc-89a6-2a51fcb8cf95: no agents available; will retry on subsequent port and subnet creation events.
2026-05-12 07:04:41.938 10 INFO neutron.db.ovn_revision_numbers_db [None req-b978021c-44d0-47b1-948b-7010d1e40656 eb6609e0220b4604b3e676946760858f b9e572cd022844ef802bb08079d29030 - - - -] Successfully bumped revision number for resource 37c0e157-a518-448a-8037-d98715c3cc65 (type: ports) to 1
2026-05-12 07:04:41.966 10 INFO neutron.services.segments.plugin [-] Segment be0daf45-9717-4fbd-b2b3-91a479b2d677 resource provider aggregate not found
2026-05-12 07:04:41.975 10 INFO neutron.services.segments.plugin [-] Segment be0daf45-9717-4fbd-b2b3-91a479b2d677 resource provider aggregate not found
2026-05-12 07:04:41.995 10 INFO neutron.services.segments.plugin [-] Segment be0daf45-9717-4fbd-b2b3-91a479b2d677 resource provider not found; error: Placement Client Error (4xx): {"errors": [{"status": 404, "title": "Not Found", "detail": "The resource could not be found.\n\n No resource provider with uuid be0daf45-9717-4fbd-b2b3-91a479b2d677 found for delete ", "request_id": "req-e682c371-9ac9-4cb4-a9ab-0a436358dc11"}]}
2026-05-12 07:04:41.996 10 INFO neutron.services.segments.plugin [-] Segment be0daf45-9717-4fbd-b2b3-91a479b2d677 resource provider not found; error: Placement Client Error (4xx): {"errors": [{"status": 404, "title": "Not Found", "detail": "The resource could not be found.\n\n No resource provider with uuid be0daf45-9717-4fbd-b2b3-91a479b2d677 found for delete ", "request_id": "req-16a89e43-8024-4d5e-aefe-5884ad00f1c5"}]}
2026-05-12 07:04:42.016 10 INFO neutron.wsgi [None req-b978021c-44d0-47b1-948b-7010d1e40656 eb6609e0220b4604b3e676946760858f b9e572cd022844ef802bb08079d29030 - - - -] 10.0.0.66 "POST /v2.0/networks HTTP/1.1" status: 201 len: 942 time: 0.9066846
2026-05-12 07:04:42.053 10 INFO neutron.wsgi [None req-fc9e9e88-8ca3-47d4-b75f-101a10b8c328 6fe015c5a84b4860916361c8cbb7c6f0 6e10c7ea7b9948a1b9f5b622d25fe2df - - - -] 10.0.0.66 "DELETE /v2.0/networks/badfe8be-c8a8-4126-8560-55ce32d42f5f HTTP/1.1" status: 204 len: 168 time: 0.6372247
2026-05-12 07:04:42.078 9 INFO neutron.db.ovn_revision_numbers_db [None req-84023557-fe99-49c2-85b7-7ca842c81a6b eb6609e0220b4604b3e676946760858f b9e572cd022844ef802bb08079d29030 - - default default] Successfully bumped revision number for resource 0c2a6c10-29bd-4ba1-bdc5-f2371d66c464 (type: security_groups) to 1
2026-05-12 07:04:42.111 9 INFO neutron.wsgi [None req-84023557-fe99-49c2-85b7-7ca842c81a6b eb6609e0220b4604b3e676946760858f b9e572cd022844ef802bb08079d29030 - - default default] 10.0.0.66 "GET /v2.0/security-groups?tenant_id=93bbcd5b8fda48f0ae10ba5b7b891e6e&name=default HTTP/1.1" status: 200 len: 2996 time: 0.2803047
2026-05-12 07:04:42.241 10 WARNING neutron.scheduler.dhcp_agent_scheduler [None req-c2234559-b7c6-4e14-aa56-22c5d81f61d5 eb6609e0220b4604b3e676946760858f b9e572cd022844ef802bb08079d29030 - - - -] No more DHCP agents
2026-05-12 07:04:42.245 10 WARNING neutron.api.rpc.agentnotifiers.dhcp_rpc_agent_api [None req-c2234559-b7c6-4e14-aa56-22c5d81f61d5 eb6609e0220b4604b3e676946760858f b9e572cd022844ef802bb08079d29030 - - - -] Unable to schedule network 1d0a23dd-8221-49dc-89a6-2a51fcb8cf95: no agents available; will retry on subsequent port and subnet creation events.
2026-05-12 07:04:42.324 9 INFO neutron.wsgi [None req-028f50c3-7821-4a04-b73e-5376c7fe841d eb6609e0220b4604b3e676946760858f b9e572cd022844ef802bb08079d29030 - - - -] 10.0.0.66 "DELETE /v2.0/security-groups/0c2a6c10-29bd-4ba1-bdc5-f2371d66c464 HTTP/1.1" status: 204 len: 168 time: 0.2069051
2026-05-12 07:04:42.577 9 INFO neutron.db.ovn_revision_numbers_db [None req-1916c1f7-13dc-48f9-9ca2-b3326bfb1ca7 eb6609e0220b4604b3e676946760858f b9e572cd022844ef802bb08079d29030 - - default default] Successfully bumped revision number for resource bb08603e-6b5c-44a1-9961-10f0e5cfb5db (type: security_groups) to 1
2026-05-12 07:04:42.610 9 INFO neutron.wsgi [None req-1916c1f7-13dc-48f9-9ca2-b3326bfb1ca7 eb6609e0220b4604b3e676946760858f b9e572cd022844ef802bb08079d29030 - - default default] 10.0.0.66 "GET /v2.0/security-groups?tenant_id=c8b36af512ea400a9ebff20e84fd19bf&name=default HTTP/1.1" status: 200 len: 2996 time: 0.1320202
2026-05-12 07:04:42.784 10 INFO neutron.wsgi [None req-079045dc-229f-44cf-a191-3780bb819200 eb6609e0220b4604b3e676946760858f b9e572cd022844ef802bb08079d29030 - - default default] 10.0.0.66 "GET /v2.0/security-groups?tenant_id=6e10c7ea7b9948a1b9f5b622d25fe2df&name=default HTTP/1.1" status: 200 len: 2996 time: 0.2311316
2026-05-12 07:04:42.807 10 INFO neutron.db.ovn_revision_numbers_db [None req-c2234559-b7c6-4e14-aa56-22c5d81f61d5 eb6609e0220b4604b3e676946760858f b9e572cd022844ef802bb08079d29030 - - - -] Successfully bumped revision number for resource 37c0e157-a518-448a-8037-d98715c3cc65 (type: ports) to 2
2026-05-12 07:04:42.823 9 INFO neutron.wsgi [None req-b8a848bb-67ab-4e44-9b67-3902b8598c0c eb6609e0220b4604b3e676946760858f b9e572cd022844ef802bb08079d29030 - - - -] 10.0.0.66 "DELETE /v2.0/security-groups/bb08603e-6b5c-44a1-9961-10f0e5cfb5db HTTP/1.1" status: 204 len: 168 time: 0.2069123
2026-05-12 07:04:42.832 10 INFO neutron.db.ovn_revision_numbers_db [None req-c2234559-b7c6-4e14-aa56-22c5d81f61d5 eb6609e0220b4604b3e676946760858f b9e572cd022844ef802bb08079d29030 - - - -] Successfully bumped revision number for resource a3bbdae2-e939-4fcc-9040-b4bae2113924 (type: subnets) to 0
2026-05-12 07:04:42.855 10 INFO neutron.wsgi [None req-c2234559-b7c6-4e14-aa56-22c5d81f61d5 eb6609e0220b4604b3e676946760858f b9e572cd022844ef802bb08079d29030 - - - -] 10.0.0.66 "POST /v2.0/subnets HTTP/1.1" status: 201 len: 862 time: 0.8288231
2026-05-12 07:04:43.011 9 INFO neutron.wsgi [None req-b883c344-d6e7-4b9a-9ebf-424d8ee7f04c eb6609e0220b4604b3e676946760858f b9e572cd022844ef802bb08079d29030 - - - -] 10.0.0.66 "DELETE /v2.0/security-groups/37c7ef0c-c811-443e-8faf-9e2bd19ef377 HTTP/1.1" status: 204 len: 168 time: 0.2192247
2026-05-12 07:04:43.410 10 WARNING neutron.scheduler.dhcp_agent_scheduler [None req-c78fd579-1937-4e03-9382-b943386f039e eb6609e0220b4604b3e676946760858f b9e572cd022844ef802bb08079d29030 - - - -] No more DHCP agents
2026-05-12 07:04:43.413 10 WARNING neutron.api.rpc.agentnotifiers.dhcp_rpc_agent_api [None req-c78fd579-1937-4e03-9382-b943386f039e eb6609e0220b4604b3e676946760858f b9e572cd022844ef802bb08079d29030 - - - -] Unable to schedule network a9edea5a-1275-42ba-a7a8-7500bf60cf40: no agents available; will retry on subsequent port and subnet creation events.
2026-05-12 07:04:43.599 10 INFO neutron.db.ovn_revision_numbers_db [None req-c78fd579-1937-4e03-9382-b943386f039e eb6609e0220b4604b3e676946760858f b9e572cd022844ef802bb08079d29030 - - - -] Successfully bumped revision number for resource e86819cd-f789-45df-940c-71aeb1f8bb07 (type: ports) to 1
2026-05-12 07:04:44.216 9 INFO neutron.plugins.ml2.drivers.ovn.mech_driver.mech_driver [None req-ee3f4d76-0ba3-4096-b2a3-140b9f36852c - - - - - -] OVN reports status up for port: e86819cd-f789-45df-940c-71aeb1f8bb07
2026-05-12 07:04:44.225 9 INFO neutron.plugins.ml2.drivers.ovn.mech_driver.ovsdb.ovsdb_monitor [None req-18cbccb7-0f30-40fd-ac8d-9d9487c9fa59 - - - - - -] Router eb0fbe48-accd-4eaf-81a6-d5c7c59ebaa9 is bound to host instance
2026-05-12 07:04:44.227 10 INFO neutron.db.ovn_revision_numbers_db [None req-c78fd579-1937-4e03-9382-b943386f039e eb6609e0220b4604b3e676946760858f b9e572cd022844ef802bb08079d29030 - - - -] Successfully bumped revision number for resource e86819cd-f789-45df-940c-71aeb1f8bb07 (type: router_ports) to 1
2026-05-12 07:04:44.248 9 INFO neutron.plugins.ml2.plugin [None req-ee3f4d76-0ba3-4096-b2a3-140b9f36852c - - - - - -] Attempt 1 to provision port e86819cd-f789-45df-940c-71aeb1f8bb07
2026-05-12 07:04:44.304 10 INFO neutron.db.ovn_revision_numbers_db [None req-c78fd579-1937-4e03-9382-b943386f039e eb6609e0220b4604b3e676946760858f b9e572cd022844ef802bb08079d29030 - - - -] Successfully bumped revision number for resource eb0fbe48-accd-4eaf-81a6-d5c7c59ebaa9 (type: routers) to 3
2026-05-12 07:04:44.319 10 INFO neutron.wsgi [None req-c78fd579-1937-4e03-9382-b943386f039e eb6609e0220b4604b3e676946760858f b9e572cd022844ef802bb08079d29030 - - - -] 10.0.0.66 "POST /v2.0/routers HTTP/1.1" status: 201 len: 873 time: 1.4587834
2026-05-12 07:04:44.777 9 INFO neutron.db.ovn_revision_numbers_db [None req-18cbccb7-0f30-40fd-ac8d-9d9487c9fa59 - - - - - -] Successfully bumped revision number for resource e86819cd-f789-45df-940c-71aeb1f8bb07 (type: ports) to 1
2026-05-12 07:04:45.001 9 INFO neutron.db.ovn_revision_numbers_db [None req-18cbccb7-0f30-40fd-ac8d-9d9487c9fa59 - - - - - -] Successfully bumped revision number for resource e86819cd-f789-45df-940c-71aeb1f8bb07 (type: router_ports) to 3
2026-05-12 07:04:45.145 9 INFO neutron.db.ovn_revision_numbers_db [None req-18cbccb7-0f30-40fd-ac8d-9d9487c9fa59 - - - - - -] Successfully bumped revision number for resource e86819cd-f789-45df-940c-71aeb1f8bb07 (type: ports) to 2
2026-05-12 07:04:45.150 10 INFO neutron.db.ovn_revision_numbers_db [None req-15bd3bff-9604-4ea0-bc06-b5cb44f62c43 eb6609e0220b4604b3e676946760858f b9e572cd022844ef802bb08079d29030 - - default default] Successfully bumped revision number for resource 94f8f950-90f5-46c4-a9b4-e979331d6c8e (type: security_groups) to 1
2026-05-12 07:04:45.196 10 INFO neutron.wsgi [None req-15bd3bff-9604-4ea0-bc06-b5cb44f62c43 eb6609e0220b4604b3e676946760858f b9e572cd022844ef802bb08079d29030 - - default default] 10.0.0.66 "GET /v2.0/security-groups?tenant_id=3e17ca12eba7457fad4da737de888ae4&name=default HTTP/1.1" status: 200 len: 2996 time: 0.3165953
2026-05-12 07:04:45.257 10 WARNING neutron.scheduler.dhcp_agent_scheduler [None req-d4c64a57-b69f-478b-8c9c-53a1a710c888 eb6609e0220b4604b3e676946760858f b9e572cd022844ef802bb08079d29030 - - default default] No more DHCP agents
2026-05-12 07:04:45.262 10 WARNING neutron.api.rpc.agentnotifiers.dhcp_rpc_agent_api [None req-d4c64a57-b69f-478b-8c9c-53a1a710c888 eb6609e0220b4604b3e676946760858f b9e572cd022844ef802bb08079d29030 - - default default] Unable to schedule network 1d0a23dd-8221-49dc-89a6-2a51fcb8cf95: no agents available; will retry on subsequent port and subnet creation events.
2026-05-12 07:04:45.296 10 INFO neutron.db.ovn_revision_numbers_db [None req-4e93cbfb-0b1d-46dd-824a-f6081e88ca8f daf59f9a69674fc08260867b5e3310f1 5a27aef5780345aeb0faf362f5616b5c - - - -] Successfully bumped revision number for resource 63c74627-33ee-4a82-a8ad-95dbb20891bb (type: security_groups) to 1
2026-05-12 07:04:45.376 10 INFO neutron.db.segments_db [None req-4e93cbfb-0b1d-46dd-824a-f6081e88ca8f daf59f9a69674fc08260867b5e3310f1 5a27aef5780345aeb0faf362f5616b5c - - - -] Added segment 6a17f85b-5ae0-42de-a52e-841bd064e676 of type geneve for network 058349de-24c0-4b04-b6e6-ee0b821f5aa4
2026-05-12 07:04:45.567 10 INFO neutron.db.ovn_revision_numbers_db [None req-4e93cbfb-0b1d-46dd-824a-f6081e88ca8f daf59f9a69674fc08260867b5e3310f1 5a27aef5780345aeb0faf362f5616b5c - - - -] Successfully bumped revision number for resource 058349de-24c0-4b04-b6e6-ee0b821f5aa4 (type: networks) to 1
2026-05-12 07:04:45.570 10 INFO neutron.db.ovn_revision_numbers_db [None req-d4c64a57-b69f-478b-8c9c-53a1a710c888 eb6609e0220b4604b3e676946760858f b9e572cd022844ef802bb08079d29030 - - default default] Successfully bumped revision number for resource 789d0889-f5f1-42bf-829b-6eadf5553e9a (type: ports) to 1
2026-05-12 07:04:45.653 9 INFO neutron.db.ovn_revision_numbers_db [None req-18cbccb7-0f30-40fd-ac8d-9d9487c9fa59 - - - - - -] Successfully bumped revision number for resource e86819cd-f789-45df-940c-71aeb1f8bb07 (type: ports) to 4
2026-05-12 07:04:45.676 10 INFO neutron.wsgi [None req-1c72e347-8363-4215-af60-94055f1366d4 eb6609e0220b4604b3e676946760858f b9e572cd022844ef802bb08079d29030 - - - -] 10.0.0.66 "DELETE /v2.0/security-groups/94f8f950-90f5-46c4-a9b4-e979331d6c8e HTTP/1.1" status: 204 len: 168 time: 0.4741337
2026-05-12 07:04:45.853 10 WARNING neutron.scheduler.dhcp_agent_scheduler [None req-4e93cbfb-0b1d-46dd-824a-f6081e88ca8f daf59f9a69674fc08260867b5e3310f1 5a27aef5780345aeb0faf362f5616b5c - - - -] No more DHCP agents
2026-05-12 07:04:45.855 10 WARNING neutron.api.rpc.agentnotifiers.dhcp_rpc_agent_api [None req-4e93cbfb-0b1d-46dd-824a-f6081e88ca8f daf59f9a69674fc08260867b5e3310f1 5a27aef5780345aeb0faf362f5616b5c - - - -] Unable to schedule network 058349de-24c0-4b04-b6e6-ee0b821f5aa4: no agents available; will retry on subsequent port and subnet creation events.
2026-05-12 07:04:45.967 9 INFO neutron.db.ovn_revision_numbers_db [None req-18cbccb7-0f30-40fd-ac8d-9d9487c9fa59 - - - - - -] Successfully bumped revision number for resource e86819cd-f789-45df-940c-71aeb1f8bb07 (type: router_ports) to 4
2026-05-12 07:04:46.003 10 INFO neutron.db.ovn_revision_numbers_db [None req-4e93cbfb-0b1d-46dd-824a-f6081e88ca8f daf59f9a69674fc08260867b5e3310f1 5a27aef5780345aeb0faf362f5616b5c - - - -] Successfully bumped revision number for resource bc9d173e-f73d-4c24-a2bc-ba61aeea69af (type: ports) to 1
2026-05-12 07:04:46.039 9 INFO neutron.db.ovn_revision_numbers_db [None req-90d426f9-eca2-4ee7-91d2-22b00cc2a1f8 eb6609e0220b4604b3e676946760858f b9e572cd022844ef802bb08079d29030 - - default default] Successfully bumped revision number for resource 122f2fc3-21ff-4691-9a63-c9f2acd3dcf9 (type: security_groups) to 1
2026-05-12 07:04:46.062 10 INFO neutron.wsgi [None req-4e93cbfb-0b1d-46dd-824a-f6081e88ca8f daf59f9a69674fc08260867b5e3310f1 5a27aef5780345aeb0faf362f5616b5c - - - -] 10.0.0.66 "POST /v2.0/networks HTTP/1.1" status: 201 len: 848 time: 1.1739998
2026-05-12 07:04:46.065 9 INFO neutron.wsgi [None req-90d426f9-eca2-4ee7-91d2-22b00cc2a1f8 eb6609e0220b4604b3e676946760858f b9e572cd022844ef802bb08079d29030 - - default default] 10.0.0.66 "GET /v2.0/security-groups?tenant_id=9cb2ab96567947e58b4577a7cbbe6114&name=default HTTP/1.1" status: 200 len: 2996 time: 0.2187712
2026-05-12 07:04:46.217 10 INFO neutron.plugins.ml2.drivers.ovn.mech_driver.mech_driver [None req-08057539-665d-4047-884f-b9d8c95b934b - - - - - -] OVN reports status up for port: 789d0889-f5f1-42bf-829b-6eadf5553e9a
2026-05-12 07:04:46.226 10 INFO neutron.db.ovn_revision_numbers_db [None req-d4c64a57-b69f-478b-8c9c-53a1a710c888 eb6609e0220b4604b3e676946760858f b9e572cd022844ef802bb08079d29030 - - default default] Successfully bumped revision number for resource 789d0889-f5f1-42bf-829b-6eadf5553e9a (type: router_ports) to 2
2026-05-12 07:04:46.229 10 INFO neutron.plugins.ml2.plugin [None req-08057539-665d-4047-884f-b9d8c95b934b - - - - - -] Attempt 1 to provision port 789d0889-f5f1-42bf-829b-6eadf5553e9a
2026-05-12 07:04:46.376 9 INFO neutron.wsgi [None req-40828c3b-49df-4b89-9f14-7b220c68f2cc eb6609e0220b4604b3e676946760858f b9e572cd022844ef802bb08079d29030 - - - -] 10.0.0.66 "DELETE /v2.0/security-groups/122f2fc3-21ff-4691-9a63-c9f2acd3dcf9 HTTP/1.1" status: 204 len: 168 time: 0.3021655
2026-05-12 07:04:46.403 9 WARNING neutron.scheduler.dhcp_agent_scheduler [None req-58448a62-ddb8-41d8-a2c7-674b8cf478a9 daf59f9a69674fc08260867b5e3310f1 5a27aef5780345aeb0faf362f5616b5c - - - -] No more DHCP agents
2026-05-12 07:04:46.406 9 WARNING neutron.api.rpc.agentnotifiers.dhcp_rpc_agent_api [None req-58448a62-ddb8-41d8-a2c7-674b8cf478a9 daf59f9a69674fc08260867b5e3310f1 5a27aef5780345aeb0faf362f5616b5c - - - -] Unable to schedule network 058349de-24c0-4b04-b6e6-ee0b821f5aa4: no agents available; will retry on subsequent port and subnet creation events.
2026-05-12 07:04:46.452 10 INFO neutron.db.ovn_revision_numbers_db [None req-d4c64a57-b69f-478b-8c9c-53a1a710c888 eb6609e0220b4604b3e676946760858f b9e572cd022844ef802bb08079d29030 - - default default] Successfully bumped revision number for resource 789d0889-f5f1-42bf-829b-6eadf5553e9a (type: ports) to 2
2026-05-12 07:04:46.477 9 INFO neutron.db.ovn_revision_numbers_db [None req-58448a62-ddb8-41d8-a2c7-674b8cf478a9 daf59f9a69674fc08260867b5e3310f1 5a27aef5780345aeb0faf362f5616b5c - - - -] Successfully bumped revision number for resource d0de638e-f7bd-44c4-88e1-5decefd09199 (type: ports) to 1
2026-05-12 07:04:46.501 9 INFO neutron.wsgi [None req-58448a62-ddb8-41d8-a2c7-674b8cf478a9 daf59f9a69674fc08260867b5e3310f1 5a27aef5780345aeb0faf362f5616b5c - - - -] 10.0.0.66 "POST /v2.0/ports HTTP/1.1" status: 201 len: 976 time: 0.4335618 /var/lib/openstack/lib/python3.10/site-packages/pycadf/identifier.py:71: UserWarning: Invalid uuid: neutron. To ensure interoperability, identifiers should be a valid uuid. warnings.warn(('Invalid uuid: %s. To ensure interoperability, '
2026-05-12 07:04:46.561 10 WARNING neutron.scheduler.dhcp_agent_scheduler [None req-d4c64a57-b69f-478b-8c9c-53a1a710c888 eb6609e0220b4604b3e676946760858f b9e572cd022844ef802bb08079d29030 - - default default] No more DHCP agents
2026-05-12 07:04:46.563 10 WARNING neutron.api.rpc.agentnotifiers.dhcp_rpc_agent_api [None req-d4c64a57-b69f-478b-8c9c-53a1a710c888 eb6609e0220b4604b3e676946760858f b9e572cd022844ef802bb08079d29030 - - default default] Unable to schedule network 1d0a23dd-8221-49dc-89a6-2a51fcb8cf95: no agents available; will retry on subsequent port and subnet creation events.
2026-05-12 07:04:46.569 10 INFO neutron.db.ovn_revision_numbers_db [None req-08057539-665d-4047-884f-b9d8c95b934b - - - - - -] Successfully bumped revision number for resource 789d0889-f5f1-42bf-829b-6eadf5553e9a (type: ports) to 3
2026-05-12 07:04:46.602 9 INFO neutron.db.segments_db [None req-064d5443-a107-4ac0-bc7d-8aa0362b41da daf59f9a69674fc08260867b5e3310f1 5a27aef5780345aeb0faf362f5616b5c - - - -] Added segment f80dc147-029e-46b8-8ad8-7ef65441ec74 of type geneve for network 94cf3bf5-fae2-40cb-99cb-928e0c69a7ce
2026-05-12 07:04:46.714 9 INFO neutron.db.ovn_revision_numbers_db [None req-064d5443-a107-4ac0-bc7d-8aa0362b41da daf59f9a69674fc08260867b5e3310f1 5a27aef5780345aeb0faf362f5616b5c - - - -] Successfully bumped revision number for resource 94cf3bf5-fae2-40cb-99cb-928e0c69a7ce (type: networks) to 1
2026-05-12 07:04:46.733 10 INFO neutron.db.ovn_revision_numbers_db [None req-08057539-665d-4047-884f-b9d8c95b934b - - - - - -] Successfully bumped revision number for resource 789d0889-f5f1-42bf-829b-6eadf5553e9a (type: router_ports) to 3
2026-05-12 07:04:46.895 9 WARNING neutron.scheduler.dhcp_agent_scheduler [None req-064d5443-a107-4ac0-bc7d-8aa0362b41da daf59f9a69674fc08260867b5e3310f1 5a27aef5780345aeb0faf362f5616b5c - - - -] No more DHCP agents
