2026-05-12 07:04:15.712 9 INFO neutron.db.ovn_revision_numbers_db [None req-79457663-e725-4872-a635-133ca11e68c1 d3474c55c7c342e9b9325f882dff1ff9 abb52a07f1ff4a0aa027ea9bc8c07484 - - - -] Successfully bumped revision number for resource 1f537a3a-ce39-487a-8e1d-23998cff2d03 (type: networks) to 1
2026-05-12 07:04:15.809 10 INFO neutron.wsgi [None req-433082d0-d283-4065-9d58-e68ca2386d3b 0d7f303b532d4bc9bc233fc9bd89370f 11cb8fe7e8ab4107af3aa1275f0819e8 - - - -] 10.0.0.66 "DELETE /v2.0/subnets/79df2bb9-5d84-412a-92fb-b7afb91fe7c2 HTTP/1.1" status: 204 len: 168 time: 0.1772215
2026-05-12 07:04:15.941 9 WARNING neutron.scheduler.dhcp_agent_scheduler [None req-79457663-e725-4872-a635-133ca11e68c1 d3474c55c7c342e9b9325f882dff1ff9 abb52a07f1ff4a0aa027ea9bc8c07484 - - - -] No more DHCP agents
2026-05-12 07:04:15.942 9 WARNING neutron.api.rpc.agentnotifiers.dhcp_rpc_agent_api [None req-79457663-e725-4872-a635-133ca11e68c1 d3474c55c7c342e9b9325f882dff1ff9 abb52a07f1ff4a0aa027ea9bc8c07484 - - - -] Unable to schedule network 1f537a3a-ce39-487a-8e1d-23998cff2d03: no agents available; will retry on subsequent port and subnet creation events.
2026-05-12 07:04:16.055 9 INFO neutron.db.ovn_revision_numbers_db [None req-79457663-e725-4872-a635-133ca11e68c1 d3474c55c7c342e9b9325f882dff1ff9 abb52a07f1ff4a0aa027ea9bc8c07484 - - - -] Successfully bumped revision number for resource e0f4d40f-047e-449d-87fd-e16182b0f85a (type: ports) to 1
2026-05-12 07:04:16.098 9 INFO neutron.wsgi [None req-79457663-e725-4872-a635-133ca11e68c1 d3474c55c7c342e9b9325f882dff1ff9 abb52a07f1ff4a0aa027ea9bc8c07484 - - - -] 10.0.0.66 "POST /v2.0/networks HTTP/1.1" status: 201 len: 844 time: 0.9397917
2026-05-12 07:04:16.391 10 INFO neutron.services.segments.plugin [-] Segment bac6582e-366f-42aa-936c-7f7bf31d50b5 resource provider aggregate not found
2026-05-12 07:04:16.406 10 INFO neutron.services.segments.plugin [-] Segment bac6582e-366f-42aa-936c-7f7bf31d50b5 resource provider not found; error: Placement Client Error (4xx): {"errors": [{"status": 404, "title": "Not Found", "detail": "The resource could not be found.\n\n No resource provider with uuid bac6582e-366f-42aa-936c-7f7bf31d50b5 found for delete ", "request_id": "req-7d388f8b-ef0c-49cc-9e96-04a4730a0423"}]}
2026-05-12 07:04:16.420 10 INFO neutron.wsgi [None req-26e31da7-7d54-4979-8b0e-c28e36e9e8ed 0d7f303b532d4bc9bc233fc9bd89370f 11cb8fe7e8ab4107af3aa1275f0819e8 - - - -] 10.0.0.66 "DELETE /v2.0/networks/cf7b0000-5e01-4855-93a3-5ff50e5d9033 HTTP/1.1" status: 204 len: 168 time: 0.6048770
2026-05-12 07:04:16.450 10 INFO neutron.services.segments.plugin [-] Segment bac6582e-366f-42aa-936c-7f7bf31d50b5 resource provider aggregate not found
2026-05-12 07:04:16.459 9 WARNING neutron.scheduler.dhcp_agent_scheduler [None req-15ab4d86-4af9-479f-9326-9b28aa892684 d3474c55c7c342e9b9325f882dff1ff9 abb52a07f1ff4a0aa027ea9bc8c07484 - - - -] No more DHCP agents
2026-05-12 07:04:16.462 9 WARNING neutron.api.rpc.agentnotifiers.dhcp_rpc_agent_api [None req-15ab4d86-4af9-479f-9326-9b28aa892684 d3474c55c7c342e9b9325f882dff1ff9 abb52a07f1ff4a0aa027ea9bc8c07484 - - - -] Unable to schedule network 1f537a3a-ce39-487a-8e1d-23998cff2d03: no agents available; will retry on subsequent port and subnet creation events.
2026-05-12 07:04:16.468 10 INFO neutron.services.segments.plugin [-] Segment bac6582e-366f-42aa-936c-7f7bf31d50b5 resource provider not found; error: Placement Client Error (4xx): {"errors": [{"status": 404, "title": "Not Found", "detail": "The resource could not be found.\n\n No resource provider with uuid bac6582e-366f-42aa-936c-7f7bf31d50b5 found for delete ", "request_id": "req-0b8338e0-8116-4a2f-80a4-5c3c48cdc736"}]}
2026-05-12 07:04:16.522 10 INFO neutron.db.segments_db [None req-0cfa1946-68ea-4cdd-91ed-214b20abebdc 0d7f303b532d4bc9bc233fc9bd89370f 11cb8fe7e8ab4107af3aa1275f0819e8 - - - -] Added segment 7fed5797-ee3a-4e3c-959d-a1bd87226bb7 of type geneve for network 7eddf52b-fe7c-4165-ade2-16cf116babeb
2026-05-12 07:04:16.531 9 INFO neutron.db.ovn_revision_numbers_db [None req-15ab4d86-4af9-479f-9326-9b28aa892684 d3474c55c7c342e9b9325f882dff1ff9 abb52a07f1ff4a0aa027ea9bc8c07484 - - - -] Successfully bumped revision number for resource eb825f5d-7156-4c39-8adf-234844d64e0b (type: ports) to 1
2026-05-12 07:04:16.553 9 INFO neutron.wsgi [None req-15ab4d86-4af9-479f-9326-9b28aa892684 d3474c55c7c342e9b9325f882dff1ff9 abb52a07f1ff4a0aa027ea9bc8c07484 - - - -] 10.0.0.66 "POST /v2.0/ports HTTP/1.1" status: 201 len: 974 time: 0.4481275 /var/lib/openstack/lib/python3.10/site-packages/pycadf/identifier.py:71: UserWarning: Invalid uuid: neutron. To ensure interoperability, identifiers should be a valid uuid. warnings.warn(('Invalid uuid: %s. To ensure interoperability, '
2026-05-12 07:04:16.676 9 INFO neutron.db.segments_db [None req-3f0db848-e727-43fb-bd03-6001192672b3 d3474c55c7c342e9b9325f882dff1ff9 abb52a07f1ff4a0aa027ea9bc8c07484 - - - -] Added segment 4d2278f4-f8f3-4a0d-acee-f2e9ecf7b929 of type geneve for network 360c032d-43b4-4cef-a900-ca1d62cc8902
2026-05-12 07:04:16.685 10 INFO neutron.db.ovn_revision_numbers_db [None req-0cfa1946-68ea-4cdd-91ed-214b20abebdc 0d7f303b532d4bc9bc233fc9bd89370f 11cb8fe7e8ab4107af3aa1275f0819e8 - - - -] Successfully bumped revision number for resource 7eddf52b-fe7c-4165-ade2-16cf116babeb (type: networks) to 1
2026-05-12 07:04:16.823 9 INFO neutron.db.ovn_revision_numbers_db [None req-3f0db848-e727-43fb-bd03-6001192672b3 d3474c55c7c342e9b9325f882dff1ff9 abb52a07f1ff4a0aa027ea9bc8c07484 - - - -] Successfully bumped revision number for resource 360c032d-43b4-4cef-a900-ca1d62cc8902 (type: networks) to 1
2026-05-12 07:04:16.906 10 WARNING neutron.scheduler.dhcp_agent_scheduler [None req-0cfa1946-68ea-4cdd-91ed-214b20abebdc 0d7f303b532d4bc9bc233fc9bd89370f 11cb8fe7e8ab4107af3aa1275f0819e8 - - - -] No more DHCP agents
2026-05-12 07:04:16.910 10 WARNING neutron.api.rpc.agentnotifiers.dhcp_rpc_agent_api [None req-0cfa1946-68ea-4cdd-91ed-214b20abebdc 0d7f303b532d4bc9bc233fc9bd89370f 11cb8fe7e8ab4107af3aa1275f0819e8 - - - -] Unable to schedule network 7eddf52b-fe7c-4165-ade2-16cf116babeb: no agents available; will retry on subsequent port and subnet creation events.
2026-05-12 07:04:16.985 10 INFO neutron.db.ovn_revision_numbers_db [None req-0cfa1946-68ea-4cdd-91ed-214b20abebdc 0d7f303b532d4bc9bc233fc9bd89370f 11cb8fe7e8ab4107af3aa1275f0819e8 - - - -] Successfully bumped revision number for resource 47550b3b-d5bd-4327-b1dd-e825d264ea2e (type: ports) to 1
2026-05-12 07:04:17.006 10 INFO neutron.wsgi [None req-0cfa1946-68ea-4cdd-91ed-214b20abebdc 0d7f303b532d4bc9bc233fc9bd89370f 11cb8fe7e8ab4107af3aa1275f0819e8 - - - -] 10.0.0.66 "POST /v2.0/networks HTTP/1.1" status: 201 len: 833 time: 0.5777814
2026-05-12 07:04:17.063 9 WARNING neutron.scheduler.dhcp_agent_scheduler [None req-3f0db848-e727-43fb-bd03-6001192672b3 d3474c55c7c342e9b9325f882dff1ff9 abb52a07f1ff4a0aa027ea9bc8c07484 - - - -] No more DHCP agents
2026-05-12 07:04:17.065 9 WARNING neutron.api.rpc.agentnotifiers.dhcp_rpc_agent_api [None req-3f0db848-e727-43fb-bd03-6001192672b3 d3474c55c7c342e9b9325f882dff1ff9 abb52a07f1ff4a0aa027ea9bc8c07484 - - - -] Unable to schedule network 360c032d-43b4-4cef-a900-ca1d62cc8902: no agents available; will retry on subsequent port and subnet creation events.
2026-05-12 07:04:17.127 9 INFO neutron.db.ovn_revision_numbers_db [None req-3f0db848-e727-43fb-bd03-6001192672b3 d3474c55c7c342e9b9325f882dff1ff9 abb52a07f1ff4a0aa027ea9bc8c07484 - - - -] Successfully bumped revision number for resource f247de2d-ec7f-40a2-a1d2-0958aab328bb (type: ports) to 1
2026-05-12 07:04:17.148 9 INFO neutron.wsgi [None req-3f0db848-e727-43fb-bd03-6001192672b3 d3474c55c7c342e9b9325f882dff1ff9 abb52a07f1ff4a0aa027ea9bc8c07484 - - - -] 10.0.0.66 "POST /v2.0/networks HTTP/1.1" status: 201 len: 830 time: 0.5868053
2026-05-12 07:04:17.326 10 INFO neutron.db.ovn_revision_numbers_db [None req-e2f68ffa-0ee3-4186-9a21-2500199f9d10 eb6609e0220b4604b3e676946760858f b9e572cd022844ef802bb08079d29030 - - - -] Successfully bumped revision number for resource 6e20aa0b-68e2-4133-b665-a090630f9856 (type: security_groups) to 1
2026-05-12 07:04:17.380 10 WARNING neutron.scheduler.dhcp_agent_scheduler [None req-686f2b83-95b4-45ab-9479-fe868ef9b5ff 0d7f303b532d4bc9bc233fc9bd89370f 11cb8fe7e8ab4107af3aa1275f0819e8 - - - -] No more DHCP agents
2026-05-12 07:04:17.384 10 WARNING neutron.api.rpc.agentnotifiers.dhcp_rpc_agent_api [None req-686f2b83-95b4-45ab-9479-fe868ef9b5ff 0d7f303b532d4bc9bc233fc9bd89370f 11cb8fe7e8ab4107af3aa1275f0819e8 - - - -] Unable to schedule network 7eddf52b-fe7c-4165-ade2-16cf116babeb: no agents available; will retry on subsequent port and subnet creation events.
2026-05-12 07:04:17.404 10 INFO neutron.db.ovn_revision_numbers_db [None req-686f2b83-95b4-45ab-9479-fe868ef9b5ff 0d7f303b532d4bc9bc233fc9bd89370f 11cb8fe7e8ab4107af3aa1275f0819e8 - - - -] Successfully bumped revision number for resource 9ff073a1-53f2-4219-9631-7e835fe17a54 (type: subnets) to 0
2026-05-12 07:04:17.407 10 INFO neutron.db.segments_db [None req-e2f68ffa-0ee3-4186-9a21-2500199f9d10 eb6609e0220b4604b3e676946760858f b9e572cd022844ef802bb08079d29030 - - - -] Added segment c4993b77-328c-4bfd-91f3-20dbff6aa510 of type geneve for network bc826c4c-a445-4207-9d32-821b3a6b7f28
2026-05-12 07:04:17.430 10 INFO neutron.wsgi [None req-686f2b83-95b4-45ab-9479-fe868ef9b5ff 0d7f303b532d4bc9bc233fc9bd89370f 11cb8fe7e8ab4107af3aa1275f0819e8 - - - -] 10.0.0.66 "POST /v2.0/subnets HTTP/1.1" status: 201 len: 821 time: 0.4184804
2026-05-12 07:04:17.560 10 WARNING neutron.scheduler.dhcp_agent_scheduler [None req-462de509-ef3f-41a4-a836-5f3949c87070 d3474c55c7c342e9b9325f882dff1ff9 abb52a07f1ff4a0aa027ea9bc8c07484 - - - -] No more DHCP agents
2026-05-12 07:04:17.572 10 INFO neutron.db.ovn_revision_numbers_db [None req-e2f68ffa-0ee3-4186-9a21-2500199f9d10 eb6609e0220b4604b3e676946760858f b9e572cd022844ef802bb08079d29030 - - - -] Successfully bumped revision number for resource bc826c4c-a445-4207-9d32-821b3a6b7f28 (type: networks) to 1
2026-05-12 07:04:17.584 10 WARNING neutron.api.rpc.agentnotifiers.dhcp_rpc_agent_api [None req-462de509-ef3f-41a4-a836-5f3949c87070 d3474c55c7c342e9b9325f882dff1ff9 abb52a07f1ff4a0aa027ea9bc8c07484 - - - -] Unable to schedule network 360c032d-43b4-4cef-a900-ca1d62cc8902: no agents available; will retry on subsequent port and subnet creation events.
2026-05-12 07:04:17.656 9 INFO neutron.db.ovn_revision_numbers_db [None req-494b42d4-343e-4722-8fcc-14f96b44b275 0d7f303b532d4bc9bc233fc9bd89370f 11cb8fe7e8ab4107af3aa1275f0819e8 - - - -] Successfully bumped revision number for resource 3d942b6c-f6bd-48c9-ae2c-184d0da1cdbe (type: routers) to 1
2026-05-12 07:04:17.675 9 INFO neutron.wsgi [None req-494b42d4-343e-4722-8fcc-14f96b44b275 0d7f303b532d4bc9bc233fc9bd89370f 11cb8fe7e8ab4107af3aa1275f0819e8 - - - -] 10.0.0.66 "POST /v2.0/routers HTTP/1.1" status: 201 len: 690 time: 0.2393558
2026-05-12 07:04:17.949 9 INFO neutron.wsgi [-] 10.0.0.49 "GET / HTTP/1.1" status: 200 len: 246 time: 0.0018799
2026-05-12 07:04:17.952 9 INFO neutron.wsgi [-] 10.0.0.49 "GET / HTTP/1.1" status: 200 len: 246 time: 0.0024376
2026-05-12 07:04:18.082 10 WARNING neutron.scheduler.dhcp_agent_scheduler [None req-e2f68ffa-0ee3-4186-9a21-2500199f9d10 eb6609e0220b4604b3e676946760858f b9e572cd022844ef802bb08079d29030 - - - -] No more DHCP agents
2026-05-12 07:04:18.086 10 WARNING neutron.api.rpc.agentnotifiers.dhcp_rpc_agent_api [None req-e2f68ffa-0ee3-4186-9a21-2500199f9d10 eb6609e0220b4604b3e676946760858f b9e572cd022844ef802bb08079d29030 - - - -] Unable to schedule network bc826c4c-a445-4207-9d32-821b3a6b7f28: no agents available; will retry on subsequent port and subnet creation events.
2026-05-12 07:04:18.171 10 INFO neutron.db.ovn_revision_numbers_db [None req-e2f68ffa-0ee3-4186-9a21-2500199f9d10 eb6609e0220b4604b3e676946760858f b9e572cd022844ef802bb08079d29030 - - - -] Successfully bumped revision number for resource c40a8ff8-eaf4-4a3b-9ada-38716724bbe1 (type: ports) to 1
2026-05-12 07:04:18.181 9 WARNING neutron.scheduler.dhcp_agent_scheduler [None req-9c485e39-04e9-4d58-8a2f-5fa8655fc4c2 0d7f303b532d4bc9bc233fc9bd89370f 11cb8fe7e8ab4107af3aa1275f0819e8 - - default default] No more DHCP agents
2026-05-12 07:04:18.185 9 WARNING neutron.api.rpc.agentnotifiers.dhcp_rpc_agent_api [None req-9c485e39-04e9-4d58-8a2f-5fa8655fc4c2 0d7f303b532d4bc9bc233fc9bd89370f 11cb8fe7e8ab4107af3aa1275f0819e8 - - default default] Unable to schedule network 7eddf52b-fe7c-4165-ade2-16cf116babeb: no agents available; will retry on subsequent port and subnet creation events.
2026-05-12 07:04:18.197 10 INFO neutron.wsgi [None req-e2f68ffa-0ee3-4186-9a21-2500199f9d10 eb6609e0220b4604b3e676946760858f b9e572cd022844ef802bb08079d29030 - - - -] 10.0.0.66 "POST /v2.0/networks HTTP/1.1" status: 201 len: 947 time: 1.2632434
2026-05-12 07:04:18.335 9 INFO neutron.db.ovn_revision_numbers_db [None req-9c485e39-04e9-4d58-8a2f-5fa8655fc4c2 0d7f303b532d4bc9bc233fc9bd89370f 11cb8fe7e8ab4107af3aa1275f0819e8 - - default default] Successfully bumped revision number for resource d29d7b26-67d3-4e48-828a-249149710950 (type: ports) to 1
2026-05-12 07:04:18.437 10 INFO neutron.db.ovn_revision_numbers_db [None req-462de509-ef3f-41a4-a836-5f3949c87070 d3474c55c7c342e9b9325f882dff1ff9 abb52a07f1ff4a0aa027ea9bc8c07484 - - - -] Successfully bumped revision number for resource f247de2d-ec7f-40a2-a1d2-0958aab328bb (type: ports) to 2
2026-05-12 07:04:18.460 10 INFO neutron.db.ovn_revision_numbers_db [None req-462de509-ef3f-41a4-a836-5f3949c87070 d3474c55c7c342e9b9325f882dff1ff9 abb52a07f1ff4a0aa027ea9bc8c07484 - - - -] Successfully bumped revision number for resource 9ef87391-e183-48de-9df0-eb0762b5a05b (type: subnets) to 0
2026-05-12 07:04:18.477 10 INFO neutron.wsgi [None req-462de509-ef3f-41a4-a836-5f3949c87070 d3474c55c7c342e9b9325f882dff1ff9 abb52a07f1ff4a0aa027ea9bc8c07484 - - - -] 10.0.0.66 "POST /v2.0/subnets HTTP/1.1" status: 201 len: 801 time: 1.3211844
2026-05-12 07:04:18.525 9 WARNING neutron.scheduler.dhcp_agent_scheduler [None req-b53816bf-4f72-4d07-8ece-b5645580ea5b eb6609e0220b4604b3e676946760858f b9e572cd022844ef802bb08079d29030 - - - -] No more DHCP agents
2026-05-12 07:04:18.529 9 WARNING neutron.api.rpc.agentnotifiers.dhcp_rpc_agent_api [None req-b53816bf-4f72-4d07-8ece-b5645580ea5b eb6609e0220b4604b3e676946760858f b9e572cd022844ef802bb08079d29030 - - - -] Unable to schedule network bc826c4c-a445-4207-9d32-821b3a6b7f28: no agents available; will retry on subsequent port and subnet creation events.
2026-05-12 07:04:18.707 9 WARNING neutron.plugins.ml2.drivers.ovn.mech_driver.ovsdb.ovn_client [None req-ee3f4d76-0ba3-4096-b2a3-140b9f36852c - - - - - -] No port found with ID cc854256-6b8a-4bda-b9c3-573396eda5b3: RuntimeError: No port found with ID cc854256-6b8a-4bda-b9c3-573396eda5b3
2026-05-12 07:04:18.837 10 WARNING neutron.scheduler.dhcp_agent_scheduler [None req-29efbf39-f49e-4806-8efb-96dd9d4fd071 d3474c55c7c342e9b9325f882dff1ff9 abb52a07f1ff4a0aa027ea9bc8c07484 - - - -] No more DHCP agents
2026-05-12 07:04:18.841 10 WARNING neutron.api.rpc.agentnotifiers.dhcp_rpc_agent_api [None req-29efbf39-f49e-4806-8efb-96dd9d4fd071 d3474c55c7c342e9b9325f882dff1ff9 abb52a07f1ff4a0aa027ea9bc8c07484 - - - -] Unable to schedule network 360c032d-43b4-4cef-a900-ca1d62cc8902: no agents available; will retry on subsequent port and subnet creation events.
2026-05-12 07:04:18.855 9 INFO neutron.plugins.ml2.drivers.ovn.mech_driver.mech_driver [None req-ee3f4d76-0ba3-4096-b2a3-140b9f36852c - - - - - -] OVN reports status up for port: d29d7b26-67d3-4e48-828a-249149710950
2026-05-12 07:04:18.868 9 INFO neutron.db.ovn_revision_numbers_db [None req-9c485e39-04e9-4d58-8a2f-5fa8655fc4c2 0d7f303b532d4bc9bc233fc9bd89370f 11cb8fe7e8ab4107af3aa1275f0819e8 - - default default] Successfully bumped revision number for resource d29d7b26-67d3-4e48-828a-249149710950 (type: router_ports) to 2
2026-05-12 07:04:18.872 9 INFO neutron.plugins.ml2.plugin [None req-ee3f4d76-0ba3-4096-b2a3-140b9f36852c - - - - - -] Attempt 1 to provision port d29d7b26-67d3-4e48-828a-249149710950
2026-05-12 07:04:18.920 10 INFO neutron.db.ovn_revision_numbers_db [None req-288ae029-34d9-4f8b-9b9a-072c3a5140b0 eb6609e0220b4604b3e676946760858f b9e572cd022844ef802bb08079d29030 - - default default] Successfully bumped revision number for resource 60fba4ac-55b0-4de9-ba35-831247b11c4d (type: security_groups) to 1
2026-05-12 07:04:18.947 10 INFO neutron.wsgi [None req-288ae029-34d9-4f8b-9b9a-072c3a5140b0 eb6609e0220b4604b3e676946760858f b9e572cd022844ef802bb08079d29030 - - default default] 10.0.0.66 "GET /v2.0/security-groups?tenant_id=a72bb6ce01f04ace865389e975dacbba&name=default HTTP/1.1" status: 200 len: 2996 time: 0.3637464 /var/lib/openstack/lib/python3.10/site-packages/pycadf/identifier.py:71: UserWarning: Invalid uuid: neutron. To ensure interoperability, identifiers should be a valid uuid. warnings.warn(('Invalid uuid: %s. To ensure interoperability, '
2026-05-12 07:04:19.027 10 INFO neutron.db.ovn_revision_numbers_db [None req-29efbf39-f49e-4806-8efb-96dd9d4fd071 d3474c55c7c342e9b9325f882dff1ff9 abb52a07f1ff4a0aa027ea9bc8c07484 - - - -] Successfully bumped revision number for resource 58c4fa57-65e4-4346-8ba3-e30028d6f8f1 (type: ports) to 1
2026-05-12 07:04:19.071 10 INFO neutron.wsgi [None req-29efbf39-f49e-4806-8efb-96dd9d4fd071 d3474c55c7c342e9b9325f882dff1ff9 abb52a07f1ff4a0aa027ea9bc8c07484 - - - -] 10.0.0.66 "POST /v2.0/ports HTTP/1.1" status: 201 len: 1148 time: 0.5880129
2026-05-12 07:04:19.321 9 INFO neutron.db.ovn_revision_numbers_db [None req-9c485e39-04e9-4d58-8a2f-5fa8655fc4c2 0d7f303b532d4bc9bc233fc9bd89370f 11cb8fe7e8ab4107af3aa1275f0819e8 - - default default] Successfully bumped revision number for resource d29d7b26-67d3-4e48-828a-249149710950 (type: ports) to 2
2026-05-12 07:04:19.332 10 INFO neutron.wsgi [None req-b3456db3-885b-47fe-927e-fa03b5b417d6 eb6609e0220b4604b3e676946760858f b9e572cd022844ef802bb08079d29030 - - - -] 10.0.0.66 "DELETE /v2.0/security-groups/60fba4ac-55b0-4de9-ba35-831247b11c4d HTTP/1.1" status: 204 len: 168 time: 0.3651636
2026-05-12 07:04:19.483 9 WARNING neutron.scheduler.dhcp_agent_scheduler [None req-9c485e39-04e9-4d58-8a2f-5fa8655fc4c2 0d7f303b532d4bc9bc233fc9bd89370f 11cb8fe7e8ab4107af3aa1275f0819e8 - - default default] No more DHCP agents
2026-05-12 07:04:19.485 9 WARNING neutron.api.rpc.agentnotifiers.dhcp_rpc_agent_api [None req-9c485e39-04e9-4d58-8a2f-5fa8655fc4c2 0d7f303b532d4bc9bc233fc9bd89370f 11cb8fe7e8ab4107af3aa1275f0819e8 - - default default] Unable to schedule network 7eddf52b-fe7c-4165-ade2-16cf116babeb: no agents available; will retry on subsequent port and subnet creation events.
2026-05-12 07:04:19.514 10 INFO neutron.wsgi [None req-b917d007-9283-4299-b075-d9c58229f34f d3474c55c7c342e9b9325f882dff1ff9 abb52a07f1ff4a0aa027ea9bc8c07484 - - - -] 10.0.0.66 "DELETE /v2.0/ports/58c4fa57-65e4-4346-8ba3-e30028d6f8f1 HTTP/1.1" status: 204 len: 168 time: 0.4375396
2026-05-12 07:04:19.548 10 INFO neutron.pecan_wsgi.hooks.translation [None req-5cae7d80-19b4-45ba-b217-593537af6a75 d3474c55c7c342e9b9325f882dff1ff9 abb52a07f1ff4a0aa027ea9bc8c07484 - - - -] DELETE failed (client error): The resource could not be found.
2026-05-12 07:04:19.552 10 INFO neutron.wsgi [None req-5cae7d80-19b4-45ba-b217-593537af6a75 d3474c55c7c342e9b9325f882dff1ff9 abb52a07f1ff4a0aa027ea9bc8c07484 - - - -] 10.0.0.66 "DELETE /v2.0/ports/58c4fa57-65e4-4346-8ba3-e30028d6f8f1 HTTP/1.1" status: 404 len: 333 time: 0.0274973
2026-05-12 07:04:19.579 10 INFO neutron.pecan_wsgi.hooks.translation [None req-1e0e9595-de98-46c9-a0bf-d92d8c989a3f d3474c55c7c342e9b9325f882dff1ff9 abb52a07f1ff4a0aa027ea9bc8c07484 - - default default] GET failed (client error): The resource could not be found.
2026-05-12 07:04:19.581 10 INFO neutron.wsgi [None req-1e0e9595-de98-46c9-a0bf-d92d8c989a3f d3474c55c7c342e9b9325f882dff1ff9 abb52a07f1ff4a0aa027ea9bc8c07484 - - default default] 10.0.0.66 "GET /v2.0/ports/58c4fa57-65e4-4346-8ba3-e30028d6f8f1 HTTP/1.1" status: 404 len: 333 time: 0.0223701
2026-05-12 07:04:19.604 9 INFO neutron.db.ovn_revision_numbers_db [None req-b53816bf-4f72-4d07-8ece-b5645580ea5b eb6609e0220b4604b3e676946760858f b9e572cd022844ef802bb08079d29030 - - - -] Successfully bumped revision number for resource c40a8ff8-eaf4-4a3b-9ada-38716724bbe1 (type: ports) to 2
2026-05-12 07:04:19.629 10 INFO neutron.db.ovn_revision_numbers_db [None req-825ef791-773b-49e8-8a62-6eed3f810957 eb6609e0220b4604b3e676946760858f b9e572cd022844ef802bb08079d29030 - - default default] Successfully bumped revision number for resource 3b92a539-1071-48b5-bc00-27e1808d7e07 (type: security_groups) to 1
2026-05-12 07:04:19.647 9 INFO neutron.db.ovn_revision_numbers_db [None req-b53816bf-4f72-4d07-8ece-b5645580ea5b eb6609e0220b4604b3e676946760858f b9e572cd022844ef802bb08079d29030 - - - -] Successfully bumped revision number for resource 72834df1-0d81-4927-939e-f93fb74a097a (type: subnets) to 0
2026-05-12 07:04:19.656 9 INFO neutron.db.ovn_revision_numbers_db [None req-ee3f4d76-0ba3-4096-b2a3-140b9f36852c - - - - - -] Successfully bumped revision number for resource d29d7b26-67d3-4e48-828a-249149710950 (type: ports) to 3
2026-05-12 07:04:19.663 10 INFO neutron.wsgi [None req-825ef791-773b-49e8-8a62-6eed3f810957 eb6609e0220b4604b3e676946760858f b9e572cd022844ef802bb08079d29030 - - default default] 10.0.0.66 "GET /v2.0/security-groups?tenant_id=94989b4c3f28472d9ef2329073d5965c&name=default HTTP/1.1" status: 200 len: 2996 time: 0.1875367
2026-05-12 07:04:19.665 9 INFO neutron.wsgi [None req-b53816bf-4f72-4d07-8ece-b5645580ea5b eb6609e0220b4604b3e676946760858f b9e572cd022844ef802bb08079d29030 - - - -] 10.0.0.66 "POST /v2.0/subnets HTTP/1.1" status: 201 len: 867 time: 1.4591053
2026-05-12 07:04:19.775 9 INFO neutron.db.ovn_revision_numbers_db [None req-9c485e39-04e9-4d58-8a2f-5fa8655fc4c2 0d7f303b532d4bc9bc233fc9bd89370f 11cb8fe7e8ab4107af3aa1275f0819e8 - - - -] Successfully bumped revision number for resource d29d7b26-67d3-4e48-828a-249149710950 (type: router_ports) to 3
2026-05-12 07:04:19.778 9 INFO neutron.wsgi [None req-9c485e39-04e9-4d58-8a2f-5fa8655fc4c2 0d7f303b532d4bc9bc233fc9bd89370f 11cb8fe7e8ab4107af3aa1275f0819e8 - - - -] 10.0.0.66 "PUT /v2.0/routers/3d942b6c-f6bd-48c9-ae2c-184d0da1cdbe/add_router_interface HTTP/1.1" status: 200 len: 503 time: 2.0964708
2026-05-12 07:04:19.891 9 INFO neutron.wsgi [None req-64800a4f-6412-4c17-a118-847227918b49 0d7f303b532d4bc9bc233fc9bd89370f 11cb8fe7e8ab4107af3aa1275f0819e8 - - default default] 10.0.0.66 "GET /v2.0/ports/d29d7b26-67d3-4e48-828a-249149710950 HTTP/1.1" status: 200 len: 1141 time: 0.1052492
2026-05-12 07:04:19.929 9 INFO neutron.wsgi [None req-bdf16065-c296-4603-bf94-7f6fa9f02985 0d7f303b532d4bc9bc233fc9bd89370f 11cb8fe7e8ab4107af3aa1275f0819e8 - - default default] 10.0.0.66 "GET /v2.0/ports/d29d7b26-67d3-4e48-828a-249149710950 HTTP/1.1" status: 200 len: 1141 time: 0.0339422
2026-05-12 07:04:19.979 10 INFO neutron.wsgi [None req-d3f7d845-6d10-472d-936c-9e859cd16c8b d3474c55c7c342e9b9325f882dff1ff9 abb52a07f1ff4a0aa027ea9bc8c07484 - - - -] 10.0.0.66 "DELETE /v2.0/subnets/9ef87391-e183-48de-9df0-eb0762b5a05b HTTP/1.1" status: 204 len: 168 time: 0.3918157
2026-05-12 07:04:20.190 10 INFO neutron.wsgi [None req-fe4a28f8-94bb-4575-8780-48e4ff2c2910 eb6609e0220b4604b3e676946760858f b9e572cd022844ef802bb08079d29030 - - - -] 10.0.0.66 "DELETE /v2.0/security-groups/3b92a539-1071-48b5-bc00-27e1808d7e07 HTTP/1.1" status: 204 len: 168 time: 0.5101285
2026-05-12 07:04:20.338 10 WARNING neutron.scheduler.dhcp_agent_scheduler [None req-52214f49-1d44-43ef-af9b-54db1480b7ac eb6609e0220b4604b3e676946760858f b9e572cd022844ef802bb08079d29030 - - - -] No more DHCP agents
2026-05-12 07:04:20.341 10 WARNING neutron.api.rpc.agentnotifiers.dhcp_rpc_agent_api [None req-52214f49-1d44-43ef-af9b-54db1480b7ac eb6609e0220b4604b3e676946760858f b9e572cd022844ef802bb08079d29030 - - - -] Unable to schedule network a9edea5a-1275-42ba-a7a8-7500bf60cf40: no agents available; will retry on subsequent port and subnet creation events.
2026-05-12 07:04:20.506 10 INFO neutron.db.ovn_revision_numbers_db [None req-52214f49-1d44-43ef-af9b-54db1480b7ac eb6609e0220b4604b3e676946760858f b9e572cd022844ef802bb08079d29030 - - - -] Successfully bumped revision number for resource b0e87f5e-2d00-425b-92af-959d258d1a58 (type: ports) to 1
2026-05-12 07:04:20.539 9 INFO neutron.services.segments.plugin [-] Segment 4d2278f4-f8f3-4a0d-acee-f2e9ecf7b929 resource provider aggregate not found
2026-05-12 07:04:20.559 9 INFO neutron.services.segments.plugin [-] Segment 4d2278f4-f8f3-4a0d-acee-f2e9ecf7b929 resource provider aggregate not found
2026-05-12 07:04:20.567 9 INFO neutron.services.segments.plugin [-] Segment 4d2278f4-f8f3-4a0d-acee-f2e9ecf7b929 resource provider not found; error: Placement Client Error (4xx): {"errors": [{"status": 404, "title": "Not Found", "detail": "The resource could not be found.\n\n No resource provider with uuid 4d2278f4-f8f3-4a0d-acee-f2e9ecf7b929 found for delete ", "request_id": "req-e6d14485-ab9c-473a-a389-2c610035565b"}]}
2026-05-12 07:04:20.581 9 INFO neutron.services.segments.plugin [-] Segment 4d2278f4-f8f3-4a0d-acee-f2e9ecf7b929 resource provider not found; error: Placement Client Error (4xx): {"errors": [{"status": 404, "title": "Not Found", "detail": "The resource could not be found.\n\n No resource provider with uuid 4d2278f4-f8f3-4a0d-acee-f2e9ecf7b929 found for delete ", "request_id": "req-8f43c6f0-5bd9-4044-b9e5-e3994ec7e658"}]}
2026-05-12 07:04:20.631 9 INFO neutron.wsgi [None req-d291f1d9-d3f6-4cd3-b24e-14884b70c8ee d3474c55c7c342e9b9325f882dff1ff9 abb52a07f1ff4a0aa027ea9bc8c07484 - - - -] 10.0.0.66 "DELETE /v2.0/networks/360c032d-43b4-4cef-a900-ca1d62cc8902 HTTP/1.1" status: 204 len: 168 time: 0.6444950
2026-05-12 07:04:20.777 9 INFO neutron.db.segments_db [None req-10f405d5-f31d-4fbe-8d5c-7a7e7ea4d4ea d3474c55c7c342e9b9325f882dff1ff9 abb52a07f1ff4a0aa027ea9bc8c07484 - - - -] Added segment 70635d42-ed90-440e-847f-5299e4eef186 of type geneve for network df9e385e-7189-47cf-a4cc-0311785eb877
2026-05-12 07:04:20.950 9 INFO neutron.wsgi [None req-97797e71-a1b9-4b3b-989b-16488525e93b 0d7f303b532d4bc9bc233fc9bd89370f 11cb8fe7e8ab4107af3aa1275f0819e8 - - - -] 10.0.0.66 "PUT /v2.0/routers/3d942b6c-f6bd-48c9-ae2c-184d0da1cdbe/remove_router_interface HTTP/1.1" status: 200 len: 503 time: 1.0146956 /var/lib/openstack/lib/python3.10/site-packages/pycadf/identifier.py:71: UserWarning: Invalid uuid: neutron. To ensure interoperability, identifiers should be a valid uuid. warnings.warn(('Invalid uuid: %s. To ensure interoperability, '
2026-05-12 07:04:20.993 9 INFO neutron.wsgi [None req-4bf24dc5-3761-43f5-883d-f5e3618cfb25 0d7f303b532d4bc9bc233fc9bd89370f 11cb8fe7e8ab4107af3aa1275f0819e8 - - default default] 10.0.0.66 "GET /v2.0/ports?device_id=3d942b6c-f6bd-48c9-ae2c-184d0da1cdbe HTTP/1.1" status: 200 len: 205 time: 0.0354192
2026-05-12 07:04:21.124 9 INFO neutron.db.ovn_revision_numbers_db [None req-10f405d5-f31d-4fbe-8d5c-7a7e7ea4d4ea d3474c55c7c342e9b9325f882dff1ff9 abb52a07f1ff4a0aa027ea9bc8c07484 - - - -] Successfully bumped revision number for resource df9e385e-7189-47cf-a4cc-0311785eb877 (type: networks) to 1
2026-05-12 07:04:21.483 10 INFO neutron.db.ovn_revision_numbers_db [None req-52214f49-1d44-43ef-af9b-54db1480b7ac eb6609e0220b4604b3e676946760858f b9e572cd022844ef802bb08079d29030 - - - -] Successfully bumped revision number for resource b0e87f5e-2d00-425b-92af-959d258d1a58 (type: router_ports) to 1
2026-05-12 07:04:21.501 10 INFO neutron.plugins.ml2.drivers.ovn.mech_driver.ovsdb.ovsdb_monitor [None req-aa2e9746-82a3-4462-92b8-955a03735ba7 - - - - - -] Router 9acd8ea7-1d47-452e-8423-64e7d41bf031 is bound to host instance
2026-05-12 07:04:21.629 9 INFO neutron.wsgi [None req-4a65749f-bbb7-4f03-9827-466c1787e112 0d7f303b532d4bc9bc233fc9bd89370f 11cb8fe7e8ab4107af3aa1275f0819e8 - - - -] 10.0.0.66 "DELETE /v2.0/routers/3d942b6c-f6bd-48c9-ae2c-184d0da1cdbe HTTP/1.1" status: 204 len: 168 time: 0.6281843
2026-05-12 07:04:21.637 10 INFO neutron.db.ovn_revision_numbers_db [None req-52214f49-1d44-43ef-af9b-54db1480b7ac eb6609e0220b4604b3e676946760858f b9e572cd022844ef802bb08079d29030 - - - -] Successfully bumped revision number for resource 9acd8ea7-1d47-452e-8423-64e7d41bf031 (type: routers) to 3
2026-05-12 07:04:21.670 10 INFO neutron.wsgi [None req-52214f49-1d44-43ef-af9b-54db1480b7ac eb6609e0220b4604b3e676946760858f b9e572cd022844ef802bb08079d29030 - - - -] 10.0.0.66 "POST /v2.0/routers HTTP/1.1" status: 201 len: 878 time: 1.9863718
2026-05-12 07:04:21.722 9 WARNING neutron.scheduler.dhcp_agent_scheduler [None req-10f405d5-f31d-4fbe-8d5c-7a7e7ea4d4ea d3474c55c7c342e9b9325f882dff1ff9 abb52a07f1ff4a0aa027ea9bc8c07484 - - - -] No more DHCP agents
2026-05-12 07:04:21.735 9 WARNING neutron.api.rpc.agentnotifiers.dhcp_rpc_agent_api [None req-10f405d5-f31d-4fbe-8d5c-7a7e7ea4d4ea d3474c55c7c342e9b9325f882dff1ff9 abb52a07f1ff4a0aa027ea9bc8c07484 - - - -] Unable to schedule network df9e385e-7189-47cf-a4cc-0311785eb877: no agents available; will retry on subsequent port and subnet creation events.
2026-05-12 07:04:21.828 9 INFO neutron.db.ovn_revision_numbers_db [None req-10f405d5-f31d-4fbe-8d5c-7a7e7ea4d4ea d3474c55c7c342e9b9325f882dff1ff9 abb52a07f1ff4a0aa027ea9bc8c07484 - - - -] Successfully bumped revision number for resource b4987e65-5713-4390-9a5f-0160b26b7f26 (type: ports) to 1
2026-05-12 07:04:21.852 9 INFO neutron.wsgi [None req-10f405d5-f31d-4fbe-8d5c-7a7e7ea4d4ea d3474c55c7c342e9b9325f882dff1ff9 abb52a07f1ff4a0aa027ea9bc8c07484 - - - -] 10.0.0.66 "POST /v2.0/networks HTTP/1.1" status: 201 len: 831 time: 1.2135670
2026-05-12 07:04:21.874 9 INFO neutron.wsgi [None req-82c36e37-c3f5-434a-bb7b-9e44d61ba354 0d7f303b532d4bc9bc233fc9bd89370f 11cb8fe7e8ab4107af3aa1275f0819e8 - - - -] 10.0.0.66 "DELETE /v2.0/subnets/9ff073a1-53f2-4219-9631-7e835fe17a54 HTTP/1.1" status: 204 len: 168 time: 0.2396066
2026-05-12 07:04:22.266 10 WARNING neutron.scheduler.dhcp_agent_scheduler [None req-3cac000b-5295-4fe6-a9f6-b1c69fd99b10 eb6609e0220b4604b3e676946760858f b9e572cd022844ef802bb08079d29030 - - default default] No more DHCP agents
2026-05-12 07:04:22.268 10 WARNING neutron.api.rpc.agentnotifiers.dhcp_rpc_agent_api [None req-3cac000b-5295-4fe6-a9f6-b1c69fd99b10 eb6609e0220b4604b3e676946760858f b9e572cd022844ef802bb08079d29030 - - default default] Unable to schedule network bc826c4c-a445-4207-9d32-821b3a6b7f28: no agents available; will retry on subsequent port and subnet creation events.
2026-05-12 07:04:22.268 10 INFO neutron.db.ovn_revision_numbers_db [None req-aa2e9746-82a3-4462-92b8-955a03735ba7 - - - - - -] Successfully bumped revision number for resource b0e87f5e-2d00-425b-92af-959d258d1a58 (type: ports) to 1
2026-05-12 07:04:22.304 9 WARNING neutron.scheduler.dhcp_agent_scheduler [None req-335d331d-bec8-4deb-a51d-844d9eabea32 d3474c55c7c342e9b9325f882dff1ff9 abb52a07f1ff4a0aa027ea9bc8c07484 - - - -] No more DHCP agents
2026-05-12 07:04:22.308 9 WARNING neutron.api.rpc.agentnotifiers.dhcp_rpc_agent_api [None req-335d331d-bec8-4deb-a51d-844d9eabea32 d3474c55c7c342e9b9325f882dff1ff9 abb52a07f1ff4a0aa027ea9bc8c07484 - - - -] Unable to schedule network df9e385e-7189-47cf-a4cc-0311785eb877: no agents available; will retry on subsequent port and subnet creation events.
2026-05-12 07:04:22.542 10 INFO neutron.db.ovn_revision_numbers_db [None req-3cac000b-5295-4fe6-a9f6-b1c69fd99b10 eb6609e0220b4604b3e676946760858f b9e572cd022844ef802bb08079d29030 - - default default] Successfully bumped revision number for resource a8741cde-2166-4772-924f-5959ce47a4f6 (type: ports) to 1
2026-05-12 07:04:22.597 9 INFO neutron.services.segments.plugin [-] Segment 7fed5797-ee3a-4e3c-959d-a1bd87226bb7 resource provider aggregate not found
2026-05-12 07:04:22.606 9 INFO neutron.services.segments.plugin [-] Segment 7fed5797-ee3a-4e3c-959d-a1bd87226bb7 resource provider aggregate not found
2026-05-12 07:04:22.615 9 INFO neutron.services.segments.plugin [-] Segment 7fed5797-ee3a-4e3c-959d-a1bd87226bb7 resource provider not found; error: Placement Client Error (4xx): {"errors": [{"status": 404, "title": "Not Found", "detail": "The resource could not be found.\n\n No resource provider with uuid 7fed5797-ee3a-4e3c-959d-a1bd87226bb7 found for delete ", "request_id": "req-9b3692b2-1a60-481e-b5dc-c71a6275fbf6"}]}
2026-05-12 07:04:22.621 9 INFO neutron.wsgi [None req-aa13e20b-fb74-40ec-8858-bea3c5e4b20f 0d7f303b532d4bc9bc233fc9bd89370f 11cb8fe7e8ab4107af3aa1275f0819e8 - - - -] 10.0.0.66 "DELETE /v2.0/networks/7eddf52b-fe7c-4165-ade2-16cf116babeb HTTP/1.1" status: 204 len: 168 time: 0.7295148
2026-05-12 07:04:22.624 9 INFO neutron.services.segments.plugin [-] Segment 7fed5797-ee3a-4e3c-959d-a1bd87226bb7 resource provider not found; error: Placement Client Error (4xx): {"errors": [{"status": 404, "title": "Not Found", "detail": "The resource could not be found.\n\n No resource provider with uuid 7fed5797-ee3a-4e3c-959d-a1bd87226bb7 found for delete ", "request_id": "req-6ae40fa1-d906-423e-b089-7479572231b8"}]}
2026-05-12 07:04:23.014 10 INFO neutron.db.ovn_revision_numbers_db [None req-aa2e9746-82a3-4462-92b8-955a03735ba7 - - - - - -] Successfully bumped revision number for resource b0e87f5e-2d00-425b-92af-959d258d1a58 (type: router_ports) to 3
2026-05-12 07:04:23.201 10 INFO neutron.db.ovn_revision_numbers_db [None req-aa2e9746-82a3-4462-92b8-955a03735ba7 - - - - - -] Successfully bumped revision number for resource b0e87f5e-2d00-425b-92af-959d258d1a58 (type: ports) to 2
2026-05-12 07:04:23.240 9 INFO neutron.db.ovn_revision_numbers_db [None req-335d331d-bec8-4deb-a51d-844d9eabea32 d3474c55c7c342e9b9325f882dff1ff9 abb52a07f1ff4a0aa027ea9bc8c07484 - - - -] Successfully bumped revision number for resource b4987e65-5713-4390-9a5f-0160b26b7f26 (type: ports) to 2
2026-05-12 07:04:23.261 9 INFO neutron.db.ovn_revision_numbers_db [None req-335d331d-bec8-4deb-a51d-844d9eabea32 d3474c55c7c342e9b9325f882dff1ff9 abb52a07f1ff4a0aa027ea9bc8c07484 - - - -] Successfully bumped revision number for resource 478cc903-ba75-4d82-9531-19aa4823b725 (type: subnets) to 0
2026-05-12 07:04:23.266 9 INFO neutron.db.ovn_revision_numbers_db [None req-7004e6d8-b68c-457d-b39d-4e6f7bfafa34 eb6609e0220b4604b3e676946760858f b9e572cd022844ef802bb08079d29030 - - default default] Successfully bumped revision number for resource 81f6e8c2-2ac3-4b8b-b561-f779c2af7c03 (type: security_groups) to 1
2026-05-12 07:04:23.292 9 INFO neutron.wsgi [None req-335d331d-bec8-4deb-a51d-844d9eabea32 d3474c55c7c342e9b9325f882dff1ff9 abb52a07f1ff4a0aa027ea9bc8c07484 - - - -] 10.0.0.66 "POST /v2.0/subnets HTTP/1.1" status: 201 len: 801 time: 1.4343972
2026-05-12 07:04:23.309 9 INFO neutron.wsgi [None req-7004e6d8-b68c-457d-b39d-4e6f7bfafa34 eb6609e0220b4604b3e676946760858f b9e572cd022844ef802bb08079d29030 - - default default] 10.0.0.66 "GET /v2.0/security-groups?tenant_id=ad2cad822b814303a614f45fd23c10cc&name=default HTTP/1.1" status: 200 len: 2996 time: 0.4982646
2026-05-12 07:04:23.415 9 WARNING neutron.scheduler.dhcp_agent_scheduler [None req-45c76156-ea76-4149-b41c-c5e726d5b090 0d7f303b532d4bc9bc233fc9bd89370f 11cb8fe7e8ab4107af3aa1275f0819e8 - - - -] No more DHCP agents
2026-05-12 07:04:23.416 9 WARNING neutron.api.rpc.agentnotifiers.dhcp_rpc_agent_api [None req-45c76156-ea76-4149-b41c-c5e726d5b090 0d7f303b532d4bc9bc233fc9bd89370f 11cb8fe7e8ab4107af3aa1275f0819e8 - - - -] Unable to schedule network a9edea5a-1275-42ba-a7a8-7500bf60cf40: no agents available; will retry on subsequent port and subnet creation events.
2026-05-12 07:04:23.540 9 INFO neutron.db.ovn_revision_numbers_db [None req-45c76156-ea76-4149-b41c-c5e726d5b090 0d7f303b532d4bc9bc233fc9bd89370f 11cb8fe7e8ab4107af3aa1275f0819e8 - - - -] Successfully bumped revision number for resource c3046451-6a1e-4ff6-a8a2-7754b89a3cd8 (type: ports) to 1
2026-05-12 07:04:23.637 10 INFO neutron.db.ovn_revision_numbers_db [None req-3cac000b-5295-4fe6-a9f6-b1c69fd99b10 eb6609e0220b4604b3e676946760858f b9e572cd022844ef802bb08079d29030 - - default default] Successfully bumped revision number for resource a8741cde-2166-4772-924f-5959ce47a4f6 (type: router_ports) to 2
2026-05-12 07:04:23.694 10 INFO neutron.db.ovn_revision_numbers_db [None req-aa2e9746-82a3-4462-92b8-955a03735ba7 - - - - - -] Successfully bumped revision number for resource b0e87f5e-2d00-425b-92af-959d258d1a58 (type: ports) to 4
2026-05-12 07:04:23.955 10 INFO neutron.wsgi [None req-463548c9-af6b-401c-a2cf-46d00f4703f6 eb6609e0220b4604b3e676946760858f b9e572cd022844ef802bb08079d29030 - - - -] 10.0.0.66 "DELETE /v2.0/security-groups/81f6e8c2-2ac3-4b8b-b561-f779c2af7c03 HTTP/1.1" status: 204 len: 168 time: 0.6383524
2026-05-12 07:04:23.983 10 INFO neutron.db.ovn_revision_numbers_db [None req-3cac000b-5295-4fe6-a9f6-b1c69fd99b10 eb6609e0220b4604b3e676946760858f b9e572cd022844ef802bb08079d29030 - - default default] Successfully bumped revision number for resource a8741cde-2166-4772-924f-5959ce47a4f6 (type: ports) to 2
2026-05-12 07:04:23.986 10 WARNING neutron.scheduler.dhcp_agent_scheduler [None req-40a25591-397c-484f-b11d-f9949df5c325 d3474c55c7c342e9b9325f882dff1ff9 abb52a07f1ff4a0aa027ea9bc8c07484 - - - -] No more DHCP agents
2026-05-12 07:04:23.991 10 WARNING neutron.api.rpc.agentnotifiers.dhcp_rpc_agent_api [None req-40a25591-397c-484f-b11d-f9949df5c325 d3474c55c7c342e9b9325f882dff1ff9 abb52a07f1ff4a0aa027ea9bc8c07484 - - - -] Unable to schedule network df9e385e-7189-47cf-a4cc-0311785eb877: no agents available; will retry on subsequent port and subnet creation events.
2026-05-12 07:04:24.118 10 INFO neutron.db.ovn_revision_numbers_db [None req-aa2e9746-82a3-4462-92b8-955a03735ba7 - - - - - -] Successfully bumped revision number for resource b0e87f5e-2d00-425b-92af-959d258d1a58 (type: router_ports) to 4
2026-05-12 07:04:24.144 10 WARNING neutron.scheduler.dhcp_agent_scheduler [None req-3cac000b-5295-4fe6-a9f6-b1c69fd99b10 eb6609e0220b4604b3e676946760858f b9e572cd022844ef802bb08079d29030 - - default default] No more DHCP agents
2026-05-12 07:04:24.159 10 WARNING neutron.api.rpc.agentnotifiers.dhcp_rpc_agent_api [None req-3cac000b-5295-4fe6-a9f6-b1c69fd99b10 eb6609e0220b4604b3e676946760858f b9e572cd022844ef802bb08079d29030 - - default default] Unable to schedule network bc826c4c-a445-4207-9d32-821b3a6b7f28: no agents available; will retry on subsequent port and subnet creation events.
2026-05-12 07:04:24.168 9 INFO neutron.db.ovn_revision_numbers_db [None req-45c76156-ea76-4149-b41c-c5e726d5b090 0d7f303b532d4bc9bc233fc9bd89370f 11cb8fe7e8ab4107af3aa1275f0819e8 - - - -] Successfully bumped revision number for resource c3046451-6a1e-4ff6-a8a2-7754b89a3cd8 (type: router_ports) to 1
2026-05-12 07:04:24.177 10 INFO neutron.plugins.ml2.drivers.ovn.mech_driver.mech_driver [None req-08057539-665d-4047-884f-b9d8c95b934b - - - - - -] OVN reports status up for port: c3046451-6a1e-4ff6-a8a2-7754b89a3cd8
2026-05-12 07:04:24.203 10 INFO neutron.plugins.ml2.plugin [None req-08057539-665d-4047-884f-b9d8c95b934b - - - - - -] Attempt 1 to provision port c3046451-6a1e-4ff6-a8a2-7754b89a3cd8
2026-05-12 07:04:24.600 9 INFO neutron.db.ovn_revision_numbers_db [None req-45c76156-ea76-4149-b41c-c5e726d5b090 0d7f303b532d4bc9bc233fc9bd89370f 11cb8fe7e8ab4107af3aa1275f0819e8 - - - -] Successfully bumped revision number for resource e4d24392-0e87-4f2f-bcd5-8da78c75a395 (type: routers) to 3
2026-05-12 07:04:24.616 9 INFO neutron.wsgi [None req-45c76156-ea76-4149-b41c-c5e726d5b090 0d7f303b532d4bc9bc233fc9bd89370f 11cb8fe7e8ab4107af3aa1275f0819e8 - - - -] 10.0.0.66 "POST /v2.0/routers HTTP/1.1" status: 201 len: 871 time: 1.9860761
2026-05-12 07:04:24.631 10 INFO neutron.db.ovn_revision_numbers_db [None req-40a25591-397c-484f-b11d-f9949df5c325 d3474c55c7c342e9b9325f882dff1ff9 abb52a07f1ff4a0aa027ea9bc8c07484 - - - -] Successfully bumped revision number for resource 47062146-2d80-469a-b741-6ceda6cfd29a (type: ports) to 1
2026-05-12 07:04:24.725 10 INFO neutron.wsgi [None req-40a25591-397c-484f-b11d-f9949df5c325 d3474c55c7c342e9b9325f882dff1ff9 abb52a07f1ff4a0aa027ea9bc8c07484 - - - -] 10.0.0.66 "POST /v2.0/ports HTTP/1.1" status: 201 len: 1110 time: 1.4257665
2026-05-12 07:04:24.748 10 INFO neutron.wsgi [None req-afd955cb-7c9e-4d6e-a70d-bd659b199d54 0d7f303b532d4bc9bc233fc9bd89370f 11cb8fe7e8ab4107af3aa1275f0819e8 - - default default] 10.0.0.66 "GET /v2.0/routers/e4d24392-0e87-4f2f-bcd5-8da78c75a395 HTTP/1.1" status: 200 len: 872 time: 0.1259441
2026-05-12 07:04:24.893 10 INFO neutron.wsgi [None req-4610c78b-25c8-4ac8-97c9-d552a5c4cd0f 0d7f303b532d4bc9bc233fc9bd89370f 11cb8fe7e8ab4107af3aa1275f0819e8 - - default default] 10.0.0.66 "GET /v2.0/routers HTTP/1.1" status: 200 len: 875 time: 0.1388052
2026-05-12 07:04:25.099 9 WARNING neutron.plugins.ml2.drivers.ovn.mech_driver.ovsdb.ovn_client [None req-ee3f4d76-0ba3-4096-b2a3-140b9f36852c - - - - - -] No port found with ID d29d7b26-67d3-4e48-828a-249149710950: RuntimeError: No port found with ID d29d7b26-67d3-4e48-828a-249149710950
2026-05-12 07:04:25.099 9 INFO neutron.plugins.ml2.drivers.ovn.mech_driver.mech_driver [None req-ee3f4d76-0ba3-4096-b2a3-140b9f36852c - - - - - -] OVN reports status up for port: b0e87f5e-2d00-425b-92af-959d258d1a58
2026-05-12 07:04:25.105 9 INFO neutron.wsgi [None req-626be0c7-b44f-4dd5-aeed-1900942b8a5e d3474c55c7c342e9b9325f882dff1ff9 abb52a07f1ff4a0aa027ea9bc8c07484 - - - -] 10.0.0.66 "DELETE /v2.0/ports/47062146-2d80-469a-b741-6ceda6cfd29a HTTP/1.1" status: 204 len: 168 time: 0.3743012
2026-05-12 07:04:25.131 9 INFO neutron.pecan_wsgi.hooks.translation [None req-1e46b15d-a4de-4345-a9eb-d479618e389c d3474c55c7c342e9b9325f882dff1ff9 abb52a07f1ff4a0aa027ea9bc8c07484 - - default default] GET failed (client error): The resource could not be found.
2026-05-12 07:04:25.132 9 INFO neutron.wsgi [None req-1e46b15d-a4de-4345-a9eb-d479618e389c d3474c55c7c342e9b9325f882dff1ff9 abb52a07f1ff4a0aa027ea9bc8c07484 - - default default] 10.0.0.66 "GET /v2.0/ports/47062146-2d80-469a-b741-6ceda6cfd29a HTTP/1.1" status: 404 len: 333 time: 0.0179341
2026-05-12 07:04:25.136 9 INFO neutron.plugins.ml2.plugin [None req-ee3f4d76-0ba3-4096-b2a3-140b9f36852c - - - - - -] Attempt 1 to provision port b0e87f5e-2d00-425b-92af-959d258d1a58
2026-05-12 07:04:25.262 9 INFO neutron.plugins.ml2.drivers.ovn.mech_driver.mech_driver [None req-ee3f4d76-0ba3-4096-b2a3-140b9f36852c - - - - - -] OVN reports status up for port: a8741cde-2166-4772-924f-5959ce47a4f6
2026-05-12 07:04:25.271 9 INFO neutron.plugins.ml2.plugin [None req-ee3f4d76-0ba3-4096-b2a3-140b9f36852c - - - - - -] Attempt 1 to provision port a8741cde-2166-4772-924f-5959ce47a4f6
2026-05-12 07:04:25.326 10 INFO neutron.db.ovn_revision_numbers_db [None req-3cac000b-5295-4fe6-a9f6-b1c69fd99b10 eb6609e0220b4604b3e676946760858f b9e572cd022844ef802bb08079d29030 - - - -] Successfully bumped revision number for resource a8741cde-2166-4772-924f-5959ce47a4f6 (type: router_ports) to 2
2026-05-12 07:04:25.328 10 INFO neutron.wsgi [None req-3cac000b-5295-4fe6-a9f6-b1c69fd99b10 eb6609e0220b4604b3e676946760858f b9e572cd022844ef802bb08079d29030 - - - -] 10.0.0.66 "PUT /v2.0/routers/9acd8ea7-1d47-452e-8423-64e7d41bf031/add_router_interface HTTP/1.1" status: 200 len: 503 time: 3.6521351
2026-05-12 07:04:25.405 9 INFO neutron.wsgi [None req-d2d272a3-bacf-436e-9e49-ae7093ba6764 d3474c55c7c342e9b9325f882dff1ff9 abb52a07f1ff4a0aa027ea9bc8c07484 - - - -] 10.0.0.66 "DELETE /v2.0/subnets/478cc903-ba75-4d82-9531-19aa4823b725 HTTP/1.1" status: 204 len: 168 time: 0.2664154
2026-05-12 07:04:25.541 9 INFO neutron.db.ovn_revision_numbers_db [None req-ee3f4d76-0ba3-4096-b2a3-140b9f36852c - - - - - -] Successfully bumped revision number for resource a8741cde-2166-4772-924f-5959ce47a4f6 (type: ports) to 3
2026-05-12 07:04:25.643 9 INFO neutron.db.ovn_revision_numbers_db [None req-ee3f4d76-0ba3-4096-b2a3-140b9f36852c - - - - - -] Successfully bumped revision number for resource a8741cde-2166-4772-924f-5959ce47a4f6 (type: router_ports) to 3
2026-05-12 07:04:25.803 10 INFO neutron.db.ovn_revision_numbers_db [None req-bbf97fdc-858d-4739-b55c-d8174c083876 0d7f303b532d4bc9bc233fc9bd89370f 11cb8fe7e8ab4107af3aa1275f0819e8 - - - -] Successfully bumped revision number for resource e4d24392-0e87-4f2f-bcd5-8da78c75a395 (type: routers) to 4
2026-05-12 07:04:25.806 10 INFO neutron.wsgi [None req-bbf97fdc-858d-4739-b55c-d8174c083876 0d7f303b532d4bc9bc233fc9bd89370f 11cb8fe7e8ab4107af3aa1275f0819e8 - - - -] 10.0.0.66 "PUT /v2.0/routers/e4d24392-0e87-4f2f-bcd5-8da78c75a395 HTTP/1.1" status: 200 len: 879 time: 0.9046254
2026-05-12 07:04:25.931 10 INFO neutron.wsgi [None req-b98f24f7-d753-476c-8847-1ae627547a46 0d7f303b532d4bc9bc233fc9bd89370f 11cb8fe7e8ab4107af3aa1275f0819e8 - - default default] 10.0.0.66 "GET /v2.0/routers/e4d24392-0e87-4f2f-bcd5-8da78c75a395 HTTP/1.1" status: 200 len: 879 time: 0.1201837
2026-05-12 07:04:25.974 9 INFO neutron.wsgi [None req-09361d93-f31a-443a-a192-8041ce0c8aa2 0d7f303b532d4bc9bc233fc9bd89370f 11cb8fe7e8ab4107af3aa1275f0819e8 - - default default] 10.0.0.66 "GET /v2.0/ports?device_id=e4d24392-0e87-4f2f-bcd5-8da78c75a395 HTTP/1.1" status: 200 len: 205 time: 0.0326953
2026-05-12 07:04:26.062 9 INFO neutron.db.ovn_revision_numbers_db [None req-e64dc851-d069-4d79-af2a-08ede221153a c48dff87238243689357d4624046bb0f c459007ea5d34733b117fca420370e60 - - - -] Successfully bumped revision number for resource ff368c01-3654-4060-af4d-e5280bc6c573 (type: security_groups) to 1
2026-05-12 07:04:26.140 9 INFO neutron.db.segments_db [None req-e64dc851-d069-4d79-af2a-08ede221153a c48dff87238243689357d4624046bb0f c459007ea5d34733b117fca420370e60 - - - -] Added segment 04114f4a-8636-4e8a-a523-b3710d1f3765 of type geneve for network fd575d32-b2a6-4f41-83ae-3eede270dc18
2026-05-12 07:04:26.280 10 INFO neutron.services.segments.plugin [-] Segment 70635d42-ed90-440e-847f-5299e4eef186 resource provider aggregate not found
2026-05-12 07:04:26.289 10 INFO neutron.services.segments.plugin [-] Segment 70635d42-ed90-440e-847f-5299e4eef186 resource provider aggregate not found
2026-05-12 07:04:26.308 9 INFO neutron.db.ovn_revision_numbers_db [None req-e64dc851-d069-4d79-af2a-08ede221153a c48dff87238243689357d4624046bb0f c459007ea5d34733b117fca420370e60 - - - -] Successfully bumped revision number for resource fd575d32-b2a6-4f41-83ae-3eede270dc18 (type: networks) to 1
2026-05-12 07:04:26.312 10 INFO neutron.services.segments.plugin [-] Segment 70635d42-ed90-440e-847f-5299e4eef186 resource provider not found; error: Placement Client Error (4xx): {"errors": [{"status": 404, "title": "Not Found", "detail": "The resource could not be found.\n\n No resource provider with uuid 70635d42-ed90-440e-847f-5299e4eef186 found for delete ", "request_id": "req-7211f795-2ff9-4a16-b6e3-bc428c80f83e"}]}
2026-05-12 07:04:26.325 10 INFO neutron.services.segments.plugin [-] Segment 70635d42-ed90-440e-847f-5299e4eef186 resource provider not found; error: Placement Client Error (4xx): {"errors": [{"status": 404, "title": "Not Found", "detail": "The resource could not be found.\n\n No resource provider with uuid 70635d42-ed90-440e-847f-5299e4eef186 found for delete ", "request_id": "req-06967ec0-c1a9-4a8d-afef-e9b505c3f4b0"}]}
2026-05-12 07:04:26.343 10 INFO neutron.wsgi [req-a2dfa41e-6570-4796-9d13-40977f0e8693 req-7b408e3d-d018-4872-b475-e6e2673ccf69 c4d07dbd62794ef8ac9b525859181be3 b7a0e30277694c66a4864bc82cdf7f88 - - default default] 10.0.0.138 "GET /v2.0/networks?id=bc826c4c-a445-4207-9d32-821b3a6b7f28 HTTP/1.1" status: 200 len: 876 time: 0.1321952
2026-05-12 07:04:26.352 10 INFO neutron.wsgi [None req-a7924a36-9280-472e-9ef5-d12ef48d8824 d3474c55c7c342e9b9325f882dff1ff9 abb52a07f1ff4a0aa027ea9bc8c07484 - - - -] 10.0.0.66 "DELETE /v2.0/networks/df9e385e-7189-47cf-a4cc-0311785eb877 HTTP/1.1" status: 204 len: 168 time: 0.9398415
2026-05-12 07:04:26.369 10 INFO neutron.wsgi [req-a2dfa41e-6570-4796-9d13-40977f0e8693 req-6b84de85-72ff-4006-ac82-428842e72842 c4d07dbd62794ef8ac9b525859181be3 b7a0e30277694c66a4864bc82cdf7f88 - - default default] 10.0.0.138 "GET /v2.0/quotas/b7a0e30277694c66a4864bc82cdf7f88 HTTP/1.1" status: 200 len: 386 time: 0.0155137
2026-05-12 07:04:26.496 10 INFO neutron.wsgi [req-a2dfa41e-6570-4796-9d13-40977f0e8693 req-b3c0fb77-750b-4fac-93c0-94e01db7bea6 c4d07dbd62794ef8ac9b525859181be3 b7a0e30277694c66a4864bc82cdf7f88 - - default default] 10.0.0.138 "GET /v2.0/ports?tenant_id=b7a0e30277694c66a4864bc82cdf7f88&fields=id HTTP/1.1" status: 200 len: 302 time: 0.1204796
2026-05-12 07:04:26.567 10 INFO neutron.wsgi [req-a2dfa41e-6570-4796-9d13-40977f0e8693 req-4d5959e8-9415-4656-8670-04509d7b18a2 359013e03f6a44c8a66d1a1af43a6529 0df174a901bc4dc0bb74341c0eb17dec - - 794e60b7ab31494d9889834336fd9def 794e60b7ab31494d9889834336fd9def] 10.0.0.138 "GET /v2.0/networks/bc826c4c-a445-4207-9d32-821b3a6b7f28?fields=segments HTTP/1.1" status: 200 len: 212 time: 0.0603445
2026-05-12 07:04:26.636 10 INFO neutron.wsgi [req-a2dfa41e-6570-4796-9d13-40977f0e8693 req-d3fd9f03-1c85-4382-af3a-726fdc0c17ac 359013e03f6a44c8a66d1a1af43a6529 0df174a901bc4dc0bb74341c0eb17dec - - 794e60b7ab31494d9889834336fd9def 794e60b7ab31494d9889834336fd9def] 10.0.0.138 "GET /v2.0/networks/bc826c4c-a445-4207-9d32-821b3a6b7f28?fields=provider%3Aphysical_network&fields=provider%3Anetwork_type HTTP/1.1" status: 200 len: 277 time: 0.0598054
2026-05-12 07:04:26.639 9 WARNING neutron.scheduler.dhcp_agent_scheduler [None req-e64dc851-d069-4d79-af2a-08ede221153a c48dff87238243689357d4624046bb0f c459007ea5d34733b117fca420370e60 - - - -] No more DHCP agents
2026-05-12 07:04:26.650 9 WARNING neutron.api.rpc.agentnotifiers.dhcp_rpc_agent_api [None req-e64dc851-d069-4d79-af2a-08ede221153a c48dff87238243689357d4624046bb0f c459007ea5d34733b117fca420370e60 - - - -] Unable to schedule network fd575d32-b2a6-4f41-83ae-3eede270dc18: no agents available; will retry on subsequent port and subnet creation events.
