2026-05-12 07:04:26.787 9 INFO neutron.wsgi [req-c79ecef4-4a7e-41d2-8e39-5c3530bd31dd req-697b5ac0-809f-41fd-a305-51f262ee1dde c4d07dbd62794ef8ac9b525859181be3 b7a0e30277694c66a4864bc82cdf7f88 - - default default] 10.0.0.138 "GET /v2.0/ports?device_id=e7bce890-f868-4869-a52d-fa4d334b04bb HTTP/1.1" status: 200 len: 210 time: 0.0414562
2026-05-12 07:04:26.815 9 INFO neutron.db.ovn_revision_numbers_db [None req-e64dc851-d069-4d79-af2a-08ede221153a c48dff87238243689357d4624046bb0f c459007ea5d34733b117fca420370e60 - - - -] Successfully bumped revision number for resource 6bf22c9b-23f4-423b-81ca-f301aefeeff0 (type: ports) to 1
2026-05-12 07:04:26.859 9 WARNING neutron.scheduler.dhcp_agent_scheduler [None req-f98ad060-6a94-44e1-8954-6efeee1fc046 d3474c55c7c342e9b9325f882dff1ff9 abb52a07f1ff4a0aa027ea9bc8c07484 - - - -] No more DHCP agents
2026-05-12 07:04:26.863 9 WARNING neutron.api.rpc.agentnotifiers.dhcp_rpc_agent_api [None req-f98ad060-6a94-44e1-8954-6efeee1fc046 d3474c55c7c342e9b9325f882dff1ff9 abb52a07f1ff4a0aa027ea9bc8c07484 - - - -] Unable to schedule network 1f537a3a-ce39-487a-8e1d-23998cff2d03: no agents available; will retry on subsequent port and subnet creation events.
2026-05-12 07:04:26.879 9 INFO neutron.wsgi [None req-e64dc851-d069-4d79-af2a-08ede221153a c48dff87238243689357d4624046bb0f c459007ea5d34733b117fca420370e60 - - - -] 10.0.0.66 "POST /v2.0/networks HTTP/1.1" status: 201 len: 847 time: 1.2501643
2026-05-12 07:04:26.956 9 INFO neutron.db.ovn_revision_numbers_db [None req-f98ad060-6a94-44e1-8954-6efeee1fc046 d3474c55c7c342e9b9325f882dff1ff9 abb52a07f1ff4a0aa027ea9bc8c07484 - - - -] Successfully bumped revision number for resource af445a60-adcf-40f3-ba67-51bbe2ab005c (type: ports) to 1
2026-05-12 07:04:26.980 9 INFO neutron.wsgi [None req-f98ad060-6a94-44e1-8954-6efeee1fc046 d3474c55c7c342e9b9325f882dff1ff9 abb52a07f1ff4a0aa027ea9bc8c07484 - - - -] 10.0.0.66 "POST /v2.0/ports HTTP/1.1" status: 201 len: 974 time: 0.6209104
2026-05-12 07:04:27.072 9 INFO neutron.wsgi [None req-5c95fbe6-9a42-4307-85c8-27af36baef31 0d7f303b532d4bc9bc233fc9bd89370f 11cb8fe7e8ab4107af3aa1275f0819e8 - - - -] 10.0.0.66 "DELETE /v2.0/routers/e4d24392-0e87-4f2f-bcd5-8da78c75a395 HTTP/1.1" status: 204 len: 168 time: 1.0918789
2026-05-12 07:04:27.101 10 INFO neutron.wsgi [None req-179dabfd-b103-47f2-84a7-2db03a2141bb 0d7f303b532d4bc9bc233fc9bd89370f 11cb8fe7e8ab4107af3aa1275f0819e8 - - default default] 10.0.0.66 "GET /v2.0/ports?device_id=e4d24392-0e87-4f2f-bcd5-8da78c75a395 HTTP/1.1" status: 200 len: 205 time: 0.0224648 /var/lib/openstack/lib/python3.10/site-packages/pycadf/identifier.py:71: UserWarning: Invalid uuid: neutron. To ensure interoperability, identifiers should be a valid uuid. warnings.warn(('Invalid uuid: %s. To ensure interoperability, '
2026-05-12 07:04:27.299 10 INFO neutron.db.ovn_revision_numbers_db [None req-41e3e432-0276-42aa-bed9-f6ac3e44a53b d3474c55c7c342e9b9325f882dff1ff9 abb52a07f1ff4a0aa027ea9bc8c07484 - - - -] Successfully bumped revision number for resource af445a60-adcf-40f3-ba67-51bbe2ab005c (type: ports) to 2
2026-05-12 07:04:27.310 10 INFO neutron.wsgi [None req-41e3e432-0276-42aa-bed9-f6ac3e44a53b d3474c55c7c342e9b9325f882dff1ff9 abb52a07f1ff4a0aa027ea9bc8c07484 - - - -] 10.0.0.66 "PUT /v2.0/ports/af445a60-adcf-40f3-ba67-51bbe2ab005c HTTP/1.1" status: 200 len: 946 time: 0.3221154 /var/lib/openstack/lib/python3.10/site-packages/pycadf/identifier.py:71: UserWarning: Invalid uuid: neutron. To ensure interoperability, identifiers should be a valid uuid. warnings.warn(('Invalid uuid: %s. To ensure interoperability, '
2026-05-12 07:04:27.393 9 INFO neutron.api.v2.resource [None req-46a679b4-81de-41f8-9305-70d7498e0fe5 0d7f303b532d4bc9bc233fc9bd89370f 11cb8fe7e8ab4107af3aa1275f0819e8 - - - -] delete failed (client error): The resource could not be found.
2026-05-12 07:04:27.394 9 INFO neutron.wsgi [None req-46a679b4-81de-41f8-9305-70d7498e0fe5 0d7f303b532d4bc9bc233fc9bd89370f 11cb8fe7e8ab4107af3aa1275f0819e8 - - - -] 10.0.0.66 "DELETE /v2.0/routers/e4d24392-0e87-4f2f-bcd5-8da78c75a395 HTTP/1.1" status: 404 len: 336 time: 0.2887573
2026-05-12 07:04:27.418 9 INFO neutron.wsgi [None req-dc5b9963-47dd-4e82-acb4-cc2627beb92b 0d7f303b532d4bc9bc233fc9bd89370f 11cb8fe7e8ab4107af3aa1275f0819e8 - - default default] 10.0.0.66 "GET /v2.0/ports?device_id=3d942b6c-f6bd-48c9-ae2c-184d0da1cdbe HTTP/1.1" status: 200 len: 205 time: 0.0175674
2026-05-12 07:04:27.455 9 INFO neutron.api.v2.resource [None req-4fb5eee4-37da-4fd4-819d-dddd63801cea 0d7f303b532d4bc9bc233fc9bd89370f 11cb8fe7e8ab4107af3aa1275f0819e8 - - - -] delete failed (client error): The resource could not be found.
2026-05-12 07:04:27.456 9 INFO neutron.wsgi [None req-4fb5eee4-37da-4fd4-819d-dddd63801cea 0d7f303b532d4bc9bc233fc9bd89370f 11cb8fe7e8ab4107af3aa1275f0819e8 - - - -] 10.0.0.66 "DELETE /v2.0/routers/3d942b6c-f6bd-48c9-ae2c-184d0da1cdbe HTTP/1.1" status: 404 len: 336 time: 0.0254338
2026-05-12 07:04:27.481 9 INFO neutron.pecan_wsgi.hooks.translation [None req-85a4f5bc-1d85-445a-ad3d-74916564841d 0d7f303b532d4bc9bc233fc9bd89370f 11cb8fe7e8ab4107af3aa1275f0819e8 - - - -] DELETE failed (client error): The resource could not be found.
2026-05-12 07:04:27.484 9 INFO neutron.wsgi [None req-85a4f5bc-1d85-445a-ad3d-74916564841d 0d7f303b532d4bc9bc233fc9bd89370f 11cb8fe7e8ab4107af3aa1275f0819e8 - - - -] 10.0.0.66 "DELETE /v2.0/subnets/9ff073a1-53f2-4219-9631-7e835fe17a54 HTTP/1.1" status: 404 len: 337 time: 0.0211914
2026-05-12 07:04:27.513 9 INFO neutron.wsgi [None req-81ab8778-df40-4ddc-b01e-75add2f057b2 0d7f303b532d4bc9bc233fc9bd89370f 11cb8fe7e8ab4107af3aa1275f0819e8 - - default default] 10.0.0.66 "GET /v2.0/ports?device_id=35a5c011-abc4-4777-8ee1-d5a28e8e6f68 HTTP/1.1" status: 200 len: 205 time: 0.0237536
2026-05-12 07:04:27.542 9 INFO neutron.api.v2.resource [None req-f8ab6c54-021e-4a7d-a7af-37a2cb1251d3 0d7f303b532d4bc9bc233fc9bd89370f 11cb8fe7e8ab4107af3aa1275f0819e8 - - - -] delete failed (client error): The resource could not be found.
2026-05-12 07:04:27.544 9 INFO neutron.wsgi [None req-f8ab6c54-021e-4a7d-a7af-37a2cb1251d3 0d7f303b532d4bc9bc233fc9bd89370f 11cb8fe7e8ab4107af3aa1275f0819e8 - - - -] 10.0.0.66 "DELETE /v2.0/routers/35a5c011-abc4-4777-8ee1-d5a28e8e6f68 HTTP/1.1" status: 404 len: 336 time: 0.0260861
2026-05-12 07:04:27.576 9 INFO neutron.pecan_wsgi.hooks.translation [None req-99fb0b18-7c05-4747-8d2e-059117cf73fc 0d7f303b532d4bc9bc233fc9bd89370f 11cb8fe7e8ab4107af3aa1275f0819e8 - - - -] DELETE failed (client error): The resource could not be found.
2026-05-12 07:04:27.579 9 INFO neutron.wsgi [None req-99fb0b18-7c05-4747-8d2e-059117cf73fc 0d7f303b532d4bc9bc233fc9bd89370f 11cb8fe7e8ab4107af3aa1275f0819e8 - - - -] 10.0.0.66 "DELETE /v2.0/subnets/79df2bb9-5d84-412a-92fb-b7afb91fe7c2 HTTP/1.1" status: 404 len: 337 time: 0.0238590
2026-05-12 07:04:27.610 9 INFO neutron.wsgi [None req-540285bb-4d78-4fb1-8d1c-4495809c1813 0d7f303b532d4bc9bc233fc9bd89370f 11cb8fe7e8ab4107af3aa1275f0819e8 - - default default] 10.0.0.66 "GET /v2.0/ports?device_id=5d138b78-1491-45ef-a63e-e28e7100bc97 HTTP/1.1" status: 200 len: 205 time: 0.0248525
2026-05-12 07:04:27.632 10 INFO neutron.wsgi [req-a2dfa41e-6570-4796-9d13-40977f0e8693 req-057f76ad-702e-4c3d-a430-7f11c7a4d50b c4d07dbd62794ef8ac9b525859181be3 b7a0e30277694c66a4864bc82cdf7f88 - - default default] 199.19.213.59 "GET /v2.0/networks?id=bc826c4c-a445-4207-9d32-821b3a6b7f28 HTTP/1.1" status: 200 len: 876 time: 0.1236792
2026-05-12 07:04:27.640 9 INFO neutron.api.v2.resource [None req-485386c7-8539-4dd7-80f7-b3680fd0ea80 0d7f303b532d4bc9bc233fc9bd89370f 11cb8fe7e8ab4107af3aa1275f0819e8 - - - -] delete failed (client error): The resource could not be found.
2026-05-12 07:04:27.642 9 INFO neutron.wsgi [None req-485386c7-8539-4dd7-80f7-b3680fd0ea80 0d7f303b532d4bc9bc233fc9bd89370f 11cb8fe7e8ab4107af3aa1275f0819e8 - - - -] 10.0.0.66 "DELETE /v2.0/routers/5d138b78-1491-45ef-a63e-e28e7100bc97 HTTP/1.1" status: 404 len: 336 time: 0.0267384
2026-05-12 07:04:27.673 9 INFO neutron.pecan_wsgi.hooks.translation [None req-9253cece-7f90-4d90-bc28-8eca7a50a97e 0d7f303b532d4bc9bc233fc9bd89370f 11cb8fe7e8ab4107af3aa1275f0819e8 - - - -] DELETE failed (client error): The resource could not be found.
2026-05-12 07:04:27.676 9 INFO neutron.wsgi [None req-9253cece-7f90-4d90-bc28-8eca7a50a97e 0d7f303b532d4bc9bc233fc9bd89370f 11cb8fe7e8ab4107af3aa1275f0819e8 - - - -] 10.0.0.66 "DELETE /v2.0/subnets/c41fd182-5e77-4f19-8b74-7a32bc41cb12 HTTP/1.1" status: 404 len: 337 time: 0.0297902
2026-05-12 07:04:27.699 9 INFO neutron.pecan_wsgi.hooks.translation [None req-a14819c6-24e0-4cd4-a588-051dfdb42d37 0d7f303b532d4bc9bc233fc9bd89370f 11cb8fe7e8ab4107af3aa1275f0819e8 - - - -] DELETE failed (client error): The resource could not be found.
2026-05-12 07:04:27.702 9 INFO neutron.wsgi [None req-a14819c6-24e0-4cd4-a588-051dfdb42d37 0d7f303b532d4bc9bc233fc9bd89370f 11cb8fe7e8ab4107af3aa1275f0819e8 - - - -] 10.0.0.66 "DELETE /v2.0/subnets/4dfd2414-4250-40e2-8828-d5d0331ad5b9 HTTP/1.1" status: 404 len: 337 time: 0.0204451
2026-05-12 07:04:27.821 10 INFO neutron.wsgi [None req-9b3c8cb5-45af-4544-b625-aac53bdac9cf d3474c55c7c342e9b9325f882dff1ff9 abb52a07f1ff4a0aa027ea9bc8c07484 - - - -] 10.0.0.66 "DELETE /v2.0/ports/af445a60-adcf-40f3-ba67-51bbe2ab005c HTTP/1.1" status: 204 len: 168 time: 0.5049331
2026-05-12 07:04:27.867 10 INFO neutron.wsgi [None req-4f8b39e4-9a1b-4d45-9f4d-b8c9a4f5281b eb6609e0220b4604b3e676946760858f b9e572cd022844ef802bb08079d29030 - - default default] 10.0.0.187 "GET /v2.0/security-groups HTTP/1.1" status: 200 len: 27923 time: 0.2909787
2026-05-12 07:04:27.915 10 WARNING neutron.scheduler.dhcp_agent_scheduler [None req-b3324436-b0b0-4ad0-a6ba-dfa673f203bd c48dff87238243689357d4624046bb0f c459007ea5d34733b117fca420370e60 - - - -] No more DHCP agents
2026-05-12 07:04:27.925 9 INFO neutron.wsgi [None req-7eadaa0b-cf19-4ad3-8ebd-e63bff76a878 d3474c55c7c342e9b9325f882dff1ff9 abb52a07f1ff4a0aa027ea9bc8c07484 - - default default] 10.0.0.66 "GET /v2.0/ports HTTP/1.1" status: 200 len: 1729 time: 0.0974267
2026-05-12 07:04:27.936 10 WARNING neutron.api.rpc.agentnotifiers.dhcp_rpc_agent_api [None req-b3324436-b0b0-4ad0-a6ba-dfa673f203bd c48dff87238243689357d4624046bb0f c459007ea5d34733b117fca420370e60 - - - -] Unable to schedule network fd575d32-b2a6-4f41-83ae-3eede270dc18: no agents available; will retry on subsequent port and subnet creation events.
2026-05-12 07:04:27.951 10 INFO neutron.wsgi [req-429f7e1a-1582-442d-9599-9f09cdafc112 req-8aa17409-f212-4528-9897-51878ea946ab c4d07dbd62794ef8ac9b525859181be3 b7a0e30277694c66a4864bc82cdf7f88 - - default default] 10.0.0.138 "GET /v2.0/ports?device_id=e7bce890-f868-4869-a52d-fa4d334b04bb HTTP/1.1" status: 200 len: 210 time: 0.0695407
2026-05-12 07:04:27.953 9 INFO neutron.pecan_wsgi.hooks.translation [None req-f2ec96a7-4245-477a-8309-2ac1fbad1e65 d3474c55c7c342e9b9325f882dff1ff9 abb52a07f1ff4a0aa027ea9bc8c07484 - - default default] GET failed (client error): The resource could not be found.
2026-05-12 07:04:27.955 9 INFO neutron.wsgi [None req-f2ec96a7-4245-477a-8309-2ac1fbad1e65 d3474c55c7c342e9b9325f882dff1ff9 abb52a07f1ff4a0aa027ea9bc8c07484 - - default default] 10.0.0.66 "GET /v2.0/ports/af445a60-adcf-40f3-ba67-51bbe2ab005c HTTP/1.1" status: 404 len: 333 time: 0.0254598
2026-05-12 07:04:27.969 10 INFO neutron.wsgi [None req-6d8ee206-1af8-4893-984f-9e748a0dbb90 eb6609e0220b4604b3e676946760858f b9e572cd022844ef802bb08079d29030 - - default default] 10.0.0.187 "GET /v2.0/ports HTTP/1.1" status: 200 len: 11072 time: 0.0868902
2026-05-12 07:04:27.996 10 INFO neutron.db.ovn_revision_numbers_db [None req-b3324436-b0b0-4ad0-a6ba-dfa673f203bd c48dff87238243689357d4624046bb0f c459007ea5d34733b117fca420370e60 - - - -] Successfully bumped revision number for resource b9ba535c-4efb-4f62-9f7d-8d0f85ab258c (type: subnets) to 0
2026-05-12 07:04:28.008 10 INFO neutron.wsgi [None req-d3a6d49b-1757-4178-a17a-b089ba48ff89 eb6609e0220b4604b3e676946760858f b9e572cd022844ef802bb08079d29030 - - default default] 10.0.0.187 "GET /v2.0/agents HTTP/1.1" status: 200 len: 997 time: 0.0345840
2026-05-12 07:04:28.016 9 INFO neutron.wsgi [None req-9b2f03c7-40d9-44c6-b1ec-b2421871b594 d3474c55c7c342e9b9325f882dff1ff9 abb52a07f1ff4a0aa027ea9bc8c07484 - - default default] 10.0.0.66 "GET /v2.0/ports HTTP/1.1" status: 200 len: 1729 time: 0.0484343
2026-05-12 07:04:28.033 10 INFO neutron.wsgi [None req-b3324436-b0b0-4ad0-a6ba-dfa673f203bd c48dff87238243689357d4624046bb0f c459007ea5d34733b117fca420370e60 - - - -] 10.0.0.66 "POST /v2.0/subnets HTTP/1.1" status: 201 len: 848 time: 0.6514814
2026-05-12 07:04:28.043 10 INFO neutron.wsgi [None req-af2e67d2-5f9e-42a3-a01d-0243153ba937 eb6609e0220b4604b3e676946760858f b9e572cd022844ef802bb08079d29030 - - default default] 10.0.0.187 "GET /v2.0/network-ip-availabilities HTTP/1.1" status: 200 len: 2515 time: 0.0277507
2026-05-12 07:04:28.058 9 INFO neutron.wsgi [None req-ff613f3b-6a8f-496f-921d-3e94067eda35 d3474c55c7c342e9b9325f882dff1ff9 abb52a07f1ff4a0aa027ea9bc8c07484 - - default default] 10.0.0.66 "GET /v2.0/ports/eb825f5d-7156-4c39-8adf-234844d64e0b HTTP/1.1" status: 200 len: 969 time: 0.0350225
2026-05-12 07:04:28.090 9 INFO neutron.pecan_wsgi.hooks.translation [None req-3017680c-8ae5-408b-9e23-0178739e401c d3474c55c7c342e9b9325f882dff1ff9 abb52a07f1ff4a0aa027ea9bc8c07484 - - - -] DELETE failed (client error): The resource could not be found.
2026-05-12 07:04:28.094 9 INFO neutron.wsgi [None req-3017680c-8ae5-408b-9e23-0178739e401c d3474c55c7c342e9b9325f882dff1ff9 abb52a07f1ff4a0aa027ea9bc8c07484 - - - -] 10.0.0.66 "DELETE /v2.0/ports/47062146-2d80-469a-b741-6ceda6cfd29a HTTP/1.1" status: 404 len: 333 time: 0.0290782
2026-05-12 07:04:28.118 9 INFO neutron.pecan_wsgi.hooks.translation [None req-29b3bda6-9507-4873-97b2-bfe26ecca6bc d3474c55c7c342e9b9325f882dff1ff9 abb52a07f1ff4a0aa027ea9bc8c07484 - - - -] DELETE failed (client error): The resource could not be found.
2026-05-12 07:04:28.121 9 INFO neutron.wsgi [None req-29b3bda6-9507-4873-97b2-bfe26ecca6bc d3474c55c7c342e9b9325f882dff1ff9 abb52a07f1ff4a0aa027ea9bc8c07484 - - - -] 10.0.0.66 "DELETE /v2.0/subnets/478cc903-ba75-4d82-9531-19aa4823b725 HTTP/1.1" status: 404 len: 337 time: 0.0225830
2026-05-12 07:04:28.134 10 INFO neutron.wsgi [None req-afcc6b80-a58b-4eaa-bade-8d5ff35e95f3 eb6609e0220b4604b3e676946760858f b9e572cd022844ef802bb08079d29030 - - default default] 10.0.0.187 "GET /v2.0/subnets HTTP/1.1" status: 200 len: 2752 time: 0.0756292
2026-05-12 07:04:28.151 9 INFO neutron.pecan_wsgi.hooks.translation [None req-4f61d120-4eaa-4d8f-9507-2275858f812e d3474c55c7c342e9b9325f882dff1ff9 abb52a07f1ff4a0aa027ea9bc8c07484 - - - -] DELETE failed (client error): The resource could not be found.
2026-05-12 07:04:28.154 9 INFO neutron.wsgi [None req-4f61d120-4eaa-4d8f-9507-2275858f812e d3474c55c7c342e9b9325f882dff1ff9 abb52a07f1ff4a0aa027ea9bc8c07484 - - - -] 10.0.0.66 "DELETE /v2.0/subnets/9ef87391-e183-48de-9df0-eb0762b5a05b HTTP/1.1" status: 404 len: 337 time: 0.0237544
2026-05-12 07:04:28.249 10 INFO neutron.db.segments_db [None req-88df2a33-2a5c-48d3-a6be-3b78c4615ed6 c48dff87238243689357d4624046bb0f c459007ea5d34733b117fca420370e60 - - - -] Added segment 5bfc5c90-f5c2-4a2e-89ad-a7809e7c88f8 of type geneve for network 1c701395-6f01-4596-a9f7-fec0c948b642
2026-05-12 07:04:28.406 9 INFO neutron.wsgi [None req-14b0de1d-0752-44a8-aace-da37a3c6ce35 eb6609e0220b4604b3e676946760858f b9e572cd022844ef802bb08079d29030 - - default default] 10.0.0.66 "GET /v2.0/security-groups?tenant_id=11cb8fe7e8ab4107af3aa1275f0819e8&name=default HTTP/1.1" status: 200 len: 2996 time: 0.1484463
2026-05-12 07:04:28.422 9 INFO neutron.wsgi [None req-fb2e9140-5de9-421a-a1b9-d2f64c92d22a d3474c55c7c342e9b9325f882dff1ff9 abb52a07f1ff4a0aa027ea9bc8c07484 - - - -] 10.0.0.66 "DELETE /v2.0/ports/eb825f5d-7156-4c39-8adf-234844d64e0b HTTP/1.1" status: 204 len: 168 time: 0.2522242
2026-05-12 07:04:28.613 10 INFO neutron.wsgi [None req-65e550ef-4987-4a9a-8375-f45f50542408 eb6609e0220b4604b3e676946760858f b9e572cd022844ef802bb08079d29030 - - default default] 10.0.0.187 "GET /v2.0/routers HTTP/1.1" status: 200 len: 863 time: 0.4740014
2026-05-12 07:04:28.655 10 INFO neutron.wsgi [None req-241e1444-fd86-4301-bc8f-47168db432d8 eb6609e0220b4604b3e676946760858f b9e572cd022844ef802bb08079d29030 - - default default] 10.0.0.187 "GET /v2.0/agents?binary=ovn-controller HTTP/1.1" status: 200 len: 591 time: 0.0358052
2026-05-12 07:04:28.721 10 INFO neutron.wsgi [None req-afdd9770-4781-41c0-b80e-36c2b858a720 eb6609e0220b4604b3e676946760858f b9e572cd022844ef802bb08079d29030 - - default default] 10.0.0.187 "GET /v2.0/subnets HTTP/1.1" status: 200 len: 2752 time: 0.0619953
2026-05-12 07:04:28.728 9 INFO neutron.wsgi [None req-4ad6b804-00d4-438d-bdba-e9b725dd2aad eb6609e0220b4604b3e676946760858f b9e572cd022844ef802bb08079d29030 - - - -] 10.0.0.66 "DELETE /v2.0/security-groups/dd957d99-0ea2-4cf8-9319-83d589805457 HTTP/1.1" status: 204 len: 168 time: 0.3169110 /var/lib/openstack/lib/python3.10/site-packages/pycadf/identifier.py:71: UserWarning: Invalid uuid: neutron. To ensure interoperability, identifiers should be a valid uuid. warnings.warn(('Invalid uuid: %s. To ensure interoperability, '
2026-05-12 07:04:28.772 10 INFO neutron.wsgi [None req-f7625bb9-f26e-437b-8b96-1a3e6f6947e3 eb6609e0220b4604b3e676946760858f b9e572cd022844ef802bb08079d29030 - - default default] 10.0.0.187 "GET /v2.0/subnetpools HTTP/1.1" status: 200 len: 193 time: 0.0468361
2026-05-12 07:04:28.804 10 INFO neutron.db.ovn_revision_numbers_db [None req-88df2a33-2a5c-48d3-a6be-3b78c4615ed6 c48dff87238243689357d4624046bb0f c459007ea5d34733b117fca420370e60 - - - -] Successfully bumped revision number for resource 1c701395-6f01-4596-a9f7-fec0c948b642 (type: networks) to 1
2026-05-12 07:04:28.807 10 INFO neutron.wsgi [None req-68275755-2e50-4d26-83de-fbb5d403c566 eb6609e0220b4604b3e676946760858f b9e572cd022844ef802bb08079d29030 - - default default] 10.0.0.187 "GET /v2.0/floatingips HTTP/1.1" status: 200 len: 193 time: 0.0319898
2026-05-12 07:04:28.823 10 WARNING neutron.scheduler.dhcp_agent_scheduler [None req-540bf123-3dfa-4802-9bb8-39e41c27c185 c4d07dbd62794ef8ac9b525859181be3 b7a0e30277694c66a4864bc82cdf7f88 - - - -] No more DHCP agents
2026-05-12 07:04:28.826 9 INFO neutron.services.segments.plugin [-] Segment fe8c0dd4-793b-43ac-97ca-2e6fe7bdf87d resource provider aggregate not found
2026-05-12 07:04:28.846 10 WARNING neutron.api.rpc.agentnotifiers.dhcp_rpc_agent_api [None req-540bf123-3dfa-4802-9bb8-39e41c27c185 c4d07dbd62794ef8ac9b525859181be3 b7a0e30277694c66a4864bc82cdf7f88 - - - -] Unable to schedule network bc826c4c-a445-4207-9d32-821b3a6b7f28: no agents available; will retry on subsequent port and subnet creation events.
2026-05-12 07:04:28.856 9 INFO neutron.services.segments.plugin [-] Segment fe8c0dd4-793b-43ac-97ca-2e6fe7bdf87d resource provider aggregate not found
2026-05-12 07:04:28.869 9 INFO neutron.services.segments.plugin [-] Segment fe8c0dd4-793b-43ac-97ca-2e6fe7bdf87d resource provider not found; error: Placement Client Error (4xx): {"errors": [{"status": 404, "title": "Not Found", "detail": "The resource could not be found.\n\n No resource provider with uuid fe8c0dd4-793b-43ac-97ca-2e6fe7bdf87d found for delete ", "request_id": "req-6a9e94b4-e4b4-4079-99ba-5e2d87f3112e"}]}
2026-05-12 07:04:28.884 9 INFO neutron.services.segments.plugin [-] Segment fe8c0dd4-793b-43ac-97ca-2e6fe7bdf87d resource provider not found; error: Placement Client Error (4xx): {"errors": [{"status": 404, "title": "Not Found", "detail": "The resource could not be found.\n\n No resource provider with uuid fe8c0dd4-793b-43ac-97ca-2e6fe7bdf87d found for delete ", "request_id": "req-a28ff3d3-155f-4547-a299-512eedc41691"}]}
2026-05-12 07:04:28.933 9 INFO neutron.wsgi [None req-fc5cedea-785e-4b4e-97f4-3b9bd88c187f d3474c55c7c342e9b9325f882dff1ff9 abb52a07f1ff4a0aa027ea9bc8c07484 - - - -] 10.0.0.66 "DELETE /v2.0/networks/1f537a3a-ce39-487a-8e1d-23998cff2d03 HTTP/1.1" status: 204 len: 168 time: 0.5062726
2026-05-12 07:04:28.979 10 INFO neutron.wsgi [None req-f86a4d95-c0fe-4c32-8924-df4ff7cf9e07 eb6609e0220b4604b3e676946760858f b9e572cd022844ef802bb08079d29030 - - default default] 10.0.0.187 "GET /v2.0/networks HTTP/1.1" status: 200 len: 5309 time: 0.1688590
2026-05-12 07:04:29.103 10 WARNING neutron.plugins.ml2.drivers.ovn.mech_driver.ovsdb.ovn_client [None req-08057539-665d-4047-884f-b9d8c95b934b - - - - - -] No port found with ID c3046451-6a1e-4ff6-a8a2-7754b89a3cd8: RuntimeError: No port found with ID c3046451-6a1e-4ff6-a8a2-7754b89a3cd8
2026-05-12 07:04:29.138 10 WARNING neutron.scheduler.dhcp_agent_scheduler [None req-88df2a33-2a5c-48d3-a6be-3b78c4615ed6 c48dff87238243689357d4624046bb0f c459007ea5d34733b117fca420370e60 - - - -] No more DHCP agents
2026-05-12 07:04:29.142 10 WARNING neutron.api.rpc.agentnotifiers.dhcp_rpc_agent_api [None req-88df2a33-2a5c-48d3-a6be-3b78c4615ed6 c48dff87238243689357d4624046bb0f c459007ea5d34733b117fca420370e60 - - - -] Unable to schedule network 1c701395-6f01-4596-a9f7-fec0c948b642: no agents available; will retry on subsequent port and subnet creation events.
2026-05-12 07:04:29.144 9 INFO neutron.wsgi [req-71a42038-d05b-4e39-97de-b2e75fd8c73f req-bc504c5d-70d3-4b95-b424-273dc76b995c c4d07dbd62794ef8ac9b525859181be3 b7a0e30277694c66a4864bc82cdf7f88 - - default default] 10.0.0.138 "GET /v2.0/ports?device_id=e7bce890-f868-4869-a52d-fa4d334b04bb HTTP/1.1" status: 200 len: 1156 time: 0.0953257
2026-05-12 07:04:29.177 10 INFO neutron.db.ovn_revision_numbers_db [None req-540bf123-3dfa-4802-9bb8-39e41c27c185 c4d07dbd62794ef8ac9b525859181be3 b7a0e30277694c66a4864bc82cdf7f88 - - - -] Successfully bumped revision number for resource 027678fd-4698-436c-afed-f554bdf3b383 (type: ports) to 1
2026-05-12 07:04:29.183 9 INFO neutron.wsgi [req-71a42038-d05b-4e39-97de-b2e75fd8c73f req-23067586-95e5-4416-9825-811ddd6cef9d c4d07dbd62794ef8ac9b525859181be3 b7a0e30277694c66a4864bc82cdf7f88 - - default default] 10.0.0.138 "GET /v2.0/security-groups?id=6e20aa0b-68e2-4133-b665-a090630f9856&fields=id&fields=name HTTP/1.1" status: 200 len: 286 time: 0.0339739
2026-05-12 07:04:29.223 10 INFO neutron.wsgi [None req-540bf123-3dfa-4802-9bb8-39e41c27c185 c4d07dbd62794ef8ac9b525859181be3 b7a0e30277694c66a4864bc82cdf7f88 - - - -] 199.19.213.59 "POST /v2.0/ports HTTP/1.1" status: 201 len: 1158 time: 1.5786507
2026-05-12 07:04:29.225 10 INFO neutron.db.ovn_revision_numbers_db [None req-88df2a33-2a5c-48d3-a6be-3b78c4615ed6 c48dff87238243689357d4624046bb0f c459007ea5d34733b117fca420370e60 - - - -] Successfully bumped revision number for resource 280da937-21dd-4a70-9134-42c6480b540c (type: ports) to 1 /var/lib/openstack/lib/python3.10/site-packages/pycadf/identifier.py:71: UserWarning: Invalid uuid: neutron. To ensure interoperability, identifiers should be a valid uuid. warnings.warn(('Invalid uuid: %s. To ensure interoperability, '
2026-05-12 07:04:29.266 10 INFO neutron.wsgi [None req-88df2a33-2a5c-48d3-a6be-3b78c4615ed6 c48dff87238243689357d4624046bb0f c459007ea5d34733b117fca420370e60 - - - -] 10.0.0.66 "POST /v2.0/networks HTTP/1.1" status: 201 len: 847 time: 1.2268641
2026-05-12 07:04:29.440 9 INFO neutron.db.ovn_revision_numbers_db [None req-41b07503-5e54-47e8-826f-e3907a88ef12 c48dff87238243689357d4624046bb0f c459007ea5d34733b117fca420370e60 - - - -] Successfully bumped revision number for resource 1c701395-6f01-4596-a9f7-fec0c948b642 (type: networks) to 2
2026-05-12 07:04:29.447 9 INFO neutron.wsgi [None req-41b07503-5e54-47e8-826f-e3907a88ef12 c48dff87238243689357d4624046bb0f c459007ea5d34733b117fca420370e60 - - - -] 10.0.0.66 "PUT /v2.0/networks/1c701395-6f01-4596-a9f7-fec0c948b642 HTTP/1.1" status: 200 len: 792 time: 0.1758378 /var/lib/openstack/lib/python3.10/site-packages/pycadf/identifier.py:71: UserWarning: Invalid uuid: neutron. To ensure interoperability, identifiers should be a valid uuid. warnings.warn(('Invalid uuid: %s. To ensure interoperability, '
2026-05-12 07:04:29.610 10 INFO neutron.wsgi [None req-511d6ed9-21bc-44e1-9e8f-1005bd0c32dd eb6609e0220b4604b3e676946760858f b9e572cd022844ef802bb08079d29030 - - default default] 10.0.0.66 "GET /v2.0/security-groups?tenant_id=abb52a07f1ff4a0aa027ea9bc8c07484&name=default HTTP/1.1" status: 200 len: 2996 time: 0.1433513
2026-05-12 07:04:29.644 10 INFO neutron.db.ovn_revision_numbers_db [None req-78c84b9a-98db-40f8-be6b-a54584b53fe6 359013e03f6a44c8a66d1a1af43a6529 0df174a901bc4dc0bb74341c0eb17dec - - - -] Successfully bumped revision number for resource 027678fd-4698-436c-afed-f554bdf3b383 (type: ports) to 2
2026-05-12 07:04:29.711 9 WARNING neutron.scheduler.dhcp_agent_scheduler [None req-cff393ae-40d5-45f2-9022-0371d5c08b25 c48dff87238243689357d4624046bb0f c459007ea5d34733b117fca420370e60 - - - -] No more DHCP agents
2026-05-12 07:04:29.712 9 WARNING neutron.api.rpc.agentnotifiers.dhcp_rpc_agent_api [None req-cff393ae-40d5-45f2-9022-0371d5c08b25 c48dff87238243689357d4624046bb0f c459007ea5d34733b117fca420370e60 - - - -] Unable to schedule network 1c701395-6f01-4596-a9f7-fec0c948b642: no agents available; will retry on subsequent port and subnet creation events.
2026-05-12 07:04:29.728 9 INFO neutron.db.ovn_revision_numbers_db [None req-cff393ae-40d5-45f2-9022-0371d5c08b25 c48dff87238243689357d4624046bb0f c459007ea5d34733b117fca420370e60 - - - -] Successfully bumped revision number for resource 8c422e4f-fa24-4887-863f-7761e894ffaf (type: subnets) to 0
2026-05-12 07:04:29.751 9 INFO neutron.wsgi [None req-cff393ae-40d5-45f2-9022-0371d5c08b25 c48dff87238243689357d4624046bb0f c459007ea5d34733b117fca420370e60 - - - -] 10.0.0.66 "POST /v2.0/subnets HTTP/1.1" status: 201 len: 821 time: 0.2985592
2026-05-12 07:04:29.861 10 INFO neutron.db.ovn_revision_numbers_db [None req-78c84b9a-98db-40f8-be6b-a54584b53fe6 359013e03f6a44c8a66d1a1af43a6529 0df174a901bc4dc0bb74341c0eb17dec - - - -] Successfully bumped revision number for resource 027678fd-4698-436c-afed-f554bdf3b383 (type: ports) to 2
2026-05-12 07:04:29.871 10 INFO neutron.wsgi [None req-23349248-f8f2-4293-8d90-eb5e2cdfefe8 eb6609e0220b4604b3e676946760858f b9e572cd022844ef802bb08079d29030 - - - -] 10.0.0.66 "DELETE /v2.0/security-groups/8289151e-6b81-4a7d-9479-89cf9fe163fd HTTP/1.1" status: 204 len: 168 time: 0.2552810
2026-05-12 07:04:29.882 10 INFO neutron.wsgi [None req-78c84b9a-98db-40f8-be6b-a54584b53fe6 359013e03f6a44c8a66d1a1af43a6529 0df174a901bc4dc0bb74341c0eb17dec - - - -] 199.19.213.59 "PUT /v2.0/ports/027678fd-4698-436c-afed-f554bdf3b383 HTTP/1.1" status: 200 len: 1328 time: 0.6466413
2026-05-12 07:04:29.922 10 INFO neutron.notifiers.nova [-] Nova event matching ['req-90d8bb64-1b6d-48ef-9262-851ea3c3977d'] response: {'name': 'network-changed', 'server_uuid': 'e7bce890-f868-4869-a52d-fa4d334b04bb', 'tag': '027678fd-4698-436c-afed-f554bdf3b383', 'status': 'completed', 'code': 200} /var/lib/openstack/lib/python3.10/site-packages/pycadf/identifier.py:71: UserWarning: Invalid uuid: neutron. To ensure interoperability, identifiers should be a valid uuid. warnings.warn(('Invalid uuid: %s. To ensure interoperability, '
2026-05-12 07:04:29.955 10 INFO neutron.wsgi [req-a2dfa41e-6570-4796-9d13-40977f0e8693 req-55670da3-02ab-475b-a300-7268129a8d77 359013e03f6a44c8a66d1a1af43a6529 0df174a901bc4dc0bb74341c0eb17dec - - 794e60b7ab31494d9889834336fd9def 794e60b7ab31494d9889834336fd9def] 199.19.213.59 "GET /v2.0/ports?tenant_id=b7a0e30277694c66a4864bc82cdf7f88&device_id=e7bce890-f868-4869-a52d-fa4d334b04bb HTTP/1.1" status: 200 len: 1359 time: 0.0324204
2026-05-12 07:04:29.989 10 INFO neutron.wsgi [req-a2dfa41e-6570-4796-9d13-40977f0e8693 req-18c8e61d-78b9-41cf-b433-d10c828ab0fe 359013e03f6a44c8a66d1a1af43a6529 0df174a901bc4dc0bb74341c0eb17dec - - 794e60b7ab31494d9889834336fd9def 794e60b7ab31494d9889834336fd9def] 199.19.213.59 "GET /v2.0/floatingips?fixed_ip_address=10.100.0.3&port_id=027678fd-4698-436c-afed-f554bdf3b383 HTTP/1.1" status: 200 len: 217 time: 0.0268593
2026-05-12 07:04:30.027 10 INFO neutron.wsgi [req-a2dfa41e-6570-4796-9d13-40977f0e8693 req-d8e80f10-0117-474c-8867-5d1a9bbef23a 359013e03f6a44c8a66d1a1af43a6529 0df174a901bc4dc0bb74341c0eb17dec - - 794e60b7ab31494d9889834336fd9def 794e60b7ab31494d9889834336fd9def] 199.19.213.59 "GET /v2.0/subnets?id=72834df1-0d81-4927-939e-f93fb74a097a HTTP/1.1" status: 200 len: 870 time: 0.0306439
2026-05-12 07:04:30.071 10 INFO neutron.wsgi [req-a2dfa41e-6570-4796-9d13-40977f0e8693 req-9681cc51-ee3b-46ee-9087-daf12e067469 359013e03f6a44c8a66d1a1af43a6529 0df174a901bc4dc0bb74341c0eb17dec - - 794e60b7ab31494d9889834336fd9def 794e60b7ab31494d9889834336fd9def] 199.19.213.59 "GET /v2.0/ports?network_id=bc826c4c-a445-4207-9d32-821b3a6b7f28&device_owner=network%3Adhcp HTTP/1.1" status: 200 len: 210 time: 0.0387590
2026-05-12 07:04:30.143 10 INFO neutron.wsgi [req-a2dfa41e-6570-4796-9d13-40977f0e8693 req-6e39ed31-6799-486b-9f55-747e89caa39e 359013e03f6a44c8a66d1a1af43a6529 0df174a901bc4dc0bb74341c0eb17dec - - 794e60b7ab31494d9889834336fd9def 794e60b7ab31494d9889834336fd9def] 199.19.213.59 "GET /v2.0/networks/bc826c4c-a445-4207-9d32-821b3a6b7f28?fields=segments HTTP/1.1" status: 200 len: 212 time: 0.0654998
2026-05-12 07:04:30.198 10 INFO neutron.wsgi [req-a2dfa41e-6570-4796-9d13-40977f0e8693 req-c2178f63-2650-4c44-9dab-99586534c40e 359013e03f6a44c8a66d1a1af43a6529 0df174a901bc4dc0bb74341c0eb17dec - - 794e60b7ab31494d9889834336fd9def 794e60b7ab31494d9889834336fd9def] 199.19.213.59 "GET /v2.0/networks/bc826c4c-a445-4207-9d32-821b3a6b7f28?fields=provider%3Aphysical_network&fields=provider%3Anetwork_type HTTP/1.1" status: 200 len: 277 time: 0.0491536
2026-05-12 07:04:30.297 10 INFO neutron.wsgi [req-7d304a9b-e2e2-4936-a7eb-258ae214c3b5 req-3ed02e35-194d-498f-8d70-479b50ae9c0e 359013e03f6a44c8a66d1a1af43a6529 0df174a901bc4dc0bb74341c0eb17dec - - 794e60b7ab31494d9889834336fd9def 794e60b7ab31494d9889834336fd9def] 199.19.213.59 "GET /v2.0/ports?tenant_id=b7a0e30277694c66a4864bc82cdf7f88&device_id=e7bce890-f868-4869-a52d-fa4d334b04bb HTTP/1.1" status: 200 len: 1359 time: 0.0363891
2026-05-12 07:04:30.301 10 INFO neutron.wsgi [req-ccb1ff1f-38fa-4bd7-a505-6c410bdc1806 req-8506200c-ba8b-4a82-8d82-4436abe2aaf9 c4d07dbd62794ef8ac9b525859181be3 b7a0e30277694c66a4864bc82cdf7f88 - - default default] 10.0.0.138 "GET /v2.0/ports?device_id=e7bce890-f868-4869-a52d-fa4d334b04bb HTTP/1.1" status: 200 len: 1168 time: 0.0507658
2026-05-12 07:04:30.367 10 INFO neutron.wsgi [req-ccb1ff1f-38fa-4bd7-a505-6c410bdc1806 req-fa28fc22-e1be-4c9c-ba74-d48645297426 c4d07dbd62794ef8ac9b525859181be3 b7a0e30277694c66a4864bc82cdf7f88 - - default default] 10.0.0.138 "GET /v2.0/security-groups?id=6e20aa0b-68e2-4133-b665-a090630f9856&fields=id&fields=name HTTP/1.1" status: 200 len: 286 time: 0.0566669
2026-05-12 07:04:30.379 10 INFO neutron.wsgi [req-7d304a9b-e2e2-4936-a7eb-258ae214c3b5 req-dd6201f2-dc2d-4ed3-8f86-6d3a87014742 359013e03f6a44c8a66d1a1af43a6529 0df174a901bc4dc0bb74341c0eb17dec - - 794e60b7ab31494d9889834336fd9def 794e60b7ab31494d9889834336fd9def] 199.19.213.59 "GET /v2.0/networks?id=bc826c4c-a445-4207-9d32-821b3a6b7f28 HTTP/1.1" status: 200 len: 975 time: 0.0767047
2026-05-12 07:04:30.424 10 INFO neutron.plugins.ml2.drivers.ovn.mech_driver.mech_driver [None req-08057539-665d-4047-884f-b9d8c95b934b - - - - - -] OVN reports status up for port: 027678fd-4698-436c-afed-f554bdf3b383
2026-05-12 07:04:30.427 10 INFO neutron.wsgi [req-7d304a9b-e2e2-4936-a7eb-258ae214c3b5 req-9846c547-9a17-4e85-8687-e38c2855b767 359013e03f6a44c8a66d1a1af43a6529 0df174a901bc4dc0bb74341c0eb17dec - - 794e60b7ab31494d9889834336fd9def 794e60b7ab31494d9889834336fd9def] 199.19.213.59 "GET /v2.0/floatingips?fixed_ip_address=10.100.0.3&port_id=027678fd-4698-436c-afed-f554bdf3b383 HTTP/1.1" status: 200 len: 217 time: 0.0411026
2026-05-12 07:04:30.441 10 INFO neutron.plugins.ml2.plugin [None req-08057539-665d-4047-884f-b9d8c95b934b - - - - - -] Attempt 1 to provision port 027678fd-4698-436c-afed-f554bdf3b383
2026-05-12 07:04:30.485 10 INFO neutron.wsgi [req-7d304a9b-e2e2-4936-a7eb-258ae214c3b5 req-e5787c83-36f7-4b71-82e1-ad2e606cd950 359013e03f6a44c8a66d1a1af43a6529 0df174a901bc4dc0bb74341c0eb17dec - - 794e60b7ab31494d9889834336fd9def 794e60b7ab31494d9889834336fd9def] 199.19.213.59 "GET /v2.0/subnets?id=72834df1-0d81-4927-939e-f93fb74a097a HTTP/1.1" status: 200 len: 870 time: 0.0523455
2026-05-12 07:04:30.509 9 INFO neutron.db.ovn_revision_numbers_db [None req-14f51611-1d4b-4f5e-925d-57fc983b4780 c48dff87238243689357d4624046bb0f c459007ea5d34733b117fca420370e60 - - - -] Successfully bumped revision number for resource 280da937-21dd-4a70-9134-42c6480b540c (type: ports) to 2
2026-05-12 07:04:30.522 10 INFO neutron.wsgi [req-7d304a9b-e2e2-4936-a7eb-258ae214c3b5 req-b3f83794-80a4-4f1a-833d-fc0f2187fe16 359013e03f6a44c8a66d1a1af43a6529 0df174a901bc4dc0bb74341c0eb17dec - - 794e60b7ab31494d9889834336fd9def 794e60b7ab31494d9889834336fd9def] 199.19.213.59 "GET /v2.0/ports?network_id=bc826c4c-a445-4207-9d32-821b3a6b7f28&device_owner=network%3Adhcp HTTP/1.1" status: 200 len: 210 time: 0.0332510
2026-05-12 07:04:30.530 9 INFO neutron.db.ovn_revision_numbers_db [None req-14f51611-1d4b-4f5e-925d-57fc983b4780 c48dff87238243689357d4624046bb0f c459007ea5d34733b117fca420370e60 - - - -] Successfully bumped revision number for resource 8c422e4f-fa24-4887-863f-7761e894ffaf (type: subnets) to 1
2026-05-12 07:04:30.533 9 INFO neutron.wsgi [None req-14f51611-1d4b-4f5e-925d-57fc983b4780 c48dff87238243689357d4624046bb0f c459007ea5d34733b117fca420370e60 - - - -] 10.0.0.66 "PUT /v2.0/subnets/8c422e4f-fa24-4887-863f-7761e894ffaf HTTP/1.1" status: 200 len: 826 time: 0.7783313
2026-05-12 07:04:30.609 10 INFO neutron.wsgi [req-7d304a9b-e2e2-4936-a7eb-258ae214c3b5 req-6072e81d-1c4b-43af-9347-6f0eebfb1fbc 359013e03f6a44c8a66d1a1af43a6529 0df174a901bc4dc0bb74341c0eb17dec - - 794e60b7ab31494d9889834336fd9def 794e60b7ab31494d9889834336fd9def] 199.19.213.59 "GET /v2.0/networks/bc826c4c-a445-4207-9d32-821b3a6b7f28?fields=segments HTTP/1.1" status: 200 len: 212 time: 0.0820172
2026-05-12 07:04:30.609 9 WARNING neutron.plugins.ml2.drivers.ovn.mech_driver.ovsdb.ovn_client [None req-ee3f4d76-0ba3-4096-b2a3-140b9f36852c - - - - - -] No hosting information found for port a8741cde-2166-4772-924f-5959ce47a4f6: RuntimeError: No hosting information found for port a8741cde-2166-4772-924f-5959ce47a4f6
2026-05-12 07:04:30.694 10 INFO neutron.wsgi [req-7d304a9b-e2e2-4936-a7eb-258ae214c3b5 req-9718220e-68eb-4625-874f-d053ef3fb0d3 359013e03f6a44c8a66d1a1af43a6529 0df174a901bc4dc0bb74341c0eb17dec - - 794e60b7ab31494d9889834336fd9def 794e60b7ab31494d9889834336fd9def] 199.19.213.59 "GET /v2.0/networks/bc826c4c-a445-4207-9d32-821b3a6b7f28?fields=provider%3Aphysical_network&fields=provider%3Anetwork_type HTTP/1.1" status: 200 len: 277 time: 0.0772076
2026-05-12 07:04:30.767 10 INFO neutron.db.ovn_revision_numbers_db [None req-08057539-665d-4047-884f-b9d8c95b934b - - - - - -] Successfully bumped revision number for resource 027678fd-4698-436c-afed-f554bdf3b383 (type: ports) to 4
2026-05-12 07:04:31.124 9 INFO neutron.services.segments.plugin [-] Segment 5bfc5c90-f5c2-4a2e-89ad-a7809e7c88f8 resource provider aggregate not found
2026-05-12 07:04:31.131 9 INFO neutron.services.segments.plugin [-] Segment 5bfc5c90-f5c2-4a2e-89ad-a7809e7c88f8 resource provider aggregate not found
2026-05-12 07:04:31.152 9 INFO neutron.services.segments.plugin [-] Segment 5bfc5c90-f5c2-4a2e-89ad-a7809e7c88f8 resource provider not found; error: Placement Client Error (4xx): {"errors": [{"status": 404, "title": "Not Found", "detail": "The resource could not be found.\n\n No resource provider with uuid 5bfc5c90-f5c2-4a2e-89ad-a7809e7c88f8 found for delete ", "request_id": "req-e6e0d1b2-e597-48f6-86a6-ff414854eda0"}]}
2026-05-12 07:04:31.153 9 INFO neutron.services.segments.plugin [-] Segment 5bfc5c90-f5c2-4a2e-89ad-a7809e7c88f8 resource provider not found; error: Placement Client Error (4xx): {"errors": [{"status": 404, "title": "Not Found", "detail": "The resource could not be found.\n\n No resource provider with uuid 5bfc5c90-f5c2-4a2e-89ad-a7809e7c88f8 found for delete ", "request_id": "req-b988d400-fed1-499a-aac6-8d361f5a4a96"}]}
2026-05-12 07:04:31.182 9 INFO neutron.wsgi [None req-b5bdbc1b-8fd0-4206-8fb5-511785eab06d c48dff87238243689357d4624046bb0f c459007ea5d34733b117fca420370e60 - - - -] 10.0.0.66 "DELETE /v2.0/networks/1c701395-6f01-4596-a9f7-fec0c948b642 HTTP/1.1" status: 204 len: 168 time: 0.6433425 /var/lib/openstack/lib/python3.10/site-packages/pycadf/identifier.py:71: UserWarning: Invalid uuid: neutron. To ensure interoperability, identifiers should be a valid uuid. warnings.warn(('Invalid uuid: %s. To ensure interoperability, '
2026-05-12 07:04:31.215 10 INFO neutron.pecan_wsgi.hooks.translation [None req-788b2327-19bc-4d50-a45e-649bcd6e53f6 c48dff87238243689357d4624046bb0f c459007ea5d34733b117fca420370e60 - - - -] DELETE failed (client error): The resource could not be found.
2026-05-12 07:04:31.219 10 INFO neutron.wsgi [None req-788b2327-19bc-4d50-a45e-649bcd6e53f6 c48dff87238243689357d4624046bb0f c459007ea5d34733b117fca420370e60 - - - -] 10.0.0.66 "DELETE /v2.0/networks/1c701395-6f01-4596-a9f7-fec0c948b642 HTTP/1.1" status: 404 len: 339 time: 0.0290759
2026-05-12 07:04:31.373 9 INFO neutron.wsgi [None req-c87ff780-b920-4c9c-8dfc-62054f7fafc4 c48dff87238243689357d4624046bb0f c459007ea5d34733b117fca420370e60 - - default default] 10.0.0.66 "GET /v2.0/networks?router%3Aexternal=True HTTP/1.1" status: 200 len: 845 time: 0.1460109
2026-05-12 07:04:31.428 9 INFO neutron.wsgi [None req-fa7b04e1-0392-4b72-a13a-7c818e741b43 c48dff87238243689357d4624046bb0f c459007ea5d34733b117fca420370e60 - - default default] 10.0.0.66 "GET /v2.0/subnets?network_id=a9edea5a-1275-42ba-a7a8-7500bf60cf40 HTTP/1.1" status: 200 len: 820 time: 0.0488911
2026-05-12 07:04:31.442 9 INFO neutron.wsgi [None req-44807445-ed8b-4a24-918e-a256a32c4cf8 c48dff87238243689357d4624046bb0f c459007ea5d34733b117fca420370e60 - - default default] 10.0.0.66 "GET /v2.0/extensions HTTP/1.1" status: 200 len: 16520 time: 0.0067797
2026-05-12 07:04:31.486 9 INFO neutron.wsgi [req-22f10162-5ae1-4cf8-ac73-ad4cf94ba462 req-728b74e3-a6d1-4cb0-9051-61b4252122d2 c4d07dbd62794ef8ac9b525859181be3 b7a0e30277694c66a4864bc82cdf7f88 - - default default] 10.0.0.138 "GET /v2.0/ports?device_id=e7bce890-f868-4869-a52d-fa4d334b04bb HTTP/1.1" status: 200 len: 1170 time: 0.0438633
2026-05-12 07:04:31.534 9 INFO neutron.wsgi [req-22f10162-5ae1-4cf8-ac73-ad4cf94ba462 req-2d3589b2-1d20-487c-80eb-fdd0b04765a0 c4d07dbd62794ef8ac9b525859181be3 b7a0e30277694c66a4864bc82cdf7f88 - - default default] 10.0.0.138 "GET /v2.0/security-groups?id=6e20aa0b-68e2-4133-b665-a090630f9856&fields=id&fields=name HTTP/1.1" status: 200 len: 286 time: 0.0412717
2026-05-12 07:04:31.591 10 INFO neutron.wsgi [None req-620f31de-c1e2-4b71-a644-bf63c16d20b4 c48dff87238243689357d4624046bb0f c459007ea5d34733b117fca420370e60 - - default default] 10.0.0.66 "GET /v2.0/networks HTTP/1.1" status: 200 len: 1508 time: 0.1408703
2026-05-12 07:04:31.658 10 INFO neutron.wsgi [None req-f6af43eb-ad59-4d68-abc0-2245de07c2ef c48dff87238243689357d4624046bb0f c459007ea5d34733b117fca420370e60 - - default default] 10.0.0.66 "GET /v2.0/subnets HTTP/1.1" status: 200 len: 1460 time: 0.0574501
2026-05-12 07:04:31.734 10 INFO neutron.wsgi [None req-b5d750a5-50c5-4f7e-8a83-308239a261dc c48dff87238243689357d4624046bb0f c459007ea5d34733b117fca420370e60 - - default default] 10.0.0.66 "GET /v2.0/networks/fd575d32-b2a6-4f41-83ae-3eede270dc18 HTTP/1.1" status: 200 len: 867 time: 0.0720477
2026-05-12 07:04:31.786 10 INFO neutron.wsgi [None req-dae99028-48ed-4d71-8971-1e8889612c80 c48dff87238243689357d4624046bb0f c459007ea5d34733b117fca420370e60 - - default default] 10.0.0.66 "GET /v2.0/subnets/b9ba535c-4efb-4f62-9f7d-8d0f85ab258c HTTP/1.1" status: 200 len: 843 time: 0.0465660
2026-05-12 07:04:31.809 10 INFO neutron.pecan_wsgi.hooks.translation [None req-d749634c-3c62-452c-a200-9003a80049a7 c48dff87238243689357d4624046bb0f c459007ea5d34733b117fca420370e60 - - - -] DELETE failed (client error): The resource could not be found.
2026-05-12 07:04:31.812 10 INFO neutron.wsgi [None req-d749634c-3c62-452c-a200-9003a80049a7 c48dff87238243689357d4624046bb0f c459007ea5d34733b117fca420370e60 - - - -] 10.0.0.66 "DELETE /v2.0/subnets/8c422e4f-fa24-4887-863f-7761e894ffaf HTTP/1.1" status: 404 len: 337 time: 0.0187976
2026-05-12 07:04:31.830 10 INFO neutron.pecan_wsgi.hooks.translation [None req-7c75e438-fa69-43cc-8251-a35fa125b130 c48dff87238243689357d4624046bb0f c459007ea5d34733b117fca420370e60 - - - -] DELETE failed (client error): The resource could not be found.
2026-05-12 07:04:31.832 10 INFO neutron.wsgi [None req-7c75e438-fa69-43cc-8251-a35fa125b130 c48dff87238243689357d4624046bb0f c459007ea5d34733b117fca420370e60 - - - -] 10.0.0.66 "DELETE /v2.0/networks/1c701395-6f01-4596-a9f7-fec0c948b642 HTTP/1.1" status: 404 len: 339 time: 0.0152678
2026-05-12 07:04:32.075 9 INFO neutron.wsgi [None req-1e58243b-7a16-457b-a913-71afd3cc29eb c48dff87238243689357d4624046bb0f c459007ea5d34733b117fca420370e60 - - - -] 10.0.0.66 "DELETE /v2.0/subnets/b9ba535c-4efb-4f62-9f7d-8d0f85ab258c HTTP/1.1" status: 204 len: 168 time: 0.2370999
2026-05-12 07:04:32.343 10 INFO neutron.notifiers.nova [-] Nova event matching ['req-dc1be704-5cdf-431e-8736-6f23f7797060'] response: {'server_uuid': 'e7bce890-f868-4869-a52d-fa4d334b04bb', 'name': 'network-vif-plugged', 'status': 'completed', 'tag': '027678fd-4698-436c-afed-f554bdf3b383', 'code': 200}
2026-05-12 07:04:32.343 10 INFO neutron.notifiers.nova [-] Nova event matching ['req-dc1be704-5cdf-431e-8736-6f23f7797060'] response: {'server_uuid': 'e7bce890-f868-4869-a52d-fa4d334b04bb', 'name': 'network-vif-plugged', 'status': 'completed', 'tag': '027678fd-4698-436c-afed-f554bdf3b383', 'code': 200}
2026-05-12 07:04:32.403 10 INFO neutron.db.ovn_revision_numbers_db [None req-5be7d08c-4072-44a1-a4e9-94240691cff3 9186ee19aaed4c9d8eb403175088b1ae ab8edaca714b4f188fcbbe3d5da8ce8b - - - -] Successfully bumped revision number for resource cb7800fe-1b03-44f0-80cf-f1bef9e45f81 (type: security_groups) to 1
2026-05-12 07:04:32.476 10 INFO neutron.db.ovn_revision_numbers_db [None req-5be7d08c-4072-44a1-a4e9-94240691cff3 9186ee19aaed4c9d8eb403175088b1ae ab8edaca714b4f188fcbbe3d5da8ce8b - - - -] Successfully bumped revision number for resource f56f998c-231b-4a6b-b7ab-73fec1e432ca (type: security_groups) to 1
2026-05-12 07:04:32.498 10 INFO neutron.wsgi [None req-5be7d08c-4072-44a1-a4e9-94240691cff3 9186ee19aaed4c9d8eb403175088b1ae ab8edaca714b4f188fcbbe3d5da8ce8b - - - -] 10.0.0.66 "POST /v2.0/security-groups HTTP/1.1" status: 201 len: 1761 time: 0.7886021
2026-05-12 07:04:32.507 9 INFO neutron.wsgi [None req-8f5b47bc-1c4e-461f-824b-e57a3756ffc8 c48dff87238243689357d4624046bb0f c459007ea5d34733b117fca420370e60 - - - -] 10.0.0.66 "DELETE /v2.0/networks/fd575d32-b2a6-4f41-83ae-3eede270dc18 HTTP/1.1" status: 204 len: 168 time: 0.4255748
2026-05-12 07:04:32.542 10 INFO neutron.wsgi [None req-a5a068c0-f5c7-4d8f-9267-7fdf5fccd86f 9186ee19aaed4c9d8eb403175088b1ae ab8edaca714b4f188fcbbe3d5da8ce8b - - default default] 10.0.0.66 "GET /v2.0/security-groups HTTP/1.1" status: 200 len: 4539 time: 0.0383966
2026-05-12 07:04:32.654 10 INFO neutron.db.ovn_revision_numbers_db [None req-a3acd1b1-b884-4796-bcb3-55fe420f03e3 9186ee19aaed4c9d8eb403175088b1ae ab8edaca714b4f188fcbbe3d5da8ce8b - - - -] Successfully bumped revision number for resource f56f998c-231b-4a6b-b7ab-73fec1e432ca (type: security_groups) to 2
2026-05-12 07:04:32.660 10 INFO neutron.wsgi [None req-a3acd1b1-b884-4796-bcb3-55fe420f03e3 9186ee19aaed4c9d8eb403175088b1ae ab8edaca714b4f188fcbbe3d5da8ce8b - - - -] 10.0.0.66 "PUT /v2.0/security-groups/f56f998c-231b-4a6b-b7ab-73fec1e432ca HTTP/1.1" status: 200 len: 1795 time: 0.1133654
2026-05-12 07:04:32.662 9 INFO neutron.wsgi [req-5171530e-7199-4dca-9915-871c138fad1f req-d6facc8f-1233-4ad1-a992-08f157e4ba00 c4d07dbd62794ef8ac9b525859181be3 b7a0e30277694c66a4864bc82cdf7f88 - - default default] 10.0.0.138 "GET /v2.0/ports?device_id=e7bce890-f868-4869-a52d-fa4d334b04bb HTTP/1.1" status: 200 len: 1170 time: 0.0510173
2026-05-12 07:04:32.709 10 INFO neutron.wsgi [None req-bdf08ab1-34c9-47ed-9c0b-69b8c7aace29 9186ee19aaed4c9d8eb403175088b1ae ab8edaca714b4f188fcbbe3d5da8ce8b - - default default] 10.0.0.66 "GET /v2.0/security-groups/f56f998c-231b-4a6b-b7ab-73fec1e432ca HTTP/1.1" status: 200 len: 1795 time: 0.0390453
2026-05-12 07:04:32.714 9 INFO neutron.wsgi [req-5171530e-7199-4dca-9915-871c138fad1f req-81980bc4-f277-4c9e-9e2e-c8b1bfbab9e5 c4d07dbd62794ef8ac9b525859181be3 b7a0e30277694c66a4864bc82cdf7f88 - - default default] 10.0.0.138 "GET /v2.0/security-groups?id=6e20aa0b-68e2-4133-b665-a090630f9856&fields=id&fields=name HTTP/1.1" status: 200 len: 286 time: 0.0450597
2026-05-12 07:04:32.881 10 INFO neutron.wsgi [None req-94146df5-bac9-4dc2-b822-69c88af78480 9186ee19aaed4c9d8eb403175088b1ae ab8edaca714b4f188fcbbe3d5da8ce8b - - - -] 10.0.0.66 "DELETE /v2.0/security-groups/f56f998c-231b-4a6b-b7ab-73fec1e432ca HTTP/1.1" status: 204 len: 168 time: 0.1613383
2026-05-12 07:04:32.919 10 INFO neutron.wsgi [None req-f3abbcde-1eff-4ba8-a6b7-06350d9c8364 9186ee19aaed4c9d8eb403175088b1ae ab8edaca714b4f188fcbbe3d5da8ce8b - - default default] 10.0.0.66 "GET /v2.0/security-groups HTTP/1.1" status: 200 len: 2996 time: 0.0331476
2026-05-12 07:04:32.942 10 INFO neutron.api.v2.resource [None req-91dba6fa-43ff-483a-abc2-654556a4827a 9186ee19aaed4c9d8eb403175088b1ae ab8edaca714b4f188fcbbe3d5da8ce8b - - - -] delete failed (client error): The resource could not be found.
2026-05-12 07:04:32.943 10 INFO neutron.wsgi [None req-91dba6fa-43ff-483a-abc2-654556a4827a 9186ee19aaed4c9d8eb403175088b1ae ab8edaca714b4f188fcbbe3d5da8ce8b - - - -] 10.0.0.66 "DELETE /v2.0/security-groups/f56f998c-231b-4a6b-b7ab-73fec1e432ca HTTP/1.1" status: 404 len: 347 time: 0.0184574
2026-05-12 07:04:32.948 10 INFO neutron.wsgi [-] 10.0.0.49 "GET / HTTP/1.1" status: 200 len: 246 time: 0.0020103
2026-05-12 07:04:32.950 9 INFO neutron.wsgi [-] 10.0.0.49 "GET / HTTP/1.1" status: 200 len: 246 time: 0.0032136
2026-05-12 07:04:33.082 10 INFO neutron.db.ovn_revision_numbers_db [None req-d417e409-d397-4e20-8b9c-e71a21f92f89 9186ee19aaed4c9d8eb403175088b1ae ab8edaca714b4f188fcbbe3d5da8ce8b - - - -] Successfully bumped revision number for resource deb0bce5-7690-40a7-9e4a-9e0b4672f7a8 (type: security_groups) to 1
2026-05-12 07:04:33.105 10 INFO neutron.wsgi [None req-d417e409-d397-4e20-8b9c-e71a21f92f89 9186ee19aaed4c9d8eb403175088b1ae ab8edaca714b4f188fcbbe3d5da8ce8b - - - -] 10.0.0.66 "POST /v2.0/security-groups HTTP/1.1" status: 201 len: 1761 time: 0.1494794
2026-05-12 07:04:33.180 9 INFO neutron.services.segments.plugin [-] Segment 04114f4a-8636-4e8a-a523-b3710d1f3765 resource provider aggregate not found
2026-05-12 07:04:33.187 9 INFO neutron.services.segments.plugin [-] Segment 04114f4a-8636-4e8a-a523-b3710d1f3765 resource provider aggregate not found
2026-05-12 07:04:33.202 10 INFO neutron.plugins.ml2.drivers.ovn.mech_driver.mech_driver [None req-08057539-665d-4047-884f-b9d8c95b934b - - - - - -] OVN reports status down for port: 027678fd-4698-436c-afed-f554bdf3b383
2026-05-12 07:04:33.205 9 INFO neutron.services.segments.plugin [-] Segment 04114f4a-8636-4e8a-a523-b3710d1f3765 resource provider not found; error: Placement Client Error (4xx): {"errors": [{"status": 404, "title": "Not Found", "detail": "The resource could not be found.\n\n No resource provider with uuid 04114f4a-8636-4e8a-a523-b3710d1f3765 found for delete ", "request_id": "req-0ab351d7-29e9-4b3e-b193-dc9137322026"}]}
2026-05-12 07:04:33.215 9 INFO neutron.services.segments.plugin [-] Segment 04114f4a-8636-4e8a-a523-b3710d1f3765 resource provider not found; error: Placement Client Error (4xx): {"errors": [{"status": 404, "title": "Not Found", "detail": "The resource could not be found.\n\n No resource provider with uuid 04114f4a-8636-4e8a-a523-b3710d1f3765 found for delete ", "request_id": "req-d0c03582-4bd9-4ce7-94eb-d106e54feadc"}]}
2026-05-12 07:04:33.303 10 INFO neutron.wsgi [req-f3c983f4-e580-466f-b066-af84d87a7f37 req-b1539896-4209-466f-b0bd-c4edd06f7d33 c4d07dbd62794ef8ac9b525859181be3 b7a0e30277694c66a4864bc82cdf7f88 - - default default] 10.0.0.138 "GET /v2.0/ports?device_id=e7bce890-f868-4869-a52d-fa4d334b04bb HTTP/1.1" status: 200 len: 1170 time: 0.1496661
2026-05-12 07:04:33.348 10 INFO neutron.wsgi [req-f3c983f4-e580-466f-b066-af84d87a7f37 req-284d4a2a-27a3-4ea6-ba39-465806c9efba c4d07dbd62794ef8ac9b525859181be3 b7a0e30277694c66a4864bc82cdf7f88 - - default default] 10.0.0.138 "GET /v2.0/security-groups?id=6e20aa0b-68e2-4133-b665-a090630f9856&fields=id&fields=name HTTP/1.1" status: 200 len: 286 time: 0.0394180
2026-05-12 07:04:33.363 10 INFO neutron.db.ovn_revision_numbers_db [None req-2c5968b7-ca31-4985-9047-c88ef313426e 9186ee19aaed4c9d8eb403175088b1ae ab8edaca714b4f188fcbbe3d5da8ce8b - - - -] Successfully bumped revision number for resource c5c262d6-54db-402a-b3c6-b87bc9023eaf (type: security_group_rules) to 0
2026-05-12 07:04:33.389 9 INFO neutron.wsgi [None req-1c2cd240-0c00-4861-b2ee-057db963c03f eb6609e0220b4604b3e676946760858f b9e572cd022844ef802bb08079d29030 - - default default] 10.0.0.66 "GET /v2.0/security-groups?tenant_id=c459007ea5d34733b117fca420370e60&name=default HTTP/1.1" status: 200 len: 2996 time: 0.2217057
2026-05-12 07:04:33.423 10 INFO neutron.wsgi [None req-2c5968b7-ca31-4985-9047-c88ef313426e 9186ee19aaed4c9d8eb403175088b1ae ab8edaca714b4f188fcbbe3d5da8ce8b - - - -] 10.0.0.66 "POST /v2.0/security-group-rules HTTP/1.1" status: 201 len: 768 time: 0.3107214
2026-05-12 07:04:33.461 9 INFO neutron.wsgi [None req-d457bcba-861d-4dbb-9189-0dea605d0cd7 9186ee19aaed4c9d8eb403175088b1ae ab8edaca714b4f188fcbbe3d5da8ce8b - - default default] 10.0.0.66 "GET /v2.0/security-group-rules/c5c262d6-54db-402a-b3c6-b87bc9023eaf HTTP/1.1" status: 200 len: 763 time: 0.0311103
