2026-05-12 07:07:56.241 10 INFO neutron.wsgi [None req-e0319db8-b895-480b-9362-c7d10e387ccd eb6609e0220b4604b3e676946760858f b9e572cd022844ef802bb08079d29030 - - default default] 199.19.213.59 "GET /v2.0/extensions/dns-integration HTTP/1.1" status: 200 len: 371 time: 0.0037429
2026-05-12 07:07:56.257 10 INFO neutron.wsgi [None req-8273fe7f-3a90-4209-b505-8fbc7fcfd2b2 eb6609e0220b4604b3e676946760858f b9e572cd022844ef802bb08079d29030 - - default default] 199.19.213.59 "GET /v2.0/extensions/qos HTTP/1.1" status: 200 len: 365 time: 0.0120132
2026-05-12 07:07:56.276 10 INFO neutron.wsgi [None req-5fe0cf45-9356-4bc2-b172-0ec04da67b0c eb6609e0220b4604b3e676946760858f b9e572cd022844ef802bb08079d29030 - - default default] 199.19.213.59 "GET /v2.0/extensions/allowed-address-pairs HTTP/1.1" status: 200 len: 383 time: 0.0052092
2026-05-12 07:07:56.298 10 INFO neutron.wsgi [req-5dc16cb0-421e-4ce8-a3df-017cb682c0ed req-0b6ae6a9-958e-4df3-baea-0a1a128eeda1 eb6609e0220b4604b3e676946760858f b9e572cd022844ef802bb08079d29030 - - default default] 10.0.0.138 "GET /v2.0/ports?device_id=fb090135-c0a3-4af9-997f-2532d7cfd1c0&device_id=3838a93c-13e8-4e8b-9f20-e03cafda9ab9 HTTP/1.1" status: 200 len: 2961 time: 0.1193562
2026-05-12 07:07:56.337 10 INFO neutron.wsgi [None req-c6d2c4e0-65e8-4d3b-b9f8-72ae101e8930 eb6609e0220b4604b3e676946760858f b9e572cd022844ef802bb08079d29030 - - default default] 199.19.213.59 "GET /v2.0/subnets/670ac066-8a2e-4bcc-bd36-e91bee57b201 HTTP/1.1" status: 200 len: 851 time: 0.0523772
2026-05-12 07:07:56.348 10 INFO neutron.wsgi [req-5dc16cb0-421e-4ce8-a3df-017cb682c0ed req-45d6ceb7-4f07-43e2-8f99-eb720b0d38f6 eb6609e0220b4604b3e676946760858f b9e572cd022844ef802bb08079d29030 - - default default] 10.0.0.138 "GET /v2.0/security-groups?id=eaed8503-91d5-4880-9296-5445d98d2014&fields=id&fields=name HTTP/1.1" status: 200 len: 310 time: 0.0407903
2026-05-12 07:07:57.268 10 INFO neutron.wsgi [req-1cebb074-8b3c-4003-8a6c-fbba12676df7 req-c9c5855e-7866-4d9c-94a8-e6b162de515a eb6609e0220b4604b3e676946760858f b9e572cd022844ef802bb08079d29030 - - default default] 10.0.0.138 "GET /v2.0/ports?device_id=fb090135-c0a3-4af9-997f-2532d7cfd1c0&device_id=3838a93c-13e8-4e8b-9f20-e03cafda9ab9 HTTP/1.1" status: 200 len: 2961 time: 0.0617290
2026-05-12 07:07:57.311 10 INFO neutron.wsgi [req-1cebb074-8b3c-4003-8a6c-fbba12676df7 req-d39a60ec-19fd-468d-9d60-fb31c000258c eb6609e0220b4604b3e676946760858f b9e572cd022844ef802bb08079d29030 - - default default] 10.0.0.138 "GET /v2.0/security-groups?id=eaed8503-91d5-4880-9296-5445d98d2014&fields=id&fields=name HTTP/1.1" status: 200 len: 310 time: 0.0370128
2026-05-12 07:08:02.950 10 INFO neutron.wsgi [-] 10.0.0.49 "GET / HTTP/1.1" status: 200 len: 246 time: 0.0029948
2026-05-12 07:08:02.950 9 INFO neutron.wsgi [-] 10.0.0.49 "GET / HTTP/1.1" status: 200 len: 246 time: 0.0033529
2026-05-12 07:08:04.003 10 INFO neutron.wsgi [req-26c09ade-0bbf-499a-8cad-07fede1815d9 req-98db5fdc-d223-4cfc-b467-d1c759d00158 eb6609e0220b4604b3e676946760858f b9e572cd022844ef802bb08079d29030 - - default default] 10.0.0.138 "GET /v2.0/security-groups?id=95dabd68-c58a-4fa6-acb7-702cdb72fdbe&fields=id HTTP/1.1" status: 200 len: 267 time: 0.0337625
2026-05-12 07:08:04.098 10 INFO neutron.wsgi [req-26c09ade-0bbf-499a-8cad-07fede1815d9 req-9cb07aa5-4898-4eb0-a27c-3873cf097605 eb6609e0220b4604b3e676946760858f b9e572cd022844ef802bb08079d29030 - - default default] 10.0.0.138 "GET /v2.0/networks?id=9a180d04-a3fa-4a48-9a89-338f812665c4 HTTP/1.1" status: 200 len: 936 time: 0.0853310
2026-05-12 07:08:04.120 10 INFO neutron.wsgi [req-26c09ade-0bbf-499a-8cad-07fede1815d9 req-9a0c5aa3-f775-46e3-a4f8-b2a8e4f58724 eb6609e0220b4604b3e676946760858f b9e572cd022844ef802bb08079d29030 - - default default] 10.0.0.138 "GET /v2.0/quotas/b9e572cd022844ef802bb08079d29030 HTTP/1.1" status: 200 len: 385 time: 0.0153441
2026-05-12 07:08:04.181 10 INFO neutron.wsgi [req-26c09ade-0bbf-499a-8cad-07fede1815d9 req-1e9dbf63-8b09-4665-af85-2290fffa5a90 eb6609e0220b4604b3e676946760858f b9e572cd022844ef802bb08079d29030 - - default default] 10.0.0.138 "GET /v2.0/ports?tenant_id=b9e572cd022844ef802bb08079d29030&fields=id HTTP/1.1" status: 200 len: 348 time: 0.0525126
2026-05-12 07:08:04.646 10 INFO neutron.wsgi [req-26c09ade-0bbf-499a-8cad-07fede1815d9 req-54cc822b-b31f-4362-81aa-4c246adef1b4 359013e03f6a44c8a66d1a1af43a6529 0df174a901bc4dc0bb74341c0eb17dec - - 794e60b7ab31494d9889834336fd9def 794e60b7ab31494d9889834336fd9def] 10.0.0.138 "GET /v2.0/networks/9a180d04-a3fa-4a48-9a89-338f812665c4?fields=segments HTTP/1.1" status: 200 len: 212 time: 0.4473693
2026-05-12 07:08:04.705 10 INFO neutron.wsgi [req-26c09ade-0bbf-499a-8cad-07fede1815d9 req-1364ad22-301c-4d0c-a2c9-ca7cf5552b0e 359013e03f6a44c8a66d1a1af43a6529 0df174a901bc4dc0bb74341c0eb17dec - - 794e60b7ab31494d9889834336fd9def 794e60b7ab31494d9889834336fd9def] 10.0.0.138 "GET /v2.0/networks/9a180d04-a3fa-4a48-9a89-338f812665c4?fields=provider%3Aphysical_network&fields=provider%3Anetwork_type HTTP/1.1" status: 200 len: 277 time: 0.0507703
2026-05-12 07:08:05.122 9 INFO neutron.wsgi [req-a356e03d-0cfb-40a5-8bba-fd141eaff1aa req-3eeeb874-af65-4711-8480-f86269daa5e4 eb6609e0220b4604b3e676946760858f b9e572cd022844ef802bb08079d29030 - - default default] 10.0.0.138 "GET /v2.0/ports?device_id=1b1fa87f-eb8b-48f0-b20f-06107a3f5b9c HTTP/1.1" status: 200 len: 210 time: 0.1145065
2026-05-12 07:08:05.198 10 INFO neutron.wsgi [req-13f3591a-d194-447a-a72d-013e6d865414 req-93309a87-47cf-4f9b-9efb-2cb5ccf9fcf2 eb6609e0220b4604b3e676946760858f b9e572cd022844ef802bb08079d29030 - - default default] 10.0.0.138 "GET /v2.0/ports?device_id=1b1fa87f-eb8b-48f0-b20f-06107a3f5b9c HTTP/1.1" status: 200 len: 210 time: 0.0286222
2026-05-12 07:08:06.055 9 INFO neutron.wsgi [req-26c09ade-0bbf-499a-8cad-07fede1815d9 req-5b5173d0-07ee-4857-95c8-80fb521566ca eb6609e0220b4604b3e676946760858f b9e572cd022844ef802bb08079d29030 - - default default] 199.19.213.59 "GET /v2.0/networks?id=9a180d04-a3fa-4a48-9a89-338f812665c4 HTTP/1.1" status: 200 len: 936 time: 0.1429017
2026-05-12 07:08:06.133 9 INFO neutron.wsgi [req-26c09ade-0bbf-499a-8cad-07fede1815d9 req-7b59a18f-c845-45d6-b934-da89e37f2773 eb6609e0220b4604b3e676946760858f b9e572cd022844ef802bb08079d29030 - - default default] 199.19.213.59 "GET /v2.0/security-groups?fields=id&fields=name&tenant_id=b9e572cd022844ef802bb08079d29030 HTTP/1.1" status: 200 len: 542 time: 0.0728116
2026-05-12 07:08:06.432 9 WARNING neutron.scheduler.dhcp_agent_scheduler [None req-17fc4584-844f-42f2-9db7-90ff5bad4e56 eb6609e0220b4604b3e676946760858f b9e572cd022844ef802bb08079d29030 - - - -] No more DHCP agents
2026-05-12 07:08:06.435 9 WARNING neutron.api.rpc.agentnotifiers.dhcp_rpc_agent_api [None req-17fc4584-844f-42f2-9db7-90ff5bad4e56 eb6609e0220b4604b3e676946760858f b9e572cd022844ef802bb08079d29030 - - - -] Unable to schedule network 9a180d04-a3fa-4a48-9a89-338f812665c4: no agents available; will retry on subsequent port and subnet creation events.
2026-05-12 07:08:06.606 9 INFO neutron.db.ovn_revision_numbers_db [None req-17fc4584-844f-42f2-9db7-90ff5bad4e56 eb6609e0220b4604b3e676946760858f b9e572cd022844ef802bb08079d29030 - - - -] Successfully bumped revision number for resource 2e6998bf-0dae-40c8-af85-11cb9c84961a (type: ports) to 1
2026-05-12 07:08:06.635 9 INFO neutron.wsgi [None req-17fc4584-844f-42f2-9db7-90ff5bad4e56 eb6609e0220b4604b3e676946760858f b9e572cd022844ef802bb08079d29030 - - - -] 199.19.213.59 "POST /v2.0/ports HTTP/1.1" status: 201 len: 1283 time: 0.4976778 /var/lib/openstack/lib/python3.10/site-packages/pycadf/identifier.py:71: UserWarning: Invalid uuid: neutron. To ensure interoperability, identifiers should be a valid uuid. warnings.warn(('Invalid uuid: %s. To ensure interoperability, '
2026-05-12 07:08:07.100 9 INFO neutron.db.ovn_revision_numbers_db [None req-5c0cee16-5e13-4662-9b8a-b77e38cb5233 359013e03f6a44c8a66d1a1af43a6529 0df174a901bc4dc0bb74341c0eb17dec - - - -] Successfully bumped revision number for resource 2e6998bf-0dae-40c8-af85-11cb9c84961a (type: ports) to 2
2026-05-12 07:08:07.285 9 INFO neutron.db.ovn_revision_numbers_db [None req-5c0cee16-5e13-4662-9b8a-b77e38cb5233 359013e03f6a44c8a66d1a1af43a6529 0df174a901bc4dc0bb74341c0eb17dec - - - -] Successfully bumped revision number for resource 2e6998bf-0dae-40c8-af85-11cb9c84961a (type: ports) to 2
2026-05-12 07:08:07.306 9 INFO neutron.wsgi [None req-5c0cee16-5e13-4662-9b8a-b77e38cb5233 359013e03f6a44c8a66d1a1af43a6529 0df174a901bc4dc0bb74341c0eb17dec - - - -] 199.19.213.59 "PUT /v2.0/ports/2e6998bf-0dae-40c8-af85-11cb9c84961a HTTP/1.1" status: 200 len: 1332 time: 0.6610119 /var/lib/openstack/lib/python3.10/site-packages/pycadf/identifier.py:71: UserWarning: Invalid uuid: neutron. To ensure interoperability, identifiers should be a valid uuid. warnings.warn(('Invalid uuid: %s. To ensure interoperability, '
2026-05-12 07:08:07.356 9 INFO neutron.notifiers.nova [-] Nova event matching ['req-35637b46-68c5-4c8c-9556-7f84f6ea8636'] response: {'name': 'network-changed', 'server_uuid': '1b1fa87f-eb8b-48f0-b20f-06107a3f5b9c', 'tag': '2e6998bf-0dae-40c8-af85-11cb9c84961a', 'status': 'completed', 'code': 200}
2026-05-12 07:08:07.384 10 INFO neutron.wsgi [req-83c0d90b-6229-4d3a-8d86-55abf2d325f4 req-058b3584-b794-46e2-beb2-54526d5d02b4 eb6609e0220b4604b3e676946760858f b9e572cd022844ef802bb08079d29030 - - default default] 10.0.0.138 "GET /v2.0/ports?device_id=1b1fa87f-eb8b-48f0-b20f-06107a3f5b9c HTTP/1.1" status: 200 len: 1363 time: 0.0343003
2026-05-12 07:08:07.387 9 INFO neutron.wsgi [req-26c09ade-0bbf-499a-8cad-07fede1815d9 req-8025643a-3b61-414c-bd60-a1f0c96de56d 359013e03f6a44c8a66d1a1af43a6529 0df174a901bc4dc0bb74341c0eb17dec - - 794e60b7ab31494d9889834336fd9def 794e60b7ab31494d9889834336fd9def] 199.19.213.59 "GET /v2.0/ports?tenant_id=b9e572cd022844ef802bb08079d29030&device_id=1b1fa87f-eb8b-48f0-b20f-06107a3f5b9c HTTP/1.1" status: 200 len: 1363 time: 0.0447369
2026-05-12 07:08:07.421 10 INFO neutron.wsgi [req-83c0d90b-6229-4d3a-8d86-55abf2d325f4 req-b447783e-aa10-474c-9b4d-3f6de35fc51e eb6609e0220b4604b3e676946760858f b9e572cd022844ef802bb08079d29030 - - default default] 10.0.0.138 "GET /v2.0/security-groups?id=95dabd68-c58a-4fa6-acb7-702cdb72fdbe&fields=id&fields=name HTTP/1.1" status: 200 len: 294 time: 0.0313387
2026-05-12 07:08:07.422 9 INFO neutron.wsgi [req-26c09ade-0bbf-499a-8cad-07fede1815d9 req-328ac159-bb2b-4139-8653-0842e566f90a 359013e03f6a44c8a66d1a1af43a6529 0df174a901bc4dc0bb74341c0eb17dec - - 794e60b7ab31494d9889834336fd9def 794e60b7ab31494d9889834336fd9def] 199.19.213.59 "GET /v2.0/floatingips?fixed_ip_address=172.24.2.82&port_id=2e6998bf-0dae-40c8-af85-11cb9c84961a HTTP/1.1" status: 200 len: 217 time: 0.0270858
2026-05-12 07:08:07.462 9 INFO neutron.wsgi [req-26c09ade-0bbf-499a-8cad-07fede1815d9 req-7fb89cc1-101a-4796-abe1-75137b75bf95 359013e03f6a44c8a66d1a1af43a6529 0df174a901bc4dc0bb74341c0eb17dec - - 794e60b7ab31494d9889834336fd9def 794e60b7ab31494d9889834336fd9def] 199.19.213.59 "GET /v2.0/subnets?id=2b1d2c56-cb99-47f0-bc0b-3156a5e6b5ef HTTP/1.1" status: 200 len: 829 time: 0.0337422
2026-05-12 07:08:07.496 9 INFO neutron.wsgi [req-26c09ade-0bbf-499a-8cad-07fede1815d9 req-4e8632f3-a89e-4d0d-8ec7-11a2fe6147d4 359013e03f6a44c8a66d1a1af43a6529 0df174a901bc4dc0bb74341c0eb17dec - - 794e60b7ab31494d9889834336fd9def 794e60b7ab31494d9889834336fd9def] 199.19.213.59 "GET /v2.0/ports?network_id=9a180d04-a3fa-4a48-9a89-338f812665c4&device_owner=network%3Adhcp HTTP/1.1" status: 200 len: 210 time: 0.0250566
2026-05-12 07:08:07.549 9 INFO neutron.wsgi [req-16ac4f7e-e86e-4823-8f35-bb758740e756 req-fa4d4a7f-b74d-4f83-a9c1-7d6b019c7393 eb6609e0220b4604b3e676946760858f b9e572cd022844ef802bb08079d29030 - - default default] 10.0.0.138 "GET /v2.0/ports?device_id=1b1fa87f-eb8b-48f0-b20f-06107a3f5b9c HTTP/1.1" status: 200 len: 1363 time: 0.0474474
2026-05-12 07:08:07.580 9 INFO neutron.wsgi [req-26c09ade-0bbf-499a-8cad-07fede1815d9 req-b371380e-54b1-40ac-bbf6-879fc720fc9a 359013e03f6a44c8a66d1a1af43a6529 0df174a901bc4dc0bb74341c0eb17dec - - 794e60b7ab31494d9889834336fd9def 794e60b7ab31494d9889834336fd9def] 199.19.213.59 "GET /v2.0/networks/9a180d04-a3fa-4a48-9a89-338f812665c4?fields=segments HTTP/1.1" status: 200 len: 212 time: 0.0782235
2026-05-12 07:08:07.644 9 INFO neutron.wsgi [req-26c09ade-0bbf-499a-8cad-07fede1815d9 req-de4b98bb-ad12-4a40-8158-47df93b90008 359013e03f6a44c8a66d1a1af43a6529 0df174a901bc4dc0bb74341c0eb17dec - - 794e60b7ab31494d9889834336fd9def 794e60b7ab31494d9889834336fd9def] 199.19.213.59 "GET /v2.0/networks/9a180d04-a3fa-4a48-9a89-338f812665c4?fields=provider%3Aphysical_network&fields=provider%3Anetwork_type HTTP/1.1" status: 200 len: 277 time: 0.0579557
2026-05-12 07:08:07.733 9 INFO neutron.wsgi [req-6cc9f155-6cba-48c5-80fd-b167a03cc189 req-f94a761c-ee28-4694-8d48-694a67e6a94f 359013e03f6a44c8a66d1a1af43a6529 0df174a901bc4dc0bb74341c0eb17dec - - 794e60b7ab31494d9889834336fd9def 794e60b7ab31494d9889834336fd9def] 199.19.213.59 "GET /v2.0/ports?tenant_id=b9e572cd022844ef802bb08079d29030&device_id=1b1fa87f-eb8b-48f0-b20f-06107a3f5b9c HTTP/1.1" status: 200 len: 1363 time: 0.0436785
2026-05-12 07:08:07.810 9 INFO neutron.wsgi [req-6cc9f155-6cba-48c5-80fd-b167a03cc189 req-1ab98861-7593-4f32-92c5-d418488a4a36 359013e03f6a44c8a66d1a1af43a6529 0df174a901bc4dc0bb74341c0eb17dec - - 794e60b7ab31494d9889834336fd9def 794e60b7ab31494d9889834336fd9def] 199.19.213.59 "GET /v2.0/networks?id=9a180d04-a3fa-4a48-9a89-338f812665c4 HTTP/1.1" status: 200 len: 936 time: 0.0720160
2026-05-12 07:08:07.846 9 INFO neutron.wsgi [req-6cc9f155-6cba-48c5-80fd-b167a03cc189 req-1a018221-d2c5-4ef5-8773-d7dc8314a525 359013e03f6a44c8a66d1a1af43a6529 0df174a901bc4dc0bb74341c0eb17dec - - 794e60b7ab31494d9889834336fd9def 794e60b7ab31494d9889834336fd9def] 199.19.213.59 "GET /v2.0/floatingips?fixed_ip_address=172.24.2.82&port_id=2e6998bf-0dae-40c8-af85-11cb9c84961a HTTP/1.1" status: 200 len: 217 time: 0.0304704
2026-05-12 07:08:07.861 10 INFO neutron.wsgi [req-fd833608-a045-4387-bf1b-18ffbf3b74c7 req-8977d813-a0d4-4c57-a186-35ff68730397 359013e03f6a44c8a66d1a1af43a6529 0df174a901bc4dc0bb74341c0eb17dec - - 794e60b7ab31494d9889834336fd9def 794e60b7ab31494d9889834336fd9def] 199.19.213.59 "GET /v2.0/ports?device_id=1b1fa87f-eb8b-48f0-b20f-06107a3f5b9c HTTP/1.1" status: 200 len: 1363 time: 0.0328858
2026-05-12 07:08:07.886 9 INFO neutron.wsgi [req-6cc9f155-6cba-48c5-80fd-b167a03cc189 req-38eda078-a63e-4980-b684-056ce3f1cc66 359013e03f6a44c8a66d1a1af43a6529 0df174a901bc4dc0bb74341c0eb17dec - - 794e60b7ab31494d9889834336fd9def 794e60b7ab31494d9889834336fd9def] 199.19.213.59 "GET /v2.0/subnets?id=2b1d2c56-cb99-47f0-bc0b-3156a5e6b5ef HTTP/1.1" status: 200 len: 829 time: 0.0349371
2026-05-12 07:08:07.899 10 INFO neutron.wsgi [req-fd833608-a045-4387-bf1b-18ffbf3b74c7 req-ca56c90f-3210-48c2-b852-2bf8e7d7e28a 359013e03f6a44c8a66d1a1af43a6529 0df174a901bc4dc0bb74341c0eb17dec - - 794e60b7ab31494d9889834336fd9def 794e60b7ab31494d9889834336fd9def] 199.19.213.59 "GET /v2.0/security-groups?id=95dabd68-c58a-4fa6-acb7-702cdb72fdbe&fields=id&fields=name HTTP/1.1" status: 200 len: 294 time: 0.0315549
2026-05-12 07:08:07.917 9 INFO neutron.wsgi [req-6cc9f155-6cba-48c5-80fd-b167a03cc189 req-9ee7e0bd-e9a3-410a-bf3c-7a65581dc324 359013e03f6a44c8a66d1a1af43a6529 0df174a901bc4dc0bb74341c0eb17dec - - 794e60b7ab31494d9889834336fd9def 794e60b7ab31494d9889834336fd9def] 199.19.213.59 "GET /v2.0/ports?network_id=9a180d04-a3fa-4a48-9a89-338f812665c4&device_owner=network%3Adhcp HTTP/1.1" status: 200 len: 210 time: 0.0235934
2026-05-12 07:08:08.012 9 INFO neutron.plugins.ml2.drivers.ovn.mech_driver.mech_driver [None req-ee3f4d76-0ba3-4096-b2a3-140b9f36852c - - - - - -] OVN reports status up for port: 2e6998bf-0dae-40c8-af85-11cb9c84961a
2026-05-12 07:08:08.021 9 INFO neutron.wsgi [req-6cc9f155-6cba-48c5-80fd-b167a03cc189 req-876ba92a-289b-4bfc-b5b0-2e1f7b2e8228 359013e03f6a44c8a66d1a1af43a6529 0df174a901bc4dc0bb74341c0eb17dec - - 794e60b7ab31494d9889834336fd9def 794e60b7ab31494d9889834336fd9def] 199.19.213.59 "GET /v2.0/networks/9a180d04-a3fa-4a48-9a89-338f812665c4?fields=segments HTTP/1.1" status: 200 len: 212 time: 0.0898070
2026-05-12 07:08:08.032 9 INFO neutron.plugins.ml2.plugin [None req-ee3f4d76-0ba3-4096-b2a3-140b9f36852c - - - - - -] Attempt 1 to provision port 2e6998bf-0dae-40c8-af85-11cb9c84961a
2026-05-12 07:08:08.130 9 INFO neutron.wsgi [req-6cc9f155-6cba-48c5-80fd-b167a03cc189 req-c8fabdc9-085d-4bea-a713-d25d4acb07bc 359013e03f6a44c8a66d1a1af43a6529 0df174a901bc4dc0bb74341c0eb17dec - - 794e60b7ab31494d9889834336fd9def 794e60b7ab31494d9889834336fd9def] 199.19.213.59 "GET /v2.0/networks/9a180d04-a3fa-4a48-9a89-338f812665c4?fields=provider%3Aphysical_network&fields=provider%3Anetwork_type HTTP/1.1" status: 200 len: 277 time: 0.0957606
2026-05-12 07:08:08.325 9 INFO neutron.db.ovn_revision_numbers_db [None req-ee3f4d76-0ba3-4096-b2a3-140b9f36852c - - - - - -] Successfully bumped revision number for resource 2e6998bf-0dae-40c8-af85-11cb9c84961a (type: ports) to 4
2026-05-12 07:08:09.402 9 INFO neutron.notifiers.nova [-] Nova event matching ['req-057b3f40-5e0a-44e3-803a-23ff14eb8595'] response: {'server_uuid': '1b1fa87f-eb8b-48f0-b20f-06107a3f5b9c', 'name': 'network-vif-plugged', 'status': 'completed', 'tag': '2e6998bf-0dae-40c8-af85-11cb9c84961a', 'code': 200}
2026-05-12 07:08:09.403 9 INFO neutron.notifiers.nova [-] Nova event matching ['req-057b3f40-5e0a-44e3-803a-23ff14eb8595'] response: {'server_uuid': '1b1fa87f-eb8b-48f0-b20f-06107a3f5b9c', 'name': 'network-vif-plugged', 'status': 'completed', 'tag': '2e6998bf-0dae-40c8-af85-11cb9c84961a', 'code': 200}
2026-05-12 07:08:09.808 10 INFO neutron.wsgi [req-dac974a6-6c28-451c-ad45-8f03a2b5c38b req-c172237f-4643-452b-a2b7-0d4ff1cff03d eb6609e0220b4604b3e676946760858f b9e572cd022844ef802bb08079d29030 - - default default] 10.0.0.138 "GET /v2.0/ports?device_id=1b1fa87f-eb8b-48f0-b20f-06107a3f5b9c HTTP/1.1" status: 200 len: 1365 time: 0.0417604
2026-05-12 07:08:09.865 10 INFO neutron.wsgi [req-dac974a6-6c28-451c-ad45-8f03a2b5c38b req-74f8b1ac-79f9-45a9-9839-650e9bd1a85a eb6609e0220b4604b3e676946760858f b9e572cd022844ef802bb08079d29030 - - default default] 10.0.0.138 "GET /v2.0/security-groups?id=95dabd68-c58a-4fa6-acb7-702cdb72fdbe&fields=id&fields=name HTTP/1.1" status: 200 len: 294 time: 0.0466111 /var/lib/openstack/lib/python3.10/site-packages/pycadf/identifier.py:71: UserWarning: Invalid uuid: neutron. To ensure interoperability, identifiers should be a valid uuid. warnings.warn(('Invalid uuid: %s. To ensure interoperability, '
2026-05-12 07:08:09.965 9 INFO neutron.wsgi [req-120f012b-333d-4f24-90b4-cc6fccc1d400 req-6ab783ee-eb0f-4224-9730-1c66262bfb1b eb6609e0220b4604b3e676946760858f b9e572cd022844ef802bb08079d29030 - - default default] 10.0.0.138 "GET /v2.0/ports?device_id=1b1fa87f-eb8b-48f0-b20f-06107a3f5b9c HTTP/1.1" status: 200 len: 1365 time: 0.0373166
2026-05-12 07:08:17.949 9 INFO neutron.wsgi [-] 10.0.0.49 "GET / HTTP/1.1" status: 200 len: 246 time: 0.0027945
2026-05-12 07:08:17.953 9 INFO neutron.wsgi [-] 10.0.0.49 "GET / HTTP/1.1" status: 200 len: 246 time: 0.0024419
2026-05-12 07:08:24.372 9 INFO neutron.wsgi [req-a88c32ce-aae5-47ca-826d-ade059c1a9e2 req-a9642ef5-505b-4c41-868d-a24a2d4cbc88 359013e03f6a44c8a66d1a1af43a6529 0df174a901bc4dc0bb74341c0eb17dec - - 794e60b7ab31494d9889834336fd9def 794e60b7ab31494d9889834336fd9def] 199.19.213.59 "GET /v2.0/ports?device_id=3838a93c-13e8-4e8b-9f20-e03cafda9ab9&fields=binding%3Ahost_id&fields=binding%3Avif_type HTTP/1.1" status: 200 len: 265 time: 0.0380995
2026-05-12 07:08:24.467 9 INFO neutron.wsgi [req-a88c32ce-aae5-47ca-826d-ade059c1a9e2 req-49c40d45-21e6-4ec2-883b-29e204b48e31 359013e03f6a44c8a66d1a1af43a6529 0df174a901bc4dc0bb74341c0eb17dec - - 794e60b7ab31494d9889834336fd9def 794e60b7ab31494d9889834336fd9def] 199.19.213.59 "GET /v2.0/ports?tenant_id=9109c30892ca4f689ef8f1a6123843a6&device_id=3838a93c-13e8-4e8b-9f20-e03cafda9ab9 HTTP/1.1" status: 200 len: 1586 time: 0.0476501
2026-05-12 07:08:24.568 9 INFO neutron.wsgi [req-a88c32ce-aae5-47ca-826d-ade059c1a9e2 req-d559c6c8-faa4-472d-b6a4-f174761bd640 359013e03f6a44c8a66d1a1af43a6529 0df174a901bc4dc0bb74341c0eb17dec - - 794e60b7ab31494d9889834336fd9def 794e60b7ab31494d9889834336fd9def] 199.19.213.59 "GET /v2.0/networks?id=f1f28531-83b2-455a-afbf-d58904326107 HTTP/1.1" status: 200 len: 1002 time: 0.0672896
2026-05-12 07:08:24.630 9 INFO neutron.wsgi [req-a88c32ce-aae5-47ca-826d-ade059c1a9e2 req-a7aea99f-6c82-4948-b44b-f930202f4f78 359013e03f6a44c8a66d1a1af43a6529 0df174a901bc4dc0bb74341c0eb17dec - - 794e60b7ab31494d9889834336fd9def 794e60b7ab31494d9889834336fd9def] 199.19.213.59 "GET /v2.0/floatingips?fixed_ip_address=10.2.1.121&port_id=eca56355-6885-460f-866b-069dd36dcf61 HTTP/1.1" status: 200 len: 1059 time: 0.0523639
2026-05-12 07:08:24.673 9 INFO neutron.wsgi [req-a88c32ce-aae5-47ca-826d-ade059c1a9e2 req-e404bb7b-acab-4980-82e1-0806137f2835 359013e03f6a44c8a66d1a1af43a6529 0df174a901bc4dc0bb74341c0eb17dec - - 794e60b7ab31494d9889834336fd9def 794e60b7ab31494d9889834336fd9def] 199.19.213.59 "GET /v2.0/floatingips?fixed_ip_address=fd7b%3Af9f7%3Afff%3A4eca%3A%3A4f&port_id=eca56355-6885-460f-866b-069dd36dcf61 HTTP/1.1" status: 200 len: 217 time: 0.0300481
2026-05-12 07:08:24.720 9 INFO neutron.wsgi [req-a88c32ce-aae5-47ca-826d-ade059c1a9e2 req-a6a925cd-fc43-4623-8e13-ce47c43f939b 359013e03f6a44c8a66d1a1af43a6529 0df174a901bc4dc0bb74341c0eb17dec - - 794e60b7ab31494d9889834336fd9def 794e60b7ab31494d9889834336fd9def] 199.19.213.59 "GET /v2.0/subnets?id=9e336237-0b1f-4d81-9e16-59af764d8a5a&id=ecfe8f29-2085-4e90-a941-546d35d13a06 HTTP/1.1" status: 200 len: 1562 time: 0.0385654
2026-05-12 07:08:24.751 9 INFO neutron.wsgi [req-a88c32ce-aae5-47ca-826d-ade059c1a9e2 req-38eb443e-5e9d-4f31-b86b-c4625084dee7 359013e03f6a44c8a66d1a1af43a6529 0df174a901bc4dc0bb74341c0eb17dec - - 794e60b7ab31494d9889834336fd9def 794e60b7ab31494d9889834336fd9def] 199.19.213.59 "GET /v2.0/ports?network_id=f1f28531-83b2-455a-afbf-d58904326107&device_owner=network%3Adhcp HTTP/1.1" status: 200 len: 210 time: 0.0225730
2026-05-12 07:08:24.786 9 INFO neutron.wsgi [req-a88c32ce-aae5-47ca-826d-ade059c1a9e2 req-f1b184de-c50a-4537-8528-67ee82249b20 359013e03f6a44c8a66d1a1af43a6529 0df174a901bc4dc0bb74341c0eb17dec - - 794e60b7ab31494d9889834336fd9def 794e60b7ab31494d9889834336fd9def] 199.19.213.59 "GET /v2.0/ports?network_id=f1f28531-83b2-455a-afbf-d58904326107&device_owner=network%3Adhcp HTTP/1.1" status: 200 len: 210 time: 0.0278316
2026-05-12 07:08:24.847 9 INFO neutron.wsgi [req-a88c32ce-aae5-47ca-826d-ade059c1a9e2 req-5ecb4f43-c31e-45f9-98d4-ae663e5e450c 359013e03f6a44c8a66d1a1af43a6529 0df174a901bc4dc0bb74341c0eb17dec - - 794e60b7ab31494d9889834336fd9def 794e60b7ab31494d9889834336fd9def] 199.19.213.59 "GET /v2.0/networks/f1f28531-83b2-455a-afbf-d58904326107?fields=segments HTTP/1.1" status: 200 len: 212 time: 0.0543311
2026-05-12 07:08:24.904 9 INFO neutron.wsgi [req-a88c32ce-aae5-47ca-826d-ade059c1a9e2 req-2b633560-31b5-4cd9-b97c-60af7b03397a 359013e03f6a44c8a66d1a1af43a6529 0df174a901bc4dc0bb74341c0eb17dec - - 794e60b7ab31494d9889834336fd9def 794e60b7ab31494d9889834336fd9def] 199.19.213.59 "GET /v2.0/networks/f1f28531-83b2-455a-afbf-d58904326107?fields=provider%3Aphysical_network&fields=provider%3Anetwork_type HTTP/1.1" status: 200 len: 277 time: 0.0512900
2026-05-12 07:08:27.650 10 INFO neutron.wsgi [None req-b5ec1355-477d-409a-8f7b-6088e9dd74f3 eb6609e0220b4604b3e676946760858f b9e572cd022844ef802bb08079d29030 - - default default] 10.0.0.187 "GET /v2.0/ports HTTP/1.1" status: 200 len: 19613 time: 0.1062555
2026-05-12 07:08:27.750 10 INFO neutron.wsgi [None req-bd5f99fd-48d5-428c-9807-5e11e962b532 eb6609e0220b4604b3e676946760858f b9e572cd022844ef802bb08079d29030 - - default default] 10.0.0.187 "GET /v2.0/routers HTTP/1.1" status: 200 len: 849 time: 0.0792477
2026-05-12 07:08:27.769 10 INFO neutron.wsgi [None req-91368ead-8bae-4618-a57c-be8044270948 eb6609e0220b4604b3e676946760858f b9e572cd022844ef802bb08079d29030 - - default default] 10.0.0.187 "GET /v2.0/agents?binary=ovn-controller HTTP/1.1" status: 200 len: 591 time: 0.0174091
2026-05-12 07:08:27.793 10 INFO neutron.wsgi [None req-231b6b08-b8c2-4608-b05b-2296b4aa5e6e eb6609e0220b4604b3e676946760858f b9e572cd022844ef802bb08079d29030 - - default default] 10.0.0.187 "GET /v2.0/network-ip-availabilities HTTP/1.1" status: 200 len: 3364 time: 0.0178986
2026-05-12 07:08:27.843 10 INFO neutron.wsgi [None req-c5b89dd5-9492-49dd-8d20-077f879ddd22 eb6609e0220b4604b3e676946760858f b9e572cd022844ef802bb08079d29030 - - default default] 10.0.0.187 "GET /v2.0/subnets HTTP/1.1" status: 200 len: 5497 time: 0.0489020
2026-05-12 07:08:27.862 10 INFO neutron.wsgi [None req-ae63643d-c650-4da2-8afb-bc2f8ed5b4c4 eb6609e0220b4604b3e676946760858f b9e572cd022844ef802bb08079d29030 - - default default] 10.0.0.187 "GET /v2.0/subnetpools HTTP/1.1" status: 200 len: 193 time: 0.0161178
2026-05-12 07:08:27.940 10 INFO neutron.wsgi [None req-d441a5a0-9cae-4cb1-a51a-b0ee72fac92c eb6609e0220b4604b3e676946760858f b9e572cd022844ef802bb08079d29030 - - default default] 10.0.0.187 "GET /v2.0/networks HTTP/1.1" status: 200 len: 4719 time: 0.0773878
2026-05-12 07:08:28.029 10 INFO neutron.wsgi [None req-6e49466b-ed6e-49df-82f9-349cfc5e5988 eb6609e0220b4604b3e676946760858f b9e572cd022844ef802bb08079d29030 - - default default] 10.0.0.187 "GET /v2.0/security-groups HTTP/1.1" status: 200 len: 29087 time: 0.0828984
2026-05-12 07:08:28.095 10 INFO neutron.wsgi [None req-6d001554-bee7-47a4-bf3f-b5849b53ac9c eb6609e0220b4604b3e676946760858f b9e572cd022844ef802bb08079d29030 - - default default] 10.0.0.187 "GET /v2.0/subnets HTTP/1.1" status: 200 len: 5497 time: 0.0554516
2026-05-12 07:08:28.168 10 INFO neutron.wsgi [None req-322afb70-d1a7-40d4-aac9-dd2dec025d88 eb6609e0220b4604b3e676946760858f b9e572cd022844ef802bb08079d29030 - - default default] 10.0.0.187 "GET /v2.0/floatingips HTTP/1.1" status: 200 len: 1878 time: 0.0705583
2026-05-12 07:08:28.186 10 INFO neutron.wsgi [None req-006e63f4-07a4-426a-9d14-218a1c104dac eb6609e0220b4604b3e676946760858f b9e572cd022844ef802bb08079d29030 - - default default] 10.0.0.187 "GET /v2.0/agents HTTP/1.1" status: 200 len: 997 time: 0.0164330
2026-05-12 07:08:32.950 9 INFO neutron.wsgi [-] 10.0.0.49 "GET / HTTP/1.1" status: 200 len: 246 time: 0.0030694
2026-05-12 07:08:32.951 10 INFO neutron.wsgi [-] 10.0.0.49 "GET / HTTP/1.1" status: 200 len: 246 time: 0.0035484
2026-05-12 07:08:47.708 10 INFO neutron.wsgi [None req-724ae125-a985-4b6e-970e-31b14b56d898 eb6609e0220b4604b3e676946760858f b9e572cd022844ef802bb08079d29030 - - default default] 199.19.213.59 "GET /v2.0/extensions/security-group HTTP/1.1" status: 200 len: 369 time: 0.0077953
2026-05-12 07:08:47.718 10 INFO neutron.wsgi [None req-4ce8188c-9885-4451-9407-64fe69c86ef4 eb6609e0220b4604b3e676946760858f b9e572cd022844ef802bb08079d29030 - - default default] 199.19.213.59 "GET /v2.0/extensions/dns-integration HTTP/1.1" status: 200 len: 371 time: 0.0053849
2026-05-12 07:08:47.729 10 INFO neutron.wsgi [None req-3a72ee5e-f62c-4663-956b-779eda3f57a5 eb6609e0220b4604b3e676946760858f b9e572cd022844ef802bb08079d29030 - - default default] 199.19.213.59 "GET /v2.0/extensions/qos HTTP/1.1" status: 200 len: 365 time: 0.0065253
2026-05-12 07:08:47.739 10 INFO neutron.wsgi [None req-e8bf5d78-922e-47e9-8562-57cd9b1062ba eb6609e0220b4604b3e676946760858f b9e572cd022844ef802bb08079d29030 - - default default] 199.19.213.59 "GET /v2.0/extensions/allowed-address-pairs HTTP/1.1" status: 200 len: 383 time: 0.0058610
2026-05-12 07:08:47.782 10 INFO neutron.wsgi [None req-158fc716-cb08-4bcf-9748-aa6331a8de2f eb6609e0220b4604b3e676946760858f b9e572cd022844ef802bb08079d29030 - - default default] 199.19.213.59 "GET /v2.0/subnets/670ac066-8a2e-4bcc-bd36-e91bee57b201 HTTP/1.1" status: 200 len: 851 time: 0.0373783
2026-05-12 07:08:47.854 10 INFO neutron.wsgi [None req-7b57e744-d88f-4697-91ba-26faef01ef10 eb6609e0220b4604b3e676946760858f b9e572cd022844ef802bb08079d29030 - - default default] 199.19.213.59 "GET /v2.0/ports?device_id=1b1fa87f-eb8b-48f0-b20f-06107a3f5b9c HTTP/1.1" status: 200 len: 1365 time: 0.0437739
2026-05-12 07:08:47.947 10 INFO neutron.wsgi [-] 10.0.0.49 "GET / HTTP/1.1" status: 200 len: 246 time: 0.0013883
2026-05-12 07:08:47.949 9 INFO neutron.wsgi [-] 10.0.0.49 "GET / HTTP/1.1" status: 200 len: 246 time: 0.0027661
2026-05-12 07:08:48.146 10 WARNING neutron.scheduler.dhcp_agent_scheduler [None req-ed9d278a-d191-44d8-9980-75e10b79dd70 eb6609e0220b4604b3e676946760858f b9e572cd022844ef802bb08079d29030 - - - -] No more DHCP agents
2026-05-12 07:08:48.148 10 WARNING neutron.api.rpc.agentnotifiers.dhcp_rpc_agent_api [None req-ed9d278a-d191-44d8-9980-75e10b79dd70 eb6609e0220b4604b3e676946760858f b9e572cd022844ef802bb08079d29030 - - - -] Unable to schedule network 9e08311c-38ea-4813-af55-56820a1f925e: no agents available; will retry on subsequent port and subnet creation events.
2026-05-12 07:08:48.315 10 INFO neutron.db.ovn_revision_numbers_db [None req-ed9d278a-d191-44d8-9980-75e10b79dd70 eb6609e0220b4604b3e676946760858f b9e572cd022844ef802bb08079d29030 - - - -] Successfully bumped revision number for resource 1249c485-d4e1-481f-a509-bd7e942ecd61 (type: ports) to 1
2026-05-12 07:08:48.341 10 INFO neutron.wsgi [None req-ed9d278a-d191-44d8-9980-75e10b79dd70 eb6609e0220b4604b3e676946760858f b9e572cd022844ef802bb08079d29030 - - - -] 199.19.213.59 "POST /v2.0/ports HTTP/1.1" status: 201 len: 1302 time: 0.4806039 /var/lib/openstack/lib/python3.10/site-packages/pycadf/identifier.py:71: UserWarning: Invalid uuid: neutron. To ensure interoperability, identifiers should be a valid uuid. warnings.warn(('Invalid uuid: %s. To ensure interoperability, '
2026-05-12 07:08:48.430 10 INFO neutron.wsgi [req-c40d1324-af72-4f52-80e6-147133da2f79 req-2a2d7bc6-2c28-44cc-9f4b-c60bb8c7c571 eb6609e0220b4604b3e676946760858f b9e572cd022844ef802bb08079d29030 - - default default] 10.0.0.138 "GET /v2.0/ports/1249c485-d4e1-481f-a509-bd7e942ecd61 HTTP/1.1" status: 200 len: 1297 time: 0.0355616
2026-05-12 07:08:48.450 10 INFO neutron.wsgi [req-c40d1324-af72-4f52-80e6-147133da2f79 req-c1c31657-ddf2-496b-a692-694a092a6e7a eb6609e0220b4604b3e676946760858f b9e572cd022844ef802bb08079d29030 - - default default] 10.0.0.138 "GET /v2.0/extensions HTTP/1.1" status: 200 len: 16525 time: 0.0105138
2026-05-12 07:08:48.561 9 INFO neutron.wsgi [req-c40d1324-af72-4f52-80e6-147133da2f79 req-0eee5184-22bc-42f3-a7c1-d4a9ddd67d08 359013e03f6a44c8a66d1a1af43a6529 0df174a901bc4dc0bb74341c0eb17dec - - 794e60b7ab31494d9889834336fd9def 794e60b7ab31494d9889834336fd9def] 199.19.213.59 "GET /v2.0/ports/1249c485-d4e1-481f-a509-bd7e942ecd61?fields=binding%3Avnic_type&fields=binding%3Aprofile&fields=network_id&fields=resource_request&fields=numa_affinity_policy&fields=device_profile HTTP/1.1" status: 200 len: 335 time: 0.0329547
2026-05-12 07:08:48.639 9 INFO neutron.wsgi [req-c40d1324-af72-4f52-80e6-147133da2f79 req-094b95ee-d33e-4329-a195-a492c4cf3f27 359013e03f6a44c8a66d1a1af43a6529 0df174a901bc4dc0bb74341c0eb17dec - - 794e60b7ab31494d9889834336fd9def 794e60b7ab31494d9889834336fd9def] 199.19.213.59 "GET /v2.0/networks/9e08311c-38ea-4813-af55-56820a1f925e?fields=segments HTTP/1.1" status: 200 len: 212 time: 0.0711162
2026-05-12 07:08:48.709 9 INFO neutron.wsgi [req-c40d1324-af72-4f52-80e6-147133da2f79 req-eeb386a9-d64c-46c9-8345-fe5bfcb6d8a0 359013e03f6a44c8a66d1a1af43a6529 0df174a901bc4dc0bb74341c0eb17dec - - 794e60b7ab31494d9889834336fd9def 794e60b7ab31494d9889834336fd9def] 199.19.213.59 "GET /v2.0/networks/9e08311c-38ea-4813-af55-56820a1f925e?fields=provider%3Aphysical_network&fields=provider%3Anetwork_type HTTP/1.1" status: 200 len: 277 time: 0.0621686
2026-05-12 07:08:48.762 9 INFO neutron.wsgi [req-c40d1324-af72-4f52-80e6-147133da2f79 req-b554240f-3e35-4952-bbc8-e508a89aa26c 359013e03f6a44c8a66d1a1af43a6529 0df174a901bc4dc0bb74341c0eb17dec - - 794e60b7ab31494d9889834336fd9def 794e60b7ab31494d9889834336fd9def] 199.19.213.59 "GET /v2.0/ports/1249c485-d4e1-481f-a509-bd7e942ecd61 HTTP/1.1" status: 200 len: 1297 time: 0.0297854
2026-05-12 07:08:48.828 9 INFO neutron.wsgi [req-c40d1324-af72-4f52-80e6-147133da2f79 req-dd15f928-0791-4be0-9d7a-5162630e7b3d eb6609e0220b4604b3e676946760858f b9e572cd022844ef802bb08079d29030 - - default default] 199.19.213.59 "GET /v2.0/networks?id=9e08311c-38ea-4813-af55-56820a1f925e HTTP/1.1" status: 200 len: 1004 time: 0.0599177
2026-05-12 07:08:49.238 9 INFO neutron.db.ovn_revision_numbers_db [None req-20ab9b2f-beac-42c4-9bca-ec0bcf5a7c3f 359013e03f6a44c8a66d1a1af43a6529 0df174a901bc4dc0bb74341c0eb17dec - - - -] Successfully bumped revision number for resource 1249c485-d4e1-481f-a509-bd7e942ecd61 (type: ports) to 2
2026-05-12 07:08:49.770 9 INFO neutron.db.ovn_revision_numbers_db [None req-20ab9b2f-beac-42c4-9bca-ec0bcf5a7c3f 359013e03f6a44c8a66d1a1af43a6529 0df174a901bc4dc0bb74341c0eb17dec - - - -] Successfully bumped revision number for resource 1249c485-d4e1-481f-a509-bd7e942ecd61 (type: ports) to 2
2026-05-12 07:08:49.785 9 INFO neutron.wsgi [None req-20ab9b2f-beac-42c4-9bca-ec0bcf5a7c3f 359013e03f6a44c8a66d1a1af43a6529 0df174a901bc4dc0bb74341c0eb17dec - - - -] 199.19.213.59 "PUT /v2.0/ports/1249c485-d4e1-481f-a509-bd7e942ecd61 HTTP/1.1" status: 200 len: 1380 time: 0.9510114 /var/lib/openstack/lib/python3.10/site-packages/pycadf/identifier.py:71: UserWarning: Invalid uuid: neutron. To ensure interoperability, identifiers should be a valid uuid. warnings.warn(('Invalid uuid: %s. To ensure interoperability, '
2026-05-12 07:08:49.858 9 INFO neutron.wsgi [req-c40d1324-af72-4f52-80e6-147133da2f79 req-ed4856f9-74e0-46ee-b957-6b4adc4a6793 359013e03f6a44c8a66d1a1af43a6529 0df174a901bc4dc0bb74341c0eb17dec - - 794e60b7ab31494d9889834336fd9def 794e60b7ab31494d9889834336fd9def] 199.19.213.59 "GET /v2.0/ports?tenant_id=b9e572cd022844ef802bb08079d29030&device_id=1b1fa87f-eb8b-48f0-b20f-06107a3f5b9c HTTP/1.1" status: 200 len: 2565 time: 0.0318391
2026-05-12 07:08:49.892 9 INFO neutron.wsgi [req-c40d1324-af72-4f52-80e6-147133da2f79 req-b6427eb0-16da-4dac-9a14-7b7069182c6b 359013e03f6a44c8a66d1a1af43a6529 0df174a901bc4dc0bb74341c0eb17dec - - 794e60b7ab31494d9889834336fd9def 794e60b7ab31494d9889834336fd9def] 199.19.213.59 "GET /v2.0/floatingips?fixed_ip_address=172.24.2.82&port_id=2e6998bf-0dae-40c8-af85-11cb9c84961a HTTP/1.1" status: 200 len: 217 time: 0.0250978
2026-05-12 07:08:49.922 9 INFO neutron.notifiers.nova [-] Nova event matching ['req-98f07cda-1dd4-447f-835a-d9d6c76f3926'] response: {'name': 'network-changed', 'server_uuid': '1b1fa87f-eb8b-48f0-b20f-06107a3f5b9c', 'tag': '1249c485-d4e1-481f-a509-bd7e942ecd61', 'status': 'completed', 'code': 200}
2026-05-12 07:08:49.931 9 INFO neutron.wsgi [req-c40d1324-af72-4f52-80e6-147133da2f79 req-0b395dbe-a254-4b1b-94ac-8a2dc2d34d42 359013e03f6a44c8a66d1a1af43a6529 0df174a901bc4dc0bb74341c0eb17dec - - 794e60b7ab31494d9889834336fd9def 794e60b7ab31494d9889834336fd9def] 199.19.213.59 "GET /v2.0/subnets?id=2b1d2c56-cb99-47f0-bc0b-3156a5e6b5ef HTTP/1.1" status: 200 len: 829 time: 0.0341294
2026-05-12 07:08:49.961 9 INFO neutron.wsgi [req-c40d1324-af72-4f52-80e6-147133da2f79 req-d88e71d3-2a0d-4275-b4a0-a419ec62289a 359013e03f6a44c8a66d1a1af43a6529 0df174a901bc4dc0bb74341c0eb17dec - - 794e60b7ab31494d9889834336fd9def 794e60b7ab31494d9889834336fd9def] 199.19.213.59 "GET /v2.0/ports?network_id=9a180d04-a3fa-4a48-9a89-338f812665c4&device_owner=network%3Adhcp HTTP/1.1" status: 200 len: 210 time: 0.0247555
2026-05-12 07:08:50.029 9 INFO neutron.wsgi [req-c40d1324-af72-4f52-80e6-147133da2f79 req-284ea530-c4c3-40dc-bf8d-2c7b2b34d43d 359013e03f6a44c8a66d1a1af43a6529 0df174a901bc4dc0bb74341c0eb17dec - - 794e60b7ab31494d9889834336fd9def 794e60b7ab31494d9889834336fd9def] 199.19.213.59 "GET /v2.0/networks/9a180d04-a3fa-4a48-9a89-338f812665c4?fields=segments HTTP/1.1" status: 200 len: 212 time: 0.0624340
2026-05-12 07:08:50.119 9 INFO neutron.wsgi [req-c40d1324-af72-4f52-80e6-147133da2f79 req-b4ea7041-92a7-4a62-8505-9eba2e2b8dbb 359013e03f6a44c8a66d1a1af43a6529 0df174a901bc4dc0bb74341c0eb17dec - - 794e60b7ab31494d9889834336fd9def 794e60b7ab31494d9889834336fd9def] 199.19.213.59 "GET /v2.0/networks/9a180d04-a3fa-4a48-9a89-338f812665c4?fields=provider%3Aphysical_network&fields=provider%3Anetwork_type HTTP/1.1" status: 200 len: 277 time: 0.0805614
2026-05-12 07:08:50.156 9 INFO neutron.wsgi [req-c40d1324-af72-4f52-80e6-147133da2f79 req-fe73a703-61d4-4865-9d41-3775b87277b0 359013e03f6a44c8a66d1a1af43a6529 0df174a901bc4dc0bb74341c0eb17dec - - 794e60b7ab31494d9889834336fd9def 794e60b7ab31494d9889834336fd9def] 199.19.213.59 "GET /v2.0/floatingips?fixed_ip_address=10.1.1.179&port_id=1249c485-d4e1-481f-a509-bd7e942ecd61 HTTP/1.1" status: 200 len: 217 time: 0.0280571
2026-05-12 07:08:50.200 9 INFO neutron.wsgi [req-c40d1324-af72-4f52-80e6-147133da2f79 req-4cd2844b-0a9a-4384-b72f-d92a54c24ad9 359013e03f6a44c8a66d1a1af43a6529 0df174a901bc4dc0bb74341c0eb17dec - - 794e60b7ab31494d9889834336fd9def 794e60b7ab31494d9889834336fd9def] 199.19.213.59 "GET /v2.0/subnets?id=670ac066-8a2e-4bcc-bd36-e91bee57b201 HTTP/1.1" status: 200 len: 854 time: 0.0380185
2026-05-12 07:08:50.233 9 INFO neutron.wsgi [req-c40d1324-af72-4f52-80e6-147133da2f79 req-1b49e42b-8f55-4941-929a-8b24c1945496 359013e03f6a44c8a66d1a1af43a6529 0df174a901bc4dc0bb74341c0eb17dec - - 794e60b7ab31494d9889834336fd9def 794e60b7ab31494d9889834336fd9def] 199.19.213.59 "GET /v2.0/ports?network_id=9e08311c-38ea-4813-af55-56820a1f925e&device_owner=network%3Adhcp HTTP/1.1" status: 200 len: 210 time: 0.0248075
2026-05-12 07:08:50.310 9 INFO neutron.wsgi [req-c40d1324-af72-4f52-80e6-147133da2f79 req-84378a78-f043-4223-8210-59854c007327 359013e03f6a44c8a66d1a1af43a6529 0df174a901bc4dc0bb74341c0eb17dec - - 794e60b7ab31494d9889834336fd9def 794e60b7ab31494d9889834336fd9def] 199.19.213.59 "GET /v2.0/networks/9e08311c-38ea-4813-af55-56820a1f925e?fields=segments HTTP/1.1" status: 200 len: 212 time: 0.0688009
2026-05-12 07:08:50.373 9 INFO neutron.wsgi [req-c40d1324-af72-4f52-80e6-147133da2f79 req-1cadf31a-2db3-48ba-9c88-4c57b1716fe3 359013e03f6a44c8a66d1a1af43a6529 0df174a901bc4dc0bb74341c0eb17dec - - 794e60b7ab31494d9889834336fd9def 794e60b7ab31494d9889834336fd9def] 199.19.213.59 "GET /v2.0/networks/9e08311c-38ea-4813-af55-56820a1f925e?fields=provider%3Aphysical_network&fields=provider%3Anetwork_type HTTP/1.1" status: 200 len: 277 time: 0.0553041
2026-05-12 07:08:50.480 9 INFO neutron.plugins.ml2.drivers.ovn.mech_driver.mech_driver [None req-ee3f4d76-0ba3-4096-b2a3-140b9f36852c - - - - - -] OVN reports status up for port: 1249c485-d4e1-481f-a509-bd7e942ecd61
2026-05-12 07:08:50.501 9 INFO neutron.wsgi [req-3adb4d09-352e-49bf-b76f-cccb128728e8 req-1fa9b14d-92ed-4d40-9263-f25f037dcab0 359013e03f6a44c8a66d1a1af43a6529 0df174a901bc4dc0bb74341c0eb17dec - - 794e60b7ab31494d9889834336fd9def 794e60b7ab31494d9889834336fd9def] 199.19.213.59 "GET /v2.0/ports?tenant_id=b9e572cd022844ef802bb08079d29030&device_id=1b1fa87f-eb8b-48f0-b20f-06107a3f5b9c HTTP/1.1" status: 200 len: 2565 time: 0.0839591
2026-05-12 07:08:50.503 9 INFO neutron.plugins.ml2.plugin [None req-ee3f4d76-0ba3-4096-b2a3-140b9f36852c - - - - - -] Attempt 1 to provision port 1249c485-d4e1-481f-a509-bd7e942ecd61
2026-05-12 07:08:50.643 9 INFO neutron.wsgi [req-3adb4d09-352e-49bf-b76f-cccb128728e8 req-177aef3d-fb79-47d1-867e-5bc52ee5cde5 359013e03f6a44c8a66d1a1af43a6529 0df174a901bc4dc0bb74341c0eb17dec - - 794e60b7ab31494d9889834336fd9def 794e60b7ab31494d9889834336fd9def] 199.19.213.59 "GET /v2.0/networks?id=9e08311c-38ea-4813-af55-56820a1f925e HTTP/1.1" status: 200 len: 1004 time: 0.1165900
2026-05-12 07:08:50.700 9 INFO neutron.wsgi [req-3adb4d09-352e-49bf-b76f-cccb128728e8 req-0a4248f4-41ba-4ec2-9936-3e93425a4926 359013e03f6a44c8a66d1a1af43a6529 0df174a901bc4dc0bb74341c0eb17dec - - 794e60b7ab31494d9889834336fd9def 794e60b7ab31494d9889834336fd9def] 199.19.213.59 "GET /v2.0/floatingips?fixed_ip_address=10.1.1.179&port_id=1249c485-d4e1-481f-a509-bd7e942ecd61 HTTP/1.1" status: 200 len: 217 time: 0.0486698
2026-05-12 07:08:50.705 10 INFO neutron.wsgi [req-c40d1324-af72-4f52-80e6-147133da2f79 req-7bfe17fc-4884-4f55-9bdc-da0ff49d828f eb6609e0220b4604b3e676946760858f b9e572cd022844ef802bb08079d29030 - - default default] 10.0.0.138 "GET /v2.0/ports/1249c485-d4e1-481f-a509-bd7e942ecd61 HTTP/1.1" status: 200 len: 1410 time: 0.0354767
2026-05-12 07:08:50.791 9 INFO neutron.wsgi [req-3adb4d09-352e-49bf-b76f-cccb128728e8 req-7a9b2fab-44e2-4508-b363-505945035d54 359013e03f6a44c8a66d1a1af43a6529 0df174a901bc4dc0bb74341c0eb17dec - - 794e60b7ab31494d9889834336fd9def 794e60b7ab31494d9889834336fd9def] 199.19.213.59 "GET /v2.0/subnets?id=670ac066-8a2e-4bcc-bd36-e91bee57b201 HTTP/1.1" status: 200 len: 854 time: 0.0831056
2026-05-12 07:08:50.820 9 INFO neutron.wsgi [req-3adb4d09-352e-49bf-b76f-cccb128728e8 req-7f801739-2a32-4753-bd9b-6e73a43a9c19 359013e03f6a44c8a66d1a1af43a6529 0df174a901bc4dc0bb74341c0eb17dec - - 794e60b7ab31494d9889834336fd9def 794e60b7ab31494d9889834336fd9def] 199.19.213.59 "GET /v2.0/ports?network_id=9e08311c-38ea-4813-af55-56820a1f925e&device_owner=network%3Adhcp HTTP/1.1" status: 200 len: 210 time: 0.0205767
2026-05-12 07:08:50.916 9 INFO neutron.wsgi [req-3adb4d09-352e-49bf-b76f-cccb128728e8 req-2c0affca-3773-406e-9f37-e7d01a131679 359013e03f6a44c8a66d1a1af43a6529 0df174a901bc4dc0bb74341c0eb17dec - - 794e60b7ab31494d9889834336fd9def 794e60b7ab31494d9889834336fd9def] 199.19.213.59 "GET /v2.0/networks/9e08311c-38ea-4813-af55-56820a1f925e?fields=segments HTTP/1.1" status: 200 len: 212 time: 0.0901735
2026-05-12 07:08:50.939 9 INFO neutron.db.ovn_revision_numbers_db [None req-ee3f4d76-0ba3-4096-b2a3-140b9f36852c - - - - - -] Successfully bumped revision number for resource 1249c485-d4e1-481f-a509-bd7e942ecd61 (type: ports) to 4
2026-05-12 07:08:51.014 9 INFO neutron.wsgi [req-3adb4d09-352e-49bf-b76f-cccb128728e8 req-1364ae30-f026-411f-95b9-0a23e06318b0 359013e03f6a44c8a66d1a1af43a6529 0df174a901bc4dc0bb74341c0eb17dec - - 794e60b7ab31494d9889834336fd9def 794e60b7ab31494d9889834336fd9def] 199.19.213.59 "GET /v2.0/networks/9e08311c-38ea-4813-af55-56820a1f925e?fields=provider%3Aphysical_network&fields=provider%3Anetwork_type HTTP/1.1" status: 200 len: 277 time: 0.0931325
2026-05-12 07:08:51.066 10 INFO neutron.db.ovn_revision_numbers_db [None req-372c5a0d-64a5-488e-88af-8f4f116a94fa eb6609e0220b4604b3e676946760858f b9e572cd022844ef802bb08079d29030 - - - -] Successfully bumped revision number for resource 1249c485-d4e1-481f-a509-bd7e942ecd61 (type: ports) to 5
2026-05-12 07:08:51.080 10 INFO neutron.wsgi [None req-372c5a0d-64a5-488e-88af-8f4f116a94fa eb6609e0220b4604b3e676946760858f b9e572cd022844ef802bb08079d29030 - - - -] 199.19.213.59 "PUT /v2.0/ports/1249c485-d4e1-481f-a509-bd7e942ecd61 HTTP/1.1" status: 200 len: 1443 time: 0.3614910 /var/lib/openstack/lib/python3.10/site-packages/pycadf/identifier.py:71: UserWarning: Invalid uuid: neutron. To ensure interoperability, identifiers should be a valid uuid. warnings.warn(('Invalid uuid: %s. To ensure interoperability, '
2026-05-12 07:08:51.125 10 INFO neutron.wsgi [None req-d87b86ca-b147-4232-90ae-3eac289e02db eb6609e0220b4604b3e676946760858f b9e572cd022844ef802bb08079d29030 - - default default] 199.19.213.59 "GET /v2.0/security-groups?name=lb-9edcdbae-1757-411c-bb62-61f13b75fb93 HTTP/1.1" status: 200 len: 1777 time: 0.0379543
2026-05-12 07:08:51.193 10 INFO neutron.notifiers.nova [-] Nova event matching ['req-a61e8582-4178-4a0b-afce-1db8929af252'] response: {'name': 'network-changed', 'server_uuid': '1b1fa87f-eb8b-48f0-b20f-06107a3f5b9c', 'tag': '1249c485-d4e1-481f-a509-bd7e942ecd61', 'status': 'completed', 'code': 200} /var/lib/openstack/lib/python3.10/site-packages/pycadf/identifier.py:71: UserWarning: Invalid uuid: neutron. To ensure interoperability, identifiers should be a valid uuid. warnings.warn(('Invalid uuid: %s. To ensure interoperability, '
2026-05-12 07:08:51.254 9 INFO neutron.wsgi [req-afdf6573-a8e4-40ba-b2fe-9fa89a2b9467 req-f41f9b21-31e2-43ab-984c-2e71d0055bb3 359013e03f6a44c8a66d1a1af43a6529 0df174a901bc4dc0bb74341c0eb17dec - - 794e60b7ab31494d9889834336fd9def 794e60b7ab31494d9889834336fd9def] 199.19.213.59 "GET /v2.0/ports?tenant_id=b9e572cd022844ef802bb08079d29030&device_id=1b1fa87f-eb8b-48f0-b20f-06107a3f5b9c HTTP/1.1" status: 200 len: 2628 time: 0.0363617
2026-05-12 07:08:51.346 9 INFO neutron.wsgi [req-afdf6573-a8e4-40ba-b2fe-9fa89a2b9467 req-7df6d6ec-dadb-4c52-b8ad-9531722336d3 359013e03f6a44c8a66d1a1af43a6529 0df174a901bc4dc0bb74341c0eb17dec - - 794e60b7ab31494d9889834336fd9def 794e60b7ab31494d9889834336fd9def] 199.19.213.59 "GET /v2.0/networks?id=9e08311c-38ea-4813-af55-56820a1f925e HTTP/1.1" status: 200 len: 1004 time: 0.0869534
2026-05-12 07:08:51.378 9 INFO neutron.wsgi [req-afdf6573-a8e4-40ba-b2fe-9fa89a2b9467 req-e0817d9d-1691-48e0-b506-69ab64882bba 359013e03f6a44c8a66d1a1af43a6529 0df174a901bc4dc0bb74341c0eb17dec - - 794e60b7ab31494d9889834336fd9def 794e60b7ab31494d9889834336fd9def] 199.19.213.59 "GET /v2.0/floatingips?fixed_ip_address=10.1.1.179&port_id=1249c485-d4e1-481f-a509-bd7e942ecd61 HTTP/1.1" status: 200 len: 217 time: 0.0244372
2026-05-12 07:08:51.417 9 INFO neutron.wsgi [req-afdf6573-a8e4-40ba-b2fe-9fa89a2b9467 req-278e83af-c1a4-4e8c-8650-94f7ab074d7f 359013e03f6a44c8a66d1a1af43a6529 0df174a901bc4dc0bb74341c0eb17dec - - 794e60b7ab31494d9889834336fd9def 794e60b7ab31494d9889834336fd9def] 199.19.213.59 "GET /v2.0/subnets?id=670ac066-8a2e-4bcc-bd36-e91bee57b201 HTTP/1.1" status: 200 len: 854 time: 0.0332117
2026-05-12 07:08:51.446 9 INFO neutron.wsgi [req-afdf6573-a8e4-40ba-b2fe-9fa89a2b9467 req-432cab94-76be-495d-a7d9-2b67f3b21702 359013e03f6a44c8a66d1a1af43a6529 0df174a901bc4dc0bb74341c0eb17dec - - 794e60b7ab31494d9889834336fd9def 794e60b7ab31494d9889834336fd9def] 199.19.213.59 "GET /v2.0/ports?network_id=9e08311c-38ea-4813-af55-56820a1f925e&device_owner=network%3Adhcp HTTP/1.1" status: 200 len: 210 time: 0.0233853
2026-05-12 07:08:51.479 10 INFO neutron.db.ovn_revision_numbers_db [None req-bab994bc-f66b-47d5-9397-1b5ffa35ef94 eb6609e0220b4604b3e676946760858f b9e572cd022844ef802bb08079d29030 - - - -] Successfully bumped revision number for resource 1249c485-d4e1-481f-a509-bd7e942ecd61 (type: ports) to 6
2026-05-12 07:08:51.490 10 INFO neutron.wsgi [None req-bab994bc-f66b-47d5-9397-1b5ffa35ef94 eb6609e0220b4604b3e676946760858f b9e572cd022844ef802bb08079d29030 - - - -] 199.19.213.59 "PUT /v2.0/ports/1249c485-d4e1-481f-a509-bd7e942ecd61 HTTP/1.1" status: 200 len: 1443 time: 0.3556969
2026-05-12 07:08:51.522 9 INFO neutron.wsgi [req-afdf6573-a8e4-40ba-b2fe-9fa89a2b9467 req-1ce6c4dc-2778-4614-b3f5-0dda03c90feb 359013e03f6a44c8a66d1a1af43a6529 0df174a901bc4dc0bb74341c0eb17dec - - 794e60b7ab31494d9889834336fd9def 794e60b7ab31494d9889834336fd9def] 199.19.213.59 "GET /v2.0/networks/9e08311c-38ea-4813-af55-56820a1f925e?fields=segments HTTP/1.1" status: 200 len: 212 time: 0.0685029 /var/lib/openstack/lib/python3.10/site-packages/pycadf/identifier.py:71: UserWarning: Invalid uuid: neutron. To ensure interoperability, identifiers should be a valid uuid. warnings.warn(('Invalid uuid: %s. To ensure interoperability, '
2026-05-12 07:08:51.572 10 INFO neutron.wsgi [None req-fd9abcbf-d550-49b6-a5ad-277e65a07b68 eb6609e0220b4604b3e676946760858f b9e572cd022844ef802bb08079d29030 - - default default] 199.19.213.59 "GET /v2.0/extensions/security-group HTTP/1.1" status: 200 len: 369 time: 0.0080042
2026-05-12 07:08:51.585 10 INFO neutron.wsgi [None req-0909baf6-fa48-4767-8a67-0b3e58f50aff eb6609e0220b4604b3e676946760858f b9e572cd022844ef802bb08079d29030 - - default default] 199.19.213.59 "GET /v2.0/extensions/dns-integration HTTP/1.1" status: 200 len: 371 time: 0.0052705
2026-05-12 07:08:51.593 10 INFO neutron.wsgi [None req-5ac64f3f-2394-473a-8a16-337b21a321e1 eb6609e0220b4604b3e676946760858f b9e572cd022844ef802bb08079d29030 - - default default] 199.19.213.59 "GET /v2.0/extensions/qos HTTP/1.1" status: 200 len: 365 time: 0.0041416
2026-05-12 07:08:51.598 9 INFO neutron.wsgi [req-afdf6573-a8e4-40ba-b2fe-9fa89a2b9467 req-ef2b1f57-b9c7-464b-8833-acb1b07fb91a 359013e03f6a44c8a66d1a1af43a6529 0df174a901bc4dc0bb74341c0eb17dec - - 794e60b7ab31494d9889834336fd9def 794e60b7ab31494d9889834336fd9def] 199.19.213.59 "GET /v2.0/networks/9e08311c-38ea-4813-af55-56820a1f925e?fields=provider%3Aphysical_network&fields=provider%3Anetwork_type HTTP/1.1" status: 200 len: 277 time: 0.0682857
2026-05-12 07:08:51.603 10 INFO neutron.wsgi [None req-302d4097-4546-4739-8aee-0850cbbe8de0 eb6609e0220b4604b3e676946760858f b9e572cd022844ef802bb08079d29030 - - default default] 199.19.213.59 "GET /v2.0/extensions/allowed-address-pairs HTTP/1.1" status: 200 len: 383 time: 0.0055118
2026-05-12 07:08:51.641 10 INFO neutron.wsgi [None req-32541635-0643-4b22-ae0a-ee84f1f71572 eb6609e0220b4604b3e676946760858f b9e572cd022844ef802bb08079d29030 - - default default] 199.19.213.59 "GET /v2.0/subnets/670ac066-8a2e-4bcc-bd36-e91bee57b201 HTTP/1.1" status: 200 len: 851 time: 0.0314538
2026-05-12 07:08:51.678 10 INFO neutron.wsgi [None req-94af44e6-1ea2-4ae6-8350-59120fdbff3b eb6609e0220b4604b3e676946760858f b9e572cd022844ef802bb08079d29030 - - default default] 199.19.213.59 "GET /v2.0/ports/48df5e3f-4123-468d-9a1e-49d81899b6c6 HTTP/1.1" status: 200 len: 1332 time: 0.0331764
2026-05-12 07:08:51.718 10 INFO neutron.wsgi [None req-1821dae1-0947-4b34-9b92-9f133a580dd4 eb6609e0220b4604b3e676946760858f b9e572cd022844ef802bb08079d29030 - - default default] 199.19.213.59 "GET /v2.0/ports/1249c485-d4e1-481f-a509-bd7e942ecd61 HTTP/1.1" status: 200 len: 1471 time: 0.0321877
2026-05-12 07:08:51.768 10 INFO neutron.wsgi [None req-39a5b5ed-ab2b-41c3-a958-883c3b799f30 eb6609e0220b4604b3e676946760858f b9e572cd022844ef802bb08079d29030 - - default default] 199.19.213.59 "GET /v2.0/subnets/670ac066-8a2e-4bcc-bd36-e91bee57b201 HTTP/1.1" status: 200 len: 851 time: 0.0445263
