2026-05-12 07:08:51.836 10 INFO neutron.wsgi [None req-7fc3d6ca-d96d-4508-953e-034f7b97fc96 eb6609e0220b4604b3e676946760858f b9e572cd022844ef802bb08079d29030 - - default default] 199.19.213.59 "GET /v2.0/networks/9e08311c-38ea-4813-af55-56820a1f925e HTTP/1.1" status: 200 len: 1001 time: 0.0607159
2026-05-12 07:08:51.869 10 INFO neutron.wsgi [None req-0a0bd3b1-bbe5-4d46-9178-5c07df0a1507 eb6609e0220b4604b3e676946760858f b9e572cd022844ef802bb08079d29030 - - default default] 199.19.213.59 "GET /v2.0/ports/48df5e3f-4123-468d-9a1e-49d81899b6c6 HTTP/1.1" status: 200 len: 1332 time: 0.0281379
2026-05-12 07:08:51.906 10 INFO neutron.wsgi [None req-5a41006b-00c6-4f99-ac1a-9461075108c6 eb6609e0220b4604b3e676946760858f b9e572cd022844ef802bb08079d29030 - - default default] 199.19.213.59 "GET /v2.0/subnets/670ac066-8a2e-4bcc-bd36-e91bee57b201 HTTP/1.1" status: 200 len: 851 time: 0.0323656
2026-05-12 07:08:51.989 9 INFO neutron.notifiers.nova [-] Nova event matching ['req-00ca2598-75ff-42c7-ae97-e4642a497e4a'] response: {'server_uuid': '1b1fa87f-eb8b-48f0-b20f-06107a3f5b9c', 'name': 'network-vif-plugged', 'status': 'completed', 'tag': '1249c485-d4e1-481f-a509-bd7e942ecd61', 'code': 200}
2026-05-12 07:08:51.990 9 INFO neutron.notifiers.nova [-] Nova event matching ['req-00ca2598-75ff-42c7-ae97-e4642a497e4a'] response: {'server_uuid': '1b1fa87f-eb8b-48f0-b20f-06107a3f5b9c', 'name': 'network-vif-plugged', 'status': 'completed', 'tag': '1249c485-d4e1-481f-a509-bd7e942ecd61', 'code': 200}
2026-05-12 07:08:53.254 10 INFO neutron.notifiers.nova [-] Nova event matching ['req-017b860d-493e-4401-8179-822f02f05d80'] response: {'name': 'network-changed', 'server_uuid': '1b1fa87f-eb8b-48f0-b20f-06107a3f5b9c', 'tag': '1249c485-d4e1-481f-a509-bd7e942ecd61', 'status': 'completed', 'code': 200}
2026-05-12 07:08:53.318 9 INFO neutron.wsgi [req-956f0a47-8b16-4bab-b950-962b6018c8cf req-583748bf-20eb-431d-9a3a-dddcf280c6c3 359013e03f6a44c8a66d1a1af43a6529 0df174a901bc4dc0bb74341c0eb17dec - - 794e60b7ab31494d9889834336fd9def 794e60b7ab31494d9889834336fd9def] 199.19.213.59 "GET /v2.0/ports?tenant_id=b9e572cd022844ef802bb08079d29030&device_id=1b1fa87f-eb8b-48f0-b20f-06107a3f5b9c HTTP/1.1" status: 200 len: 2628 time: 0.0401802
2026-05-12 07:08:53.409 9 INFO neutron.wsgi [req-956f0a47-8b16-4bab-b950-962b6018c8cf req-3e8f51b9-052e-4760-af12-102293b3d658 359013e03f6a44c8a66d1a1af43a6529 0df174a901bc4dc0bb74341c0eb17dec - - 794e60b7ab31494d9889834336fd9def 794e60b7ab31494d9889834336fd9def] 199.19.213.59 "GET /v2.0/networks?id=9e08311c-38ea-4813-af55-56820a1f925e HTTP/1.1" status: 200 len: 1004 time: 0.0805223
2026-05-12 07:08:53.453 9 INFO neutron.wsgi [req-956f0a47-8b16-4bab-b950-962b6018c8cf req-a7e8cce9-2ff2-4bc6-90a7-d012a76e81e9 359013e03f6a44c8a66d1a1af43a6529 0df174a901bc4dc0bb74341c0eb17dec - - 794e60b7ab31494d9889834336fd9def 794e60b7ab31494d9889834336fd9def] 199.19.213.59 "GET /v2.0/floatingips?fixed_ip_address=10.1.1.179&port_id=1249c485-d4e1-481f-a509-bd7e942ecd61 HTTP/1.1" status: 200 len: 217 time: 0.0372007
2026-05-12 07:08:53.498 9 INFO neutron.wsgi [req-956f0a47-8b16-4bab-b950-962b6018c8cf req-ab8c780d-2d28-48e6-b3c8-49a0c3ea6516 359013e03f6a44c8a66d1a1af43a6529 0df174a901bc4dc0bb74341c0eb17dec - - 794e60b7ab31494d9889834336fd9def 794e60b7ab31494d9889834336fd9def] 199.19.213.59 "GET /v2.0/subnets?id=670ac066-8a2e-4bcc-bd36-e91bee57b201 HTTP/1.1" status: 200 len: 854 time: 0.0373862
2026-05-12 07:08:53.528 9 INFO neutron.wsgi [req-956f0a47-8b16-4bab-b950-962b6018c8cf req-3f912f54-58c2-4425-b5e7-5aee4b894700 359013e03f6a44c8a66d1a1af43a6529 0df174a901bc4dc0bb74341c0eb17dec - - 794e60b7ab31494d9889834336fd9def 794e60b7ab31494d9889834336fd9def] 199.19.213.59 "GET /v2.0/ports?network_id=9e08311c-38ea-4813-af55-56820a1f925e&device_owner=network%3Adhcp HTTP/1.1" status: 200 len: 210 time: 0.0242443
2026-05-12 07:08:53.601 9 INFO neutron.wsgi [req-956f0a47-8b16-4bab-b950-962b6018c8cf req-5d2294ea-9e29-4d50-ab8e-ff4d5a677ef5 359013e03f6a44c8a66d1a1af43a6529 0df174a901bc4dc0bb74341c0eb17dec - - 794e60b7ab31494d9889834336fd9def 794e60b7ab31494d9889834336fd9def] 199.19.213.59 "GET /v2.0/networks/9e08311c-38ea-4813-af55-56820a1f925e?fields=segments HTTP/1.1" status: 200 len: 212 time: 0.0642588
2026-05-12 07:08:53.665 9 INFO neutron.wsgi [req-956f0a47-8b16-4bab-b950-962b6018c8cf req-eec671c7-7d3a-41b5-9813-8b928eb0162b 359013e03f6a44c8a66d1a1af43a6529 0df174a901bc4dc0bb74341c0eb17dec - - 794e60b7ab31494d9889834336fd9def 794e60b7ab31494d9889834336fd9def] 199.19.213.59 "GET /v2.0/networks/9e08311c-38ea-4813-af55-56820a1f925e?fields=provider%3Aphysical_network&fields=provider%3Anetwork_type HTTP/1.1" status: 200 len: 277 time: 0.0566254
2026-05-12 07:09:02.949 10 INFO neutron.wsgi [-] 10.0.0.49 "GET / HTTP/1.1" status: 200 len: 246 time: 0.0024424
2026-05-12 07:09:02.952 9 INFO neutron.wsgi [-] 10.0.0.49 "GET / HTTP/1.1" status: 200 len: 246 time: 0.0042679
2026-05-12 07:09:04.833 9 WARNING neutron.scheduler.dhcp_agent_scheduler [None req-48668f58-9b0c-4a55-b9c5-1eb25b43e142 ff72c2084a6d42528edbc25b357b9d35 9109c30892ca4f689ef8f1a6123843a6 - - - -] No more DHCP agents
2026-05-12 07:09:04.836 9 WARNING neutron.api.rpc.agentnotifiers.dhcp_rpc_agent_api [None req-48668f58-9b0c-4a55-b9c5-1eb25b43e142 ff72c2084a6d42528edbc25b357b9d35 9109c30892ca4f689ef8f1a6123843a6 - - - -] Unable to schedule network a9edea5a-1275-42ba-a7a8-7500bf60cf40: no agents available; will retry on subsequent port and subnet creation events.
2026-05-12 07:09:05.336 9 INFO neutron.db.l3_db [None req-48668f58-9b0c-4a55-b9c5-1eb25b43e142 ff72c2084a6d42528edbc25b357b9d35 9109c30892ca4f689ef8f1a6123843a6 - - - -] Floating IP 6d7c86aa-5093-426a-8dd2-ac92b035ea96 associated. External IP: 10.96.250.207, port: 48df5e3f-4123-468d-9a1e-49d81899b6c6.
2026-05-12 07:09:06.042 9 INFO neutron.db.ovn_revision_numbers_db [None req-48668f58-9b0c-4a55-b9c5-1eb25b43e142 ff72c2084a6d42528edbc25b357b9d35 9109c30892ca4f689ef8f1a6123843a6 - - - -] Successfully bumped revision number for resource 6d7c86aa-5093-426a-8dd2-ac92b035ea96 (type: floatingips) to 0
2026-05-12 07:09:06.119 9 INFO neutron.db.ovn_revision_numbers_db [None req-48668f58-9b0c-4a55-b9c5-1eb25b43e142 ff72c2084a6d42528edbc25b357b9d35 9109c30892ca4f689ef8f1a6123843a6 - - - -] Successfully bumped revision number for resource 6d7c86aa-5093-426a-8dd2-ac92b035ea96 (type: floatingips) to 1
2026-05-12 07:09:06.161 9 INFO neutron.wsgi [None req-48668f58-9b0c-4a55-b9c5-1eb25b43e142 ff72c2084a6d42528edbc25b357b9d35 9109c30892ca4f689ef8f1a6123843a6 - - - -] 10.0.0.66 "POST /v2.0/floatingips HTTP/1.1" status: 201 len: 1098 time: 1.6307058
2026-05-12 07:09:09.243 10 INFO neutron.plugins.ml2.drivers.ovn.mech_driver.mech_driver [None req-08057539-665d-4047-884f-b9d8c95b934b - - - - - -] OVN reports status up for port: 48df5e3f-4123-468d-9a1e-49d81899b6c6
2026-05-12 07:09:09.262 10 INFO neutron.plugins.ml2.plugin [None req-08057539-665d-4047-884f-b9d8c95b934b - - - - - -] Attempt 1 to provision port 48df5e3f-4123-468d-9a1e-49d81899b6c6
2026-05-12 07:09:09.780 10 INFO neutron.wsgi [None req-2042ef80-13f3-4ac2-a387-c606b8130bc0 eb6609e0220b4604b3e676946760858f b9e572cd022844ef802bb08079d29030 - - default default] 199.19.213.59 "GET /v2.0/extensions/security-group HTTP/1.1" status: 200 len: 369 time: 0.0862110
2026-05-12 07:09:09.793 10 INFO neutron.wsgi [None req-5463334d-bb61-4615-8384-8d8e80ea0e71 eb6609e0220b4604b3e676946760858f b9e572cd022844ef802bb08079d29030 - - default default] 199.19.213.59 "GET /v2.0/extensions/dns-integration HTTP/1.1" status: 200 len: 371 time: 0.0048041
2026-05-12 07:09:09.804 10 INFO neutron.wsgi [None req-b5bbb6d9-2e9a-4b6c-a7b8-5fa4b7e5f358 eb6609e0220b4604b3e676946760858f b9e572cd022844ef802bb08079d29030 - - default default] 199.19.213.59 "GET /v2.0/extensions/qos HTTP/1.1" status: 200 len: 365 time: 0.0049574
2026-05-12 07:09:09.815 10 INFO neutron.wsgi [None req-f44d467a-0482-467d-83e0-c580904fedbd eb6609e0220b4604b3e676946760858f b9e572cd022844ef802bb08079d29030 - - default default] 199.19.213.59 "GET /v2.0/extensions/allowed-address-pairs HTTP/1.1" status: 200 len: 383 time: 0.0053015
2026-05-12 07:09:09.969 10 INFO neutron.wsgi [None req-fa046eb1-199b-4bbf-9a03-6027cac40645 eb6609e0220b4604b3e676946760858f b9e572cd022844ef802bb08079d29030 - - default default] 199.19.213.59 "GET /v2.0/security-groups?name=lb-9edcdbae-1757-411c-bb62-61f13b75fb93 HTTP/1.1" status: 200 len: 1777 time: 0.0340619
2026-05-12 07:09:10.004 10 INFO neutron.wsgi [None req-818d4d06-e722-457f-adad-304a9b8d842b eb6609e0220b4604b3e676946760858f b9e572cd022844ef802bb08079d29030 - - default default] 199.19.213.59 "GET /v2.0/security-group-rules?security_group_id=f295f5ca-2f2d-4930-b0aa-8aeabfe2fa94 HTTP/1.1" status: 200 len: 1318 time: 0.0275316
2026-05-12 07:09:10.127 10 INFO neutron.db.ovn_revision_numbers_db [None req-5d4ab0c9-647b-427f-b9de-817458787722 eb6609e0220b4604b3e676946760858f b9e572cd022844ef802bb08079d29030 - - - -] Successfully bumped revision number for resource d9913c63-9d21-4c9d-bfa3-7eafd160b1da (type: security_group_rules) to 0
2026-05-12 07:09:10.150 10 INFO neutron.wsgi [None req-5d4ab0c9-647b-427f-b9de-817458787722 eb6609e0220b4604b3e676946760858f b9e572cd022844ef802bb08079d29030 - - - -] 199.19.213.59 "POST /v2.0/security-group-rules HTTP/1.1" status: 201 len: 769 time: 0.1393621
2026-05-12 07:09:10.265 10 INFO neutron.db.ovn_revision_numbers_db [None req-d435ec22-7248-4684-9b4e-136f119dd605 eb6609e0220b4604b3e676946760858f b9e572cd022844ef802bb08079d29030 - - - -] Successfully bumped revision number for resource 2699a53e-9547-41f1-8165-d20fe9d0ead9 (type: security_group_rules) to 0
2026-05-12 07:09:10.299 10 INFO neutron.wsgi [None req-d435ec22-7248-4684-9b4e-136f119dd605 eb6609e0220b4604b3e676946760858f b9e572cd022844ef802bb08079d29030 - - - -] 199.19.213.59 "POST /v2.0/security-group-rules HTTP/1.1" status: 201 len: 773 time: 0.1420016
2026-05-12 07:09:17.391 10 INFO neutron.wsgi [None req-815b4b32-8cc3-420c-a379-fb1a53164f2e eb6609e0220b4604b3e676946760858f b9e572cd022844ef802bb08079d29030 - - default default] 10.0.0.42 "GET /v2.0/extensions/security-group HTTP/1.1" status: 200 len: 369 time: 0.0076122
2026-05-12 07:09:17.401 10 INFO neutron.wsgi [None req-63b3daa0-e6a0-4c80-804a-1777c8742dc6 eb6609e0220b4604b3e676946760858f b9e572cd022844ef802bb08079d29030 - - default default] 10.0.0.42 "GET /v2.0/extensions/dns-integration HTTP/1.1" status: 200 len: 371 time: 0.0047843
2026-05-12 07:09:17.410 10 INFO neutron.wsgi [None req-cff39477-e3ce-4ce8-be97-536ffcba4431 eb6609e0220b4604b3e676946760858f b9e572cd022844ef802bb08079d29030 - - default default] 10.0.0.42 "GET /v2.0/extensions/qos HTTP/1.1" status: 200 len: 365 time: 0.0050955
2026-05-12 07:09:17.424 10 INFO neutron.wsgi [None req-36d5caba-d15b-4226-b6cb-82f3906a648d eb6609e0220b4604b3e676946760858f b9e572cd022844ef802bb08079d29030 - - default default] 10.0.0.42 "GET /v2.0/extensions/allowed-address-pairs HTTP/1.1" status: 200 len: 383 time: 0.0079243
2026-05-12 07:09:17.764 10 INFO neutron.wsgi [-] 10.0.0.42 "GET / HTTP/1.1" status: 200 len: 284 time: 0.0028389
2026-05-12 07:09:17.808 10 INFO neutron.wsgi [None req-efe75a97-4c18-415e-8c39-52e1d4d7c618 ff72c2084a6d42528edbc25b357b9d35 9109c30892ca4f689ef8f1a6123843a6 - - default default] 10.0.0.42 "GET /v2.0/subnets/ecfe8f29-2085-4e90-a941-546d35d13a06 HTTP/1.1" status: 200 len: 830 time: 0.0386024
2026-05-12 07:09:17.948 9 INFO neutron.wsgi [-] 10.0.0.49 "GET / HTTP/1.1" status: 200 len: 246 time: 0.0019872
2026-05-12 07:09:17.949 10 INFO neutron.wsgi [-] 10.0.0.49 "GET / HTTP/1.1" status: 200 len: 246 time: 0.0027931
2026-05-12 07:09:18.259 10 INFO neutron.wsgi [None req-e4cf573f-4723-48bf-a511-259610b9e06b eb6609e0220b4604b3e676946760858f b9e572cd022844ef802bb08079d29030 - - default default] 199.19.213.59 "GET /v2.0/extensions/security-group HTTP/1.1" status: 200 len: 369 time: 0.0082390
2026-05-12 07:09:18.269 10 INFO neutron.wsgi [None req-95d5a1e6-a28f-47ed-b9d8-afc41ca432d2 eb6609e0220b4604b3e676946760858f b9e572cd022844ef802bb08079d29030 - - default default] 199.19.213.59 "GET /v2.0/extensions/dns-integration HTTP/1.1" status: 200 len: 371 time: 0.0032346
2026-05-12 07:09:18.279 10 INFO neutron.wsgi [None req-486a1840-5a7a-42bb-8c3c-bd5f8592eb5a eb6609e0220b4604b3e676946760858f b9e572cd022844ef802bb08079d29030 - - default default] 199.19.213.59 "GET /v2.0/extensions/qos HTTP/1.1" status: 200 len: 365 time: 0.0054567
2026-05-12 07:09:18.290 10 INFO neutron.wsgi [None req-43a864d9-67e2-468f-90a3-1e9959ea03f6 eb6609e0220b4604b3e676946760858f b9e572cd022844ef802bb08079d29030 - - default default] 199.19.213.59 "GET /v2.0/extensions/allowed-address-pairs HTTP/1.1" status: 200 len: 383 time: 0.0049906
2026-05-12 07:09:18.332 10 INFO neutron.wsgi [None req-e199e3e5-1329-4361-a7a6-b6182010971b eb6609e0220b4604b3e676946760858f b9e572cd022844ef802bb08079d29030 - - default default] 199.19.213.59 "GET /v2.0/subnets/ecfe8f29-2085-4e90-a941-546d35d13a06 HTTP/1.1" status: 200 len: 848 time: 0.0357184
2026-05-12 07:09:18.373 10 INFO neutron.wsgi [None req-d2c1006b-1333-41e9-9f30-21072aae187e eb6609e0220b4604b3e676946760858f b9e572cd022844ef802bb08079d29030 - - default default] 199.19.213.59 "GET /v2.0/ports?device_id=1b1fa87f-eb8b-48f0-b20f-06107a3f5b9c HTTP/1.1" status: 200 len: 2628 time: 0.0338564
2026-05-12 07:09:18.543 10 INFO neutron.wsgi [None req-7139068f-1139-48d0-8421-96fc9394c2eb eb6609e0220b4604b3e676946760858f b9e572cd022844ef802bb08079d29030 - - default default] 199.19.213.59 "GET /v2.0/extensions/security-group HTTP/1.1" status: 200 len: 369 time: 0.0059695
2026-05-12 07:09:18.554 10 INFO neutron.wsgi [None req-403a0e38-7d87-4de0-b59c-52b463fde19c eb6609e0220b4604b3e676946760858f b9e572cd022844ef802bb08079d29030 - - default default] 199.19.213.59 "GET /v2.0/extensions/dns-integration HTTP/1.1" status: 200 len: 371 time: 0.0043111
2026-05-12 07:09:18.563 10 INFO neutron.wsgi [None req-1dd0d6b2-e05b-44f9-ac02-ade04cc9e8f1 eb6609e0220b4604b3e676946760858f b9e572cd022844ef802bb08079d29030 - - default default] 199.19.213.59 "GET /v2.0/extensions/qos HTTP/1.1" status: 200 len: 365 time: 0.0042603
2026-05-12 07:09:18.574 10 INFO neutron.wsgi [None req-a849a91c-e459-4d40-b8f2-8e7681fde8f1 eb6609e0220b4604b3e676946760858f b9e572cd022844ef802bb08079d29030 - - default default] 199.19.213.59 "GET /v2.0/extensions/allowed-address-pairs HTTP/1.1" status: 200 len: 383 time: 0.0046465 /var/lib/openstack/lib/python3.10/site-packages/pycadf/identifier.py:71: UserWarning: Invalid uuid: neutron. To ensure interoperability, identifiers should be a valid uuid. warnings.warn(('Invalid uuid: %s. To ensure interoperability, '
2026-05-12 07:09:19.101 9 INFO neutron.wsgi [req-6315960f-f2fd-482a-b433-2a8fa187f35a req-70e4f494-1ff3-4626-87b0-bd3bc820126f 359013e03f6a44c8a66d1a1af43a6529 0df174a901bc4dc0bb74341c0eb17dec - - 794e60b7ab31494d9889834336fd9def 794e60b7ab31494d9889834336fd9def] 199.19.213.59 "GET /v2.0/networks/f1f28531-83b2-455a-afbf-d58904326107?fields=segments HTTP/1.1" status: 200 len: 212 time: 0.0620594
2026-05-12 07:09:19.168 9 INFO neutron.wsgi [req-6315960f-f2fd-482a-b433-2a8fa187f35a req-196259d3-4298-47f3-8d8b-a5b27b65c2c6 359013e03f6a44c8a66d1a1af43a6529 0df174a901bc4dc0bb74341c0eb17dec - - 794e60b7ab31494d9889834336fd9def 794e60b7ab31494d9889834336fd9def] 199.19.213.59 "GET /v2.0/networks/f1f28531-83b2-455a-afbf-d58904326107?fields=provider%3Aphysical_network&fields=provider%3Anetwork_type HTTP/1.1" status: 200 len: 277 time: 0.0580521
2026-05-12 07:09:19.257 9 INFO neutron.wsgi [req-6315960f-f2fd-482a-b433-2a8fa187f35a req-e60d5f59-e581-4a85-99e9-63d5cc9f123c eb6609e0220b4604b3e676946760858f b9e572cd022844ef802bb08079d29030 - - default default] 199.19.213.59 "GET /v2.0/networks?id=f1f28531-83b2-455a-afbf-d58904326107 HTTP/1.1" status: 200 len: 1002 time: 0.0691400
2026-05-12 07:09:19.556 9 WARNING neutron.scheduler.dhcp_agent_scheduler [None req-b0fd310c-e09f-4a0a-bb90-faa59988c7b8 eb6609e0220b4604b3e676946760858f b9e572cd022844ef802bb08079d29030 - - - -] No more DHCP agents
2026-05-12 07:09:19.559 9 WARNING neutron.api.rpc.agentnotifiers.dhcp_rpc_agent_api [None req-b0fd310c-e09f-4a0a-bb90-faa59988c7b8 eb6609e0220b4604b3e676946760858f b9e572cd022844ef802bb08079d29030 - - - -] Unable to schedule network f1f28531-83b2-455a-afbf-d58904326107: no agents available; will retry on subsequent port and subnet creation events.
2026-05-12 07:09:19.724 9 INFO neutron.db.ovn_revision_numbers_db [None req-b0fd310c-e09f-4a0a-bb90-faa59988c7b8 eb6609e0220b4604b3e676946760858f b9e572cd022844ef802bb08079d29030 - - - -] Successfully bumped revision number for resource 17153637-58b9-433d-a4dc-b5100dddaf4d (type: ports) to 1
2026-05-12 07:09:19.742 9 INFO neutron.wsgi [None req-b0fd310c-e09f-4a0a-bb90-faa59988c7b8 eb6609e0220b4604b3e676946760858f b9e572cd022844ef802bb08079d29030 - - - -] 199.19.213.59 "POST /v2.0/ports HTTP/1.1" status: 201 len: 1508 time: 0.4791405 /var/lib/openstack/lib/python3.10/site-packages/pycadf/identifier.py:71: UserWarning: Invalid uuid: neutron. To ensure interoperability, identifiers should be a valid uuid. warnings.warn(('Invalid uuid: %s. To ensure interoperability, '
2026-05-12 07:09:20.144 9 INFO neutron.db.ovn_revision_numbers_db [None req-d6560b1e-4e6f-4254-a458-a89a14293303 359013e03f6a44c8a66d1a1af43a6529 0df174a901bc4dc0bb74341c0eb17dec - - - -] Successfully bumped revision number for resource 17153637-58b9-433d-a4dc-b5100dddaf4d (type: ports) to 2
2026-05-12 07:09:20.315 9 INFO neutron.db.ovn_revision_numbers_db [None req-d6560b1e-4e6f-4254-a458-a89a14293303 359013e03f6a44c8a66d1a1af43a6529 0df174a901bc4dc0bb74341c0eb17dec - - - -] Successfully bumped revision number for resource 17153637-58b9-433d-a4dc-b5100dddaf4d (type: ports) to 2
2026-05-12 07:09:20.330 9 INFO neutron.wsgi [None req-d6560b1e-4e6f-4254-a458-a89a14293303 359013e03f6a44c8a66d1a1af43a6529 0df174a901bc4dc0bb74341c0eb17dec - - - -] 199.19.213.59 "PUT /v2.0/ports/17153637-58b9-433d-a4dc-b5100dddaf4d HTTP/1.1" status: 200 len: 1557 time: 0.5816219
2026-05-12 07:09:20.370 9 INFO neutron.notifiers.nova [-] Nova event matching ['req-47667dc0-89c9-4261-83fd-59a0150d010a'] response: {'name': 'network-changed', 'server_uuid': '1b1fa87f-eb8b-48f0-b20f-06107a3f5b9c', 'tag': '17153637-58b9-433d-a4dc-b5100dddaf4d', 'status': 'completed', 'code': 200} /var/lib/openstack/lib/python3.10/site-packages/pycadf/identifier.py:71: UserWarning: Invalid uuid: neutron. To ensure interoperability, identifiers should be a valid uuid. warnings.warn(('Invalid uuid: %s. To ensure interoperability, '
2026-05-12 07:09:20.403 9 INFO neutron.wsgi [req-6315960f-f2fd-482a-b433-2a8fa187f35a req-fa0b279f-4cdb-4066-9321-f0acf971b343 359013e03f6a44c8a66d1a1af43a6529 0df174a901bc4dc0bb74341c0eb17dec - - 794e60b7ab31494d9889834336fd9def 794e60b7ab31494d9889834336fd9def] 199.19.213.59 "GET /v2.0/ports?tenant_id=b9e572cd022844ef802bb08079d29030&device_id=1b1fa87f-eb8b-48f0-b20f-06107a3f5b9c HTTP/1.1" status: 200 len: 4005 time: 0.0281126
2026-05-12 07:09:20.430 9 INFO neutron.wsgi [req-6315960f-f2fd-482a-b433-2a8fa187f35a req-1b2c856e-a298-4f72-96fb-5c744cf79efb 359013e03f6a44c8a66d1a1af43a6529 0df174a901bc4dc0bb74341c0eb17dec - - 794e60b7ab31494d9889834336fd9def 794e60b7ab31494d9889834336fd9def] 199.19.213.59 "GET /v2.0/floatingips?fixed_ip_address=172.24.2.82&port_id=2e6998bf-0dae-40c8-af85-11cb9c84961a HTTP/1.1" status: 200 len: 217 time: 0.0215387
2026-05-12 07:09:20.463 9 INFO neutron.wsgi [req-6315960f-f2fd-482a-b433-2a8fa187f35a req-61992903-7439-4b27-8c79-3fae89fa83bf 359013e03f6a44c8a66d1a1af43a6529 0df174a901bc4dc0bb74341c0eb17dec - - 794e60b7ab31494d9889834336fd9def 794e60b7ab31494d9889834336fd9def] 199.19.213.59 "GET /v2.0/subnets?id=2b1d2c56-cb99-47f0-bc0b-3156a5e6b5ef HTTP/1.1" status: 200 len: 829 time: 0.0255904
2026-05-12 07:09:20.487 9 INFO neutron.wsgi [req-6315960f-f2fd-482a-b433-2a8fa187f35a req-0407e3de-0873-4334-9bf2-df666b0bf5e6 359013e03f6a44c8a66d1a1af43a6529 0df174a901bc4dc0bb74341c0eb17dec - - 794e60b7ab31494d9889834336fd9def 794e60b7ab31494d9889834336fd9def] 199.19.213.59 "GET /v2.0/ports?network_id=9a180d04-a3fa-4a48-9a89-338f812665c4&device_owner=network%3Adhcp HTTP/1.1" status: 200 len: 210 time: 0.0177102
2026-05-12 07:09:20.553 9 INFO neutron.wsgi [req-6315960f-f2fd-482a-b433-2a8fa187f35a req-7b7d2699-19b5-4d65-91f4-bd3a51f5f88c 359013e03f6a44c8a66d1a1af43a6529 0df174a901bc4dc0bb74341c0eb17dec - - 794e60b7ab31494d9889834336fd9def 794e60b7ab31494d9889834336fd9def] 199.19.213.59 "GET /v2.0/networks/9a180d04-a3fa-4a48-9a89-338f812665c4?fields=segments HTTP/1.1" status: 200 len: 212 time: 0.0602219
2026-05-12 07:09:20.609 9 INFO neutron.wsgi [req-6315960f-f2fd-482a-b433-2a8fa187f35a req-70dd246e-4c98-45a2-8306-f265365cc641 359013e03f6a44c8a66d1a1af43a6529 0df174a901bc4dc0bb74341c0eb17dec - - 794e60b7ab31494d9889834336fd9def 794e60b7ab31494d9889834336fd9def] 199.19.213.59 "GET /v2.0/networks/9a180d04-a3fa-4a48-9a89-338f812665c4?fields=provider%3Aphysical_network&fields=provider%3Anetwork_type HTTP/1.1" status: 200 len: 277 time: 0.0505373
2026-05-12 07:09:20.642 9 INFO neutron.wsgi [req-6315960f-f2fd-482a-b433-2a8fa187f35a req-4310686a-1b21-46a1-ac23-1adff8ccd221 359013e03f6a44c8a66d1a1af43a6529 0df174a901bc4dc0bb74341c0eb17dec - - 794e60b7ab31494d9889834336fd9def 794e60b7ab31494d9889834336fd9def] 199.19.213.59 "GET /v2.0/floatingips?fixed_ip_address=10.1.1.179&port_id=1249c485-d4e1-481f-a509-bd7e942ecd61 HTTP/1.1" status: 200 len: 217 time: 0.0274720
2026-05-12 07:09:20.677 9 INFO neutron.wsgi [req-6315960f-f2fd-482a-b433-2a8fa187f35a req-535f7cd1-49e7-4b2e-a576-265a8ea6a6dc 359013e03f6a44c8a66d1a1af43a6529 0df174a901bc4dc0bb74341c0eb17dec - - 794e60b7ab31494d9889834336fd9def 794e60b7ab31494d9889834336fd9def] 199.19.213.59 "GET /v2.0/subnets?id=670ac066-8a2e-4bcc-bd36-e91bee57b201 HTTP/1.1" status: 200 len: 854 time: 0.0301347
2026-05-12 07:09:20.703 9 INFO neutron.wsgi [req-6315960f-f2fd-482a-b433-2a8fa187f35a req-019cd667-c8aa-42f0-a262-4bed68cd2468 359013e03f6a44c8a66d1a1af43a6529 0df174a901bc4dc0bb74341c0eb17dec - - 794e60b7ab31494d9889834336fd9def 794e60b7ab31494d9889834336fd9def] 199.19.213.59 "GET /v2.0/ports?network_id=9e08311c-38ea-4813-af55-56820a1f925e&device_owner=network%3Adhcp HTTP/1.1" status: 200 len: 210 time: 0.0199432
2026-05-12 07:09:20.770 9 INFO neutron.wsgi [req-6315960f-f2fd-482a-b433-2a8fa187f35a req-fbd02c37-bb1a-47f9-90c8-6573c3285d4a 359013e03f6a44c8a66d1a1af43a6529 0df174a901bc4dc0bb74341c0eb17dec - - 794e60b7ab31494d9889834336fd9def 794e60b7ab31494d9889834336fd9def] 199.19.213.59 "GET /v2.0/networks/9e08311c-38ea-4813-af55-56820a1f925e?fields=segments HTTP/1.1" status: 200 len: 212 time: 0.0589008
2026-05-12 07:09:20.835 9 INFO neutron.wsgi [req-6315960f-f2fd-482a-b433-2a8fa187f35a req-d7f24148-02a1-48d8-91f4-6b55adfb3254 359013e03f6a44c8a66d1a1af43a6529 0df174a901bc4dc0bb74341c0eb17dec - - 794e60b7ab31494d9889834336fd9def 794e60b7ab31494d9889834336fd9def] 199.19.213.59 "GET /v2.0/networks/9e08311c-38ea-4813-af55-56820a1f925e?fields=provider%3Aphysical_network&fields=provider%3Anetwork_type HTTP/1.1" status: 200 len: 277 time: 0.0587683
2026-05-12 07:09:20.871 9 INFO neutron.wsgi [req-6315960f-f2fd-482a-b433-2a8fa187f35a req-39e099c3-8110-4a44-b158-f35133339529 359013e03f6a44c8a66d1a1af43a6529 0df174a901bc4dc0bb74341c0eb17dec - - 794e60b7ab31494d9889834336fd9def 794e60b7ab31494d9889834336fd9def] 199.19.213.59 "GET /v2.0/floatingips?fixed_ip_address=10.2.1.152&port_id=17153637-58b9-433d-a4dc-b5100dddaf4d HTTP/1.1" status: 200 len: 217 time: 0.0267982
2026-05-12 07:09:20.902 9 INFO neutron.wsgi [req-6315960f-f2fd-482a-b433-2a8fa187f35a req-bd6305e7-acda-48dc-9291-d0dab6b17cca 359013e03f6a44c8a66d1a1af43a6529 0df174a901bc4dc0bb74341c0eb17dec - - 794e60b7ab31494d9889834336fd9def 794e60b7ab31494d9889834336fd9def] 199.19.213.59 "GET /v2.0/floatingips?fixed_ip_address=fd7b%3Af9f7%3Afff%3A4eca%3A%3A386&port_id=17153637-58b9-433d-a4dc-b5100dddaf4d HTTP/1.1" status: 200 len: 217 time: 0.0249379
2026-05-12 07:09:20.956 9 INFO neutron.wsgi [req-6315960f-f2fd-482a-b433-2a8fa187f35a req-debad841-cacb-48af-90d2-fa4d7553d102 359013e03f6a44c8a66d1a1af43a6529 0df174a901bc4dc0bb74341c0eb17dec - - 794e60b7ab31494d9889834336fd9def 794e60b7ab31494d9889834336fd9def] 199.19.213.59 "GET /v2.0/subnets?id=9e336237-0b1f-4d81-9e16-59af764d8a5a&id=ecfe8f29-2085-4e90-a941-546d35d13a06 HTTP/1.1" status: 200 len: 1562 time: 0.0474558
2026-05-12 07:09:20.984 9 INFO neutron.wsgi [req-6315960f-f2fd-482a-b433-2a8fa187f35a req-e5d1e2f0-b589-4feb-91c6-093816b66637 359013e03f6a44c8a66d1a1af43a6529 0df174a901bc4dc0bb74341c0eb17dec - - 794e60b7ab31494d9889834336fd9def 794e60b7ab31494d9889834336fd9def] 199.19.213.59 "GET /v2.0/ports?network_id=f1f28531-83b2-455a-afbf-d58904326107&device_owner=network%3Adhcp HTTP/1.1" status: 200 len: 210 time: 0.0234387
2026-05-12 07:09:21.015 9 INFO neutron.wsgi [req-6315960f-f2fd-482a-b433-2a8fa187f35a req-42aa0717-1e1a-4930-91ef-c835486ad700 359013e03f6a44c8a66d1a1af43a6529 0df174a901bc4dc0bb74341c0eb17dec - - 794e60b7ab31494d9889834336fd9def 794e60b7ab31494d9889834336fd9def] 199.19.213.59 "GET /v2.0/ports?network_id=f1f28531-83b2-455a-afbf-d58904326107&device_owner=network%3Adhcp HTTP/1.1" status: 200 len: 210 time: 0.0243146
2026-05-12 07:09:21.085 9 INFO neutron.wsgi [req-6315960f-f2fd-482a-b433-2a8fa187f35a req-5c43bf08-5cc3-4ace-a30c-094e41c90fe2 359013e03f6a44c8a66d1a1af43a6529 0df174a901bc4dc0bb74341c0eb17dec - - 794e60b7ab31494d9889834336fd9def 794e60b7ab31494d9889834336fd9def] 199.19.213.59 "GET /v2.0/networks/f1f28531-83b2-455a-afbf-d58904326107?fields=segments HTTP/1.1" status: 200 len: 212 time: 0.0630345
2026-05-12 07:09:21.153 9 INFO neutron.wsgi [req-6315960f-f2fd-482a-b433-2a8fa187f35a req-0535caa6-44c8-49e5-8df5-2121fdc296b7 359013e03f6a44c8a66d1a1af43a6529 0df174a901bc4dc0bb74341c0eb17dec - - 794e60b7ab31494d9889834336fd9def 794e60b7ab31494d9889834336fd9def] 199.19.213.59 "GET /v2.0/networks/f1f28531-83b2-455a-afbf-d58904326107?fields=provider%3Aphysical_network&fields=provider%3Anetwork_type HTTP/1.1" status: 200 len: 277 time: 0.0598745
2026-05-12 07:09:21.244 9 INFO neutron.wsgi [req-07c8f0b3-30b4-4186-aa60-6b4adc796ca7 req-b4a68918-56ff-4bf0-a252-a2d68963f031 359013e03f6a44c8a66d1a1af43a6529 0df174a901bc4dc0bb74341c0eb17dec - - 794e60b7ab31494d9889834336fd9def 794e60b7ab31494d9889834336fd9def] 199.19.213.59 "GET /v2.0/ports?tenant_id=b9e572cd022844ef802bb08079d29030&device_id=1b1fa87f-eb8b-48f0-b20f-06107a3f5b9c HTTP/1.1" status: 200 len: 4005 time: 0.0422597
2026-05-12 07:09:21.248 9 INFO neutron.plugins.ml2.drivers.ovn.mech_driver.mech_driver [None req-ee3f4d76-0ba3-4096-b2a3-140b9f36852c - - - - - -] OVN reports status up for port: 17153637-58b9-433d-a4dc-b5100dddaf4d
2026-05-12 07:09:21.266 9 INFO neutron.plugins.ml2.plugin [None req-ee3f4d76-0ba3-4096-b2a3-140b9f36852c - - - - - -] Attempt 1 to provision port 17153637-58b9-433d-a4dc-b5100dddaf4d
2026-05-12 07:09:21.326 9 INFO neutron.wsgi [req-07c8f0b3-30b4-4186-aa60-6b4adc796ca7 req-1eb066ac-cb65-4dec-be17-e764f9629859 359013e03f6a44c8a66d1a1af43a6529 0df174a901bc4dc0bb74341c0eb17dec - - 794e60b7ab31494d9889834336fd9def 794e60b7ab31494d9889834336fd9def] 199.19.213.59 "GET /v2.0/networks?id=f1f28531-83b2-455a-afbf-d58904326107 HTTP/1.1" status: 200 len: 1002 time: 0.0706191
2026-05-12 07:09:21.369 9 INFO neutron.wsgi [req-07c8f0b3-30b4-4186-aa60-6b4adc796ca7 req-c9d4eb05-a877-4970-84f0-9be1b9ee990e 359013e03f6a44c8a66d1a1af43a6529 0df174a901bc4dc0bb74341c0eb17dec - - 794e60b7ab31494d9889834336fd9def 794e60b7ab31494d9889834336fd9def] 199.19.213.59 "GET /v2.0/floatingips?fixed_ip_address=10.2.1.152&port_id=17153637-58b9-433d-a4dc-b5100dddaf4d HTTP/1.1" status: 200 len: 217 time: 0.0280316
2026-05-12 07:09:21.411 9 INFO neutron.wsgi [req-07c8f0b3-30b4-4186-aa60-6b4adc796ca7 req-918b38ee-5fcd-4754-a54a-69f11b9946c5 359013e03f6a44c8a66d1a1af43a6529 0df174a901bc4dc0bb74341c0eb17dec - - 794e60b7ab31494d9889834336fd9def 794e60b7ab31494d9889834336fd9def] 199.19.213.59 "GET /v2.0/floatingips?fixed_ip_address=fd7b%3Af9f7%3Afff%3A4eca%3A%3A386&port_id=17153637-58b9-433d-a4dc-b5100dddaf4d HTTP/1.1" status: 200 len: 217 time: 0.0312157
2026-05-12 07:09:21.457 10 INFO neutron.wsgi [req-6315960f-f2fd-482a-b433-2a8fa187f35a req-731e3bd8-3cf4-4f7e-b9c9-e524be93c386 eb6609e0220b4604b3e676946760858f b9e572cd022844ef802bb08079d29030 - - default default] 10.0.0.138 "GET /v2.0/ports/17153637-58b9-433d-a4dc-b5100dddaf4d HTTP/1.1" status: 200 len: 1587 time: 0.0311756
2026-05-12 07:09:21.464 9 INFO neutron.wsgi [req-07c8f0b3-30b4-4186-aa60-6b4adc796ca7 req-7d654460-851e-49e9-a696-cd61ac1045c9 359013e03f6a44c8a66d1a1af43a6529 0df174a901bc4dc0bb74341c0eb17dec - - 794e60b7ab31494d9889834336fd9def 794e60b7ab31494d9889834336fd9def] 199.19.213.59 "GET /v2.0/subnets?id=9e336237-0b1f-4d81-9e16-59af764d8a5a&id=ecfe8f29-2085-4e90-a941-546d35d13a06 HTTP/1.1" status: 200 len: 1562 time: 0.0478239
2026-05-12 07:09:21.496 10 INFO neutron.wsgi [None req-5b03ba93-9938-478c-a9b9-8d4087c3afe3 eb6609e0220b4604b3e676946760858f b9e572cd022844ef802bb08079d29030 - - default default] 199.19.213.59 "GET /v2.0/ports/17153637-58b9-433d-a4dc-b5100dddaf4d HTTP/1.1" status: 200 len: 1587 time: 0.0254230
2026-05-12 07:09:21.501 9 INFO neutron.wsgi [req-07c8f0b3-30b4-4186-aa60-6b4adc796ca7 req-b8eec80a-f288-438e-89e1-8a83396b3e2c 359013e03f6a44c8a66d1a1af43a6529 0df174a901bc4dc0bb74341c0eb17dec - - 794e60b7ab31494d9889834336fd9def 794e60b7ab31494d9889834336fd9def] 199.19.213.59 "GET /v2.0/ports?network_id=f1f28531-83b2-455a-afbf-d58904326107&device_owner=network%3Adhcp HTTP/1.1" status: 200 len: 210 time: 0.0301359
2026-05-12 07:09:21.530 10 INFO neutron.wsgi [None req-794f0335-9de2-4222-ad34-33d2c46036a7 eb6609e0220b4604b3e676946760858f b9e572cd022844ef802bb08079d29030 - - default default] 199.19.213.59 "GET /v2.0/ports/17153637-58b9-433d-a4dc-b5100dddaf4d HTTP/1.1" status: 200 len: 1587 time: 0.0271931
2026-05-12 07:09:21.535 9 INFO neutron.wsgi [req-07c8f0b3-30b4-4186-aa60-6b4adc796ca7 req-ca58952c-4bfc-4d05-a05b-06675395d836 359013e03f6a44c8a66d1a1af43a6529 0df174a901bc4dc0bb74341c0eb17dec - - 794e60b7ab31494d9889834336fd9def 794e60b7ab31494d9889834336fd9def] 199.19.213.59 "GET /v2.0/ports?network_id=f1f28531-83b2-455a-afbf-d58904326107&device_owner=network%3Adhcp HTTP/1.1" status: 200 len: 210 time: 0.0280530
2026-05-12 07:09:21.616 9 INFO neutron.wsgi [req-07c8f0b3-30b4-4186-aa60-6b4adc796ca7 req-a61a5940-71b1-49c3-be6a-e91130a4a1c1 359013e03f6a44c8a66d1a1af43a6529 0df174a901bc4dc0bb74341c0eb17dec - - 794e60b7ab31494d9889834336fd9def 794e60b7ab31494d9889834336fd9def] 199.19.213.59 "GET /v2.0/networks/f1f28531-83b2-455a-afbf-d58904326107?fields=segments HTTP/1.1" status: 200 len: 212 time: 0.0765026
2026-05-12 07:09:21.650 9 INFO neutron.db.ovn_revision_numbers_db [None req-ee3f4d76-0ba3-4096-b2a3-140b9f36852c - - - - - -] Successfully bumped revision number for resource 17153637-58b9-433d-a4dc-b5100dddaf4d (type: ports) to 4
2026-05-12 07:09:21.718 9 INFO neutron.wsgi [req-07c8f0b3-30b4-4186-aa60-6b4adc796ca7 req-159719bd-1b48-40ed-81f6-44e2a37d760f 359013e03f6a44c8a66d1a1af43a6529 0df174a901bc4dc0bb74341c0eb17dec - - 794e60b7ab31494d9889834336fd9def 794e60b7ab31494d9889834336fd9def] 199.19.213.59 "GET /v2.0/networks/f1f28531-83b2-455a-afbf-d58904326107?fields=provider%3Aphysical_network&fields=provider%3Anetwork_type HTTP/1.1" status: 200 len: 277 time: 0.0931253
2026-05-12 07:09:21.956 10 INFO neutron.db.ovn_revision_numbers_db [None req-6a4a46bb-62df-4600-b117-951501bde855 eb6609e0220b4604b3e676946760858f b9e572cd022844ef802bb08079d29030 - - - -] Successfully bumped revision number for resource 17153637-58b9-433d-a4dc-b5100dddaf4d (type: ports) to 5
2026-05-12 07:09:21.969 10 INFO neutron.wsgi [None req-6a4a46bb-62df-4600-b117-951501bde855 eb6609e0220b4604b3e676946760858f b9e572cd022844ef802bb08079d29030 - - - -] 199.19.213.59 "PUT /v2.0/ports/17153637-58b9-433d-a4dc-b5100dddaf4d HTTP/1.1" status: 200 len: 1330 time: 0.4320731 /var/lib/openstack/lib/python3.10/site-packages/pycadf/identifier.py:71: UserWarning: Invalid uuid: neutron. To ensure interoperability, identifiers should be a valid uuid. warnings.warn(('Invalid uuid: %s. To ensure interoperability, '
2026-05-12 07:09:22.008 10 INFO neutron.notifiers.nova [-] Nova event matching ['req-fb417aa1-832d-470d-9ab8-af83e777efcc'] response: {'name': 'network-changed', 'server_uuid': '1b1fa87f-eb8b-48f0-b20f-06107a3f5b9c', 'tag': '17153637-58b9-433d-a4dc-b5100dddaf4d', 'status': 'completed', 'code': 200} /var/lib/openstack/lib/python3.10/site-packages/pycadf/identifier.py:71: UserWarning: Invalid uuid: neutron. To ensure interoperability, identifiers should be a valid uuid. warnings.warn(('Invalid uuid: %s. To ensure interoperability, '
2026-05-12 07:09:22.055 10 INFO neutron.wsgi [None req-7461a544-51bd-4020-86fe-c238c65d88a9 eb6609e0220b4604b3e676946760858f b9e572cd022844ef802bb08079d29030 - - default default] 199.19.213.59 "GET /v2.0/networks/f1f28531-83b2-455a-afbf-d58904326107 HTTP/1.1" status: 200 len: 999 time: 0.0784383
2026-05-12 07:09:22.075 9 INFO neutron.wsgi [req-b661e0cb-5a50-4fe6-896f-41afa228fd7c req-695bb67b-2c50-4db1-8662-ae5a8334c95d 359013e03f6a44c8a66d1a1af43a6529 0df174a901bc4dc0bb74341c0eb17dec - - 794e60b7ab31494d9889834336fd9def 794e60b7ab31494d9889834336fd9def] 199.19.213.59 "GET /v2.0/ports?tenant_id=b9e572cd022844ef802bb08079d29030&device_id=1b1fa87f-eb8b-48f0-b20f-06107a3f5b9c HTTP/1.1" status: 200 len: 3778 time: 0.0467169
2026-05-12 07:09:22.095 10 INFO neutron.wsgi [None req-a47971fe-0c0a-4483-9669-5dc7d3d14e0b eb6609e0220b4604b3e676946760858f b9e572cd022844ef802bb08079d29030 - - default default] 199.19.213.59 "GET /v2.0/subnets/ecfe8f29-2085-4e90-a941-546d35d13a06 HTTP/1.1" status: 200 len: 848 time: 0.0337338
2026-05-12 07:09:22.150 9 INFO neutron.wsgi [req-b661e0cb-5a50-4fe6-896f-41afa228fd7c req-509167fb-e789-4c87-a914-df65f1e7a721 359013e03f6a44c8a66d1a1af43a6529 0df174a901bc4dc0bb74341c0eb17dec - - 794e60b7ab31494d9889834336fd9def 794e60b7ab31494d9889834336fd9def] 199.19.213.59 "GET /v2.0/networks?id=f1f28531-83b2-455a-afbf-d58904326107 HTTP/1.1" status: 200 len: 1002 time: 0.0690486
2026-05-12 07:09:22.186 9 INFO neutron.wsgi [req-b661e0cb-5a50-4fe6-896f-41afa228fd7c req-d6fc6e23-00ef-4ed0-a12f-acd38a1cad3a 359013e03f6a44c8a66d1a1af43a6529 0df174a901bc4dc0bb74341c0eb17dec - - 794e60b7ab31494d9889834336fd9def 794e60b7ab31494d9889834336fd9def] 199.19.213.59 "GET /v2.0/floatingips?fixed_ip_address=10.2.1.152&port_id=17153637-58b9-433d-a4dc-b5100dddaf4d HTTP/1.1" status: 200 len: 217 time: 0.0314698
2026-05-12 07:09:22.191 10 INFO neutron.wsgi [None req-91379ea5-8e5e-418d-9567-b2188461578a eb6609e0220b4604b3e676946760858f b9e572cd022844ef802bb08079d29030 - - default default] 199.19.213.59 "GET /v2.0/extensions/security-group HTTP/1.1" status: 200 len: 369 time: 0.0086365
2026-05-12 07:09:22.201 10 INFO neutron.wsgi [None req-760b2c71-1802-4ae3-b677-d80aa1cbf40c eb6609e0220b4604b3e676946760858f b9e572cd022844ef802bb08079d29030 - - default default] 199.19.213.59 "GET /v2.0/extensions/dns-integration HTTP/1.1" status: 200 len: 371 time: 0.0035715
2026-05-12 07:09:22.209 10 INFO neutron.wsgi [None req-542c0acc-3d23-400b-9646-9a38b1f3f7bd eb6609e0220b4604b3e676946760858f b9e572cd022844ef802bb08079d29030 - - default default] 199.19.213.59 "GET /v2.0/extensions/qos HTTP/1.1" status: 200 len: 365 time: 0.0042689
2026-05-12 07:09:22.218 10 INFO neutron.wsgi [None req-d44a79c7-1300-490b-a5d3-df518ae57d7a eb6609e0220b4604b3e676946760858f b9e572cd022844ef802bb08079d29030 - - default default] 199.19.213.59 "GET /v2.0/extensions/allowed-address-pairs HTTP/1.1" status: 200 len: 383 time: 0.0051799
2026-05-12 07:09:22.225 9 INFO neutron.wsgi [req-b661e0cb-5a50-4fe6-896f-41afa228fd7c req-1317b37c-1eac-4f9d-a22f-2b5cabb742f8 359013e03f6a44c8a66d1a1af43a6529 0df174a901bc4dc0bb74341c0eb17dec - - 794e60b7ab31494d9889834336fd9def 794e60b7ab31494d9889834336fd9def] 199.19.213.59 "GET /v2.0/subnets?id=ecfe8f29-2085-4e90-a941-546d35d13a06 HTTP/1.1" status: 200 len: 851 time: 0.0315993
2026-05-12 07:09:22.258 9 INFO neutron.wsgi [req-b661e0cb-5a50-4fe6-896f-41afa228fd7c req-36a59bf1-7670-439b-bec8-0a5b4e30954b 359013e03f6a44c8a66d1a1af43a6529 0df174a901bc4dc0bb74341c0eb17dec - - 794e60b7ab31494d9889834336fd9def 794e60b7ab31494d9889834336fd9def] 199.19.213.59 "GET /v2.0/ports?network_id=f1f28531-83b2-455a-afbf-d58904326107&device_owner=network%3Adhcp HTTP/1.1" status: 200 len: 210 time: 0.0259790
2026-05-12 07:09:22.271 10 INFO neutron.wsgi [None req-f56f115d-7479-43d6-9538-a3c1f66baa3c eb6609e0220b4604b3e676946760858f b9e572cd022844ef802bb08079d29030 - - default default] 199.19.213.59 "GET /v2.0/subnets/670ac066-8a2e-4bcc-bd36-e91bee57b201 HTTP/1.1" status: 200 len: 851 time: 0.0463822
2026-05-12 07:09:22.312 10 INFO neutron.wsgi [None req-e706e408-88d8-4d3f-a241-498b24828b47 eb6609e0220b4604b3e676946760858f b9e572cd022844ef802bb08079d29030 - - default default] 199.19.213.59 "GET /v2.0/ports/48df5e3f-4123-468d-9a1e-49d81899b6c6 HTTP/1.1" status: 200 len: 1340 time: 0.0339766
2026-05-12 07:09:22.336 9 INFO neutron.wsgi [req-b661e0cb-5a50-4fe6-896f-41afa228fd7c req-f24ac8c8-1cf1-47c8-9952-7ebd881b2a26 359013e03f6a44c8a66d1a1af43a6529 0df174a901bc4dc0bb74341c0eb17dec - - 794e60b7ab31494d9889834336fd9def 794e60b7ab31494d9889834336fd9def] 199.19.213.59 "GET /v2.0/networks/f1f28531-83b2-455a-afbf-d58904326107?fields=segments HTTP/1.1" status: 200 len: 212 time: 0.0704582
2026-05-12 07:09:22.346 10 INFO neutron.wsgi [None req-c5860a4e-d373-4cc7-9538-4ead1d15b52e eb6609e0220b4604b3e676946760858f b9e572cd022844ef802bb08079d29030 - - default default] 199.19.213.59 "GET /v2.0/ports/1249c485-d4e1-481f-a509-bd7e942ecd61 HTTP/1.1" status: 200 len: 1471 time: 0.0288541
2026-05-12 07:09:22.384 10 INFO neutron.wsgi [None req-672ae1ad-cc1e-4b3e-be92-c62ddb279377 eb6609e0220b4604b3e676946760858f b9e572cd022844ef802bb08079d29030 - - default default] 199.19.213.59 "GET /v2.0/subnets/670ac066-8a2e-4bcc-bd36-e91bee57b201 HTTP/1.1" status: 200 len: 851 time: 0.0326240
2026-05-12 07:09:22.415 9 INFO neutron.wsgi [req-b661e0cb-5a50-4fe6-896f-41afa228fd7c req-ea672942-7a88-4302-893e-d1e41b05ed13 359013e03f6a44c8a66d1a1af43a6529 0df174a901bc4dc0bb74341c0eb17dec - - 794e60b7ab31494d9889834336fd9def 794e60b7ab31494d9889834336fd9def] 199.19.213.59 "GET /v2.0/networks/f1f28531-83b2-455a-afbf-d58904326107?fields=provider%3Aphysical_network&fields=provider%3Anetwork_type HTTP/1.1" status: 200 len: 277 time: 0.0741847
2026-05-12 07:09:22.428 9 INFO neutron.notifiers.nova [-] Nova event matching ['req-f8923849-d6de-4825-9004-7fd37c41287b'] response: {'server_uuid': '1b1fa87f-eb8b-48f0-b20f-06107a3f5b9c', 'name': 'network-vif-plugged', 'status': 'completed', 'tag': '17153637-58b9-433d-a4dc-b5100dddaf4d', 'code': 200}
2026-05-12 07:09:22.428 9 INFO neutron.notifiers.nova [-] Nova event matching ['req-f8923849-d6de-4825-9004-7fd37c41287b'] response: {'server_uuid': '1b1fa87f-eb8b-48f0-b20f-06107a3f5b9c', 'name': 'network-vif-plugged', 'status': 'completed', 'tag': '17153637-58b9-433d-a4dc-b5100dddaf4d', 'code': 200}
2026-05-12 07:09:22.480 10 INFO neutron.wsgi [None req-d3e15d41-d46d-4e38-8668-d484c8ac92f8 eb6609e0220b4604b3e676946760858f b9e572cd022844ef802bb08079d29030 - - default default] 199.19.213.59 "GET /v2.0/networks/9e08311c-38ea-4813-af55-56820a1f925e HTTP/1.1" status: 200 len: 1001 time: 0.0877676
2026-05-12 07:09:22.524 10 INFO neutron.wsgi [None req-1ae64f1e-2c66-4e4d-849a-8462f4f4b8b5 eb6609e0220b4604b3e676946760858f b9e572cd022844ef802bb08079d29030 - - default default] 199.19.213.59 "GET /v2.0/ports/48df5e3f-4123-468d-9a1e-49d81899b6c6 HTTP/1.1" status: 200 len: 1340 time: 0.0375292
2026-05-12 07:09:22.577 10 INFO neutron.wsgi [None req-97e51fd6-b05d-4f3b-88a6-c6805f260c18 eb6609e0220b4604b3e676946760858f b9e572cd022844ef802bb08079d29030 - - default default] 199.19.213.59 "GET /v2.0/subnets/670ac066-8a2e-4bcc-bd36-e91bee57b201 HTTP/1.1" status: 200 len: 851 time: 0.0467789
2026-05-12 07:09:26.413 9 INFO neutron.wsgi [req-b08a3b3e-6876-4618-98e1-32eca04cc8cb req-aa00cfa9-5034-415f-885a-1e34a78a7080 359013e03f6a44c8a66d1a1af43a6529 0df174a901bc4dc0bb74341c0eb17dec - - 794e60b7ab31494d9889834336fd9def 794e60b7ab31494d9889834336fd9def] 199.19.213.59 "GET /v2.0/ports?device_id=fb090135-c0a3-4af9-997f-2532d7cfd1c0&fields=binding%3Ahost_id&fields=binding%3Avif_type HTTP/1.1" status: 200 len: 265 time: 0.0355842
2026-05-12 07:09:26.466 9 INFO neutron.wsgi [req-b08a3b3e-6876-4618-98e1-32eca04cc8cb req-5a35af6d-93ac-49f8-b7cf-7f173727d6aa 359013e03f6a44c8a66d1a1af43a6529 0df174a901bc4dc0bb74341c0eb17dec - - 794e60b7ab31494d9889834336fd9def 794e60b7ab31494d9889834336fd9def] 199.19.213.59 "GET /v2.0/ports?tenant_id=9109c30892ca4f689ef8f1a6123843a6&device_id=fb090135-c0a3-4af9-997f-2532d7cfd1c0 HTTP/1.1" status: 200 len: 1586 time: 0.0327744
2026-05-12 07:09:26.551 9 INFO neutron.wsgi [req-b08a3b3e-6876-4618-98e1-32eca04cc8cb req-f69267ab-49fd-47d0-929b-602c2b961822 359013e03f6a44c8a66d1a1af43a6529 0df174a901bc4dc0bb74341c0eb17dec - - 794e60b7ab31494d9889834336fd9def 794e60b7ab31494d9889834336fd9def] 199.19.213.59 "GET /v2.0/networks?id=0582a5eb-248f-46a2-a189-62dd65fd3d25 HTTP/1.1" status: 200 len: 1003 time: 0.0594115
2026-05-12 07:09:26.599 9 INFO neutron.wsgi [req-b08a3b3e-6876-4618-98e1-32eca04cc8cb req-d2ab0ef4-3737-4ebb-b44d-93c87d56cefe 359013e03f6a44c8a66d1a1af43a6529 0df174a901bc4dc0bb74341c0eb17dec - - 794e60b7ab31494d9889834336fd9def 794e60b7ab31494d9889834336fd9def] 199.19.213.59 "GET /v2.0/floatingips?fixed_ip_address=10.2.2.27&port_id=6a549c4d-b105-49fe-92fc-2faf2da4353b HTTP/1.1" status: 200 len: 1058 time: 0.0391355
2026-05-12 07:09:26.633 9 INFO neutron.wsgi [req-b08a3b3e-6876-4618-98e1-32eca04cc8cb req-90ee23ab-5760-4114-9727-a53b1ffdc719 359013e03f6a44c8a66d1a1af43a6529 0df174a901bc4dc0bb74341c0eb17dec - - 794e60b7ab31494d9889834336fd9def 794e60b7ab31494d9889834336fd9def] 199.19.213.59 "GET /v2.0/floatingips?fixed_ip_address=fd77%3A1457%3A4cf0%3A26a8%3A%3A4a&port_id=6a549c4d-b105-49fe-92fc-2faf2da4353b HTTP/1.1" status: 200 len: 217 time: 0.0262136
2026-05-12 07:09:26.673 9 INFO neutron.wsgi [req-b08a3b3e-6876-4618-98e1-32eca04cc8cb req-1fe0a421-18df-4f6d-8ff1-125f2c139213 359013e03f6a44c8a66d1a1af43a6529 0df174a901bc4dc0bb74341c0eb17dec - - 794e60b7ab31494d9889834336fd9def 794e60b7ab31494d9889834336fd9def] 199.19.213.59 "GET /v2.0/subnets?id=812a3002-959e-40a2-bc03-473dd825f4fd&id=ac545b5d-5115-419f-bee2-1c5c4a4675c9 HTTP/1.1" status: 200 len: 1567 time: 0.0337980
2026-05-12 07:09:26.702 9 INFO neutron.wsgi [req-b08a3b3e-6876-4618-98e1-32eca04cc8cb req-1d41e886-abec-47fd-a918-4c3631b93c54 359013e03f6a44c8a66d1a1af43a6529 0df174a901bc4dc0bb74341c0eb17dec - - 794e60b7ab31494d9889834336fd9def 794e60b7ab31494d9889834336fd9def] 199.19.213.59 "GET /v2.0/ports?network_id=0582a5eb-248f-46a2-a189-62dd65fd3d25&device_owner=network%3Adhcp HTTP/1.1" status: 200 len: 210 time: 0.0218792
2026-05-12 07:09:26.728 9 INFO neutron.wsgi [req-b08a3b3e-6876-4618-98e1-32eca04cc8cb req-fa7a86eb-01b0-44b0-be00-2eeceaeae885 359013e03f6a44c8a66d1a1af43a6529 0df174a901bc4dc0bb74341c0eb17dec - - 794e60b7ab31494d9889834336fd9def 794e60b7ab31494d9889834336fd9def] 199.19.213.59 "GET /v2.0/ports?network_id=0582a5eb-248f-46a2-a189-62dd65fd3d25&device_owner=network%3Adhcp HTTP/1.1" status: 200 len: 210 time: 0.0197096
2026-05-12 07:09:26.791 9 INFO neutron.wsgi [req-b08a3b3e-6876-4618-98e1-32eca04cc8cb req-6b2cfdde-c5d4-4dc0-ae0d-bffe8c14bd34 359013e03f6a44c8a66d1a1af43a6529 0df174a901bc4dc0bb74341c0eb17dec - - 794e60b7ab31494d9889834336fd9def 794e60b7ab31494d9889834336fd9def] 199.19.213.59 "GET /v2.0/networks/0582a5eb-248f-46a2-a189-62dd65fd3d25?fields=segments HTTP/1.1" status: 200 len: 212 time: 0.0576284
2026-05-12 07:09:26.855 9 INFO neutron.wsgi [req-b08a3b3e-6876-4618-98e1-32eca04cc8cb req-d4c57a5c-bff1-4980-bd28-c734a1973fc4 359013e03f6a44c8a66d1a1af43a6529 0df174a901bc4dc0bb74341c0eb17dec - - 794e60b7ab31494d9889834336fd9def 794e60b7ab31494d9889834336fd9def] 199.19.213.59 "GET /v2.0/networks/0582a5eb-248f-46a2-a189-62dd65fd3d25?fields=provider%3Aphysical_network&fields=provider%3Anetwork_type HTTP/1.1" status: 200 len: 277 time: 0.0571971
2026-05-12 07:09:27.649 10 INFO neutron.wsgi [None req-d3272015-8efb-41fe-8d03-c4cb2ffeedcc eb6609e0220b4604b3e676946760858f b9e572cd022844ef802bb08079d29030 - - default default] 10.0.0.187 "GET /v2.0/networks HTTP/1.1" status: 200 len: 4719 time: 0.1256883
2026-05-12 07:09:27.692 10 INFO neutron.wsgi [None req-57ba01f0-537d-4695-8dd0-86b895828989 eb6609e0220b4604b3e676946760858f b9e572cd022844ef802bb08079d29030 - - default default] 10.0.0.187 "GET /v2.0/subnets HTTP/1.1" status: 200 len: 5497 time: 0.0394244
2026-05-12 07:09:27.757 10 INFO neutron.wsgi [None req-73916adf-6350-4ce6-9561-d333d388fc7e eb6609e0220b4604b3e676946760858f b9e572cd022844ef802bb08079d29030 - - default default] 10.0.0.187 "GET /v2.0/routers HTTP/1.1" status: 200 len: 849 time: 0.0626650
2026-05-12 07:09:27.769 10 INFO neutron.wsgi [None req-43895255-efe9-48b2-bf61-05e16bf169bb eb6609e0220b4604b3e676946760858f b9e572cd022844ef802bb08079d29030 - - default default] 10.0.0.187 "GET /v2.0/agents?binary=ovn-controller HTTP/1.1" status: 200 len: 591 time: 0.0115674
2026-05-12 07:09:27.781 10 INFO neutron.wsgi [None req-aa337056-5fce-4817-87cd-94a162ba89e8 eb6609e0220b4604b3e676946760858f b9e572cd022844ef802bb08079d29030 - - default default] 10.0.0.187 "GET /v2.0/network-ip-availabilities HTTP/1.1" status: 200 len: 3364 time: 0.0100920
2026-05-12 07:09:27.816 10 INFO neutron.wsgi [None req-773ea010-8013-4a8b-b49a-486c79400e5c eb6609e0220b4604b3e676946760858f b9e572cd022844ef802bb08079d29030 - - default default] 10.0.0.187 "GET /v2.0/subnets HTTP/1.1" status: 200 len: 5497 time: 0.0334036
2026-05-12 07:09:27.833 10 INFO neutron.wsgi [None req-a3e422cd-4038-4496-aff5-7fae8061d4d5 eb6609e0220b4604b3e676946760858f b9e572cd022844ef802bb08079d29030 - - default default] 10.0.0.187 "GET /v2.0/subnetpools HTTP/1.1" status: 200 len: 193 time: 0.0154343
2026-05-12 07:09:27.916 10 INFO neutron.wsgi [None req-4861c3f3-f4f2-4b35-99d9-dfc5861ddae3 eb6609e0220b4604b3e676946760858f b9e572cd022844ef802bb08079d29030 - - default default] 10.0.0.187 "GET /v2.0/security-groups HTTP/1.1" status: 200 len: 30251 time: 0.0818393
2026-05-12 07:09:27.968 10 INFO neutron.wsgi [None req-f98ac633-ec23-45d0-9e5d-6a53e564afe1 eb6609e0220b4604b3e676946760858f b9e572cd022844ef802bb08079d29030 - - default default] 10.0.0.187 "GET /v2.0/floatingips HTTP/1.1" status: 200 len: 2765 time: 0.0436807
2026-05-12 07:09:27.980 10 INFO neutron.wsgi [None req-6c5626e7-a690-40fe-b010-3eb717e22913 eb6609e0220b4604b3e676946760858f b9e572cd022844ef802bb08079d29030 - - default default] 10.0.0.187 "GET /v2.0/agents HTTP/1.1" status: 200 len: 997 time: 0.0106103
2026-05-12 07:09:28.018 10 INFO neutron.wsgi [None req-db419497-5c28-4bca-b5ec-73e3690a86d5 eb6609e0220b4604b3e676946760858f b9e572cd022844ef802bb08079d29030 - - default default] 10.0.0.187 "GET /v2.0/ports HTTP/1.1" status: 200 len: 23028 time: 0.0371559
2026-05-12 07:09:28.972 9 INFO neutron.wsgi [None req-bc45eaca-7425-4ced-b1e1-2e748a44e098 eb6609e0220b4604b3e676946760858f b9e572cd022844ef802bb08079d29030 - - default default] 10.0.0.42 "GET /v2.0/extensions/security-group HTTP/1.1" status: 200 len: 369 time: 0.0519590
2026-05-12 07:09:28.986 9 INFO neutron.wsgi [None req-45e594ff-cdc7-4936-900a-30d79c9b5e6c eb6609e0220b4604b3e676946760858f b9e572cd022844ef802bb08079d29030 - - default default] 10.0.0.42 "GET /v2.0/extensions/dns-integration HTTP/1.1" status: 200 len: 371 time: 0.0047235
2026-05-12 07:09:28.996 9 INFO neutron.wsgi [None req-ca5dd8f3-c1f3-4d96-94c0-5bff02438e20 eb6609e0220b4604b3e676946760858f b9e572cd022844ef802bb08079d29030 - - default default] 10.0.0.42 "GET /v2.0/extensions/qos HTTP/1.1" status: 200 len: 365 time: 0.0045991
2026-05-12 07:09:29.008 9 INFO neutron.wsgi [None req-4f083136-785c-4cd3-9d65-47fa06853ced eb6609e0220b4604b3e676946760858f b9e572cd022844ef802bb08079d29030 - - default default] 10.0.0.42 "GET /v2.0/extensions/allowed-address-pairs HTTP/1.1" status: 200 len: 383 time: 0.0056713
2026-05-12 07:09:29.485 10 INFO neutron.wsgi [-] 10.0.0.42 "GET / HTTP/1.1" status: 200 len: 284 time: 0.0019145
2026-05-12 07:09:29.528 10 INFO neutron.wsgi [None req-77f02a69-832d-48cd-8184-adcf5812073d ff72c2084a6d42528edbc25b357b9d35 9109c30892ca4f689ef8f1a6123843a6 - - default default] 10.0.0.42 "GET /v2.0/subnets/812a3002-959e-40a2-bc03-473dd825f4fd HTTP/1.1" status: 200 len: 831 time: 0.0368469
2026-05-12 07:09:29.929 10 INFO neutron.wsgi [None req-e4631845-605f-4521-9d3b-1cedf2e36694 eb6609e0220b4604b3e676946760858f b9e572cd022844ef802bb08079d29030 - - default default] 199.19.213.59 "GET /v2.0/extensions/security-group HTTP/1.1" status: 200 len: 369 time: 0.0050349
2026-05-12 07:09:29.935 10 INFO neutron.wsgi [None req-61b2d71d-2a77-4204-8ec5-5848ef463ced eb6609e0220b4604b3e676946760858f b9e572cd022844ef802bb08079d29030 - - default default] 199.19.213.59 "GET /v2.0/extensions/dns-integration HTTP/1.1" status: 200 len: 371 time: 0.0030870
2026-05-12 07:09:29.944 10 INFO neutron.wsgi [None req-b9117b33-c785-4683-aef0-519b5751c2b5 eb6609e0220b4604b3e676946760858f b9e572cd022844ef802bb08079d29030 - - default default] 199.19.213.59 "GET /v2.0/extensions/qos HTTP/1.1" status: 200 len: 365 time: 0.0029857
2026-05-12 07:09:29.952 10 INFO neutron.wsgi [None req-4238c4d1-208a-4d89-a390-2c4478faed02 eb6609e0220b4604b3e676946760858f b9e572cd022844ef802bb08079d29030 - - default default] 199.19.213.59 "GET /v2.0/extensions/allowed-address-pairs HTTP/1.1" status: 200 len: 383 time: 0.0034080
