2026-09-09 07:36:25.469 9 INFO neutron.wsgi [None req-23366b5f-1898-43c5-be6b-7893f05acab6 153144be5d9d4ad3bbb85fbebb0c6f1e 65167c832edb425e9bc00a82e5e5347a - - default default] 162.253.55.147 "GET /v2.0/networks/12a0ad0c-c371-4058-a3af-d612c72efa86 HTTP/1.1" status: 200 len: 1000 time: 0.0749409
2026-09-09 07:36:25.474 9 INFO neutron.wsgi [req-d375406c-a2ec-40e7-9381-3b6b13a46c4b req-46e324f0-ca06-4675-8be4-365404f9c074 38897e503a394cb0a323a9a069e740d6 5dea69e8d480437cb1958e422e7cdca8 - - 03e57b709f10441aa7a7705d4a886f60 03e57b709f10441aa7a7705d4a886f60] 162.253.55.147 "GET /v2.0/ports?tenant_id=65167c832edb425e9bc00a82e5e5347a&device_id=77c323bf-6b83-4a1c-85a9-b919e883ce72 HTTP/1.1" status: 200 len: 3599 time: 0.0316255
2026-09-09 07:36:25.511 9 INFO neutron.wsgi [None req-08003e1a-9980-4eae-a243-52541b02e2a0 153144be5d9d4ad3bbb85fbebb0c6f1e 65167c832edb425e9bc00a82e5e5347a - - default default] 162.253.55.147 "GET /v2.0/ports?device_id=77c323bf-6b83-4a1c-85a9-b919e883ce72 HTTP/1.1" status: 200 len: 3599 time: 0.0357721
2026-09-09 07:36:25.537 9 INFO neutron.wsgi [req-d375406c-a2ec-40e7-9381-3b6b13a46c4b req-3f3dc65c-23fa-4cc5-98ec-59a26e746cc9 38897e503a394cb0a323a9a069e740d6 5dea69e8d480437cb1958e422e7cdca8 - - 03e57b709f10441aa7a7705d4a886f60 03e57b709f10441aa7a7705d4a886f60] 162.253.55.147 "GET /v2.0/networks?id=12a0ad0c-c371-4058-a3af-d612c72efa86 HTTP/1.1" status: 200 len: 1003 time: 0.0561810
2026-09-09 07:36:25.878 9 INFO neutron.wsgi [req-d375406c-a2ec-40e7-9381-3b6b13a46c4b req-7668c145-4baa-45c2-9682-a6072984f6dd 38897e503a394cb0a323a9a069e740d6 5dea69e8d480437cb1958e422e7cdca8 - - 03e57b709f10441aa7a7705d4a886f60 03e57b709f10441aa7a7705d4a886f60] 162.253.55.147 "GET /v2.0/networks/12a0ad0c-c371-4058-a3af-d612c72efa86?fields=segments HTTP/1.1" status: 200 len: 212 time: 0.3346539
2026-09-09 07:36:25.880 9 INFO neutron.wsgi [None req-13a006ed-9d37-4ad9-8177-1211113621f4 153144be5d9d4ad3bbb85fbebb0c6f1e 65167c832edb425e9bc00a82e5e5347a - - default default] 162.253.55.147 "GET /v2.0/ports?device_id=77c323bf-6b83-4a1c-85a9-b919e883ce72 HTTP/1.1" status: 200 len: 3599 time: 0.0308037
2026-09-09 07:36:25.934 9 INFO neutron.wsgi [req-d375406c-a2ec-40e7-9381-3b6b13a46c4b req-54131c54-d5ce-44d7-862a-442156a4e0c2 38897e503a394cb0a323a9a069e740d6 5dea69e8d480437cb1958e422e7cdca8 - - 03e57b709f10441aa7a7705d4a886f60 03e57b709f10441aa7a7705d4a886f60] 162.253.55.147 "GET /v2.0/networks/12a0ad0c-c371-4058-a3af-d612c72efa86?fields=provider%3Aphysical_network&fields=provider%3Anetwork_type HTTP/1.1" status: 200 len: 277 time: 0.0480611
2026-09-09 07:36:25.977 10 INFO neutron.plugins.ml2.drivers.ovn.mech_driver.mech_driver [None req-5c009000-e905-4825-baa0-d66904499926 - - - - - -] OVN reports status down for port: 3043b77c-a679-4a60-874f-5fb43524429e
2026-09-09 07:36:26.038 9 INFO neutron.wsgi [req-63bba329-ba63-47b8-b9de-7829ff930d56 req-f89cfd1d-b228-430c-9369-42ddecf1bb54 38897e503a394cb0a323a9a069e740d6 5dea69e8d480437cb1958e422e7cdca8 - - 03e57b709f10441aa7a7705d4a886f60 03e57b709f10441aa7a7705d4a886f60] 162.253.55.147 "GET /v2.0/ports/3043b77c-a679-4a60-874f-5fb43524429e HTTP/1.1" status: 200 len: 1182 time: 0.0305877
2026-09-09 07:36:26.125 10 INFO neutron.notifiers.nova [-] Nova event matching ['req-92b9a8e7-4acb-48c7-af29-59e61291977f'] response: {'server_uuid': '77c323bf-6b83-4a1c-85a9-b919e883ce72', 'name': 'network-vif-unplugged', 'status': 'completed', 'tag': '3043b77c-a679-4a60-874f-5fb43524429e', 'code': 200}
2026-09-09 07:36:26.271 9 INFO neutron.wsgi [None req-cede83b0-11fe-422e-a5b4-f54eff7039ea 153144be5d9d4ad3bbb85fbebb0c6f1e 65167c832edb425e9bc00a82e5e5347a - - - -] 162.253.55.147 "DELETE /v2.0/ports/3043b77c-a679-4a60-874f-5fb43524429e HTTP/1.1" status: 204 len: 173 time: 0.2285445
2026-09-09 07:36:26.383 9 INFO neutron.wsgi [req-63bba329-ba63-47b8-b9de-7829ff930d56 req-142e8076-b79f-48cc-9509-c6ac5bf9095f 38897e503a394cb0a323a9a069e740d6 5dea69e8d480437cb1958e422e7cdca8 - - 03e57b709f10441aa7a7705d4a886f60 03e57b709f10441aa7a7705d4a886f60] 162.253.55.147 "GET /v2.0/ports?tenant_id=65167c832edb425e9bc00a82e5e5347a&device_id=77c323bf-6b83-4a1c-85a9-b919e883ce72 HTTP/1.1" status: 200 len: 2624 time: 0.0465500
2026-09-09 07:36:26.451 9 INFO neutron.wsgi [req-63bba329-ba63-47b8-b9de-7829ff930d56 req-40449c78-8e3c-45eb-a368-c7846a5fc072 38897e503a394cb0a323a9a069e740d6 5dea69e8d480437cb1958e422e7cdca8 - - 03e57b709f10441aa7a7705d4a886f60 03e57b709f10441aa7a7705d4a886f60] 162.253.55.147 "GET /v2.0/networks?id=d1bbd35b-a6f9-47a6-b165-d8c1106165d6&id=85c6be47-31eb-4fe5-b3dc-80b03b8903af&id=12a0ad0c-c371-4058-a3af-d612c72efa86 HTTP/1.1" status: 200 len: 2518 time: 0.0595126
2026-09-09 07:36:26.478 9 INFO neutron.wsgi [req-63bba329-ba63-47b8-b9de-7829ff930d56 req-31e3df54-5e8a-4c57-8e57-b6ee883d5bc4 38897e503a394cb0a323a9a069e740d6 5dea69e8d480437cb1958e422e7cdca8 - - 03e57b709f10441aa7a7705d4a886f60 03e57b709f10441aa7a7705d4a886f60] 162.253.55.147 "GET /v2.0/floatingips?fixed_ip_address=172.24.0.81&port_id=f8094886-73cc-431c-a04b-102f51a96f11 HTTP/1.1" status: 200 len: 217 time: 0.0215251
2026-09-09 07:36:26.517 9 INFO neutron.wsgi [req-63bba329-ba63-47b8-b9de-7829ff930d56 req-96637608-43ee-4167-800b-3fcfb2af9b02 38897e503a394cb0a323a9a069e740d6 5dea69e8d480437cb1958e422e7cdca8 - - 03e57b709f10441aa7a7705d4a886f60 03e57b709f10441aa7a7705d4a886f60] 162.253.55.147 "GET /v2.0/subnets?id=2eb18a24-e95a-4bc2-86aa-1ef4aa19eec4 HTTP/1.1" status: 200 len: 829 time: 0.0309279
2026-09-09 07:36:26.516 10 ERROR neutron.plugins.ml2.managers [None req-5c009000-e905-4825-baa0-d66904499926 - - - - - -] Mechanism driver 'ovn' failed in update_port_postcommit: ovsdbapp.backend.ovs_idl.idlutils.RowNotFound: Cannot find Logical_Switch_Port with name=3043b77c-a679-4a60-874f-5fb43524429e
2026-09-09 07:36:26.516 10 ERROR neutron.plugins.ml2.managers
Traceback (most recent call last):
2026-09-09 07:36:26.516 10 ERROR neutron.plugins.ml2.managers
File "/var/lib/openstack/lib/python3.10/site-packages/neutron/plugins/ml2/managers.py", line 497, in _call_on_drivers
2026-09-09 07:36:26.516 10 ERROR neutron.plugins.ml2.managers getattr(driver.obj, method_name)(context)
2026-09-09 07:36:26.516 10 ERROR neutron.plugins.ml2.managers
File "/var/lib/openstack/lib/python3.10/site-packages/neutron/plugins/ml2/drivers/ovn/mech_driver/mech_driver.py", line 874, in update_port_postcommit
2026-09-09 07:36:26.516 10 ERROR neutron.plugins.ml2.managers self._ovn_update_port(context._plugin_context, port, original_port,
2026-09-09 07:36:26.516 10 ERROR neutron.plugins.ml2.managers
File "/var/lib/openstack/lib/python3.10/site-packages/neutron/plugins/ml2/drivers/ovn/mech_driver/mech_driver.py", line 757, in _ovn_update_port
2026-09-09 07:36:26.516 10 ERROR neutron.plugins.ml2.managers self._ovn_client.update_port(plugin_context, port,
2026-09-09 07:36:26.516 10 ERROR neutron.plugins.ml2.managers
File "/var/lib/openstack/lib/python3.10/site-packages/neutron/plugins/ml2/drivers/ovn/mech_driver/ovsdb/ovn_client.py", line 813, in update_port
2026-09-09 07:36:26.516 10 ERROR neutron.plugins.ml2.managers ovn_port = self._nb_idl.lookup('Logical_Switch_Port', port['id'])
2026-09-09 07:36:26.516 10 ERROR neutron.plugins.ml2.managers
File "/var/lib/openstack/lib/python3.10/site-packages/ovsdbapp/backend/ovs_idl/__init__.py", line 181, in lookup
2026-09-09 07:36:26.516 10 ERROR neutron.plugins.ml2.managers return self._lookup(table, record)
2026-09-09 07:36:26.516 10 ERROR neutron.plugins.ml2.managers
File "/var/lib/openstack/lib/python3.10/site-packages/ovsdbapp/backend/ovs_idl/__init__.py", line 228, in _lookup
2026-09-09 07:36:26.516 10 ERROR neutron.plugins.ml2.managers row = idlutils.row_by_value(self, rl.table, rl.column, record)
2026-09-09 07:36:26.516 10 ERROR neutron.plugins.ml2.managers
File "/var/lib/openstack/lib/python3.10/site-packages/ovsdbapp/backend/ovs_idl/idlutils.py", line 114, in row_by_value
2026-09-09 07:36:26.516 10 ERROR neutron.plugins.ml2.managers raise RowNotFound(table=table, col=column, match=match)
2026-09-09 07:36:26.516 10 ERROR neutron.plugins.ml2.managers ovsdbapp.backend.ovs_idl.idlutils.RowNotFound: Cannot find Logical_Switch_Port with name=3043b77c-a679-4a60-874f-5fb43524429e
2026-09-09 07:36:26.516 10 ERROR neutron.plugins.ml2.managers 
2026-09-09 07:36:26.544 9 INFO neutron.wsgi [req-63bba329-ba63-47b8-b9de-7829ff930d56 req-266c4a7c-faf2-48d8-9d94-a0a684d44b8a 38897e503a394cb0a323a9a069e740d6 5dea69e8d480437cb1958e422e7cdca8 - - 03e57b709f10441aa7a7705d4a886f60 03e57b709f10441aa7a7705d4a886f60] 162.253.55.147 "GET /v2.0/ports?network_id=d1bbd35b-a6f9-47a6-b165-d8c1106165d6&device_owner=network%3Adhcp HTTP/1.1" status: 200 len: 210 time: 0.0192041
2026-09-09 07:36:26.634 9 INFO neutron.wsgi [req-63bba329-ba63-47b8-b9de-7829ff930d56 req-ce5b98dc-7ef4-4170-adc0-b502d8ea7622 38897e503a394cb0a323a9a069e740d6 5dea69e8d480437cb1958e422e7cdca8 - - 03e57b709f10441aa7a7705d4a886f60 03e57b709f10441aa7a7705d4a886f60] 162.253.55.147 "GET /v2.0/networks/d1bbd35b-a6f9-47a6-b165-d8c1106165d6?fields=segments HTTP/1.1" status: 200 len: 212 time: 0.0832908
2026-09-09 07:36:26.755 9 INFO neutron.wsgi [req-63bba329-ba63-47b8-b9de-7829ff930d56 req-7679907e-da36-410c-b48a-2985bdad99af 38897e503a394cb0a323a9a069e740d6 5dea69e8d480437cb1958e422e7cdca8 - - 03e57b709f10441aa7a7705d4a886f60 03e57b709f10441aa7a7705d4a886f60] 162.253.55.147 "GET /v2.0/networks/d1bbd35b-a6f9-47a6-b165-d8c1106165d6?fields=provider%3Aphysical_network&fields=provider%3Anetwork_type HTTP/1.1" status: 200 len: 277 time: 0.1133595
2026-09-09 07:36:26.802 9 INFO neutron.wsgi [req-63bba329-ba63-47b8-b9de-7829ff930d56 req-fb082ccf-b46d-482d-826b-a08e520204b7 38897e503a394cb0a323a9a069e740d6 5dea69e8d480437cb1958e422e7cdca8 - - 03e57b709f10441aa7a7705d4a886f60 03e57b709f10441aa7a7705d4a886f60] 162.253.55.147 "GET /v2.0/floatingips?fixed_ip_address=10.1.1.81&port_id=668ac420-1422-47eb-b62d-cd5f678c0912 HTTP/1.1" status: 200 len: 217 time: 0.0376596
2026-09-09 07:36:26.846 9 INFO neutron.wsgi [req-63bba329-ba63-47b8-b9de-7829ff930d56 req-9b48eeba-8b05-4ea3-89a1-b483486ed809 38897e503a394cb0a323a9a069e740d6 5dea69e8d480437cb1958e422e7cdca8 - - 03e57b709f10441aa7a7705d4a886f60 03e57b709f10441aa7a7705d4a886f60] 162.253.55.147 "GET /v2.0/subnets?id=dc6789bf-3414-44be-8087-98f998c5f277 HTTP/1.1" status: 200 len: 853 time: 0.0361888
2026-09-09 07:36:26.881 9 INFO neutron.wsgi [req-63bba329-ba63-47b8-b9de-7829ff930d56 req-2ff3ca8d-9eae-42f0-b7be-a41a7b66a4b5 38897e503a394cb0a323a9a069e740d6 5dea69e8d480437cb1958e422e7cdca8 - - 03e57b709f10441aa7a7705d4a886f60 03e57b709f10441aa7a7705d4a886f60] 162.253.55.147 "GET /v2.0/ports?network_id=85c6be47-31eb-4fe5-b3dc-80b03b8903af&device_owner=network%3Adhcp HTTP/1.1" status: 200 len: 210 time: 0.0284700
2026-09-09 07:36:26.941 9 INFO neutron.wsgi [None req-33baef3c-79c8-42fa-b74f-b79319031f3c 153144be5d9d4ad3bbb85fbebb0c6f1e 65167c832edb425e9bc00a82e5e5347a - - default default] 162.253.55.147 "GET /v2.0/ports?device_id=77c323bf-6b83-4a1c-85a9-b919e883ce72 HTTP/1.1" status: 200 len: 2624 time: 0.0534410
2026-09-09 07:36:26.965 9 INFO neutron.pecan_wsgi.hooks.translation [None req-c3e064f1-9ed3-4d30-a4ce-e73e689b6c9c 153144be5d9d4ad3bbb85fbebb0c6f1e 65167c832edb425e9bc00a82e5e5347a - - - -] DELETE failed (client error): The resource could not be found.
2026-09-09 07:36:26.967 9 INFO neutron.wsgi [None req-c3e064f1-9ed3-4d30-a4ce-e73e689b6c9c 153144be5d9d4ad3bbb85fbebb0c6f1e 65167c832edb425e9bc00a82e5e5347a - - - -] 162.253.55.147 "DELETE /v2.0/ports/3043b77c-a679-4a60-874f-5fb43524429e HTTP/1.1" status: 404 len: 338 time: 0.0192153
2026-09-09 07:36:26.969 9 INFO neutron.wsgi [req-63bba329-ba63-47b8-b9de-7829ff930d56 req-1eb0e8a9-aacc-4829-9cab-90d5de5d6700 38897e503a394cb0a323a9a069e740d6 5dea69e8d480437cb1958e422e7cdca8 - - 03e57b709f10441aa7a7705d4a886f60 03e57b709f10441aa7a7705d4a886f60] 162.253.55.147 "GET /v2.0/networks/85c6be47-31eb-4fe5-b3dc-80b03b8903af?fields=segments HTTP/1.1" status: 200 len: 212 time: 0.0805244
2026-09-09 07:36:27.032 9 INFO neutron.wsgi [req-63bba329-ba63-47b8-b9de-7829ff930d56 req-7b519ef0-f641-4008-9155-9aa61dc9815c 38897e503a394cb0a323a9a069e740d6 5dea69e8d480437cb1958e422e7cdca8 - - 03e57b709f10441aa7a7705d4a886f60 03e57b709f10441aa7a7705d4a886f60] 162.253.55.147 "GET /v2.0/networks/85c6be47-31eb-4fe5-b3dc-80b03b8903af?fields=provider%3Aphysical_network&fields=provider%3Anetwork_type HTTP/1.1" status: 200 len: 277 time: 0.0555372
2026-09-09 07:36:27.082 9 INFO neutron.wsgi [None req-9ea87c73-f59d-4c98-b5a6-d29e903db174 153144be5d9d4ad3bbb85fbebb0c6f1e 65167c832edb425e9bc00a82e5e5347a - - default default] 162.253.55.147 "GET /v2.0/extensions/security-group HTTP/1.1" status: 200 len: 369 time: 0.0078197
2026-09-09 07:36:27.094 9 INFO neutron.wsgi [None req-6fce3de2-2f94-4b2b-9244-c606e5a5202b 153144be5d9d4ad3bbb85fbebb0c6f1e 65167c832edb425e9bc00a82e5e5347a - - default default] 162.253.55.147 "GET /v2.0/extensions/dns-integration HTTP/1.1" status: 200 len: 371 time: 0.0063992
2026-09-09 07:36:27.105 9 INFO neutron.wsgi [None req-b2e5b400-6572-4d07-b4c8-6615b18d543e 153144be5d9d4ad3bbb85fbebb0c6f1e 65167c832edb425e9bc00a82e5e5347a - - default default] 162.253.55.147 "GET /v2.0/extensions/qos HTTP/1.1" status: 200 len: 365 time: 0.0062122
2026-09-09 07:36:27.122 9 INFO neutron.wsgi [None req-80f6f79a-90e4-4d59-b847-93459162742e 153144be5d9d4ad3bbb85fbebb0c6f1e 65167c832edb425e9bc00a82e5e5347a - - default default] 162.253.55.147 "GET /v2.0/extensions/allowed-address-pairs HTTP/1.1" status: 200 len: 383 time: 0.0107999
2026-09-09 07:36:27.172 9 INFO neutron.wsgi [None req-a210106f-ffb0-409e-973b-86874a31807b 153144be5d9d4ad3bbb85fbebb0c6f1e 65167c832edb425e9bc00a82e5e5347a - - default default] 162.253.55.147 "GET /v2.0/subnets/dc6789bf-3414-44be-8087-98f998c5f277 HTTP/1.1" status: 200 len: 850 time: 0.0420911
2026-09-09 07:36:27.206 9 INFO neutron.wsgi [None req-18f7e76a-2643-43ad-95d5-3338ff700ba0 153144be5d9d4ad3bbb85fbebb0c6f1e 65167c832edb425e9bc00a82e5e5347a - - default default] 162.253.55.147 "GET /v2.0/ports/2aafbb9e-c2db-41b3-a4c5-e0391f495c38 HTTP/1.1" status: 200 len: 1340 time: 0.0278096
2026-09-09 07:36:27.238 9 INFO neutron.wsgi [None req-bba5f28b-59f1-482f-beec-46165834b3f9 153144be5d9d4ad3bbb85fbebb0c6f1e 65167c832edb425e9bc00a82e5e5347a - - default default] 162.253.55.147 "GET /v2.0/ports/668ac420-1422-47eb-b62d-cd5f678c0912 HTTP/1.1" status: 200 len: 1467 time: 0.0264301
2026-09-09 07:36:27.272 9 INFO neutron.wsgi [None req-a721a06c-3e72-4677-b24a-ac719884669c 153144be5d9d4ad3bbb85fbebb0c6f1e 65167c832edb425e9bc00a82e5e5347a - - default default] 162.253.55.147 "GET /v2.0/subnets/dc6789bf-3414-44be-8087-98f998c5f277 HTTP/1.1" status: 200 len: 850 time: 0.0292850
2026-09-09 07:36:27.329 9 INFO neutron.wsgi [None req-57f902af-d9dd-4119-b529-f0df946d65ea 153144be5d9d4ad3bbb85fbebb0c6f1e 65167c832edb425e9bc00a82e5e5347a - - default default] 162.253.55.147 "GET /v2.0/networks/85c6be47-31eb-4fe5-b3dc-80b03b8903af HTTP/1.1" status: 200 len: 1000 time: 0.0528409
2026-09-09 07:36:27.365 9 INFO neutron.wsgi [None req-3c6b13d9-0982-4f87-b7ea-e7793aa7f936 153144be5d9d4ad3bbb85fbebb0c6f1e 65167c832edb425e9bc00a82e5e5347a - - default default] 162.253.55.147 "GET /v2.0/ports/2aafbb9e-c2db-41b3-a4c5-e0391f495c38 HTTP/1.1" status: 200 len: 1340 time: 0.0289471
2026-09-09 07:36:27.402 9 INFO neutron.wsgi [None req-ef8af7e8-d557-4f74-b7d9-55cf23bfdf8c 153144be5d9d4ad3bbb85fbebb0c6f1e 65167c832edb425e9bc00a82e5e5347a - - default default] 162.253.55.147 "GET /v2.0/subnets/dc6789bf-3414-44be-8087-98f998c5f277 HTTP/1.1" status: 200 len: 850 time: 0.0311115
2026-09-09 07:36:27.471 9 INFO neutron.notifiers.nova [-] Nova event matching ['req-079b8940-5407-47ee-8e86-8b157da15b5a'] response: {'server_uuid': '77c323bf-6b83-4a1c-85a9-b919e883ce72', 'name': 'network-vif-deleted', 'tag': '3043b77c-a679-4a60-874f-5fb43524429e', 'status': 'completed', 'code': 200}
2026-09-09 07:36:28.172 10 INFO neutron.notifiers.nova [-] Nova event matching ['req-f3607e8e-b642-400a-96fa-f572fcf0f38d'] response: {'server_uuid': '77c323bf-6b83-4a1c-85a9-b919e883ce72', 'name': 'network-vif-plugged', 'status': 'completed', 'tag': '3043b77c-a679-4a60-874f-5fb43524429e', 'code': 200}
2026-09-09 07:36:32.211 9 INFO neutron.wsgi [-] 10.0.0.34 "GET / HTTP/1.1" status: 200 len: 247 time: 0.0027354
2026-09-09 07:36:32.211 10 INFO neutron.wsgi [-] 10.0.0.34 "GET / HTTP/1.1" status: 200 len: 247 time: 0.0021384
2026-09-09 07:36:32.620 9 INFO neutron.wsgi [None req-073cede5-6f22-4b4d-93a3-8fec1be413d6 153144be5d9d4ad3bbb85fbebb0c6f1e 65167c832edb425e9bc00a82e5e5347a - - default default] 10.0.0.87 "GET /v2.0/ports HTTP/1.1" status: 200 len: 21878 time: 0.1495852
2026-09-09 07:36:32.684 9 INFO neutron.wsgi [None req-473845bd-4812-4a6c-9968-52bd49e9c785 153144be5d9d4ad3bbb85fbebb0c6f1e 65167c832edb425e9bc00a82e5e5347a - - default default] 10.0.0.87 "GET /v2.0/floatingips HTTP/1.1" status: 200 len: 2764 time: 0.0520587
2026-09-09 07:36:32.778 9 INFO neutron.wsgi [None req-abcc83f9-9e9f-4dec-a4cf-45ba473e1cf7 153144be5d9d4ad3bbb85fbebb0c6f1e 65167c832edb425e9bc00a82e5e5347a - - default default] 10.0.0.87 "GET /v2.0/security-groups HTTP/1.1" status: 200 len: 30232 time: 0.0925214
2026-09-09 07:36:32.805 9 INFO neutron.wsgi [None req-3455bcfd-2c65-4cab-8640-b7c042c2911c 153144be5d9d4ad3bbb85fbebb0c6f1e 65167c832edb425e9bc00a82e5e5347a - - default default] 10.0.0.87 "GET /v2.0/agents HTTP/1.1" status: 200 len: 997 time: 0.0160444
2026-09-09 07:36:32.841 9 INFO neutron.wsgi [None req-ac82e2d6-7ac8-4952-a3c1-1a9d1b98f443 153144be5d9d4ad3bbb85fbebb0c6f1e 65167c832edb425e9bc00a82e5e5347a - - default default] 10.0.0.87 "GET /v2.0/subnets HTTP/1.1" status: 200 len: 5498 time: 0.0345287
2026-09-09 07:36:32.855 9 INFO neutron.wsgi [None req-a456e00c-3454-49a6-9cc8-cf9c797258ca 153144be5d9d4ad3bbb85fbebb0c6f1e 65167c832edb425e9bc00a82e5e5347a - - default default] 10.0.0.87 "GET /v2.0/subnetpools HTTP/1.1" status: 200 len: 193 time: 0.0116980
2026-09-09 07:36:32.909 9 INFO neutron.wsgi [None req-66a7cc5e-e79d-4586-981b-f4a9796f5458 153144be5d9d4ad3bbb85fbebb0c6f1e 65167c832edb425e9bc00a82e5e5347a - - default default] 10.0.0.87 "GET /v2.0/networks HTTP/1.1" status: 200 len: 4720 time: 0.0532417
2026-09-09 07:36:32.942 9 INFO neutron.wsgi [None req-c074db85-28a0-4b7e-8643-67e3e4c4661e 153144be5d9d4ad3bbb85fbebb0c6f1e 65167c832edb425e9bc00a82e5e5347a - - default default] 10.0.0.87 "GET /v2.0/subnets HTTP/1.1" status: 200 len: 5498 time: 0.0304124
2026-09-09 07:36:32.997 9 INFO neutron.wsgi [None req-e4cb9a57-aacb-47af-9988-0192d1796de7 153144be5d9d4ad3bbb85fbebb0c6f1e 65167c832edb425e9bc00a82e5e5347a - - default default] 10.0.0.87 "GET /v2.0/routers HTTP/1.1" status: 200 len: 849 time: 0.0524676
2026-09-09 07:36:33.006 9 INFO neutron.wsgi [None req-9e970ca9-5058-4e83-8eb4-00adc92dba02 153144be5d9d4ad3bbb85fbebb0c6f1e 65167c832edb425e9bc00a82e5e5347a - - default default] 10.0.0.87 "GET /v2.0/agents?binary=ovn-controller HTTP/1.1" status: 200 len: 591 time: 0.0082345
2026-09-09 07:36:33.016 9 INFO neutron.wsgi [None req-6e116350-a14f-4552-8d3d-5875045b74c6 153144be5d9d4ad3bbb85fbebb0c6f1e 65167c832edb425e9bc00a82e5e5347a - - default default] 10.0.0.87 "GET /v2.0/network-ip-availabilities HTTP/1.1" status: 200 len: 3365 time: 0.0089128
2026-09-09 07:36:36.287 9 INFO neutron.wsgi [None req-971c6d43-c043-4db4-b61c-fad6dc5b9fba 153144be5d9d4ad3bbb85fbebb0c6f1e 65167c832edb425e9bc00a82e5e5347a - - default default] 162.253.55.147 "GET /v2.0/extensions/security-group HTTP/1.1" status: 200 len: 369 time: 0.0074379
2026-09-09 07:36:36.301 9 INFO neutron.wsgi [None req-01820b45-5bfa-436a-8b92-b74e7b919c93 153144be5d9d4ad3bbb85fbebb0c6f1e 65167c832edb425e9bc00a82e5e5347a - - default default] 162.253.55.147 "GET /v2.0/extensions/dns-integration HTTP/1.1" status: 200 len: 371 time: 0.0084953
2026-09-09 07:36:36.314 9 INFO neutron.wsgi [None req-b8773241-19cd-4ec3-a713-560a2a1ca549 153144be5d9d4ad3bbb85fbebb0c6f1e 65167c832edb425e9bc00a82e5e5347a - - default default] 162.253.55.147 "GET /v2.0/extensions/qos HTTP/1.1" status: 200 len: 365 time: 0.0068595
2026-09-09 07:36:36.327 9 INFO neutron.wsgi [None req-3e530af2-8361-4515-85f8-91047750b80b 153144be5d9d4ad3bbb85fbebb0c6f1e 65167c832edb425e9bc00a82e5e5347a - - default default] 162.253.55.147 "GET /v2.0/extensions/allowed-address-pairs HTTP/1.1" status: 200 len: 383 time: 0.0068190
2026-09-09 07:36:36.382 9 INFO neutron.wsgi [None req-e84cd82a-2913-4833-8ed7-ee5e14e8e527 153144be5d9d4ad3bbb85fbebb0c6f1e 65167c832edb425e9bc00a82e5e5347a - - default default] 162.253.55.147 "GET /v2.0/security-groups?name=lb-03e24a28-bbad-49ea-9bc3-12103967aa03 HTTP/1.1" status: 200 len: 2939 time: 0.0473602
2026-09-09 07:36:36.411 9 INFO neutron.wsgi [None req-1fc66da6-e473-4ceb-85e8-ecf3a0454de8 153144be5d9d4ad3bbb85fbebb0c6f1e 65167c832edb425e9bc00a82e5e5347a - - default default] 162.253.55.147 "GET /v2.0/security-group-rules?security_group_id=d4869003-8569-49aa-908b-26d1e607b81d HTTP/1.1" status: 200 len: 2406 time: 0.0216837
2026-09-09 07:36:36.536 9 INFO neutron.wsgi [None req-5b1405c1-e2f0-41bd-8816-7df4758911b0 153144be5d9d4ad3bbb85fbebb0c6f1e 65167c832edb425e9bc00a82e5e5347a - - - -] 162.253.55.147 "DELETE /v2.0/security-group-rules/3907a537-cb23-48c6-951a-0232e6a5e65c HTTP/1.1" status: 204 len: 173 time: 0.1189816
2026-09-09 07:36:36.634 9 INFO neutron.wsgi [None req-347b46d5-bc71-44d6-9165-0a4e2462911a 153144be5d9d4ad3bbb85fbebb0c6f1e 65167c832edb425e9bc00a82e5e5347a - - - -] 162.253.55.147 "DELETE /v2.0/security-group-rules/b69c1997-b5e3-4590-887b-8be929495f2e HTTP/1.1" status: 204 len: 173 time: 0.0945675
2026-09-09 07:36:41.095 9 INFO neutron.db.l3_db [None req-9e3dff0b-cd19-4d83-9bac-5ed8219f9122 b69ca5de129749d28e428956f49ec0f3 c8b1d376c5f047cd88b7cc889605be71 - - - -] Floating IP 936aeb72-c80c-4515-9227-32b7a96039c9 disassociated (deleted). External IP: 10.96.250.210, port: 2aafbb9e-c2db-41b3-a4c5-e0391f495c38.
2026-09-09 07:36:41.189 9 INFO neutron.wsgi [None req-9e3dff0b-cd19-4d83-9bac-5ed8219f9122 b69ca5de129749d28e428956f49ec0f3 c8b1d376c5f047cd88b7cc889605be71 - - - -] 10.0.0.106 "DELETE /v2.0/floatingips/936aeb72-c80c-4515-9227-32b7a96039c9 HTTP/1.1" status: 204 len: 168 time: 0.5832162
2026-09-09 07:36:41.219 10 INFO neutron.api.v2.resource [None req-8791d88f-860d-4a12-a438-556566ec66cd b69ca5de129749d28e428956f49ec0f3 c8b1d376c5f047cd88b7cc889605be71 - - default default] show failed (client error): The resource could not be found.
2026-09-09 07:36:41.220 10 INFO neutron.wsgi [None req-8791d88f-860d-4a12-a438-556566ec66cd b69ca5de129749d28e428956f49ec0f3 c8b1d376c5f047cd88b7cc889605be71 - - default default] 10.0.0.106 "GET /v2.0/floatingips/936aeb72-c80c-4515-9227-32b7a96039c9 HTTP/1.1" status: 404 len: 345 time: 0.0226340 /var/lib/openstack/lib/python3.10/site-packages/pycadf/identifier.py:71: UserWarning: Invalid uuid: neutron. To ensure interoperability, identifiers should be a valid uuid. warnings.warn(('Invalid uuid: %s. To ensure interoperability, '
2026-09-09 07:36:41.589 9 INFO neutron.wsgi [None req-abbc5954-c55a-4aaa-81c8-43bebc563cfb 153144be5d9d4ad3bbb85fbebb0c6f1e 65167c832edb425e9bc00a82e5e5347a - - default default] 162.253.55.147 "GET /v2.0/extensions/security-group HTTP/1.1" status: 200 len: 369 time: 0.0109432
2026-09-09 07:36:41.601 9 INFO neutron.wsgi [None req-c2ba9915-9745-48d9-9151-3d5610afc2e3 153144be5d9d4ad3bbb85fbebb0c6f1e 65167c832edb425e9bc00a82e5e5347a - - default default] 162.253.55.147 "GET /v2.0/extensions/dns-integration HTTP/1.1" status: 200 len: 371 time: 0.0069473
2026-09-09 07:36:41.632 9 INFO neutron.wsgi [None req-e7d132c5-54be-43d6-8057-ff3f7ab45629 153144be5d9d4ad3bbb85fbebb0c6f1e 65167c832edb425e9bc00a82e5e5347a - - default default] 162.253.55.147 "GET /v2.0/extensions/qos HTTP/1.1" status: 200 len: 365 time: 0.0119696
2026-09-09 07:36:41.657 9 INFO neutron.wsgi [None req-eeb5dc28-3e94-420a-8b5b-738e0430bc9a 153144be5d9d4ad3bbb85fbebb0c6f1e 65167c832edb425e9bc00a82e5e5347a - - default default] 162.253.55.147 "GET /v2.0/extensions/allowed-address-pairs HTTP/1.1" status: 200 len: 383 time: 0.0163970
2026-09-09 07:36:41.724 9 INFO neutron.wsgi [None req-efbe09da-d9ff-40c9-b433-2c2eda43f396 153144be5d9d4ad3bbb85fbebb0c6f1e 65167c832edb425e9bc00a82e5e5347a - - default default] 162.253.55.147 "GET /v2.0/subnets/dc6789bf-3414-44be-8087-98f998c5f277 HTTP/1.1" status: 200 len: 850 time: 0.0530050
2026-09-09 07:36:41.769 9 INFO neutron.wsgi [None req-12d64d95-b4ce-4767-a090-2eb48f1a666a 153144be5d9d4ad3bbb85fbebb0c6f1e 65167c832edb425e9bc00a82e5e5347a - - default default] 162.253.55.147 "GET /v2.0/ports?device_id=77c323bf-6b83-4a1c-85a9-b919e883ce72 HTTP/1.1" status: 200 len: 2624 time: 0.0376003
2026-09-09 07:36:41.806 9 INFO neutron.wsgi [None req-abf29f55-6714-475a-adf2-384d1ac314e5 153144be5d9d4ad3bbb85fbebb0c6f1e 65167c832edb425e9bc00a82e5e5347a - - default default] 162.253.55.147 "GET /v2.0/ports?device_id=77c323bf-6b83-4a1c-85a9-b919e883ce72 HTTP/1.1" status: 200 len: 2624 time: 0.0276453
2026-09-09 07:36:41.921 9 INFO neutron.wsgi [None req-df7549d7-54fe-4672-be66-7dd89773daf4 153144be5d9d4ad3bbb85fbebb0c6f1e 65167c832edb425e9bc00a82e5e5347a - - default default] 162.253.55.147 "GET /v2.0/ports?device_id=77c323bf-6b83-4a1c-85a9-b919e883ce72 HTTP/1.1" status: 200 len: 2624 time: 0.0553284
2026-09-09 07:36:42.145 10 INFO neutron.plugins.ml2.drivers.ovn.mech_driver.mech_driver [None req-5c009000-e905-4825-baa0-d66904499926 - - - - - -] OVN reports status down for port: 668ac420-1422-47eb-b62d-cd5f678c0912
2026-09-09 07:36:42.145 9 INFO neutron.plugins.ml2.drivers.ovn.mech_driver.mech_driver [None req-ae8c3285-9e08-4a0e-8841-626e27027ba2 - - - - - -] OVN reports status down for port: 2aafbb9e-c2db-41b3-a4c5-e0391f495c38
2026-09-09 07:36:42.212 9 INFO neutron.wsgi [req-c255c6ec-6586-4c70-9a7b-f245c6ae262b req-b6c87bb7-bf01-499b-954b-c2b79d1cc6fa 38897e503a394cb0a323a9a069e740d6 5dea69e8d480437cb1958e422e7cdca8 - - 03e57b709f10441aa7a7705d4a886f60 03e57b709f10441aa7a7705d4a886f60] 162.253.55.147 "GET /v2.0/ports/668ac420-1422-47eb-b62d-cd5f678c0912 HTTP/1.1" status: 200 len: 1467 time: 0.0459883
2026-09-09 07:36:42.241 9 INFO neutron.wsgi [req-c255c6ec-6586-4c70-9a7b-f245c6ae262b req-de830158-204a-414c-aeed-8684a8d9f996 153144be5d9d4ad3bbb85fbebb0c6f1e 65167c832edb425e9bc00a82e5e5347a - - default default] 162.253.55.147 "GET /v2.0/ports/668ac420-1422-47eb-b62d-cd5f678c0912?fields=binding%3Aprofile&fields=network_id HTTP/1.1" status: 200 len: 281 time: 0.0262797
2026-09-09 07:36:42.317 9 INFO neutron.wsgi [req-c255c6ec-6586-4c70-9a7b-f245c6ae262b req-37970d72-2146-4566-a523-20c137238748 153144be5d9d4ad3bbb85fbebb0c6f1e 65167c832edb425e9bc00a82e5e5347a - - default default] 162.253.55.147 "GET /v2.0/networks/85c6be47-31eb-4fe5-b3dc-80b03b8903af?fields=dns_domain HTTP/1.1" status: 200 len: 227 time: 0.0722606
2026-09-09 07:36:42.323 10 INFO neutron.notifiers.nova [-] Nova event matching ['req-8c31c470-2831-4647-9ea2-44d0d5b39c13'] response: {'server_uuid': '77c323bf-6b83-4a1c-85a9-b919e883ce72', 'name': 'network-vif-unplugged', 'status': 'completed', 'tag': '668ac420-1422-47eb-b62d-cd5f678c0912', 'code': 200}
2026-09-09 07:36:42.488 10 INFO neutron.db.ovn_revision_numbers_db [None req-5c009000-e905-4825-baa0-d66904499926 - - - - - -] Successfully bumped revision number for resource 668ac420-1422-47eb-b62d-cd5f678c0912 (type: ports) to 7
2026-09-09 07:36:42.680 9 INFO neutron.db.ovn_revision_numbers_db [None req-fa9f0a5f-9fdb-4ae3-b42a-38c2536919a6 38897e503a394cb0a323a9a069e740d6 5dea69e8d480437cb1958e422e7cdca8 - - - -] Successfully bumped revision number for resource 668ac420-1422-47eb-b62d-cd5f678c0912 (type: ports) to 8
2026-09-09 07:36:42.701 9 INFO neutron.wsgi [None req-fa9f0a5f-9fdb-4ae3-b42a-38c2536919a6 38897e503a394cb0a323a9a069e740d6 5dea69e8d480437cb1958e422e7cdca8 - - - -] 162.253.55.147 "PUT /v2.0/ports/668ac420-1422-47eb-b62d-cd5f678c0912 HTTP/1.1" status: 200 len: 1347 time: 0.3728006 /var/lib/openstack/lib/python3.10/site-packages/pycadf/identifier.py:71: UserWarning: Invalid uuid: neutron. To ensure interoperability, identifiers should be a valid uuid. warnings.warn(('Invalid uuid: %s. To ensure interoperability, '
2026-09-09 07:36:42.780 9 INFO neutron.wsgi [req-c255c6ec-6586-4c70-9a7b-f245c6ae262b req-f32be4e0-c4ce-417a-be73-6be4925609b5 38897e503a394cb0a323a9a069e740d6 5dea69e8d480437cb1958e422e7cdca8 - - 03e57b709f10441aa7a7705d4a886f60 03e57b709f10441aa7a7705d4a886f60] 162.253.55.147 "GET /v2.0/ports?tenant_id=65167c832edb425e9bc00a82e5e5347a&device_id=77c323bf-6b83-4a1c-85a9-b919e883ce72 HTTP/1.1" status: 200 len: 1365 time: 0.0294573
2026-09-09 07:36:42.842 9 INFO neutron.wsgi [req-c255c6ec-6586-4c70-9a7b-f245c6ae262b req-fc28bf51-e2aa-4091-8764-bde5f4ccbf5c 38897e503a394cb0a323a9a069e740d6 5dea69e8d480437cb1958e422e7cdca8 - - 03e57b709f10441aa7a7705d4a886f60 03e57b709f10441aa7a7705d4a886f60] 162.253.55.147 "GET /v2.0/networks?id=d1bbd35b-a6f9-47a6-b165-d8c1106165d6&id=85c6be47-31eb-4fe5-b3dc-80b03b8903af HTTP/1.1" status: 200 len: 1728 time: 0.0577106
2026-09-09 07:36:42.870 9 INFO neutron.wsgi [req-c255c6ec-6586-4c70-9a7b-f245c6ae262b req-0e188f42-12b6-4ae0-908f-cda1334200a0 38897e503a394cb0a323a9a069e740d6 5dea69e8d480437cb1958e422e7cdca8 - - 03e57b709f10441aa7a7705d4a886f60 03e57b709f10441aa7a7705d4a886f60] 162.253.55.147 "GET /v2.0/floatingips?fixed_ip_address=172.24.0.81&port_id=f8094886-73cc-431c-a04b-102f51a96f11 HTTP/1.1" status: 200 len: 217 time: 0.0216172
2026-09-09 07:36:42.906 9 INFO neutron.wsgi [req-c255c6ec-6586-4c70-9a7b-f245c6ae262b req-eb871718-db53-48c4-b4e4-334bfd9632d0 38897e503a394cb0a323a9a069e740d6 5dea69e8d480437cb1958e422e7cdca8 - - 03e57b709f10441aa7a7705d4a886f60 03e57b709f10441aa7a7705d4a886f60] 162.253.55.147 "GET /v2.0/subnets?id=2eb18a24-e95a-4bc2-86aa-1ef4aa19eec4 HTTP/1.1" status: 200 len: 829 time: 0.0304363
2026-09-09 07:36:42.937 9 INFO neutron.wsgi [req-c255c6ec-6586-4c70-9a7b-f245c6ae262b req-65da6e5a-1296-4b05-a7cc-b604273434be 38897e503a394cb0a323a9a069e740d6 5dea69e8d480437cb1958e422e7cdca8 - - 03e57b709f10441aa7a7705d4a886f60 03e57b709f10441aa7a7705d4a886f60] 162.253.55.147 "GET /v2.0/ports?network_id=d1bbd35b-a6f9-47a6-b165-d8c1106165d6&device_owner=network%3Adhcp HTTP/1.1" status: 200 len: 210 time: 0.0241442
2026-09-09 07:36:42.967 9 INFO neutron.wsgi [None req-75eead1a-a296-470b-96c6-fda9a48c0f5d 153144be5d9d4ad3bbb85fbebb0c6f1e 65167c832edb425e9bc00a82e5e5347a - - default default] 162.253.55.147 "GET /v2.0/ports?device_id=77c323bf-6b83-4a1c-85a9-b919e883ce72 HTTP/1.1" status: 200 len: 1365 time: 0.0371611
2026-09-09 07:36:43.025 9 INFO neutron.wsgi [req-c255c6ec-6586-4c70-9a7b-f245c6ae262b req-8c0762b4-cc7c-4a37-818f-9b469154de61 38897e503a394cb0a323a9a069e740d6 5dea69e8d480437cb1958e422e7cdca8 - - 03e57b709f10441aa7a7705d4a886f60 03e57b709f10441aa7a7705d4a886f60] 162.253.55.147 "GET /v2.0/networks/d1bbd35b-a6f9-47a6-b165-d8c1106165d6?fields=segments HTTP/1.1" status: 200 len: 212 time: 0.0763965
2026-09-09 07:36:43.113 9 INFO neutron.wsgi [req-c255c6ec-6586-4c70-9a7b-f245c6ae262b req-d0ad87b3-ef5b-4817-a695-020d2ef08704 38897e503a394cb0a323a9a069e740d6 5dea69e8d480437cb1958e422e7cdca8 - - 03e57b709f10441aa7a7705d4a886f60 03e57b709f10441aa7a7705d4a886f60] 162.253.55.147 "GET /v2.0/networks/d1bbd35b-a6f9-47a6-b165-d8c1106165d6?fields=provider%3Aphysical_network&fields=provider%3Anetwork_type HTTP/1.1" status: 200 len: 277 time: 0.0744028
2026-09-09 07:36:43.377 9 INFO neutron.db.ovn_revision_numbers_db [None req-236f35eb-4208-423c-b001-2723f0948240 153144be5d9d4ad3bbb85fbebb0c6f1e 65167c832edb425e9bc00a82e5e5347a - - - -] Successfully bumped revision number for resource 668ac420-1422-47eb-b62d-cd5f678c0912 (type: ports) to 9
2026-09-09 07:36:43.399 9 INFO neutron.wsgi [None req-236f35eb-4208-423c-b001-2723f0948240 153144be5d9d4ad3bbb85fbebb0c6f1e 65167c832edb425e9bc00a82e5e5347a - - - -] 162.253.55.147 "PUT /v2.0/ports/668ac420-1422-47eb-b62d-cd5f678c0912 HTTP/1.1" status: 200 len: 1286 time: 0.4274576 /var/lib/openstack/lib/python3.10/site-packages/pycadf/identifier.py:71: UserWarning: Invalid uuid: neutron. To ensure interoperability, identifiers should be a valid uuid. warnings.warn(('Invalid uuid: %s. To ensure interoperability, '
2026-09-09 07:36:43.447 9 INFO neutron.wsgi [None req-03afc328-c47d-4fa0-8800-079d9b65881d 153144be5d9d4ad3bbb85fbebb0c6f1e 65167c832edb425e9bc00a82e5e5347a - - default default] 162.253.55.147 "GET /v2.0/ports/668ac420-1422-47eb-b62d-cd5f678c0912 HTTP/1.1" status: 200 len: 1286 time: 0.0416813
2026-09-09 07:36:43.727 9 INFO neutron.wsgi [None req-c78672c3-639c-4e23-85a0-8f217a34e223 153144be5d9d4ad3bbb85fbebb0c6f1e 65167c832edb425e9bc00a82e5e5347a - - - -] 162.253.55.147 "DELETE /v2.0/ports/668ac420-1422-47eb-b62d-cd5f678c0912 HTTP/1.1" status: 204 len: 173 time: 0.2742414
2026-09-09 07:36:43.785 9 INFO neutron.wsgi [None req-5a08c573-dd11-4bda-bf07-af3203ff128d 153144be5d9d4ad3bbb85fbebb0c6f1e 65167c832edb425e9bc00a82e5e5347a - - default default] 162.253.55.147 "GET /v2.0/extensions/security-group HTTP/1.1" status: 200 len: 369 time: 0.0064552
2026-09-09 07:36:43.795 9 INFO neutron.wsgi [None req-0252f534-7417-46a4-b5e9-1aebbb8120b1 153144be5d9d4ad3bbb85fbebb0c6f1e 65167c832edb425e9bc00a82e5e5347a - - default default] 162.253.55.147 "GET /v2.0/extensions/dns-integration HTTP/1.1" status: 200 len: 371 time: 0.0050271
2026-09-09 07:36:43.806 9 INFO neutron.wsgi [None req-755edae9-040e-4ef1-823b-e25ecf37606d 153144be5d9d4ad3bbb85fbebb0c6f1e 65167c832edb425e9bc00a82e5e5347a - - default default] 162.253.55.147 "GET /v2.0/extensions/qos HTTP/1.1" status: 200 len: 365 time: 0.0058489
2026-09-09 07:36:43.815 9 INFO neutron.wsgi [None req-6f113cf3-caa8-4f15-a9c1-a889857d2559 153144be5d9d4ad3bbb85fbebb0c6f1e 65167c832edb425e9bc00a82e5e5347a - - default default] 162.253.55.147 "GET /v2.0/extensions/allowed-address-pairs HTTP/1.1" status: 200 len: 383 time: 0.0038173
2026-09-09 07:36:43.836 9 INFO neutron.pecan_wsgi.hooks.translation [None req-734e1f3e-e25e-48bf-85ec-3a830bfba6ab 153144be5d9d4ad3bbb85fbebb0c6f1e 65167c832edb425e9bc00a82e5e5347a - - - -] DELETE failed (client error): The resource could not be found.
2026-09-09 07:36:43.839 9 INFO neutron.wsgi [None req-734e1f3e-e25e-48bf-85ec-3a830bfba6ab 153144be5d9d4ad3bbb85fbebb0c6f1e 65167c832edb425e9bc00a82e5e5347a - - - -] 162.253.55.147 "DELETE /v2.0/ports/668ac420-1422-47eb-b62d-cd5f678c0912 HTTP/1.1" status: 404 len: 338 time: 0.0169542
2026-09-09 07:36:43.880 9 INFO neutron.wsgi [None req-028cd63d-4544-41f5-b850-c96ed9cb9004 153144be5d9d4ad3bbb85fbebb0c6f1e 65167c832edb425e9bc00a82e5e5347a - - default default] 162.253.55.147 "GET /v2.0/ports/2aafbb9e-c2db-41b3-a4c5-e0391f495c38 HTTP/1.1" status: 200 len: 1333 time: 0.0360768
2026-09-09 07:36:43.927 9 INFO neutron.wsgi [None req-89efdba2-0b9f-4f2a-bec0-c5835dd094f6 153144be5d9d4ad3bbb85fbebb0c6f1e 65167c832edb425e9bc00a82e5e5347a - - default default] 162.253.55.147 "GET /v2.0/security-groups?name=lb-03e24a28-bbad-49ea-9bc3-12103967aa03 HTTP/1.1" status: 200 len: 1775 time: 0.0411773
2026-09-09 07:36:43.962 9 INFO neutron.wsgi [None req-64cfa901-0420-44de-90d0-23b2f9e12e34 153144be5d9d4ad3bbb85fbebb0c6f1e 65167c832edb425e9bc00a82e5e5347a - - default default] 162.253.55.147 "GET /v2.0/ports/2aafbb9e-c2db-41b3-a4c5-e0391f495c38 HTTP/1.1" status: 200 len: 1333 time: 0.0289495
2026-09-09 07:36:44.257 9 INFO neutron.db.ovn_revision_numbers_db [None req-b646e8bc-ecfd-4ceb-9f04-c7761ba9dfda 153144be5d9d4ad3bbb85fbebb0c6f1e 65167c832edb425e9bc00a82e5e5347a - - - -] Successfully bumped revision number for resource 2aafbb9e-c2db-41b3-a4c5-e0391f495c38 (type: ports) to 17
2026-09-09 07:36:44.274 9 INFO neutron.wsgi [None req-b646e8bc-ecfd-4ceb-9f04-c7761ba9dfda 153144be5d9d4ad3bbb85fbebb0c6f1e 65167c832edb425e9bc00a82e5e5347a - - - -] 162.253.55.147 "PUT /v2.0/ports/2aafbb9e-c2db-41b3-a4c5-e0391f495c38 HTTP/1.1" status: 200 len: 1295 time: 0.3069873
2026-09-09 07:36:44.375 10 INFO neutron.notifiers.nova [-] Nova event matching ['req-6358af4d-c4ee-4758-acd7-643a7a4dfb8a'] response: {'server_uuid': '77c323bf-6b83-4a1c-85a9-b919e883ce72', 'name': 'network-vif-plugged', 'status': 'completed', 'tag': '668ac420-1422-47eb-b62d-cd5f678c0912', 'code': 200}
2026-09-09 07:36:44.377 9 INFO neutron.wsgi [None req-3d007e9e-a144-4b81-a38e-0d9c2811cbc6 153144be5d9d4ad3bbb85fbebb0c6f1e 65167c832edb425e9bc00a82e5e5347a - - - -] 162.253.55.147 "DELETE /v2.0/security-groups/d4869003-8569-49aa-908b-26d1e607b81d HTTP/1.1" status: 204 len: 173 time: 0.0957994
2026-09-09 07:36:44.918 9 INFO neutron.wsgi [None req-ff325752-4816-4ffe-9e6d-a886161df719 153144be5d9d4ad3bbb85fbebb0c6f1e 65167c832edb425e9bc00a82e5e5347a - - - -] 162.253.55.147 "DELETE /v2.0/ports/2aafbb9e-c2db-41b3-a4c5-e0391f495c38 HTTP/1.1" status: 204 len: 173 time: 0.5346715
2026-09-09 07:36:45.215 9 INFO neutron.plugins.ml2.drivers.ovn.mech_driver.mech_driver [None req-ae8c3285-9e08-4a0e-8841-626e27027ba2 - - - - - -] OVN reports status down for port: f8094886-73cc-431c-a04b-102f51a96f11
2026-09-09 07:36:45.382 9 INFO neutron.notifiers.nova [-] Nova event matching ['req-3dcd92c2-13ca-482b-96c1-0cb1ee860b19'] response: {'server_uuid': '77c323bf-6b83-4a1c-85a9-b919e883ce72', 'name': 'network-vif-unplugged', 'status': 'completed', 'tag': 'f8094886-73cc-431c-a04b-102f51a96f11', 'code': 200}
2026-09-09 07:36:45.489 9 INFO neutron.wsgi [req-52f323f0-abdb-430f-8f70-98b559591e25 req-cd7ab513-e92d-4e9c-b83f-c59007502381 153144be5d9d4ad3bbb85fbebb0c6f1e 65167c832edb425e9bc00a82e5e5347a - - default default] 162.253.55.147 "GET /v2.0/ports?device_id=77c323bf-6b83-4a1c-85a9-b919e883ce72 HTTP/1.1" status: 200 len: 1363 time: 0.0277839
2026-09-09 07:36:45.490 9 INFO neutron.db.ovn_revision_numbers_db [None req-ae8c3285-9e08-4a0e-8841-626e27027ba2 - - - - - -] Successfully bumped revision number for resource f8094886-73cc-431c-a04b-102f51a96f11 (type: ports) to 5
2026-09-09 07:36:45.826 9 INFO neutron.wsgi [None req-af1ddaf8-8025-4196-8c1a-f756cddc95c2 153144be5d9d4ad3bbb85fbebb0c6f1e 65167c832edb425e9bc00a82e5e5347a - - - -] 162.253.55.147 "DELETE /v2.0/ports/f8094886-73cc-431c-a04b-102f51a96f11 HTTP/1.1" status: 204 len: 173 time: 0.3315837 /var/lib/openstack/lib/python3.10/site-packages/pycadf/identifier.py:71: UserWarning: Invalid uuid: neutron. To ensure interoperability, identifiers should be a valid uuid. warnings.warn(('Invalid uuid: %s. To ensure interoperability, '
2026-09-09 07:36:46.876 10 INFO neutron.db.l3_db [None req-1c91724a-0d22-4843-a382-19b91ad7e23d b69ca5de129749d28e428956f49ec0f3 c8b1d376c5f047cd88b7cc889605be71 - - - -] Floating IP 9cae5608-77e6-4325-b0a8-e934c539ee87 disassociated (deleted). External IP: 10.96.250.212, port: a7acc000-c843-4c28-a71f-c19f1d79807e.
2026-09-09 07:36:46.942 10 INFO neutron.wsgi [None req-1c91724a-0d22-4843-a382-19b91ad7e23d b69ca5de129749d28e428956f49ec0f3 c8b1d376c5f047cd88b7cc889605be71 - - - -] 10.0.0.106 "DELETE /v2.0/floatingips/9cae5608-77e6-4325-b0a8-e934c539ee87 HTTP/1.1" status: 204 len: 168 time: 0.4766734 /var/lib/openstack/lib/python3.10/site-packages/pycadf/identifier.py:71: UserWarning: Invalid uuid: neutron. To ensure interoperability, identifiers should be a valid uuid. warnings.warn(('Invalid uuid: %s. To ensure interoperability, '
2026-09-09 07:36:46.991 10 INFO neutron.notifiers.nova [-] Nova event matching ['req-69905a62-28c6-4b9b-93cd-447f6710f714'] response: {'name': 'network-changed', 'server_uuid': 'c8afa348-1686-4b48-8e86-62adf6c05054', 'tag': 'a7acc000-c843-4c28-a71f-c19f1d79807e', 'status': 'completed', 'code': 200}
2026-09-09 07:36:46.998 9 INFO neutron.api.v2.resource [None req-9e5f826b-5ba3-4e23-9b36-e9758da88765 b69ca5de129749d28e428956f49ec0f3 c8b1d376c5f047cd88b7cc889605be71 - - default default] show failed (client error): The resource could not be found.
2026-09-09 07:36:47.000 9 INFO neutron.wsgi [None req-9e5f826b-5ba3-4e23-9b36-e9758da88765 b69ca5de129749d28e428956f49ec0f3 c8b1d376c5f047cd88b7cc889605be71 - - default default] 10.0.0.106 "GET /v2.0/floatingips/9cae5608-77e6-4325-b0a8-e934c539ee87 HTTP/1.1" status: 404 len: 345 time: 0.0513310
2026-09-09 07:36:47.053 9 INFO neutron.wsgi [req-e7a294fb-0c30-4f4f-968b-9ac6ef90a88d req-e032c069-2408-432a-bc0c-c13eba011151 38897e503a394cb0a323a9a069e740d6 5dea69e8d480437cb1958e422e7cdca8 - - 03e57b709f10441aa7a7705d4a886f60 03e57b709f10441aa7a7705d4a886f60] 162.253.55.147 "GET /v2.0/ports?tenant_id=c8b1d376c5f047cd88b7cc889605be71&device_id=c8afa348-1686-4b48-8e86-62adf6c05054 HTTP/1.1" status: 200 len: 1590 time: 0.0424049
2026-09-09 07:36:47.150 9 INFO neutron.wsgi [req-e7a294fb-0c30-4f4f-968b-9ac6ef90a88d req-d1c6f0c2-2af2-4a6a-a02e-3f3ac896b634 38897e503a394cb0a323a9a069e740d6 5dea69e8d480437cb1958e422e7cdca8 - - 03e57b709f10441aa7a7705d4a886f60 03e57b709f10441aa7a7705d4a886f60] 162.253.55.147 "GET /v2.0/networks?id=1c20b30b-1e34-4be2-8bec-d7aedc451e86 HTTP/1.1" status: 200 len: 1003 time: 0.0900314
2026-09-09 07:36:47.183 9 INFO neutron.wsgi [req-e7a294fb-0c30-4f4f-968b-9ac6ef90a88d req-08db8958-be07-4cd6-97ee-aa772542d373 38897e503a394cb0a323a9a069e740d6 5dea69e8d480437cb1958e422e7cdca8 - - 03e57b709f10441aa7a7705d4a886f60 03e57b709f10441aa7a7705d4a886f60] 162.253.55.147 "GET /v2.0/floatingips?fixed_ip_address=10.2.2.32&port_id=a7acc000-c843-4c28-a71f-c19f1d79807e HTTP/1.1" status: 200 len: 217 time: 0.0271933
2026-09-09 07:36:47.210 10 INFO neutron.wsgi [-] 10.0.0.34 "GET / HTTP/1.1" status: 200 len: 247 time: 0.0017245
2026-09-09 07:36:47.211 10 INFO neutron.wsgi [-] 10.0.0.34 "GET / HTTP/1.1" status: 200 len: 247 time: 0.0011492
2026-09-09 07:36:47.230 9 INFO neutron.wsgi [req-e7a294fb-0c30-4f4f-968b-9ac6ef90a88d req-bd2089f2-f7cd-44b9-9a7d-c5ecc7118ea0 38897e503a394cb0a323a9a069e740d6 5dea69e8d480437cb1958e422e7cdca8 - - 03e57b709f10441aa7a7705d4a886f60 03e57b709f10441aa7a7705d4a886f60] 162.253.55.147 "GET /v2.0/floatingips?fixed_ip_address=fd77%3A1457%3A4cf0%3A26a8%3A%3A183&port_id=a7acc000-c843-4c28-a71f-c19f1d79807e HTTP/1.1" status: 200 len: 217 time: 0.0379725
2026-09-09 07:36:47.255 10 INFO neutron.plugins.ml2.drivers.ovn.mech_driver.mech_driver [None req-5c009000-e905-4825-baa0-d66904499926 - - - - - -] OVN reports status down for port: a7acc000-c843-4c28-a71f-c19f1d79807e
2026-09-09 07:36:47.287 9 INFO neutron.wsgi [req-e7a294fb-0c30-4f4f-968b-9ac6ef90a88d req-23ad2bdf-7db5-4b5e-8c8e-02dc23968688 38897e503a394cb0a323a9a069e740d6 5dea69e8d480437cb1958e422e7cdca8 - - 03e57b709f10441aa7a7705d4a886f60 03e57b709f10441aa7a7705d4a886f60] 162.253.55.147 "GET /v2.0/subnets?id=b0c9d1b5-034e-4e0e-9010-5ac84310f24c&id=bdbac1e9-11d4-4a6c-9403-3435ee839fab HTTP/1.1" status: 200 len: 1567 time: 0.0466137
2026-09-09 07:36:47.317 9 INFO neutron.wsgi [req-e7a294fb-0c30-4f4f-968b-9ac6ef90a88d req-7e7950ca-c37a-45fc-867d-9d9e5c751ddc 38897e503a394cb0a323a9a069e740d6 5dea69e8d480437cb1958e422e7cdca8 - - 03e57b709f10441aa7a7705d4a886f60 03e57b709f10441aa7a7705d4a886f60] 162.253.55.147 "GET /v2.0/ports?network_id=1c20b30b-1e34-4be2-8bec-d7aedc451e86&device_owner=network%3Adhcp HTTP/1.1" status: 200 len: 210 time: 0.0224004
2026-09-09 07:36:47.350 9 INFO neutron.wsgi [req-e7a294fb-0c30-4f4f-968b-9ac6ef90a88d req-637b2f96-f9cb-453c-9966-e85c0cb3a01e 38897e503a394cb0a323a9a069e740d6 5dea69e8d480437cb1958e422e7cdca8 - - 03e57b709f10441aa7a7705d4a886f60 03e57b709f10441aa7a7705d4a886f60] 162.253.55.147 "GET /v2.0/ports?network_id=1c20b30b-1e34-4be2-8bec-d7aedc451e86&device_owner=network%3Adhcp HTTP/1.1" status: 200 len: 210 time: 0.0274761
2026-09-09 07:36:47.427 9 INFO neutron.wsgi [req-e7a294fb-0c30-4f4f-968b-9ac6ef90a88d req-42e83e1c-8ffd-4de5-8933-c0b2562b6601 38897e503a394cb0a323a9a069e740d6 5dea69e8d480437cb1958e422e7cdca8 - - 03e57b709f10441aa7a7705d4a886f60 03e57b709f10441aa7a7705d4a886f60] 162.253.55.147 "GET /v2.0/networks/1c20b30b-1e34-4be2-8bec-d7aedc451e86?fields=segments HTTP/1.1" status: 200 len: 212 time: 0.0693662
2026-09-09 07:36:47.432 9 INFO neutron.notifiers.nova [-] Nova event matching ['req-6af445a1-0cd9-49bf-84c2-ca8e19920ebe'] response: {'server_uuid': '77c323bf-6b83-4a1c-85a9-b919e883ce72', 'name': 'network-vif-plugged', 'status': 'completed', 'tag': 'f8094886-73cc-431c-a04b-102f51a96f11', 'code': 200}
2026-09-09 07:36:47.432 9 INFO neutron.notifiers.nova [-] Nova event matching ['req-6af445a1-0cd9-49bf-84c2-ca8e19920ebe'] response: {'server_uuid': '77c323bf-6b83-4a1c-85a9-b919e883ce72', 'name': 'network-vif-deleted', 'tag': 'f8094886-73cc-431c-a04b-102f51a96f11', 'status': 'completed', 'code': 200}
2026-09-09 07:36:47.494 9 INFO neutron.wsgi [req-e7a294fb-0c30-4f4f-968b-9ac6ef90a88d req-eda617aa-df85-44c7-ad47-199290b30858 38897e503a394cb0a323a9a069e740d6 5dea69e8d480437cb1958e422e7cdca8 - - 03e57b709f10441aa7a7705d4a886f60 03e57b709f10441aa7a7705d4a886f60] 162.253.55.147 "GET /v2.0/networks/1c20b30b-1e34-4be2-8bec-d7aedc451e86?fields=provider%3Aphysical_network&fields=provider%3Anetwork_type HTTP/1.1" status: 200 len: 277 time: 0.0557859
2026-09-09 07:36:47.514 10 INFO neutron.wsgi [req-8ed77cbb-8ccc-4fc9-9772-673e8c7a0871 req-e25412fb-dd4d-4c64-b0e1-2b3495199225 b69ca5de129749d28e428956f49ec0f3 c8b1d376c5f047cd88b7cc889605be71 - - default default] 10.0.0.240 "GET /v2.0/ports?device_id=c8afa348-1686-4b48-8e86-62adf6c05054 HTTP/1.1" status: 200 len: 1398 time: 0.3015788
2026-09-09 07:36:47.564 10 INFO neutron.wsgi [req-8ed77cbb-8ccc-4fc9-9772-673e8c7a0871 req-7fd8aca1-e202-46d3-a67a-8ffcb2ba45d4 b69ca5de129749d28e428956f49ec0f3 c8b1d376c5f047cd88b7cc889605be71 - - default default] 10.0.0.240 "GET /v2.0/security-groups?id=bc5aed81-c115-4ea8-ae57-7414fdb8f2f8&fields=id&fields=name HTTP/1.1" status: 200 len: 310 time: 0.0417967
2026-09-09 07:36:47.593 10 INFO neutron.db.ovn_revision_numbers_db [None req-5c009000-e905-4825-baa0-d66904499926 - - - - - -] Successfully bumped revision number for resource a7acc000-c843-4c28-a71f-c19f1d79807e (type: ports) to 5
2026-09-09 07:36:47.635 9 INFO neutron.wsgi [req-15f6fae1-f412-48a7-a1ab-699e0888e8db req-d3a7b4a8-a368-4782-8297-d36b7011a934 b69ca5de129749d28e428956f49ec0f3 c8b1d376c5f047cd88b7cc889605be71 - - default default] 162.253.55.147 "GET /v2.0/ports?device_id=c8afa348-1686-4b48-8e86-62adf6c05054 HTTP/1.1" status: 200 len: 1398 time: 0.0832086
2026-09-09 07:36:48.033 9 INFO neutron.wsgi [None req-c46831cc-1127-4a92-9596-08c9a752e86e b69ca5de129749d28e428956f49ec0f3 c8b1d376c5f047cd88b7cc889605be71 - - - -] 162.253.55.147 "DELETE /v2.0/ports/a7acc000-c843-4c28-a71f-c19f1d79807e HTTP/1.1" status: 204 len: 173 time: 0.3931110
2026-09-09 07:36:49.023 10 INFO neutron.notifiers.nova [-] Nova event matching ['req-4b6fe7fa-96e5-4cf6-b0f1-0081c9d8abcd'] response: {'server_uuid': 'c8afa348-1686-4b48-8e86-62adf6c05054', 'name': 'network-vif-unplugged', 'status': 'completed', 'tag': 'a7acc000-c843-4c28-a71f-c19f1d79807e', 'code': 200}
2026-09-09 07:36:49.023 10 INFO neutron.notifiers.nova [-] Nova event matching ['req-4b6fe7fa-96e5-4cf6-b0f1-0081c9d8abcd'] response: {'server_uuid': 'c8afa348-1686-4b48-8e86-62adf6c05054', 'name': 'network-vif-plugged', 'status': 'completed', 'tag': 'a7acc000-c843-4c28-a71f-c19f1d79807e', 'code': 200}
2026-09-09 07:36:49.483 9 INFO neutron.notifiers.nova [-] Nova event matching ['req-828f2698-5f1c-4cd1-b14f-30d79f478785'] response: {'server_uuid': 'c8afa348-1686-4b48-8e86-62adf6c05054', 'name': 'network-vif-deleted', 'tag': 'a7acc000-c843-4c28-a71f-c19f1d79807e', 'status': 'completed', 'code': 200} /var/lib/openstack/lib/python3.10/site-packages/pycadf/identifier.py:71: UserWarning: Invalid uuid: neutron. To ensure interoperability, identifiers should be a valid uuid. warnings.warn(('Invalid uuid: %s. To ensure interoperability, '
2026-09-09 07:36:53.037 10 INFO neutron.db.l3_db [None req-3f9505a1-0c42-48cc-b4f6-8002c3a5b783 b69ca5de129749d28e428956f49ec0f3 c8b1d376c5f047cd88b7cc889605be71 - - - -] Floating IP 70db07a8-4826-4905-ab0f-a525c14d6840 disassociated (deleted). External IP: 10.96.250.220, port: d27e1b37-fc39-40b2-b18d-4095646be926.
2026-09-09 07:36:53.132 10 INFO neutron.wsgi [None req-3f9505a1-0c42-48cc-b4f6-8002c3a5b783 b69ca5de129749d28e428956f49ec0f3 c8b1d376c5f047cd88b7cc889605be71 - - - -] 10.0.0.106 "DELETE /v2.0/floatingips/70db07a8-4826-4905-ab0f-a525c14d6840 HTTP/1.1" status: 204 len: 168 time: 0.4946153
2026-09-09 07:36:53.184 10 INFO neutron.notifiers.nova [-] Nova event matching ['req-a6925fce-ffb1-4b81-aa59-529ce46fe5d8'] response: {'name': 'network-changed', 'server_uuid': 'aee45f9e-2ce6-4359-a5e0-012c5a74d355', 'tag': 'd27e1b37-fc39-40b2-b18d-4095646be926', 'status': 'completed', 'code': 200}
2026-09-09 07:36:53.185 9 INFO neutron.api.v2.resource [None req-a0a49527-5ccc-4ffd-bc8c-dd8363e4d709 b69ca5de129749d28e428956f49ec0f3 c8b1d376c5f047cd88b7cc889605be71 - - default default] show failed (client error): The resource could not be found.
2026-09-09 07:36:53.187 9 INFO neutron.wsgi [None req-a0a49527-5ccc-4ffd-bc8c-dd8363e4d709 b69ca5de129749d28e428956f49ec0f3 c8b1d376c5f047cd88b7cc889605be71 - - default default] 10.0.0.106 "GET /v2.0/floatingips/70db07a8-4826-4905-ab0f-a525c14d6840 HTTP/1.1" status: 404 len: 345 time: 0.0491743
2026-09-09 07:36:53.225 9 INFO neutron.wsgi [req-a3ec43a7-ebfd-41d4-a3d6-788580106bd5 req-38fb9218-b9ff-4bb7-88f7-5aa6ffb3c438 38897e503a394cb0a323a9a069e740d6 5dea69e8d480437cb1958e422e7cdca8 - - 03e57b709f10441aa7a7705d4a886f60 03e57b709f10441aa7a7705d4a886f60] 162.253.55.147 "GET /v2.0/ports?tenant_id=c8b1d376c5f047cd88b7cc889605be71&device_id=aee45f9e-2ce6-4359-a5e0-012c5a74d355 HTTP/1.1" status: 200 len: 1586 time: 0.0261769
