2026-09-09 07:31:06.468 10 INFO neutron.wsgi [req-57e064de-dbb9-4777-86f6-84125d2e8ef3 req-ecbe3bbd-577d-4232-b41e-026a07dbd5f0 8a803ae4cbe1416b88d62e356e371924 65c0a95063614fc2bff6a848e9ed7eb2 - - default default] 10.0.0.240 "GET /v2.0/security-groups/6d678118-68cc-4a8c-8563-9e534ba13307 HTTP/1.1" status: 200 len: 2994 time: 0.0536315 /var/lib/openstack/lib/python3.10/site-packages/pycadf/identifier.py:71: UserWarning: Invalid uuid: neutron. To ensure interoperability, identifiers should be a valid uuid. warnings.warn(('Invalid uuid: %s. To ensure interoperability, '
2026-09-09 07:31:06.514 9 INFO neutron.wsgi [req-a047474c-5bb5-4375-a2d3-f8e399751de1 req-e3313863-aa1b-42b3-88a3-99077d914b3b 1cc735efd2e943d0a1b7743b3a7ccd66 fb4b50415cb94c53851be06dc3e68033 - - default default] 10.0.0.240 "GET /v2.0/ports?device_id=b9224548-bf63-4f25-91c3-e7ca5db0c9e7 HTTP/1.1" status: 200 len: 1172 time: 0.0493753
2026-09-09 07:31:06.519 9 INFO neutron.db.ovn_revision_numbers_db [None req-44ff6304-276d-4c66-828e-d750700d27f5 38897e503a394cb0a323a9a069e740d6 5dea69e8d480437cb1958e422e7cdca8 - - - -] Successfully bumped revision number for resource d271a86a-0023-4077-adc9-ffe8937e801c (type: ports) to 2
2026-09-09 07:31:06.526 10 INFO neutron.api.v2.resource [req-82d43381-4e27-4f63-86e9-a82caf505680 req-522dbe8e-d58e-4710-8e2a-18853f8d711a 8a803ae4cbe1416b88d62e356e371924 65c0a95063614fc2bff6a848e9ed7eb2 - - default default] show failed (client error): The resource could not be found.
2026-09-09 07:31:06.527 10 INFO neutron.wsgi [req-82d43381-4e27-4f63-86e9-a82caf505680 req-522dbe8e-d58e-4710-8e2a-18853f8d711a 8a803ae4cbe1416b88d62e356e371924 65c0a95063614fc2bff6a848e9ed7eb2 - - default default] 10.0.0.240 "GET /v2.0/security-groups/038f1859-baa6-4e8e-9df6-3c152ad5eeb2 HTTP/1.1" status: 404 len: 352 time: 0.0275242
2026-09-09 07:31:06.561 9 INFO neutron.wsgi [req-a047474c-5bb5-4375-a2d3-f8e399751de1 req-c69e69c5-e607-459f-8b29-dd02c8d59307 1cc735efd2e943d0a1b7743b3a7ccd66 fb4b50415cb94c53851be06dc3e68033 - - default default] 10.0.0.240 "GET /v2.0/security-groups?id=8cdf1187-2a0c-41f2-aa31-6afeb0b09788&fields=id&fields=name HTTP/1.1" status: 200 len: 313 time: 0.0402408 /var/lib/openstack/lib/python3.10/site-packages/pycadf/identifier.py:71: UserWarning: Invalid uuid: neutron. To ensure interoperability, identifiers should be a valid uuid. warnings.warn(('Invalid uuid: %s. To ensure interoperability, '
2026-09-09 07:31:06.589 10 INFO neutron.api.v2.resource [req-2415e1bc-3b3f-476e-9f3e-59f58aa8e60b req-7ad82583-c290-4441-b04e-c3c21df08fff 8a803ae4cbe1416b88d62e356e371924 65c0a95063614fc2bff6a848e9ed7eb2 - - default default] show failed (client error): The resource could not be found.
2026-09-09 07:31:06.590 10 INFO neutron.wsgi [req-2415e1bc-3b3f-476e-9f3e-59f58aa8e60b req-7ad82583-c290-4441-b04e-c3c21df08fff 8a803ae4cbe1416b88d62e356e371924 65c0a95063614fc2bff6a848e9ed7eb2 - - default default] 10.0.0.240 "GET /v2.0/security-groups/405a4a5b-c4fd-4087-9d3f-baee7a3b26b4 HTTP/1.1" status: 404 len: 352 time: 0.0175943
2026-09-09 07:31:06.645 9 INFO neutron.api.v2.resource [req-4244a3fe-b253-4ca6-9d30-d39001e90bb7 req-7bcf8ef6-3e5a-448f-a755-85811058801a 8a803ae4cbe1416b88d62e356e371924 65c0a95063614fc2bff6a848e9ed7eb2 - - default default] show failed (client error): The resource could not be found.
2026-09-09 07:31:06.646 9 INFO neutron.wsgi [req-4244a3fe-b253-4ca6-9d30-d39001e90bb7 req-7bcf8ef6-3e5a-448f-a755-85811058801a 8a803ae4cbe1416b88d62e356e371924 65c0a95063614fc2bff6a848e9ed7eb2 - - default default] 10.0.0.240 "GET /v2.0/security-groups/3bb75efb-92b6-4354-845e-8eddb8fa2e78 HTTP/1.1" status: 404 len: 352 time: 0.0298812
2026-09-09 07:31:06.723 10 INFO neutron.db.ovn_revision_numbers_db [None req-bff69503-1ef3-4df4-8076-5cb2685a516b 38897e503a394cb0a323a9a069e740d6 5dea69e8d480437cb1958e422e7cdca8 - - - -] Successfully bumped revision number for resource b0c7eaa5-c2aa-483a-8948-1d855ec19b70 (type: ports) to 2
2026-09-09 07:31:06.755 9 INFO neutron.wsgi [None req-76bb0c02-98bc-452b-8aec-0c1095f9e584 153144be5d9d4ad3bbb85fbebb0c6f1e 65167c832edb425e9bc00a82e5e5347a - - default default] 10.0.0.106 "GET /v2.0/security-groups?tenant_id=8f18e605fe4a4d4292a5d6bce569e60c&name=default HTTP/1.1" status: 200 len: 2992 time: 0.0777092 /var/lib/openstack/lib/python3.10/site-packages/pycadf/identifier.py:71: UserWarning: Invalid uuid: neutron. To ensure interoperability, identifiers should be a valid uuid. warnings.warn(('Invalid uuid: %s. To ensure interoperability, '
2026-09-09 07:31:06.781 9 INFO neutron.db.ovn_revision_numbers_db [None req-44ff6304-276d-4c66-828e-d750700d27f5 38897e503a394cb0a323a9a069e740d6 5dea69e8d480437cb1958e422e7cdca8 - - - -] Successfully bumped revision number for resource d271a86a-0023-4077-adc9-ffe8937e801c (type: ports) to 2
2026-09-09 07:31:06.783 10 INFO neutron.services.segments.plugin [-] Segment d2c62e14-2dc3-4f94-90e7-2a3432ed8e92 resource provider aggregate not found
2026-09-09 07:31:06.789 10 INFO neutron.services.segments.plugin [-] Segment d2c62e14-2dc3-4f94-90e7-2a3432ed8e92 resource provider aggregate not found
2026-09-09 07:31:06.801 9 INFO neutron.wsgi [None req-44ff6304-276d-4c66-828e-d750700d27f5 38897e503a394cb0a323a9a069e740d6 5dea69e8d480437cb1958e422e7cdca8 - - - -] 162.253.55.147 "PUT /v2.0/ports/d271a86a-0023-4077-adc9-ffe8937e801c HTTP/1.1" status: 200 len: 1332 time: 0.7339795
2026-09-09 07:31:06.803 10 INFO neutron.services.segments.plugin [-] Segment d2c62e14-2dc3-4f94-90e7-2a3432ed8e92 resource provider not found; error: Placement Client Error (4xx): {"errors": [{"status": 404, "title": "Not Found", "detail": "The resource could not be found.\n\n No resource provider with uuid d2c62e14-2dc3-4f94-90e7-2a3432ed8e92 found for delete ", "request_id": "req-a846823c-0b27-4536-8823-914b91bc2276"}]}
2026-09-09 07:31:06.804 10 INFO neutron.services.segments.plugin [-] Segment d2c62e14-2dc3-4f94-90e7-2a3432ed8e92 resource provider not found; error: Placement Client Error (4xx): {"errors": [{"status": 404, "title": "Not Found", "detail": "The resource could not be found.\n\n No resource provider with uuid d2c62e14-2dc3-4f94-90e7-2a3432ed8e92 found for delete ", "request_id": "req-393b0b96-4384-4f96-8cb4-955fa34450e1"}]}
2026-09-09 07:31:06.899 9 INFO neutron.wsgi [req-b9ec5b1b-a422-4fde-8736-8470169907a2 req-c7617378-d76d-4edc-9d00-9b3b8c052d11 38897e503a394cb0a323a9a069e740d6 5dea69e8d480437cb1958e422e7cdca8 - - 03e57b709f10441aa7a7705d4a886f60 03e57b709f10441aa7a7705d4a886f60] 162.253.55.147 "GET /v2.0/ports?tenant_id=fb4b50415cb94c53851be06dc3e68033&device_id=b9224548-bf63-4f25-91c3-e7ca5db0c9e7 HTTP/1.1" status: 200 len: 1363 time: 0.0581827
2026-09-09 07:31:06.952 9 INFO neutron.wsgi [req-b9ec5b1b-a422-4fde-8736-8470169907a2 req-5712a867-6c8a-405b-876a-57567335a73f 38897e503a394cb0a323a9a069e740d6 5dea69e8d480437cb1958e422e7cdca8 - - 03e57b709f10441aa7a7705d4a886f60 03e57b709f10441aa7a7705d4a886f60] 162.253.55.147 "GET /v2.0/floatingips?fixed_ip_address=10.100.0.13&port_id=d271a86a-0023-4077-adc9-ffe8937e801c HTTP/1.1" status: 200 len: 217 time: 0.0431464
2026-09-09 07:31:06.996 10 INFO neutron.db.ovn_revision_numbers_db [None req-bff69503-1ef3-4df4-8076-5cb2685a516b 38897e503a394cb0a323a9a069e740d6 5dea69e8d480437cb1958e422e7cdca8 - - - -] Successfully bumped revision number for resource b0c7eaa5-c2aa-483a-8948-1d855ec19b70 (type: ports) to 2
2026-09-09 07:31:06.999 9 INFO neutron.wsgi [req-b9ec5b1b-a422-4fde-8736-8470169907a2 req-ab2f7f8f-643b-49fa-9e09-1450bc2b4b5a 38897e503a394cb0a323a9a069e740d6 5dea69e8d480437cb1958e422e7cdca8 - - 03e57b709f10441aa7a7705d4a886f60 03e57b709f10441aa7a7705d4a886f60] 162.253.55.147 "GET /v2.0/subnets?id=7cb3efd3-d4f4-4cf0-9970-35aa588d94df HTTP/1.1" status: 200 len: 876 time: 0.0395491 /var/lib/openstack/lib/python3.10/site-packages/pycadf/identifier.py:71: UserWarning: Invalid uuid: neutron. To ensure interoperability, identifiers should be a valid uuid. warnings.warn(('Invalid uuid: %s. To ensure interoperability, '
2026-09-09 07:31:07.028 10 INFO neutron.wsgi [None req-bff69503-1ef3-4df4-8076-5cb2685a516b 38897e503a394cb0a323a9a069e740d6 5dea69e8d480437cb1958e422e7cdca8 - - - -] 162.253.55.147 "PUT /v2.0/ports/b0c7eaa5-c2aa-483a-8948-1d855ec19b70 HTTP/1.1" status: 200 len: 1328 time: 1.2300448
2026-09-09 07:31:07.046 9 INFO neutron.wsgi [req-b9ec5b1b-a422-4fde-8736-8470169907a2 req-160bdd70-6331-48a3-b2c7-766dd53ae071 38897e503a394cb0a323a9a069e740d6 5dea69e8d480437cb1958e422e7cdca8 - - 03e57b709f10441aa7a7705d4a886f60 03e57b709f10441aa7a7705d4a886f60] 162.253.55.147 "GET /v2.0/ports?network_id=407ff189-084d-4b57-a918-496d1452afd7&device_owner=network%3Adhcp HTTP/1.1" status: 200 len: 210 time: 0.0397072
2026-09-09 07:31:07.102 9 INFO neutron.wsgi [req-b9ec5b1b-a422-4fde-8736-8470169907a2 req-6b66a985-3b40-4278-a6bb-169e54e0e656 38897e503a394cb0a323a9a069e740d6 5dea69e8d480437cb1958e422e7cdca8 - - 03e57b709f10441aa7a7705d4a886f60 03e57b709f10441aa7a7705d4a886f60] 162.253.55.147 "GET /v2.0/networks/407ff189-084d-4b57-a918-496d1452afd7?fields=segments HTTP/1.1" status: 200 len: 212 time: 0.0516775
2026-09-09 07:31:07.104 9 INFO neutron.wsgi [None req-d8128f86-dcf5-4a4c-91ac-f2b98e51544e 153144be5d9d4ad3bbb85fbebb0c6f1e 65167c832edb425e9bc00a82e5e5347a - - - -] 10.0.0.106 "DELETE /v2.0/security-groups/a384516b-8f38-46c1-9b4c-b03c53a298f4 HTTP/1.1" status: 204 len: 168 time: 0.3440714
2026-09-09 07:31:07.145 10 INFO neutron.wsgi [req-128b576c-1680-4e32-9b39-51b9e5a9e24f req-9462dc0d-a69a-453e-a041-4ceff1a667bc 38897e503a394cb0a323a9a069e740d6 5dea69e8d480437cb1958e422e7cdca8 - - 03e57b709f10441aa7a7705d4a886f60 03e57b709f10441aa7a7705d4a886f60] 162.253.55.147 "GET /v2.0/ports?tenant_id=46aadb2a12ce4709af1e9bb981bf8736&device_id=78a14b97-3993-4dda-9431-6e79b6525a0b HTTP/1.1" status: 200 len: 1359 time: 0.0637598
2026-09-09 07:31:07.159 9 INFO neutron.wsgi [req-b9ec5b1b-a422-4fde-8736-8470169907a2 req-8c02adac-6f29-43d1-8026-d9363bbe8326 38897e503a394cb0a323a9a069e740d6 5dea69e8d480437cb1958e422e7cdca8 - - 03e57b709f10441aa7a7705d4a886f60 03e57b709f10441aa7a7705d4a886f60] 162.253.55.147 "GET /v2.0/networks/407ff189-084d-4b57-a918-496d1452afd7?fields=provider%3Aphysical_network&fields=provider%3Anetwork_type HTTP/1.1" status: 200 len: 277 time: 0.0510604
2026-09-09 07:31:07.185 10 INFO neutron.wsgi [req-537d3a92-0afa-4944-a4b7-50894a8d88f7 req-f2d2b5e0-580d-4221-a0c3-58fc2764df81 43f81316ebc5423191f59940567b23ae 46aadb2a12ce4709af1e9bb981bf8736 - - default default] 10.0.0.240 "GET /v2.0/ports?device_id=78a14b97-3993-4dda-9431-6e79b6525a0b HTTP/1.1" status: 200 len: 1168 time: 0.1671295
2026-09-09 07:31:07.187 10 INFO neutron.wsgi [req-128b576c-1680-4e32-9b39-51b9e5a9e24f req-f67d51be-0af2-4cd4-a669-c376d3725f73 38897e503a394cb0a323a9a069e740d6 5dea69e8d480437cb1958e422e7cdca8 - - 03e57b709f10441aa7a7705d4a886f60 03e57b709f10441aa7a7705d4a886f60] 162.253.55.147 "GET /v2.0/floatingips?fixed_ip_address=10.100.0.9&port_id=b0c7eaa5-c2aa-483a-8948-1d855ec19b70 HTTP/1.1" status: 200 len: 217 time: 0.0366714
2026-09-09 07:31:07.243 10 INFO neutron.wsgi [req-128b576c-1680-4e32-9b39-51b9e5a9e24f req-41bc3818-988b-4f61-a70b-9c8cb79e2043 38897e503a394cb0a323a9a069e740d6 5dea69e8d480437cb1958e422e7cdca8 - - 03e57b709f10441aa7a7705d4a886f60 03e57b709f10441aa7a7705d4a886f60] 162.253.55.147 "GET /v2.0/subnets?id=08472d8c-2358-41c6-893f-6293acad9c99 HTTP/1.1" status: 200 len: 871 time: 0.0491428
2026-09-09 07:31:07.246 10 INFO neutron.wsgi [req-537d3a92-0afa-4944-a4b7-50894a8d88f7 req-0ded896d-a825-40b2-bc25-61a42278f2aa 43f81316ebc5423191f59940567b23ae 46aadb2a12ce4709af1e9bb981bf8736 - - default default] 10.0.0.240 "GET /v2.0/security-groups?id=bd8e0abf-6552-45a9-b781-5c299c4eb32a&fields=id&fields=name HTTP/1.1" status: 200 len: 286 time: 0.0535469
2026-09-09 07:31:07.286 10 INFO neutron.wsgi [req-128b576c-1680-4e32-9b39-51b9e5a9e24f req-5aad5348-81ab-4809-934e-0ba04de28862 38897e503a394cb0a323a9a069e740d6 5dea69e8d480437cb1958e422e7cdca8 - - 03e57b709f10441aa7a7705d4a886f60 03e57b709f10441aa7a7705d4a886f60] 162.253.55.147 "GET /v2.0/ports?network_id=74fa278d-69df-497d-9f14-19920184bd2e&device_owner=network%3Adhcp HTTP/1.1" status: 200 len: 210 time: 0.0322163
2026-09-09 07:31:07.424 9 INFO neutron.notifiers.nova [-] Nova event matching ['req-f1a9de49-ef9c-4366-8e0d-e21ecfda3175'] response: {'name': 'network-changed', 'server_uuid': 'b9224548-bf63-4f25-91c3-e7ca5db0c9e7', 'tag': 'd271a86a-0023-4077-adc9-ffe8937e801c', 'status': 'completed', 'code': 200}
2026-09-09 07:31:07.447 10 INFO neutron.wsgi [req-128b576c-1680-4e32-9b39-51b9e5a9e24f req-85f0f943-36e8-402d-b434-03976ab2e2de 38897e503a394cb0a323a9a069e740d6 5dea69e8d480437cb1958e422e7cdca8 - - 03e57b709f10441aa7a7705d4a886f60 03e57b709f10441aa7a7705d4a886f60] 162.253.55.147 "GET /v2.0/networks/74fa278d-69df-497d-9f14-19920184bd2e?fields=segments HTTP/1.1" status: 200 len: 212 time: 0.0727034
2026-09-09 07:31:07.537 9 INFO neutron.wsgi [req-849922a9-5381-4a3f-a882-a2bf2c5026f7 req-7f602ddb-5cf2-408e-b5a2-bab74a720899 38897e503a394cb0a323a9a069e740d6 5dea69e8d480437cb1958e422e7cdca8 - - 03e57b709f10441aa7a7705d4a886f60 03e57b709f10441aa7a7705d4a886f60] 162.253.55.147 "GET /v2.0/ports?tenant_id=fb4b50415cb94c53851be06dc3e68033&device_id=b9224548-bf63-4f25-91c3-e7ca5db0c9e7 HTTP/1.1" status: 200 len: 1363 time: 0.0448580
2026-09-09 07:31:07.549 10 INFO neutron.wsgi [req-128b576c-1680-4e32-9b39-51b9e5a9e24f req-95c916b4-8b44-408e-abfe-5a2c9aa10137 38897e503a394cb0a323a9a069e740d6 5dea69e8d480437cb1958e422e7cdca8 - - 03e57b709f10441aa7a7705d4a886f60 03e57b709f10441aa7a7705d4a886f60] 162.253.55.147 "GET /v2.0/networks/74fa278d-69df-497d-9f14-19920184bd2e?fields=provider%3Aphysical_network&fields=provider%3Anetwork_type HTTP/1.1" status: 200 len: 277 time: 0.0632567
2026-09-09 07:31:07.550 10 INFO neutron.notifiers.nova [-] Nova event matching ['req-3dfa237a-c78a-441b-8030-a9d9a197993b'] response: {'name': 'network-changed', 'server_uuid': '78a14b97-3993-4dda-9431-6e79b6525a0b', 'tag': 'b0c7eaa5-c2aa-483a-8948-1d855ec19b70', 'status': 'completed', 'code': 200}
2026-09-09 07:31:07.656 9 INFO neutron.wsgi [req-849922a9-5381-4a3f-a882-a2bf2c5026f7 req-4cabdfe2-b594-4d7d-a915-480534495cc3 38897e503a394cb0a323a9a069e740d6 5dea69e8d480437cb1958e422e7cdca8 - - 03e57b709f10441aa7a7705d4a886f60 03e57b709f10441aa7a7705d4a886f60] 162.253.55.147 "GET /v2.0/networks?id=407ff189-084d-4b57-a918-496d1452afd7 HTTP/1.1" status: 200 len: 981 time: 0.1124139
2026-09-09 07:31:07.673 9 INFO neutron.wsgi [req-3af5a3cb-4df0-4a4c-a229-f00bd266f7f5 req-8707c661-32cf-4f43-9985-759e1b8b2087 1cc735efd2e943d0a1b7743b3a7ccd66 fb4b50415cb94c53851be06dc3e68033 - - default default] 10.0.0.240 "GET /v2.0/ports?device_id=b9224548-bf63-4f25-91c3-e7ca5db0c9e7 HTTP/1.1" status: 200 len: 1172 time: 0.0488620
2026-09-09 07:31:07.722 9 INFO neutron.wsgi [req-849922a9-5381-4a3f-a882-a2bf2c5026f7 req-1af36db2-c0ff-4faa-a781-0635c3bb6609 38897e503a394cb0a323a9a069e740d6 5dea69e8d480437cb1958e422e7cdca8 - - 03e57b709f10441aa7a7705d4a886f60 03e57b709f10441aa7a7705d4a886f60] 162.253.55.147 "GET /v2.0/floatingips?fixed_ip_address=10.100.0.13&port_id=d271a86a-0023-4077-adc9-ffe8937e801c HTTP/1.1" status: 200 len: 217 time: 0.0585735
2026-09-09 07:31:07.733 9 INFO neutron.wsgi [req-3af5a3cb-4df0-4a4c-a229-f00bd266f7f5 req-3cc3d2c9-0634-44ec-b5f3-0d7f097ce160 1cc735efd2e943d0a1b7743b3a7ccd66 fb4b50415cb94c53851be06dc3e68033 - - default default] 10.0.0.240 "GET /v2.0/security-groups?id=8cdf1187-2a0c-41f2-aa31-6afeb0b09788&fields=id&fields=name HTTP/1.1" status: 200 len: 313 time: 0.0506678
2026-09-09 07:31:07.768 9 INFO neutron.wsgi [req-849922a9-5381-4a3f-a882-a2bf2c5026f7 req-bbee3047-28b0-4944-98e1-96739250ede1 38897e503a394cb0a323a9a069e740d6 5dea69e8d480437cb1958e422e7cdca8 - - 03e57b709f10441aa7a7705d4a886f60 03e57b709f10441aa7a7705d4a886f60] 162.253.55.147 "GET /v2.0/subnets?id=7cb3efd3-d4f4-4cf0-9970-35aa588d94df HTTP/1.1" status: 200 len: 876 time: 0.0345125
2026-09-09 07:31:07.784 10 INFO neutron.wsgi [req-971f617f-3e5c-414a-a388-7c952560735f req-92986d4b-14ed-49b1-9549-a10b577553a6 38897e503a394cb0a323a9a069e740d6 5dea69e8d480437cb1958e422e7cdca8 - - 03e57b709f10441aa7a7705d4a886f60 03e57b709f10441aa7a7705d4a886f60] 162.253.55.147 "GET /v2.0/ports?tenant_id=46aadb2a12ce4709af1e9bb981bf8736&device_id=78a14b97-3993-4dda-9431-6e79b6525a0b HTTP/1.1" status: 200 len: 1359 time: 0.1839836
2026-09-09 07:31:07.793 9 INFO neutron.wsgi [req-849922a9-5381-4a3f-a882-a2bf2c5026f7 req-f02eabdb-f622-4229-8938-1fa82f6b1190 38897e503a394cb0a323a9a069e740d6 5dea69e8d480437cb1958e422e7cdca8 - - 03e57b709f10441aa7a7705d4a886f60 03e57b709f10441aa7a7705d4a886f60] 162.253.55.147 "GET /v2.0/ports?network_id=407ff189-084d-4b57-a918-496d1452afd7&device_owner=network%3Adhcp HTTP/1.1" status: 200 len: 210 time: 0.0181322
2026-09-09 07:31:07.845 9 INFO neutron.wsgi [req-849922a9-5381-4a3f-a882-a2bf2c5026f7 req-c3a60118-5dfb-42fb-aa81-2856be99692e 38897e503a394cb0a323a9a069e740d6 5dea69e8d480437cb1958e422e7cdca8 - - 03e57b709f10441aa7a7705d4a886f60 03e57b709f10441aa7a7705d4a886f60] 162.253.55.147 "GET /v2.0/networks/407ff189-084d-4b57-a918-496d1452afd7?fields=segments HTTP/1.1" status: 200 len: 212 time: 0.0469213
2026-09-09 07:31:07.853 10 INFO neutron.wsgi [req-971f617f-3e5c-414a-a388-7c952560735f req-434e96a4-af5a-4594-8783-7b833c798e16 38897e503a394cb0a323a9a069e740d6 5dea69e8d480437cb1958e422e7cdca8 - - 03e57b709f10441aa7a7705d4a886f60 03e57b709f10441aa7a7705d4a886f60] 162.253.55.147 "GET /v2.0/networks?id=74fa278d-69df-497d-9f14-19920184bd2e HTTP/1.1" status: 200 len: 975 time: 0.0605197
2026-09-09 07:31:07.892 10 INFO neutron.wsgi [req-971f617f-3e5c-414a-a388-7c952560735f req-799ad3a6-7d9b-4957-9fe2-02169b4311a9 38897e503a394cb0a323a9a069e740d6 5dea69e8d480437cb1958e422e7cdca8 - - 03e57b709f10441aa7a7705d4a886f60 03e57b709f10441aa7a7705d4a886f60] 162.253.55.147 "GET /v2.0/floatingips?fixed_ip_address=10.100.0.9&port_id=b0c7eaa5-c2aa-483a-8948-1d855ec19b70 HTTP/1.1" status: 200 len: 217 time: 0.0283744
2026-09-09 07:31:07.893 9 INFO neutron.wsgi [req-849922a9-5381-4a3f-a882-a2bf2c5026f7 req-fd691733-0a44-488f-b98e-2228d4fab5bf 38897e503a394cb0a323a9a069e740d6 5dea69e8d480437cb1958e422e7cdca8 - - 03e57b709f10441aa7a7705d4a886f60 03e57b709f10441aa7a7705d4a886f60] 162.253.55.147 "GET /v2.0/networks/407ff189-084d-4b57-a918-496d1452afd7?fields=provider%3Aphysical_network&fields=provider%3Anetwork_type HTTP/1.1" status: 200 len: 277 time: 0.0425606
2026-09-09 07:31:07.943 10 INFO neutron.wsgi [req-971f617f-3e5c-414a-a388-7c952560735f req-0c317332-5aef-4cce-809d-d225829c4925 38897e503a394cb0a323a9a069e740d6 5dea69e8d480437cb1958e422e7cdca8 - - 03e57b709f10441aa7a7705d4a886f60 03e57b709f10441aa7a7705d4a886f60] 162.253.55.147 "GET /v2.0/subnets?id=08472d8c-2358-41c6-893f-6293acad9c99 HTTP/1.1" status: 200 len: 871 time: 0.0432484
2026-09-09 07:31:07.977 10 INFO neutron.wsgi [req-971f617f-3e5c-414a-a388-7c952560735f req-2a552ac3-4e48-4851-82de-6173cd4a30f1 38897e503a394cb0a323a9a069e740d6 5dea69e8d480437cb1958e422e7cdca8 - - 03e57b709f10441aa7a7705d4a886f60 03e57b709f10441aa7a7705d4a886f60] 162.253.55.147 "GET /v2.0/ports?network_id=74fa278d-69df-497d-9f14-19920184bd2e&device_owner=network%3Adhcp HTTP/1.1" status: 200 len: 210 time: 0.0214255
2026-09-09 07:31:08.042 10 INFO neutron.wsgi [req-971f617f-3e5c-414a-a388-7c952560735f req-5de3c94a-e80f-4a38-8b92-e8f016bef00f 38897e503a394cb0a323a9a069e740d6 5dea69e8d480437cb1958e422e7cdca8 - - 03e57b709f10441aa7a7705d4a886f60 03e57b709f10441aa7a7705d4a886f60] 162.253.55.147 "GET /v2.0/networks/74fa278d-69df-497d-9f14-19920184bd2e?fields=segments HTTP/1.1" status: 200 len: 212 time: 0.0591183
2026-09-09 07:31:08.134 10 INFO neutron.wsgi [None req-26c38f03-b193-4d9d-9bed-3d22c17b4589 153144be5d9d4ad3bbb85fbebb0c6f1e 65167c832edb425e9bc00a82e5e5347a - - - -] 10.0.0.106 "PUT /v2.0/routers/1e963c0b-9923-4e73-ab5e-cf113c940f68/remove_router_interface HTTP/1.1" status: 200 len: 503 time: 1.4793863
2026-09-09 07:31:08.149 10 INFO neutron.wsgi [req-971f617f-3e5c-414a-a388-7c952560735f req-31197b0b-2dd1-4b3f-adca-ffbd985a900b 38897e503a394cb0a323a9a069e740d6 5dea69e8d480437cb1958e422e7cdca8 - - 03e57b709f10441aa7a7705d4a886f60 03e57b709f10441aa7a7705d4a886f60] 162.253.55.147 "GET /v2.0/networks/74fa278d-69df-497d-9f14-19920184bd2e?fields=provider%3Aphysical_network&fields=provider%3Anetwork_type HTTP/1.1" status: 200 len: 277 time: 0.0902841 /var/lib/openstack/lib/python3.10/site-packages/pycadf/identifier.py:71: UserWarning: Invalid uuid: neutron. To ensure interoperability, identifiers should be a valid uuid. warnings.warn(('Invalid uuid: %s. To ensure interoperability, '
2026-09-09 07:31:08.385 10 INFO neutron.wsgi [req-ed1a317e-55e8-4350-ac43-55d4ba4d98fa req-d8e8157f-cf54-494e-aa56-841d308eaa46 43f81316ebc5423191f59940567b23ae 46aadb2a12ce4709af1e9bb981bf8736 - - default default] 10.0.0.240 "GET /v2.0/ports?device_id=78a14b97-3993-4dda-9431-6e79b6525a0b HTTP/1.1" status: 200 len: 1168 time: 0.0559907
2026-09-09 07:31:08.436 10 INFO neutron.wsgi [req-ed1a317e-55e8-4350-ac43-55d4ba4d98fa req-35676325-bf9c-4805-b165-64132483200d 43f81316ebc5423191f59940567b23ae 46aadb2a12ce4709af1e9bb981bf8736 - - default default] 10.0.0.240 "GET /v2.0/security-groups?id=bd8e0abf-6552-45a9-b781-5c299c4eb32a&fields=id&fields=name HTTP/1.1" status: 200 len: 286 time: 0.0426886
2026-09-09 07:31:08.911 9 INFO neutron.wsgi [req-3c07a829-2efd-4ddf-b4f5-65d857fdfe39 req-ef4c7d3c-b112-4bd7-8ecf-5875a051f347 1cc735efd2e943d0a1b7743b3a7ccd66 fb4b50415cb94c53851be06dc3e68033 - - default default] 10.0.0.240 "GET /v2.0/ports?device_id=b9224548-bf63-4f25-91c3-e7ca5db0c9e7 HTTP/1.1" status: 200 len: 1172 time: 0.1092911
2026-09-09 07:31:09.000 9 INFO neutron.wsgi [req-3c07a829-2efd-4ddf-b4f5-65d857fdfe39 req-e2f78b4c-183e-44ef-bd78-741b8c4bd42c 1cc735efd2e943d0a1b7743b3a7ccd66 fb4b50415cb94c53851be06dc3e68033 - - default default] 10.0.0.240 "GET /v2.0/security-groups?id=8cdf1187-2a0c-41f2-aa31-6afeb0b09788&fields=id&fields=name HTTP/1.1" status: 200 len: 313 time: 0.0750270
2026-09-09 07:31:09.037 9 INFO neutron.wsgi [None req-4185e4d4-2c25-4a61-b40b-6af1a17de149 153144be5d9d4ad3bbb85fbebb0c6f1e 65167c832edb425e9bc00a82e5e5347a - - - -] 10.0.0.106 "DELETE /v2.0/routers/1e963c0b-9923-4e73-ab5e-cf113c940f68 HTTP/1.1" status: 204 len: 168 time: 0.8965454
2026-09-09 07:31:09.214 9 INFO neutron.wsgi [None req-44a09238-95b3-4f2c-a66b-dca2d0ed543c 153144be5d9d4ad3bbb85fbebb0c6f1e 65167c832edb425e9bc00a82e5e5347a - - - -] 10.0.0.106 "DELETE /v2.0/subnets/00eb8d57-2930-4af6-992d-e799ce79cc86 HTTP/1.1" status: 204 len: 168 time: 0.1726723
2026-09-09 07:31:09.303 10 INFO neutron.db.ovn_revision_numbers_db [None req-504be18e-824a-4618-9244-471d291d2097 153144be5d9d4ad3bbb85fbebb0c6f1e 65167c832edb425e9bc00a82e5e5347a - - - -] Successfully bumped revision number for resource 0d820f97-1f46-477d-82c5-81825f296fa2 (type: security_groups) to 1
2026-09-09 07:31:09.376 10 INFO neutron.db.segments_db [None req-504be18e-824a-4618-9244-471d291d2097 153144be5d9d4ad3bbb85fbebb0c6f1e 65167c832edb425e9bc00a82e5e5347a - - - -] Added segment a15fff68-8685-4e35-a3c1-37b999c9faad of type geneve for network dbd5631d-7ba4-41d8-ac25-51db03c1bead
2026-09-09 07:31:09.497 10 INFO neutron.db.ovn_revision_numbers_db [None req-504be18e-824a-4618-9244-471d291d2097 153144be5d9d4ad3bbb85fbebb0c6f1e 65167c832edb425e9bc00a82e5e5347a - - - -] Successfully bumped revision number for resource dbd5631d-7ba4-41d8-ac25-51db03c1bead (type: networks) to 1
2026-09-09 07:31:09.549 9 INFO neutron.wsgi [None req-d6aaa5c1-70c9-4082-a104-a65c55cece48 153144be5d9d4ad3bbb85fbebb0c6f1e 65167c832edb425e9bc00a82e5e5347a - - - -] 10.0.0.106 "DELETE /v2.0/networks/9d500d9e-2e83-468b-8f83-82a7cd54519b HTTP/1.1" status: 204 len: 168 time: 0.3289804
2026-09-09 07:31:09.577 10 INFO neutron.wsgi [req-a3c3a37b-ff36-4564-9e65-c42826e7c781 req-ee0f266f-f743-4fd2-a504-711ec4b1dd41 43f81316ebc5423191f59940567b23ae 46aadb2a12ce4709af1e9bb981bf8736 - - default default] 10.0.0.240 "GET /v2.0/ports?device_id=78a14b97-3993-4dda-9431-6e79b6525a0b HTTP/1.1" status: 200 len: 1168 time: 0.0466719
2026-09-09 07:31:09.625 10 INFO neutron.wsgi [req-a3c3a37b-ff36-4564-9e65-c42826e7c781 req-f9b822ea-91e2-464f-9daf-8dad44f138a9 43f81316ebc5423191f59940567b23ae 46aadb2a12ce4709af1e9bb981bf8736 - - default default] 10.0.0.240 "GET /v2.0/security-groups?id=bd8e0abf-6552-45a9-b781-5c299c4eb32a&fields=id&fields=name HTTP/1.1" status: 200 len: 286 time: 0.0376389
2026-09-09 07:31:09.782 10 WARNING neutron.scheduler.dhcp_agent_scheduler [None req-504be18e-824a-4618-9244-471d291d2097 153144be5d9d4ad3bbb85fbebb0c6f1e 65167c832edb425e9bc00a82e5e5347a - - - -] No more DHCP agents
2026-09-09 07:31:09.783 10 WARNING neutron.api.rpc.agentnotifiers.dhcp_rpc_agent_api [None req-504be18e-824a-4618-9244-471d291d2097 153144be5d9d4ad3bbb85fbebb0c6f1e 65167c832edb425e9bc00a82e5e5347a - - - -] Unable to schedule network dbd5631d-7ba4-41d8-ac25-51db03c1bead: no agents available; will retry on subsequent port and subnet creation events.
2026-09-09 07:31:09.845 9 INFO neutron.wsgi [None req-39b32830-07bb-48e0-a0e7-b8324641f9c1 153144be5d9d4ad3bbb85fbebb0c6f1e 65167c832edb425e9bc00a82e5e5347a - - default default] 10.0.0.106 "GET /v2.0/security-groups?tenant_id=65c0a95063614fc2bff6a848e9ed7eb2&name=default HTTP/1.1" status: 200 len: 2992 time: 0.0904429
2026-09-09 07:31:09.895 10 INFO neutron.db.ovn_revision_numbers_db [None req-504be18e-824a-4618-9244-471d291d2097 153144be5d9d4ad3bbb85fbebb0c6f1e 65167c832edb425e9bc00a82e5e5347a - - - -] Successfully bumped revision number for resource 7a788376-7b49-4242-af42-ff6bf0126cb7 (type: ports) to 1
2026-09-09 07:31:09.926 10 INFO neutron.wsgi [None req-504be18e-824a-4618-9244-471d291d2097 153144be5d9d4ad3bbb85fbebb0c6f1e 65167c832edb425e9bc00a82e5e5347a - - - -] 10.0.0.106 "POST /v2.0/networks HTTP/1.1" status: 201 len: 949 time: 0.9485946
2026-09-09 07:31:10.051 9 INFO neutron.services.segments.plugin [-] Segment e89a57b9-841e-4994-8b37-d3309987da84 resource provider aggregate not found
2026-09-09 07:31:10.060 9 INFO neutron.wsgi [None req-f3b359b0-c24d-443c-99f3-ddfcd966c498 153144be5d9d4ad3bbb85fbebb0c6f1e 65167c832edb425e9bc00a82e5e5347a - - - -] 10.0.0.106 "DELETE /v2.0/security-groups/6d678118-68cc-4a8c-8563-9e534ba13307 HTTP/1.1" status: 204 len: 168 time: 0.2101681
2026-09-09 07:31:10.067 9 INFO neutron.services.segments.plugin [-] Segment e89a57b9-841e-4994-8b37-d3309987da84 resource provider not found; error: Placement Client Error (4xx): {"errors": [{"status": 404, "title": "Not Found", "detail": "The resource could not be found.\n\n No resource provider with uuid e89a57b9-841e-4994-8b37-d3309987da84 found for delete ", "request_id": "req-f32b451f-f4f6-4806-88d5-e7c86ea91919"}]}
2026-09-09 07:31:10.094 9 INFO neutron.services.segments.plugin [-] Segment e89a57b9-841e-4994-8b37-d3309987da84 resource provider aggregate not found
2026-09-09 07:31:10.107 10 WARNING neutron.scheduler.dhcp_agent_scheduler [None req-0e93d947-d7ff-48b9-af82-2a6f0649a0d1 153144be5d9d4ad3bbb85fbebb0c6f1e 65167c832edb425e9bc00a82e5e5347a - - - -] No more DHCP agents
2026-09-09 07:31:10.109 10 WARNING neutron.api.rpc.agentnotifiers.dhcp_rpc_agent_api [None req-0e93d947-d7ff-48b9-af82-2a6f0649a0d1 153144be5d9d4ad3bbb85fbebb0c6f1e 65167c832edb425e9bc00a82e5e5347a - - - -] Unable to schedule network dbd5631d-7ba4-41d8-ac25-51db03c1bead: no agents available; will retry on subsequent port and subnet creation events.
2026-09-09 07:31:10.112 9 INFO neutron.services.segments.plugin [-] Segment e89a57b9-841e-4994-8b37-d3309987da84 resource provider not found; error: Placement Client Error (4xx): {"errors": [{"status": 404, "title": "Not Found", "detail": "The resource could not be found.\n\n No resource provider with uuid e89a57b9-841e-4994-8b37-d3309987da84 found for delete ", "request_id": "req-0a3b7979-b067-4fda-bc85-9ef74f8cb60f"}]}
2026-09-09 07:31:10.123 9 INFO neutron.wsgi [req-2611faf0-9a80-4b3f-a76a-9ed3f1a8f6ed req-a9edfddd-ab61-449b-ae9d-8c93d57943a9 1cc735efd2e943d0a1b7743b3a7ccd66 fb4b50415cb94c53851be06dc3e68033 - - default default] 10.0.0.240 "GET /v2.0/ports?device_id=b9224548-bf63-4f25-91c3-e7ca5db0c9e7 HTTP/1.1" status: 200 len: 1172 time: 0.0375977
2026-09-09 07:31:10.157 9 INFO neutron.wsgi [req-2611faf0-9a80-4b3f-a76a-9ed3f1a8f6ed req-fc1cc8d4-30fd-48e1-bcd3-1103470487fa 1cc735efd2e943d0a1b7743b3a7ccd66 fb4b50415cb94c53851be06dc3e68033 - - default default] 10.0.0.240 "GET /v2.0/security-groups?id=8cdf1187-2a0c-41f2-aa31-6afeb0b09788&fields=id&fields=name HTTP/1.1" status: 200 len: 313 time: 0.0269718
2026-09-09 07:31:10.388 9 WARNING neutron.plugins.ml2.drivers.ovn.mech_driver.ovsdb.ovn_client [None req-ae8c3285-9e08-4a0e-8841-626e27027ba2 - - - - - -] No port found with ID b3e117d4-b51f-4a10-98a0-55125bf35f25: RuntimeError: No port found with ID b3e117d4-b51f-4a10-98a0-55125bf35f25
2026-09-09 07:31:10.389 9 INFO neutron.plugins.ml2.drivers.ovn.mech_driver.mech_driver [None req-ae8c3285-9e08-4a0e-8841-626e27027ba2 - - - - - -] OVN reports status up for port: b0c7eaa5-c2aa-483a-8948-1d855ec19b70
2026-09-09 07:31:10.404 9 INFO neutron.plugins.ml2.plugin [None req-ae8c3285-9e08-4a0e-8841-626e27027ba2 - - - - - -] Attempt 1 to provision port b0c7eaa5-c2aa-483a-8948-1d855ec19b70
2026-09-09 07:31:10.601 10 INFO neutron.db.ovn_revision_numbers_db [None req-0e93d947-d7ff-48b9-af82-2a6f0649a0d1 153144be5d9d4ad3bbb85fbebb0c6f1e 65167c832edb425e9bc00a82e5e5347a - - - -] Successfully bumped revision number for resource 7a788376-7b49-4242-af42-ff6bf0126cb7 (type: ports) to 2
2026-09-09 07:31:10.607 9 INFO neutron.notifiers.nova [-] Nova event matching ['req-2f63f58f-a18a-4b16-be16-d44b383102e5'] response: {'server_uuid': '78a14b97-3993-4dda-9431-6e79b6525a0b', 'name': 'network-vif-plugged', 'status': 'completed', 'tag': 'b0c7eaa5-c2aa-483a-8948-1d855ec19b70', 'code': 200}
2026-09-09 07:31:10.623 10 INFO neutron.db.ovn_revision_numbers_db [None req-0e93d947-d7ff-48b9-af82-2a6f0649a0d1 153144be5d9d4ad3bbb85fbebb0c6f1e 65167c832edb425e9bc00a82e5e5347a - - - -] Successfully bumped revision number for resource 686ac8cf-7bc3-4bb4-8e54-16fd3468909b (type: subnets) to 0
2026-09-09 07:31:10.645 10 INFO neutron.wsgi [None req-0e93d947-d7ff-48b9-af82-2a6f0649a0d1 153144be5d9d4ad3bbb85fbebb0c6f1e 65167c832edb425e9bc00a82e5e5347a - - - -] 10.0.0.106 "POST /v2.0/subnets HTTP/1.1" status: 201 len: 869 time: 0.7120903
2026-09-09 07:31:10.752 9 INFO neutron.wsgi [req-3fcbda0e-7f33-4e60-a03e-2d57b9580726 req-ba688355-aa5e-4e9e-9435-10be62cd3154 43f81316ebc5423191f59940567b23ae 46aadb2a12ce4709af1e9bb981bf8736 - - default default] 10.0.0.240 "GET /v2.0/ports?device_id=78a14b97-3993-4dda-9431-6e79b6525a0b HTTP/1.1" status: 200 len: 1170 time: 0.0401461
2026-09-09 07:31:10.773 9 INFO neutron.db.ovn_revision_numbers_db [None req-ae8c3285-9e08-4a0e-8841-626e27027ba2 - - - - - -] Successfully bumped revision number for resource b0c7eaa5-c2aa-483a-8948-1d855ec19b70 (type: ports) to 4
2026-09-09 07:31:10.790 9 INFO neutron.wsgi [req-3fcbda0e-7f33-4e60-a03e-2d57b9580726 req-3c606aa9-6c99-41ae-8fcd-19410adb963d 43f81316ebc5423191f59940567b23ae 46aadb2a12ce4709af1e9bb981bf8736 - - default default] 10.0.0.240 "GET /v2.0/security-groups?id=bd8e0abf-6552-45a9-b781-5c299c4eb32a&fields=id&fields=name HTTP/1.1" status: 200 len: 286 time: 0.0327072
2026-09-09 07:31:11.327 10 INFO neutron.wsgi [req-d9c0471d-e108-494f-b648-190e6000eb20 req-116b6897-8e0d-4b96-930e-e549398e85aa 1cc735efd2e943d0a1b7743b3a7ccd66 fb4b50415cb94c53851be06dc3e68033 - - default default] 10.0.0.240 "GET /v2.0/ports?device_id=b9224548-bf63-4f25-91c3-e7ca5db0c9e7 HTTP/1.1" status: 200 len: 1172 time: 0.0935800
2026-09-09 07:31:11.346 10 WARNING neutron.scheduler.dhcp_agent_scheduler [None req-3b7fd9a8-f16e-4e85-9edb-c17e772f4ffb 153144be5d9d4ad3bbb85fbebb0c6f1e 65167c832edb425e9bc00a82e5e5347a - - - -] No more DHCP agents
2026-09-09 07:31:11.348 10 WARNING neutron.api.rpc.agentnotifiers.dhcp_rpc_agent_api [None req-3b7fd9a8-f16e-4e85-9edb-c17e772f4ffb 153144be5d9d4ad3bbb85fbebb0c6f1e 65167c832edb425e9bc00a82e5e5347a - - - -] Unable to schedule network d8c0c0d7-7e0f-4280-a8e5-4c5682799908: no agents available; will retry on subsequent port and subnet creation events.
2026-09-09 07:31:11.367 10 INFO neutron.wsgi [req-d9c0471d-e108-494f-b648-190e6000eb20 req-39e684af-df5b-4c00-80e8-c425b6ad4b4e 1cc735efd2e943d0a1b7743b3a7ccd66 fb4b50415cb94c53851be06dc3e68033 - - default default] 10.0.0.240 "GET /v2.0/security-groups?id=8cdf1187-2a0c-41f2-aa31-6afeb0b09788&fields=id&fields=name HTTP/1.1" status: 200 len: 313 time: 0.0329852
2026-09-09 07:31:11.474 10 INFO neutron.db.ovn_revision_numbers_db [None req-3b7fd9a8-f16e-4e85-9edb-c17e772f4ffb 153144be5d9d4ad3bbb85fbebb0c6f1e 65167c832edb425e9bc00a82e5e5347a - - - -] Successfully bumped revision number for resource dae120c7-2424-450a-9517-48a6e4e6abd9 (type: ports) to 1
2026-09-09 07:31:11.588 10 WARNING neutron.plugins.ml2.drivers.ovn.mech_driver.ovsdb.ovn_client [None req-5c009000-e905-4825-baa0-d66904499926 - - - - - -] No hosting information found for port fb0587e6-bf63-41f6-9a0d-5a8b9668d59c: RuntimeError: No hosting information found for port fb0587e6-bf63-41f6-9a0d-5a8b9668d59c
2026-09-09 07:31:11.589 10 INFO neutron.plugins.ml2.drivers.ovn.mech_driver.mech_driver [None req-5c009000-e905-4825-baa0-d66904499926 - - - - - -] OVN reports status up for port: d271a86a-0023-4077-adc9-ffe8937e801c
2026-09-09 07:31:11.611 10 INFO neutron.plugins.ml2.plugin [None req-5c009000-e905-4825-baa0-d66904499926 - - - - - -] Attempt 1 to provision port d271a86a-0023-4077-adc9-ffe8937e801c
2026-09-09 07:31:11.791 10 INFO neutron.notifiers.nova [-] Nova event matching ['req-dc7a85cf-a536-4df4-bfb3-b38cac94a2a9'] response: {'server_uuid': 'b9224548-bf63-4f25-91c3-e7ca5db0c9e7', 'name': 'network-vif-plugged', 'status': 'completed', 'tag': 'd271a86a-0023-4077-adc9-ffe8937e801c', 'code': 200}
2026-09-09 07:31:11.922 10 INFO neutron.wsgi [req-cf12ec08-1221-45d8-8b87-221352b26487 req-9d344202-fc5b-4987-83a7-ae4a8403f7e2 43f81316ebc5423191f59940567b23ae 46aadb2a12ce4709af1e9bb981bf8736 - - default default] 10.0.0.240 "GET /v2.0/ports?device_id=78a14b97-3993-4dda-9431-6e79b6525a0b HTTP/1.1" status: 200 len: 1170 time: 0.0542359
2026-09-09 07:31:11.961 10 INFO neutron.db.ovn_revision_numbers_db [None req-5c009000-e905-4825-baa0-d66904499926 - - - - - -] Successfully bumped revision number for resource d271a86a-0023-4077-adc9-ffe8937e801c (type: ports) to 4
2026-09-09 07:31:11.966 10 INFO neutron.wsgi [req-cf12ec08-1221-45d8-8b87-221352b26487 req-d3bb8691-dde6-4f42-828d-ce5c23a114b2 43f81316ebc5423191f59940567b23ae 46aadb2a12ce4709af1e9bb981bf8736 - - default default] 10.0.0.240 "GET /v2.0/security-groups?id=bd8e0abf-6552-45a9-b781-5c299c4eb32a&fields=id&fields=name HTTP/1.1" status: 200 len: 286 time: 0.0372710
2026-09-09 07:31:12.209 10 INFO neutron.plugins.ml2.drivers.ovn.mech_driver.mech_driver [None req-5c009000-e905-4825-baa0-d66904499926 - - - - - -] OVN reports status up for port: dae120c7-2424-450a-9517-48a6e4e6abd9
2026-09-09 07:31:12.224 10 INFO neutron.plugins.ml2.drivers.ovn.mech_driver.ovsdb.ovsdb_monitor [None req-745b5294-604c-4094-9bec-47760175c796 - - - - - -] Router 5b593f4f-0abe-4a79-a849-e47f389e8316 is bound to host instance
2026-09-09 07:31:12.226 10 INFO neutron.plugins.ml2.plugin [None req-5c009000-e905-4825-baa0-d66904499926 - - - - - -] Attempt 1 to provision port dae120c7-2424-450a-9517-48a6e4e6abd9
2026-09-09 07:31:12.235 10 INFO neutron.db.ovn_revision_numbers_db [None req-3b7fd9a8-f16e-4e85-9edb-c17e772f4ffb 153144be5d9d4ad3bbb85fbebb0c6f1e 65167c832edb425e9bc00a82e5e5347a - - - -] Successfully bumped revision number for resource dae120c7-2424-450a-9517-48a6e4e6abd9 (type: router_ports) to 1 /var/lib/openstack/lib/python3.10/site-packages/pycadf/identifier.py:71: UserWarning: Invalid uuid: neutron. To ensure interoperability, identifiers should be a valid uuid. warnings.warn(('Invalid uuid: %s. To ensure interoperability, '
2026-09-09 07:31:12.406 9 INFO neutron.db.ovn_revision_numbers_db [None req-8d183967-7d35-48b8-8282-1f45882a2f7d 153144be5d9d4ad3bbb85fbebb0c6f1e 65167c832edb425e9bc00a82e5e5347a - - - -] Successfully bumped revision number for resource 8d88d509-0960-4947-bcbd-e394ed18e396 (type: security_groups) to 1 /var/lib/openstack/lib/python3.10/site-packages/pycadf/identifier.py:71: UserWarning: Invalid uuid: neutron. To ensure interoperability, identifiers should be a valid uuid. warnings.warn(('Invalid uuid: %s. To ensure interoperability, '
2026-09-09 07:31:12.507 9 INFO neutron.plugins.ml2.drivers.ovn.mech_driver.mech_driver [None req-ae8c3285-9e08-4a0e-8841-626e27027ba2 - - - - - -] OVN reports status down for port: b0c7eaa5-c2aa-483a-8948-1d855ec19b70
2026-09-09 07:31:12.517 10 INFO neutron.wsgi [req-fb0b4c70-3619-43ad-ac07-f20654548bf6 req-a03c0169-c73c-416e-9f9d-d5600b7f2a42 1cc735efd2e943d0a1b7743b3a7ccd66 fb4b50415cb94c53851be06dc3e68033 - - default default] 10.0.0.240 "GET /v2.0/ports?device_id=b9224548-bf63-4f25-91c3-e7ca5db0c9e7 HTTP/1.1" status: 200 len: 1174 time: 0.0736299
2026-09-09 07:31:12.523 9 INFO neutron.db.segments_db [None req-8d183967-7d35-48b8-8282-1f45882a2f7d 153144be5d9d4ad3bbb85fbebb0c6f1e 65167c832edb425e9bc00a82e5e5347a - - - -] Added segment a1255121-665c-424f-8272-276a685e5020 of type geneve for network 09b19633-c93d-4051-8359-6af17287fbaf
2026-09-09 07:31:12.565 10 INFO neutron.db.ovn_revision_numbers_db [None req-3b7fd9a8-f16e-4e85-9edb-c17e772f4ffb 153144be5d9d4ad3bbb85fbebb0c6f1e 65167c832edb425e9bc00a82e5e5347a - - - -] Successfully bumped revision number for resource 5b593f4f-0abe-4a79-a849-e47f389e8316 (type: routers) to 3
2026-09-09 07:31:12.587 10 INFO neutron.wsgi [None req-3b7fd9a8-f16e-4e85-9edb-c17e772f4ffb 153144be5d9d4ad3bbb85fbebb0c6f1e 65167c832edb425e9bc00a82e5e5347a - - - -] 10.0.0.106 "POST /v2.0/routers HTTP/1.1" status: 201 len: 880 time: 1.9321625
2026-09-09 07:31:12.597 10 INFO neutron.wsgi [req-fb0b4c70-3619-43ad-ac07-f20654548bf6 req-47a90df6-a6d7-44d0-81bc-6f854711ef08 1cc735efd2e943d0a1b7743b3a7ccd66 fb4b50415cb94c53851be06dc3e68033 - - default default] 10.0.0.240 "GET /v2.0/security-groups?id=8cdf1187-2a0c-41f2-aa31-6afeb0b09788&fields=id&fields=name HTTP/1.1" status: 200 len: 313 time: 0.0720787
2026-09-09 07:31:12.605 9 INFO neutron.wsgi [req-85d9a119-1ff7-4148-a6e4-237c43cc4e7a req-c3853881-b0fc-4dcc-8476-2363673e1b18 43f81316ebc5423191f59940567b23ae 46aadb2a12ce4709af1e9bb981bf8736 - - default default] 10.0.0.240 "GET /v2.0/ports?device_id=78a14b97-3993-4dda-9431-6e79b6525a0b HTTP/1.1" status: 200 len: 1170 time: 0.1459315
2026-09-09 07:31:12.675 9 INFO neutron.notifiers.nova [-] Nova event matching ['req-beb62d25-3e1c-4741-a481-8196f2e3d7c6'] response: {'server_uuid': '78a14b97-3993-4dda-9431-6e79b6525a0b', 'name': 'network-vif-plugged', 'status': 'completed', 'tag': 'b0c7eaa5-c2aa-483a-8948-1d855ec19b70', 'code': 200}
2026-09-09 07:31:12.711 9 INFO neutron.wsgi [req-85d9a119-1ff7-4148-a6e4-237c43cc4e7a req-f1cd014e-7b7c-4cd7-b08b-812aa807e564 43f81316ebc5423191f59940567b23ae 46aadb2a12ce4709af1e9bb981bf8736 - - default default] 10.0.0.240 "GET /v2.0/security-groups?id=bd8e0abf-6552-45a9-b781-5c299c4eb32a&fields=id&fields=name HTTP/1.1" status: 200 len: 286 time: 0.0862088
2026-09-09 07:31:12.721 9 INFO neutron.db.ovn_revision_numbers_db [None req-8d183967-7d35-48b8-8282-1f45882a2f7d 153144be5d9d4ad3bbb85fbebb0c6f1e 65167c832edb425e9bc00a82e5e5347a - - - -] Successfully bumped revision number for resource 09b19633-c93d-4051-8359-6af17287fbaf (type: networks) to 1
2026-09-09 07:31:12.830 10 INFO neutron.wsgi [req-c05e9217-d4fb-4343-a6d2-c7ade63575bc req-848f9448-2d6e-440a-a494-54f2e1dc40d8 1cc735efd2e943d0a1b7743b3a7ccd66 fb4b50415cb94c53851be06dc3e68033 - - default default] 10.0.0.240 "GET /v2.0/ports?device_id=b9224548-bf63-4f25-91c3-e7ca5db0c9e7 HTTP/1.1" status: 200 len: 1174 time: 0.0960953
2026-09-09 07:31:12.956 9 WARNING neutron.scheduler.dhcp_agent_scheduler [None req-8d183967-7d35-48b8-8282-1f45882a2f7d 153144be5d9d4ad3bbb85fbebb0c6f1e 65167c832edb425e9bc00a82e5e5347a - - - -] No more DHCP agents
2026-09-09 07:31:12.959 9 WARNING neutron.api.rpc.agentnotifiers.dhcp_rpc_agent_api [None req-8d183967-7d35-48b8-8282-1f45882a2f7d 153144be5d9d4ad3bbb85fbebb0c6f1e 65167c832edb425e9bc00a82e5e5347a - - - -] Unable to schedule network 09b19633-c93d-4051-8359-6af17287fbaf: no agents available; will retry on subsequent port and subnet creation events.
2026-09-09 07:31:12.968 9 INFO neutron.db.ovn_revision_numbers_db [None req-ae8c3285-9e08-4a0e-8841-626e27027ba2 - - - - - -] Successfully bumped revision number for resource b0c7eaa5-c2aa-483a-8948-1d855ec19b70 (type: ports) to 5
2026-09-09 07:31:13.022 9 INFO neutron.db.ovn_revision_numbers_db [None req-8d183967-7d35-48b8-8282-1f45882a2f7d 153144be5d9d4ad3bbb85fbebb0c6f1e 65167c832edb425e9bc00a82e5e5347a - - - -] Successfully bumped revision number for resource 365d560f-208c-47a8-bd2d-a9b3d6731264 (type: ports) to 1
2026-09-09 07:31:13.040 9 INFO neutron.wsgi [None req-8d183967-7d35-48b8-8282-1f45882a2f7d 153144be5d9d4ad3bbb85fbebb0c6f1e 65167c832edb425e9bc00a82e5e5347a - - - -] 10.0.0.106 "POST /v2.0/networks HTTP/1.1" status: 201 len: 940 time: 1.0252292 /var/lib/openstack/lib/python3.10/site-packages/pycadf/identifier.py:71: UserWarning: Invalid uuid: neutron. To ensure interoperability, identifiers should be a valid uuid. warnings.warn(('Invalid uuid: %s. To ensure interoperability, '
2026-09-09 07:31:13.162 9 WARNING neutron.scheduler.dhcp_agent_scheduler [None req-5e642a93-a71c-41b2-a81b-f3b962e9c6ae 153144be5d9d4ad3bbb85fbebb0c6f1e 65167c832edb425e9bc00a82e5e5347a - - - -] No more DHCP agents
2026-09-09 07:31:13.164 9 WARNING neutron.api.rpc.agentnotifiers.dhcp_rpc_agent_api [None req-5e642a93-a71c-41b2-a81b-f3b962e9c6ae 153144be5d9d4ad3bbb85fbebb0c6f1e 65167c832edb425e9bc00a82e5e5347a - - - -] Unable to schedule network 09b19633-c93d-4051-8359-6af17287fbaf: no agents available; will retry on subsequent port and subnet creation events.
2026-09-09 07:31:13.223 10 INFO neutron.wsgi [req-d6319bd2-fd12-49ba-9bf2-a021479a5226 req-92136ced-05d8-4a76-891a-1decfff8d099 43f81316ebc5423191f59940567b23ae 46aadb2a12ce4709af1e9bb981bf8736 - - default default] 162.253.55.147 "GET /v2.0/ports?device_id=78a14b97-3993-4dda-9431-6e79b6525a0b HTTP/1.1" status: 200 len: 1168 time: 0.3651230
2026-09-09 07:31:13.509 10 INFO neutron.db.l3_db [None req-3b0ccab1-52fc-432e-a6f0-553419f1f414 1cc735efd2e943d0a1b7743b3a7ccd66 fb4b50415cb94c53851be06dc3e68033 - - - -] Floating IP db65f86f-4869-41a4-8907-d41e169b6a3b associated. External IP: 10.96.250.215, port: d271a86a-0023-4077-adc9-ffe8937e801c.
2026-09-09 07:31:13.670 9 INFO neutron.db.ovn_revision_numbers_db [None req-5e642a93-a71c-41b2-a81b-f3b962e9c6ae 153144be5d9d4ad3bbb85fbebb0c6f1e 65167c832edb425e9bc00a82e5e5347a - - - -] Successfully bumped revision number for resource 365d560f-208c-47a8-bd2d-a9b3d6731264 (type: ports) to 2
2026-09-09 07:31:13.690 9 INFO neutron.db.ovn_revision_numbers_db [None req-5e642a93-a71c-41b2-a81b-f3b962e9c6ae 153144be5d9d4ad3bbb85fbebb0c6f1e 65167c832edb425e9bc00a82e5e5347a - - - -] Successfully bumped revision number for resource 5c5152f3-76b7-4912-ae97-e565d12a8c03 (type: subnets) to 0
2026-09-09 07:31:13.703 9 INFO neutron.wsgi [None req-5e642a93-a71c-41b2-a81b-f3b962e9c6ae 153144be5d9d4ad3bbb85fbebb0c6f1e 65167c832edb425e9bc00a82e5e5347a - - - -] 10.0.0.106 "POST /v2.0/subnets HTTP/1.1" status: 201 len: 860 time: 0.6569557
2026-09-09 07:31:13.862 9 INFO neutron.wsgi [req-a987739c-e604-4c98-90d8-092fbaa0ead6 req-cf031475-5429-4d6d-baa3-3b9637576675 43f81316ebc5423191f59940567b23ae 46aadb2a12ce4709af1e9bb981bf8736 - - default default] 10.0.0.240 "GET /v2.0/ports?device_id=78a14b97-3993-4dda-9431-6e79b6525a0b HTTP/1.1" status: 200 len: 1168 time: 0.0661688
2026-09-09 07:31:13.956 9 INFO neutron.wsgi [req-a987739c-e604-4c98-90d8-092fbaa0ead6 req-a621c7a3-4b76-4067-8ce3-a267b34d9cc5 43f81316ebc5423191f59940567b23ae 46aadb2a12ce4709af1e9bb981bf8736 - - default default] 10.0.0.240 "GET /v2.0/security-groups?id=bd8e0abf-6552-45a9-b781-5c299c4eb32a&fields=id&fields=name HTTP/1.1" status: 200 len: 286 time: 0.0827508
2026-09-09 07:31:14.025 10 INFO neutron.db.ovn_revision_numbers_db [None req-745b5294-604c-4094-9bec-47760175c796 - - - - - -] Successfully bumped revision number for resource dae120c7-2424-450a-9517-48a6e4e6abd9 (type: ports) to 1
2026-09-09 07:31:14.034 10 INFO neutron.notifiers.nova [-] Nova event matching ['req-003bab92-81c6-4ace-9255-a37ff03c871c'] response: {'server_uuid': 'b9224548-bf63-4f25-91c3-e7ca5db0c9e7', 'name': 'network-vif-plugged', 'status': 'completed', 'tag': 'd271a86a-0023-4077-adc9-ffe8937e801c', 'code': 200}
2026-09-09 07:31:14.081 10 WARNING neutron.scheduler.dhcp_agent_scheduler [None req-c851b3d7-e995-4266-b296-351a8e717cfd 153144be5d9d4ad3bbb85fbebb0c6f1e 65167c832edb425e9bc00a82e5e5347a - - default default] No more DHCP agents
2026-09-09 07:31:14.088 10 WARNING neutron.api.rpc.agentnotifiers.dhcp_rpc_agent_api [None req-c851b3d7-e995-4266-b296-351a8e717cfd 153144be5d9d4ad3bbb85fbebb0c6f1e 65167c832edb425e9bc00a82e5e5347a - - default default] Unable to schedule network dbd5631d-7ba4-41d8-ac25-51db03c1bead: no agents available; will retry on subsequent port and subnet creation events.
2026-09-09 07:31:14.094 10 INFO neutron.db.ovn_revision_numbers_db [None req-3b0ccab1-52fc-432e-a6f0-553419f1f414 1cc735efd2e943d0a1b7743b3a7ccd66 fb4b50415cb94c53851be06dc3e68033 - - - -] Successfully bumped revision number for resource db65f86f-4869-41a4-8907-d41e169b6a3b (type: floatingips) to 1
2026-09-09 07:31:14.284 10 INFO neutron.wsgi [None req-7fa3b79d-d668-48f1-b1f5-ab4e30edcc75 43f81316ebc5423191f59940567b23ae 46aadb2a12ce4709af1e9bb981bf8736 - - - -] 162.253.55.147 "DELETE /v2.0/ports/b0c7eaa5-c2aa-483a-8948-1d855ec19b70 HTTP/1.1" status: 204 len: 173 time: 1.0481665
2026-09-09 07:31:14.291 10 INFO neutron.db.ovn_revision_numbers_db [None req-3b0ccab1-52fc-432e-a6f0-553419f1f414 1cc735efd2e943d0a1b7743b3a7ccd66 fb4b50415cb94c53851be06dc3e68033 - - - -] Successfully bumped revision number for resource db65f86f-4869-41a4-8907-d41e169b6a3b (type: floatingips) to 2
2026-09-09 07:31:14.313 9 WARNING neutron.scheduler.dhcp_agent_scheduler [None req-16220cb2-9de7-435d-a6a5-932b9db773df 153144be5d9d4ad3bbb85fbebb0c6f1e 65167c832edb425e9bc00a82e5e5347a - - - -] No more DHCP agents
2026-09-09 07:31:14.316 9 WARNING neutron.api.rpc.agentnotifiers.dhcp_rpc_agent_api [None req-16220cb2-9de7-435d-a6a5-932b9db773df 153144be5d9d4ad3bbb85fbebb0c6f1e 65167c832edb425e9bc00a82e5e5347a - - - -] Unable to schedule network d8c0c0d7-7e0f-4280-a8e5-4c5682799908: no agents available; will retry on subsequent port and subnet creation events.
2026-09-09 07:31:14.333 10 INFO neutron.wsgi [None req-3b0ccab1-52fc-432e-a6f0-553419f1f414 1cc735efd2e943d0a1b7743b3a7ccd66 fb4b50415cb94c53851be06dc3e68033 - - - -] 10.0.0.106 "PUT /v2.0/floatingips/db65f86f-4869-41a4-8907-d41e169b6a3b HTTP/1.1" status: 200 len: 1050 time: 1.4875271
2026-09-09 07:31:14.375 10 INFO neutron.db.ovn_revision_numbers_db [None req-c851b3d7-e995-4266-b296-351a8e717cfd 153144be5d9d4ad3bbb85fbebb0c6f1e 65167c832edb425e9bc00a82e5e5347a - - default default] Successfully bumped revision number for resource 00f861fd-9cd2-4c83-ad37-5033f8618b43 (type: ports) to 1 /var/lib/openstack/lib/python3.10/site-packages/pycadf/identifier.py:71: UserWarning: Invalid uuid: neutron. To ensure interoperability, identifiers should be a valid uuid. warnings.warn(('Invalid uuid: %s. To ensure interoperability, '
2026-09-09 07:31:14.458 10 INFO neutron.db.ovn_revision_numbers_db [None req-745b5294-604c-4094-9bec-47760175c796 - - - - - -] Successfully bumped revision number for resource dae120c7-2424-450a-9517-48a6e4e6abd9 (type: router_ports) to 3
2026-09-09 07:31:14.524 9 INFO neutron.db.ovn_revision_numbers_db [None req-16220cb2-9de7-435d-a6a5-932b9db773df 153144be5d9d4ad3bbb85fbebb0c6f1e 65167c832edb425e9bc00a82e5e5347a - - - -] Successfully bumped revision number for resource f24de1eb-3f14-4089-811e-33aea65de652 (type: ports) to 1
2026-09-09 07:31:14.533 9 INFO neutron.wsgi [req-cfaebd37-0d89-46f5-8cec-615ec66492cb req-82676b1d-4a2f-4002-9791-3d94c7e90d43 1cc735efd2e943d0a1b7743b3a7ccd66 fb4b50415cb94c53851be06dc3e68033 - - default default] 10.0.0.240 "GET /v2.0/ports?device_id=b9224548-bf63-4f25-91c3-e7ca5db0c9e7 HTTP/1.1" status: 200 len: 1174 time: 0.1331823
2026-09-09 07:31:14.610 9 INFO neutron.wsgi [req-cfaebd37-0d89-46f5-8cec-615ec66492cb req-afa69110-9b1f-4d71-a2f4-8b70791ca011 1cc735efd2e943d0a1b7743b3a7ccd66 fb4b50415cb94c53851be06dc3e68033 - - default default] 10.0.0.240 "GET /v2.0/security-groups?id=8cdf1187-2a0c-41f2-aa31-6afeb0b09788&fields=id&fields=name HTTP/1.1" status: 200 len: 313 time: 0.0561824
2026-09-09 07:31:14.619 10 INFO neutron.db.ovn_revision_numbers_db [None req-745b5294-604c-4094-9bec-47760175c796 - - - - - -] Successfully bumped revision number for resource dae120c7-2424-450a-9517-48a6e4e6abd9 (type: ports) to 2
2026-09-09 07:31:14.745 9 INFO neutron.notifiers.nova [-] Nova event matching ['req-3d4dba42-4e35-4556-a3f8-64f69fcf1c04'] response: {'server_uuid': '78a14b97-3993-4dda-9431-6e79b6525a0b', 'name': 'network-vif-unplugged', 'status': 'completed', 'tag': 'b0c7eaa5-c2aa-483a-8948-1d855ec19b70', 'code': 200}
2026-09-09 07:31:14.745 9 INFO neutron.notifiers.nova [-] Nova event matching ['req-3d4dba42-4e35-4556-a3f8-64f69fcf1c04'] response: {'server_uuid': '78a14b97-3993-4dda-9431-6e79b6525a0b', 'name': 'network-vif-plugged', 'status': 'completed', 'tag': 'b0c7eaa5-c2aa-483a-8948-1d855ec19b70', 'code': 200}
