2026-09-09 07:33:24.230 9 INFO neutron.wsgi [None req-658383cd-c9ab-44a5-8442-d4b43009f4a7 153144be5d9d4ad3bbb85fbebb0c6f1e 65167c832edb425e9bc00a82e5e5347a - - - -] 10.0.0.106 "DELETE /v2.0/security-groups/f8cf9231-55c2-463d-bbcc-327ebc0ba190 HTTP/1.1" status: 204 len: 168 time: 0.2159796
2026-09-09 07:33:24.404 10 INFO neutron.db.ovn_revision_numbers_db [None req-14c58ae2-49cd-4c9e-ba48-632f81189629 153144be5d9d4ad3bbb85fbebb0c6f1e 65167c832edb425e9bc00a82e5e5347a - - - -] Successfully bumped revision number for resource 2ed55e16-335b-4f87-b2f0-6b2aa6322fed (type: security_groups) to 1
2026-09-09 07:33:24.476 10 INFO neutron.db.segments_db [None req-14c58ae2-49cd-4c9e-ba48-632f81189629 153144be5d9d4ad3bbb85fbebb0c6f1e 65167c832edb425e9bc00a82e5e5347a - - - -] Added segment 7fa68869-aeee-4291-afd0-92647ec65c0c of type geneve for network 893da0f7-f8ed-4336-8a52-e7544be5eded
2026-09-09 07:33:24.943 10 INFO neutron.db.ovn_revision_numbers_db [None req-14c58ae2-49cd-4c9e-ba48-632f81189629 153144be5d9d4ad3bbb85fbebb0c6f1e 65167c832edb425e9bc00a82e5e5347a - - - -] Successfully bumped revision number for resource 893da0f7-f8ed-4336-8a52-e7544be5eded (type: networks) to 1
2026-09-09 07:33:25.081 10 WARNING neutron.scheduler.dhcp_agent_scheduler [None req-14c58ae2-49cd-4c9e-ba48-632f81189629 153144be5d9d4ad3bbb85fbebb0c6f1e 65167c832edb425e9bc00a82e5e5347a - - - -] No more DHCP agents
2026-09-09 07:33:25.082 10 WARNING neutron.api.rpc.agentnotifiers.dhcp_rpc_agent_api [None req-14c58ae2-49cd-4c9e-ba48-632f81189629 153144be5d9d4ad3bbb85fbebb0c6f1e 65167c832edb425e9bc00a82e5e5347a - - - -] Unable to schedule network 893da0f7-f8ed-4336-8a52-e7544be5eded: no agents available; will retry on subsequent port and subnet creation events.
2026-09-09 07:33:25.145 10 INFO neutron.db.ovn_revision_numbers_db [None req-14c58ae2-49cd-4c9e-ba48-632f81189629 153144be5d9d4ad3bbb85fbebb0c6f1e 65167c832edb425e9bc00a82e5e5347a - - - -] Successfully bumped revision number for resource 330a3f44-91dc-440d-af53-68b3abca6ac6 (type: ports) to 1
2026-09-09 07:33:25.173 10 INFO neutron.wsgi [None req-14c58ae2-49cd-4c9e-ba48-632f81189629 153144be5d9d4ad3bbb85fbebb0c6f1e 65167c832edb425e9bc00a82e5e5347a - - - -] 10.0.0.106 "POST /v2.0/networks HTTP/1.1" status: 201 len: 942 time: 1.0535932
2026-09-09 07:33:25.311 10 WARNING neutron.scheduler.dhcp_agent_scheduler [None req-1f12436d-46f7-4be0-b189-df7f4cd382b2 153144be5d9d4ad3bbb85fbebb0c6f1e 65167c832edb425e9bc00a82e5e5347a - - - -] No more DHCP agents
2026-09-09 07:33:25.313 10 WARNING neutron.api.rpc.agentnotifiers.dhcp_rpc_agent_api [None req-1f12436d-46f7-4be0-b189-df7f4cd382b2 153144be5d9d4ad3bbb85fbebb0c6f1e 65167c832edb425e9bc00a82e5e5347a - - - -] Unable to schedule network 893da0f7-f8ed-4336-8a52-e7544be5eded: no agents available; will retry on subsequent port and subnet creation events.
2026-09-09 07:33:25.709 10 INFO neutron.db.ovn_revision_numbers_db [None req-1f12436d-46f7-4be0-b189-df7f4cd382b2 153144be5d9d4ad3bbb85fbebb0c6f1e 65167c832edb425e9bc00a82e5e5347a - - - -] Successfully bumped revision number for resource 330a3f44-91dc-440d-af53-68b3abca6ac6 (type: ports) to 2
2026-09-09 07:33:25.725 10 INFO neutron.db.ovn_revision_numbers_db [None req-1f12436d-46f7-4be0-b189-df7f4cd382b2 153144be5d9d4ad3bbb85fbebb0c6f1e 65167c832edb425e9bc00a82e5e5347a - - - -] Successfully bumped revision number for resource a7e8cdf2-f71a-4edb-8e86-bb5458fafd68 (type: subnets) to 0
2026-09-09 07:33:25.739 10 INFO neutron.wsgi [None req-1f12436d-46f7-4be0-b189-df7f4cd382b2 153144be5d9d4ad3bbb85fbebb0c6f1e 65167c832edb425e9bc00a82e5e5347a - - - -] 10.0.0.106 "POST /v2.0/subnets HTTP/1.1" status: 201 len: 862 time: 0.5610771
2026-09-09 07:33:26.155 9 INFO neutron.db.ovn_revision_numbers_db [None req-69adc278-868d-4894-8bd1-c79ced4d2257 f43248846f344b67ae81bb882f8711d3 4ff91212eaa546368c7255631e955ae8 - - - -] Successfully bumped revision number for resource 30649171-4652-4010-8156-e5e1cf256e21 (type: security_groups) to 1
2026-09-09 07:33:26.227 9 INFO neutron.db.segments_db [None req-69adc278-868d-4894-8bd1-c79ced4d2257 f43248846f344b67ae81bb882f8711d3 4ff91212eaa546368c7255631e955ae8 - - - -] Added segment 62fc367f-1fd5-4369-891f-877b8dcd1f53 of type geneve for network b72a44d6-8b08-42d7-a3fc-a9bf91d80e27
2026-09-09 07:33:26.243 10 WARNING neutron.scheduler.dhcp_agent_scheduler [None req-5217cc34-ef72-4658-bdc7-e771efa29332 153144be5d9d4ad3bbb85fbebb0c6f1e 65167c832edb425e9bc00a82e5e5347a - - - -] No more DHCP agents
2026-09-09 07:33:26.245 10 WARNING neutron.api.rpc.agentnotifiers.dhcp_rpc_agent_api [None req-5217cc34-ef72-4658-bdc7-e771efa29332 153144be5d9d4ad3bbb85fbebb0c6f1e 65167c832edb425e9bc00a82e5e5347a - - - -] Unable to schedule network d8c0c0d7-7e0f-4280-a8e5-4c5682799908: no agents available; will retry on subsequent port and subnet creation events.
2026-09-09 07:33:26.335 9 INFO neutron.db.ovn_revision_numbers_db [None req-69adc278-868d-4894-8bd1-c79ced4d2257 f43248846f344b67ae81bb882f8711d3 4ff91212eaa546368c7255631e955ae8 - - - -] Successfully bumped revision number for resource b72a44d6-8b08-42d7-a3fc-a9bf91d80e27 (type: networks) to 1
2026-09-09 07:33:26.387 10 INFO neutron.db.ovn_revision_numbers_db [None req-5217cc34-ef72-4658-bdc7-e771efa29332 153144be5d9d4ad3bbb85fbebb0c6f1e 65167c832edb425e9bc00a82e5e5347a - - - -] Successfully bumped revision number for resource 9cc8febf-a7a5-44e5-9e0a-4949941f5368 (type: ports) to 1
2026-09-09 07:33:26.512 9 WARNING neutron.scheduler.dhcp_agent_scheduler [None req-69adc278-868d-4894-8bd1-c79ced4d2257 f43248846f344b67ae81bb882f8711d3 4ff91212eaa546368c7255631e955ae8 - - - -] No more DHCP agents
2026-09-09 07:33:26.514 9 WARNING neutron.api.rpc.agentnotifiers.dhcp_rpc_agent_api [None req-69adc278-868d-4894-8bd1-c79ced4d2257 f43248846f344b67ae81bb882f8711d3 4ff91212eaa546368c7255631e955ae8 - - - -] Unable to schedule network b72a44d6-8b08-42d7-a3fc-a9bf91d80e27: no agents available; will retry on subsequent port and subnet creation events.
2026-09-09 07:33:26.585 9 INFO neutron.db.ovn_revision_numbers_db [None req-69adc278-868d-4894-8bd1-c79ced4d2257 f43248846f344b67ae81bb882f8711d3 4ff91212eaa546368c7255631e955ae8 - - - -] Successfully bumped revision number for resource 86fbcfb0-94d2-4c47-8382-08926f92c2de (type: ports) to 1
2026-09-09 07:33:26.628 9 INFO neutron.wsgi [None req-69adc278-868d-4894-8bd1-c79ced4d2257 f43248846f344b67ae81bb882f8711d3 4ff91212eaa546368c7255631e955ae8 - - - -] 10.0.0.106 "POST /v2.0/networks HTTP/1.1" status: 201 len: 842 time: 1.0268629
2026-09-09 07:33:26.932 9 WARNING neutron.scheduler.dhcp_agent_scheduler [None req-3fb55e94-917a-463c-a70c-55f6e6cce46d f43248846f344b67ae81bb882f8711d3 4ff91212eaa546368c7255631e955ae8 - - - -] No more DHCP agents
2026-09-09 07:33:26.933 9 WARNING neutron.api.rpc.agentnotifiers.dhcp_rpc_agent_api [None req-3fb55e94-917a-463c-a70c-55f6e6cce46d f43248846f344b67ae81bb882f8711d3 4ff91212eaa546368c7255631e955ae8 - - - -] Unable to schedule network b72a44d6-8b08-42d7-a3fc-a9bf91d80e27: no agents available; will retry on subsequent port and subnet creation events.
2026-09-09 07:33:26.987 10 INFO neutron.plugins.ml2.drivers.ovn.mech_driver.mech_driver [None req-5c009000-e905-4825-baa0-d66904499926 - - - - - -] OVN reports status up for port: 9cc8febf-a7a5-44e5-9e0a-4949941f5368
2026-09-09 07:33:26.992 10 INFO neutron.plugins.ml2.plugin [None req-5c009000-e905-4825-baa0-d66904499926 - - - - - -] Attempt 1 to provision port 9cc8febf-a7a5-44e5-9e0a-4949941f5368
2026-09-09 07:33:27.010 10 INFO neutron.db.ovn_revision_numbers_db [None req-5217cc34-ef72-4658-bdc7-e771efa29332 153144be5d9d4ad3bbb85fbebb0c6f1e 65167c832edb425e9bc00a82e5e5347a - - - -] Successfully bumped revision number for resource 9cc8febf-a7a5-44e5-9e0a-4949941f5368 (type: router_ports) to 1
2026-09-09 07:33:27.016 10 INFO neutron.plugins.ml2.drivers.ovn.mech_driver.ovsdb.ovsdb_monitor [None req-745b5294-604c-4094-9bec-47760175c796 - - - - - -] Router 94a5e61f-58c9-442e-b81a-5475e9fb95e1 is bound to host instance
2026-09-09 07:33:27.118 10 INFO neutron.db.ovn_revision_numbers_db [None req-5217cc34-ef72-4658-bdc7-e771efa29332 153144be5d9d4ad3bbb85fbebb0c6f1e 65167c832edb425e9bc00a82e5e5347a - - - -] Successfully bumped revision number for resource 94a5e61f-58c9-442e-b81a-5475e9fb95e1 (type: routers) to 3
2026-09-09 07:33:27.152 10 INFO neutron.wsgi [None req-5217cc34-ef72-4658-bdc7-e771efa29332 153144be5d9d4ad3bbb85fbebb0c6f1e 65167c832edb425e9bc00a82e5e5347a - - - -] 10.0.0.106 "POST /v2.0/routers HTTP/1.1" status: 201 len: 873 time: 1.4066758
2026-09-09 07:33:27.377 9 INFO neutron.db.ovn_revision_numbers_db [None req-3fb55e94-917a-463c-a70c-55f6e6cce46d f43248846f344b67ae81bb882f8711d3 4ff91212eaa546368c7255631e955ae8 - - - -] Successfully bumped revision number for resource 86fbcfb0-94d2-4c47-8382-08926f92c2de (type: ports) to 2
2026-09-09 07:33:27.393 9 INFO neutron.db.ovn_revision_numbers_db [None req-3fb55e94-917a-463c-a70c-55f6e6cce46d f43248846f344b67ae81bb882f8711d3 4ff91212eaa546368c7255631e955ae8 - - - -] Successfully bumped revision number for resource c67e4351-1dfd-4e90-a730-f7ee5b8e10f1 (type: subnets) to 0
2026-09-09 07:33:27.413 9 INFO neutron.wsgi [None req-3fb55e94-917a-463c-a70c-55f6e6cce46d f43248846f344b67ae81bb882f8711d3 4ff91212eaa546368c7255631e955ae8 - - - -] 10.0.0.106 "POST /v2.0/subnets HTTP/1.1" status: 201 len: 816 time: 0.7383995
2026-09-09 07:33:27.483 10 INFO neutron.db.ovn_revision_numbers_db [None req-745b5294-604c-4094-9bec-47760175c796 - - - - - -] Successfully bumped revision number for resource 9cc8febf-a7a5-44e5-9e0a-4949941f5368 (type: ports) to 1
2026-09-09 07:33:27.533 9 INFO neutron.db.segments_db [None req-7e8aedbe-d6d6-453d-b9c3-9f1e132917bd f43248846f344b67ae81bb882f8711d3 4ff91212eaa546368c7255631e955ae8 - - - -] Added segment 4fc63a4b-2389-43ec-a9c4-b048f2aa7e0a of type geneve for network bccd26fc-54d7-45b9-aeda-b5923a871ac3
2026-09-09 07:33:27.659 9 WARNING neutron.scheduler.dhcp_agent_scheduler [None req-db072485-b6c2-4655-bf0e-a33ebf9cb6aa 153144be5d9d4ad3bbb85fbebb0c6f1e 65167c832edb425e9bc00a82e5e5347a - - default default] No more DHCP agents
2026-09-09 07:33:27.664 9 WARNING neutron.api.rpc.agentnotifiers.dhcp_rpc_agent_api [None req-db072485-b6c2-4655-bf0e-a33ebf9cb6aa 153144be5d9d4ad3bbb85fbebb0c6f1e 65167c832edb425e9bc00a82e5e5347a - - default default] Unable to schedule network 893da0f7-f8ed-4336-8a52-e7544be5eded: no agents available; will retry on subsequent port and subnet creation events.
2026-09-09 07:33:27.677 9 INFO neutron.db.ovn_revision_numbers_db [None req-7e8aedbe-d6d6-453d-b9c3-9f1e132917bd f43248846f344b67ae81bb882f8711d3 4ff91212eaa546368c7255631e955ae8 - - - -] Successfully bumped revision number for resource bccd26fc-54d7-45b9-aeda-b5923a871ac3 (type: networks) to 1
2026-09-09 07:33:27.862 9 INFO neutron.db.ovn_revision_numbers_db [None req-db072485-b6c2-4655-bf0e-a33ebf9cb6aa 153144be5d9d4ad3bbb85fbebb0c6f1e 65167c832edb425e9bc00a82e5e5347a - - default default] Successfully bumped revision number for resource 44791558-b769-427e-ac9c-dc21f4fe2af7 (type: ports) to 1
2026-09-09 07:33:27.903 9 WARNING neutron.scheduler.dhcp_agent_scheduler [None req-7e8aedbe-d6d6-453d-b9c3-9f1e132917bd f43248846f344b67ae81bb882f8711d3 4ff91212eaa546368c7255631e955ae8 - - - -] No more DHCP agents
2026-09-09 07:33:27.905 9 WARNING neutron.api.rpc.agentnotifiers.dhcp_rpc_agent_api [None req-7e8aedbe-d6d6-453d-b9c3-9f1e132917bd f43248846f344b67ae81bb882f8711d3 4ff91212eaa546368c7255631e955ae8 - - - -] Unable to schedule network bccd26fc-54d7-45b9-aeda-b5923a871ac3: no agents available; will retry on subsequent port and subnet creation events.
2026-09-09 07:33:27.995 9 INFO neutron.db.ovn_revision_numbers_db [None req-7e8aedbe-d6d6-453d-b9c3-9f1e132917bd f43248846f344b67ae81bb882f8711d3 4ff91212eaa546368c7255631e955ae8 - - - -] Successfully bumped revision number for resource 74241503-9cf8-4a26-99ef-24694f948bfd (type: ports) to 1
2026-09-09 07:33:28.016 10 INFO neutron.db.ovn_revision_numbers_db [None req-745b5294-604c-4094-9bec-47760175c796 - - - - - -] Successfully bumped revision number for resource 9cc8febf-a7a5-44e5-9e0a-4949941f5368 (type: router_ports) to 3
2026-09-09 07:33:28.040 9 INFO neutron.wsgi [None req-7e8aedbe-d6d6-453d-b9c3-9f1e132917bd f43248846f344b67ae81bb882f8711d3 4ff91212eaa546368c7255631e955ae8 - - - -] 10.0.0.106 "POST /v2.0/networks HTTP/1.1" status: 201 len: 843 time: 0.6213298
2026-09-09 07:33:28.201 10 INFO neutron.db.ovn_revision_numbers_db [None req-745b5294-604c-4094-9bec-47760175c796 - - - - - -] Successfully bumped revision number for resource 9cc8febf-a7a5-44e5-9e0a-4949941f5368 (type: ports) to 2
2026-09-09 07:33:28.262 10 INFO neutron.db.ovn_revision_numbers_db [None req-f4f964a8-bdcf-48dd-93bc-009fe97bbb55 f43248846f344b67ae81bb882f8711d3 4ff91212eaa546368c7255631e955ae8 - - - -] Successfully bumped revision number for resource bccd26fc-54d7-45b9-aeda-b5923a871ac3 (type: networks) to 2
2026-09-09 07:33:28.268 10 INFO neutron.wsgi [None req-f4f964a8-bdcf-48dd-93bc-009fe97bbb55 f43248846f344b67ae81bb882f8711d3 4ff91212eaa546368c7255631e955ae8 - - - -] 10.0.0.106 "PUT /v2.0/networks/bccd26fc-54d7-45b9-aeda-b5923a871ac3 HTTP/1.1" status: 200 len: 792 time: 0.2231464
2026-09-09 07:33:28.328 9 INFO neutron.plugins.ml2.drivers.ovn.mech_driver.mech_driver [None req-ae8c3285-9e08-4a0e-8841-626e27027ba2 - - - - - -] OVN reports status up for port: 44791558-b769-427e-ac9c-dc21f4fe2af7
2026-09-09 07:33:28.334 9 INFO neutron.plugins.ml2.plugin [None req-ae8c3285-9e08-4a0e-8841-626e27027ba2 - - - - - -] Attempt 1 to provision port 44791558-b769-427e-ac9c-dc21f4fe2af7
2026-09-09 07:33:28.335 9 INFO neutron.db.ovn_revision_numbers_db [None req-db072485-b6c2-4655-bf0e-a33ebf9cb6aa 153144be5d9d4ad3bbb85fbebb0c6f1e 65167c832edb425e9bc00a82e5e5347a - - default default] Successfully bumped revision number for resource 44791558-b769-427e-ac9c-dc21f4fe2af7 (type: router_ports) to 2
2026-09-09 07:33:28.535 10 INFO neutron.db.ovn_revision_numbers_db [None req-745b5294-604c-4094-9bec-47760175c796 - - - - - -] Successfully bumped revision number for resource 9cc8febf-a7a5-44e5-9e0a-4949941f5368 (type: ports) to 4
2026-09-09 07:33:28.557 9 INFO neutron.db.ovn_revision_numbers_db [None req-db072485-b6c2-4655-bf0e-a33ebf9cb6aa 153144be5d9d4ad3bbb85fbebb0c6f1e 65167c832edb425e9bc00a82e5e5347a - - default default] Successfully bumped revision number for resource 44791558-b769-427e-ac9c-dc21f4fe2af7 (type: ports) to 2
2026-09-09 07:33:28.623 10 WARNING neutron.scheduler.dhcp_agent_scheduler [None req-d2dbcec1-3125-428c-82dc-99647a684a5c f43248846f344b67ae81bb882f8711d3 4ff91212eaa546368c7255631e955ae8 - - - -] No more DHCP agents
2026-09-09 07:33:28.629 10 WARNING neutron.api.rpc.agentnotifiers.dhcp_rpc_agent_api [None req-d2dbcec1-3125-428c-82dc-99647a684a5c f43248846f344b67ae81bb882f8711d3 4ff91212eaa546368c7255631e955ae8 - - - -] Unable to schedule network bccd26fc-54d7-45b9-aeda-b5923a871ac3: no agents available; will retry on subsequent port and subnet creation events.
2026-09-09 07:33:28.827 10 INFO neutron.db.ovn_revision_numbers_db [None req-745b5294-604c-4094-9bec-47760175c796 - - - - - -] Successfully bumped revision number for resource 9cc8febf-a7a5-44e5-9e0a-4949941f5368 (type: router_ports) to 4
2026-09-09 07:33:28.907 9 WARNING neutron.scheduler.dhcp_agent_scheduler [None req-db072485-b6c2-4655-bf0e-a33ebf9cb6aa 153144be5d9d4ad3bbb85fbebb0c6f1e 65167c832edb425e9bc00a82e5e5347a - - default default] No more DHCP agents
2026-09-09 07:33:28.908 9 INFO neutron.db.ovn_revision_numbers_db [None req-ae8c3285-9e08-4a0e-8841-626e27027ba2 - - - - - -] Successfully bumped revision number for resource 44791558-b769-427e-ac9c-dc21f4fe2af7 (type: ports) to 3
2026-09-09 07:33:28.909 9 WARNING neutron.api.rpc.agentnotifiers.dhcp_rpc_agent_api [None req-db072485-b6c2-4655-bf0e-a33ebf9cb6aa 153144be5d9d4ad3bbb85fbebb0c6f1e 65167c832edb425e9bc00a82e5e5347a - - default default] Unable to schedule network 893da0f7-f8ed-4336-8a52-e7544be5eded: no agents available; will retry on subsequent port and subnet creation events.
2026-09-09 07:33:29.034 9 INFO neutron.db.ovn_revision_numbers_db [None req-ae8c3285-9e08-4a0e-8841-626e27027ba2 - - - - - -] Successfully bumped revision number for resource 44791558-b769-427e-ac9c-dc21f4fe2af7 (type: router_ports) to 3
2026-09-09 07:33:29.103 10 INFO neutron.db.ovn_revision_numbers_db [None req-d2dbcec1-3125-428c-82dc-99647a684a5c f43248846f344b67ae81bb882f8711d3 4ff91212eaa546368c7255631e955ae8 - - - -] Successfully bumped revision number for resource 74241503-9cf8-4a26-99ef-24694f948bfd (type: ports) to 2
2026-09-09 07:33:29.117 10 INFO neutron.db.ovn_revision_numbers_db [None req-d2dbcec1-3125-428c-82dc-99647a684a5c f43248846f344b67ae81bb882f8711d3 4ff91212eaa546368c7255631e955ae8 - - - -] Successfully bumped revision number for resource 90b51da6-3788-4eb5-9e0e-be344ce4f698 (type: subnets) to 0
2026-09-09 07:33:29.134 10 INFO neutron.wsgi [None req-d2dbcec1-3125-428c-82dc-99647a684a5c f43248846f344b67ae81bb882f8711d3 4ff91212eaa546368c7255631e955ae8 - - - -] 10.0.0.106 "POST /v2.0/subnets HTTP/1.1" status: 201 len: 801 time: 0.8566642
2026-09-09 07:33:29.135 10 INFO neutron.db.ovn_revision_numbers_db [None req-7eb2f9f7-49a2-4b02-9db2-3a62d5d0cab9 b69ca5de129749d28e428956f49ec0f3 c8b1d376c5f047cd88b7cc889605be71 - - - -] Successfully bumped revision number for resource 34a82b18-c78f-4aa8-aadb-f2a44e5eac44 (type: security_groups) to 1
2026-09-09 07:33:29.206 10 INFO neutron.db.segments_db [None req-7eb2f9f7-49a2-4b02-9db2-3a62d5d0cab9 b69ca5de129749d28e428956f49ec0f3 c8b1d376c5f047cd88b7cc889605be71 - - - -] Added segment 685bd62b-ff1f-4022-bee4-e96d64b39367 of type geneve for network 85c6be47-31eb-4fe5-b3dc-80b03b8903af
2026-09-09 07:33:29.310 9 INFO neutron.db.ovn_revision_numbers_db [None req-db072485-b6c2-4655-bf0e-a33ebf9cb6aa 153144be5d9d4ad3bbb85fbebb0c6f1e 65167c832edb425e9bc00a82e5e5347a - - - -] Successfully bumped revision number for resource 44791558-b769-427e-ac9c-dc21f4fe2af7 (type: router_ports) to 3
2026-09-09 07:33:29.312 9 INFO neutron.wsgi [None req-db072485-b6c2-4655-bf0e-a33ebf9cb6aa 153144be5d9d4ad3bbb85fbebb0c6f1e 65167c832edb425e9bc00a82e5e5347a - - - -] 10.0.0.106 "PUT /v2.0/routers/94a5e61f-58c9-442e-b81a-5475e9fb95e1/add_router_interface HTTP/1.1" status: 200 len: 503 time: 2.1531341
2026-09-09 07:33:29.394 10 INFO neutron.db.ovn_revision_numbers_db [None req-7eb2f9f7-49a2-4b02-9db2-3a62d5d0cab9 b69ca5de129749d28e428956f49ec0f3 c8b1d376c5f047cd88b7cc889605be71 - - - -] Successfully bumped revision number for resource 85c6be47-31eb-4fe5-b3dc-80b03b8903af (type: networks) to 1
2026-09-09 07:33:29.517 10 INFO neutron.db.ovn_revision_numbers_db [None req-5be3ebd5-dadf-4d34-b127-14fa33c0a1eb f43248846f344b67ae81bb882f8711d3 4ff91212eaa546368c7255631e955ae8 - - - -] Successfully bumped revision number for resource 90b51da6-3788-4eb5-9e0e-be344ce4f698 (type: subnets) to 1
2026-09-09 07:33:29.520 10 INFO neutron.wsgi [None req-5be3ebd5-dadf-4d34-b127-14fa33c0a1eb f43248846f344b67ae81bb882f8711d3 4ff91212eaa546368c7255631e955ae8 - - - -] 10.0.0.106 "PUT /v2.0/subnets/90b51da6-3788-4eb5-9e0e-be344ce4f698 HTTP/1.1" status: 200 len: 806 time: 0.3807263
2026-09-09 07:33:29.580 10 WARNING neutron.scheduler.dhcp_agent_scheduler [None req-7eb2f9f7-49a2-4b02-9db2-3a62d5d0cab9 b69ca5de129749d28e428956f49ec0f3 c8b1d376c5f047cd88b7cc889605be71 - - - -] No more DHCP agents
2026-09-09 07:33:29.582 10 WARNING neutron.api.rpc.agentnotifiers.dhcp_rpc_agent_api [None req-7eb2f9f7-49a2-4b02-9db2-3a62d5d0cab9 b69ca5de129749d28e428956f49ec0f3 c8b1d376c5f047cd88b7cc889605be71 - - - -] Unable to schedule network 85c6be47-31eb-4fe5-b3dc-80b03b8903af: no agents available; will retry on subsequent port and subnet creation events.
2026-09-09 07:33:29.642 10 INFO neutron.db.ovn_revision_numbers_db [None req-7eb2f9f7-49a2-4b02-9db2-3a62d5d0cab9 b69ca5de129749d28e428956f49ec0f3 c8b1d376c5f047cd88b7cc889605be71 - - - -] Successfully bumped revision number for resource 7e3d6620-5a89-4888-bf4d-d2d9b0ed6262 (type: ports) to 1
2026-09-09 07:33:29.667 10 INFO neutron.wsgi [None req-7eb2f9f7-49a2-4b02-9db2-3a62d5d0cab9 b69ca5de129749d28e428956f49ec0f3 c8b1d376c5f047cd88b7cc889605be71 - - - -] 10.0.0.106 "POST /v2.0/networks HTTP/1.1" status: 201 len: 838 time: 0.8612771
2026-09-09 07:33:29.959 10 WARNING neutron.scheduler.dhcp_agent_scheduler [None req-d15ed98c-c999-4efb-9d36-71d31cb34c2d b69ca5de129749d28e428956f49ec0f3 c8b1d376c5f047cd88b7cc889605be71 - - - -] No more DHCP agents
2026-09-09 07:33:29.961 10 WARNING neutron.api.rpc.agentnotifiers.dhcp_rpc_agent_api [None req-d15ed98c-c999-4efb-9d36-71d31cb34c2d b69ca5de129749d28e428956f49ec0f3 c8b1d376c5f047cd88b7cc889605be71 - - - -] Unable to schedule network 85c6be47-31eb-4fe5-b3dc-80b03b8903af: no agents available; will retry on subsequent port and subnet creation events.
2026-09-09 07:33:30.151 9 INFO neutron.services.segments.plugin [-] Segment 4fc63a4b-2389-43ec-a9c4-b048f2aa7e0a resource provider aggregate not found
2026-09-09 07:33:30.155 9 INFO neutron.services.segments.plugin [-] Segment 4fc63a4b-2389-43ec-a9c4-b048f2aa7e0a resource provider aggregate not found
2026-09-09 07:33:30.180 9 INFO neutron.services.segments.plugin [-] Segment 4fc63a4b-2389-43ec-a9c4-b048f2aa7e0a resource provider not found; error: Placement Client Error (4xx): {"errors": [{"status": 404, "title": "Not Found", "detail": "The resource could not be found.\n\n No resource provider with uuid 4fc63a4b-2389-43ec-a9c4-b048f2aa7e0a found for delete ", "request_id": "req-5f729764-0e84-4095-8a99-d22f70671a3a"}]}
2026-09-09 07:33:30.182 9 INFO neutron.services.segments.plugin [-] Segment 4fc63a4b-2389-43ec-a9c4-b048f2aa7e0a resource provider not found; error: Placement Client Error (4xx): {"errors": [{"status": 404, "title": "Not Found", "detail": "The resource could not be found.\n\n No resource provider with uuid 4fc63a4b-2389-43ec-a9c4-b048f2aa7e0a found for delete ", "request_id": "req-38cdcf38-0aa1-4779-a42d-1866a22a8f87"}]}
2026-09-09 07:33:30.190 9 INFO neutron.wsgi [None req-27da1f1b-f81d-4b10-9cb3-527182e3db82 f43248846f344b67ae81bb882f8711d3 4ff91212eaa546368c7255631e955ae8 - - - -] 10.0.0.106 "DELETE /v2.0/networks/bccd26fc-54d7-45b9-aeda-b5923a871ac3 HTTP/1.1" status: 204 len: 168 time: 0.6648734
2026-09-09 07:33:30.211 10 INFO neutron.pecan_wsgi.hooks.translation [None req-048dbd04-8f87-431d-85d5-e02a545b5880 f43248846f344b67ae81bb882f8711d3 4ff91212eaa546368c7255631e955ae8 - - - -] DELETE failed (client error): The resource could not be found.
2026-09-09 07:33:30.213 10 INFO neutron.wsgi [None req-048dbd04-8f87-431d-85d5-e02a545b5880 f43248846f344b67ae81bb882f8711d3 4ff91212eaa546368c7255631e955ae8 - - - -] 10.0.0.106 "DELETE /v2.0/networks/bccd26fc-54d7-45b9-aeda-b5923a871ac3 HTTP/1.1" status: 404 len: 339 time: 0.0158250
2026-09-09 07:33:30.325 9 INFO neutron.wsgi [None req-3ad75693-d094-48d7-8e43-b51c588ae8ea f43248846f344b67ae81bb882f8711d3 4ff91212eaa546368c7255631e955ae8 - - default default] 10.0.0.106 "GET /v2.0/networks?router%3Aexternal=True HTTP/1.1" status: 200 len: 845 time: 0.1060188
2026-09-09 07:33:30.344 10 INFO neutron.db.ovn_revision_numbers_db [None req-d15ed98c-c999-4efb-9d36-71d31cb34c2d b69ca5de129749d28e428956f49ec0f3 c8b1d376c5f047cd88b7cc889605be71 - - - -] Successfully bumped revision number for resource 7e3d6620-5a89-4888-bf4d-d2d9b0ed6262 (type: ports) to 2
2026-09-09 07:33:30.364 10 INFO neutron.wsgi [None req-02ade5b2-b5c1-4ee6-a852-7ef9be7854e3 f43248846f344b67ae81bb882f8711d3 4ff91212eaa546368c7255631e955ae8 - - default default] 10.0.0.106 "GET /v2.0/subnets?network_id=d8c0c0d7-7e0f-4280-a8e5-4c5682799908 HTTP/1.1" status: 200 len: 820 time: 0.0321589
2026-09-09 07:33:30.365 10 INFO neutron.db.ovn_revision_numbers_db [None req-d15ed98c-c999-4efb-9d36-71d31cb34c2d b69ca5de129749d28e428956f49ec0f3 c8b1d376c5f047cd88b7cc889605be71 - - - -] Successfully bumped revision number for resource dc6789bf-3414-44be-8087-98f998c5f277 (type: subnets) to 0
2026-09-09 07:33:30.374 10 INFO neutron.wsgi [None req-295ab190-7691-48b9-b84f-9071c7fd62cc f43248846f344b67ae81bb882f8711d3 4ff91212eaa546368c7255631e955ae8 - - default default] 10.0.0.106 "GET /v2.0/extensions HTTP/1.1" status: 200 len: 16520 time: 0.0050793
2026-09-09 07:33:30.391 10 INFO neutron.wsgi [None req-d15ed98c-c999-4efb-9d36-71d31cb34c2d b69ca5de129749d28e428956f49ec0f3 c8b1d376c5f047cd88b7cc889605be71 - - - -] 10.0.0.106 "POST /v2.0/subnets HTTP/1.1" status: 201 len: 832 time: 0.7167742
2026-09-09 07:33:30.464 10 INFO neutron.wsgi [None req-eb5862c8-4915-417b-863f-50afdfc66195 f43248846f344b67ae81bb882f8711d3 4ff91212eaa546368c7255631e955ae8 - - default default] 10.0.0.106 "GET /v2.0/networks HTTP/1.1" status: 200 len: 1503 time: 0.0848138
2026-09-09 07:33:30.501 10 INFO neutron.wsgi [None req-84c623ca-1098-41f2-9340-59206bfbd3cc f43248846f344b67ae81bb882f8711d3 4ff91212eaa546368c7255631e955ae8 - - default default] 10.0.0.106 "GET /v2.0/subnets HTTP/1.1" status: 200 len: 1428 time: 0.0310547
2026-09-09 07:33:30.659 9 INFO neutron.wsgi [None req-210864e9-efbf-4294-a46f-98ccc2cda938 6892bef126e5426d9528dbb3711794d7 9d40d165d3424852b4650bf65ba87b06 - - default default] 10.0.0.106 "GET /v2.0/subnetpools?name=shared-default-subnetpool-v6 HTTP/1.1" status: 200 len: 212 time: 0.2626843
2026-09-09 07:33:30.796 9 INFO neutron.db.ovn_revision_numbers_db [None req-a4d49ed2-de7e-4595-81d7-62da6d4a1bc0 153144be5d9d4ad3bbb85fbebb0c6f1e 65167c832edb425e9bc00a82e5e5347a - - - -] Successfully bumped revision number for resource 4a8b3eff-34be-49c2-9194-57c8776f4164 (type: security_groups) to 1
2026-09-09 07:33:30.810 10 INFO neutron.wsgi [None req-6900a9f9-dae2-4844-adf0-9b1a6e4d1890 f43248846f344b67ae81bb882f8711d3 4ff91212eaa546368c7255631e955ae8 - - default default] 10.0.0.106 "GET /v2.0/networks/b72a44d6-8b08-42d7-a3fc-a9bf91d80e27 HTTP/1.1" status: 200 len: 862 time: 0.3042490
2026-09-09 07:33:30.844 10 INFO neutron.wsgi [None req-ce323ad7-f8b6-424c-938a-d4eab225043b f43248846f344b67ae81bb882f8711d3 4ff91212eaa546368c7255631e955ae8 - - default default] 10.0.0.106 "GET /v2.0/subnets/c67e4351-1dfd-4e90-a730-f7ee5b8e10f1 HTTP/1.1" status: 200 len: 811 time: 0.0271430
2026-09-09 07:33:30.864 10 INFO neutron.pecan_wsgi.hooks.translation [None req-3b5b3bd1-8dcb-4811-9a4d-0610422a874d f43248846f344b67ae81bb882f8711d3 4ff91212eaa546368c7255631e955ae8 - - - -] DELETE failed (client error): The resource could not be found.
2026-09-09 07:33:30.866 10 INFO neutron.wsgi [None req-3b5b3bd1-8dcb-4811-9a4d-0610422a874d f43248846f344b67ae81bb882f8711d3 4ff91212eaa546368c7255631e955ae8 - - - -] 10.0.0.106 "DELETE /v2.0/subnets/90b51da6-3788-4eb5-9e0e-be344ce4f698 HTTP/1.1" status: 404 len: 337 time: 0.0164115
2026-09-09 07:33:30.883 10 INFO neutron.pecan_wsgi.hooks.translation [None req-4ac3ddf2-114f-4b62-aa3b-905d6635cdca f43248846f344b67ae81bb882f8711d3 4ff91212eaa546368c7255631e955ae8 - - - -] DELETE failed (client error): The resource could not be found.
2026-09-09 07:33:30.885 10 INFO neutron.wsgi [None req-4ac3ddf2-114f-4b62-aa3b-905d6635cdca f43248846f344b67ae81bb882f8711d3 4ff91212eaa546368c7255631e955ae8 - - - -] 10.0.0.106 "DELETE /v2.0/networks/bccd26fc-54d7-45b9-aeda-b5923a871ac3 HTTP/1.1" status: 404 len: 339 time: 0.0113490
2026-09-09 07:33:30.895 9 INFO neutron.db.segments_db [None req-a4d49ed2-de7e-4595-81d7-62da6d4a1bc0 153144be5d9d4ad3bbb85fbebb0c6f1e 65167c832edb425e9bc00a82e5e5347a - - - -] Added segment 5264fbaa-d2a3-498c-8428-abfae53d6829 of type geneve for network f4b518d7-ac0a-4442-bdc0-c965b4c25ef5
2026-09-09 07:33:31.061 9 INFO neutron.db.ovn_revision_numbers_db [None req-a4d49ed2-de7e-4595-81d7-62da6d4a1bc0 153144be5d9d4ad3bbb85fbebb0c6f1e 65167c832edb425e9bc00a82e5e5347a - - - -] Successfully bumped revision number for resource f4b518d7-ac0a-4442-bdc0-c965b4c25ef5 (type: networks) to 1
2026-09-09 07:33:31.072 10 INFO neutron.wsgi [None req-dcbaabc7-3f08-469e-8f69-0f00cb53d457 f43248846f344b67ae81bb882f8711d3 4ff91212eaa546368c7255631e955ae8 - - - -] 10.0.0.106 "DELETE /v2.0/subnets/c67e4351-1dfd-4e90-a730-f7ee5b8e10f1 HTTP/1.1" status: 204 len: 168 time: 0.1834443
2026-09-09 07:33:31.221 9 WARNING neutron.scheduler.dhcp_agent_scheduler [None req-f7e5e9f9-87ee-4493-8178-0bf5a0a3a233 b69ca5de129749d28e428956f49ec0f3 c8b1d376c5f047cd88b7cc889605be71 - - - -] No more DHCP agents
2026-09-09 07:33:31.227 9 WARNING neutron.api.rpc.agentnotifiers.dhcp_rpc_agent_api [None req-f7e5e9f9-87ee-4493-8178-0bf5a0a3a233 b69ca5de129749d28e428956f49ec0f3 c8b1d376c5f047cd88b7cc889605be71 - - - -] Unable to schedule network 85c6be47-31eb-4fe5-b3dc-80b03b8903af: no agents available; will retry on subsequent port and subnet creation events.
2026-09-09 07:33:31.250 9 INFO neutron.db.ovn_revision_numbers_db [None req-f7e5e9f9-87ee-4493-8178-0bf5a0a3a233 b69ca5de129749d28e428956f49ec0f3 c8b1d376c5f047cd88b7cc889605be71 - - - -] Successfully bumped revision number for resource 27ae7a96-6e87-4ee2-81a4-ac1835b21aa5 (type: subnets) to 0
2026-09-09 07:33:31.268 9 INFO neutron.wsgi [None req-f7e5e9f9-87ee-4493-8178-0bf5a0a3a233 b69ca5de129749d28e428956f49ec0f3 c8b1d376c5f047cd88b7cc889605be71 - - - -] 10.0.0.106 "POST /v2.0/subnets HTTP/1.1" status: 201 len: 907 time: 0.5956306
2026-09-09 07:33:31.289 9 WARNING neutron.scheduler.dhcp_agent_scheduler [None req-a4d49ed2-de7e-4595-81d7-62da6d4a1bc0 153144be5d9d4ad3bbb85fbebb0c6f1e 65167c832edb425e9bc00a82e5e5347a - - - -] No more DHCP agents
2026-09-09 07:33:31.291 9 WARNING neutron.api.rpc.agentnotifiers.dhcp_rpc_agent_api [None req-a4d49ed2-de7e-4595-81d7-62da6d4a1bc0 153144be5d9d4ad3bbb85fbebb0c6f1e 65167c832edb425e9bc00a82e5e5347a - - - -] Unable to schedule network f4b518d7-ac0a-4442-bdc0-c965b4c25ef5: no agents available; will retry on subsequent port and subnet creation events.
2026-09-09 07:33:31.389 10 INFO neutron.db.segments_db [None req-7a445ad1-3b1d-4529-85f3-0880189ca9bb b69ca5de129749d28e428956f49ec0f3 c8b1d376c5f047cd88b7cc889605be71 - - - -] Added segment 72684177-6040-467f-8ce7-2b54359677d0 of type geneve for network 12a0ad0c-c371-4058-a3af-d612c72efa86
2026-09-09 07:33:31.400 9 INFO neutron.db.ovn_revision_numbers_db [None req-a4d49ed2-de7e-4595-81d7-62da6d4a1bc0 153144be5d9d4ad3bbb85fbebb0c6f1e 65167c832edb425e9bc00a82e5e5347a - - - -] Successfully bumped revision number for resource 71c988d8-c3ae-4ff8-9e91-fdd29e8d92bd (type: ports) to 1
2026-09-09 07:33:31.426 9 INFO neutron.wsgi [None req-a4d49ed2-de7e-4595-81d7-62da6d4a1bc0 153144be5d9d4ad3bbb85fbebb0c6f1e 65167c832edb425e9bc00a82e5e5347a - - - -] 10.0.0.106 "POST /v2.0/networks HTTP/1.1" status: 201 len: 942 time: 0.8614318
2026-09-09 07:33:31.457 10 INFO neutron.services.segments.plugin [-] Segment 62fc367f-1fd5-4369-891f-877b8dcd1f53 resource provider aggregate not found
2026-09-09 07:33:31.471 10 INFO neutron.services.segments.plugin [-] Segment 62fc367f-1fd5-4369-891f-877b8dcd1f53 resource provider aggregate not found
2026-09-09 07:33:31.484 10 INFO neutron.services.segments.plugin [-] Segment 62fc367f-1fd5-4369-891f-877b8dcd1f53 resource provider not found; error: Placement Client Error (4xx): {"errors": [{"status": 404, "title": "Not Found", "detail": "The resource could not be found.\n\n No resource provider with uuid 62fc367f-1fd5-4369-891f-877b8dcd1f53 found for delete ", "request_id": "req-341f40d8-555e-4e6b-9e35-9e2fd5f565dd"}]}
2026-09-09 07:33:31.496 10 INFO neutron.services.segments.plugin [-] Segment 62fc367f-1fd5-4369-891f-877b8dcd1f53 resource provider not found; error: Placement Client Error (4xx): {"errors": [{"status": 404, "title": "Not Found", "detail": "The resource could not be found.\n\n No resource provider with uuid 62fc367f-1fd5-4369-891f-877b8dcd1f53 found for delete ", "request_id": "req-18e940ba-143e-4c2a-93f0-2db42b93b4ae"}]}
2026-09-09 07:33:31.541 10 INFO neutron.wsgi [None req-a42d23a1-6289-4293-b036-2a9d2d1ad3dd f43248846f344b67ae81bb882f8711d3 4ff91212eaa546368c7255631e955ae8 - - - -] 10.0.0.106 "DELETE /v2.0/networks/b72a44d6-8b08-42d7-a3fc-a9bf91d80e27 HTTP/1.1" status: 204 len: 168 time: 0.4504306
2026-09-09 07:33:31.548 10 INFO neutron.db.ovn_revision_numbers_db [None req-7a445ad1-3b1d-4529-85f3-0880189ca9bb b69ca5de129749d28e428956f49ec0f3 c8b1d376c5f047cd88b7cc889605be71 - - - -] Successfully bumped revision number for resource 12a0ad0c-c371-4058-a3af-d612c72efa86 (type: networks) to 1
2026-09-09 07:33:31.616 9 WARNING neutron.scheduler.dhcp_agent_scheduler [None req-7bcc96e4-fb78-4907-8b80-8d83e7cc8ee5 153144be5d9d4ad3bbb85fbebb0c6f1e 65167c832edb425e9bc00a82e5e5347a - - - -] No more DHCP agents
2026-09-09 07:33:31.618 9 WARNING neutron.api.rpc.agentnotifiers.dhcp_rpc_agent_api [None req-7bcc96e4-fb78-4907-8b80-8d83e7cc8ee5 153144be5d9d4ad3bbb85fbebb0c6f1e 65167c832edb425e9bc00a82e5e5347a - - - -] Unable to schedule network f4b518d7-ac0a-4442-bdc0-c965b4c25ef5: no agents available; will retry on subsequent port and subnet creation events.
2026-09-09 07:33:31.796 10 WARNING neutron.scheduler.dhcp_agent_scheduler [None req-7a445ad1-3b1d-4529-85f3-0880189ca9bb b69ca5de129749d28e428956f49ec0f3 c8b1d376c5f047cd88b7cc889605be71 - - - -] No more DHCP agents
2026-09-09 07:33:31.802 10 WARNING neutron.api.rpc.agentnotifiers.dhcp_rpc_agent_api [None req-7a445ad1-3b1d-4529-85f3-0880189ca9bb b69ca5de129749d28e428956f49ec0f3 c8b1d376c5f047cd88b7cc889605be71 - - - -] Unable to schedule network 12a0ad0c-c371-4058-a3af-d612c72efa86: no agents available; will retry on subsequent port and subnet creation events.
2026-09-09 07:33:31.867 10 INFO neutron.db.ovn_revision_numbers_db [None req-7a445ad1-3b1d-4529-85f3-0880189ca9bb b69ca5de129749d28e428956f49ec0f3 c8b1d376c5f047cd88b7cc889605be71 - - - -] Successfully bumped revision number for resource 9de99401-41e6-4893-8b7b-71705735dc93 (type: ports) to 1
2026-09-09 07:33:31.885 10 INFO neutron.wsgi [None req-7a445ad1-3b1d-4529-85f3-0880189ca9bb b69ca5de129749d28e428956f49ec0f3 c8b1d376c5f047cd88b7cc889605be71 - - - -] 10.0.0.106 "POST /v2.0/networks HTTP/1.1" status: 201 len: 837 time: 0.6118803
2026-09-09 07:33:32.049 9 INFO neutron.db.ovn_revision_numbers_db [None req-7bcc96e4-fb78-4907-8b80-8d83e7cc8ee5 153144be5d9d4ad3bbb85fbebb0c6f1e 65167c832edb425e9bc00a82e5e5347a - - - -] Successfully bumped revision number for resource 71c988d8-c3ae-4ff8-9e91-fdd29e8d92bd (type: ports) to 2
2026-09-09 07:33:32.062 9 INFO neutron.db.ovn_revision_numbers_db [None req-7bcc96e4-fb78-4907-8b80-8d83e7cc8ee5 153144be5d9d4ad3bbb85fbebb0c6f1e 65167c832edb425e9bc00a82e5e5347a - - - -] Successfully bumped revision number for resource 0315f5a0-827a-4a06-97af-d45b0c3a5782 (type: subnets) to 0
2026-09-09 07:33:32.075 9 INFO neutron.wsgi [None req-7bcc96e4-fb78-4907-8b80-8d83e7cc8ee5 153144be5d9d4ad3bbb85fbebb0c6f1e 65167c832edb425e9bc00a82e5e5347a - - - -] 10.0.0.106 "POST /v2.0/subnets HTTP/1.1" status: 201 len: 862 time: 0.6424682
2026-09-09 07:33:32.091 10 WARNING neutron.scheduler.dhcp_agent_scheduler [None req-914507a4-810c-449c-9f89-d60f1fe3ec3e b69ca5de129749d28e428956f49ec0f3 c8b1d376c5f047cd88b7cc889605be71 - - - -] No more DHCP agents
2026-09-09 07:33:32.095 10 WARNING neutron.api.rpc.agentnotifiers.dhcp_rpc_agent_api [None req-914507a4-810c-449c-9f89-d60f1fe3ec3e b69ca5de129749d28e428956f49ec0f3 c8b1d376c5f047cd88b7cc889605be71 - - - -] Unable to schedule network 12a0ad0c-c371-4058-a3af-d612c72efa86: no agents available; will retry on subsequent port and subnet creation events.
2026-09-09 07:33:32.214 9 INFO neutron.wsgi [-] 10.0.0.34 "GET / HTTP/1.1" status: 200 len: 247 time: 0.0057304
2026-09-09 07:33:32.222 9 INFO neutron.wsgi [-] 10.0.0.34 "GET / HTTP/1.1" status: 200 len: 247 time: 0.0046937
2026-09-09 07:33:32.334 9 INFO neutron.wsgi [None req-e4415ca8-ebae-4103-ba16-b55fc4a9145b 153144be5d9d4ad3bbb85fbebb0c6f1e 65167c832edb425e9bc00a82e5e5347a - - default default] 10.0.0.106 "GET /v2.0/security-groups?tenant_id=4ff91212eaa546368c7255631e955ae8&name=default HTTP/1.1" status: 200 len: 2996 time: 0.2303743
2026-09-09 07:33:32.463 9 INFO neutron.wsgi [None req-3fe745ad-759c-43f5-b4db-145f1448986b 153144be5d9d4ad3bbb85fbebb0c6f1e 65167c832edb425e9bc00a82e5e5347a - - default default] 10.0.0.87 "GET /v2.0/network-ip-availabilities HTTP/1.1" status: 200 len: 3376 time: 0.0595155
2026-09-09 07:33:32.512 9 INFO neutron.wsgi [None req-cd9e544a-4fa6-4b85-92ee-1c5b20a0296a 153144be5d9d4ad3bbb85fbebb0c6f1e 65167c832edb425e9bc00a82e5e5347a - - default default] 10.0.0.87 "GET /v2.0/subnets HTTP/1.1" status: 200 len: 4740 time: 0.0469701
2026-09-09 07:33:32.527 9 INFO neutron.wsgi [None req-70263ad8-a550-44ad-a887-1ca22f551d2b 153144be5d9d4ad3bbb85fbebb0c6f1e 65167c832edb425e9bc00a82e5e5347a - - default default] 10.0.0.87 "GET /v2.0/subnetpools HTTP/1.1" status: 200 len: 193 time: 0.0118432
2026-09-09 07:33:32.546 9 INFO neutron.wsgi [None req-8be96f1b-8442-4bab-bcc1-ef46a26563c1 153144be5d9d4ad3bbb85fbebb0c6f1e 65167c832edb425e9bc00a82e5e5347a - - default default] 10.0.0.87 "GET /v2.0/floatingips HTTP/1.1" status: 200 len: 193 time: 0.0178339
2026-09-09 07:33:32.571 9 INFO neutron.wsgi [None req-c110e0af-2441-4cd7-93f2-9785af063954 153144be5d9d4ad3bbb85fbebb0c6f1e 65167c832edb425e9bc00a82e5e5347a - - - -] 10.0.0.106 "DELETE /v2.0/security-groups/30649171-4652-4010-8156-e5e1cf256e21 HTTP/1.1" status: 204 len: 168 time: 0.2335546
2026-09-09 07:33:32.591 9 INFO neutron.wsgi [None req-577e69ad-80de-430f-af98-4cf4ee533259 153144be5d9d4ad3bbb85fbebb0c6f1e 65167c832edb425e9bc00a82e5e5347a - - default default] 10.0.0.87 "GET /v2.0/ports HTTP/1.1" status: 200 len: 11570 time: 0.0439353
2026-09-09 07:33:32.695 10 WARNING neutron.scheduler.dhcp_agent_scheduler [None req-968e4d88-45e4-4505-98c9-f11ea3601f64 153144be5d9d4ad3bbb85fbebb0c6f1e 65167c832edb425e9bc00a82e5e5347a - - - -] No more DHCP agents
2026-09-09 07:33:32.696 10 WARNING neutron.api.rpc.agentnotifiers.dhcp_rpc_agent_api [None req-968e4d88-45e4-4505-98c9-f11ea3601f64 153144be5d9d4ad3bbb85fbebb0c6f1e 65167c832edb425e9bc00a82e5e5347a - - - -] Unable to schedule network d8c0c0d7-7e0f-4280-a8e5-4c5682799908: no agents available; will retry on subsequent port and subnet creation events.
2026-09-09 07:33:32.720 10 INFO neutron.db.ovn_revision_numbers_db [None req-914507a4-810c-449c-9f89-d60f1fe3ec3e b69ca5de129749d28e428956f49ec0f3 c8b1d376c5f047cd88b7cc889605be71 - - - -] Successfully bumped revision number for resource 9de99401-41e6-4893-8b7b-71705735dc93 (type: ports) to 2
2026-09-09 07:33:32.738 10 INFO neutron.db.ovn_revision_numbers_db [None req-914507a4-810c-449c-9f89-d60f1fe3ec3e b69ca5de129749d28e428956f49ec0f3 c8b1d376c5f047cd88b7cc889605be71 - - - -] Successfully bumped revision number for resource 00480e28-6e29-4e47-85e9-f29da51d6a9f (type: subnets) to 0
2026-09-09 07:33:32.768 10 INFO neutron.wsgi [None req-914507a4-810c-449c-9f89-d60f1fe3ec3e b69ca5de129749d28e428956f49ec0f3 c8b1d376c5f047cd88b7cc889605be71 - - - -] 10.0.0.106 "POST /v2.0/subnets HTTP/1.1" status: 201 len: 831 time: 0.8777750
2026-09-09 07:33:32.884 10 INFO neutron.db.ovn_revision_numbers_db [None req-968e4d88-45e4-4505-98c9-f11ea3601f64 153144be5d9d4ad3bbb85fbebb0c6f1e 65167c832edb425e9bc00a82e5e5347a - - - -] Successfully bumped revision number for resource 41759a4d-38af-4f5f-aa7d-4b857c1dc5d7 (type: ports) to 1
2026-09-09 07:33:32.919 9 INFO neutron.wsgi [None req-aa77ea84-d8bb-4741-9d68-d56b240c5be5 153144be5d9d4ad3bbb85fbebb0c6f1e 65167c832edb425e9bc00a82e5e5347a - - default default] 10.0.0.87 "GET /v2.0/routers HTTP/1.1" status: 200 len: 1342 time: 0.3192985
2026-09-09 07:33:32.937 9 INFO neutron.wsgi [None req-c80bf527-da7d-4bbc-9eeb-6188e44fb0ac 153144be5d9d4ad3bbb85fbebb0c6f1e 65167c832edb425e9bc00a82e5e5347a - - default default] 10.0.0.87 "GET /v2.0/agents?binary=ovn-controller HTTP/1.1" status: 200 len: 591 time: 0.0170813
2026-09-09 07:33:33.002 9 INFO neutron.wsgi [None req-2d1fc5dd-1cf6-4515-809f-d97e8832254c 153144be5d9d4ad3bbb85fbebb0c6f1e 65167c832edb425e9bc00a82e5e5347a - - default default] 10.0.0.87 "GET /v2.0/networks HTTP/1.1" status: 200 len: 5405 time: 0.0643373
2026-09-09 07:33:33.084 9 INFO neutron.wsgi [None req-08d9455b-fc80-420e-8d98-f8d99bfa9533 153144be5d9d4ad3bbb85fbebb0c6f1e 65167c832edb425e9bc00a82e5e5347a - - default default] 10.0.0.87 "GET /v2.0/security-groups HTTP/1.1" status: 200 len: 25143 time: 0.0795302
2026-09-09 07:33:33.125 9 INFO neutron.wsgi [None req-feceb45e-6ef3-460a-81d8-0a2bd1182736 153144be5d9d4ad3bbb85fbebb0c6f1e 65167c832edb425e9bc00a82e5e5347a - - default default] 10.0.0.87 "GET /v2.0/subnets HTTP/1.1" status: 200 len: 4740 time: 0.0343330
2026-09-09 07:33:33.136 9 INFO neutron.wsgi [None req-da6cef04-c4f1-4c0a-bb64-32e51193d160 153144be5d9d4ad3bbb85fbebb0c6f1e 65167c832edb425e9bc00a82e5e5347a - - default default] 10.0.0.87 "GET /v2.0/agents HTTP/1.1" status: 200 len: 997 time: 0.0083823
2026-09-09 07:33:33.379 10 WARNING neutron.scheduler.dhcp_agent_scheduler [None req-42291610-8691-40de-b52b-3b7b72ef2cac b69ca5de129749d28e428956f49ec0f3 c8b1d376c5f047cd88b7cc889605be71 - - - -] No more DHCP agents
2026-09-09 07:33:33.381 10 WARNING neutron.api.rpc.agentnotifiers.dhcp_rpc_agent_api [None req-42291610-8691-40de-b52b-3b7b72ef2cac b69ca5de129749d28e428956f49ec0f3 c8b1d376c5f047cd88b7cc889605be71 - - - -] Unable to schedule network 12a0ad0c-c371-4058-a3af-d612c72efa86: no agents available; will retry on subsequent port and subnet creation events.
2026-09-09 07:33:33.406 10 INFO neutron.db.ovn_revision_numbers_db [None req-42291610-8691-40de-b52b-3b7b72ef2cac b69ca5de129749d28e428956f49ec0f3 c8b1d376c5f047cd88b7cc889605be71 - - - -] Successfully bumped revision number for resource 05cb8f2e-9a40-4ed3-9fbc-9b9b6ccb0f49 (type: subnets) to 0
2026-09-09 07:33:33.423 10 INFO neutron.wsgi [None req-42291610-8691-40de-b52b-3b7b72ef2cac b69ca5de129749d28e428956f49ec0f3 c8b1d376c5f047cd88b7cc889605be71 - - - -] 10.0.0.106 "POST /v2.0/subnets HTTP/1.1" status: 201 len: 901 time: 0.6484251
2026-09-09 07:33:33.517 9 INFO neutron.db.segments_db [None req-7b5f7f1d-be14-48bb-ac43-0ee131807309 b69ca5de129749d28e428956f49ec0f3 c8b1d376c5f047cd88b7cc889605be71 - - - -] Added segment fb156a1f-21b6-48bf-81dc-c361e783574d of type geneve for network 1c20b30b-1e34-4be2-8bec-d7aedc451e86
2026-09-09 07:33:33.699 10 INFO neutron.plugins.ml2.drivers.ovn.mech_driver.mech_driver [None req-5c009000-e905-4825-baa0-d66904499926 - - - - - -] OVN reports status up for port: 41759a4d-38af-4f5f-aa7d-4b857c1dc5d7
2026-09-09 07:33:33.723 9 INFO neutron.plugins.ml2.drivers.ovn.mech_driver.ovsdb.ovsdb_monitor [None req-d06b8d97-ab89-426b-975f-76d22afad00d - - - - - -] Router 69b47028-9f09-4588-aded-6488720d303c is bound to host instance
2026-09-09 07:33:33.726 9 INFO neutron.db.ovn_revision_numbers_db [None req-7b5f7f1d-be14-48bb-ac43-0ee131807309 b69ca5de129749d28e428956f49ec0f3 c8b1d376c5f047cd88b7cc889605be71 - - - -] Successfully bumped revision number for resource 1c20b30b-1e34-4be2-8bec-d7aedc451e86 (type: networks) to 1
2026-09-09 07:33:33.729 10 INFO neutron.plugins.ml2.plugin [None req-5c009000-e905-4825-baa0-d66904499926 - - - - - -] Attempt 1 to provision port 41759a4d-38af-4f5f-aa7d-4b857c1dc5d7
2026-09-09 07:33:33.731 10 INFO neutron.db.ovn_revision_numbers_db [None req-968e4d88-45e4-4505-98c9-f11ea3601f64 153144be5d9d4ad3bbb85fbebb0c6f1e 65167c832edb425e9bc00a82e5e5347a - - - -] Successfully bumped revision number for resource 41759a4d-38af-4f5f-aa7d-4b857c1dc5d7 (type: router_ports) to 1
2026-09-09 07:33:33.809 9 WARNING neutron.plugins.ml2.drivers.ovn.mech_driver.ovsdb.ovn_client [None req-ae8c3285-9e08-4a0e-8841-626e27027ba2 - - - - - -] No hosting information found for port 44791558-b769-427e-ac9c-dc21f4fe2af7: RuntimeError: No hosting information found for port 44791558-b769-427e-ac9c-dc21f4fe2af7
2026-09-09 07:33:33.832 10 INFO neutron.db.ovn_revision_numbers_db [None req-968e4d88-45e4-4505-98c9-f11ea3601f64 153144be5d9d4ad3bbb85fbebb0c6f1e 65167c832edb425e9bc00a82e5e5347a - - - -] Successfully bumped revision number for resource 69b47028-9f09-4588-aded-6488720d303c (type: routers) to 3
2026-09-09 07:33:33.843 10 INFO neutron.wsgi [None req-968e4d88-45e4-4505-98c9-f11ea3601f64 153144be5d9d4ad3bbb85fbebb0c6f1e 65167c832edb425e9bc00a82e5e5347a - - - -] 10.0.0.106 "POST /v2.0/routers HTTP/1.1" status: 201 len: 873 time: 1.7645082
2026-09-09 07:33:34.033 9 WARNING neutron.scheduler.dhcp_agent_scheduler [None req-7b5f7f1d-be14-48bb-ac43-0ee131807309 b69ca5de129749d28e428956f49ec0f3 c8b1d376c5f047cd88b7cc889605be71 - - - -] No more DHCP agents
2026-09-09 07:33:34.038 9 WARNING neutron.api.rpc.agentnotifiers.dhcp_rpc_agent_api [None req-7b5f7f1d-be14-48bb-ac43-0ee131807309 b69ca5de129749d28e428956f49ec0f3 c8b1d376c5f047cd88b7cc889605be71 - - - -] Unable to schedule network 1c20b30b-1e34-4be2-8bec-d7aedc451e86: no agents available; will retry on subsequent port and subnet creation events.
2026-09-09 07:33:34.222 9 INFO neutron.db.ovn_revision_numbers_db [None req-7b5f7f1d-be14-48bb-ac43-0ee131807309 b69ca5de129749d28e428956f49ec0f3 c8b1d376c5f047cd88b7cc889605be71 - - - -] Successfully bumped revision number for resource d5d37660-272f-4743-bf19-e43aa6b06890 (type: ports) to 1
2026-09-09 07:33:34.249 10 WARNING neutron.scheduler.dhcp_agent_scheduler [None req-5b3b30a9-a250-4c54-967d-3ae45bbbee9d 153144be5d9d4ad3bbb85fbebb0c6f1e 65167c832edb425e9bc00a82e5e5347a - - default default] No more DHCP agents
2026-09-09 07:33:34.250 10 WARNING neutron.api.rpc.agentnotifiers.dhcp_rpc_agent_api [None req-5b3b30a9-a250-4c54-967d-3ae45bbbee9d 153144be5d9d4ad3bbb85fbebb0c6f1e 65167c832edb425e9bc00a82e5e5347a - - default default] Unable to schedule network f4b518d7-ac0a-4442-bdc0-c965b4c25ef5: no agents available; will retry on subsequent port and subnet creation events.
2026-09-09 07:33:34.274 9 INFO neutron.wsgi [None req-7b5f7f1d-be14-48bb-ac43-0ee131807309 b69ca5de129749d28e428956f49ec0f3 c8b1d376c5f047cd88b7cc889605be71 - - - -] 10.0.0.106 "POST /v2.0/networks HTTP/1.1" status: 201 len: 837 time: 0.8462002
2026-09-09 07:33:34.401 9 INFO neutron.db.ovn_revision_numbers_db [None req-d06b8d97-ab89-426b-975f-76d22afad00d - - - - - -] Successfully bumped revision number for resource 41759a4d-38af-4f5f-aa7d-4b857c1dc5d7 (type: ports) to 1
2026-09-09 07:33:34.434 10 INFO neutron.db.ovn_revision_numbers_db [None req-5b3b30a9-a250-4c54-967d-3ae45bbbee9d 153144be5d9d4ad3bbb85fbebb0c6f1e 65167c832edb425e9bc00a82e5e5347a - - default default] Successfully bumped revision number for resource 855d3c22-cb02-4b84-a269-5abb7554ec34 (type: ports) to 1
2026-09-09 07:33:34.575 10 WARNING neutron.scheduler.dhcp_agent_scheduler [None req-8f0c4b9b-5f65-479c-8918-5ab4520a2537 b69ca5de129749d28e428956f49ec0f3 c8b1d376c5f047cd88b7cc889605be71 - - - -] No more DHCP agents
2026-09-09 07:33:34.579 10 WARNING neutron.api.rpc.agentnotifiers.dhcp_rpc_agent_api [None req-8f0c4b9b-5f65-479c-8918-5ab4520a2537 b69ca5de129749d28e428956f49ec0f3 c8b1d376c5f047cd88b7cc889605be71 - - - -] Unable to schedule network 1c20b30b-1e34-4be2-8bec-d7aedc451e86: no agents available; will retry on subsequent port and subnet creation events.
2026-09-09 07:33:34.663 9 INFO neutron.db.ovn_revision_numbers_db [None req-d06b8d97-ab89-426b-975f-76d22afad00d - - - - - -] Successfully bumped revision number for resource 41759a4d-38af-4f5f-aa7d-4b857c1dc5d7 (type: router_ports) to 3
2026-09-09 07:33:34.739 9 INFO neutron.db.ovn_revision_numbers_db [None req-7de963c3-b543-4590-a29f-110953b4d43c bbe6a81b4ae44c6585877606c0022021 1321719ef9fa4b57b06c4e49c71448d4 - - - -] Successfully bumped revision number for resource d73a8db9-77da-4ea9-9b76-6485704ccf59 (type: security_groups) to 1
2026-09-09 07:33:34.822 9 INFO neutron.db.segments_db [None req-7de963c3-b543-4590-a29f-110953b4d43c bbe6a81b4ae44c6585877606c0022021 1321719ef9fa4b57b06c4e49c71448d4 - - - -] Added segment 5f75cbc7-c7e0-4d3e-b9e8-0aa728568a4c of type geneve for network f19011bd-87b8-47b0-9f11-ddfd691c35ea
2026-09-09 07:33:34.852 9 INFO neutron.db.ovn_revision_numbers_db [None req-d06b8d97-ab89-426b-975f-76d22afad00d - - - - - -] Successfully bumped revision number for resource 41759a4d-38af-4f5f-aa7d-4b857c1dc5d7 (type: ports) to 2
2026-09-09 07:33:34.968 9 INFO neutron.db.ovn_revision_numbers_db [None req-7de963c3-b543-4590-a29f-110953b4d43c bbe6a81b4ae44c6585877606c0022021 1321719ef9fa4b57b06c4e49c71448d4 - - - -] Successfully bumped revision number for resource f19011bd-87b8-47b0-9f11-ddfd691c35ea (type: networks) to 1
2026-09-09 07:33:35.061 10 INFO neutron.db.ovn_revision_numbers_db [None req-5b3b30a9-a250-4c54-967d-3ae45bbbee9d 153144be5d9d4ad3bbb85fbebb0c6f1e 65167c832edb425e9bc00a82e5e5347a - - default default] Successfully bumped revision number for resource 855d3c22-cb02-4b84-a269-5abb7554ec34 (type: router_ports) to 2
2026-09-09 07:33:35.124 9 INFO neutron.db.ovn_revision_numbers_db [None req-d06b8d97-ab89-426b-975f-76d22afad00d - - - - - -] Successfully bumped revision number for resource 41759a4d-38af-4f5f-aa7d-4b857c1dc5d7 (type: ports) to 4
2026-09-09 07:33:35.155 9 WARNING neutron.scheduler.dhcp_agent_scheduler [None req-7de963c3-b543-4590-a29f-110953b4d43c bbe6a81b4ae44c6585877606c0022021 1321719ef9fa4b57b06c4e49c71448d4 - - - -] No more DHCP agents
2026-09-09 07:33:35.158 9 WARNING neutron.api.rpc.agentnotifiers.dhcp_rpc_agent_api [None req-7de963c3-b543-4590-a29f-110953b4d43c bbe6a81b4ae44c6585877606c0022021 1321719ef9fa4b57b06c4e49c71448d4 - - - -] Unable to schedule network f19011bd-87b8-47b0-9f11-ddfd691c35ea: no agents available; will retry on subsequent port and subnet creation events.
