2026-09-09 07:32:59.947 9 INFO neutron.db.ovn_revision_numbers_db [None req-42558c64-93d8-44fb-9e73-4c8839639aef 5b0bc890ee624ab89dfd26ce6a24a03c aec53fd0ac2d474c850ff2e42c0cc7b0 - - - -] Successfully bumped revision number for resource 7ba56464-0df2-4e60-b5cc-000b24f5d505 (type: ports) to 1
2026-09-09 07:32:59.965 9 INFO neutron.wsgi [None req-42558c64-93d8-44fb-9e73-4c8839639aef 5b0bc890ee624ab89dfd26ce6a24a03c aec53fd0ac2d474c850ff2e42c0cc7b0 - - - -] 10.0.0.106 "POST /v2.0/networks HTTP/1.1" status: 201 len: 831 time: 0.5530961
2026-09-09 07:33:00.253 10 WARNING neutron.scheduler.dhcp_agent_scheduler [None req-882a20a1-e5ff-4f61-8d89-18ed43e7d0b8 5b0bc890ee624ab89dfd26ce6a24a03c aec53fd0ac2d474c850ff2e42c0cc7b0 - - - -] No more DHCP agents
2026-09-09 07:33:00.258 10 WARNING neutron.api.rpc.agentnotifiers.dhcp_rpc_agent_api [None req-882a20a1-e5ff-4f61-8d89-18ed43e7d0b8 5b0bc890ee624ab89dfd26ce6a24a03c aec53fd0ac2d474c850ff2e42c0cc7b0 - - - -] Unable to schedule network 029b849a-c32f-4caa-9b1d-98446c824b8b: no agents available; will retry on subsequent port and subnet creation events.
2026-09-09 07:33:00.352 10 INFO neutron.db.ovn_revision_numbers_db [None req-882a20a1-e5ff-4f61-8d89-18ed43e7d0b8 5b0bc890ee624ab89dfd26ce6a24a03c aec53fd0ac2d474c850ff2e42c0cc7b0 - - - -] Successfully bumped revision number for resource bee31931-dfaa-4c8c-b8d1-dcda099fc38f (type: ports) to 1
2026-09-09 07:33:00.388 10 INFO neutron.wsgi [None req-882a20a1-e5ff-4f61-8d89-18ed43e7d0b8 5b0bc890ee624ab89dfd26ce6a24a03c aec53fd0ac2d474c850ff2e42c0cc7b0 - - - -] 10.0.0.106 "POST /v2.0/ports HTTP/1.1" status: 201 len: 942 time: 0.4194298
2026-09-09 07:33:00.628 9 INFO neutron.wsgi [None req-b589edd4-514e-4a0c-8166-dd438bc1fc51 5b0bc890ee624ab89dfd26ce6a24a03c aec53fd0ac2d474c850ff2e42c0cc7b0 - - - -] 10.0.0.106 "POST /v2.0/trunks HTTP/1.1" status: 201 len: 608 time: 0.2352896
2026-09-09 07:33:00.652 10 INFO neutron.wsgi [None req-77c41e74-cf9f-4f15-b59b-785d0fe9c35b 153144be5d9d4ad3bbb85fbebb0c6f1e 65167c832edb425e9bc00a82e5e5347a - - - -] 10.0.0.106 "PUT /v2.0/routers/5863c132-e872-4e64-8120-f8421958d614/remove_router_interface HTTP/1.1" status: 200 len: 503 time: 1.0597451 /var/lib/openstack/lib/python3.10/site-packages/pycadf/identifier.py:71: UserWarning: Invalid uuid: neutron. To ensure interoperability, identifiers should be a valid uuid. warnings.warn(('Invalid uuid: %s. To ensure interoperability, '
2026-09-09 07:33:00.682 9 INFO neutron.wsgi [None req-7cb4ea32-85a1-4891-ae6e-66b69f2917da 5b0bc890ee624ab89dfd26ce6a24a03c aec53fd0ac2d474c850ff2e42c0cc7b0 - - - -] 10.0.0.106 "PUT /v2.0/trunks/4e5edca4-d417-496a-ad09-446a3c3b9ab9/tags HTTP/1.1" status: 200 len: 210 time: 0.0472913
2026-09-09 07:33:00.737 10 INFO neutron.wsgi [None req-ba04a1a8-bd5c-44f7-8a58-e287b07e13e8 5b0bc890ee624ab89dfd26ce6a24a03c aec53fd0ac2d474c850ff2e42c0cc7b0 - - - -] 10.0.0.106 "PUT /v2.0/trunks/bb89e1b3-7f3b-4abb-90fd-72a9d18ccb79/tags HTTP/1.1" status: 200 len: 218 time: 0.0491350
2026-09-09 07:33:00.795 10 INFO neutron.wsgi [None req-4a7b21b1-b749-41e7-9cd9-a3bb322b5aa2 5b0bc890ee624ab89dfd26ce6a24a03c aec53fd0ac2d474c850ff2e42c0cc7b0 - - - -] 10.0.0.106 "PUT /v2.0/trunks/e2dc4a31-0299-4061-9221-0384d750f0e5/tags HTTP/1.1" status: 200 len: 227 time: 0.0532181
2026-09-09 07:33:00.855 10 INFO neutron.wsgi [None req-ec790e87-84eb-4f53-9b04-9103f987db8e 5b0bc890ee624ab89dfd26ce6a24a03c aec53fd0ac2d474c850ff2e42c0cc7b0 - - - -] 10.0.0.106 "PUT /v2.0/trunks/743635f7-3b2c-4751-9a8a-a5b1e513c103/tags HTTP/1.1" status: 200 len: 212 time: 0.0546968
2026-09-09 07:33:00.884 10 INFO neutron.wsgi [None req-e8099527-45bf-401a-b7d7-35f1186b770c 5b0bc890ee624ab89dfd26ce6a24a03c aec53fd0ac2d474c850ff2e42c0cc7b0 - - default default] 10.0.0.106 "GET /v2.0/trunks?tags=red HTTP/1.1" status: 200 len: 1447 time: 0.0247231
2026-09-09 07:33:00.926 9 INFO neutron.wsgi [None req-fc96ca42-1e51-4c55-9923-dccf8bb7a779 5b0bc890ee624ab89dfd26ce6a24a03c aec53fd0ac2d474c850ff2e42c0cc7b0 - - default default] 10.0.0.106 "GET /v2.0/trunks?tags=red%2Cblue HTTP/1.1" status: 200 len: 1041 time: 0.0372791
2026-09-09 07:33:00.963 9 INFO neutron.wsgi [None req-4910caee-d959-4fae-82b1-cd7620a4fc3b 5b0bc890ee624ab89dfd26ce6a24a03c aec53fd0ac2d474c850ff2e42c0cc7b0 - - default default] 10.0.0.106 "GET /v2.0/trunks?tags-any=blue HTTP/1.1" status: 200 len: 1041 time: 0.0317547
2026-09-09 07:33:00.986 9 INFO neutron.wsgi [None req-9da4d619-ecce-49c4-a7eb-f307a498289c 5b0bc890ee624ab89dfd26ce6a24a03c aec53fd0ac2d474c850ff2e42c0cc7b0 - - default default] 10.0.0.106 "GET /v2.0/trunks?tags-any=red%2Cblue HTTP/1.1" status: 200 len: 1447 time: 0.0187428
2026-09-09 07:33:01.011 9 INFO neutron.wsgi [None req-ffe3d4f2-9bdc-40c2-a388-842a5970b55f 5b0bc890ee624ab89dfd26ce6a24a03c aec53fd0ac2d474c850ff2e42c0cc7b0 - - default default] 10.0.0.106 "GET /v2.0/trunks?not-tags=red HTTP/1.1" status: 200 len: 1013 time: 0.0217447
2026-09-09 07:33:01.037 9 INFO neutron.wsgi [None req-5956724d-22f1-4478-b3ef-eddae36e5861 5b0bc890ee624ab89dfd26ce6a24a03c aec53fd0ac2d474c850ff2e42c0cc7b0 - - default default] 10.0.0.106 "GET /v2.0/trunks?not-tags=red%2Cblue HTTP/1.1" status: 200 len: 1419 time: 0.0226395
2026-09-09 07:33:01.066 9 INFO neutron.wsgi [None req-2788f5f9-006b-460b-9e9f-f5832c42196f 5b0bc890ee624ab89dfd26ce6a24a03c aec53fd0ac2d474c850ff2e42c0cc7b0 - - default default] 10.0.0.106 "GET /v2.0/trunks?not-tags-any=blue HTTP/1.1" status: 200 len: 1419 time: 0.0242517
2026-09-09 07:33:01.084 9 INFO neutron.wsgi [None req-73803bed-c165-48ba-b16e-ce0a9800ff25 5b0bc890ee624ab89dfd26ce6a24a03c aec53fd0ac2d474c850ff2e42c0cc7b0 - - default default] 10.0.0.106 "GET /v2.0/trunks?not-tags-any=red%2Cblue HTTP/1.1" status: 200 len: 1013 time: 0.0143287
2026-09-09 07:33:01.102 9 INFO neutron.wsgi [None req-1451307a-0a57-4b2c-abbf-5989d94412e3 5b0bc890ee624ab89dfd26ce6a24a03c aec53fd0ac2d474c850ff2e42c0cc7b0 - - default default] 10.0.0.106 "GET /v2.0/trunks/4e5edca4-d417-496a-ad09-446a3c3b9ab9 HTTP/1.1" status: 200 len: 608 time: 0.0133352
2026-09-09 07:33:01.187 9 INFO neutron.wsgi [None req-da122524-9c5c-431b-93bb-0bb471ae0c0b 5b0bc890ee624ab89dfd26ce6a24a03c aec53fd0ac2d474c850ff2e42c0cc7b0 - - default default] 10.0.0.106 "GET /v2.0/ports/bb0251fb-2862-4621-aa85-2b8d5e4df84b HTTP/1.1" status: 200 len: 1020 time: 0.0793166
2026-09-09 07:33:01.267 9 INFO neutron.wsgi [None req-13a0192a-3fe2-4e73-b613-df314725bdd0 5b0bc890ee624ab89dfd26ce6a24a03c aec53fd0ac2d474c850ff2e42c0cc7b0 - - - -] 10.0.0.106 "DELETE /v2.0/trunks/4e5edca4-d417-496a-ad09-446a3c3b9ab9 HTTP/1.1" status: 204 len: 168 time: 0.0763483
2026-09-09 07:33:01.293 10 INFO neutron.wsgi [None req-4f58810a-287f-4b51-ad5d-123738b62415 5b0bc890ee624ab89dfd26ce6a24a03c aec53fd0ac2d474c850ff2e42c0cc7b0 - - default default] 10.0.0.106 "GET /v2.0/trunks/bb89e1b3-7f3b-4abb-90fd-72a9d18ccb79 HTTP/1.1" status: 200 len: 616 time: 0.0217834
2026-09-09 07:33:01.414 10 INFO neutron.wsgi [None req-f07d4e12-8a37-442b-9429-27131e5ac6d9 5b0bc890ee624ab89dfd26ce6a24a03c aec53fd0ac2d474c850ff2e42c0cc7b0 - - default default] 10.0.0.106 "GET /v2.0/ports/657aaba6-cb16-4310-b9fc-4b2bfcc57dc3 HTTP/1.1" status: 200 len: 1020 time: 0.1168289
2026-09-09 07:33:01.556 10 INFO neutron.wsgi [None req-07cd6593-b464-4306-9d63-4c824769f21c 5b0bc890ee624ab89dfd26ce6a24a03c aec53fd0ac2d474c850ff2e42c0cc7b0 - - - -] 10.0.0.106 "DELETE /v2.0/trunks/bb89e1b3-7f3b-4abb-90fd-72a9d18ccb79 HTTP/1.1" status: 204 len: 168 time: 0.1374967
2026-09-09 07:33:01.602 10 INFO neutron.wsgi [None req-a112b6d6-d269-4bd6-bf62-e59d3fb1a02d 5b0bc890ee624ab89dfd26ce6a24a03c aec53fd0ac2d474c850ff2e42c0cc7b0 - - default default] 10.0.0.106 "GET /v2.0/trunks/e2dc4a31-0299-4061-9221-0384d750f0e5 HTTP/1.1" status: 200 len: 625 time: 0.0403821
2026-09-09 07:33:01.647 10 INFO neutron.wsgi [None req-4b187afa-be87-4d06-bb41-3c2733d770f7 153144be5d9d4ad3bbb85fbebb0c6f1e 65167c832edb425e9bc00a82e5e5347a - - - -] 10.0.0.106 "DELETE /v2.0/routers/5863c132-e872-4e64-8120-f8421958d614 HTTP/1.1" status: 204 len: 168 time: 0.9867868
2026-09-09 07:33:01.685 10 INFO neutron.wsgi [req-ac102025-4567-4063-ae8e-1e7e15cab52a req-d05ccffc-440d-4520-81b8-d0a01bdc704d 32cbaf34b3c74cf294703cea4bbd58de ab6084fbd4dc4601a33da61cbd9ab03a - - default default] 10.0.0.240 "GET /v2.0/networks?id=7063ce01-6ed5-4dc4-aea5-809f0627ee67 HTTP/1.1" status: 200 len: 872 time: 0.1053634
2026-09-09 07:33:01.725 10 INFO neutron.wsgi [req-ac102025-4567-4063-ae8e-1e7e15cab52a req-c1e29bc6-571e-46e1-96af-068e15b9c95b 32cbaf34b3c74cf294703cea4bbd58de ab6084fbd4dc4601a33da61cbd9ab03a - - default default] 10.0.0.240 "GET /v2.0/quotas/ab6084fbd4dc4601a33da61cbd9ab03a HTTP/1.1" status: 200 len: 386 time: 0.0294418
2026-09-09 07:33:01.770 9 INFO neutron.wsgi [None req-9e0a7041-e9cb-4967-aa96-622dc296ed8d 5b0bc890ee624ab89dfd26ce6a24a03c aec53fd0ac2d474c850ff2e42c0cc7b0 - - default default] 10.0.0.106 "GET /v2.0/ports/1ac130a7-e9d1-45ea-9f9f-859e8a1da93f HTTP/1.1" status: 200 len: 1020 time: 0.1630759
2026-09-09 07:33:01.856 10 INFO neutron.wsgi [req-ac102025-4567-4063-ae8e-1e7e15cab52a req-8fe8743d-d42e-4ac3-b9c7-2c1f385a7a10 32cbaf34b3c74cf294703cea4bbd58de ab6084fbd4dc4601a33da61cbd9ab03a - - default default] 10.0.0.240 "GET /v2.0/ports?tenant_id=ab6084fbd4dc4601a33da61cbd9ab03a&fields=id HTTP/1.1" status: 200 len: 302 time: 0.1205995
2026-09-09 07:33:01.887 9 INFO neutron.wsgi [None req-78bdb89e-bf5a-4308-8a28-70e26af21fb6 5b0bc890ee624ab89dfd26ce6a24a03c aec53fd0ac2d474c850ff2e42c0cc7b0 - - - -] 10.0.0.106 "DELETE /v2.0/trunks/e2dc4a31-0299-4061-9221-0384d750f0e5 HTTP/1.1" status: 204 len: 168 time: 0.1109314
2026-09-09 07:33:01.906 9 INFO neutron.wsgi [None req-86e4e44c-7e9e-403a-8a56-9f8ca036eb0c 5b0bc890ee624ab89dfd26ce6a24a03c aec53fd0ac2d474c850ff2e42c0cc7b0 - - default default] 10.0.0.106 "GET /v2.0/trunks/743635f7-3b2c-4751-9a8a-a5b1e513c103 HTTP/1.1" status: 200 len: 610 time: 0.0142388
2026-09-09 07:33:01.921 10 INFO neutron.wsgi [req-ac102025-4567-4063-ae8e-1e7e15cab52a req-de798668-5aa9-423f-bfab-c8085658fdfb 38897e503a394cb0a323a9a069e740d6 5dea69e8d480437cb1958e422e7cdca8 - - 03e57b709f10441aa7a7705d4a886f60 03e57b709f10441aa7a7705d4a886f60] 10.0.0.240 "GET /v2.0/networks/7063ce01-6ed5-4dc4-aea5-809f0627ee67?fields=segments HTTP/1.1" status: 200 len: 212 time: 0.0565977
2026-09-09 07:33:01.933 9 INFO neutron.wsgi [None req-3bfa66ac-562a-4018-8ce1-ea2353d9007d 153144be5d9d4ad3bbb85fbebb0c6f1e 65167c832edb425e9bc00a82e5e5347a - - - -] 10.0.0.106 "DELETE /v2.0/subnets/47bf6493-1d05-4389-ab91-69669a785312 HTTP/1.1" status: 204 len: 168 time: 0.2770808
2026-09-09 07:33:02.002 10 INFO neutron.wsgi [req-ac102025-4567-4063-ae8e-1e7e15cab52a req-c3d131bd-340c-4574-9e66-41e229be9bf8 38897e503a394cb0a323a9a069e740d6 5dea69e8d480437cb1958e422e7cdca8 - - 03e57b709f10441aa7a7705d4a886f60 03e57b709f10441aa7a7705d4a886f60] 10.0.0.240 "GET /v2.0/networks/7063ce01-6ed5-4dc4-aea5-809f0627ee67?fields=provider%3Aphysical_network&fields=provider%3Anetwork_type HTTP/1.1" status: 200 len: 277 time: 0.0731921
2026-09-09 07:33:02.038 9 INFO neutron.wsgi [None req-ea286775-1524-45a7-bf49-0780935a3349 5b0bc890ee624ab89dfd26ce6a24a03c aec53fd0ac2d474c850ff2e42c0cc7b0 - - default default] 10.0.0.106 "GET /v2.0/ports/c78ea3f5-482a-414d-a181-c3247ba37c99 HTTP/1.1" status: 200 len: 1020 time: 0.1275053
2026-09-09 07:33:02.181 9 INFO neutron.wsgi [req-45f89117-69a1-46fc-b2cf-fd0362c29445 req-ff9dc1df-4a54-49fd-9936-c2aaad40fe72 32cbaf34b3c74cf294703cea4bbd58de ab6084fbd4dc4601a33da61cbd9ab03a - - default default] 10.0.0.240 "GET /v2.0/ports?device_id=77193323-0167-4215-aac2-d42fbfdd1c89 HTTP/1.1" status: 200 len: 210 time: 0.0379786
2026-09-09 07:33:02.209 9 INFO neutron.wsgi [-] 10.0.0.34 "GET / HTTP/1.1" status: 200 len: 247 time: 0.0011899
2026-09-09 07:33:02.211 9 INFO neutron.wsgi [-] 10.0.0.34 "GET / HTTP/1.1" status: 200 len: 247 time: 0.0009875
2026-09-09 07:33:02.216 9 INFO neutron.wsgi [None req-80dbc77e-e889-4356-910b-14aab2d400f6 5b0bc890ee624ab89dfd26ce6a24a03c aec53fd0ac2d474c850ff2e42c0cc7b0 - - - -] 10.0.0.106 "DELETE /v2.0/trunks/743635f7-3b2c-4751-9a8a-a5b1e513c103 HTTP/1.1" status: 204 len: 168 time: 0.1726713
2026-09-09 07:33:02.259 10 INFO neutron.wsgi [None req-0135f880-adf9-4d4f-ab9d-680b2468e606 5b0bc890ee624ab89dfd26ce6a24a03c aec53fd0ac2d474c850ff2e42c0cc7b0 - - default default] 10.0.0.106 "GET /v2.0/trunks/22f0754e-6982-4b13-bf37-4f87c1ad1fd0 HTTP/1.1" status: 200 len: 603 time: 0.0313387
2026-09-09 07:33:02.359 10 INFO neutron.wsgi [None req-548c2e8f-85b9-4583-aee9-7ca7a17e9549 5b0bc890ee624ab89dfd26ce6a24a03c aec53fd0ac2d474c850ff2e42c0cc7b0 - - default default] 10.0.0.106 "GET /v2.0/ports/bee31931-dfaa-4c8c-b8d1-dcda099fc38f HTTP/1.1" status: 200 len: 1020 time: 0.0938923
2026-09-09 07:33:02.389 9 INFO neutron.services.segments.plugin [-] Segment 011746cf-50d6-41f6-bbdd-6e103216eb51 resource provider aggregate not found
2026-09-09 07:33:02.393 9 INFO neutron.services.segments.plugin [-] Segment 011746cf-50d6-41f6-bbdd-6e103216eb51 resource provider aggregate not found
2026-09-09 07:33:02.416 9 INFO neutron.services.segments.plugin [-] Segment 011746cf-50d6-41f6-bbdd-6e103216eb51 resource provider not found; error: Placement Client Error (4xx): {"errors": [{"status": 404, "title": "Not Found", "detail": "The resource could not be found.\n\n No resource provider with uuid 011746cf-50d6-41f6-bbdd-6e103216eb51 found for delete ", "request_id": "req-c220d277-97f1-4312-8a66-747b406c6528"}]}
2026-09-09 07:33:02.420 9 INFO neutron.services.segments.plugin [-] Segment 011746cf-50d6-41f6-bbdd-6e103216eb51 resource provider not found; error: Placement Client Error (4xx): {"errors": [{"status": 404, "title": "Not Found", "detail": "The resource could not be found.\n\n No resource provider with uuid 011746cf-50d6-41f6-bbdd-6e103216eb51 found for delete ", "request_id": "req-7150004a-2268-45b9-bc8d-9fa7518c02e7"}]}
2026-09-09 07:33:02.427 9 INFO neutron.wsgi [None req-b74b9436-e980-41dc-82e1-8fd810c2ee34 153144be5d9d4ad3bbb85fbebb0c6f1e 65167c832edb425e9bc00a82e5e5347a - - - -] 10.0.0.106 "DELETE /v2.0/networks/67c675b9-0160-4b19-89a9-7d64429380f6 HTTP/1.1" status: 204 len: 168 time: 0.4894280
2026-09-09 07:33:02.468 10 INFO neutron.wsgi [None req-c46ee5d3-feb8-4e5e-84c4-d2d93b0f6248 5b0bc890ee624ab89dfd26ce6a24a03c aec53fd0ac2d474c850ff2e42c0cc7b0 - - - -] 10.0.0.106 "DELETE /v2.0/trunks/22f0754e-6982-4b13-bf37-4f87c1ad1fd0 HTTP/1.1" status: 204 len: 168 time: 0.1052763
2026-09-09 07:33:02.716 9 INFO neutron.wsgi [None req-57f51091-7564-474d-8569-4e6bebac1377 153144be5d9d4ad3bbb85fbebb0c6f1e 65167c832edb425e9bc00a82e5e5347a - - default default] 10.0.0.106 "GET /v2.0/security-groups?tenant_id=c3828cf5d5b645b29598a5233edcd7f2&name=default HTTP/1.1" status: 200 len: 2996 time: 0.0538313
2026-09-09 07:33:02.808 10 INFO neutron.wsgi [None req-ad59da25-9cf3-44fd-8053-04761fc1ff0c 5b0bc890ee624ab89dfd26ce6a24a03c aec53fd0ac2d474c850ff2e42c0cc7b0 - - - -] 10.0.0.106 "DELETE /v2.0/ports/bb0251fb-2862-4621-aa85-2b8d5e4df84b HTTP/1.1" status: 204 len: 168 time: 0.3354785
2026-09-09 07:33:02.956 9 INFO neutron.wsgi [None req-4a9e13da-455c-4654-a024-0c05334e2918 153144be5d9d4ad3bbb85fbebb0c6f1e 65167c832edb425e9bc00a82e5e5347a - - - -] 10.0.0.106 "DELETE /v2.0/security-groups/2810b3c0-1f8b-4a95-8f85-ff3df86abde4 HTTP/1.1" status: 204 len: 168 time: 0.2339025
2026-09-09 07:33:03.091 10 INFO neutron.wsgi [None req-082dfc65-8df4-4357-a527-b45e6871bbff 5b0bc890ee624ab89dfd26ce6a24a03c aec53fd0ac2d474c850ff2e42c0cc7b0 - - - -] 10.0.0.106 "DELETE /v2.0/ports/657aaba6-cb16-4310-b9fc-4b2bfcc57dc3 HTTP/1.1" status: 204 len: 168 time: 0.2772377
2026-09-09 07:33:03.291 10 INFO neutron.wsgi [req-7d48f0a4-d173-4c50-b143-684ae4a89cd6 req-35cd7777-c744-4aaf-a8d4-828ed028af02 32cbaf34b3c74cf294703cea4bbd58de ab6084fbd4dc4601a33da61cbd9ab03a - - default default] 10.0.0.240 "GET /v2.0/ports?device_id=77193323-0167-4215-aac2-d42fbfdd1c89 HTTP/1.1" status: 200 len: 210 time: 0.0165963
2026-09-09 07:33:03.326 9 INFO neutron.wsgi [req-ac102025-4567-4063-ae8e-1e7e15cab52a req-17496208-2e4c-48bb-9c89-9acff1ddd1e2 32cbaf34b3c74cf294703cea4bbd58de ab6084fbd4dc4601a33da61cbd9ab03a - - default default] 162.253.55.147 "GET /v2.0/networks?id=7063ce01-6ed5-4dc4-aea5-809f0627ee67 HTTP/1.1" status: 200 len: 872 time: 0.3176272
2026-09-09 07:33:03.328 10 INFO neutron.wsgi [None req-5825dadf-bfcb-460d-958a-ef181bce3416 5b0bc890ee624ab89dfd26ce6a24a03c aec53fd0ac2d474c850ff2e42c0cc7b0 - - - -] 10.0.0.106 "DELETE /v2.0/ports/1ac130a7-e9d1-45ea-9f9f-859e8a1da93f HTTP/1.1" status: 204 len: 168 time: 0.2301221
2026-09-09 07:33:03.635 9 INFO neutron.wsgi [None req-866deeb4-374d-44f2-8e43-ce7bba0899f8 5b0bc890ee624ab89dfd26ce6a24a03c aec53fd0ac2d474c850ff2e42c0cc7b0 - - - -] 10.0.0.106 "DELETE /v2.0/ports/c78ea3f5-482a-414d-a181-c3247ba37c99 HTTP/1.1" status: 204 len: 168 time: 0.3030229
2026-09-09 07:33:03.705 9 WARNING neutron.scheduler.dhcp_agent_scheduler [None req-b4d37e00-73a3-4188-8123-6e41b2be26f4 32cbaf34b3c74cf294703cea4bbd58de ab6084fbd4dc4601a33da61cbd9ab03a - - - -] No more DHCP agents
2026-09-09 07:33:03.706 9 WARNING neutron.api.rpc.agentnotifiers.dhcp_rpc_agent_api [None req-b4d37e00-73a3-4188-8123-6e41b2be26f4 32cbaf34b3c74cf294703cea4bbd58de ab6084fbd4dc4601a33da61cbd9ab03a - - - -] Unable to schedule network 7063ce01-6ed5-4dc4-aea5-809f0627ee67: no agents available; will retry on subsequent port and subnet creation events.
2026-09-09 07:33:03.856 9 INFO neutron.db.ovn_revision_numbers_db [None req-b4d37e00-73a3-4188-8123-6e41b2be26f4 32cbaf34b3c74cf294703cea4bbd58de ab6084fbd4dc4601a33da61cbd9ab03a - - - -] Successfully bumped revision number for resource ba87ff73-7d80-4b74-bc33-8107568ae831 (type: ports) to 1
2026-09-09 07:33:03.874 9 INFO neutron.wsgi [None req-b4d37e00-73a3-4188-8123-6e41b2be26f4 32cbaf34b3c74cf294703cea4bbd58de ab6084fbd4dc4601a33da61cbd9ab03a - - - -] 162.253.55.147 "POST /v2.0/ports HTTP/1.1" status: 201 len: 1162 time: 0.5428212 /var/lib/openstack/lib/python3.10/site-packages/pycadf/identifier.py:71: UserWarning: Invalid uuid: neutron. To ensure interoperability, identifiers should be a valid uuid. warnings.warn(('Invalid uuid: %s. To ensure interoperability, '
2026-09-09 07:33:03.901 10 WARNING neutron.plugins.ml2.drivers.ovn.mech_driver.ovsdb.ovn_client [None req-5c009000-e905-4825-baa0-d66904499926 - - - - - -] No hosting information found for port 453eb0f1-3ebb-4258-8aa8-e2b9f19d51f0: RuntimeError: No hosting information found for port 453eb0f1-3ebb-4258-8aa8-e2b9f19d51f0
2026-09-09 07:33:03.917 10 INFO neutron.wsgi [None req-a7b154cb-9e39-42e2-a8c2-3104277ebede 5b0bc890ee624ab89dfd26ce6a24a03c aec53fd0ac2d474c850ff2e42c0cc7b0 - - - -] 10.0.0.106 "DELETE /v2.0/ports/bee31931-dfaa-4c8c-b8d1-dcda099fc38f HTTP/1.1" status: 204 len: 168 time: 0.2754653
2026-09-09 07:33:04.231 10 INFO neutron.services.segments.plugin [-] Segment 2d487f5f-e172-446a-990e-3c198ac732ae resource provider aggregate not found
2026-09-09 07:33:04.235 10 INFO neutron.services.segments.plugin [-] Segment 2d487f5f-e172-446a-990e-3c198ac732ae resource provider aggregate not found
2026-09-09 07:33:04.252 10 INFO neutron.services.segments.plugin [-] Segment 2d487f5f-e172-446a-990e-3c198ac732ae resource provider not found; error: Placement Client Error (4xx): {"errors": [{"status": 404, "title": "Not Found", "detail": "The resource could not be found.\n\n No resource provider with uuid 2d487f5f-e172-446a-990e-3c198ac732ae found for delete ", "request_id": "req-380fed95-d5ef-48e7-b41d-ccd9c23061e1"}]}
2026-09-09 07:33:04.254 10 INFO neutron.services.segments.plugin [-] Segment 2d487f5f-e172-446a-990e-3c198ac732ae resource provider not found; error: Placement Client Error (4xx): {"errors": [{"status": 404, "title": "Not Found", "detail": "The resource could not be found.\n\n No resource provider with uuid 2d487f5f-e172-446a-990e-3c198ac732ae found for delete ", "request_id": "req-080874ba-f670-40d7-b46f-a181c6b91742"}]}
2026-09-09 07:33:04.266 10 INFO neutron.wsgi [None req-8ed93202-6f08-4c3d-8bab-84c97b48d6b9 5b0bc890ee624ab89dfd26ce6a24a03c aec53fd0ac2d474c850ff2e42c0cc7b0 - - - -] 10.0.0.106 "DELETE /v2.0/networks/3e44c30e-b589-478f-b7df-39e7abdc7ab9 HTTP/1.1" status: 204 len: 168 time: 0.3436625
2026-09-09 07:33:04.286 9 INFO neutron.db.ovn_revision_numbers_db [None req-1910e95d-bfb2-4989-94ac-2e88bbaa522e 38897e503a394cb0a323a9a069e740d6 5dea69e8d480437cb1958e422e7cdca8 - - - -] Successfully bumped revision number for resource ba87ff73-7d80-4b74-bc33-8107568ae831 (type: ports) to 2 /var/lib/openstack/lib/python3.10/site-packages/pycadf/identifier.py:71: UserWarning: Invalid uuid: neutron. To ensure interoperability, identifiers should be a valid uuid. warnings.warn(('Invalid uuid: %s. To ensure interoperability, '
2026-09-09 07:33:04.471 9 INFO neutron.wsgi [req-4220f541-ec47-4611-8d28-52d23aacc056 req-00cc80ac-61cd-4bf1-83b6-acecb85aae26 32cbaf34b3c74cf294703cea4bbd58de ab6084fbd4dc4601a33da61cbd9ab03a - - default default] 10.0.0.240 "GET /v2.0/ports?device_id=77193323-0167-4215-aac2-d42fbfdd1c89 HTTP/1.1" status: 200 len: 1172 time: 0.1188731
2026-09-09 07:33:04.475 9 INFO neutron.db.ovn_revision_numbers_db [None req-1910e95d-bfb2-4989-94ac-2e88bbaa522e 38897e503a394cb0a323a9a069e740d6 5dea69e8d480437cb1958e422e7cdca8 - - - -] Successfully bumped revision number for resource ba87ff73-7d80-4b74-bc33-8107568ae831 (type: ports) to 2 /var/lib/openstack/lib/python3.10/site-packages/pycadf/identifier.py:71: UserWarning: Invalid uuid: neutron. To ensure interoperability, identifiers should be a valid uuid. warnings.warn(('Invalid uuid: %s. To ensure interoperability, '
2026-09-09 07:33:04.495 9 INFO neutron.wsgi [None req-1910e95d-bfb2-4989-94ac-2e88bbaa522e 38897e503a394cb0a323a9a069e740d6 5dea69e8d480437cb1958e422e7cdca8 - - - -] 162.253.55.147 "PUT /v2.0/ports/ba87ff73-7d80-4b74-bc33-8107568ae831 HTTP/1.1" status: 200 len: 1332 time: 0.6119585
2026-09-09 07:33:04.508 9 INFO neutron.wsgi [req-4220f541-ec47-4611-8d28-52d23aacc056 req-126e0d40-6452-4e79-a412-4069312b8c64 32cbaf34b3c74cf294703cea4bbd58de ab6084fbd4dc4601a33da61cbd9ab03a - - default default] 10.0.0.240 "GET /v2.0/security-groups?id=64c14419-936b-4dfb-a4ad-fc4d0e302f6b&fields=id&fields=name HTTP/1.1" status: 200 len: 286 time: 0.0297275
2026-09-09 07:33:04.549 9 INFO neutron.notifiers.nova [-] Nova event matching ['req-58e78496-1b29-427c-aea5-d17744d164f6'] response: {'name': 'network-changed', 'server_uuid': '77193323-0167-4215-aac2-d42fbfdd1c89', 'tag': 'ba87ff73-7d80-4b74-bc33-8107568ae831', 'status': 'completed', 'code': 200}
2026-09-09 07:33:04.556 9 INFO neutron.wsgi [req-ac102025-4567-4063-ae8e-1e7e15cab52a req-197ab52d-7e9b-437c-96f0-06e8fec659bb 38897e503a394cb0a323a9a069e740d6 5dea69e8d480437cb1958e422e7cdca8 - - 03e57b709f10441aa7a7705d4a886f60 03e57b709f10441aa7a7705d4a886f60] 162.253.55.147 "GET /v2.0/ports?tenant_id=ab6084fbd4dc4601a33da61cbd9ab03a&device_id=77193323-0167-4215-aac2-d42fbfdd1c89 HTTP/1.1" status: 200 len: 1363 time: 0.0294764
2026-09-09 07:33:04.579 9 INFO neutron.wsgi [req-ac102025-4567-4063-ae8e-1e7e15cab52a req-249b2a6b-4d2b-44d0-a828-675aba69d951 38897e503a394cb0a323a9a069e740d6 5dea69e8d480437cb1958e422e7cdca8 - - 03e57b709f10441aa7a7705d4a886f60 03e57b709f10441aa7a7705d4a886f60] 162.253.55.147 "GET /v2.0/floatingips?fixed_ip_address=10.100.0.12&port_id=ba87ff73-7d80-4b74-bc33-8107568ae831 HTTP/1.1" status: 200 len: 217 time: 0.0194578
2026-09-09 07:33:04.628 10 INFO neutron.wsgi [None req-4f6dbfcb-f105-4c14-8ea6-0f1b6c431110 5b0bc890ee624ab89dfd26ce6a24a03c aec53fd0ac2d474c850ff2e42c0cc7b0 - - - -] 10.0.0.106 "DELETE /v2.0/networks/de79c527-157f-41b2-a980-155e7d682827 HTTP/1.1" status: 204 len: 168 time: 0.3513145
2026-09-09 07:33:04.634 9 INFO neutron.wsgi [req-ac102025-4567-4063-ae8e-1e7e15cab52a req-b78e0853-d1a9-4d8c-a520-67eb85220470 38897e503a394cb0a323a9a069e740d6 5dea69e8d480437cb1958e422e7cdca8 - - 03e57b709f10441aa7a7705d4a886f60 03e57b709f10441aa7a7705d4a886f60] 162.253.55.147 "GET /v2.0/subnets?id=b8961fb0-fcf9-4729-878c-030f0c4a9371 HTTP/1.1" status: 200 len: 866 time: 0.0520453
2026-09-09 07:33:04.683 9 INFO neutron.wsgi [req-ac102025-4567-4063-ae8e-1e7e15cab52a req-b769f056-f537-428e-ae3f-e8310417f8d0 38897e503a394cb0a323a9a069e740d6 5dea69e8d480437cb1958e422e7cdca8 - - 03e57b709f10441aa7a7705d4a886f60 03e57b709f10441aa7a7705d4a886f60] 162.253.55.147 "GET /v2.0/ports?network_id=7063ce01-6ed5-4dc4-aea5-809f0627ee67&device_owner=network%3Adhcp HTTP/1.1" status: 200 len: 210 time: 0.0421109
2026-09-09 07:33:04.759 9 INFO neutron.wsgi [req-ac102025-4567-4063-ae8e-1e7e15cab52a req-d438fd39-3043-4371-a3b1-ab9375dc7eda 38897e503a394cb0a323a9a069e740d6 5dea69e8d480437cb1958e422e7cdca8 - - 03e57b709f10441aa7a7705d4a886f60 03e57b709f10441aa7a7705d4a886f60] 162.253.55.147 "GET /v2.0/networks/7063ce01-6ed5-4dc4-aea5-809f0627ee67?fields=segments HTTP/1.1" status: 200 len: 212 time: 0.0693281
2026-09-09 07:33:04.819 9 INFO neutron.wsgi [req-ac102025-4567-4063-ae8e-1e7e15cab52a req-312b1a6d-12e2-4583-af02-a3e7bb910fc6 38897e503a394cb0a323a9a069e740d6 5dea69e8d480437cb1958e422e7cdca8 - - 03e57b709f10441aa7a7705d4a886f60 03e57b709f10441aa7a7705d4a886f60] 162.253.55.147 "GET /v2.0/networks/7063ce01-6ed5-4dc4-aea5-809f0627ee67?fields=provider%3Aphysical_network&fields=provider%3Anetwork_type HTTP/1.1" status: 200 len: 277 time: 0.0515282
2026-09-09 07:33:04.898 9 INFO neutron.wsgi [req-d752ab71-fbe3-4acc-bea1-0c53f3b5e914 req-98e9703c-142a-4d29-93da-938e06a14c5d 38897e503a394cb0a323a9a069e740d6 5dea69e8d480437cb1958e422e7cdca8 - - 03e57b709f10441aa7a7705d4a886f60 03e57b709f10441aa7a7705d4a886f60] 162.253.55.147 "GET /v2.0/ports?tenant_id=ab6084fbd4dc4601a33da61cbd9ab03a&device_id=77193323-0167-4215-aac2-d42fbfdd1c89 HTTP/1.1" status: 200 len: 1363 time: 0.0352488
2026-09-09 07:33:04.979 9 INFO neutron.wsgi [req-d752ab71-fbe3-4acc-bea1-0c53f3b5e914 req-147231e8-5675-44c7-9428-a23e971b88d7 38897e503a394cb0a323a9a069e740d6 5dea69e8d480437cb1958e422e7cdca8 - - 03e57b709f10441aa7a7705d4a886f60 03e57b709f10441aa7a7705d4a886f60] 162.253.55.147 "GET /v2.0/networks?id=7063ce01-6ed5-4dc4-aea5-809f0627ee67 HTTP/1.1" status: 200 len: 970 time: 0.0734417
2026-09-09 07:33:05.004 10 INFO neutron.wsgi [None req-91542384-e2df-48d6-928b-6f8a120e097b 5b0bc890ee624ab89dfd26ce6a24a03c aec53fd0ac2d474c850ff2e42c0cc7b0 - - - -] 10.0.0.106 "DELETE /v2.0/networks/2c27857b-d7d3-4145-a12b-a27a72aead94 HTTP/1.1" status: 204 len: 168 time: 0.3709929
2026-09-09 07:33:05.025 9 INFO neutron.wsgi [req-d752ab71-fbe3-4acc-bea1-0c53f3b5e914 req-d334ce6c-e765-4bf3-8de8-b4efc8f819ed 38897e503a394cb0a323a9a069e740d6 5dea69e8d480437cb1958e422e7cdca8 - - 03e57b709f10441aa7a7705d4a886f60 03e57b709f10441aa7a7705d4a886f60] 162.253.55.147 "GET /v2.0/floatingips?fixed_ip_address=10.100.0.12&port_id=ba87ff73-7d80-4b74-bc33-8107568ae831 HTTP/1.1" status: 200 len: 217 time: 0.0383484
2026-09-09 07:33:05.057 10 INFO neutron.plugins.ml2.drivers.ovn.mech_driver.mech_driver [None req-5c009000-e905-4825-baa0-d66904499926 - - - - - -] OVN reports status up for port: ba87ff73-7d80-4b74-bc33-8107568ae831
2026-09-09 07:33:05.087 10 INFO neutron.plugins.ml2.plugin [None req-5c009000-e905-4825-baa0-d66904499926 - - - - - -] Attempt 1 to provision port ba87ff73-7d80-4b74-bc33-8107568ae831
2026-09-09 07:33:05.087 9 INFO neutron.wsgi [req-d752ab71-fbe3-4acc-bea1-0c53f3b5e914 req-ec609dd6-9d27-4aee-86af-88eba2e58c13 38897e503a394cb0a323a9a069e740d6 5dea69e8d480437cb1958e422e7cdca8 - - 03e57b709f10441aa7a7705d4a886f60 03e57b709f10441aa7a7705d4a886f60] 162.253.55.147 "GET /v2.0/subnets?id=b8961fb0-fcf9-4729-878c-030f0c4a9371 HTTP/1.1" status: 200 len: 866 time: 0.0528436
2026-09-09 07:33:05.123 9 INFO neutron.wsgi [req-d752ab71-fbe3-4acc-bea1-0c53f3b5e914 req-3208e0e1-c7ff-4575-82c1-1b6c8cdf4da2 38897e503a394cb0a323a9a069e740d6 5dea69e8d480437cb1958e422e7cdca8 - - 03e57b709f10441aa7a7705d4a886f60 03e57b709f10441aa7a7705d4a886f60] 162.253.55.147 "GET /v2.0/ports?network_id=7063ce01-6ed5-4dc4-aea5-809f0627ee67&device_owner=network%3Adhcp HTTP/1.1" status: 200 len: 210 time: 0.0257087
2026-09-09 07:33:05.181 9 INFO neutron.wsgi [req-d752ab71-fbe3-4acc-bea1-0c53f3b5e914 req-4033a576-dbe9-43ee-bc57-03b8b681ebc7 38897e503a394cb0a323a9a069e740d6 5dea69e8d480437cb1958e422e7cdca8 - - 03e57b709f10441aa7a7705d4a886f60 03e57b709f10441aa7a7705d4a886f60] 162.253.55.147 "GET /v2.0/networks/7063ce01-6ed5-4dc4-aea5-809f0627ee67?fields=segments HTTP/1.1" status: 200 len: 212 time: 0.0525150
2026-09-09 07:33:05.251 9 INFO neutron.wsgi [req-d752ab71-fbe3-4acc-bea1-0c53f3b5e914 req-1059bf22-9f80-4c59-80e8-cea59be8c702 38897e503a394cb0a323a9a069e740d6 5dea69e8d480437cb1958e422e7cdca8 - - 03e57b709f10441aa7a7705d4a886f60 03e57b709f10441aa7a7705d4a886f60] 162.253.55.147 "GET /v2.0/networks/7063ce01-6ed5-4dc4-aea5-809f0627ee67?fields=provider%3Aphysical_network&fields=provider%3Anetwork_type HTTP/1.1" status: 200 len: 277 time: 0.0652647
2026-09-09 07:33:05.263 10 INFO neutron.notifiers.nova [-] Nova event matching ['req-87dec328-965f-4e51-ac95-0a7ceac96883'] response: {'server_uuid': '77193323-0167-4215-aac2-d42fbfdd1c89', 'name': 'network-vif-plugged', 'status': 'completed', 'tag': 'ba87ff73-7d80-4b74-bc33-8107568ae831', 'code': 200}
2026-09-09 07:33:05.715 10 INFO neutron.wsgi [req-eaa2912b-9435-4844-bed6-9dbfba6a7052 req-5415f4b4-ebc7-42c9-a289-7b8516543463 32cbaf34b3c74cf294703cea4bbd58de ab6084fbd4dc4601a33da61cbd9ab03a - - default default] 10.0.0.240 "GET /v2.0/ports?device_id=77193323-0167-4215-aac2-d42fbfdd1c89 HTTP/1.1" status: 200 len: 1174 time: 0.0399294
2026-09-09 07:33:05.721 10 INFO neutron.db.ovn_revision_numbers_db [None req-5c009000-e905-4825-baa0-d66904499926 - - - - - -] Successfully bumped revision number for resource ba87ff73-7d80-4b74-bc33-8107568ae831 (type: ports) to 4
2026-09-09 07:33:05.796 10 INFO neutron.wsgi [req-eaa2912b-9435-4844-bed6-9dbfba6a7052 req-ecdf0e1b-f230-4f4c-b7ec-8b736c424e60 32cbaf34b3c74cf294703cea4bbd58de ab6084fbd4dc4601a33da61cbd9ab03a - - default default] 10.0.0.240 "GET /v2.0/security-groups?id=64c14419-936b-4dfb-a4ad-fc4d0e302f6b&fields=id&fields=name HTTP/1.1" status: 200 len: 286 time: 0.0727210
2026-09-09 07:33:05.833 10 INFO neutron.wsgi [None req-f66ac3cd-98c1-4777-8289-cbf4021ec30c 5b0bc890ee624ab89dfd26ce6a24a03c aec53fd0ac2d474c850ff2e42c0cc7b0 - - - -] 10.0.0.106 "DELETE /v2.0/networks/b744be0d-8618-4738-9300-73f695ef8b58 HTTP/1.1" status: 204 len: 168 time: 0.8166530
2026-09-09 07:33:06.252 9 INFO neutron.services.segments.plugin [-] Segment 34b11f21-6b22-4310-8752-566d3c832c0c resource provider aggregate not found
2026-09-09 07:33:06.273 9 INFO neutron.services.segments.plugin [-] Segment 34b11f21-6b22-4310-8752-566d3c832c0c resource provider aggregate not found
2026-09-09 07:33:06.277 9 INFO neutron.services.segments.plugin [-] Segment 34b11f21-6b22-4310-8752-566d3c832c0c resource provider not found; error: Placement Client Error (4xx): {"errors": [{"status": 404, "title": "Not Found", "detail": "The resource could not be found.\n\n No resource provider with uuid 34b11f21-6b22-4310-8752-566d3c832c0c found for delete ", "request_id": "req-ac35b52e-9153-4bbf-be8d-65a1b7c1ea36"}]}
2026-09-09 07:33:06.283 10 INFO neutron.services.segments.plugin [-] Segment 5bda47e9-3a22-4b9f-a433-1653815ecff5 resource provider aggregate not found
2026-09-09 07:33:06.292 10 INFO neutron.services.segments.plugin [-] Segment 5bda47e9-3a22-4b9f-a433-1653815ecff5 resource provider aggregate not found
2026-09-09 07:33:06.302 9 INFO neutron.services.segments.plugin [-] Segment 34b11f21-6b22-4310-8752-566d3c832c0c resource provider not found; error: Placement Client Error (4xx): {"errors": [{"status": 404, "title": "Not Found", "detail": "The resource could not be found.\n\n No resource provider with uuid 34b11f21-6b22-4310-8752-566d3c832c0c found for delete ", "request_id": "req-5fbd85e5-b22c-4aa9-b987-1afcdd208b7b"}]}
2026-09-09 07:33:06.310 9 INFO neutron.wsgi [None req-1231abfd-da28-4ee4-a831-251059f695a2 5b0bc890ee624ab89dfd26ce6a24a03c aec53fd0ac2d474c850ff2e42c0cc7b0 - - - -] 10.0.0.106 "DELETE /v2.0/networks/029b849a-c32f-4caa-9b1d-98446c824b8b HTTP/1.1" status: 204 len: 168 time: 0.4704840
2026-09-09 07:33:06.315 10 INFO neutron.services.segments.plugin [-] Segment 5bda47e9-3a22-4b9f-a433-1653815ecff5 resource provider not found; error: Placement Client Error (4xx): {"errors": [{"status": 404, "title": "Not Found", "detail": "The resource could not be found.\n\n No resource provider with uuid 5bda47e9-3a22-4b9f-a433-1653815ecff5 found for delete ", "request_id": "req-f73004b3-bc1e-4728-8f0a-243756837ff4"}]}
2026-09-09 07:33:06.326 10 INFO neutron.services.segments.plugin [-] Segment 5bda47e9-3a22-4b9f-a433-1653815ecff5 resource provider not found; error: Placement Client Error (4xx): {"errors": [{"status": 404, "title": "Not Found", "detail": "The resource could not be found.\n\n No resource provider with uuid 5bda47e9-3a22-4b9f-a433-1653815ecff5 found for delete ", "request_id": "req-3a90933f-a37f-4179-ad65-744f0e4d6364"}]}
2026-09-09 07:33:06.354 10 INFO neutron.services.segments.plugin [-] Segment edc35a8e-dcd8-4ec6-a91e-239cf8058da1 resource provider aggregate not found
2026-09-09 07:33:06.361 10 INFO neutron.services.segments.plugin [-] Segment edc35a8e-dcd8-4ec6-a91e-239cf8058da1 resource provider aggregate not found
2026-09-09 07:33:06.376 10 INFO neutron.services.segments.plugin [-] Segment edc35a8e-dcd8-4ec6-a91e-239cf8058da1 resource provider not found; error: Placement Client Error (4xx): {"errors": [{"status": 404, "title": "Not Found", "detail": "The resource could not be found.\n\n No resource provider with uuid edc35a8e-dcd8-4ec6-a91e-239cf8058da1 found for delete ", "request_id": "req-965b4f40-641a-48e2-bbab-28915d9a60f0"}]}
2026-09-09 07:33:06.384 10 INFO neutron.services.segments.plugin [-] Segment edc35a8e-dcd8-4ec6-a91e-239cf8058da1 resource provider not found; error: Placement Client Error (4xx): {"errors": [{"status": 404, "title": "Not Found", "detail": "The resource could not be found.\n\n No resource provider with uuid edc35a8e-dcd8-4ec6-a91e-239cf8058da1 found for delete ", "request_id": "req-48f0af02-36f5-472d-ae98-6c39d413c347"}]}
2026-09-09 07:33:06.395 10 INFO neutron.services.segments.plugin [-] Segment b7d9a92b-b4c5-4eea-9287-678e332a30bb resource provider aggregate not found
2026-09-09 07:33:06.410 10 INFO neutron.services.segments.plugin [-] Segment b7d9a92b-b4c5-4eea-9287-678e332a30bb resource provider aggregate not found
2026-09-09 07:33:06.417 10 INFO neutron.services.segments.plugin [-] Segment b7d9a92b-b4c5-4eea-9287-678e332a30bb resource provider not found; error: Placement Client Error (4xx): {"errors": [{"status": 404, "title": "Not Found", "detail": "The resource could not be found.\n\n No resource provider with uuid b7d9a92b-b4c5-4eea-9287-678e332a30bb found for delete ", "request_id": "req-ed6c666c-46c7-4514-8b08-ffdeeec2749f"}]}
2026-09-09 07:33:06.435 10 INFO neutron.services.segments.plugin [-] Segment b7d9a92b-b4c5-4eea-9287-678e332a30bb resource provider not found; error: Placement Client Error (4xx): {"errors": [{"status": 404, "title": "Not Found", "detail": "The resource could not be found.\n\n No resource provider with uuid b7d9a92b-b4c5-4eea-9287-678e332a30bb found for delete ", "request_id": "req-77c0e4b1-c4a2-475a-9026-38bd587b4701"}]}
2026-09-09 07:33:06.688 9 INFO neutron.db.ovn_revision_numbers_db [None req-dc9431b8-eaf1-4f4d-89ac-64b49fbe5b38 153144be5d9d4ad3bbb85fbebb0c6f1e 65167c832edb425e9bc00a82e5e5347a - - default default] Successfully bumped revision number for resource 5ba043a8-5604-4d24-99b6-903a326bc926 (type: security_groups) to 1
2026-09-09 07:33:06.719 9 INFO neutron.wsgi [None req-dc9431b8-eaf1-4f4d-89ac-64b49fbe5b38 153144be5d9d4ad3bbb85fbebb0c6f1e 65167c832edb425e9bc00a82e5e5347a - - default default] 10.0.0.106 "GET /v2.0/security-groups?tenant_id=07b133e039ef4716b2772af039b789f1&name=default HTTP/1.1" status: 200 len: 2996 time: 0.2854834 /var/lib/openstack/lib/python3.10/site-packages/pycadf/identifier.py:71: UserWarning: Invalid uuid: neutron. To ensure interoperability, identifiers should be a valid uuid. warnings.warn(('Invalid uuid: %s. To ensure interoperability, '
2026-09-09 07:33:06.922 9 INFO neutron.wsgi [req-db19b2e3-1f28-49a8-b83f-087594323a08 req-7bea94ba-2338-468f-b6bc-498f5337e6fc 32cbaf34b3c74cf294703cea4bbd58de ab6084fbd4dc4601a33da61cbd9ab03a - - default default] 10.0.0.240 "GET /v2.0/ports?device_id=77193323-0167-4215-aac2-d42fbfdd1c89 HTTP/1.1" status: 200 len: 1174 time: 0.0427766
2026-09-09 07:33:06.962 9 INFO neutron.wsgi [req-db19b2e3-1f28-49a8-b83f-087594323a08 req-fef06ddc-1c03-4f62-842a-22909cef42a3 32cbaf34b3c74cf294703cea4bbd58de ab6084fbd4dc4601a33da61cbd9ab03a - - default default] 10.0.0.240 "GET /v2.0/security-groups?id=64c14419-936b-4dfb-a4ad-fc4d0e302f6b&fields=id&fields=name HTTP/1.1" status: 200 len: 286 time: 0.0333354
2026-09-09 07:33:07.010 10 INFO neutron.wsgi [None req-74a53c0e-6005-4f12-b7cb-34b636e761de 153144be5d9d4ad3bbb85fbebb0c6f1e 65167c832edb425e9bc00a82e5e5347a - - - -] 10.0.0.106 "DELETE /v2.0/security-groups/5ba043a8-5604-4d24-99b6-903a326bc926 HTTP/1.1" status: 204 len: 168 time: 0.2859666
2026-09-09 07:33:07.325 10 INFO neutron.notifiers.nova [-] Nova event matching ['req-1e584d63-a6e5-4cac-9d78-ff4780e08019'] response: {'server_uuid': '77193323-0167-4215-aac2-d42fbfdd1c89', 'name': 'network-vif-plugged', 'status': 'completed', 'tag': 'ba87ff73-7d80-4b74-bc33-8107568ae831', 'code': 200}
2026-09-09 07:33:07.523 9 INFO neutron.db.ovn_revision_numbers_db [None req-89e76001-b602-47c6-8488-c628e21eeff2 153144be5d9d4ad3bbb85fbebb0c6f1e 65167c832edb425e9bc00a82e5e5347a - - default default] Successfully bumped revision number for resource ca9eb35e-9066-42b2-a8af-a4b68e65cda8 (type: security_groups) to 1
2026-09-09 07:33:07.550 9 INFO neutron.wsgi [None req-89e76001-b602-47c6-8488-c628e21eeff2 153144be5d9d4ad3bbb85fbebb0c6f1e 65167c832edb425e9bc00a82e5e5347a - - default default] 10.0.0.106 "GET /v2.0/security-groups?tenant_id=eb60ce85b50a4d158aaf6284ce819003&name=default HTTP/1.1" status: 200 len: 2996 time: 0.3000400
2026-09-09 07:33:07.601 10 INFO neutron.plugins.ml2.drivers.ovn.mech_driver.mech_driver [None req-5c009000-e905-4825-baa0-d66904499926 - - - - - -] OVN reports status down for port: ba87ff73-7d80-4b74-bc33-8107568ae831
2026-09-09 07:33:07.734 10 INFO neutron.wsgi [req-adf104e6-dba9-436b-abf5-343e8b966f0c req-16966752-ba54-4dea-84e3-c54e6746c875 32cbaf34b3c74cf294703cea4bbd58de ab6084fbd4dc4601a33da61cbd9ab03a - - default default] 10.0.0.240 "GET /v2.0/ports?device_id=77193323-0167-4215-aac2-d42fbfdd1c89 HTTP/1.1" status: 200 len: 1174 time: 0.1545227
2026-09-09 07:33:07.800 10 INFO neutron.wsgi [req-adf104e6-dba9-436b-abf5-343e8b966f0c req-b327e06a-9585-4401-a0d6-25f8a4dbb3ad 32cbaf34b3c74cf294703cea4bbd58de ab6084fbd4dc4601a33da61cbd9ab03a - - default default] 10.0.0.240 "GET /v2.0/security-groups?id=64c14419-936b-4dfb-a4ad-fc4d0e302f6b&fields=id&fields=name HTTP/1.1" status: 200 len: 286 time: 0.0564830
2026-09-09 07:33:07.885 9 INFO neutron.wsgi [None req-86d97a28-5e42-43f6-b7e4-1ab53025ccdd 153144be5d9d4ad3bbb85fbebb0c6f1e 65167c832edb425e9bc00a82e5e5347a - - - -] 10.0.0.106 "DELETE /v2.0/security-groups/ca9eb35e-9066-42b2-a8af-a4b68e65cda8 HTTP/1.1" status: 204 len: 168 time: 0.3265600
2026-09-09 07:33:07.924 9 INFO neutron.wsgi [req-47a1ad0b-6d35-472a-8621-d0adc75bbade req-c9571f5e-644f-42b6-9171-4b2c636a2e83 32cbaf34b3c74cf294703cea4bbd58de ab6084fbd4dc4601a33da61cbd9ab03a - - default default] 162.253.55.147 "GET /v2.0/ports?device_id=77193323-0167-4215-aac2-d42fbfdd1c89 HTTP/1.1" status: 200 len: 1172 time: 0.0369077
2026-09-09 07:33:07.954 10 INFO neutron.db.ovn_revision_numbers_db [None req-5c009000-e905-4825-baa0-d66904499926 - - - - - -] Successfully bumped revision number for resource ba87ff73-7d80-4b74-bc33-8107568ae831 (type: ports) to 5
2026-09-09 07:33:08.070 9 INFO neutron.wsgi [None req-c805dfa9-8b8f-480e-8ebc-b72f0ad9bc6f 153144be5d9d4ad3bbb85fbebb0c6f1e 65167c832edb425e9bc00a82e5e5347a - - default default] 10.0.0.106 "GET /v2.0/security-groups?tenant_id=aec53fd0ac2d474c850ff2e42c0cc7b0&name=default HTTP/1.1" status: 200 len: 2996 time: 0.0547254 /var/lib/openstack/lib/python3.10/site-packages/pycadf/identifier.py:71: UserWarning: Invalid uuid: neutron. To ensure interoperability, identifiers should be a valid uuid. warnings.warn(('Invalid uuid: %s. To ensure interoperability, '
2026-09-09 07:33:08.216 9 INFO neutron.wsgi [None req-22972167-0692-4b65-b219-7870f5634115 32cbaf34b3c74cf294703cea4bbd58de ab6084fbd4dc4601a33da61cbd9ab03a - - - -] 162.253.55.147 "DELETE /v2.0/ports/ba87ff73-7d80-4b74-bc33-8107568ae831 HTTP/1.1" status: 204 len: 173 time: 0.2875113
2026-09-09 07:33:08.255 10 INFO neutron.wsgi [None req-57ab972d-0d3d-4de9-a1bb-21e235a3cb3b 153144be5d9d4ad3bbb85fbebb0c6f1e 65167c832edb425e9bc00a82e5e5347a - - - -] 10.0.0.106 "DELETE /v2.0/security-groups/4f30dc90-45f2-4f15-95d2-965224e0ce82 HTTP/1.1" status: 204 len: 168 time: 0.1806729
2026-09-09 07:33:08.265 9 INFO neutron.notifiers.nova [-] Nova event matching ['req-4877797f-c190-4f25-a94c-5f680193c0c9'] response: {'server_uuid': '77193323-0167-4215-aac2-d42fbfdd1c89', 'name': 'network-vif-deleted', 'tag': 'ba87ff73-7d80-4b74-bc33-8107568ae831', 'status': 'completed', 'code': 200}
2026-09-09 07:33:08.583 9 INFO neutron.db.ovn_revision_numbers_db [None req-2d1908f6-e338-42c7-8067-b42da1321e7a 153144be5d9d4ad3bbb85fbebb0c6f1e 65167c832edb425e9bc00a82e5e5347a - - default default] Successfully bumped revision number for resource a86d35b9-27b4-4892-87d2-2ec0fe8f5cf1 (type: security_groups) to 1
2026-09-09 07:33:08.607 9 INFO neutron.wsgi [None req-2d1908f6-e338-42c7-8067-b42da1321e7a 153144be5d9d4ad3bbb85fbebb0c6f1e 65167c832edb425e9bc00a82e5e5347a - - default default] 10.0.0.106 "GET /v2.0/security-groups?tenant_id=6fc155d606674b858664868128ce0024&name=default HTTP/1.1" status: 200 len: 2996 time: 0.1540418
2026-09-09 07:33:08.789 9 INFO neutron.wsgi [None req-0e1ee5c6-e00c-4bbb-9680-0867ba1d9f61 153144be5d9d4ad3bbb85fbebb0c6f1e 65167c832edb425e9bc00a82e5e5347a - - - -] 10.0.0.106 "DELETE /v2.0/security-groups/a86d35b9-27b4-4892-87d2-2ec0fe8f5cf1 HTTP/1.1" status: 204 len: 168 time: 0.1769490
2026-09-09 07:33:09.356 10 INFO neutron.notifiers.nova [-] Nova event matching ['req-79043530-cfb9-4613-a0b7-45cf80cfbb0a'] response: {'server_uuid': '77193323-0167-4215-aac2-d42fbfdd1c89', 'name': 'network-vif-unplugged', 'status': 'completed', 'tag': 'ba87ff73-7d80-4b74-bc33-8107568ae831', 'code': 200}
2026-09-09 07:33:09.357 10 INFO neutron.notifiers.nova [-] Nova event matching ['req-79043530-cfb9-4613-a0b7-45cf80cfbb0a'] response: {'server_uuid': '77193323-0167-4215-aac2-d42fbfdd1c89', 'name': 'network-vif-plugged', 'status': 'completed', 'tag': 'ba87ff73-7d80-4b74-bc33-8107568ae831', 'code': 200}
2026-09-09 07:33:10.994 10 INFO neutron.db.ovn_revision_numbers_db [None req-eeab4aeb-216b-45f8-a1a3-45c8abb18db3 153144be5d9d4ad3bbb85fbebb0c6f1e 65167c832edb425e9bc00a82e5e5347a - - default default] Successfully bumped revision number for resource 0184272e-ee53-46b2-98aa-2529a3867344 (type: security_groups) to 1
2026-09-09 07:33:11.010 10 INFO neutron.wsgi [None req-eeab4aeb-216b-45f8-a1a3-45c8abb18db3 153144be5d9d4ad3bbb85fbebb0c6f1e 65167c832edb425e9bc00a82e5e5347a - - default default] 10.0.0.106 "GET /v2.0/security-groups?tenant_id=172a37ad6fe04e38b25a6dbb7f3620b4&name=default HTTP/1.1" status: 200 len: 2996 time: 0.3342667
2026-09-09 07:33:11.165 10 INFO neutron.wsgi [None req-b115b970-0837-4164-b2ab-391623b62cbc 153144be5d9d4ad3bbb85fbebb0c6f1e 65167c832edb425e9bc00a82e5e5347a - - - -] 10.0.0.106 "DELETE /v2.0/security-groups/0184272e-ee53-46b2-98aa-2529a3867344 HTTP/1.1" status: 204 len: 168 time: 0.1460047
2026-09-09 07:33:11.355 9 INFO neutron.wsgi [None req-a9e56319-8ba2-4834-a898-7178f4abad06 153144be5d9d4ad3bbb85fbebb0c6f1e 65167c832edb425e9bc00a82e5e5347a - - - -] 10.0.0.106 "PUT /v2.0/routers/b9d254f1-691e-4592-bbe0-71b56ebcff9e/remove_router_interface HTTP/1.1" status: 200 len: 503 time: 1.2810464
2026-09-09 07:33:11.355 10 INFO neutron.db.ovn_revision_numbers_db [None req-255b32ad-ea16-4ba7-a66c-abf843b13589 153144be5d9d4ad3bbb85fbebb0c6f1e 65167c832edb425e9bc00a82e5e5347a - - default default] Successfully bumped revision number for resource e424edcb-df0c-433f-ac59-42dadd94adb9 (type: security_groups) to 1 /var/lib/openstack/lib/python3.10/site-packages/pycadf/identifier.py:71: UserWarning: Invalid uuid: neutron. To ensure interoperability, identifiers should be a valid uuid. warnings.warn(('Invalid uuid: %s. To ensure interoperability, '
2026-09-09 07:33:11.382 10 INFO neutron.wsgi [None req-255b32ad-ea16-4ba7-a66c-abf843b13589 153144be5d9d4ad3bbb85fbebb0c6f1e 65167c832edb425e9bc00a82e5e5347a - - default default] 10.0.0.106 "GET /v2.0/security-groups?tenant_id=f2ed9ddb61ac4f338d60772e07278191&name=default HTTP/1.1" status: 200 len: 2996 time: 0.1338027
2026-09-09 07:33:11.551 10 INFO neutron.wsgi [None req-0ecd1082-a6b0-4f6f-9c7b-f3b777988c16 153144be5d9d4ad3bbb85fbebb0c6f1e 65167c832edb425e9bc00a82e5e5347a - - - -] 10.0.0.106 "DELETE /v2.0/security-groups/e424edcb-df0c-433f-ac59-42dadd94adb9 HTTP/1.1" status: 204 len: 168 time: 0.1610446
2026-09-09 07:33:11.986 9 INFO neutron.wsgi [None req-f4220ee9-535a-4287-ab00-f0841c4ca47f 153144be5d9d4ad3bbb85fbebb0c6f1e 65167c832edb425e9bc00a82e5e5347a - - - -] 10.0.0.106 "DELETE /v2.0/routers/b9d254f1-691e-4592-bbe0-71b56ebcff9e HTTP/1.1" status: 204 len: 168 time: 0.6247613
2026-09-09 07:33:12.152 9 INFO neutron.wsgi [None req-5f40be83-143a-49b9-9dce-d69f4c4244f2 153144be5d9d4ad3bbb85fbebb0c6f1e 65167c832edb425e9bc00a82e5e5347a - - - -] 10.0.0.106 "DELETE /v2.0/subnets/b8961fb0-fcf9-4729-878c-030f0c4a9371 HTTP/1.1" status: 204 len: 168 time: 0.1614022
2026-09-09 07:33:12.499 9 INFO neutron.services.segments.plugin [-] Segment 3e8162b5-b253-4e91-ae76-a480986668ff resource provider aggregate not found
2026-09-09 07:33:12.503 9 INFO neutron.services.segments.plugin [-] Segment 3e8162b5-b253-4e91-ae76-a480986668ff resource provider aggregate not found
2026-09-09 07:33:12.515 9 INFO neutron.services.segments.plugin [-] Segment 3e8162b5-b253-4e91-ae76-a480986668ff resource provider not found; error: Placement Client Error (4xx): {"errors": [{"status": 404, "title": "Not Found", "detail": "The resource could not be found.\n\n No resource provider with uuid 3e8162b5-b253-4e91-ae76-a480986668ff found for delete ", "request_id": "req-88cb42e5-a64f-4948-9a62-251b68a501f7"}]}
2026-09-09 07:33:12.518 9 INFO neutron.services.segments.plugin [-] Segment 3e8162b5-b253-4e91-ae76-a480986668ff resource provider not found; error: Placement Client Error (4xx): {"errors": [{"status": 404, "title": "Not Found", "detail": "The resource could not be found.\n\n No resource provider with uuid 3e8162b5-b253-4e91-ae76-a480986668ff found for delete ", "request_id": "req-830a964a-b3e1-4e76-ac57-296eb27e9c01"}]}
2026-09-09 07:33:12.533 9 INFO neutron.wsgi [None req-b306e6bb-8e1c-4b73-8027-e01433e51935 153144be5d9d4ad3bbb85fbebb0c6f1e 65167c832edb425e9bc00a82e5e5347a - - - -] 10.0.0.106 "DELETE /v2.0/networks/7063ce01-6ed5-4dc4-aea5-809f0627ee67 HTTP/1.1" status: 204 len: 168 time: 0.3758438
2026-09-09 07:33:12.813 10 INFO neutron.wsgi [None req-ea08961d-4d15-429b-8afe-ea95c82c8aac 153144be5d9d4ad3bbb85fbebb0c6f1e 65167c832edb425e9bc00a82e5e5347a - - default default] 10.0.0.106 "GET /v2.0/security-groups?tenant_id=ab6084fbd4dc4601a33da61cbd9ab03a&name=default HTTP/1.1" status: 200 len: 2996 time: 0.0398233
2026-09-09 07:33:13.028 10 INFO neutron.wsgi [None req-9f522dca-b184-4fff-9c26-be250af85a5d 153144be5d9d4ad3bbb85fbebb0c6f1e 65167c832edb425e9bc00a82e5e5347a - - - -] 10.0.0.106 "DELETE /v2.0/security-groups/64c14419-936b-4dfb-a4ad-fc4d0e302f6b HTTP/1.1" status: 204 len: 168 time: 0.2107508
2026-09-09 07:33:13.038 10 INFO neutron.db.ovn_revision_numbers_db [None req-71297de4-9be5-48e7-8343-93fee42118a2 f48a3376f94248349104a823e77e98e5 77dc60ea8086446f9f6978ab5cdb9561 - - - -] Successfully bumped revision number for resource d4e2beab-3f37-4d88-b0eb-326fd11fa83a (type: security_groups) to 1
2026-09-09 07:33:13.103 10 INFO neutron.db.segments_db [None req-71297de4-9be5-48e7-8343-93fee42118a2 f48a3376f94248349104a823e77e98e5 77dc60ea8086446f9f6978ab5cdb9561 - - - -] Added segment 623d3b21-091f-4910-868c-c303270fd056 of type geneve for network 15bb24dd-2412-431c-9b54-b63d1417b3ae
2026-09-09 07:33:13.250 10 INFO neutron.db.ovn_revision_numbers_db [None req-71297de4-9be5-48e7-8343-93fee42118a2 f48a3376f94248349104a823e77e98e5 77dc60ea8086446f9f6978ab5cdb9561 - - - -] Successfully bumped revision number for resource 15bb24dd-2412-431c-9b54-b63d1417b3ae (type: networks) to 1
2026-09-09 07:33:13.392 10 WARNING neutron.scheduler.dhcp_agent_scheduler [None req-71297de4-9be5-48e7-8343-93fee42118a2 f48a3376f94248349104a823e77e98e5 77dc60ea8086446f9f6978ab5cdb9561 - - - -] No more DHCP agents
2026-09-09 07:33:13.395 10 WARNING neutron.api.rpc.agentnotifiers.dhcp_rpc_agent_api [None req-71297de4-9be5-48e7-8343-93fee42118a2 f48a3376f94248349104a823e77e98e5 77dc60ea8086446f9f6978ab5cdb9561 - - - -] Unable to schedule network 15bb24dd-2412-431c-9b54-b63d1417b3ae: no agents available; will retry on subsequent port and subnet creation events.
2026-09-09 07:33:13.456 10 INFO neutron.db.ovn_revision_numbers_db [None req-71297de4-9be5-48e7-8343-93fee42118a2 f48a3376f94248349104a823e77e98e5 77dc60ea8086446f9f6978ab5cdb9561 - - - -] Successfully bumped revision number for resource ada41607-f47c-49bf-815b-329323ebdecc (type: ports) to 1
2026-09-09 07:33:13.478 10 INFO neutron.wsgi [None req-71297de4-9be5-48e7-8343-93fee42118a2 f48a3376f94248349104a823e77e98e5 77dc60ea8086446f9f6978ab5cdb9561 - - - -] 10.0.0.106 "POST /v2.0/networks HTTP/1.1" status: 201 len: 830 time: 0.8565240
