2026-09-09 07:32:08.367 10 INFO neutron.wsgi [None req-6ef6bfc7-eb26-401c-bab0-cfa7b90aa2ab 223cff348bc1407fab135c23e8ee156b a4993623f0ef430d96f08d100e54a21c - - default default] 10.0.0.106 "GET /v2.0/floatingips HTTP/1.1" status: 200 len: 1042 time: 0.0620630
2026-09-09 07:32:08.460 10 INFO neutron.wsgi [None req-aa72299e-ea2d-4386-9ba0-2b32530f8f1b aa2ced5cda1b412697388837398a70b6 b3bda2d9201d4b34a3873210182c41a2 - - default default] 10.0.0.106 "GET /v2.0/ports HTTP/1.1" status: 200 len: 3213 time: 0.1516950 /var/lib/openstack/lib/python3.10/site-packages/pycadf/identifier.py:71: UserWarning: Invalid uuid: neutron. To ensure interoperability, identifiers should be a valid uuid. warnings.warn(('Invalid uuid: %s. To ensure interoperability, '
2026-09-09 07:32:08.642 10 INFO neutron.db.l3_db [None req-1cb30b03-de8d-4527-b6bc-97be2c3e6214 223cff348bc1407fab135c23e8ee156b a4993623f0ef430d96f08d100e54a21c - - - -] Floating IP 9b15078c-6b11-4a53-a828-960fb858ed18 associated. External IP: 10.96.250.212, port: 9b527c40-1c4d-4190-81f5-8ad2104d1f77.
2026-09-09 07:32:08.704 9 INFO neutron.plugins.ml2.drivers.ovn.mech_driver.mech_driver [None req-ae8c3285-9e08-4a0e-8841-626e27027ba2 - - - - - -] OVN reports status up for port: d5d63976-b439-47fa-a971-decf0fc12024
2026-09-09 07:32:08.716 10 INFO neutron.plugins.ml2.drivers.ovn.mech_driver.ovsdb.ovsdb_monitor [None req-745b5294-604c-4094-9bec-47760175c796 - - - - - -] Router 5863c132-e872-4e64-8120-f8421958d614 is bound to host instance
2026-09-09 07:32:08.730 9 INFO neutron.plugins.ml2.plugin [None req-ae8c3285-9e08-4a0e-8841-626e27027ba2 - - - - - -] Attempt 1 to provision port d5d63976-b439-47fa-a971-decf0fc12024
2026-09-09 07:32:08.748 9 INFO neutron.db.ovn_revision_numbers_db [None req-f9bb436f-2e76-400d-9af0-eee7f8d64e3f 153144be5d9d4ad3bbb85fbebb0c6f1e 65167c832edb425e9bc00a82e5e5347a - - - -] Successfully bumped revision number for resource d5d63976-b439-47fa-a971-decf0fc12024 (type: router_ports) to 1
2026-09-09 07:32:08.850 9 INFO neutron.wsgi [None req-094b5597-fb14-4c56-8249-6df0b279e615 aa2ced5cda1b412697388837398a70b6 b3bda2d9201d4b34a3873210182c41a2 - - - -] 10.0.0.106 "DELETE /v2.0/ports/7fc301d2-dd93-4849-8d33-7bd72f3cf9fe HTTP/1.1" status: 204 len: 168 time: 0.3838515
2026-09-09 07:32:08.853 9 INFO neutron.db.ovn_revision_numbers_db [None req-f9bb436f-2e76-400d-9af0-eee7f8d64e3f 153144be5d9d4ad3bbb85fbebb0c6f1e 65167c832edb425e9bc00a82e5e5347a - - - -] Successfully bumped revision number for resource 5863c132-e872-4e64-8120-f8421958d614 (type: routers) to 3
2026-09-09 07:32:08.878 10 INFO neutron.db.ovn_revision_numbers_db [None req-1cb30b03-de8d-4527-b6bc-97be2c3e6214 223cff348bc1407fab135c23e8ee156b a4993623f0ef430d96f08d100e54a21c - - - -] Successfully bumped revision number for resource 9b15078c-6b11-4a53-a828-960fb858ed18 (type: floatingips) to 2
2026-09-09 07:32:08.879 9 INFO neutron.wsgi [None req-f9bb436f-2e76-400d-9af0-eee7f8d64e3f 153144be5d9d4ad3bbb85fbebb0c6f1e 65167c832edb425e9bc00a82e5e5347a - - - -] 10.0.0.106 "POST /v2.0/routers HTTP/1.1" status: 201 len: 876 time: 1.5414009
2026-09-09 07:32:08.961 10 INFO neutron.db.ovn_revision_numbers_db [None req-1cb30b03-de8d-4527-b6bc-97be2c3e6214 223cff348bc1407fab135c23e8ee156b a4993623f0ef430d96f08d100e54a21c - - - -] Successfully bumped revision number for resource 9b15078c-6b11-4a53-a828-960fb858ed18 (type: floatingips) to 3
2026-09-09 07:32:09.021 10 INFO neutron.wsgi [None req-1cb30b03-de8d-4527-b6bc-97be2c3e6214 223cff348bc1407fab135c23e8ee156b a4993623f0ef430d96f08d100e54a21c - - - -] 10.0.0.106 "PUT /v2.0/floatingips/9b15078c-6b11-4a53-a828-960fb858ed18 HTTP/1.1" status: 200 len: 1038 time: 0.6489511
2026-09-09 07:32:09.173 10 INFO neutron.db.l3_db [None req-2a8bae01-c57f-46b0-93a5-9dcb01f89dca 223cff348bc1407fab135c23e8ee156b a4993623f0ef430d96f08d100e54a21c - - - -] Floating IP 9b15078c-6b11-4a53-a828-960fb858ed18 disassociated. External IP: 10.96.250.212, port: 9ede67a9-c4f4-48dc-8b2e-ee539e657fc2.
2026-09-09 07:32:09.185 9 INFO neutron.wsgi [None req-1f2034f2-dab5-4017-8551-fe93bed2bad6 aa2ced5cda1b412697388837398a70b6 b3bda2d9201d4b34a3873210182c41a2 - - - -] 10.0.0.106 "DELETE /v2.0/ports/92b6a1a5-e692-4cc9-90fe-41b2aba19cd8 HTTP/1.1" status: 204 len: 168 time: 0.3285270
2026-09-09 07:32:09.202 10 INFO neutron.db.ovn_revision_numbers_db [None req-2a8bae01-c57f-46b0-93a5-9dcb01f89dca 223cff348bc1407fab135c23e8ee156b a4993623f0ef430d96f08d100e54a21c - - - -] Successfully bumped revision number for resource 9b15078c-6b11-4a53-a828-960fb858ed18 (type: floatingips) to 4
2026-09-09 07:32:09.246 10 INFO neutron.wsgi [None req-4d469c75-3f3c-4e91-a377-5e8739476484 aa2ced5cda1b412697388837398a70b6 b3bda2d9201d4b34a3873210182c41a2 - - default default] 10.0.0.106 "GET /v2.0/ports HTTP/1.1" status: 200 len: 1718 time: 0.0513737
2026-09-09 07:32:09.291 10 INFO neutron.wsgi [None req-2a8bae01-c57f-46b0-93a5-9dcb01f89dca 223cff348bc1407fab135c23e8ee156b a4993623f0ef430d96f08d100e54a21c - - - -] 10.0.0.106 "PUT /v2.0/floatingips/9b15078c-6b11-4a53-a828-960fb858ed18 HTTP/1.1" status: 200 len: 748 time: 0.2632177
2026-09-09 07:32:09.359 10 INFO neutron.db.segments_db [None req-936acdd9-05d4-4b90-b693-36ffa6429c2a aa2ced5cda1b412697388837398a70b6 b3bda2d9201d4b34a3873210182c41a2 - - - -] Added segment 06d64c7f-9d46-40c7-a9f4-2141c81e4c80 of type geneve for network 5b79b78b-b25d-4046-9733-24644efd73cb
2026-09-09 07:32:09.384 9 WARNING neutron.scheduler.dhcp_agent_scheduler [None req-fef159ed-673a-445a-bde0-8fd9861eade1 153144be5d9d4ad3bbb85fbebb0c6f1e 65167c832edb425e9bc00a82e5e5347a - - default default] No more DHCP agents
2026-09-09 07:32:09.392 9 WARNING neutron.api.rpc.agentnotifiers.dhcp_rpc_agent_api [None req-fef159ed-673a-445a-bde0-8fd9861eade1 153144be5d9d4ad3bbb85fbebb0c6f1e 65167c832edb425e9bc00a82e5e5347a - - default default] Unable to schedule network 67c675b9-0160-4b19-89a9-7d64429380f6: no agents available; will retry on subsequent port and subnet creation events.
2026-09-09 07:32:09.621 10 INFO neutron.db.ovn_revision_numbers_db [None req-745b5294-604c-4094-9bec-47760175c796 - - - - - -] Successfully bumped revision number for resource d5d63976-b439-47fa-a971-decf0fc12024 (type: ports) to 1
2026-09-09 07:32:09.750 10 INFO neutron.db.ovn_revision_numbers_db [None req-936acdd9-05d4-4b90-b693-36ffa6429c2a aa2ced5cda1b412697388837398a70b6 b3bda2d9201d4b34a3873210182c41a2 - - - -] Successfully bumped revision number for resource 5b79b78b-b25d-4046-9733-24644efd73cb (type: networks) to 1
2026-09-09 07:32:09.837 9 INFO neutron.db.ovn_revision_numbers_db [None req-fef159ed-673a-445a-bde0-8fd9861eade1 153144be5d9d4ad3bbb85fbebb0c6f1e 65167c832edb425e9bc00a82e5e5347a - - default default] Successfully bumped revision number for resource 0354c015-5c4f-4aa4-9ee7-3dae58826e84 (type: ports) to 1
2026-09-09 07:32:10.007 10 WARNING neutron.scheduler.dhcp_agent_scheduler [None req-936acdd9-05d4-4b90-b693-36ffa6429c2a aa2ced5cda1b412697388837398a70b6 b3bda2d9201d4b34a3873210182c41a2 - - - -] No more DHCP agents
2026-09-09 07:32:10.010 10 WARNING neutron.api.rpc.agentnotifiers.dhcp_rpc_agent_api [None req-936acdd9-05d4-4b90-b693-36ffa6429c2a aa2ced5cda1b412697388837398a70b6 b3bda2d9201d4b34a3873210182c41a2 - - - -] Unable to schedule network 5b79b78b-b25d-4046-9733-24644efd73cb: no agents available; will retry on subsequent port and subnet creation events.
2026-09-09 07:32:10.021 9 INFO neutron.wsgi [None req-8d4dd104-ada5-4ed7-9e57-1d049483a4c9 223cff348bc1407fab135c23e8ee156b a4993623f0ef430d96f08d100e54a21c - - - -] 10.0.0.106 "DELETE /v2.0/floatingips/9b15078c-6b11-4a53-a828-960fb858ed18 HTTP/1.1" status: 204 len: 168 time: 0.7224445
2026-09-09 07:32:10.026 10 INFO neutron.db.ovn_revision_numbers_db [None req-745b5294-604c-4094-9bec-47760175c796 - - - - - -] Successfully bumped revision number for resource d5d63976-b439-47fa-a971-decf0fc12024 (type: router_ports) to 3
2026-09-09 07:32:10.049 9 INFO neutron.api.v2.resource [None req-6b0260c4-4c27-4b92-8d93-984d6557e6d6 223cff348bc1407fab135c23e8ee156b a4993623f0ef430d96f08d100e54a21c - - - -] delete failed (client error): The resource could not be found.
2026-09-09 07:32:10.050 9 INFO neutron.wsgi [None req-6b0260c4-4c27-4b92-8d93-984d6557e6d6 223cff348bc1407fab135c23e8ee156b a4993623f0ef430d96f08d100e54a21c - - - -] 10.0.0.106 "DELETE /v2.0/floatingips/9b15078c-6b11-4a53-a828-960fb858ed18 HTTP/1.1" status: 404 len: 345 time: 0.0196359
2026-09-09 07:32:10.093 10 INFO neutron.db.ovn_revision_numbers_db [None req-936acdd9-05d4-4b90-b693-36ffa6429c2a aa2ced5cda1b412697388837398a70b6 b3bda2d9201d4b34a3873210182c41a2 - - - -] Successfully bumped revision number for resource e9ca9fef-7edb-49c0-9696-45e53ffb478f (type: ports) to 1
2026-09-09 07:32:10.118 10 INFO neutron.wsgi [None req-936acdd9-05d4-4b90-b693-36ffa6429c2a aa2ced5cda1b412697388837398a70b6 b3bda2d9201d4b34a3873210182c41a2 - - - -] 10.0.0.106 "POST /v2.0/networks HTTP/1.1" status: 201 len: 847 time: 0.8648696
2026-09-09 07:32:10.173 10 INFO neutron.db.ovn_revision_numbers_db [None req-745b5294-604c-4094-9bec-47760175c796 - - - - - -] Successfully bumped revision number for resource d5d63976-b439-47fa-a971-decf0fc12024 (type: ports) to 2
2026-09-09 07:32:10.280 9 INFO neutron.db.segments_db [None req-5a691876-7552-4eac-9c74-9eb4af426628 aa2ced5cda1b412697388837398a70b6 b3bda2d9201d4b34a3873210182c41a2 - - - -] Added segment 7fbd1a7d-3fd8-47c4-9770-353d3ea182c8 of type geneve for network 4da29b84-d717-4dc7-85dd-73c8d0388667
2026-09-09 07:32:10.350 10 INFO neutron.db.ovn_revision_numbers_db [None req-745b5294-604c-4094-9bec-47760175c796 - - - - - -] Successfully bumped revision number for resource d5d63976-b439-47fa-a971-decf0fc12024 (type: ports) to 4
2026-09-09 07:32:10.378 9 INFO neutron.db.ovn_revision_numbers_db [None req-fef159ed-673a-445a-bde0-8fd9861eade1 153144be5d9d4ad3bbb85fbebb0c6f1e 65167c832edb425e9bc00a82e5e5347a - - default default] Successfully bumped revision number for resource 0354c015-5c4f-4aa4-9ee7-3dae58826e84 (type: router_ports) to 2
2026-09-09 07:32:10.467 9 INFO neutron.db.ovn_revision_numbers_db [None req-5a691876-7552-4eac-9c74-9eb4af426628 aa2ced5cda1b412697388837398a70b6 b3bda2d9201d4b34a3873210182c41a2 - - - -] Successfully bumped revision number for resource 4da29b84-d717-4dc7-85dd-73c8d0388667 (type: networks) to 1
2026-09-09 07:32:10.572 9 INFO neutron.wsgi [None req-296a2dda-36a2-4472-a244-ee4f4d59cff4 223cff348bc1407fab135c23e8ee156b a4993623f0ef430d96f08d100e54a21c - - - -] 10.0.0.106 "DELETE /v2.0/ports/9ede67a9-c4f4-48dc-8b2e-ee539e657fc2 HTTP/1.1" status: 204 len: 168 time: 0.5162671
2026-09-09 07:32:10.617 9 INFO neutron.db.ovn_revision_numbers_db [None req-fef159ed-673a-445a-bde0-8fd9861eade1 153144be5d9d4ad3bbb85fbebb0c6f1e 65167c832edb425e9bc00a82e5e5347a - - default default] Successfully bumped revision number for resource 0354c015-5c4f-4aa4-9ee7-3dae58826e84 (type: ports) to 2
2026-09-09 07:32:10.663 10 INFO neutron.db.ovn_revision_numbers_db [None req-745b5294-604c-4094-9bec-47760175c796 - - - - - -] Successfully bumped revision number for resource d5d63976-b439-47fa-a971-decf0fc12024 (type: router_ports) to 4
2026-09-09 07:32:10.712 9 WARNING neutron.scheduler.dhcp_agent_scheduler [None req-5a691876-7552-4eac-9c74-9eb4af426628 aa2ced5cda1b412697388837398a70b6 b3bda2d9201d4b34a3873210182c41a2 - - - -] No more DHCP agents
2026-09-09 07:32:10.718 9 WARNING neutron.api.rpc.agentnotifiers.dhcp_rpc_agent_api [None req-5a691876-7552-4eac-9c74-9eb4af426628 aa2ced5cda1b412697388837398a70b6 b3bda2d9201d4b34a3873210182c41a2 - - - -] Unable to schedule network 4da29b84-d717-4dc7-85dd-73c8d0388667: no agents available; will retry on subsequent port and subnet creation events.
2026-09-09 07:32:10.742 9 WARNING neutron.scheduler.dhcp_agent_scheduler [None req-fef159ed-673a-445a-bde0-8fd9861eade1 153144be5d9d4ad3bbb85fbebb0c6f1e 65167c832edb425e9bc00a82e5e5347a - - default default] No more DHCP agents
2026-09-09 07:32:10.744 9 WARNING neutron.api.rpc.agentnotifiers.dhcp_rpc_agent_api [None req-fef159ed-673a-445a-bde0-8fd9861eade1 153144be5d9d4ad3bbb85fbebb0c6f1e 65167c832edb425e9bc00a82e5e5347a - - default default] Unable to schedule network 67c675b9-0160-4b19-89a9-7d64429380f6: no agents available; will retry on subsequent port and subnet creation events.
2026-09-09 07:32:10.801 9 INFO neutron.db.ovn_revision_numbers_db [None req-5a691876-7552-4eac-9c74-9eb4af426628 aa2ced5cda1b412697388837398a70b6 b3bda2d9201d4b34a3873210182c41a2 - - - -] Successfully bumped revision number for resource 77a9b90e-3646-4605-9103-6680fa908643 (type: ports) to 1
2026-09-09 07:32:10.862 9 INFO neutron.wsgi [None req-5a691876-7552-4eac-9c74-9eb4af426628 aa2ced5cda1b412697388837398a70b6 b3bda2d9201d4b34a3873210182c41a2 - - - -] 10.0.0.106 "POST /v2.0/networks HTTP/1.1" status: 201 len: 848 time: 0.7388942
2026-09-09 07:32:10.944 10 INFO neutron.wsgi [None req-39a4afac-2bf7-4465-8ca7-ac14c9c17b6e 223cff348bc1407fab135c23e8ee156b a4993623f0ef430d96f08d100e54a21c - - - -] 10.0.0.106 "DELETE /v2.0/ports/9b527c40-1c4d-4190-81f5-8ad2104d1f77 HTTP/1.1" status: 204 len: 168 time: 0.3613708
2026-09-09 07:32:11.054 10 INFO neutron.wsgi [None req-3bb2ff4a-1700-44ce-8acf-087f9ca16ec1 223cff348bc1407fab135c23e8ee156b a4993623f0ef430d96f08d100e54a21c - - default default] 10.0.0.106 "GET /v2.0/ports?device_id=9e6578b2-170e-4e82-ab32-091e14820339 HTTP/1.1" status: 200 len: 1140 time: 0.1030641
2026-09-09 07:32:11.367 9 INFO neutron.db.ovn_revision_numbers_db [None req-fef159ed-673a-445a-bde0-8fd9861eade1 153144be5d9d4ad3bbb85fbebb0c6f1e 65167c832edb425e9bc00a82e5e5347a - - - -] Successfully bumped revision number for resource 0354c015-5c4f-4aa4-9ee7-3dae58826e84 (type: router_ports) to 2
2026-09-09 07:32:11.369 9 INFO neutron.wsgi [None req-fef159ed-673a-445a-bde0-8fd9861eade1 153144be5d9d4ad3bbb85fbebb0c6f1e 65167c832edb425e9bc00a82e5e5347a - - - -] 10.0.0.106 "PUT /v2.0/routers/5863c132-e872-4e64-8120-f8421958d614/add_router_interface HTTP/1.1" status: 200 len: 503 time: 2.4835293
2026-09-09 07:32:11.378 10 WARNING neutron.scheduler.dhcp_agent_scheduler [None req-825b1467-46ff-4554-bfec-b7f175cba89d aa2ced5cda1b412697388837398a70b6 b3bda2d9201d4b34a3873210182c41a2 - - - -] No more DHCP agents
2026-09-09 07:32:11.380 10 WARNING neutron.api.rpc.agentnotifiers.dhcp_rpc_agent_api [None req-825b1467-46ff-4554-bfec-b7f175cba89d aa2ced5cda1b412697388837398a70b6 b3bda2d9201d4b34a3873210182c41a2 - - - -] Unable to schedule network 5b79b78b-b25d-4046-9733-24644efd73cb: no agents available; will retry on subsequent port and subnet creation events. /var/lib/openstack/lib/python3.10/site-packages/pycadf/identifier.py:71: UserWarning: Invalid uuid: neutron. To ensure interoperability, identifiers should be a valid uuid. warnings.warn(('Invalid uuid: %s. To ensure interoperability, '
2026-09-09 07:32:11.589 9 INFO neutron.db.ovn_revision_numbers_db [None req-0fdbef39-5421-423f-92ee-6cae57a65426 153144be5d9d4ad3bbb85fbebb0c6f1e 65167c832edb425e9bc00a82e5e5347a - - default default] Successfully bumped revision number for resource f8aea9d6-e8af-4ce2-99a7-759276624af0 (type: security_groups) to 1
2026-09-09 07:32:11.611 9 INFO neutron.wsgi [None req-0fdbef39-5421-423f-92ee-6cae57a65426 153144be5d9d4ad3bbb85fbebb0c6f1e 65167c832edb425e9bc00a82e5e5347a - - default default] 10.0.0.106 "GET /v2.0/security-groups?tenant_id=4379e7ad57d94f47a76f5f2a58ea5e2b&name=default HTTP/1.1" status: 200 len: 2996 time: 0.3282294
2026-09-09 07:32:11.808 9 INFO neutron.wsgi [None req-1201dd72-2b01-4efa-9067-81d62b3addad 153144be5d9d4ad3bbb85fbebb0c6f1e 65167c832edb425e9bc00a82e5e5347a - - - -] 10.0.0.106 "DELETE /v2.0/security-groups/f8aea9d6-e8af-4ce2-99a7-759276624af0 HTTP/1.1" status: 204 len: 168 time: 0.1913869
2026-09-09 07:32:12.020 9 INFO neutron.db.ovn_revision_numbers_db [None req-d4c02261-5bb2-474c-9e2e-6203658b8496 153144be5d9d4ad3bbb85fbebb0c6f1e 65167c832edb425e9bc00a82e5e5347a - - default default] Successfully bumped revision number for resource 0cb6b6fc-7922-4602-b525-cf2ca8a9b01e (type: security_groups) to 1
2026-09-09 07:32:12.046 9 INFO neutron.wsgi [None req-d4c02261-5bb2-474c-9e2e-6203658b8496 153144be5d9d4ad3bbb85fbebb0c6f1e 65167c832edb425e9bc00a82e5e5347a - - default default] 10.0.0.106 "GET /v2.0/security-groups?tenant_id=b020955489fe4b35bf41233492b194a4&name=default HTTP/1.1" status: 200 len: 2996 time: 0.1441557
2026-09-09 07:32:12.080 10 WARNING neutron.plugins.ml2.drivers.ovn.mech_driver.ovsdb.ovn_client [None req-5c009000-e905-4825-baa0-d66904499926 - - - - - -] No port found with ID 6bc14610-15fd-499b-882e-bbcf6db0a1be: RuntimeError: No port found with ID 6bc14610-15fd-499b-882e-bbcf6db0a1be
2026-09-09 07:32:12.142 10 INFO neutron.plugins.ml2.drivers.ovn.mech_driver.mech_driver [None req-5c009000-e905-4825-baa0-d66904499926 - - - - - -] OVN reports status up for port: 0354c015-5c4f-4aa4-9ee7-3dae58826e84
2026-09-09 07:32:12.157 10 INFO neutron.plugins.ml2.plugin [None req-5c009000-e905-4825-baa0-d66904499926 - - - - - -] Attempt 1 to provision port 0354c015-5c4f-4aa4-9ee7-3dae58826e84
2026-09-09 07:32:12.227 9 INFO neutron.wsgi [None req-34cd03b7-a8b0-46e1-9227-d66d716de899 153144be5d9d4ad3bbb85fbebb0c6f1e 65167c832edb425e9bc00a82e5e5347a - - - -] 10.0.0.106 "DELETE /v2.0/security-groups/0cb6b6fc-7922-4602-b525-cf2ca8a9b01e HTTP/1.1" status: 204 len: 168 time: 0.1750610
2026-09-09 07:32:12.285 9 INFO neutron.db.ovn_revision_numbers_db [None req-118d5494-d6f6-4219-b067-49c26b61d2d7 c1a5c483ddf741d2a27f8a7ffd67b649 c3828cf5d5b645b29598a5233edcd7f2 - - - -] Successfully bumped revision number for resource 841f9f9f-b62a-4ead-9f87-d8fbc0e7ebdb (type: security_groups) to 1
2026-09-09 07:32:12.315 9 INFO neutron.wsgi [None req-118d5494-d6f6-4219-b067-49c26b61d2d7 c1a5c483ddf741d2a27f8a7ffd67b649 c3828cf5d5b645b29598a5233edcd7f2 - - - -] 10.0.0.106 "POST /v2.0/security-groups HTTP/1.1" status: 201 len: 1797 time: 0.1301680
2026-09-09 07:32:12.360 10 INFO neutron.db.ovn_revision_numbers_db [None req-825b1467-46ff-4554-bfec-b7f175cba89d aa2ced5cda1b412697388837398a70b6 b3bda2d9201d4b34a3873210182c41a2 - - - -] Successfully bumped revision number for resource e9ca9fef-7edb-49c0-9696-45e53ffb478f (type: ports) to 2
2026-09-09 07:32:12.399 10 INFO neutron.db.ovn_revision_numbers_db [None req-825b1467-46ff-4554-bfec-b7f175cba89d aa2ced5cda1b412697388837398a70b6 b3bda2d9201d4b34a3873210182c41a2 - - - -] Successfully bumped revision number for resource e266f589-d573-4379-b9b6-f34fe07f546b (type: subnets) to 0
2026-09-09 07:32:12.453 10 WARNING neutron.scheduler.dhcp_agent_scheduler [None req-825b1467-46ff-4554-bfec-b7f175cba89d aa2ced5cda1b412697388837398a70b6 b3bda2d9201d4b34a3873210182c41a2 - - - -] No more DHCP agents
2026-09-09 07:32:12.457 10 WARNING neutron.api.rpc.agentnotifiers.dhcp_rpc_agent_api [None req-825b1467-46ff-4554-bfec-b7f175cba89d aa2ced5cda1b412697388837398a70b6 b3bda2d9201d4b34a3873210182c41a2 - - - -] Unable to schedule network 4da29b84-d717-4dc7-85dd-73c8d0388667: no agents available; will retry on subsequent port and subnet creation events.
2026-09-09 07:32:12.478 9 INFO neutron.db.ovn_revision_numbers_db [None req-1c2ac8e7-3e6c-4467-95a1-06588c01bef1 c1a5c483ddf741d2a27f8a7ffd67b649 c3828cf5d5b645b29598a5233edcd7f2 - - - -] Successfully bumped revision number for resource 1d3de27d-2d9e-4883-aba5-bd55c1e15dc9 (type: security_group_rules) to 0
2026-09-09 07:32:12.502 9 INFO neutron.wsgi [None req-1c2ac8e7-3e6c-4467-95a1-06588c01bef1 c1a5c483ddf741d2a27f8a7ffd67b649 c3828cf5d5b645b29598a5233edcd7f2 - - - -] 10.0.0.106 "POST /v2.0/security-group-rules HTTP/1.1" status: 201 len: 764 time: 0.1805141
2026-09-09 07:32:12.542 10 INFO neutron.wsgi [None req-15c8491a-4c07-4a4f-9671-751c4cb9b0fc 223cff348bc1407fab135c23e8ee156b a4993623f0ef430d96f08d100e54a21c - - - -] 10.0.0.106 "PUT /v2.0/routers/9e6578b2-170e-4e82-ab32-091e14820339/remove_router_interface HTTP/1.1" status: 200 len: 503 time: 1.4831088
2026-09-09 07:32:12.576 10 INFO neutron.db.ovn_revision_numbers_db [None req-5c009000-e905-4825-baa0-d66904499926 - - - - - -] Successfully bumped revision number for resource 0354c015-5c4f-4aa4-9ee7-3dae58826e84 (type: ports) to 3
2026-09-09 07:32:12.703 9 INFO neutron.db.ovn_revision_numbers_db [None req-9e976ff3-505d-439c-b15d-7dd033ab5ca7 c1a5c483ddf741d2a27f8a7ffd67b649 c3828cf5d5b645b29598a5233edcd7f2 - - - -] Successfully bumped revision number for resource 8db17590-5f6c-4728-ad37-2a93ec454548 (type: security_group_rules) to 0
2026-09-09 07:32:12.735 10 INFO neutron.db.ovn_revision_numbers_db [None req-5c009000-e905-4825-baa0-d66904499926 - - - - - -] Successfully bumped revision number for resource 0354c015-5c4f-4aa4-9ee7-3dae58826e84 (type: router_ports) to 3
2026-09-09 07:32:12.978 9 INFO neutron.wsgi [None req-9e976ff3-505d-439c-b15d-7dd033ab5ca7 c1a5c483ddf741d2a27f8a7ffd67b649 c3828cf5d5b645b29598a5233edcd7f2 - - - -] 10.0.0.106 "POST /v2.0/security-group-rules HTTP/1.1" status: 201 len: 769 time: 0.4705732 /var/lib/openstack/lib/python3.10/site-packages/pycadf/identifier.py:71: UserWarning: Invalid uuid: neutron. To ensure interoperability, identifiers should be a valid uuid. warnings.warn(('Invalid uuid: %s. To ensure interoperability, '
2026-09-09 07:32:13.035 10 INFO neutron.db.ovn_revision_numbers_db [None req-825b1467-46ff-4554-bfec-b7f175cba89d aa2ced5cda1b412697388837398a70b6 b3bda2d9201d4b34a3873210182c41a2 - - - -] Successfully bumped revision number for resource 77a9b90e-3646-4605-9103-6680fa908643 (type: ports) to 2
2026-09-09 07:32:13.064 10 INFO neutron.db.ovn_revision_numbers_db [None req-825b1467-46ff-4554-bfec-b7f175cba89d aa2ced5cda1b412697388837398a70b6 b3bda2d9201d4b34a3873210182c41a2 - - - -] Successfully bumped revision number for resource b0a7a3b2-7b0f-40b4-a251-02c0b71f347f (type: subnets) to 0
2026-09-09 07:32:13.081 10 INFO neutron.wsgi [None req-825b1467-46ff-4554-bfec-b7f175cba89d aa2ced5cda1b412697388837398a70b6 b3bda2d9201d4b34a3873210182c41a2 - - - -] 10.0.0.106 "POST /v2.0/subnets HTTP/1.1" status: 201 len: 1425 time: 2.1883225
2026-09-09 07:32:13.144 9 INFO neutron.wsgi [None req-eefaac7f-aeb6-4684-910b-60decb6d6bc3 aa2ced5cda1b412697388837398a70b6 b3bda2d9201d4b34a3873210182c41a2 - - default default] 10.0.0.106 "GET /v2.0/subnets HTTP/1.1" status: 200 len: 2033 time: 0.0561819
2026-09-09 07:32:13.245 10 WARNING neutron.scheduler.dhcp_agent_scheduler [None req-ab75ea2e-125f-4b7a-860a-efa0a33a0c65 c1a5c483ddf741d2a27f8a7ffd67b649 c3828cf5d5b645b29598a5233edcd7f2 - - - -] No more DHCP agents
2026-09-09 07:32:13.246 10 WARNING neutron.api.rpc.agentnotifiers.dhcp_rpc_agent_api [None req-ab75ea2e-125f-4b7a-860a-efa0a33a0c65 c1a5c483ddf741d2a27f8a7ffd67b649 c3828cf5d5b645b29598a5233edcd7f2 - - - -] Unable to schedule network d8c0c0d7-7e0f-4280-a8e5-4c5682799908: no agents available; will retry on subsequent port and subnet creation events.
2026-09-09 07:32:13.505 9 INFO neutron.wsgi [None req-2815b05f-6bc9-4a59-8996-c65500052e09 aa2ced5cda1b412697388837398a70b6 b3bda2d9201d4b34a3873210182c41a2 - - - -] 10.0.0.106 "DELETE /v2.0/subnets/e266f589-d573-4379-b9b6-f34fe07f546b HTTP/1.1" status: 204 len: 168 time: 0.3536351
2026-09-09 07:32:13.598 10 INFO neutron.db.ovn_revision_numbers_db [None req-ab75ea2e-125f-4b7a-860a-efa0a33a0c65 c1a5c483ddf741d2a27f8a7ffd67b649 c3828cf5d5b645b29598a5233edcd7f2 - - - -] Successfully bumped revision number for resource f79588db-cf9e-48a7-9b44-89ad15f333df (type: floatingips) to 0
2026-09-09 07:32:13.616 10 INFO neutron.wsgi [None req-ab75ea2e-125f-4b7a-860a-efa0a33a0c65 c1a5c483ddf741d2a27f8a7ffd67b649 c3828cf5d5b645b29598a5233edcd7f2 - - - -] 10.0.0.106 "POST /v2.0/floatingips HTTP/1.1" status: 201 len: 751 time: 0.6327286
2026-09-09 07:32:13.735 9 INFO neutron.wsgi [None req-bb014b4b-f7fb-404f-b164-35ae3f4f2963 223cff348bc1407fab135c23e8ee156b a4993623f0ef430d96f08d100e54a21c - - - -] 10.0.0.106 "DELETE /v2.0/routers/9e6578b2-170e-4e82-ab32-091e14820339 HTTP/1.1" status: 204 len: 168 time: 1.1851318
2026-09-09 07:32:13.823 9 INFO neutron.wsgi [None req-8eda4355-46ca-4687-bf50-59cf82145096 aa2ced5cda1b412697388837398a70b6 b3bda2d9201d4b34a3873210182c41a2 - - - -] 10.0.0.106 "DELETE /v2.0/subnets/b0a7a3b2-7b0f-40b4-a251-02c0b71f347f HTTP/1.1" status: 204 len: 168 time: 0.3122401
2026-09-09 07:32:13.869 10 INFO neutron.wsgi [None req-55c20604-eb6d-4634-90e2-76b166b59c72 aa2ced5cda1b412697388837398a70b6 b3bda2d9201d4b34a3873210182c41a2 - - default default] 10.0.0.106 "GET /v2.0/subnets HTTP/1.1" status: 200 len: 820 time: 0.0419097
2026-09-09 07:32:13.968 10 INFO neutron.wsgi [None req-70909461-0e59-4825-8a51-8794a85b22ab 223cff348bc1407fab135c23e8ee156b a4993623f0ef430d96f08d100e54a21c - - - -] 10.0.0.106 "DELETE /v2.0/subnets/ebee44ef-0475-4b1c-8e92-0c05fa1c08ba HTTP/1.1" status: 204 len: 168 time: 0.2259583
2026-09-09 07:32:14.177 10 INFO neutron.wsgi [req-c5eb761a-6220-485e-a493-3cf68e1810fc req-2f98d8da-509a-48ee-a950-4494c078a8e6 c1a5c483ddf741d2a27f8a7ffd67b649 c3828cf5d5b645b29598a5233edcd7f2 - - default default] 10.0.0.240 "GET /v2.0/security-groups?name=tempest-securitygroup--2003900297&fields=id&tenant_id=c3828cf5d5b645b29598a5233edcd7f2 HTTP/1.1" status: 200 len: 267 time: 0.0472670
2026-09-09 07:32:14.308 10 INFO neutron.wsgi [req-c5eb761a-6220-485e-a493-3cf68e1810fc req-c951e7c2-cc88-4c85-b310-6600829838d1 c1a5c483ddf741d2a27f8a7ffd67b649 c3828cf5d5b645b29598a5233edcd7f2 - - default default] 10.0.0.240 "GET /v2.0/networks?id=67c675b9-0160-4b19-89a9-7d64429380f6 HTTP/1.1" status: 200 len: 874 time: 0.1161795
2026-09-09 07:32:14.320 10 INFO neutron.services.segments.plugin [-] Segment 7fbd1a7d-3fd8-47c4-9770-353d3ea182c8 resource provider aggregate not found
2026-09-09 07:32:14.324 10 INFO neutron.services.segments.plugin [-] Segment 7fbd1a7d-3fd8-47c4-9770-353d3ea182c8 resource provider aggregate not found
2026-09-09 07:32:14.346 10 INFO neutron.wsgi [req-c5eb761a-6220-485e-a493-3cf68e1810fc req-34a1832d-5d34-4847-b0b7-7689d24b266f c1a5c483ddf741d2a27f8a7ffd67b649 c3828cf5d5b645b29598a5233edcd7f2 - - default default] 10.0.0.240 "GET /v2.0/quotas/c3828cf5d5b645b29598a5233edcd7f2 HTTP/1.1" status: 200 len: 386 time: 0.0293365
2026-09-09 07:32:14.353 9 INFO neutron.services.segments.plugin [-] Segment 0dce58f2-cead-40ba-8e74-75acac03aab1 resource provider aggregate not found
2026-09-09 07:32:14.355 10 INFO neutron.services.segments.plugin [-] Segment 7fbd1a7d-3fd8-47c4-9770-353d3ea182c8 resource provider not found; error: Placement Client Error (4xx): {"errors": [{"status": 404, "title": "Not Found", "detail": "The resource could not be found.\n\n No resource provider with uuid 7fbd1a7d-3fd8-47c4-9770-353d3ea182c8 found for delete ", "request_id": "req-1b2e7f17-0461-445e-9168-334701ff5b76"}]}
2026-09-09 07:32:14.373 9 INFO neutron.services.segments.plugin [-] Segment 0dce58f2-cead-40ba-8e74-75acac03aab1 resource provider aggregate not found
2026-09-09 07:32:14.376 10 INFO neutron.services.segments.plugin [-] Segment 7fbd1a7d-3fd8-47c4-9770-353d3ea182c8 resource provider not found; error: Placement Client Error (4xx): {"errors": [{"status": 404, "title": "Not Found", "detail": "The resource could not be found.\n\n No resource provider with uuid 7fbd1a7d-3fd8-47c4-9770-353d3ea182c8 found for delete ", "request_id": "req-2dd2d9c1-4026-4931-b316-b8de38dcb8f9"}]}
2026-09-09 07:32:14.393 9 INFO neutron.services.segments.plugin [-] Segment 0dce58f2-cead-40ba-8e74-75acac03aab1 resource provider not found; error: Placement Client Error (4xx): {"errors": [{"status": 404, "title": "Not Found", "detail": "The resource could not be found.\n\n No resource provider with uuid 0dce58f2-cead-40ba-8e74-75acac03aab1 found for delete ", "request_id": "req-c95dee46-fbeb-4511-8e7b-a954aa4430d5"}]}
2026-09-09 07:32:14.397 9 INFO neutron.services.segments.plugin [-] Segment 0dce58f2-cead-40ba-8e74-75acac03aab1 resource provider not found; error: Placement Client Error (4xx): {"errors": [{"status": 404, "title": "Not Found", "detail": "The resource could not be found.\n\n No resource provider with uuid 0dce58f2-cead-40ba-8e74-75acac03aab1 found for delete ", "request_id": "req-2b2fa572-59b9-4b68-9262-efd1751d7ca4"}]}
2026-09-09 07:32:14.398 10 INFO neutron.wsgi [None req-b3213155-b8ba-4c7b-accb-7a7c975ae5ae aa2ced5cda1b412697388837398a70b6 b3bda2d9201d4b34a3873210182c41a2 - - - -] 10.0.0.106 "DELETE /v2.0/networks/4da29b84-d717-4dc7-85dd-73c8d0388667 HTTP/1.1" status: 204 len: 168 time: 0.5243695
2026-09-09 07:32:14.418 9 INFO neutron.wsgi [None req-8eb88c0a-ff2c-47d0-ac82-c332e5c123ae 223cff348bc1407fab135c23e8ee156b a4993623f0ef430d96f08d100e54a21c - - - -] 10.0.0.106 "DELETE /v2.0/networks/98454cd6-4460-4a10-8605-9ccb0e9d44fe HTTP/1.1" status: 204 len: 168 time: 0.4437249
2026-09-09 07:32:14.437 10 INFO neutron.wsgi [req-c5eb761a-6220-485e-a493-3cf68e1810fc req-7d209be5-db57-40c0-9d4a-d743cf222289 c1a5c483ddf741d2a27f8a7ffd67b649 c3828cf5d5b645b29598a5233edcd7f2 - - default default] 10.0.0.240 "GET /v2.0/ports?tenant_id=c3828cf5d5b645b29598a5233edcd7f2&fields=id HTTP/1.1" status: 200 len: 302 time: 0.0836506
2026-09-09 07:32:14.502 10 INFO neutron.wsgi [req-c5eb761a-6220-485e-a493-3cf68e1810fc req-e5cfe027-2757-47c4-9eab-05b8c792e448 38897e503a394cb0a323a9a069e740d6 5dea69e8d480437cb1958e422e7cdca8 - - 03e57b709f10441aa7a7705d4a886f60 03e57b709f10441aa7a7705d4a886f60] 10.0.0.240 "GET /v2.0/networks/67c675b9-0160-4b19-89a9-7d64429380f6?fields=segments HTTP/1.1" status: 200 len: 212 time: 0.0517364
2026-09-09 07:32:14.557 10 INFO neutron.wsgi [req-c5eb761a-6220-485e-a493-3cf68e1810fc req-c1520c86-5ead-4beb-826e-c0a278df54c9 38897e503a394cb0a323a9a069e740d6 5dea69e8d480437cb1958e422e7cdca8 - - 03e57b709f10441aa7a7705d4a886f60 03e57b709f10441aa7a7705d4a886f60] 10.0.0.240 "GET /v2.0/networks/67c675b9-0160-4b19-89a9-7d64429380f6?fields=provider%3Aphysical_network&fields=provider%3Anetwork_type HTTP/1.1" status: 200 len: 277 time: 0.0508630
2026-09-09 07:32:14.726 9 INFO neutron.wsgi [req-26da6690-cde5-489e-8e35-ffcdecdaff0a req-b5b1e51c-620e-42c6-85f3-b6a2b0ee3427 c1a5c483ddf741d2a27f8a7ffd67b649 c3828cf5d5b645b29598a5233edcd7f2 - - default default] 10.0.0.240 "GET /v2.0/ports?device_id=731d78ab-1bee-4168-a1b9-72582c4e5913 HTTP/1.1" status: 200 len: 210 time: 0.0314584
2026-09-09 07:32:14.875 9 INFO neutron.wsgi [None req-366bfc66-1029-4a5b-89f6-ab3b23b9c41a aa2ced5cda1b412697388837398a70b6 b3bda2d9201d4b34a3873210182c41a2 - - - -] 10.0.0.106 "DELETE /v2.0/networks/5b79b78b-b25d-4046-9733-24644efd73cb HTTP/1.1" status: 204 len: 168 time: 0.4698184
2026-09-09 07:32:15.219 9 INFO neutron.wsgi [None req-f809941c-63a5-4359-80ba-fa1e8f9504c5 153144be5d9d4ad3bbb85fbebb0c6f1e 65167c832edb425e9bc00a82e5e5347a - - default default] 10.0.0.106 "GET /v2.0/security-groups?tenant_id=a4993623f0ef430d96f08d100e54a21c&name=default HTTP/1.1" status: 200 len: 2996 time: 0.2500355
2026-09-09 07:32:15.546 10 INFO neutron.wsgi [None req-57f86b1b-fdad-4657-8ab3-7f0877175133 aa2ced5cda1b412697388837398a70b6 b3bda2d9201d4b34a3873210182c41a2 - - - -] 10.0.0.106 "DELETE /v2.0/networks/cd058c26-f8b1-4f9a-a3c9-0cb47447b1f0 HTTP/1.1" status: 204 len: 168 time: 0.6646192
2026-09-09 07:32:15.574 9 INFO neutron.wsgi [None req-3e502c4b-e100-43b3-aab7-43abb35bf8b2 153144be5d9d4ad3bbb85fbebb0c6f1e 65167c832edb425e9bc00a82e5e5347a - - - -] 10.0.0.106 "DELETE /v2.0/security-groups/582eca91-1651-40de-af51-7c776d5f5f14 HTTP/1.1" status: 204 len: 168 time: 0.3476222
2026-09-09 07:32:15.627 9 INFO neutron.wsgi [req-c5eb761a-6220-485e-a493-3cf68e1810fc req-a2b5328b-dd24-4dc8-a739-346ac27f31fe c1a5c483ddf741d2a27f8a7ffd67b649 c3828cf5d5b645b29598a5233edcd7f2 - - default default] 162.253.55.147 "GET /v2.0/networks?id=67c675b9-0160-4b19-89a9-7d64429380f6 HTTP/1.1" status: 200 len: 874 time: 0.0854707
2026-09-09 07:32:15.688 9 INFO neutron.wsgi [req-c5eb761a-6220-485e-a493-3cf68e1810fc req-46ab5021-099b-435d-a405-c324474973b9 c1a5c483ddf741d2a27f8a7ffd67b649 c3828cf5d5b645b29598a5233edcd7f2 - - default default] 162.253.55.147 "GET /v2.0/security-groups?fields=id&fields=name&tenant_id=c3828cf5d5b645b29598a5233edcd7f2 HTTP/1.1" status: 200 len: 380 time: 0.0545990
2026-09-09 07:32:15.781 9 INFO neutron.db.ovn_revision_numbers_db [None req-d6e1ded6-fa40-4d85-94ed-2535a366341d 153144be5d9d4ad3bbb85fbebb0c6f1e 65167c832edb425e9bc00a82e5e5347a - - default default] Successfully bumped revision number for resource 37bc4474-f1c8-48c3-b57c-a7d28c69e74b (type: security_groups) to 1
2026-09-09 07:32:15.803 9 INFO neutron.wsgi [None req-d6e1ded6-fa40-4d85-94ed-2535a366341d 153144be5d9d4ad3bbb85fbebb0c6f1e 65167c832edb425e9bc00a82e5e5347a - - default default] 10.0.0.106 "GET /v2.0/security-groups?tenant_id=848bd18c6ce14606a6bf861d51ff694b&name=default HTTP/1.1" status: 200 len: 2996 time: 0.3641846
2026-09-09 07:32:15.837 10 INFO neutron.wsgi [req-ef5531d6-462c-4104-8235-21a7b330441a req-f1a10859-5924-4175-861b-8ec2eec32244 c1a5c483ddf741d2a27f8a7ffd67b649 c3828cf5d5b645b29598a5233edcd7f2 - - default default] 10.0.0.240 "GET /v2.0/ports?device_id=731d78ab-1bee-4168-a1b9-72582c4e5913 HTTP/1.1" status: 200 len: 210 time: 0.0230412
2026-09-09 07:32:15.926 10 INFO neutron.wsgi [None req-2fe57c65-95f8-4ce8-9591-5b7485ae544b aa2ced5cda1b412697388837398a70b6 b3bda2d9201d4b34a3873210182c41a2 - - - -] 10.0.0.106 "DELETE /v2.0/networks/e63bffbb-5bbe-45f3-a448-029476d1d559 HTTP/1.1" status: 204 len: 168 time: 0.3722429
2026-09-09 07:32:16.074 9 WARNING neutron.scheduler.dhcp_agent_scheduler [None req-72217da6-9c81-4769-b758-a38660d0786d c1a5c483ddf741d2a27f8a7ffd67b649 c3828cf5d5b645b29598a5233edcd7f2 - - - -] No more DHCP agents
2026-09-09 07:32:16.076 9 WARNING neutron.api.rpc.agentnotifiers.dhcp_rpc_agent_api [None req-72217da6-9c81-4769-b758-a38660d0786d c1a5c483ddf741d2a27f8a7ffd67b649 c3828cf5d5b645b29598a5233edcd7f2 - - - -] Unable to schedule network 67c675b9-0160-4b19-89a9-7d64429380f6: no agents available; will retry on subsequent port and subnet creation events.
2026-09-09 07:32:16.107 9 INFO neutron.wsgi [None req-3a7aff3c-07f5-48a4-b8e9-13b66d22e4b1 153144be5d9d4ad3bbb85fbebb0c6f1e 65167c832edb425e9bc00a82e5e5347a - - - -] 10.0.0.106 "DELETE /v2.0/security-groups/37bc4474-f1c8-48c3-b57c-a7d28c69e74b HTTP/1.1" status: 204 len: 168 time: 0.2981901
2026-09-09 07:32:16.213 9 INFO neutron.db.ovn_revision_numbers_db [None req-72217da6-9c81-4769-b758-a38660d0786d c1a5c483ddf741d2a27f8a7ffd67b649 c3828cf5d5b645b29598a5233edcd7f2 - - - -] Successfully bumped revision number for resource c3671797-0619-4250-bb79-a12b1d73ecc9 (type: ports) to 1
2026-09-09 07:32:16.237 9 INFO neutron.wsgi [None req-72217da6-9c81-4769-b758-a38660d0786d c1a5c483ddf741d2a27f8a7ffd67b649 c3828cf5d5b645b29598a5233edcd7f2 - - - -] 162.253.55.147 "POST /v2.0/ports HTTP/1.1" status: 201 len: 1162 time: 0.5450137 /var/lib/openstack/lib/python3.10/site-packages/pycadf/identifier.py:71: UserWarning: Invalid uuid: neutron. To ensure interoperability, identifiers should be a valid uuid. warnings.warn(('Invalid uuid: %s. To ensure interoperability, '
2026-09-09 07:32:16.377 10 INFO neutron.services.segments.plugin [-] Segment d9cd61b7-38db-458e-8779-9c828f194588 resource provider aggregate not found
2026-09-09 07:32:16.401 10 INFO neutron.services.segments.plugin [-] Segment d9cd61b7-38db-458e-8779-9c828f194588 resource provider aggregate not found
2026-09-09 07:32:16.414 10 INFO neutron.services.segments.plugin [-] Segment d9cd61b7-38db-458e-8779-9c828f194588 resource provider not found; error: Placement Client Error (4xx): {"errors": [{"status": 404, "title": "Not Found", "detail": "The resource could not be found.\n\n No resource provider with uuid d9cd61b7-38db-458e-8779-9c828f194588 found for delete ", "request_id": "req-ca7f4213-db18-4fce-a8f3-3993a6cac928"}]}
2026-09-09 07:32:16.416 9 INFO neutron.services.segments.plugin [-] Segment 06d64c7f-9d46-40c7-a9f4-2141c81e4c80 resource provider aggregate not found
2026-09-09 07:32:16.431 9 INFO neutron.services.segments.plugin [-] Segment 06d64c7f-9d46-40c7-a9f4-2141c81e4c80 resource provider aggregate not found
2026-09-09 07:32:16.436 10 INFO neutron.services.segments.plugin [-] Segment d9cd61b7-38db-458e-8779-9c828f194588 resource provider not found; error: Placement Client Error (4xx): {"errors": [{"status": 404, "title": "Not Found", "detail": "The resource could not be found.\n\n No resource provider with uuid d9cd61b7-38db-458e-8779-9c828f194588 found for delete ", "request_id": "req-737a8cb6-10c6-4b39-826e-a788ba949b94"}]}
2026-09-09 07:32:16.442 10 INFO neutron.services.segments.plugin [-] Segment 4b99423a-476c-4cb7-bdee-4c2f9189778c resource provider aggregate not found
2026-09-09 07:32:16.442 9 INFO neutron.services.segments.plugin [-] Segment 06d64c7f-9d46-40c7-a9f4-2141c81e4c80 resource provider not found; error: Placement Client Error (4xx): {"errors": [{"status": 404, "title": "Not Found", "detail": "The resource could not be found.\n\n No resource provider with uuid 06d64c7f-9d46-40c7-a9f4-2141c81e4c80 found for delete ", "request_id": "req-6b68ec72-b63d-4db6-8068-63f23e22143e"}]}
2026-09-09 07:32:16.454 10 INFO neutron.services.segments.plugin [-] Segment 4b99423a-476c-4cb7-bdee-4c2f9189778c resource provider aggregate not found
2026-09-09 07:32:16.454 9 INFO neutron.services.segments.plugin [-] Segment 06d64c7f-9d46-40c7-a9f4-2141c81e4c80 resource provider not found; error: Placement Client Error (4xx): {"errors": [{"status": 404, "title": "Not Found", "detail": "The resource could not be found.\n\n No resource provider with uuid 06d64c7f-9d46-40c7-a9f4-2141c81e4c80 found for delete ", "request_id": "req-c1890fed-0df8-43ff-9bda-778a22c9cc51"}]}
2026-09-09 07:32:16.459 10 INFO neutron.services.segments.plugin [-] Segment 4b99423a-476c-4cb7-bdee-4c2f9189778c resource provider not found; error: Placement Client Error (4xx): {"errors": [{"status": 404, "title": "Not Found", "detail": "The resource could not be found.\n\n No resource provider with uuid 4b99423a-476c-4cb7-bdee-4c2f9189778c found for delete ", "request_id": "req-a86e66ff-a34c-4e3d-b5a2-a5ee3ea4ae8c"}]}
2026-09-09 07:32:16.468 10 INFO neutron.services.segments.plugin [-] Segment 4b99423a-476c-4cb7-bdee-4c2f9189778c resource provider not found; error: Placement Client Error (4xx): {"errors": [{"status": 404, "title": "Not Found", "detail": "The resource could not be found.\n\n No resource provider with uuid 4b99423a-476c-4cb7-bdee-4c2f9189778c found for delete ", "request_id": "req-73605ffb-18dc-4d9b-8645-790fe6eb55ba"}]}
2026-09-09 07:32:16.604 10 INFO neutron.wsgi [None req-6dde47d4-57ee-40d2-8bb1-9a3da7585b15 153144be5d9d4ad3bbb85fbebb0c6f1e 65167c832edb425e9bc00a82e5e5347a - - default default] 10.0.0.106 "GET /v2.0/security-groups?tenant_id=b3bda2d9201d4b34a3873210182c41a2&name=default HTTP/1.1" status: 200 len: 2996 time: 0.1774061 /var/lib/openstack/lib/python3.10/site-packages/pycadf/identifier.py:71: UserWarning: Invalid uuid: neutron. To ensure interoperability, identifiers should be a valid uuid. warnings.warn(('Invalid uuid: %s. To ensure interoperability, '
2026-09-09 07:32:16.662 9 INFO neutron.db.ovn_revision_numbers_db [None req-c06016a9-9708-47b6-b523-7cbd4b1b6f97 38897e503a394cb0a323a9a069e740d6 5dea69e8d480437cb1958e422e7cdca8 - - - -] Successfully bumped revision number for resource c3671797-0619-4250-bb79-a12b1d73ecc9 (type: ports) to 2
2026-09-09 07:32:16.846 9 INFO neutron.db.ovn_revision_numbers_db [None req-c06016a9-9708-47b6-b523-7cbd4b1b6f97 38897e503a394cb0a323a9a069e740d6 5dea69e8d480437cb1958e422e7cdca8 - - - -] Successfully bumped revision number for resource c3671797-0619-4250-bb79-a12b1d73ecc9 (type: ports) to 2
2026-09-09 07:32:16.854 9 INFO neutron.wsgi [None req-a779807b-10fb-44b7-a335-0a75a8988fac 153144be5d9d4ad3bbb85fbebb0c6f1e 65167c832edb425e9bc00a82e5e5347a - - - -] 10.0.0.106 "DELETE /v2.0/security-groups/43513ad4-5c1c-4cfe-ae06-da561482817b HTTP/1.1" status: 204 len: 168 time: 0.2455468
2026-09-09 07:32:16.863 9 INFO neutron.wsgi [None req-c06016a9-9708-47b6-b523-7cbd4b1b6f97 38897e503a394cb0a323a9a069e740d6 5dea69e8d480437cb1958e422e7cdca8 - - - -] 162.253.55.147 "PUT /v2.0/ports/c3671797-0619-4250-bb79-a12b1d73ecc9 HTTP/1.1" status: 200 len: 1332 time: 0.6175220
2026-09-09 07:32:16.918 9 INFO neutron.notifiers.nova [-] Nova event matching ['req-69647077-1ee7-44d4-91e8-dc40c59d9ba1'] response: {'name': 'network-changed', 'server_uuid': '731d78ab-1bee-4168-a1b9-72582c4e5913', 'tag': 'c3671797-0619-4250-bb79-a12b1d73ecc9', 'status': 'completed', 'code': 200} /var/lib/openstack/lib/python3.10/site-packages/pycadf/identifier.py:71: UserWarning: Invalid uuid: neutron. To ensure interoperability, identifiers should be a valid uuid. warnings.warn(('Invalid uuid: %s. To ensure interoperability, '
2026-09-09 07:32:16.969 9 INFO neutron.wsgi [req-c5eb761a-6220-485e-a493-3cf68e1810fc req-6822a2dc-366f-4d9c-9c27-8e1b41e42537 38897e503a394cb0a323a9a069e740d6 5dea69e8d480437cb1958e422e7cdca8 - - 03e57b709f10441aa7a7705d4a886f60 03e57b709f10441aa7a7705d4a886f60] 162.253.55.147 "GET /v2.0/ports?tenant_id=c3828cf5d5b645b29598a5233edcd7f2&device_id=731d78ab-1bee-4168-a1b9-72582c4e5913 HTTP/1.1" status: 200 len: 1363 time: 0.0479572
2026-09-09 07:32:16.976 10 INFO neutron.wsgi [req-be353507-df2c-4648-b5d5-e03ad1330ae0 req-a575fdf5-c534-4b07-bad9-bd4a2dd39833 c1a5c483ddf741d2a27f8a7ffd67b649 c3828cf5d5b645b29598a5233edcd7f2 - - default default] 10.0.0.240 "GET /v2.0/ports?device_id=731d78ab-1bee-4168-a1b9-72582c4e5913 HTTP/1.1" status: 200 len: 1172 time: 0.0540798
2026-09-09 07:32:16.999 9 INFO neutron.wsgi [req-c5eb761a-6220-485e-a493-3cf68e1810fc req-31bb67c0-dd9d-402e-aa45-53e36f9142d6 38897e503a394cb0a323a9a069e740d6 5dea69e8d480437cb1958e422e7cdca8 - - 03e57b709f10441aa7a7705d4a886f60 03e57b709f10441aa7a7705d4a886f60] 162.253.55.147 "GET /v2.0/floatingips?fixed_ip_address=10.100.0.14&port_id=c3671797-0619-4250-bb79-a12b1d73ecc9 HTTP/1.1" status: 200 len: 217 time: 0.0231204
2026-09-09 07:32:17.022 10 INFO neutron.wsgi [req-be353507-df2c-4648-b5d5-e03ad1330ae0 req-74c90f83-7796-4161-b178-c7ea47161c42 c1a5c483ddf741d2a27f8a7ffd67b649 c3828cf5d5b645b29598a5233edcd7f2 - - default default] 10.0.0.240 "GET /v2.0/security-groups?id=841f9f9f-b62a-4ead-9f87-d8fbc0e7ebdb&fields=id&fields=name HTTP/1.1" status: 200 len: 313 time: 0.0388021
2026-09-09 07:32:17.035 9 INFO neutron.wsgi [req-c5eb761a-6220-485e-a493-3cf68e1810fc req-95973a29-84cf-4c64-a263-255815745617 38897e503a394cb0a323a9a069e740d6 5dea69e8d480437cb1958e422e7cdca8 - - 03e57b709f10441aa7a7705d4a886f60 03e57b709f10441aa7a7705d4a886f60] 162.253.55.147 "GET /v2.0/subnets?id=47bf6493-1d05-4389-ab91-69669a785312 HTTP/1.1" status: 200 len: 868 time: 0.0288692
2026-09-09 07:32:17.065 9 INFO neutron.wsgi [req-c5eb761a-6220-485e-a493-3cf68e1810fc req-93ac5d0f-a12b-4178-b604-6a3d2c0bc6d6 38897e503a394cb0a323a9a069e740d6 5dea69e8d480437cb1958e422e7cdca8 - - 03e57b709f10441aa7a7705d4a886f60 03e57b709f10441aa7a7705d4a886f60] 162.253.55.147 "GET /v2.0/ports?network_id=67c675b9-0160-4b19-89a9-7d64429380f6&device_owner=network%3Adhcp HTTP/1.1" status: 200 len: 210 time: 0.0193031
2026-09-09 07:32:17.119 9 INFO neutron.wsgi [req-c5eb761a-6220-485e-a493-3cf68e1810fc req-bcb5fb06-32e0-4a9d-b444-83dd650097bc 38897e503a394cb0a323a9a069e740d6 5dea69e8d480437cb1958e422e7cdca8 - - 03e57b709f10441aa7a7705d4a886f60 03e57b709f10441aa7a7705d4a886f60] 162.253.55.147 "GET /v2.0/networks/67c675b9-0160-4b19-89a9-7d64429380f6?fields=segments HTTP/1.1" status: 200 len: 212 time: 0.0469697
2026-09-09 07:32:17.172 9 INFO neutron.wsgi [req-c5eb761a-6220-485e-a493-3cf68e1810fc req-36b9f3fb-3ec4-4c3a-a59e-dfba8f4253ba 38897e503a394cb0a323a9a069e740d6 5dea69e8d480437cb1958e422e7cdca8 - - 03e57b709f10441aa7a7705d4a886f60 03e57b709f10441aa7a7705d4a886f60] 162.253.55.147 "GET /v2.0/networks/67c675b9-0160-4b19-89a9-7d64429380f6?fields=provider%3Aphysical_network&fields=provider%3Anetwork_type HTTP/1.1" status: 200 len: 277 time: 0.0475869
2026-09-09 07:32:17.209 9 INFO neutron.wsgi [-] 10.0.0.34 "GET / HTTP/1.1" status: 200 len: 247 time: 0.0014610
2026-09-09 07:32:17.211 9 INFO neutron.wsgi [-] 10.0.0.34 "GET / HTTP/1.1" status: 200 len: 247 time: 0.0011344
2026-09-09 07:32:17.247 9 INFO neutron.wsgi [req-055572ed-1d38-4ea6-ba22-4fb2c7696ac7 req-2024353d-332f-42e3-b2da-d634d203beac 38897e503a394cb0a323a9a069e740d6 5dea69e8d480437cb1958e422e7cdca8 - - 03e57b709f10441aa7a7705d4a886f60 03e57b709f10441aa7a7705d4a886f60] 162.253.55.147 "GET /v2.0/ports?tenant_id=c3828cf5d5b645b29598a5233edcd7f2&device_id=731d78ab-1bee-4168-a1b9-72582c4e5913 HTTP/1.1" status: 200 len: 1363 time: 0.0271301
2026-09-09 07:32:17.309 9 INFO neutron.wsgi [req-055572ed-1d38-4ea6-ba22-4fb2c7696ac7 req-e7997e8d-7af7-45eb-bad7-3253be89eed6 38897e503a394cb0a323a9a069e740d6 5dea69e8d480437cb1958e422e7cdca8 - - 03e57b709f10441aa7a7705d4a886f60 03e57b709f10441aa7a7705d4a886f60] 162.253.55.147 "GET /v2.0/networks?id=67c675b9-0160-4b19-89a9-7d64429380f6 HTTP/1.1" status: 200 len: 973 time: 0.0524929
2026-09-09 07:32:17.334 9 INFO neutron.wsgi [req-055572ed-1d38-4ea6-ba22-4fb2c7696ac7 req-629b3736-07eb-4cc0-9b21-049ae1ad0f33 38897e503a394cb0a323a9a069e740d6 5dea69e8d480437cb1958e422e7cdca8 - - 03e57b709f10441aa7a7705d4a886f60 03e57b709f10441aa7a7705d4a886f60] 162.253.55.147 "GET /v2.0/floatingips?fixed_ip_address=10.100.0.14&port_id=c3671797-0619-4250-bb79-a12b1d73ecc9 HTTP/1.1" status: 200 len: 217 time: 0.0176787
2026-09-09 07:32:17.392 9 INFO neutron.wsgi [req-055572ed-1d38-4ea6-ba22-4fb2c7696ac7 req-fcf82a62-fc50-4cee-a89b-fe6b4e5743ae 38897e503a394cb0a323a9a069e740d6 5dea69e8d480437cb1958e422e7cdca8 - - 03e57b709f10441aa7a7705d4a886f60 03e57b709f10441aa7a7705d4a886f60] 162.253.55.147 "GET /v2.0/subnets?id=47bf6493-1d05-4389-ab91-69669a785312 HTTP/1.1" status: 200 len: 868 time: 0.0521586
2026-09-09 07:32:17.396 9 INFO neutron.plugins.ml2.drivers.ovn.mech_driver.mech_driver [None req-ae8c3285-9e08-4a0e-8841-626e27027ba2 - - - - - -] OVN reports status up for port: c3671797-0619-4250-bb79-a12b1d73ecc9
2026-09-09 07:32:17.424 9 INFO neutron.wsgi [req-055572ed-1d38-4ea6-ba22-4fb2c7696ac7 req-3b49a6a0-0b1c-41ee-a810-9319a25b0410 38897e503a394cb0a323a9a069e740d6 5dea69e8d480437cb1958e422e7cdca8 - - 03e57b709f10441aa7a7705d4a886f60 03e57b709f10441aa7a7705d4a886f60] 162.253.55.147 "GET /v2.0/ports?network_id=67c675b9-0160-4b19-89a9-7d64429380f6&device_owner=network%3Adhcp HTTP/1.1" status: 200 len: 210 time: 0.0253129
2026-09-09 07:32:17.426 9 INFO neutron.plugins.ml2.plugin [None req-ae8c3285-9e08-4a0e-8841-626e27027ba2 - - - - - -] Attempt 1 to provision port c3671797-0619-4250-bb79-a12b1d73ecc9
2026-09-09 07:32:17.544 9 INFO neutron.wsgi [req-055572ed-1d38-4ea6-ba22-4fb2c7696ac7 req-261b27ff-5788-4043-beb5-fae15feb2891 38897e503a394cb0a323a9a069e740d6 5dea69e8d480437cb1958e422e7cdca8 - - 03e57b709f10441aa7a7705d4a886f60 03e57b709f10441aa7a7705d4a886f60] 162.253.55.147 "GET /v2.0/networks/67c675b9-0160-4b19-89a9-7d64429380f6?fields=segments HTTP/1.1" status: 200 len: 212 time: 0.1037514
2026-09-09 07:32:17.611 9 INFO neutron.wsgi [req-055572ed-1d38-4ea6-ba22-4fb2c7696ac7 req-7bfcc3d6-e01c-485f-b642-0960721295e6 38897e503a394cb0a323a9a069e740d6 5dea69e8d480437cb1958e422e7cdca8 - - 03e57b709f10441aa7a7705d4a886f60 03e57b709f10441aa7a7705d4a886f60] 162.253.55.147 "GET /v2.0/networks/67c675b9-0160-4b19-89a9-7d64429380f6?fields=provider%3Aphysical_network&fields=provider%3Anetwork_type HTTP/1.1" status: 200 len: 277 time: 0.0638874
2026-09-09 07:32:17.736 9 INFO neutron.db.ovn_revision_numbers_db [None req-ae8c3285-9e08-4a0e-8841-626e27027ba2 - - - - - -] Successfully bumped revision number for resource c3671797-0619-4250-bb79-a12b1d73ecc9 (type: ports) to 4
2026-09-09 07:32:17.784 10 WARNING neutron.plugins.ml2.drivers.ovn.mech_driver.ovsdb.ovn_client [None req-5c009000-e905-4825-baa0-d66904499926 - - - - - -] No hosting information found for port 0354c015-5c4f-4aa4-9ee7-3dae58826e84: RuntimeError: No hosting information found for port 0354c015-5c4f-4aa4-9ee7-3dae58826e84
2026-09-09 07:32:17.982 10 INFO neutron.db.ovn_revision_numbers_db [None req-8973d09f-0c3c-4b7e-b2d8-bfe569e6d8a3 c22f47b3213c4109b10b80f6b832adbe e33e753a1fde46ad8acf81fb7a0204a2 - - - -] Successfully bumped revision number for resource e65d0365-f3ec-4a7e-a4ed-a549ff8fa954 (type: security_groups) to 1
2026-09-09 07:32:18.049 10 INFO neutron.db.segments_db [None req-8973d09f-0c3c-4b7e-b2d8-bfe569e6d8a3 c22f47b3213c4109b10b80f6b832adbe e33e753a1fde46ad8acf81fb7a0204a2 - - - -] Added segment 4b124cb6-f4f9-448d-89dc-dbbf92cdf2b4 of type geneve for network a38fc500-4e65-45f5-bf40-8cb0ca0dd4ca /var/lib/openstack/lib/python3.10/site-packages/pycadf/identifier.py:71: UserWarning: Invalid uuid: neutron. To ensure interoperability, identifiers should be a valid uuid. warnings.warn(('Invalid uuid: %s. To ensure interoperability, '
2026-09-09 07:32:18.207 10 INFO neutron.db.ovn_revision_numbers_db [None req-8973d09f-0c3c-4b7e-b2d8-bfe569e6d8a3 c22f47b3213c4109b10b80f6b832adbe e33e753a1fde46ad8acf81fb7a0204a2 - - - -] Successfully bumped revision number for resource a38fc500-4e65-45f5-bf40-8cb0ca0dd4ca (type: networks) to 1
2026-09-09 07:32:18.230 9 INFO neutron.wsgi [req-bc3ae972-b2f1-4708-bc69-a1c4a35a4e7c req-19d44b46-952f-4b01-88a9-fa61ae0138ad c1a5c483ddf741d2a27f8a7ffd67b649 c3828cf5d5b645b29598a5233edcd7f2 - - default default] 10.0.0.240 "GET /v2.0/ports?device_id=731d78ab-1bee-4168-a1b9-72582c4e5913 HTTP/1.1" status: 200 len: 1174 time: 0.1217687
2026-09-09 07:32:18.273 9 INFO neutron.wsgi [req-bc3ae972-b2f1-4708-bc69-a1c4a35a4e7c req-6609ce4b-7eef-44c6-9fbb-eec1153a2df0 c1a5c483ddf741d2a27f8a7ffd67b649 c3828cf5d5b645b29598a5233edcd7f2 - - default default] 10.0.0.240 "GET /v2.0/security-groups?id=841f9f9f-b62a-4ead-9f87-d8fbc0e7ebdb&fields=id&fields=name HTTP/1.1" status: 200 len: 313 time: 0.0370679
