2026-09-09 07:32:26.938 10 INFO neutron.db.ovn_revision_numbers_db [None req-67a65355-023c-467b-9617-ce20cce103fa 7f1c960a3a3f476f9a623b0d1a613a62 a2215a6c84c64504a79844728fab4c04 - - - -] Successfully bumped revision number for resource 3347636f-4320-4309-9561-ef3a1353ef7d (type: ports) to 1
2026-09-09 07:32:26.962 10 INFO neutron.wsgi [None req-67a65355-023c-467b-9617-ce20cce103fa 7f1c960a3a3f476f9a623b0d1a613a62 a2215a6c84c64504a79844728fab4c04 - - - -] 10.0.0.106 "POST /v2.0/ports HTTP/1.1" status: 201 len: 978 time: 0.5102081
2026-09-09 07:32:26.963 10 INFO neutron.db.ovn_revision_numbers_db [None req-09810281-887f-41a0-93d7-c0a7b67d2a00 c22f47b3213c4109b10b80f6b832adbe e33e753a1fde46ad8acf81fb7a0204a2 - - - -] Successfully bumped revision number for resource 4f3e9471-d405-4da2-a684-f79d27acb89c (type: ports) to 1
2026-09-09 07:32:26.981 10 INFO neutron.wsgi [None req-09810281-887f-41a0-93d7-c0a7b67d2a00 c22f47b3213c4109b10b80f6b832adbe e33e753a1fde46ad8acf81fb7a0204a2 - - - -] 10.0.0.106 "POST /v2.0/networks HTTP/1.1" status: 201 len: 833 time: 0.7266335 /var/lib/openstack/lib/python3.10/site-packages/pycadf/identifier.py:71: UserWarning: Invalid uuid: neutron. To ensure interoperability, identifiers should be a valid uuid. warnings.warn(('Invalid uuid: %s. To ensure interoperability, '
2026-09-09 07:32:27.177 10 WARNING neutron.scheduler.dhcp_agent_scheduler [None req-7565c88b-7bdd-485d-9381-b93e92ccf9b9 c22f47b3213c4109b10b80f6b832adbe e33e753a1fde46ad8acf81fb7a0204a2 - - - -] No more DHCP agents
2026-09-09 07:32:27.180 10 WARNING neutron.api.rpc.agentnotifiers.dhcp_rpc_agent_api [None req-7565c88b-7bdd-485d-9381-b93e92ccf9b9 c22f47b3213c4109b10b80f6b832adbe e33e753a1fde46ad8acf81fb7a0204a2 - - - -] Unable to schedule network b2db7cd0-b966-431f-bfa8-7a110c484bc2: no agents available; will retry on subsequent port and subnet creation events.
2026-09-09 07:32:27.191 10 INFO neutron.db.ovn_revision_numbers_db [None req-7565c88b-7bdd-485d-9381-b93e92ccf9b9 c22f47b3213c4109b10b80f6b832adbe e33e753a1fde46ad8acf81fb7a0204a2 - - - -] Successfully bumped revision number for resource 433426ad-205d-4d35-b966-5237c94b7328 (type: subnets) to 0
2026-09-09 07:32:27.203 10 INFO neutron.wsgi [None req-7565c88b-7bdd-485d-9381-b93e92ccf9b9 c22f47b3213c4109b10b80f6b832adbe e33e753a1fde46ad8acf81fb7a0204a2 - - - -] 10.0.0.106 "POST /v2.0/subnets HTTP/1.1" status: 201 len: 821 time: 0.2170985
2026-09-09 07:32:27.230 9 INFO neutron.db.ovn_revision_numbers_db [None req-4d6b06a4-5c4b-44e2-97cf-1418f157130c 7f1c960a3a3f476f9a623b0d1a613a62 a2215a6c84c64504a79844728fab4c04 - - - -] Successfully bumped revision number for resource 3347636f-4320-4309-9561-ef3a1353ef7d (type: ports) to 2
2026-09-09 07:32:27.247 9 INFO neutron.wsgi [None req-4d6b06a4-5c4b-44e2-97cf-1418f157130c 7f1c960a3a3f476f9a623b0d1a613a62 a2215a6c84c64504a79844728fab4c04 - - - -] 10.0.0.106 "PUT /v2.0/ports/3347636f-4320-4309-9561-ef3a1353ef7d HTTP/1.1" status: 200 len: 946 time: 0.2780564 /var/lib/openstack/lib/python3.10/site-packages/pycadf/identifier.py:71: UserWarning: Invalid uuid: neutron. To ensure interoperability, identifiers should be a valid uuid. warnings.warn(('Invalid uuid: %s. To ensure interoperability, '
2026-09-09 07:32:27.430 10 INFO neutron.db.ovn_revision_numbers_db [None req-a27f9838-8672-4480-acb1-d628e8795771 c22f47b3213c4109b10b80f6b832adbe e33e753a1fde46ad8acf81fb7a0204a2 - - - -] Successfully bumped revision number for resource cb6037fa-1e1b-4b82-9d87-a6c523430212 (type: routers) to 1
2026-09-09 07:32:27.443 10 INFO neutron.wsgi [None req-a27f9838-8672-4480-acb1-d628e8795771 c22f47b3213c4109b10b80f6b832adbe e33e753a1fde46ad8acf81fb7a0204a2 - - - -] 10.0.0.106 "POST /v2.0/routers HTTP/1.1" status: 201 len: 691 time: 0.2339292
2026-09-09 07:32:27.489 9 INFO neutron.wsgi [None req-ed468f72-db5b-46c4-970f-ad02c4cca90e 7f1c960a3a3f476f9a623b0d1a613a62 a2215a6c84c64504a79844728fab4c04 - - - -] 10.0.0.106 "DELETE /v2.0/ports/3347636f-4320-4309-9561-ef3a1353ef7d HTTP/1.1" status: 204 len: 168 time: 0.2380078
2026-09-09 07:32:27.567 10 INFO neutron.wsgi [None req-0ccdb13d-9fba-4e9e-b362-6e159a0a31d2 7f1c960a3a3f476f9a623b0d1a613a62 a2215a6c84c64504a79844728fab4c04 - - default default] 10.0.0.106 "GET /v2.0/ports HTTP/1.1" status: 200 len: 1733 time: 0.0739632
2026-09-09 07:32:27.605 9 INFO neutron.pecan_wsgi.hooks.translation [None req-d3d10870-e489-415c-b6a7-f87fb9def232 7f1c960a3a3f476f9a623b0d1a613a62 a2215a6c84c64504a79844728fab4c04 - - default default] GET failed (client error): The resource could not be found.
2026-09-09 07:32:27.608 9 INFO neutron.wsgi [None req-d3d10870-e489-415c-b6a7-f87fb9def232 7f1c960a3a3f476f9a623b0d1a613a62 a2215a6c84c64504a79844728fab4c04 - - default default] 10.0.0.106 "GET /v2.0/ports/3347636f-4320-4309-9561-ef3a1353ef7d HTTP/1.1" status: 404 len: 333 time: 0.0345833
2026-09-09 07:32:27.654 10 INFO neutron.wsgi [None req-eecd8067-054e-428e-a171-1976612a5175 7f1c960a3a3f476f9a623b0d1a613a62 a2215a6c84c64504a79844728fab4c04 - - default default] 10.0.0.106 "GET /v2.0/ports HTTP/1.1" status: 200 len: 1733 time: 0.0388453
2026-09-09 07:32:27.732 10 INFO neutron.wsgi [None req-7a89faf1-c05c-4ca4-980b-1f9a57da9a13 7f1c960a3a3f476f9a623b0d1a613a62 a2215a6c84c64504a79844728fab4c04 - - default default] 10.0.0.106 "GET /v2.0/ports/9697c2ac-02dc-4f29-b606-7ea892ef1fa1 HTTP/1.1" status: 200 len: 973 time: 0.0683608
2026-09-09 07:32:27.777 9 INFO neutron.pecan_wsgi.hooks.translation [None req-302755eb-a9b2-44c2-9c3a-0c3905c5b2f2 7f1c960a3a3f476f9a623b0d1a613a62 a2215a6c84c64504a79844728fab4c04 - - - -] DELETE failed (client error): The resource could not be found.
2026-09-09 07:32:27.782 9 INFO neutron.wsgi [None req-302755eb-a9b2-44c2-9c3a-0c3905c5b2f2 7f1c960a3a3f476f9a623b0d1a613a62 a2215a6c84c64504a79844728fab4c04 - - - -] 10.0.0.106 "DELETE /v2.0/ports/f71cf662-2069-47b7-a96e-7b090a821303 HTTP/1.1" status: 404 len: 333 time: 0.0386877
2026-09-09 07:32:27.832 9 INFO neutron.pecan_wsgi.hooks.translation [None req-cf3ff4b0-b4d5-4678-be0c-ba40e9c2e77d 7f1c960a3a3f476f9a623b0d1a613a62 a2215a6c84c64504a79844728fab4c04 - - - -] DELETE failed (client error): The resource could not be found.
2026-09-09 07:32:27.837 9 INFO neutron.wsgi [None req-cf3ff4b0-b4d5-4678-be0c-ba40e9c2e77d 7f1c960a3a3f476f9a623b0d1a613a62 a2215a6c84c64504a79844728fab4c04 - - - -] 10.0.0.106 "DELETE /v2.0/subnets/12aff07d-d65d-44ca-babf-db0842aa7b42 HTTP/1.1" status: 404 len: 337 time: 0.0474842
2026-09-09 07:32:27.876 9 INFO neutron.pecan_wsgi.hooks.translation [None req-b2363d49-0dbd-44cd-936b-5f58150f10fe 7f1c960a3a3f476f9a623b0d1a613a62 a2215a6c84c64504a79844728fab4c04 - - - -] DELETE failed (client error): The resource could not be found.
2026-09-09 07:32:27.879 9 INFO neutron.wsgi [None req-b2363d49-0dbd-44cd-936b-5f58150f10fe 7f1c960a3a3f476f9a623b0d1a613a62 a2215a6c84c64504a79844728fab4c04 - - - -] 10.0.0.106 "DELETE /v2.0/subnets/9704ab4d-e055-4ab6-bc7a-54629b666229 HTTP/1.1" status: 404 len: 337 time: 0.0353856
2026-09-09 07:32:27.880 10 INFO neutron.services.segments.plugin [-] Segment 4b124cb6-f4f9-448d-89dc-dbbf92cdf2b4 resource provider aggregate not found
2026-09-09 07:32:27.886 10 INFO neutron.services.segments.plugin [-] Segment 4b124cb6-f4f9-448d-89dc-dbbf92cdf2b4 resource provider aggregate not found
2026-09-09 07:32:27.896 10 INFO neutron.services.segments.plugin [-] Segment 4b124cb6-f4f9-448d-89dc-dbbf92cdf2b4 resource provider not found; error: Placement Client Error (4xx): {"errors": [{"status": 404, "title": "Not Found", "detail": "The resource could not be found.\n\n No resource provider with uuid 4b124cb6-f4f9-448d-89dc-dbbf92cdf2b4 found for delete ", "request_id": "req-2867a8d5-56b5-4c4a-9034-671726963dbe"}]}
2026-09-09 07:32:27.908 10 INFO neutron.services.segments.plugin [-] Segment 4b124cb6-f4f9-448d-89dc-dbbf92cdf2b4 resource provider not found; error: Placement Client Error (4xx): {"errors": [{"status": 404, "title": "Not Found", "detail": "The resource could not be found.\n\n No resource provider with uuid 4b124cb6-f4f9-448d-89dc-dbbf92cdf2b4 found for delete ", "request_id": "req-9782606c-0ca9-401f-b9e1-a97c84c14391"}]}
2026-09-09 07:32:27.932 10 WARNING neutron.scheduler.dhcp_agent_scheduler [None req-f3440282-b973-4e04-bb5f-13db90f86e9f c22f47b3213c4109b10b80f6b832adbe e33e753a1fde46ad8acf81fb7a0204a2 - - - -] No more DHCP agents
2026-09-09 07:32:27.934 10 WARNING neutron.api.rpc.agentnotifiers.dhcp_rpc_agent_api [None req-f3440282-b973-4e04-bb5f-13db90f86e9f c22f47b3213c4109b10b80f6b832adbe e33e753a1fde46ad8acf81fb7a0204a2 - - - -] Unable to schedule network b2db7cd0-b966-431f-bfa8-7a110c484bc2: no agents available; will retry on subsequent port and subnet creation events.
2026-09-09 07:32:28.026 9 INFO neutron.db.ovn_revision_numbers_db [None req-e835645c-cb6e-430d-afd3-15ecadefae8b 153144be5d9d4ad3bbb85fbebb0c6f1e 65167c832edb425e9bc00a82e5e5347a - - default default] Successfully bumped revision number for resource 55a13e4e-12a6-4d57-b547-3a8bdc75cd12 (type: security_groups) to 1
2026-09-09 07:32:28.031 10 INFO neutron.db.ovn_revision_numbers_db [None req-f3440282-b973-4e04-bb5f-13db90f86e9f c22f47b3213c4109b10b80f6b832adbe e33e753a1fde46ad8acf81fb7a0204a2 - - - -] Successfully bumped revision number for resource e08a2898-4b56-4779-aaf1-f8a4974cc238 (type: ports) to 1
2026-09-09 07:32:28.059 9 INFO neutron.wsgi [None req-e835645c-cb6e-430d-afd3-15ecadefae8b 153144be5d9d4ad3bbb85fbebb0c6f1e 65167c832edb425e9bc00a82e5e5347a - - default default] 10.0.0.106 "GET /v2.0/security-groups?tenant_id=a6a3a0344fc34fa1952734c5c993d28d&name=default HTTP/1.1" status: 200 len: 2996 time: 0.3949513
2026-09-09 07:32:28.060 10 INFO neutron.wsgi [None req-f3440282-b973-4e04-bb5f-13db90f86e9f c22f47b3213c4109b10b80f6b832adbe e33e753a1fde46ad8acf81fb7a0204a2 - - - -] 10.0.0.106 "POST /v2.0/ports HTTP/1.1" status: 201 len: 1162 time: 0.6121228 /var/lib/openstack/lib/python3.10/site-packages/pycadf/identifier.py:71: UserWarning: Invalid uuid: neutron. To ensure interoperability, identifiers should be a valid uuid. warnings.warn(('Invalid uuid: %s. To ensure interoperability, '
2026-09-09 07:32:28.113 10 WARNING neutron.plugins.ml2.drivers.ovn.mech_driver.ovsdb.ovn_client [None req-5c009000-e905-4825-baa0-d66904499926 - - - - - -] No port found with ID 58bf3803-031c-4e4d-94b5-15b431e5b5ac: RuntimeError: No port found with ID 58bf3803-031c-4e4d-94b5-15b431e5b5ac
2026-09-09 07:32:28.133 9 INFO neutron.wsgi [None req-809a5e25-e385-42a3-84ed-e50364ef5968 7f1c960a3a3f476f9a623b0d1a613a62 a2215a6c84c64504a79844728fab4c04 - - - -] 10.0.0.106 "DELETE /v2.0/ports/9697c2ac-02dc-4f29-b606-7ea892ef1fa1 HTTP/1.1" status: 204 len: 168 time: 0.2479453
2026-09-09 07:32:28.445 9 INFO neutron.services.segments.plugin [-] Segment 22f759d4-0598-456d-aa95-cb78398922be resource provider aggregate not found
2026-09-09 07:32:28.449 9 INFO neutron.services.segments.plugin [-] Segment 22f759d4-0598-456d-aa95-cb78398922be resource provider aggregate not found
2026-09-09 07:32:28.469 9 INFO neutron.services.segments.plugin [-] Segment 22f759d4-0598-456d-aa95-cb78398922be resource provider not found; error: Placement Client Error (4xx): {"errors": [{"status": 404, "title": "Not Found", "detail": "The resource could not be found.\n\n No resource provider with uuid 22f759d4-0598-456d-aa95-cb78398922be found for delete ", "request_id": "req-31699d52-201c-46ba-892b-7f023d2a7b6d"}]}
2026-09-09 07:32:28.471 9 INFO neutron.services.segments.plugin [-] Segment 22f759d4-0598-456d-aa95-cb78398922be resource provider not found; error: Placement Client Error (4xx): {"errors": [{"status": 404, "title": "Not Found", "detail": "The resource could not be found.\n\n No resource provider with uuid 22f759d4-0598-456d-aa95-cb78398922be found for delete ", "request_id": "req-c7764242-bd13-4f77-afa8-1b14077a5238"}]}
2026-09-09 07:32:28.480 9 INFO neutron.wsgi [None req-9b3ba905-9199-4895-a516-8d622379aa1f 7f1c960a3a3f476f9a623b0d1a613a62 a2215a6c84c64504a79844728fab4c04 - - - -] 10.0.0.106 "DELETE /v2.0/networks/772a0e02-07f9-43c5-994e-8e76e4b006e7 HTTP/1.1" status: 204 len: 168 time: 0.3416576
2026-09-09 07:32:28.653 10 INFO neutron.wsgi [None req-c3d7e99b-a334-47f0-a11e-1d0aa1b2eada 153144be5d9d4ad3bbb85fbebb0c6f1e 65167c832edb425e9bc00a82e5e5347a - - - -] 10.0.0.106 "DELETE /v2.0/security-groups/55a13e4e-12a6-4d57-b547-3a8bdc75cd12 HTTP/1.1" status: 204 len: 168 time: 0.5886624
2026-09-09 07:32:28.751 9 INFO neutron.plugins.ml2.drivers.ovn.mech_driver.mech_driver [None req-ae8c3285-9e08-4a0e-8841-626e27027ba2 - - - - - -] OVN reports status up for port: e08a2898-4b56-4779-aaf1-f8a4974cc238
2026-09-09 07:32:28.766 9 INFO neutron.plugins.ml2.plugin [None req-ae8c3285-9e08-4a0e-8841-626e27027ba2 - - - - - -] Attempt 1 to provision port e08a2898-4b56-4779-aaf1-f8a4974cc238
2026-09-09 07:32:28.767 10 INFO neutron.db.ovn_revision_numbers_db [None req-69f77c33-3186-43cc-8213-26dfa2999624 c22f47b3213c4109b10b80f6b832adbe e33e753a1fde46ad8acf81fb7a0204a2 - - default default] Successfully bumped revision number for resource e08a2898-4b56-4779-aaf1-f8a4974cc238 (type: router_ports) to 2
2026-09-09 07:32:28.908 10 INFO neutron.db.ovn_revision_numbers_db [None req-69f77c33-3186-43cc-8213-26dfa2999624 c22f47b3213c4109b10b80f6b832adbe e33e753a1fde46ad8acf81fb7a0204a2 - - default default] Successfully bumped revision number for resource e08a2898-4b56-4779-aaf1-f8a4974cc238 (type: ports) to 2
2026-09-09 07:32:28.958 9 INFO neutron.db.ovn_revision_numbers_db [None req-b1883c40-4091-4314-b6ad-026794d6f1a1 153144be5d9d4ad3bbb85fbebb0c6f1e 65167c832edb425e9bc00a82e5e5347a - - default default] Successfully bumped revision number for resource ef5aeb32-0a40-4dab-a944-88e08194c239 (type: security_groups) to 1
2026-09-09 07:32:28.977 9 INFO neutron.wsgi [None req-b1883c40-4091-4314-b6ad-026794d6f1a1 153144be5d9d4ad3bbb85fbebb0c6f1e 65167c832edb425e9bc00a82e5e5347a - - default default] 10.0.0.106 "GET /v2.0/security-groups?tenant_id=db63ccf8f32b40fab4a9b3e082f478c0&name=default HTTP/1.1" status: 200 len: 2996 time: 0.1651940 /var/lib/openstack/lib/python3.10/site-packages/pycadf/identifier.py:71: UserWarning: Invalid uuid: neutron. To ensure interoperability, identifiers should be a valid uuid. warnings.warn(('Invalid uuid: %s. To ensure interoperability, '
2026-09-09 07:32:29.053 9 INFO neutron.db.ovn_revision_numbers_db [None req-ae8c3285-9e08-4a0e-8841-626e27027ba2 - - - - - -] Successfully bumped revision number for resource e08a2898-4b56-4779-aaf1-f8a4974cc238 (type: ports) to 3
2026-09-09 07:32:29.155 9 INFO neutron.db.ovn_revision_numbers_db [None req-ae8c3285-9e08-4a0e-8841-626e27027ba2 - - - - - -] Successfully bumped revision number for resource e08a2898-4b56-4779-aaf1-f8a4974cc238 (type: router_ports) to 3
2026-09-09 07:32:29.260 10 INFO neutron.wsgi [None req-670d8170-f2c0-4610-b8cb-b1835862c303 153144be5d9d4ad3bbb85fbebb0c6f1e 65167c832edb425e9bc00a82e5e5347a - - default default] 10.0.0.106 "GET /v2.0/security-groups?tenant_id=a2215a6c84c64504a79844728fab4c04&name=default HTTP/1.1" status: 200 len: 2996 time: 0.2042284 /var/lib/openstack/lib/python3.10/site-packages/pycadf/identifier.py:71: UserWarning: Invalid uuid: neutron. To ensure interoperability, identifiers should be a valid uuid. warnings.warn(('Invalid uuid: %s. To ensure interoperability, '
2026-09-09 07:32:29.305 10 INFO neutron.wsgi [None req-b3e621e8-2ed2-489e-86b3-691e24caf102 153144be5d9d4ad3bbb85fbebb0c6f1e 65167c832edb425e9bc00a82e5e5347a - - - -] 10.0.0.106 "DELETE /v2.0/security-groups/ef5aeb32-0a40-4dab-a944-88e08194c239 HTTP/1.1" status: 204 len: 168 time: 0.3225977 /var/lib/openstack/lib/python3.10/site-packages/pycadf/identifier.py:71: UserWarning: Invalid uuid: neutron. To ensure interoperability, identifiers should be a valid uuid. warnings.warn(('Invalid uuid: %s. To ensure interoperability, '
2026-09-09 07:32:29.419 9 INFO neutron.wsgi [None req-6c4ae5cf-2131-476f-af46-c5d8689a7346 153144be5d9d4ad3bbb85fbebb0c6f1e 65167c832edb425e9bc00a82e5e5347a - - - -] 10.0.0.106 "DELETE /v2.0/security-groups/496362fc-fc1f-4eb6-a260-c384cbe85af1 HTTP/1.1" status: 204 len: 168 time: 0.1550841
2026-09-09 07:32:29.440 10 INFO neutron.wsgi [req-5528601c-72bb-43f6-ba8b-4bf66723273d req-3df9a9ab-28de-463f-8231-b84259cb74c3 38897e503a394cb0a323a9a069e740d6 5dea69e8d480437cb1958e422e7cdca8 - - 03e57b709f10441aa7a7705d4a886f60 03e57b709f10441aa7a7705d4a886f60] 10.0.0.113 "GET /v2.0/ports?device_id=731d78ab-1bee-4168-a1b9-72582c4e5913 HTTP/1.1" status: 200 len: 1365 time: 0.0412593
2026-09-09 07:32:29.497 9 INFO neutron.db.ovn_revision_numbers_db [None req-ef327c77-156d-4e24-b3a5-fc11b751d613 153144be5d9d4ad3bbb85fbebb0c6f1e 65167c832edb425e9bc00a82e5e5347a - - default default] Successfully bumped revision number for resource 4d5a76b3-e7fa-42dc-9f16-ae4215013c92 (type: security_groups) to 1
2026-09-09 07:32:29.516 9 INFO neutron.wsgi [None req-ef327c77-156d-4e24-b3a5-fc11b751d613 153144be5d9d4ad3bbb85fbebb0c6f1e 65167c832edb425e9bc00a82e5e5347a - - default default] 10.0.0.106 "GET /v2.0/security-groups?tenant_id=2ad3826252694d9f94203628ea9a8ccf&name=default HTTP/1.1" status: 200 len: 2996 time: 0.0901933
2026-09-09 07:32:29.519 10 INFO neutron.wsgi [req-5528601c-72bb-43f6-ba8b-4bf66723273d req-772d7ba8-b310-40ab-8935-1bea8ee0f35d 38897e503a394cb0a323a9a069e740d6 5dea69e8d480437cb1958e422e7cdca8 - - 03e57b709f10441aa7a7705d4a886f60 03e57b709f10441aa7a7705d4a886f60] 10.0.0.113 "GET /v2.0/security-groups?id=841f9f9f-b62a-4ead-9f87-d8fbc0e7ebdb&fields=id&fields=name HTTP/1.1" status: 200 len: 313 time: 0.0712566
2026-09-09 07:32:29.555 10 INFO neutron.db.ovn_revision_numbers_db [None req-69f77c33-3186-43cc-8213-26dfa2999624 c22f47b3213c4109b10b80f6b832adbe e33e753a1fde46ad8acf81fb7a0204a2 - - default default] Successfully bumped revision number for resource e08a2898-4b56-4779-aaf1-f8a4974cc238 (type: ports) to 4
2026-09-09 07:32:29.627 10 WARNING neutron.scheduler.dhcp_agent_scheduler [None req-69f77c33-3186-43cc-8213-26dfa2999624 c22f47b3213c4109b10b80f6b832adbe e33e753a1fde46ad8acf81fb7a0204a2 - - default default] No more DHCP agents
2026-09-09 07:32:29.629 10 WARNING neutron.api.rpc.agentnotifiers.dhcp_rpc_agent_api [None req-69f77c33-3186-43cc-8213-26dfa2999624 c22f47b3213c4109b10b80f6b832adbe e33e753a1fde46ad8acf81fb7a0204a2 - - default default] Unable to schedule network b2db7cd0-b966-431f-bfa8-7a110c484bc2: no agents available; will retry on subsequent port and subnet creation events.
2026-09-09 07:32:29.841 10 INFO neutron.wsgi [None req-490e2841-c0b7-495c-9808-d608d07bdde3 153144be5d9d4ad3bbb85fbebb0c6f1e 65167c832edb425e9bc00a82e5e5347a - - - -] 10.0.0.106 "DELETE /v2.0/security-groups/4d5a76b3-e7fa-42dc-9f16-ae4215013c92 HTTP/1.1" status: 204 len: 168 time: 0.3206985
2026-09-09 07:32:29.844 10 INFO neutron.db.ovn_revision_numbers_db [None req-69f77c33-3186-43cc-8213-26dfa2999624 c22f47b3213c4109b10b80f6b832adbe e33e753a1fde46ad8acf81fb7a0204a2 - - - -] Successfully bumped revision number for resource e08a2898-4b56-4779-aaf1-f8a4974cc238 (type: router_ports) to 4
2026-09-09 07:32:29.846 10 INFO neutron.wsgi [None req-69f77c33-3186-43cc-8213-26dfa2999624 c22f47b3213c4109b10b80f6b832adbe e33e753a1fde46ad8acf81fb7a0204a2 - - - -] 10.0.0.106 "PUT /v2.0/routers/cb6037fa-1e1b-4b82-9d87-a6c523430212/add_router_interface HTTP/1.1" status: 200 len: 503 time: 1.7802000
2026-09-09 07:32:29.902 10 INFO neutron.wsgi [None req-779c85ed-72c5-47c8-a1d1-33776d98d154 c22f47b3213c4109b10b80f6b832adbe e33e753a1fde46ad8acf81fb7a0204a2 - - default default] 10.0.0.106 "GET /v2.0/ports/e08a2898-4b56-4779-aaf1-f8a4974cc238 HTTP/1.1" status: 200 len: 1220 time: 0.0455816
2026-09-09 07:32:30.491 10 INFO neutron.wsgi [None req-70f9fd88-fbd8-4e21-a4b9-870835abc8a9 c22f47b3213c4109b10b80f6b832adbe e33e753a1fde46ad8acf81fb7a0204a2 - - - -] 10.0.0.106 "PUT /v2.0/routers/cb6037fa-1e1b-4b82-9d87-a6c523430212/remove_router_interface HTTP/1.1" status: 200 len: 503 time: 0.5838768 /var/lib/openstack/lib/python3.10/site-packages/pycadf/identifier.py:71: UserWarning: Invalid uuid: neutron. To ensure interoperability, identifiers should be a valid uuid. warnings.warn(('Invalid uuid: %s. To ensure interoperability, '
2026-09-09 07:32:30.559 10 INFO neutron.api.v2.resource [None req-9e1e0bc9-728e-4d56-b3cb-706b6eee7963 c22f47b3213c4109b10b80f6b832adbe e33e753a1fde46ad8acf81fb7a0204a2 - - default default] remove_router_interface failed (client error): The resource could not be found.
2026-09-09 07:32:30.560 10 INFO neutron.wsgi [None req-9e1e0bc9-728e-4d56-b3cb-706b6eee7963 c22f47b3213c4109b10b80f6b832adbe e33e753a1fde46ad8acf81fb7a0204a2 - - default default] 10.0.0.106 "PUT /v2.0/routers/cb6037fa-1e1b-4b82-9d87-a6c523430212/remove_router_interface HTTP/1.1" status: 404 len: 398 time: 0.0652542
2026-09-09 07:32:30.584 10 INFO neutron.wsgi [None req-6ef32488-3055-4bfb-8181-0e0c67efc835 c22f47b3213c4109b10b80f6b832adbe e33e753a1fde46ad8acf81fb7a0204a2 - - default default] 10.0.0.106 "GET /v2.0/ports?device_id=cb6037fa-1e1b-4b82-9d87-a6c523430212 HTTP/1.1" status: 200 len: 205 time: 0.0196688
2026-09-09 07:32:30.859 10 INFO neutron.wsgi [None req-28634da7-e562-48c1-9b37-bcb03fce4525 c22f47b3213c4109b10b80f6b832adbe e33e753a1fde46ad8acf81fb7a0204a2 - - - -] 10.0.0.106 "DELETE /v2.0/routers/cb6037fa-1e1b-4b82-9d87-a6c523430212 HTTP/1.1" status: 204 len: 168 time: 0.2706831
2026-09-09 07:32:31.324 10 INFO neutron.wsgi [None req-16633754-dcc0-4cc4-92ac-b5fedd476e9b c22f47b3213c4109b10b80f6b832adbe e33e753a1fde46ad8acf81fb7a0204a2 - - - -] 10.0.0.106 "DELETE /v2.0/subnets/433426ad-205d-4d35-b966-5237c94b7328 HTTP/1.1" status: 204 len: 168 time: 0.4606309
2026-09-09 07:32:31.639 10 INFO neutron.services.segments.plugin [-] Segment 5d5d2d90-3ca6-4adc-a0f7-579aa2c5b02b resource provider aggregate not found
2026-09-09 07:32:31.646 10 INFO neutron.services.segments.plugin [-] Segment 5d5d2d90-3ca6-4adc-a0f7-579aa2c5b02b resource provider aggregate not found
2026-09-09 07:32:31.666 10 INFO neutron.services.segments.plugin [-] Segment 5d5d2d90-3ca6-4adc-a0f7-579aa2c5b02b resource provider not found; error: Placement Client Error (4xx): {"errors": [{"status": 404, "title": "Not Found", "detail": "The resource could not be found.\n\n No resource provider with uuid 5d5d2d90-3ca6-4adc-a0f7-579aa2c5b02b found for delete ", "request_id": "req-eb20acef-3e41-49e4-a90d-296ec4ebe9f4"}]}
2026-09-09 07:32:31.680 10 INFO neutron.services.segments.plugin [-] Segment 5d5d2d90-3ca6-4adc-a0f7-579aa2c5b02b resource provider not found; error: Placement Client Error (4xx): {"errors": [{"status": 404, "title": "Not Found", "detail": "The resource could not be found.\n\n No resource provider with uuid 5d5d2d90-3ca6-4adc-a0f7-579aa2c5b02b found for delete ", "request_id": "req-21a36eea-9406-453a-9424-f4960134be3d"}]}
2026-09-09 07:32:31.741 10 INFO neutron.wsgi [None req-a82d51ae-1220-4abc-9be4-a235df073993 c22f47b3213c4109b10b80f6b832adbe e33e753a1fde46ad8acf81fb7a0204a2 - - - -] 10.0.0.106 "DELETE /v2.0/networks/b2db7cd0-b966-431f-bfa8-7a110c484bc2 HTTP/1.1" status: 204 len: 168 time: 0.4103062
2026-09-09 07:32:31.846 10 INFO neutron.db.ovn_revision_numbers_db [None req-89fcaef5-9d98-4ce9-8b8c-9f3b8b9b2ab2 c660aaa54f9148f8888970c8ab52e755 70f27fb9efde4874aa879a0d243373ad - - - -] Successfully bumped revision number for resource f1c1c7aa-6387-4f73-b5fd-b9dd6f1b3e89 (type: security_groups) to 1
2026-09-09 07:32:31.901 9 INFO neutron.db.segments_db [None req-512d9d96-49f3-42cf-bd20-4e70a394ffa4 c22f47b3213c4109b10b80f6b832adbe e33e753a1fde46ad8acf81fb7a0204a2 - - - -] Added segment 0ae18da0-7ea0-4454-88ef-79caef917465 of type geneve for network 5afd30c4-6b78-4b25-84c1-6b3d7b7cfce8
2026-09-09 07:32:31.931 10 INFO neutron.db.segments_db [None req-89fcaef5-9d98-4ce9-8b8c-9f3b8b9b2ab2 c660aaa54f9148f8888970c8ab52e755 70f27fb9efde4874aa879a0d243373ad - - - -] Added segment 25b2829e-a181-4593-adb2-6a0ffe31e428 of type geneve for network e0ae8955-125d-4eca-88fb-b9200a8af9ae
2026-09-09 07:32:32.031 9 INFO neutron.db.ovn_revision_numbers_db [None req-512d9d96-49f3-42cf-bd20-4e70a394ffa4 c22f47b3213c4109b10b80f6b832adbe e33e753a1fde46ad8acf81fb7a0204a2 - - - -] Successfully bumped revision number for resource 5afd30c4-6b78-4b25-84c1-6b3d7b7cfce8 (type: networks) to 1
2026-09-09 07:32:32.077 10 INFO neutron.db.ovn_revision_numbers_db [None req-89fcaef5-9d98-4ce9-8b8c-9f3b8b9b2ab2 c660aaa54f9148f8888970c8ab52e755 70f27fb9efde4874aa879a0d243373ad - - - -] Successfully bumped revision number for resource e0ae8955-125d-4eca-88fb-b9200a8af9ae (type: networks) to 1
2026-09-09 07:32:32.195 9 WARNING neutron.scheduler.dhcp_agent_scheduler [None req-512d9d96-49f3-42cf-bd20-4e70a394ffa4 c22f47b3213c4109b10b80f6b832adbe e33e753a1fde46ad8acf81fb7a0204a2 - - - -] No more DHCP agents
2026-09-09 07:32:32.197 9 WARNING neutron.api.rpc.agentnotifiers.dhcp_rpc_agent_api [None req-512d9d96-49f3-42cf-bd20-4e70a394ffa4 c22f47b3213c4109b10b80f6b832adbe e33e753a1fde46ad8acf81fb7a0204a2 - - - -] Unable to schedule network 5afd30c4-6b78-4b25-84c1-6b3d7b7cfce8: no agents available; will retry on subsequent port and subnet creation events.
2026-09-09 07:32:32.210 10 INFO neutron.wsgi [-] 10.0.0.34 "GET / HTTP/1.1" status: 200 len: 247 time: 0.0015798
2026-09-09 07:32:32.212 10 INFO neutron.wsgi [-] 10.0.0.34 "GET / HTTP/1.1" status: 200 len: 247 time: 0.0011311
2026-09-09 07:32:32.261 10 WARNING neutron.scheduler.dhcp_agent_scheduler [None req-89fcaef5-9d98-4ce9-8b8c-9f3b8b9b2ab2 c660aaa54f9148f8888970c8ab52e755 70f27fb9efde4874aa879a0d243373ad - - - -] No more DHCP agents
2026-09-09 07:32:32.265 10 WARNING neutron.api.rpc.agentnotifiers.dhcp_rpc_agent_api [None req-89fcaef5-9d98-4ce9-8b8c-9f3b8b9b2ab2 c660aaa54f9148f8888970c8ab52e755 70f27fb9efde4874aa879a0d243373ad - - - -] Unable to schedule network e0ae8955-125d-4eca-88fb-b9200a8af9ae: no agents available; will retry on subsequent port and subnet creation events.
2026-09-09 07:32:32.279 9 INFO neutron.db.ovn_revision_numbers_db [None req-512d9d96-49f3-42cf-bd20-4e70a394ffa4 c22f47b3213c4109b10b80f6b832adbe e33e753a1fde46ad8acf81fb7a0204a2 - - - -] Successfully bumped revision number for resource 7e582df4-db9b-4351-87d3-cf61ff0e146e (type: ports) to 1
2026-09-09 07:32:32.304 9 INFO neutron.wsgi [None req-512d9d96-49f3-42cf-bd20-4e70a394ffa4 c22f47b3213c4109b10b80f6b832adbe e33e753a1fde46ad8acf81fb7a0204a2 - - - -] 10.0.0.106 "POST /v2.0/networks HTTP/1.1" status: 201 len: 833 time: 0.5513141
2026-09-09 07:32:32.335 10 INFO neutron.db.ovn_revision_numbers_db [None req-89fcaef5-9d98-4ce9-8b8c-9f3b8b9b2ab2 c660aaa54f9148f8888970c8ab52e755 70f27fb9efde4874aa879a0d243373ad - - - -] Successfully bumped revision number for resource efc12109-b429-466b-a1ab-64499004e3d7 (type: ports) to 1
2026-09-09 07:32:32.359 10 INFO neutron.wsgi [None req-89fcaef5-9d98-4ce9-8b8c-9f3b8b9b2ab2 c660aaa54f9148f8888970c8ab52e755 70f27fb9efde4874aa879a0d243373ad - - - -] 10.0.0.106 "POST /v2.0/networks HTTP/1.1" status: 201 len: 843 time: 0.9612141
2026-09-09 07:32:32.542 9 WARNING neutron.scheduler.dhcp_agent_scheduler [None req-19d110c2-bbcd-49b7-8690-1a5e66833f3b c22f47b3213c4109b10b80f6b832adbe e33e753a1fde46ad8acf81fb7a0204a2 - - - -] No more DHCP agents
2026-09-09 07:32:32.543 9 WARNING neutron.api.rpc.agentnotifiers.dhcp_rpc_agent_api [None req-19d110c2-bbcd-49b7-8690-1a5e66833f3b c22f47b3213c4109b10b80f6b832adbe e33e753a1fde46ad8acf81fb7a0204a2 - - - -] Unable to schedule network 5afd30c4-6b78-4b25-84c1-6b3d7b7cfce8: no agents available; will retry on subsequent port and subnet creation events.
2026-09-09 07:32:32.555 9 INFO neutron.db.ovn_revision_numbers_db [None req-19d110c2-bbcd-49b7-8690-1a5e66833f3b c22f47b3213c4109b10b80f6b832adbe e33e753a1fde46ad8acf81fb7a0204a2 - - - -] Successfully bumped revision number for resource fcde177b-def9-42aa-b143-47cf01400957 (type: subnets) to 0
2026-09-09 07:32:32.569 9 INFO neutron.wsgi [None req-19d110c2-bbcd-49b7-8690-1a5e66833f3b c22f47b3213c4109b10b80f6b832adbe e33e753a1fde46ad8acf81fb7a0204a2 - - - -] 10.0.0.106 "POST /v2.0/subnets HTTP/1.1" status: 201 len: 821 time: 0.2590108
2026-09-09 07:32:32.586 10 WARNING neutron.scheduler.dhcp_agent_scheduler [None req-100ec618-bb03-4b02-979a-acc41ac06c0c c660aaa54f9148f8888970c8ab52e755 70f27fb9efde4874aa879a0d243373ad - - - -] No more DHCP agents
2026-09-09 07:32:32.588 10 WARNING neutron.api.rpc.agentnotifiers.dhcp_rpc_agent_api [None req-100ec618-bb03-4b02-979a-acc41ac06c0c c660aaa54f9148f8888970c8ab52e755 70f27fb9efde4874aa879a0d243373ad - - - -] Unable to schedule network e0ae8955-125d-4eca-88fb-b9200a8af9ae: no agents available; will retry on subsequent port and subnet creation events.
2026-09-09 07:32:32.664 10 INFO neutron.db.ovn_revision_numbers_db [None req-100ec618-bb03-4b02-979a-acc41ac06c0c c660aaa54f9148f8888970c8ab52e755 70f27fb9efde4874aa879a0d243373ad - - - -] Successfully bumped revision number for resource a7a3ea43-6fa5-4f55-8d86-14d4022c694c (type: ports) to 1
2026-09-09 07:32:32.695 10 INFO neutron.wsgi [None req-100ec618-bb03-4b02-979a-acc41ac06c0c c660aaa54f9148f8888970c8ab52e755 70f27fb9efde4874aa879a0d243373ad - - - -] 10.0.0.106 "POST /v2.0/ports HTTP/1.1" status: 201 len: 973 time: 0.3316150 /var/lib/openstack/lib/python3.10/site-packages/pycadf/identifier.py:71: UserWarning: Invalid uuid: neutron. To ensure interoperability, identifiers should be a valid uuid. warnings.warn(('Invalid uuid: %s. To ensure interoperability, '
2026-09-09 07:32:32.737 9 INFO neutron.db.ovn_revision_numbers_db [None req-23b38739-bca5-4fa2-bd47-968bcbf2a346 c22f47b3213c4109b10b80f6b832adbe e33e753a1fde46ad8acf81fb7a0204a2 - - - -] Successfully bumped revision number for resource 8b0e449e-f298-4e17-a940-c25f99b2fa1e (type: routers) to 1
2026-09-09 07:32:32.765 9 INFO neutron.wsgi [None req-23b38739-bca5-4fa2-bd47-968bcbf2a346 c22f47b3213c4109b10b80f6b832adbe e33e753a1fde46ad8acf81fb7a0204a2 - - - -] 10.0.0.106 "POST /v2.0/routers HTTP/1.1" status: 201 len: 691 time: 0.1920049
2026-09-09 07:32:32.786 10 INFO neutron.db.segments_db [None req-16b679eb-aaaf-4345-9d98-13f7c71cb4ee c660aaa54f9148f8888970c8ab52e755 70f27fb9efde4874aa879a0d243373ad - - - -] Added segment e6a5a700-d8c6-4e61-a544-cb9f84c29245 of type geneve for network 81895155-5650-4d2a-a933-ec6c526c6ed2
2026-09-09 07:32:32.892 10 INFO neutron.db.ovn_revision_numbers_db [None req-16b679eb-aaaf-4345-9d98-13f7c71cb4ee c660aaa54f9148f8888970c8ab52e755 70f27fb9efde4874aa879a0d243373ad - - - -] Successfully bumped revision number for resource 81895155-5650-4d2a-a933-ec6c526c6ed2 (type: networks) to 1
2026-09-09 07:32:32.893 9 INFO neutron.wsgi [None req-7ec4e96f-bf47-4f90-bdf7-92092cf87c17 153144be5d9d4ad3bbb85fbebb0c6f1e 65167c832edb425e9bc00a82e5e5347a - - default default] 10.0.0.87 "GET /v2.0/networks HTTP/1.1" status: 200 len: 4576 time: 0.4725847
2026-09-09 07:32:32.936 9 INFO neutron.wsgi [None req-d3e281d0-c46a-4605-a8d1-d431143bfdbd 153144be5d9d4ad3bbb85fbebb0c6f1e 65167c832edb425e9bc00a82e5e5347a - - default default] 10.0.0.87 "GET /v2.0/ports HTTP/1.1" status: 200 len: 13219 time: 0.0406327
2026-09-09 07:32:33.008 9 INFO neutron.wsgi [None req-0c1f71f3-e580-4f91-ad99-9676706c44b1 153144be5d9d4ad3bbb85fbebb0c6f1e 65167c832edb425e9bc00a82e5e5347a - - default default] 10.0.0.87 "GET /v2.0/floatingips HTTP/1.1" status: 200 len: 1036 time: 0.0563631
2026-09-09 07:32:33.049 10 WARNING neutron.scheduler.dhcp_agent_scheduler [None req-16b679eb-aaaf-4345-9d98-13f7c71cb4ee c660aaa54f9148f8888970c8ab52e755 70f27fb9efde4874aa879a0d243373ad - - - -] No more DHCP agents
2026-09-09 07:32:33.052 10 WARNING neutron.api.rpc.agentnotifiers.dhcp_rpc_agent_api [None req-16b679eb-aaaf-4345-9d98-13f7c71cb4ee c660aaa54f9148f8888970c8ab52e755 70f27fb9efde4874aa879a0d243373ad - - - -] Unable to schedule network 81895155-5650-4d2a-a933-ec6c526c6ed2: no agents available; will retry on subsequent port and subnet creation events.
2026-09-09 07:32:33.065 9 INFO neutron.wsgi [None req-9d6b5a78-d321-4e4d-8509-cc561df4f245 153144be5d9d4ad3bbb85fbebb0c6f1e 65167c832edb425e9bc00a82e5e5347a - - default default] 10.0.0.87 "GET /v2.0/agents HTTP/1.1" status: 200 len: 997 time: 0.0497606
2026-09-09 07:32:33.118 9 INFO neutron.wsgi [None req-11d8d570-aaaa-4042-9044-d6c6ae07ca4e 153144be5d9d4ad3bbb85fbebb0c6f1e 65167c832edb425e9bc00a82e5e5347a - - default default] 10.0.0.87 "GET /v2.0/subnets HTTP/1.1" status: 200 len: 2723 time: 0.0510564
2026-09-09 07:32:33.130 10 INFO neutron.db.ovn_revision_numbers_db [None req-16b679eb-aaaf-4345-9d98-13f7c71cb4ee c660aaa54f9148f8888970c8ab52e755 70f27fb9efde4874aa879a0d243373ad - - - -] Successfully bumped revision number for resource 5b3b8d0e-2161-428e-a47b-688866a67d7e (type: ports) to 1
2026-09-09 07:32:33.132 9 INFO neutron.wsgi [None req-6458f35a-3a6b-4b9a-adea-d670e175c2de 153144be5d9d4ad3bbb85fbebb0c6f1e 65167c832edb425e9bc00a82e5e5347a - - default default] 10.0.0.87 "GET /v2.0/subnetpools HTTP/1.1" status: 200 len: 193 time: 0.0125535
2026-09-09 07:32:33.156 10 INFO neutron.wsgi [None req-16b679eb-aaaf-4345-9d98-13f7c71cb4ee c660aaa54f9148f8888970c8ab52e755 70f27fb9efde4874aa879a0d243373ad - - - -] 10.0.0.106 "POST /v2.0/networks HTTP/1.1" status: 201 len: 831 time: 0.4524641
2026-09-09 07:32:33.402 10 WARNING neutron.scheduler.dhcp_agent_scheduler [None req-58445880-1c26-4f63-afde-7bfdd21e0e1f c660aaa54f9148f8888970c8ab52e755 70f27fb9efde4874aa879a0d243373ad - - - -] No more DHCP agents
2026-09-09 07:32:33.405 10 WARNING neutron.api.rpc.agentnotifiers.dhcp_rpc_agent_api [None req-58445880-1c26-4f63-afde-7bfdd21e0e1f c660aaa54f9148f8888970c8ab52e755 70f27fb9efde4874aa879a0d243373ad - - - -] Unable to schedule network 81895155-5650-4d2a-a933-ec6c526c6ed2: no agents available; will retry on subsequent port and subnet creation events.
2026-09-09 07:32:33.474 9 INFO neutron.wsgi [None req-242e53c6-6b8b-4b69-be1a-01605cf66014 153144be5d9d4ad3bbb85fbebb0c6f1e 65167c832edb425e9bc00a82e5e5347a - - default default] 10.0.0.87 "GET /v2.0/security-groups HTTP/1.1" status: 200 len: 27885 time: 0.3404298
2026-09-09 07:32:33.528 9 WARNING neutron.scheduler.dhcp_agent_scheduler [None req-aee30b2c-8faf-4608-bc77-b1e18dd06f17 c22f47b3213c4109b10b80f6b832adbe e33e753a1fde46ad8acf81fb7a0204a2 - - default default] No more DHCP agents
2026-09-09 07:32:33.530 9 WARNING neutron.api.rpc.agentnotifiers.dhcp_rpc_agent_api [None req-aee30b2c-8faf-4608-bc77-b1e18dd06f17 c22f47b3213c4109b10b80f6b832adbe e33e753a1fde46ad8acf81fb7a0204a2 - - default default] Unable to schedule network 5afd30c4-6b78-4b25-84c1-6b3d7b7cfce8: no agents available; will retry on subsequent port and subnet creation events.
2026-09-09 07:32:33.534 9 INFO neutron.wsgi [None req-3cc0e885-8d94-4b99-ac2f-885883648c29 153144be5d9d4ad3bbb85fbebb0c6f1e 65167c832edb425e9bc00a82e5e5347a - - default default] 10.0.0.87 "GET /v2.0/subnets HTTP/1.1" status: 200 len: 3333 time: 0.0492871
2026-09-09 07:32:33.612 9 INFO neutron.wsgi [None req-77e0599e-9be0-483d-bab6-dbdb8d7150b9 153144be5d9d4ad3bbb85fbebb0c6f1e 65167c832edb425e9bc00a82e5e5347a - - default default] 10.0.0.87 "GET /v2.0/routers HTTP/1.1" status: 200 len: 1350 time: 0.0756373
2026-09-09 07:32:33.623 9 INFO neutron.wsgi [None req-058a6149-4f38-42e8-9c4a-8e6128d1fdfa 153144be5d9d4ad3bbb85fbebb0c6f1e 65167c832edb425e9bc00a82e5e5347a - - default default] 10.0.0.87 "GET /v2.0/agents?binary=ovn-controller HTTP/1.1" status: 200 len: 591 time: 0.0100505
2026-09-09 07:32:33.640 9 INFO neutron.wsgi [None req-2c62a30f-ffea-4800-b70b-422889b12f52 153144be5d9d4ad3bbb85fbebb0c6f1e 65167c832edb425e9bc00a82e5e5347a - - default default] 10.0.0.87 "GET /v2.0/network-ip-availabilities HTTP/1.1" status: 200 len: 2904 time: 0.0143979
2026-09-09 07:32:33.665 9 INFO neutron.db.ovn_revision_numbers_db [None req-aee30b2c-8faf-4608-bc77-b1e18dd06f17 c22f47b3213c4109b10b80f6b832adbe e33e753a1fde46ad8acf81fb7a0204a2 - - default default] Successfully bumped revision number for resource fdd00ac8-8727-4fd8-9ece-fb32a960b13d (type: ports) to 1
2026-09-09 07:32:33.873 10 INFO neutron.db.ovn_revision_numbers_db [None req-58445880-1c26-4f63-afde-7bfdd21e0e1f c660aaa54f9148f8888970c8ab52e755 70f27fb9efde4874aa879a0d243373ad - - - -] Successfully bumped revision number for resource 5b3b8d0e-2161-428e-a47b-688866a67d7e (type: ports) to 2
2026-09-09 07:32:33.900 10 INFO neutron.db.ovn_revision_numbers_db [None req-58445880-1c26-4f63-afde-7bfdd21e0e1f c660aaa54f9148f8888970c8ab52e755 70f27fb9efde4874aa879a0d243373ad - - - -] Successfully bumped revision number for resource 992bfc3d-de2a-4eb8-b44d-492d3b982467 (type: subnets) to 0
2026-09-09 07:32:33.921 10 INFO neutron.wsgi [None req-58445880-1c26-4f63-afde-7bfdd21e0e1f c660aaa54f9148f8888970c8ab52e755 70f27fb9efde4874aa879a0d243373ad - - - -] 10.0.0.106 "POST /v2.0/subnets HTTP/1.1" status: 201 len: 801 time: 0.7554834
2026-09-09 07:32:34.066 9 WARNING neutron.plugins.ml2.drivers.ovn.mech_driver.ovsdb.ovn_client [None req-ae8c3285-9e08-4a0e-8841-626e27027ba2 - - - - - -] No port found with ID e08a2898-4b56-4779-aaf1-f8a4974cc238: RuntimeError: No port found with ID e08a2898-4b56-4779-aaf1-f8a4974cc238
2026-09-09 07:32:34.094 9 INFO neutron.db.ovn_revision_numbers_db [None req-aee30b2c-8faf-4608-bc77-b1e18dd06f17 c22f47b3213c4109b10b80f6b832adbe e33e753a1fde46ad8acf81fb7a0204a2 - - default default] Successfully bumped revision number for resource fdd00ac8-8727-4fd8-9ece-fb32a960b13d (type: router_ports) to 2
2026-09-09 07:32:34.098 10 INFO neutron.plugins.ml2.drivers.ovn.mech_driver.mech_driver [None req-5c009000-e905-4825-baa0-d66904499926 - - - - - -] OVN reports status up for port: fdd00ac8-8727-4fd8-9ece-fb32a960b13d
2026-09-09 07:32:34.108 10 INFO neutron.plugins.ml2.plugin [None req-5c009000-e905-4825-baa0-d66904499926 - - - - - -] Attempt 1 to provision port fdd00ac8-8727-4fd8-9ece-fb32a960b13d
2026-09-09 07:32:34.179 9 INFO neutron.db.ovn_revision_numbers_db [None req-aee30b2c-8faf-4608-bc77-b1e18dd06f17 c22f47b3213c4109b10b80f6b832adbe e33e753a1fde46ad8acf81fb7a0204a2 - - default default] Successfully bumped revision number for resource fdd00ac8-8727-4fd8-9ece-fb32a960b13d (type: ports) to 2
2026-09-09 07:32:34.241 9 WARNING neutron.scheduler.dhcp_agent_scheduler [None req-aee30b2c-8faf-4608-bc77-b1e18dd06f17 c22f47b3213c4109b10b80f6b832adbe e33e753a1fde46ad8acf81fb7a0204a2 - - default default] No more DHCP agents
2026-09-09 07:32:34.242 9 WARNING neutron.api.rpc.agentnotifiers.dhcp_rpc_agent_api [None req-aee30b2c-8faf-4608-bc77-b1e18dd06f17 c22f47b3213c4109b10b80f6b832adbe e33e753a1fde46ad8acf81fb7a0204a2 - - default default] Unable to schedule network 5afd30c4-6b78-4b25-84c1-6b3d7b7cfce8: no agents available; will retry on subsequent port and subnet creation events.
2026-09-09 07:32:34.311 10 WARNING neutron.scheduler.dhcp_agent_scheduler [None req-2368398a-aca6-4eb3-9afe-76204fab5823 c660aaa54f9148f8888970c8ab52e755 70f27fb9efde4874aa879a0d243373ad - - - -] No more DHCP agents
2026-09-09 07:32:34.314 10 WARNING neutron.api.rpc.agentnotifiers.dhcp_rpc_agent_api [None req-2368398a-aca6-4eb3-9afe-76204fab5823 c660aaa54f9148f8888970c8ab52e755 70f27fb9efde4874aa879a0d243373ad - - - -] Unable to schedule network 81895155-5650-4d2a-a933-ec6c526c6ed2: no agents available; will retry on subsequent port and subnet creation events.
2026-09-09 07:32:34.395 9 INFO neutron.db.ovn_revision_numbers_db [None req-aee30b2c-8faf-4608-bc77-b1e18dd06f17 c22f47b3213c4109b10b80f6b832adbe e33e753a1fde46ad8acf81fb7a0204a2 - - - -] Successfully bumped revision number for resource fdd00ac8-8727-4fd8-9ece-fb32a960b13d (type: router_ports) to 3
2026-09-09 07:32:34.397 9 INFO neutron.wsgi [None req-aee30b2c-8faf-4608-bc77-b1e18dd06f17 c22f47b3213c4109b10b80f6b832adbe e33e753a1fde46ad8acf81fb7a0204a2 - - - -] 10.0.0.106 "PUT /v2.0/routers/8b0e449e-f298-4e17-a940-c25f99b2fa1e/add_router_interface HTTP/1.1" status: 200 len: 503 time: 1.6193898
2026-09-09 07:32:34.429 9 INFO neutron.wsgi [None req-931e87fc-4207-49e2-8c9c-1ccc53d163f3 c22f47b3213c4109b10b80f6b832adbe e33e753a1fde46ad8acf81fb7a0204a2 - - default default] 10.0.0.106 "GET /v2.0/ports/fdd00ac8-8727-4fd8-9ece-fb32a960b13d HTTP/1.1" status: 200 len: 1141 time: 0.0271504
2026-09-09 07:32:34.461 9 INFO neutron.wsgi [None req-c92d884a-1d15-4b6f-9c85-09abf5ae0486 c22f47b3213c4109b10b80f6b832adbe e33e753a1fde46ad8acf81fb7a0204a2 - - default default] 10.0.0.106 "GET /v2.0/ports/fdd00ac8-8727-4fd8-9ece-fb32a960b13d HTTP/1.1" status: 200 len: 1141 time: 0.0275240
2026-09-09 07:32:34.471 10 INFO neutron.db.ovn_revision_numbers_db [None req-5c009000-e905-4825-baa0-d66904499926 - - - - - -] Successfully bumped revision number for resource fdd00ac8-8727-4fd8-9ece-fb32a960b13d (type: ports) to 3
2026-09-09 07:32:34.737 10 INFO neutron.db.ovn_revision_numbers_db [None req-2368398a-aca6-4eb3-9afe-76204fab5823 c660aaa54f9148f8888970c8ab52e755 70f27fb9efde4874aa879a0d243373ad - - - -] Successfully bumped revision number for resource 4c52107e-f73d-430a-ad9d-57943f2e5d65 (type: ports) to 1
2026-09-09 07:32:34.762 10 INFO neutron.wsgi [None req-2368398a-aca6-4eb3-9afe-76204fab5823 c660aaa54f9148f8888970c8ab52e755 70f27fb9efde4874aa879a0d243373ad - - - -] 10.0.0.106 "POST /v2.0/ports HTTP/1.1" status: 201 len: 1149 time: 0.8360682
2026-09-09 07:32:34.768 10 INFO neutron.db.ovn_revision_numbers_db [None req-5c009000-e905-4825-baa0-d66904499926 - - - - - -] Successfully bumped revision number for resource fdd00ac8-8727-4fd8-9ece-fb32a960b13d (type: router_ports) to 3 /var/lib/openstack/lib/python3.10/site-packages/pycadf/identifier.py:71: UserWarning: Invalid uuid: neutron. To ensure interoperability, identifiers should be a valid uuid. warnings.warn(('Invalid uuid: %s. To ensure interoperability, '
2026-09-09 07:32:34.927 9 INFO neutron.db.ovn_revision_numbers_db [None req-070bd467-129e-4bb6-ad73-d96efe3bd6f0 fc874c306be34c21b7bdc555c31c9b83 e4d7ce63484443b391d3b76f790e4b32 - - - -] Successfully bumped revision number for resource 01a59329-3e63-4974-89c0-77e4e8055326 (type: security_groups) to 1
2026-09-09 07:32:35.045 9 INFO neutron.db.ovn_revision_numbers_db [None req-070bd467-129e-4bb6-ad73-d96efe3bd6f0 fc874c306be34c21b7bdc555c31c9b83 e4d7ce63484443b391d3b76f790e4b32 - - - -] Successfully bumped revision number for resource e1492394-4aaf-4f31-b65b-dff3fe6ef2c3 (type: security_groups) to 1
2026-09-09 07:32:35.058 10 INFO neutron.wsgi [None req-5294fd58-89bc-4277-8a9b-c530d95abd3c c660aaa54f9148f8888970c8ab52e755 70f27fb9efde4874aa879a0d243373ad - - - -] 10.0.0.106 "DELETE /v2.0/ports/4c52107e-f73d-430a-ad9d-57943f2e5d65 HTTP/1.1" status: 204 len: 168 time: 0.2885280
2026-09-09 07:32:35.080 9 INFO neutron.wsgi [None req-070bd467-129e-4bb6-ad73-d96efe3bd6f0 fc874c306be34c21b7bdc555c31c9b83 e4d7ce63484443b391d3b76f790e4b32 - - - -] 10.0.0.106 "POST /v2.0/security-groups HTTP/1.1" status: 201 len: 1737 time: 0.5776806
2026-09-09 07:32:35.082 10 INFO neutron.pecan_wsgi.hooks.translation [None req-07df49ef-37af-4370-9125-57023af26d36 c660aaa54f9148f8888970c8ab52e755 70f27fb9efde4874aa879a0d243373ad - - - -] DELETE failed (client error): The resource could not be found.
2026-09-09 07:32:35.084 10 INFO neutron.wsgi [None req-07df49ef-37af-4370-9125-57023af26d36 c660aaa54f9148f8888970c8ab52e755 70f27fb9efde4874aa879a0d243373ad - - - -] 10.0.0.106 "DELETE /v2.0/ports/4c52107e-f73d-430a-ad9d-57943f2e5d65 HTTP/1.1" status: 404 len: 333 time: 0.0194457
2026-09-09 07:32:35.104 10 INFO neutron.pecan_wsgi.hooks.translation [None req-0f024bcc-a9b9-4921-b452-26fc47f7901e c660aaa54f9148f8888970c8ab52e755 70f27fb9efde4874aa879a0d243373ad - - default default] GET failed (client error): The resource could not be found.
2026-09-09 07:32:35.105 10 INFO neutron.wsgi [None req-0f024bcc-a9b9-4921-b452-26fc47f7901e c660aaa54f9148f8888970c8ab52e755 70f27fb9efde4874aa879a0d243373ad - - default default] 10.0.0.106 "GET /v2.0/ports/4c52107e-f73d-430a-ad9d-57943f2e5d65 HTTP/1.1" status: 404 len: 333 time: 0.0159585
2026-09-09 07:32:35.155 9 INFO neutron.wsgi [None req-def18aa7-b862-4e1b-b637-7aeea79c78a7 c22f47b3213c4109b10b80f6b832adbe e33e753a1fde46ad8acf81fb7a0204a2 - - - -] 10.0.0.106 "PUT /v2.0/routers/8b0e449e-f298-4e17-a940-c25f99b2fa1e/remove_router_interface HTTP/1.1" status: 200 len: 503 time: 0.6892519
2026-09-09 07:32:35.193 10 INFO neutron.wsgi [None req-a02e02a2-b1a0-4bcf-b1de-c272e42e1d5b c22f47b3213c4109b10b80f6b832adbe e33e753a1fde46ad8acf81fb7a0204a2 - - default default] 10.0.0.106 "GET /v2.0/ports?device_id=8b0e449e-f298-4e17-a940-c25f99b2fa1e HTTP/1.1" status: 200 len: 205 time: 0.0287335
2026-09-09 07:32:35.261 9 INFO neutron.db.ovn_revision_numbers_db [None req-12e1a1b0-0c98-4ffb-8d58-79ab905e9b9b fc874c306be34c21b7bdc555c31c9b83 e4d7ce63484443b391d3b76f790e4b32 - - - -] Successfully bumped revision number for resource 595bb8b7-6942-43dd-880f-2ceb0aaffa38 (type: security_groups) to 1
2026-09-09 07:32:35.294 9 INFO neutron.wsgi [None req-12e1a1b0-0c98-4ffb-8d58-79ab905e9b9b fc874c306be34c21b7bdc555c31c9b83 e4d7ce63484443b391d3b76f790e4b32 - - - -] 10.0.0.106 "POST /v2.0/security-groups HTTP/1.1" status: 201 len: 1737 time: 0.2016690 /var/lib/openstack/lib/python3.10/site-packages/pycadf/identifier.py:71: UserWarning: Invalid uuid: neutron. To ensure interoperability, identifiers should be a valid uuid. warnings.warn(('Invalid uuid: %s. To ensure interoperability, '
2026-09-09 07:32:35.411 9 INFO neutron.db.ovn_revision_numbers_db [None req-ec1a393f-23c5-4c3e-9f44-b30acca9c414 fc874c306be34c21b7bdc555c31c9b83 e4d7ce63484443b391d3b76f790e4b32 - - - -] Successfully bumped revision number for resource dfdd504d-ad2d-4186-88fe-60bf566f92e9 (type: security_groups) to 1
2026-09-09 07:32:35.435 9 INFO neutron.wsgi [None req-ec1a393f-23c5-4c3e-9f44-b30acca9c414 fc874c306be34c21b7bdc555c31c9b83 e4d7ce63484443b391d3b76f790e4b32 - - - -] 10.0.0.106 "POST /v2.0/security-groups HTTP/1.1" status: 201 len: 1737 time: 0.1356609
2026-09-09 07:32:35.506 10 INFO neutron.wsgi [None req-cbae326a-84e3-4226-b2e3-39985900e89b c660aaa54f9148f8888970c8ab52e755 70f27fb9efde4874aa879a0d243373ad - - - -] 10.0.0.106 "DELETE /v2.0/subnets/992bfc3d-de2a-4eb8-b44d-492d3b982467 HTTP/1.1" status: 204 len: 168 time: 0.3962214
2026-09-09 07:32:35.535 10 INFO neutron.wsgi [None req-144a3fff-7005-4eec-8aa2-8f6175005baf c22f47b3213c4109b10b80f6b832adbe e33e753a1fde46ad8acf81fb7a0204a2 - - - -] 10.0.0.106 "DELETE /v2.0/routers/8b0e449e-f298-4e17-a940-c25f99b2fa1e HTTP/1.1" status: 204 len: 168 time: 0.3361890
2026-09-09 07:32:35.539 9 INFO neutron.db.ovn_revision_numbers_db [None req-d5dd56e1-faf3-4c74-9556-2b0ebab2992c fc874c306be34c21b7bdc555c31c9b83 e4d7ce63484443b391d3b76f790e4b32 - - - -] Successfully bumped revision number for resource 85e016b1-c880-49fb-9bb7-a2333003d34b (type: security_groups) to 1
2026-09-09 07:32:35.568 9 INFO neutron.wsgi [None req-d5dd56e1-faf3-4c74-9556-2b0ebab2992c fc874c306be34c21b7bdc555c31c9b83 e4d7ce63484443b391d3b76f790e4b32 - - - -] 10.0.0.106 "POST /v2.0/security-groups HTTP/1.1" status: 201 len: 1737 time: 0.1234689
2026-09-09 07:32:35.714 9 INFO neutron.db.ovn_revision_numbers_db [None req-c4c0a0b4-3180-422e-820c-4283609ca6b2 fc874c306be34c21b7bdc555c31c9b83 e4d7ce63484443b391d3b76f790e4b32 - - - -] Successfully bumped revision number for resource 125ebccd-a5e2-4491-bdb4-266ed66cf4ab (type: security_groups) to 1
2026-09-09 07:32:35.756 9 INFO neutron.wsgi [None req-c4c0a0b4-3180-422e-820c-4283609ca6b2 fc874c306be34c21b7bdc555c31c9b83 e4d7ce63484443b391d3b76f790e4b32 - - - -] 10.0.0.106 "POST /v2.0/security-groups HTTP/1.1" status: 201 len: 1737 time: 0.1830015
2026-09-09 07:32:35.811 9 INFO neutron.wsgi [None req-587e4f09-afa1-4e85-a69e-418aa9ef6589 c22f47b3213c4109b10b80f6b832adbe e33e753a1fde46ad8acf81fb7a0204a2 - - - -] 10.0.0.106 "DELETE /v2.0/subnets/fcde177b-def9-42aa-b143-47cf01400957 HTTP/1.1" status: 204 len: 168 time: 0.2645895
2026-09-09 07:32:35.826 9 INFO neutron.wsgi [None req-2e971a07-2ad2-46da-98eb-d337ab32eccd fc874c306be34c21b7bdc555c31c9b83 e4d7ce63484443b391d3b76f790e4b32 - - - -] 10.0.0.106 "PUT /v2.0/security-groups/e1492394-4aaf-4f31-b65b-dff3fe6ef2c3/tags HTTP/1.1" status: 200 len: 210 time: 0.0649350
2026-09-09 07:32:35.868 9 INFO neutron.wsgi [None req-2bd7a2dc-a682-47f9-a03d-862e071d4fed fc874c306be34c21b7bdc555c31c9b83 e4d7ce63484443b391d3b76f790e4b32 - - - -] 10.0.0.106 "PUT /v2.0/security-groups/595bb8b7-6942-43dd-880f-2ceb0aaffa38/tags HTTP/1.1" status: 200 len: 218 time: 0.0362325
2026-09-09 07:32:35.894 10 INFO neutron.services.segments.plugin [-] Segment e6a5a700-d8c6-4e61-a544-cb9f84c29245 resource provider aggregate not found
2026-09-09 07:32:35.899 10 INFO neutron.services.segments.plugin [-] Segment e6a5a700-d8c6-4e61-a544-cb9f84c29245 resource provider aggregate not found
2026-09-09 07:32:35.906 9 INFO neutron.wsgi [None req-1071c5be-100c-4191-934c-618c6f287a95 fc874c306be34c21b7bdc555c31c9b83 e4d7ce63484443b391d3b76f790e4b32 - - - -] 10.0.0.106 "PUT /v2.0/security-groups/dfdd504d-ad2d-4186-88fe-60bf566f92e9/tags HTTP/1.1" status: 200 len: 227 time: 0.0337231
2026-09-09 07:32:35.917 10 INFO neutron.services.segments.plugin [-] Segment e6a5a700-d8c6-4e61-a544-cb9f84c29245 resource provider not found; error: Placement Client Error (4xx): {"errors": [{"status": 404, "title": "Not Found", "detail": "The resource could not be found.\n\n No resource provider with uuid e6a5a700-d8c6-4e61-a544-cb9f84c29245 found for delete ", "request_id": "req-6e61816c-cde4-4ce7-90e4-2a590e89be10"}]}
2026-09-09 07:32:35.922 10 INFO neutron.services.segments.plugin [-] Segment e6a5a700-d8c6-4e61-a544-cb9f84c29245 resource provider not found; error: Placement Client Error (4xx): {"errors": [{"status": 404, "title": "Not Found", "detail": "The resource could not be found.\n\n No resource provider with uuid e6a5a700-d8c6-4e61-a544-cb9f84c29245 found for delete ", "request_id": "req-2cec980e-4f41-4e8d-8c77-f5615e00f72b"}]}
