2026-09-09 07:34:38.834 10 INFO neutron.wsgi [None req-e140d4c5-8fae-4846-8388-f5237380f974 0fc115cdbe354b3db069d4e9e0ac757f 21e96bedbfd34e1585ee771161ad2c95 - - - -] 10.0.0.106 "PUT /v2.0/floatingips/65765ebb-004b-4168-939c-4e6f51396125/tags HTTP/1.1" status: 200 len: 210 time: 0.0724306
2026-09-09 07:34:38.881 10 INFO neutron.wsgi [None req-c16e0f5a-28d0-4e59-8bd2-4e039ddc4898 0fc115cdbe354b3db069d4e9e0ac757f 21e96bedbfd34e1585ee771161ad2c95 - - - -] 10.0.0.106 "PUT /v2.0/floatingips/bce93735-417c-4740-9762-4bd2d4d47d3a/tags HTTP/1.1" status: 200 len: 218 time: 0.0414088
2026-09-09 07:34:38.963 10 INFO neutron.wsgi [None req-0a410e41-bc0d-46bf-b177-bd16e2954d29 0fc115cdbe354b3db069d4e9e0ac757f 21e96bedbfd34e1585ee771161ad2c95 - - - -] 10.0.0.106 "PUT /v2.0/floatingips/2d7eb714-ed52-46ef-b022-ef0ed37820ae/tags HTTP/1.1" status: 200 len: 227 time: 0.0771265
2026-09-09 07:34:39.038 10 WARNING neutron.scheduler.dhcp_agent_scheduler [None req-6fc1ab1a-c22c-41e4-9973-a0621a2f14b6 362b1ca066b0436db3d615d1acfda8de 6bda1c08820d401bba475cdabd83d4cc - - - -] No more DHCP agents
2026-09-09 07:34:39.041 9 INFO neutron.wsgi [None req-d5a80d90-74e9-4182-ae98-a11f25673f15 0fc115cdbe354b3db069d4e9e0ac757f 21e96bedbfd34e1585ee771161ad2c95 - - - -] 10.0.0.106 "PUT /v2.0/floatingips/41a85f29-c907-442b-aa01-f35b960bdf03/tags HTTP/1.1" status: 200 len: 212 time: 0.0705876
2026-09-09 07:34:39.043 10 WARNING neutron.api.rpc.agentnotifiers.dhcp_rpc_agent_api [None req-6fc1ab1a-c22c-41e4-9973-a0621a2f14b6 362b1ca066b0436db3d615d1acfda8de 6bda1c08820d401bba475cdabd83d4cc - - - -] Unable to schedule network d8c0c0d7-7e0f-4280-a8e5-4c5682799908: no agents available; will retry on subsequent port and subnet creation events.
2026-09-09 07:34:39.097 9 INFO neutron.wsgi [None req-39a68898-c242-4fa3-acc6-8b5e6f0545af 0fc115cdbe354b3db069d4e9e0ac757f 21e96bedbfd34e1585ee771161ad2c95 - - default default] 10.0.0.106 "GET /v2.0/floatingips?tags=red HTTP/1.1" status: 200 len: 1866 time: 0.0488241
2026-09-09 07:34:39.160 10 INFO neutron.wsgi [None req-03bc61e0-76c8-4669-88fc-7a7a9b7ea55d 0fc115cdbe354b3db069d4e9e0ac757f 21e96bedbfd34e1585ee771161ad2c95 - - default default] 10.0.0.106 "GET /v2.0/floatingips?tags=red%2Cblue HTTP/1.1" status: 200 len: 1323 time: 0.0571756
2026-09-09 07:34:39.236 9 INFO neutron.wsgi [None req-7a4b2faf-82ed-450d-a266-d6091ee32a14 0fc115cdbe354b3db069d4e9e0ac757f 21e96bedbfd34e1585ee771161ad2c95 - - default default] 10.0.0.106 "GET /v2.0/floatingips?tags-any=blue HTTP/1.1" status: 200 len: 1323 time: 0.0692220
2026-09-09 07:34:39.278 9 INFO neutron.wsgi [None req-aaac4b5f-6fd0-41aa-92c4-23ba119a0c6b 0fc115cdbe354b3db069d4e9e0ac757f 21e96bedbfd34e1585ee771161ad2c95 - - default default] 10.0.0.106 "GET /v2.0/floatingips?tags-any=red%2Cblue HTTP/1.1" status: 200 len: 1866 time: 0.0354030
2026-09-09 07:34:39.321 9 INFO neutron.wsgi [None req-267eb0db-6a53-4e8a-9186-361880ce617d 0fc115cdbe354b3db069d4e9e0ac757f 21e96bedbfd34e1585ee771161ad2c95 - - default default] 10.0.0.106 "GET /v2.0/floatingips?not-tags=red HTTP/1.1" status: 200 len: 1295 time: 0.0376968
2026-09-09 07:34:39.365 9 INFO neutron.wsgi [None req-7bb1954d-deb7-4694-9a03-f8ac4b3f92a6 0fc115cdbe354b3db069d4e9e0ac757f 21e96bedbfd34e1585ee771161ad2c95 - - default default] 10.0.0.106 "GET /v2.0/floatingips?not-tags=red%2Cblue HTTP/1.1" status: 200 len: 1838 time: 0.0377076
2026-09-09 07:34:39.414 10 INFO neutron.wsgi [None req-5702184b-959b-42fa-bb3d-31987fe7f37b 0fc115cdbe354b3db069d4e9e0ac757f 21e96bedbfd34e1585ee771161ad2c95 - - default default] 10.0.0.106 "GET /v2.0/floatingips?not-tags-any=blue HTTP/1.1" status: 200 len: 1838 time: 0.0449469
2026-09-09 07:34:39.445 10 INFO neutron.wsgi [None req-4ad6f410-68aa-4107-9b24-13623b451ecc 0fc115cdbe354b3db069d4e9e0ac757f 21e96bedbfd34e1585ee771161ad2c95 - - default default] 10.0.0.106 "GET /v2.0/floatingips?not-tags-any=red%2Cblue HTTP/1.1" status: 200 len: 1295 time: 0.0273278
2026-09-09 07:34:39.537 10 INFO neutron.db.l3_db [None req-6fc1ab1a-c22c-41e4-9973-a0621a2f14b6 362b1ca066b0436db3d615d1acfda8de 6bda1c08820d401bba475cdabd83d4cc - - - -] Floating IP e2c72e45-cded-418e-be5c-1c23b6b098c8 associated. External IP: 10.96.250.214, port: ef41e332-ff32-4bce-b7b3-4d4a2025dc36.
2026-09-09 07:34:39.936 10 INFO neutron.wsgi [req-cfd39810-1ad8-4d2c-8386-839305659aaa req-25cab370-e237-462c-826e-6b10cf0e04e1 153144be5d9d4ad3bbb85fbebb0c6f1e 65167c832edb425e9bc00a82e5e5347a - - default default] 10.0.0.240 "GET /v2.0/security-groups?id=e534b38f-f03d-4a1b-b23f-1621a4f5d08b&fields=id HTTP/1.1" status: 200 len: 267 time: 0.0389540 /var/lib/openstack/lib/python3.10/site-packages/pycadf/identifier.py:71: UserWarning: Invalid uuid: neutron. To ensure interoperability, identifiers should be a valid uuid. warnings.warn(('Invalid uuid: %s. To ensure interoperability, '
2026-09-09 07:34:40.014 10 INFO neutron.db.ovn_revision_numbers_db [None req-6fc1ab1a-c22c-41e4-9973-a0621a2f14b6 362b1ca066b0436db3d615d1acfda8de 6bda1c08820d401bba475cdabd83d4cc - - - -] Successfully bumped revision number for resource e2c72e45-cded-418e-be5c-1c23b6b098c8 (type: floatingips) to 0
2026-09-09 07:34:40.089 10 INFO neutron.wsgi [req-cfd39810-1ad8-4d2c-8386-839305659aaa req-5f9d5122-9d74-49b2-a89f-8c93a643bba8 153144be5d9d4ad3bbb85fbebb0c6f1e 65167c832edb425e9bc00a82e5e5347a - - default default] 10.0.0.240 "GET /v2.0/networks?id=d1bbd35b-a6f9-47a6-b165-d8c1106165d6 HTTP/1.1" status: 200 len: 937 time: 0.1144869
2026-09-09 07:34:40.109 10 INFO neutron.wsgi [req-cfd39810-1ad8-4d2c-8386-839305659aaa req-4d8e3241-bc0f-4d75-a368-e78b9f4dbf42 153144be5d9d4ad3bbb85fbebb0c6f1e 65167c832edb425e9bc00a82e5e5347a - - default default] 10.0.0.240 "GET /v2.0/quotas/65167c832edb425e9bc00a82e5e5347a HTTP/1.1" status: 200 len: 385 time: 0.0150046
2026-09-09 07:34:40.161 10 INFO neutron.db.ovn_revision_numbers_db [None req-6fc1ab1a-c22c-41e4-9973-a0621a2f14b6 362b1ca066b0436db3d615d1acfda8de 6bda1c08820d401bba475cdabd83d4cc - - - -] Successfully bumped revision number for resource e2c72e45-cded-418e-be5c-1c23b6b098c8 (type: floatingips) to 1
2026-09-09 07:34:40.166 10 INFO neutron.wsgi [req-cfd39810-1ad8-4d2c-8386-839305659aaa req-806d6197-d17e-4c4b-bd94-6caa6c9a9883 153144be5d9d4ad3bbb85fbebb0c6f1e 65167c832edb425e9bc00a82e5e5347a - - default default] 10.0.0.240 "GET /v2.0/ports?tenant_id=65167c832edb425e9bc00a82e5e5347a&fields=id HTTP/1.1" status: 200 len: 348 time: 0.0533781
2026-09-09 07:34:40.188 10 INFO neutron.wsgi [None req-f77275fb-c02d-47f5-8499-14a575110574 0fc115cdbe354b3db069d4e9e0ac757f 21e96bedbfd34e1585ee771161ad2c95 - - - -] 10.0.0.106 "DELETE /v2.0/floatingips/65765ebb-004b-4168-939c-4e6f51396125 HTTP/1.1" status: 204 len: 168 time: 0.7387094
2026-09-09 07:34:40.201 10 INFO neutron.wsgi [None req-6fc1ab1a-c22c-41e4-9973-a0621a2f14b6 362b1ca066b0436db3d615d1acfda8de 6bda1c08820d401bba475cdabd83d4cc - - - -] 10.0.0.106 "POST /v2.0/floatingips HTTP/1.1" status: 201 len: 1054 time: 1.5257015
2026-09-09 07:34:40.264 10 INFO neutron.wsgi [None req-61bc7ca2-c47c-4260-bb7d-957fce9f9a5a 362b1ca066b0436db3d615d1acfda8de 6bda1c08820d401bba475cdabd83d4cc - - default default] 10.0.0.106 "GET /v2.0/floatingips/e2c72e45-cded-418e-be5c-1c23b6b098c8 HTTP/1.1" status: 200 len: 1051 time: 0.0580015
2026-09-09 07:34:40.269 10 INFO neutron.wsgi [req-cfd39810-1ad8-4d2c-8386-839305659aaa req-09546d00-2ff7-4f46-b3ca-57f860797a84 38897e503a394cb0a323a9a069e740d6 5dea69e8d480437cb1958e422e7cdca8 - - 03e57b709f10441aa7a7705d4a886f60 03e57b709f10441aa7a7705d4a886f60] 10.0.0.240 "GET /v2.0/networks/d1bbd35b-a6f9-47a6-b165-d8c1106165d6?fields=segments HTTP/1.1" status: 200 len: 212 time: 0.0770092
2026-09-09 07:34:40.332 10 INFO neutron.wsgi [req-cfd39810-1ad8-4d2c-8386-839305659aaa req-9897edb6-25e6-4cef-8ac0-828b7214e05e 38897e503a394cb0a323a9a069e740d6 5dea69e8d480437cb1958e422e7cdca8 - - 03e57b709f10441aa7a7705d4a886f60 03e57b709f10441aa7a7705d4a886f60] 10.0.0.240 "GET /v2.0/networks/d1bbd35b-a6f9-47a6-b165-d8c1106165d6?fields=provider%3Aphysical_network&fields=provider%3Anetwork_type HTTP/1.1" status: 200 len: 277 time: 0.0545976
2026-09-09 07:34:40.561 9 INFO neutron.wsgi [None req-bc0db99f-3b9f-4284-9e3b-6ec0ff726c20 0fc115cdbe354b3db069d4e9e0ac757f 21e96bedbfd34e1585ee771161ad2c95 - - - -] 10.0.0.106 "DELETE /v2.0/floatingips/bce93735-417c-4740-9762-4bd2d4d47d3a HTTP/1.1" status: 204 len: 168 time: 0.3602934
2026-09-09 07:34:40.680 10 INFO neutron.notifiers.nova [-] Nova event matching ['req-c6e32505-bb32-4620-a4fc-24134dd6522b'] response: {'name': 'network-changed', 'server_uuid': '0b861978-7f80-45e5-af27-e85d7d42bf1b', 'tag': 'ef41e332-ff32-4bce-b7b3-4d4a2025dc36', 'status': 'completed', 'code': 200}
2026-09-09 07:34:40.791 10 INFO neutron.wsgi [req-480e1e7e-e0e5-4ae8-868a-0db5dd0ed214 req-4721355c-daa7-4816-ac91-80e9f95a1a19 153144be5d9d4ad3bbb85fbebb0c6f1e 65167c832edb425e9bc00a82e5e5347a - - default default] 10.0.0.240 "GET /v2.0/ports?device_id=77c323bf-6b83-4a1c-85a9-b919e883ce72 HTTP/1.1" status: 200 len: 210 time: 0.0408816
2026-09-09 07:34:40.792 9 INFO neutron.wsgi [req-f8bf16b4-2117-4fa8-9f9a-e4002026b203 req-58acbc64-e5b1-4050-96a4-a6f1f2c47fc4 38897e503a394cb0a323a9a069e740d6 5dea69e8d480437cb1958e422e7cdca8 - - 03e57b709f10441aa7a7705d4a886f60 03e57b709f10441aa7a7705d4a886f60] 162.253.55.147 "GET /v2.0/ports?tenant_id=6bda1c08820d401bba475cdabd83d4cc&device_id=0b861978-7f80-45e5-af27-e85d7d42bf1b HTTP/1.1" status: 200 len: 1361 time: 0.0690246
2026-09-09 07:34:40.893 9 INFO neutron.wsgi [req-f8bf16b4-2117-4fa8-9f9a-e4002026b203 req-3985c737-94ea-4712-b4f8-b0acfecf8cf0 38897e503a394cb0a323a9a069e740d6 5dea69e8d480437cb1958e422e7cdca8 - - 03e57b709f10441aa7a7705d4a886f60 03e57b709f10441aa7a7705d4a886f60] 162.253.55.147 "GET /v2.0/networks?id=d83468d3-cc00-45e3-9cd5-8906166dd1c3 HTTP/1.1" status: 200 len: 959 time: 0.0916266
2026-09-09 07:34:40.896 9 INFO neutron.wsgi [req-c051212e-f90e-45a2-8aa8-259e4c1682b7 req-3d6459cd-b812-48bf-99bf-7b0607d82c07 153144be5d9d4ad3bbb85fbebb0c6f1e 65167c832edb425e9bc00a82e5e5347a - - default default] 10.0.0.240 "GET /v2.0/ports?device_id=77c323bf-6b83-4a1c-85a9-b919e883ce72 HTTP/1.1" status: 200 len: 210 time: 0.0280144
2026-09-09 07:34:40.934 9 INFO neutron.wsgi [req-f8bf16b4-2117-4fa8-9f9a-e4002026b203 req-5fd0f5ab-1eb3-4dff-8014-5ab61edaf4f6 38897e503a394cb0a323a9a069e740d6 5dea69e8d480437cb1958e422e7cdca8 - - 03e57b709f10441aa7a7705d4a886f60 03e57b709f10441aa7a7705d4a886f60] 162.253.55.147 "GET /v2.0/floatingips?fixed_ip_address=10.100.0.8&port_id=ef41e332-ff32-4bce-b7b3-4d4a2025dc36 HTTP/1.1" status: 200 len: 1059 time: 0.0335453
2026-09-09 07:34:41.001 9 INFO neutron.wsgi [req-f8bf16b4-2117-4fa8-9f9a-e4002026b203 req-e98f32b4-2958-4c24-a6f8-c9c42c3de8c4 38897e503a394cb0a323a9a069e740d6 5dea69e8d480437cb1958e422e7cdca8 - - 03e57b709f10441aa7a7705d4a886f60 03e57b709f10441aa7a7705d4a886f60] 162.253.55.147 "GET /v2.0/subnets?id=9c005710-81fc-4d70-807b-c5e8a9edafdb HTTP/1.1" status: 200 len: 852 time: 0.0602577
2026-09-09 07:34:41.038 9 INFO neutron.wsgi [req-f8bf16b4-2117-4fa8-9f9a-e4002026b203 req-10201001-b69f-4c56-8fdb-389d557edd18 38897e503a394cb0a323a9a069e740d6 5dea69e8d480437cb1958e422e7cdca8 - - 03e57b709f10441aa7a7705d4a886f60 03e57b709f10441aa7a7705d4a886f60] 162.253.55.147 "GET /v2.0/ports?network_id=d83468d3-cc00-45e3-9cd5-8906166dd1c3&device_owner=network%3Adhcp HTTP/1.1" status: 200 len: 210 time: 0.0304179
2026-09-09 07:34:41.099 9 INFO neutron.wsgi [None req-aeaa67fb-ca91-42cb-b789-eb023e7c599c 0fc115cdbe354b3db069d4e9e0ac757f 21e96bedbfd34e1585ee771161ad2c95 - - - -] 10.0.0.106 "DELETE /v2.0/floatingips/2d7eb714-ed52-46ef-b022-ef0ed37820ae HTTP/1.1" status: 204 len: 168 time: 0.5292740
2026-09-09 07:34:41.130 9 INFO neutron.wsgi [req-f8bf16b4-2117-4fa8-9f9a-e4002026b203 req-a461d506-ecce-441c-9be3-3fe87ad84c89 38897e503a394cb0a323a9a069e740d6 5dea69e8d480437cb1958e422e7cdca8 - - 03e57b709f10441aa7a7705d4a886f60 03e57b709f10441aa7a7705d4a886f60] 162.253.55.147 "GET /v2.0/networks/d83468d3-cc00-45e3-9cd5-8906166dd1c3?fields=segments HTTP/1.1" status: 200 len: 212 time: 0.0848303
2026-09-09 07:34:41.204 9 INFO neutron.wsgi [req-f8bf16b4-2117-4fa8-9f9a-e4002026b203 req-81decad6-1ab7-438b-8bbc-2c0b0fe383b4 38897e503a394cb0a323a9a069e740d6 5dea69e8d480437cb1958e422e7cdca8 - - 03e57b709f10441aa7a7705d4a886f60 03e57b709f10441aa7a7705d4a886f60] 162.253.55.147 "GET /v2.0/networks/d83468d3-cc00-45e3-9cd5-8906166dd1c3?fields=provider%3Aphysical_network&fields=provider%3Anetwork_type HTTP/1.1" status: 200 len: 277 time: 0.0681155
2026-09-09 07:34:41.421 9 INFO neutron.wsgi [None req-fea2a043-53d3-4aa4-8d52-600767898229 0fc115cdbe354b3db069d4e9e0ac757f 21e96bedbfd34e1585ee771161ad2c95 - - - -] 10.0.0.106 "DELETE /v2.0/floatingips/41a85f29-c907-442b-aa01-f35b960bdf03 HTTP/1.1" status: 204 len: 168 time: 0.3182502
2026-09-09 07:34:41.626 9 INFO neutron.wsgi [req-cfd39810-1ad8-4d2c-8386-839305659aaa req-f3e13955-caa9-4d99-8a69-7c0acffccc11 153144be5d9d4ad3bbb85fbebb0c6f1e 65167c832edb425e9bc00a82e5e5347a - - default default] 162.253.55.147 "GET /v2.0/networks?id=d1bbd35b-a6f9-47a6-b165-d8c1106165d6 HTTP/1.1" status: 200 len: 937 time: 0.0762107
2026-09-09 07:34:41.773 9 INFO neutron.wsgi [req-cfd39810-1ad8-4d2c-8386-839305659aaa req-902ba835-8c80-4f67-bff2-022be48c9011 153144be5d9d4ad3bbb85fbebb0c6f1e 65167c832edb425e9bc00a82e5e5347a - - default default] 162.253.55.147 "GET /v2.0/security-groups?fields=id&fields=name&tenant_id=65167c832edb425e9bc00a82e5e5347a HTTP/1.1" status: 200 len: 542 time: 0.1371841
2026-09-09 07:34:41.877 9 INFO neutron.wsgi [None req-ced4ec18-602a-4e1f-afc1-1737cd13e282 0fc115cdbe354b3db069d4e9e0ac757f 21e96bedbfd34e1585ee771161ad2c95 - - - -] 10.0.0.106 "DELETE /v2.0/floatingips/f6a07ecd-e508-41f0-8fe3-6b76fdacb431 HTTP/1.1" status: 204 len: 168 time: 0.4497888
2026-09-09 07:34:42.017 9 WARNING neutron.scheduler.dhcp_agent_scheduler [None req-1b6ea21c-f2ea-4b93-a156-835dcdd25225 153144be5d9d4ad3bbb85fbebb0c6f1e 65167c832edb425e9bc00a82e5e5347a - - - -] No more DHCP agents
2026-09-09 07:34:42.018 9 WARNING neutron.api.rpc.agentnotifiers.dhcp_rpc_agent_api [None req-1b6ea21c-f2ea-4b93-a156-835dcdd25225 153144be5d9d4ad3bbb85fbebb0c6f1e 65167c832edb425e9bc00a82e5e5347a - - - -] Unable to schedule network d1bbd35b-a6f9-47a6-b165-d8c1106165d6: no agents available; will retry on subsequent port and subnet creation events.
2026-09-09 07:34:42.127 9 INFO neutron.db.ovn_revision_numbers_db [None req-1b6ea21c-f2ea-4b93-a156-835dcdd25225 153144be5d9d4ad3bbb85fbebb0c6f1e 65167c832edb425e9bc00a82e5e5347a - - - -] Successfully bumped revision number for resource f8094886-73cc-431c-a04b-102f51a96f11 (type: ports) to 1
2026-09-09 07:34:42.144 9 INFO neutron.wsgi [None req-1b6ea21c-f2ea-4b93-a156-835dcdd25225 153144be5d9d4ad3bbb85fbebb0c6f1e 65167c832edb425e9bc00a82e5e5347a - - - -] 162.253.55.147 "POST /v2.0/ports HTTP/1.1" status: 201 len: 1283 time: 0.3580170 /var/lib/openstack/lib/python3.10/site-packages/pycadf/identifier.py:71: UserWarning: Invalid uuid: neutron. To ensure interoperability, identifiers should be a valid uuid. warnings.warn(('Invalid uuid: %s. To ensure interoperability, '
2026-09-09 07:34:42.579 9 INFO neutron.db.ovn_revision_numbers_db [None req-15e3af81-82fb-4533-8313-d770f3447eec 38897e503a394cb0a323a9a069e740d6 5dea69e8d480437cb1958e422e7cdca8 - - - -] Successfully bumped revision number for resource f8094886-73cc-431c-a04b-102f51a96f11 (type: ports) to 2
2026-09-09 07:34:42.762 9 INFO neutron.db.ovn_revision_numbers_db [None req-15e3af81-82fb-4533-8313-d770f3447eec 38897e503a394cb0a323a9a069e740d6 5dea69e8d480437cb1958e422e7cdca8 - - - -] Successfully bumped revision number for resource f8094886-73cc-431c-a04b-102f51a96f11 (type: ports) to 2
2026-09-09 07:34:42.783 9 INFO neutron.wsgi [None req-15e3af81-82fb-4533-8313-d770f3447eec 38897e503a394cb0a323a9a069e740d6 5dea69e8d480437cb1958e422e7cdca8 - - - -] 162.253.55.147 "PUT /v2.0/ports/f8094886-73cc-431c-a04b-102f51a96f11 HTTP/1.1" status: 200 len: 1332 time: 0.6306038 /var/lib/openstack/lib/python3.10/site-packages/pycadf/identifier.py:71: UserWarning: Invalid uuid: neutron. To ensure interoperability, identifiers should be a valid uuid. warnings.warn(('Invalid uuid: %s. To ensure interoperability, '
2026-09-09 07:34:42.838 9 INFO neutron.notifiers.nova [-] Nova event matching ['req-64b6100a-9269-4571-87de-afab2156bffd'] response: {'name': 'network-changed', 'server_uuid': '77c323bf-6b83-4a1c-85a9-b919e883ce72', 'tag': 'f8094886-73cc-431c-a04b-102f51a96f11', 'status': 'completed', 'code': 200}
2026-09-09 07:34:42.873 9 INFO neutron.wsgi [req-cfd39810-1ad8-4d2c-8386-839305659aaa req-9cb3dc08-11e3-4787-965d-ffc589e6b27c 38897e503a394cb0a323a9a069e740d6 5dea69e8d480437cb1958e422e7cdca8 - - 03e57b709f10441aa7a7705d4a886f60 03e57b709f10441aa7a7705d4a886f60] 162.253.55.147 "GET /v2.0/ports?tenant_id=65167c832edb425e9bc00a82e5e5347a&device_id=77c323bf-6b83-4a1c-85a9-b919e883ce72 HTTP/1.1" status: 200 len: 1363 time: 0.0483522
2026-09-09 07:34:42.920 9 INFO neutron.wsgi [req-cfd39810-1ad8-4d2c-8386-839305659aaa req-bb723902-ea76-48c2-8260-d248c8078470 38897e503a394cb0a323a9a069e740d6 5dea69e8d480437cb1958e422e7cdca8 - - 03e57b709f10441aa7a7705d4a886f60 03e57b709f10441aa7a7705d4a886f60] 162.253.55.147 "GET /v2.0/floatingips?fixed_ip_address=172.24.0.81&port_id=f8094886-73cc-431c-a04b-102f51a96f11 HTTP/1.1" status: 200 len: 217 time: 0.0381062
2026-09-09 07:34:42.981 10 INFO neutron.db.ovn_revision_numbers_db [None req-2a596b11-4010-434f-be46-a77923176be5 153144be5d9d4ad3bbb85fbebb0c6f1e 65167c832edb425e9bc00a82e5e5347a - - default default] Successfully bumped revision number for resource feb7cc2f-55ac-4aca-a9cd-1bdf8933b6d4 (type: security_groups) to 1
2026-09-09 07:34:43.003 10 INFO neutron.wsgi [None req-2a596b11-4010-434f-be46-a77923176be5 153144be5d9d4ad3bbb85fbebb0c6f1e 65167c832edb425e9bc00a82e5e5347a - - default default] 10.0.0.106 "GET /v2.0/security-groups?tenant_id=30450d593de642989cd431181541022c&name=default HTTP/1.1" status: 200 len: 2996 time: 0.2729661
2026-09-09 07:34:43.152 10 INFO neutron.wsgi [req-e877425f-de4b-4839-b7be-df6342ab311c req-aa211370-6f93-45e3-8757-2b0ea7dae23a 153144be5d9d4ad3bbb85fbebb0c6f1e 65167c832edb425e9bc00a82e5e5347a - - default default] 10.0.0.240 "GET /v2.0/ports?device_id=77c323bf-6b83-4a1c-85a9-b919e883ce72 HTTP/1.1" status: 200 len: 1363 time: 0.0415766
2026-09-09 07:34:43.195 10 INFO neutron.wsgi [req-e877425f-de4b-4839-b7be-df6342ab311c req-15dddd38-fd6b-4212-abde-ca7b0eea7694 153144be5d9d4ad3bbb85fbebb0c6f1e 65167c832edb425e9bc00a82e5e5347a - - default default] 10.0.0.240 "GET /v2.0/security-groups?id=e534b38f-f03d-4a1b-b23f-1621a4f5d08b&fields=id&fields=name HTTP/1.1" status: 200 len: 294 time: 0.0357468
2026-09-09 07:34:43.239 10 INFO neutron.wsgi [None req-5a04fb81-6c0c-4b45-8b35-6747fc517272 153144be5d9d4ad3bbb85fbebb0c6f1e 65167c832edb425e9bc00a82e5e5347a - - - -] 10.0.0.106 "DELETE /v2.0/security-groups/feb7cc2f-55ac-4aca-a9cd-1bdf8933b6d4 HTTP/1.1" status: 204 len: 168 time: 0.2305183
2026-09-09 07:34:43.257 9 INFO neutron.wsgi [req-cfd39810-1ad8-4d2c-8386-839305659aaa req-3260e825-bad8-4a7b-9350-cab19bce8672 38897e503a394cb0a323a9a069e740d6 5dea69e8d480437cb1958e422e7cdca8 - - 03e57b709f10441aa7a7705d4a886f60 03e57b709f10441aa7a7705d4a886f60] 162.253.55.147 "GET /v2.0/subnets?id=2eb18a24-e95a-4bc2-86aa-1ef4aa19eec4 HTTP/1.1" status: 200 len: 829 time: 0.3308690
2026-09-09 07:34:43.283 9 INFO neutron.wsgi [req-cfd39810-1ad8-4d2c-8386-839305659aaa req-b79afb39-0707-462d-97ae-658d2b41de34 38897e503a394cb0a323a9a069e740d6 5dea69e8d480437cb1958e422e7cdca8 - - 03e57b709f10441aa7a7705d4a886f60 03e57b709f10441aa7a7705d4a886f60] 162.253.55.147 "GET /v2.0/ports?network_id=d1bbd35b-a6f9-47a6-b165-d8c1106165d6&device_owner=network%3Adhcp HTTP/1.1" status: 200 len: 210 time: 0.0187635
2026-09-09 07:34:43.338 9 INFO neutron.wsgi [req-50b07c0c-0a4f-4975-9f45-82079054ae42 req-0a6d114f-9bdb-497b-b167-10d849c6ffea 153144be5d9d4ad3bbb85fbebb0c6f1e 65167c832edb425e9bc00a82e5e5347a - - default default] 10.0.0.240 "GET /v2.0/ports?device_id=77c323bf-6b83-4a1c-85a9-b919e883ce72 HTTP/1.1" status: 200 len: 1363 time: 0.0423639
2026-09-09 07:34:43.351 9 INFO neutron.wsgi [req-cfd39810-1ad8-4d2c-8386-839305659aaa req-2bb5ed56-f34c-4a61-984b-d0e0367cbebf 38897e503a394cb0a323a9a069e740d6 5dea69e8d480437cb1958e422e7cdca8 - - 03e57b709f10441aa7a7705d4a886f60 03e57b709f10441aa7a7705d4a886f60] 162.253.55.147 "GET /v2.0/networks/d1bbd35b-a6f9-47a6-b165-d8c1106165d6?fields=segments HTTP/1.1" status: 200 len: 212 time: 0.0608041
2026-09-09 07:34:43.406 9 INFO neutron.wsgi [req-cfd39810-1ad8-4d2c-8386-839305659aaa req-dda5b565-b405-4865-bfef-74b2f123aa79 38897e503a394cb0a323a9a069e740d6 5dea69e8d480437cb1958e422e7cdca8 - - 03e57b709f10441aa7a7705d4a886f60 03e57b709f10441aa7a7705d4a886f60] 162.253.55.147 "GET /v2.0/networks/d1bbd35b-a6f9-47a6-b165-d8c1106165d6?fields=provider%3Aphysical_network&fields=provider%3Anetwork_type HTTP/1.1" status: 200 len: 277 time: 0.0460699
2026-09-09 07:34:43.493 10 INFO neutron.db.ovn_revision_numbers_db [None req-b7182fd3-111e-432b-b5c6-4abe64269a1f 153144be5d9d4ad3bbb85fbebb0c6f1e 65167c832edb425e9bc00a82e5e5347a - - default default] Successfully bumped revision number for resource cb72b947-6671-4b38-b6a0-4f3731eea318 (type: security_groups) to 1
2026-09-09 07:34:43.513 9 INFO neutron.wsgi [req-f5028677-ff43-424e-8983-ecbbac9e76d8 req-898aa646-c9ff-4640-b343-0e0aea059611 38897e503a394cb0a323a9a069e740d6 5dea69e8d480437cb1958e422e7cdca8 - - 03e57b709f10441aa7a7705d4a886f60 03e57b709f10441aa7a7705d4a886f60] 162.253.55.147 "GET /v2.0/ports?tenant_id=65167c832edb425e9bc00a82e5e5347a&device_id=77c323bf-6b83-4a1c-85a9-b919e883ce72 HTTP/1.1" status: 200 len: 1363 time: 0.0419941
2026-09-09 07:34:43.539 10 INFO neutron.wsgi [None req-b7182fd3-111e-432b-b5c6-4abe64269a1f 153144be5d9d4ad3bbb85fbebb0c6f1e 65167c832edb425e9bc00a82e5e5347a - - default default] 10.0.0.106 "GET /v2.0/security-groups?tenant_id=21e96bedbfd34e1585ee771161ad2c95&name=default HTTP/1.1" status: 200 len: 2996 time: 0.1344144
2026-09-09 07:34:43.595 9 INFO neutron.wsgi [req-f5028677-ff43-424e-8983-ecbbac9e76d8 req-d513a038-ced9-48f9-b692-b878e082a08c 38897e503a394cb0a323a9a069e740d6 5dea69e8d480437cb1958e422e7cdca8 - - 03e57b709f10441aa7a7705d4a886f60 03e57b709f10441aa7a7705d4a886f60] 162.253.55.147 "GET /v2.0/networks?id=d1bbd35b-a6f9-47a6-b165-d8c1106165d6 HTTP/1.1" status: 200 len: 937 time: 0.0741801
2026-09-09 07:34:43.630 9 INFO neutron.wsgi [req-f5028677-ff43-424e-8983-ecbbac9e76d8 req-559bbff7-670e-49cf-b6b6-69b4b074555f 38897e503a394cb0a323a9a069e740d6 5dea69e8d480437cb1958e422e7cdca8 - - 03e57b709f10441aa7a7705d4a886f60 03e57b709f10441aa7a7705d4a886f60] 162.253.55.147 "GET /v2.0/floatingips?fixed_ip_address=172.24.0.81&port_id=f8094886-73cc-431c-a04b-102f51a96f11 HTTP/1.1" status: 200 len: 217 time: 0.0258296
2026-09-09 07:34:43.658 10 INFO neutron.wsgi [req-0a926f39-7f8b-4aac-a92d-17f0c18678b0 req-97574ff6-828e-49ab-83be-a9abfb207acf 38897e503a394cb0a323a9a069e740d6 5dea69e8d480437cb1958e422e7cdca8 - - 03e57b709f10441aa7a7705d4a886f60 03e57b709f10441aa7a7705d4a886f60] 162.253.55.147 "GET /v2.0/ports?device_id=77c323bf-6b83-4a1c-85a9-b919e883ce72 HTTP/1.1" status: 200 len: 1363 time: 0.0398607
2026-09-09 07:34:43.680 9 INFO neutron.wsgi [req-f5028677-ff43-424e-8983-ecbbac9e76d8 req-804c1949-984c-4d00-ae4e-6009d2d24bb3 38897e503a394cb0a323a9a069e740d6 5dea69e8d480437cb1958e422e7cdca8 - - 03e57b709f10441aa7a7705d4a886f60 03e57b709f10441aa7a7705d4a886f60] 162.253.55.147 "GET /v2.0/subnets?id=2eb18a24-e95a-4bc2-86aa-1ef4aa19eec4 HTTP/1.1" status: 200 len: 829 time: 0.0429435
2026-09-09 07:34:43.705 10 INFO neutron.wsgi [req-0a926f39-7f8b-4aac-a92d-17f0c18678b0 req-09fadb8a-2ba3-4ea9-946b-2de931d7afa0 38897e503a394cb0a323a9a069e740d6 5dea69e8d480437cb1958e422e7cdca8 - - 03e57b709f10441aa7a7705d4a886f60 03e57b709f10441aa7a7705d4a886f60] 162.253.55.147 "GET /v2.0/security-groups?id=e534b38f-f03d-4a1b-b23f-1621a4f5d08b&fields=id&fields=name HTTP/1.1" status: 200 len: 294 time: 0.0405691
2026-09-09 07:34:43.714 9 INFO neutron.wsgi [req-f5028677-ff43-424e-8983-ecbbac9e76d8 req-05628122-2404-4d29-bdcc-74aafb310356 38897e503a394cb0a323a9a069e740d6 5dea69e8d480437cb1958e422e7cdca8 - - 03e57b709f10441aa7a7705d4a886f60 03e57b709f10441aa7a7705d4a886f60] 162.253.55.147 "GET /v2.0/ports?network_id=d1bbd35b-a6f9-47a6-b165-d8c1106165d6&device_owner=network%3Adhcp HTTP/1.1" status: 200 len: 210 time: 0.0261900
2026-09-09 07:34:43.805 9 INFO neutron.wsgi [req-f5028677-ff43-424e-8983-ecbbac9e76d8 req-159e4940-aeac-4906-ab96-fdc5310cc55c 38897e503a394cb0a323a9a069e740d6 5dea69e8d480437cb1958e422e7cdca8 - - 03e57b709f10441aa7a7705d4a886f60 03e57b709f10441aa7a7705d4a886f60] 162.253.55.147 "GET /v2.0/networks/d1bbd35b-a6f9-47a6-b165-d8c1106165d6?fields=segments HTTP/1.1" status: 200 len: 212 time: 0.0620987
2026-09-09 07:34:43.820 9 INFO neutron.plugins.ml2.drivers.ovn.mech_driver.mech_driver [None req-ae8c3285-9e08-4a0e-8841-626e27027ba2 - - - - - -] OVN reports status up for port: f8094886-73cc-431c-a04b-102f51a96f11
2026-09-09 07:34:43.839 9 INFO neutron.wsgi [None req-8a121946-add1-452c-9c9c-34937e1c6b10 153144be5d9d4ad3bbb85fbebb0c6f1e 65167c832edb425e9bc00a82e5e5347a - - - -] 10.0.0.106 "DELETE /v2.0/security-groups/cb72b947-6671-4b38-b6a0-4f3731eea318 HTTP/1.1" status: 204 len: 168 time: 0.2937827
2026-09-09 07:34:43.854 9 INFO neutron.plugins.ml2.plugin [None req-ae8c3285-9e08-4a0e-8841-626e27027ba2 - - - - - -] Attempt 1 to provision port f8094886-73cc-431c-a04b-102f51a96f11
2026-09-09 07:34:43.884 9 INFO neutron.wsgi [req-f5028677-ff43-424e-8983-ecbbac9e76d8 req-bc3f21c5-f329-43fa-9c4f-21122ca3000f 38897e503a394cb0a323a9a069e740d6 5dea69e8d480437cb1958e422e7cdca8 - - 03e57b709f10441aa7a7705d4a886f60 03e57b709f10441aa7a7705d4a886f60] 162.253.55.147 "GET /v2.0/networks/d1bbd35b-a6f9-47a6-b165-d8c1106165d6?fields=provider%3Aphysical_network&fields=provider%3Anetwork_type HTTP/1.1" status: 200 len: 277 time: 0.0736897
2026-09-09 07:34:44.064 9 INFO neutron.db.ovn_revision_numbers_db [None req-ae8c3285-9e08-4a0e-8841-626e27027ba2 - - - - - -] Successfully bumped revision number for resource f8094886-73cc-431c-a04b-102f51a96f11 (type: ports) to 4
2026-09-09 07:34:44.129 9 INFO neutron.db.ovn_revision_numbers_db [None req-db10162b-64a0-4c38-b27c-73fd8277bfee 153144be5d9d4ad3bbb85fbebb0c6f1e 65167c832edb425e9bc00a82e5e5347a - - default default] Successfully bumped revision number for resource fe0d3870-9cf4-4831-a404-6d7798a73d1d (type: security_groups) to 1
2026-09-09 07:34:44.147 9 INFO neutron.wsgi [None req-db10162b-64a0-4c38-b27c-73fd8277bfee 153144be5d9d4ad3bbb85fbebb0c6f1e 65167c832edb425e9bc00a82e5e5347a - - default default] 10.0.0.106 "GET /v2.0/security-groups?tenant_id=c38e249da94143849d9a0d6d08c6066b&name=default HTTP/1.1" status: 200 len: 2996 time: 0.1444144 /var/lib/openstack/lib/python3.10/site-packages/pycadf/identifier.py:71: UserWarning: Invalid uuid: neutron. To ensure interoperability, identifiers should be a valid uuid. warnings.warn(('Invalid uuid: %s. To ensure interoperability, '
2026-09-09 07:34:44.367 9 INFO neutron.wsgi [None req-b3735a4c-7bbb-42f3-8a5c-e53f7f7d371a 153144be5d9d4ad3bbb85fbebb0c6f1e 65167c832edb425e9bc00a82e5e5347a - - - -] 10.0.0.106 "DELETE /v2.0/security-groups/fe0d3870-9cf4-4831-a404-6d7798a73d1d HTTP/1.1" status: 204 len: 168 time: 0.2123849
2026-09-09 07:34:44.644 15 INFO neutron.db.ovn_revision_numbers_db [None req-8f896f3d-3807-460c-bdce-dfb64464b420 - - - - - -] Successfully bumped revision number for resource 85c6be47-31eb-4fe5-b3dc-80b03b8903af (type: networks) to 3
2026-09-09 07:34:44.727 15 INFO neutron.db.ovn_revision_numbers_db [None req-8f896f3d-3807-460c-bdce-dfb64464b420 - - - - - -] Successfully bumped revision number for resource 12a0ad0c-c371-4058-a3af-d612c72efa86 (type: networks) to 3
2026-09-09 07:34:44.791 15 INFO neutron.db.ovn_revision_numbers_db [None req-8f896f3d-3807-460c-bdce-dfb64464b420 - - - - - -] Successfully bumped revision number for resource 1c20b30b-1e34-4be2-8bec-d7aedc451e86 (type: networks) to 3
2026-09-09 07:34:44.875 9 INFO neutron.notifiers.nova [-] Nova event matching ['req-e2e80b60-60cf-46fa-9c79-c9053fee2be7'] response: {'server_uuid': '77c323bf-6b83-4a1c-85a9-b919e883ce72', 'name': 'network-vif-plugged', 'status': 'completed', 'tag': 'f8094886-73cc-431c-a04b-102f51a96f11', 'code': 200}
2026-09-09 07:34:44.875 9 INFO neutron.notifiers.nova [-] Nova event matching ['req-e2e80b60-60cf-46fa-9c79-c9053fee2be7'] response: {'server_uuid': '77c323bf-6b83-4a1c-85a9-b919e883ce72', 'name': 'network-vif-plugged', 'status': 'completed', 'tag': 'f8094886-73cc-431c-a04b-102f51a96f11', 'code': 200}
2026-09-09 07:34:45.143 15 INFO neutron.db.ovn_revision_numbers_db [None req-8f896f3d-3807-460c-bdce-dfb64464b420 - - - - - -] Successfully bumped revision number for resource f1b8c3c6-ea35-486a-abcd-cb6c709f8a92 (type: routers) to 6
2026-09-09 07:34:45.395 15 INFO neutron.plugins.ml2.drivers.ovn.mech_driver.ovsdb.maintenance [None req-8f896f3d-3807-460c-bdce-dfb64464b420 - - - - - -] Maintenance task: Synchronization finished (took 0.83 seconds)
2026-09-09 07:34:45.594 10 INFO neutron.wsgi [req-9f7a3e77-87d4-4409-9ea8-933ad89e1b8c req-562f91c1-fd0f-45dd-b637-995bc4b2a4bc 153144be5d9d4ad3bbb85fbebb0c6f1e 65167c832edb425e9bc00a82e5e5347a - - default default] 10.0.0.240 "GET /v2.0/ports?device_id=77c323bf-6b83-4a1c-85a9-b919e883ce72 HTTP/1.1" status: 200 len: 1365 time: 0.0348294
2026-09-09 07:34:45.636 10 INFO neutron.wsgi [req-9f7a3e77-87d4-4409-9ea8-933ad89e1b8c req-d0313806-1e37-472b-be04-5e29fb2a07d8 153144be5d9d4ad3bbb85fbebb0c6f1e 65167c832edb425e9bc00a82e5e5347a - - default default] 10.0.0.240 "GET /v2.0/security-groups?id=e534b38f-f03d-4a1b-b23f-1621a4f5d08b&fields=id&fields=name HTTP/1.1" status: 200 len: 294 time: 0.0379097
2026-09-09 07:34:45.764 9 INFO neutron.wsgi [req-6a508366-cd53-42d4-977b-ff83142b527c req-1176f71d-e45d-4497-abda-af1b40c39b70 153144be5d9d4ad3bbb85fbebb0c6f1e 65167c832edb425e9bc00a82e5e5347a - - default default] 10.0.0.240 "GET /v2.0/ports?device_id=77c323bf-6b83-4a1c-85a9-b919e883ce72 HTTP/1.1" status: 200 len: 1365 time: 0.0409234
2026-09-09 07:34:47.210 10 INFO neutron.wsgi [-] 10.0.0.34 "GET / HTTP/1.1" status: 200 len: 247 time: 0.0023577
2026-09-09 07:34:47.210 9 INFO neutron.wsgi [-] 10.0.0.34 "GET / HTTP/1.1" status: 200 len: 247 time: 0.0023739
2026-09-09 07:34:49.378 10 INFO neutron.db.ovn_revision_numbers_db [None req-9d321e2f-12de-425c-808f-846135ae8308 47269aae0d674b3681bfd15062e2c093 33036728eac74c56a1b48aa2bd6b71e3 - - - -] Successfully bumped revision number for resource 0d918207-bdc6-43d9-895f-ed6fa4bc94c8 (type: security_groups) to 1
2026-09-09 07:34:49.452 10 INFO neutron.db.segments_db [None req-9d321e2f-12de-425c-808f-846135ae8308 47269aae0d674b3681bfd15062e2c093 33036728eac74c56a1b48aa2bd6b71e3 - - - -] Added segment a07549f4-d73f-4262-948a-52d932b7a231 of type geneve for network b5d57d4c-c4c1-40b9-9c3f-beb45a942aee
2026-09-09 07:34:49.596 10 INFO neutron.db.ovn_revision_numbers_db [None req-9d321e2f-12de-425c-808f-846135ae8308 47269aae0d674b3681bfd15062e2c093 33036728eac74c56a1b48aa2bd6b71e3 - - - -] Successfully bumped revision number for resource b5d57d4c-c4c1-40b9-9c3f-beb45a942aee (type: networks) to 1
2026-09-09 07:34:49.848 10 WARNING neutron.scheduler.dhcp_agent_scheduler [None req-9d321e2f-12de-425c-808f-846135ae8308 47269aae0d674b3681bfd15062e2c093 33036728eac74c56a1b48aa2bd6b71e3 - - - -] No more DHCP agents
2026-09-09 07:34:49.853 10 WARNING neutron.api.rpc.agentnotifiers.dhcp_rpc_agent_api [None req-9d321e2f-12de-425c-808f-846135ae8308 47269aae0d674b3681bfd15062e2c093 33036728eac74c56a1b48aa2bd6b71e3 - - - -] Unable to schedule network b5d57d4c-c4c1-40b9-9c3f-beb45a942aee: no agents available; will retry on subsequent port and subnet creation events.
2026-09-09 07:34:49.858 10 INFO neutron.wsgi [req-97ac9348-182b-43a3-ae3d-a3feeba98854 req-9f9e4270-1c87-4ae5-b370-8e04ecf574ac 38897e503a394cb0a323a9a069e740d6 5dea69e8d480437cb1958e422e7cdca8 - - 03e57b709f10441aa7a7705d4a886f60 03e57b709f10441aa7a7705d4a886f60] 10.0.0.113 "GET /v2.0/ports?device_id=0b861978-7f80-45e5-af27-e85d7d42bf1b HTTP/1.1" status: 200 len: 1361 time: 0.0424776
2026-09-09 07:34:49.926 10 INFO neutron.wsgi [req-97ac9348-182b-43a3-ae3d-a3feeba98854 req-45ef7696-d7b1-4c1b-ad38-044cfadb4dc0 38897e503a394cb0a323a9a069e740d6 5dea69e8d480437cb1958e422e7cdca8 - - 03e57b709f10441aa7a7705d4a886f60 03e57b709f10441aa7a7705d4a886f60] 10.0.0.113 "GET /v2.0/security-groups?id=1d0188e0-461f-4e72-8326-db5c92e5530d&fields=id&fields=name HTTP/1.1" status: 200 len: 313 time: 0.0580592
2026-09-09 07:34:49.941 10 INFO neutron.db.ovn_revision_numbers_db [None req-9d321e2f-12de-425c-808f-846135ae8308 47269aae0d674b3681bfd15062e2c093 33036728eac74c56a1b48aa2bd6b71e3 - - - -] Successfully bumped revision number for resource 27e38a8d-7101-499b-88ac-caa4d870f79b (type: ports) to 1
2026-09-09 07:34:49.975 10 INFO neutron.wsgi [None req-9d321e2f-12de-425c-808f-846135ae8308 47269aae0d674b3681bfd15062e2c093 33036728eac74c56a1b48aa2bd6b71e3 - - - -] 10.0.0.106 "POST /v2.0/networks HTTP/1.1" status: 201 len: 831 time: 0.8436127
2026-09-09 07:34:50.216 10 WARNING neutron.scheduler.dhcp_agent_scheduler [None req-7f8f8c24-bc8c-46c0-b54c-d2b4a993906f 47269aae0d674b3681bfd15062e2c093 33036728eac74c56a1b48aa2bd6b71e3 - - - -] No more DHCP agents
2026-09-09 07:34:50.218 10 WARNING neutron.api.rpc.agentnotifiers.dhcp_rpc_agent_api [None req-7f8f8c24-bc8c-46c0-b54c-d2b4a993906f 47269aae0d674b3681bfd15062e2c093 33036728eac74c56a1b48aa2bd6b71e3 - - - -] Unable to schedule network b5d57d4c-c4c1-40b9-9c3f-beb45a942aee: no agents available; will retry on subsequent port and subnet creation events.
2026-09-09 07:34:50.325 10 INFO neutron.db.ovn_revision_numbers_db [None req-7f8f8c24-bc8c-46c0-b54c-d2b4a993906f 47269aae0d674b3681bfd15062e2c093 33036728eac74c56a1b48aa2bd6b71e3 - - - -] Successfully bumped revision number for resource ae508e08-0873-49e0-894f-1db0d53c7501 (type: ports) to 1
2026-09-09 07:34:50.346 10 INFO neutron.wsgi [None req-7f8f8c24-bc8c-46c0-b54c-d2b4a993906f 47269aae0d674b3681bfd15062e2c093 33036728eac74c56a1b48aa2bd6b71e3 - - - -] 10.0.0.106 "POST /v2.0/ports HTTP/1.1" status: 201 len: 942 time: 0.3643861 /var/lib/openstack/lib/python3.10/site-packages/pycadf/identifier.py:71: UserWarning: Invalid uuid: neutron. To ensure interoperability, identifiers should be a valid uuid. warnings.warn(('Invalid uuid: %s. To ensure interoperability, '
2026-09-09 07:34:50.464 10 INFO neutron.db.segments_db [None req-8ac4ff9c-49ad-43e4-bf33-b484add0c811 47269aae0d674b3681bfd15062e2c093 33036728eac74c56a1b48aa2bd6b71e3 - - - -] Added segment 5b2bff87-538a-4656-bb7a-d17df4869bcc of type geneve for network 89e19b66-7969-4c09-9910-d130467756ce
2026-09-09 07:34:50.854 10 INFO neutron.db.ovn_revision_numbers_db [None req-8ac4ff9c-49ad-43e4-bf33-b484add0c811 47269aae0d674b3681bfd15062e2c093 33036728eac74c56a1b48aa2bd6b71e3 - - - -] Successfully bumped revision number for resource 89e19b66-7969-4c09-9910-d130467756ce (type: networks) to 1
2026-09-09 07:34:51.009 10 WARNING neutron.scheduler.dhcp_agent_scheduler [None req-8ac4ff9c-49ad-43e4-bf33-b484add0c811 47269aae0d674b3681bfd15062e2c093 33036728eac74c56a1b48aa2bd6b71e3 - - - -] No more DHCP agents
2026-09-09 07:34:51.010 10 WARNING neutron.api.rpc.agentnotifiers.dhcp_rpc_agent_api [None req-8ac4ff9c-49ad-43e4-bf33-b484add0c811 47269aae0d674b3681bfd15062e2c093 33036728eac74c56a1b48aa2bd6b71e3 - - - -] Unable to schedule network 89e19b66-7969-4c09-9910-d130467756ce: no agents available; will retry on subsequent port and subnet creation events.
2026-09-09 07:34:51.066 10 INFO neutron.db.ovn_revision_numbers_db [None req-8ac4ff9c-49ad-43e4-bf33-b484add0c811 47269aae0d674b3681bfd15062e2c093 33036728eac74c56a1b48aa2bd6b71e3 - - - -] Successfully bumped revision number for resource 36e9c83e-acec-47f7-ab89-717ccf7a57e3 (type: ports) to 1
2026-09-09 07:34:51.082 10 INFO neutron.wsgi [None req-8ac4ff9c-49ad-43e4-bf33-b484add0c811 47269aae0d674b3681bfd15062e2c093 33036728eac74c56a1b48aa2bd6b71e3 - - - -] 10.0.0.106 "POST /v2.0/networks HTTP/1.1" status: 201 len: 830 time: 0.7285948
2026-09-09 07:34:51.282 10 WARNING neutron.scheduler.dhcp_agent_scheduler [None req-5ca54766-f190-461c-8904-e0383df4fb8f 47269aae0d674b3681bfd15062e2c093 33036728eac74c56a1b48aa2bd6b71e3 - - - -] No more DHCP agents
2026-09-09 07:34:51.284 10 WARNING neutron.api.rpc.agentnotifiers.dhcp_rpc_agent_api [None req-5ca54766-f190-461c-8904-e0383df4fb8f 47269aae0d674b3681bfd15062e2c093 33036728eac74c56a1b48aa2bd6b71e3 - - - -] Unable to schedule network 89e19b66-7969-4c09-9910-d130467756ce: no agents available; will retry on subsequent port and subnet creation events.
2026-09-09 07:34:51.341 10 INFO neutron.db.ovn_revision_numbers_db [None req-5ca54766-f190-461c-8904-e0383df4fb8f 47269aae0d674b3681bfd15062e2c093 33036728eac74c56a1b48aa2bd6b71e3 - - - -] Successfully bumped revision number for resource 9830c15b-95d9-4fe0-943d-8eb91ed7cbc1 (type: ports) to 1
2026-09-09 07:34:51.359 10 INFO neutron.wsgi [None req-5ca54766-f190-461c-8904-e0383df4fb8f 47269aae0d674b3681bfd15062e2c093 33036728eac74c56a1b48aa2bd6b71e3 - - - -] 10.0.0.106 "POST /v2.0/ports HTTP/1.1" status: 201 len: 942 time: 0.2712252 /var/lib/openstack/lib/python3.10/site-packages/pycadf/identifier.py:71: UserWarning: Invalid uuid: neutron. To ensure interoperability, identifiers should be a valid uuid. warnings.warn(('Invalid uuid: %s. To ensure interoperability, '
2026-09-09 07:34:51.456 10 INFO neutron.db.segments_db [None req-17818e1b-a02e-4982-89e8-f32d2b0e0ef5 47269aae0d674b3681bfd15062e2c093 33036728eac74c56a1b48aa2bd6b71e3 - - - -] Added segment 31385628-e86d-4b98-ac06-9e9a262193d5 of type geneve for network 23b39e14-0b43-4ef1-9061-ae9098aa7c83
2026-09-09 07:34:51.593 10 INFO neutron.db.ovn_revision_numbers_db [None req-17818e1b-a02e-4982-89e8-f32d2b0e0ef5 47269aae0d674b3681bfd15062e2c093 33036728eac74c56a1b48aa2bd6b71e3 - - - -] Successfully bumped revision number for resource 23b39e14-0b43-4ef1-9061-ae9098aa7c83 (type: networks) to 1
2026-09-09 07:34:51.780 10 WARNING neutron.scheduler.dhcp_agent_scheduler [None req-17818e1b-a02e-4982-89e8-f32d2b0e0ef5 47269aae0d674b3681bfd15062e2c093 33036728eac74c56a1b48aa2bd6b71e3 - - - -] No more DHCP agents
2026-09-09 07:34:51.785 10 WARNING neutron.api.rpc.agentnotifiers.dhcp_rpc_agent_api [None req-17818e1b-a02e-4982-89e8-f32d2b0e0ef5 47269aae0d674b3681bfd15062e2c093 33036728eac74c56a1b48aa2bd6b71e3 - - - -] Unable to schedule network 23b39e14-0b43-4ef1-9061-ae9098aa7c83: no agents available; will retry on subsequent port and subnet creation events.
2026-09-09 07:34:51.864 10 INFO neutron.db.ovn_revision_numbers_db [None req-17818e1b-a02e-4982-89e8-f32d2b0e0ef5 47269aae0d674b3681bfd15062e2c093 33036728eac74c56a1b48aa2bd6b71e3 - - - -] Successfully bumped revision number for resource ddedeaa5-4573-4042-8108-f069b8c855dc (type: ports) to 1
2026-09-09 07:34:51.888 10 INFO neutron.wsgi [None req-17818e1b-a02e-4982-89e8-f32d2b0e0ef5 47269aae0d674b3681bfd15062e2c093 33036728eac74c56a1b48aa2bd6b71e3 - - - -] 10.0.0.106 "POST /v2.0/networks HTTP/1.1" status: 201 len: 831 time: 0.5237927
2026-09-09 07:34:52.100 10 WARNING neutron.scheduler.dhcp_agent_scheduler [None req-f738e0cd-bbad-4d4d-bcba-43b42e571ff0 47269aae0d674b3681bfd15062e2c093 33036728eac74c56a1b48aa2bd6b71e3 - - - -] No more DHCP agents
2026-09-09 07:34:52.102 10 WARNING neutron.api.rpc.agentnotifiers.dhcp_rpc_agent_api [None req-f738e0cd-bbad-4d4d-bcba-43b42e571ff0 47269aae0d674b3681bfd15062e2c093 33036728eac74c56a1b48aa2bd6b71e3 - - - -] Unable to schedule network 23b39e14-0b43-4ef1-9061-ae9098aa7c83: no agents available; will retry on subsequent port and subnet creation events.
2026-09-09 07:34:52.170 10 INFO neutron.db.ovn_revision_numbers_db [None req-f738e0cd-bbad-4d4d-bcba-43b42e571ff0 47269aae0d674b3681bfd15062e2c093 33036728eac74c56a1b48aa2bd6b71e3 - - - -] Successfully bumped revision number for resource 189ffd28-b491-403c-8e3d-c7beb478da75 (type: ports) to 1
2026-09-09 07:34:52.191 10 INFO neutron.wsgi [None req-f738e0cd-bbad-4d4d-bcba-43b42e571ff0 47269aae0d674b3681bfd15062e2c093 33036728eac74c56a1b48aa2bd6b71e3 - - - -] 10.0.0.106 "POST /v2.0/ports HTTP/1.1" status: 201 len: 942 time: 0.2974515 /var/lib/openstack/lib/python3.10/site-packages/pycadf/identifier.py:71: UserWarning: Invalid uuid: neutron. To ensure interoperability, identifiers should be a valid uuid. warnings.warn(('Invalid uuid: %s. To ensure interoperability, '
2026-09-09 07:34:52.314 10 INFO neutron.db.segments_db [None req-35c02030-090e-4b41-8130-942fd0898207 47269aae0d674b3681bfd15062e2c093 33036728eac74c56a1b48aa2bd6b71e3 - - - -] Added segment bbde7b87-c581-4b24-8a51-291f891df4d5 of type geneve for network 0853edcf-3bbe-4074-b17d-36407435878a
2026-09-09 07:34:52.462 10 INFO neutron.db.ovn_revision_numbers_db [None req-35c02030-090e-4b41-8130-942fd0898207 47269aae0d674b3681bfd15062e2c093 33036728eac74c56a1b48aa2bd6b71e3 - - - -] Successfully bumped revision number for resource 0853edcf-3bbe-4074-b17d-36407435878a (type: networks) to 1
2026-09-09 07:34:52.616 10 WARNING neutron.scheduler.dhcp_agent_scheduler [None req-35c02030-090e-4b41-8130-942fd0898207 47269aae0d674b3681bfd15062e2c093 33036728eac74c56a1b48aa2bd6b71e3 - - - -] No more DHCP agents
2026-09-09 07:34:52.618 10 WARNING neutron.api.rpc.agentnotifiers.dhcp_rpc_agent_api [None req-35c02030-090e-4b41-8130-942fd0898207 47269aae0d674b3681bfd15062e2c093 33036728eac74c56a1b48aa2bd6b71e3 - - - -] Unable to schedule network 0853edcf-3bbe-4074-b17d-36407435878a: no agents available; will retry on subsequent port and subnet creation events.
2026-09-09 07:34:52.693 10 INFO neutron.db.ovn_revision_numbers_db [None req-35c02030-090e-4b41-8130-942fd0898207 47269aae0d674b3681bfd15062e2c093 33036728eac74c56a1b48aa2bd6b71e3 - - - -] Successfully bumped revision number for resource 0153a167-7593-47a1-8a9c-339ba577cd27 (type: ports) to 1
2026-09-09 07:34:52.720 10 INFO neutron.wsgi [None req-35c02030-090e-4b41-8130-942fd0898207 47269aae0d674b3681bfd15062e2c093 33036728eac74c56a1b48aa2bd6b71e3 - - - -] 10.0.0.106 "POST /v2.0/networks HTTP/1.1" status: 201 len: 830 time: 0.5222919
2026-09-09 07:34:52.973 10 WARNING neutron.scheduler.dhcp_agent_scheduler [None req-8e7bd69c-ab32-401d-b8b1-082219cafeae 47269aae0d674b3681bfd15062e2c093 33036728eac74c56a1b48aa2bd6b71e3 - - - -] No more DHCP agents
2026-09-09 07:34:52.975 10 WARNING neutron.api.rpc.agentnotifiers.dhcp_rpc_agent_api [None req-8e7bd69c-ab32-401d-b8b1-082219cafeae 47269aae0d674b3681bfd15062e2c093 33036728eac74c56a1b48aa2bd6b71e3 - - - -] Unable to schedule network 0853edcf-3bbe-4074-b17d-36407435878a: no agents available; will retry on subsequent port and subnet creation events.
2026-09-09 07:34:53.041 10 INFO neutron.db.ovn_revision_numbers_db [None req-8e7bd69c-ab32-401d-b8b1-082219cafeae 47269aae0d674b3681bfd15062e2c093 33036728eac74c56a1b48aa2bd6b71e3 - - - -] Successfully bumped revision number for resource d2270aeb-360c-4d03-9928-cb93190be493 (type: ports) to 1
2026-09-09 07:34:53.090 10 INFO neutron.wsgi [None req-8e7bd69c-ab32-401d-b8b1-082219cafeae 47269aae0d674b3681bfd15062e2c093 33036728eac74c56a1b48aa2bd6b71e3 - - - -] 10.0.0.106 "POST /v2.0/ports HTTP/1.1" status: 201 len: 942 time: 0.3634911 /var/lib/openstack/lib/python3.10/site-packages/pycadf/identifier.py:71: UserWarning: Invalid uuid: neutron. To ensure interoperability, identifiers should be a valid uuid. warnings.warn(('Invalid uuid: %s. To ensure interoperability, '
2026-09-09 07:34:53.174 10 INFO neutron.wsgi [None req-c9099cfd-1510-445f-bffd-0315c27fbbc2 a0d6a4fa6e644dbfb627bc3fdbed4666 30f858c8e67e457bbd0b87527c516ced - - default default] 10.0.0.106 "GET /v2.0/ports?project_id=6bda1c08820d401bba475cdabd83d4cc&network_id=d83468d3-cc00-45e3-9cd5-8906166dd1c3 HTTP/1.1" status: 200 len: 3462 time: 0.0822361
2026-09-09 07:34:53.194 9 INFO neutron.db.segments_db [None req-064d7bed-4d5e-4d2a-aee9-91cfc0b514c2 47269aae0d674b3681bfd15062e2c093 33036728eac74c56a1b48aa2bd6b71e3 - - - -] Added segment b2dca789-d517-4b4d-aed4-f4628048f7a8 of type geneve for network 7bf46103-9c2f-45c2-9b62-0e9ec0e89637
2026-09-09 07:34:53.313 9 INFO neutron.db.ovn_revision_numbers_db [None req-064d7bed-4d5e-4d2a-aee9-91cfc0b514c2 47269aae0d674b3681bfd15062e2c093 33036728eac74c56a1b48aa2bd6b71e3 - - - -] Successfully bumped revision number for resource 7bf46103-9c2f-45c2-9b62-0e9ec0e89637 (type: networks) to 1
2026-09-09 07:34:53.436 9 INFO neutron.wsgi [None req-37723ec2-3bda-4a3b-b3a9-ca24bc0ed8da a0d6a4fa6e644dbfb627bc3fdbed4666 30f858c8e67e457bbd0b87527c516ced - - default default] 10.0.0.106 "GET /v2.0/subnets?network_id=d8c0c0d7-7e0f-4280-a8e5-4c5682799908 HTTP/1.1" status: 200 len: 838 time: 0.0598357
2026-09-09 07:34:53.500 9 WARNING neutron.scheduler.dhcp_agent_scheduler [None req-064d7bed-4d5e-4d2a-aee9-91cfc0b514c2 47269aae0d674b3681bfd15062e2c093 33036728eac74c56a1b48aa2bd6b71e3 - - - -] No more DHCP agents
2026-09-09 07:34:53.502 9 WARNING neutron.api.rpc.agentnotifiers.dhcp_rpc_agent_api [None req-064d7bed-4d5e-4d2a-aee9-91cfc0b514c2 47269aae0d674b3681bfd15062e2c093 33036728eac74c56a1b48aa2bd6b71e3 - - - -] Unable to schedule network 7bf46103-9c2f-45c2-9b62-0e9ec0e89637: no agents available; will retry on subsequent port and subnet creation events.
2026-09-09 07:34:53.558 9 INFO neutron.db.ovn_revision_numbers_db [None req-064d7bed-4d5e-4d2a-aee9-91cfc0b514c2 47269aae0d674b3681bfd15062e2c093 33036728eac74c56a1b48aa2bd6b71e3 - - - -] Successfully bumped revision number for resource 36bd3a59-70d3-4bcc-a33c-4c7a8be622b2 (type: ports) to 1
2026-09-09 07:34:53.578 9 INFO neutron.wsgi [None req-064d7bed-4d5e-4d2a-aee9-91cfc0b514c2 47269aae0d674b3681bfd15062e2c093 33036728eac74c56a1b48aa2bd6b71e3 - - - -] 10.0.0.106 "POST /v2.0/networks HTTP/1.1" status: 201 len: 831 time: 0.4832971
2026-09-09 07:34:53.721 10 INFO neutron.db.l3_db [None req-8c9e7ade-b498-4917-aca5-2dfb92dd2cbf 362b1ca066b0436db3d615d1acfda8de 6bda1c08820d401bba475cdabd83d4cc - - - -] Floating IP e2c72e45-cded-418e-be5c-1c23b6b098c8 disassociated. External IP: 10.96.250.214, port: ef41e332-ff32-4bce-b7b3-4d4a2025dc36.
2026-09-09 07:34:53.774 10 INFO neutron.db.ovn_revision_numbers_db [None req-8c9e7ade-b498-4917-aca5-2dfb92dd2cbf 362b1ca066b0436db3d615d1acfda8de 6bda1c08820d401bba475cdabd83d4cc - - - -] Successfully bumped revision number for resource e2c72e45-cded-418e-be5c-1c23b6b098c8 (type: floatingips) to 2
2026-09-09 07:34:53.825 9 WARNING neutron.scheduler.dhcp_agent_scheduler [None req-d3babef2-c7e9-47d4-bd91-3282c5a5a181 47269aae0d674b3681bfd15062e2c093 33036728eac74c56a1b48aa2bd6b71e3 - - - -] No more DHCP agents
2026-09-09 07:34:53.826 9 WARNING neutron.api.rpc.agentnotifiers.dhcp_rpc_agent_api [None req-d3babef2-c7e9-47d4-bd91-3282c5a5a181 47269aae0d674b3681bfd15062e2c093 33036728eac74c56a1b48aa2bd6b71e3 - - - -] Unable to schedule network 7bf46103-9c2f-45c2-9b62-0e9ec0e89637: no agents available; will retry on subsequent port and subnet creation events.
2026-09-09 07:34:53.882 10 INFO neutron.wsgi [None req-8c9e7ade-b498-4917-aca5-2dfb92dd2cbf 362b1ca066b0436db3d615d1acfda8de 6bda1c08820d401bba475cdabd83d4cc - - - -] 10.0.0.106 "PUT /v2.0/floatingips/e2c72e45-cded-418e-be5c-1c23b6b098c8 HTTP/1.1" status: 200 len: 748 time: 0.3158207
2026-09-09 07:34:53.885 9 INFO neutron.db.ovn_revision_numbers_db [None req-d3babef2-c7e9-47d4-bd91-3282c5a5a181 47269aae0d674b3681bfd15062e2c093 33036728eac74c56a1b48aa2bd6b71e3 - - - -] Successfully bumped revision number for resource 038a7686-2838-4083-9b43-2da399abe470 (type: ports) to 1 /var/lib/openstack/lib/python3.10/site-packages/pycadf/identifier.py:71: UserWarning: Invalid uuid: neutron. To ensure interoperability, identifiers should be a valid uuid. warnings.warn(('Invalid uuid: %s. To ensure interoperability, '
2026-09-09 07:34:53.922 9 INFO neutron.wsgi [None req-83526471-4dfc-4207-8bb1-cc79216c0c8a 362b1ca066b0436db3d615d1acfda8de 6bda1c08820d401bba475cdabd83d4cc - - default default] 10.0.0.106 "GET /v2.0/floatingips/e2c72e45-cded-418e-be5c-1c23b6b098c8 HTTP/1.1" status: 200 len: 746 time: 0.0348647
2026-09-09 07:34:53.931 9 INFO neutron.wsgi [None req-d3babef2-c7e9-47d4-bd91-3282c5a5a181 47269aae0d674b3681bfd15062e2c093 33036728eac74c56a1b48aa2bd6b71e3 - - - -] 10.0.0.106 "POST /v2.0/ports HTTP/1.1" status: 201 len: 942 time: 0.3487463
2026-09-09 07:34:53.936 10 INFO neutron.notifiers.nova [-] Nova event matching ['req-0c527239-522a-420d-821e-36eeefc753a9'] response: {'name': 'network-changed', 'server_uuid': '0b861978-7f80-45e5-af27-e85d7d42bf1b', 'tag': 'ef41e332-ff32-4bce-b7b3-4d4a2025dc36', 'status': 'completed', 'code': 200}
2026-09-09 07:34:53.976 9 INFO neutron.wsgi [None req-dfaf24dc-13c8-4062-8047-b2c4ee824119 47269aae0d674b3681bfd15062e2c093 33036728eac74c56a1b48aa2bd6b71e3 - - - -] 10.0.0.106 "PUT /v2.0/ports/ae508e08-0873-49e0-894f-1db0d53c7501/tags HTTP/1.1" status: 200 len: 210 time: 0.0409379 /var/lib/openstack/lib/python3.10/site-packages/pycadf/identifier.py:71: UserWarning: Invalid uuid: neutron. To ensure interoperability, identifiers should be a valid uuid. warnings.warn(('Invalid uuid: %s. To ensure interoperability, '
2026-09-09 07:34:53.986 9 INFO neutron.wsgi [req-984b8825-0c69-4afa-9684-2c6322c42111 req-48dfd8fa-90a2-4bb6-8faf-d748553d586e 38897e503a394cb0a323a9a069e740d6 5dea69e8d480437cb1958e422e7cdca8 - - 03e57b709f10441aa7a7705d4a886f60 03e57b709f10441aa7a7705d4a886f60] 162.253.55.147 "GET /v2.0/ports?tenant_id=6bda1c08820d401bba475cdabd83d4cc&device_id=0b861978-7f80-45e5-af27-e85d7d42bf1b HTTP/1.1" status: 200 len: 1361 time: 0.0306365
