2026-09-09 07:34:27.347 9 INFO neutron.wsgi [None req-63d16c90-7d97-4d90-b298-1df20d3bb72d 153144be5d9d4ad3bbb85fbebb0c6f1e 65167c832edb425e9bc00a82e5e5347a - - default default] 10.0.0.193 "GET /v2.0/extensions/qos HTTP/1.1" status: 200 len: 365 time: 0.0082572
2026-09-09 07:34:27.379 9 INFO neutron.wsgi [None req-9301eca9-d6a0-4b88-9420-233009b44365 153144be5d9d4ad3bbb85fbebb0c6f1e 65167c832edb425e9bc00a82e5e5347a - - default default] 10.0.0.193 "GET /v2.0/extensions/allowed-address-pairs HTTP/1.1" status: 200 len: 383 time: 0.0049388
2026-09-09 07:34:27.431 9 INFO neutron.wsgi [None req-bef02e72-48c9-45c6-9a21-09f5d6a1761a 153144be5d9d4ad3bbb85fbebb0c6f1e 65167c832edb425e9bc00a82e5e5347a - - default default] 10.0.0.193 "GET /v2.0/subnets/dc6789bf-3414-44be-8087-98f998c5f277 HTTP/1.1" status: 200 len: 850 time: 0.0422106
2026-09-09 07:34:27.592 9 INFO neutron.wsgi [None req-dd86eb97-efc5-410a-bfb9-6eee0a8a2da6 153144be5d9d4ad3bbb85fbebb0c6f1e 65167c832edb425e9bc00a82e5e5347a - - - -] 10.0.0.106 "PUT /v2.0/routers/69b47028-9f09-4588-aded-6488720d303c/remove_router_interface HTTP/1.1" status: 200 len: 503 time: 1.3851435 /var/lib/openstack/lib/python3.10/site-packages/pycadf/identifier.py:71: UserWarning: Invalid uuid: neutron. To ensure interoperability, identifiers should be a valid uuid. warnings.warn(('Invalid uuid: %s. To ensure interoperability, '
2026-09-09 07:34:27.630 9 INFO neutron.wsgi [None req-eabadb44-3ef6-4fb7-b94d-334a3e286c4b 153144be5d9d4ad3bbb85fbebb0c6f1e 65167c832edb425e9bc00a82e5e5347a - - default default] 10.0.0.193 "GET /v2.0/extensions/security-group HTTP/1.1" status: 200 len: 369 time: 0.0043743
2026-09-09 07:34:27.637 9 INFO neutron.wsgi [None req-0acfecaa-05dc-4c8e-b7b7-9fd477743b7b 153144be5d9d4ad3bbb85fbebb0c6f1e 65167c832edb425e9bc00a82e5e5347a - - default default] 10.0.0.193 "GET /v2.0/extensions/dns-integration HTTP/1.1" status: 200 len: 371 time: 0.0029273
2026-09-09 07:34:27.651 9 INFO neutron.wsgi [None req-cb6e99a0-5509-4f81-8f38-9c31f2501218 153144be5d9d4ad3bbb85fbebb0c6f1e 65167c832edb425e9bc00a82e5e5347a - - default default] 10.0.0.193 "GET /v2.0/extensions/qos HTTP/1.1" status: 200 len: 365 time: 0.0046327
2026-09-09 07:34:27.660 10 INFO neutron.db.ovn_revision_numbers_db [None req-745b5294-604c-4094-9bec-47760175c796 - - - - - -] Successfully bumped revision number for resource 711d733b-f302-4460-96ac-f8faa03e5104 (type: ports) to 2
2026-09-09 07:34:27.662 9 INFO neutron.wsgi [None req-bbb85eba-0086-48ed-b40b-a3dcf46baa37 153144be5d9d4ad3bbb85fbebb0c6f1e 65167c832edb425e9bc00a82e5e5347a - - default default] 10.0.0.193 "GET /v2.0/extensions/allowed-address-pairs HTTP/1.1" status: 200 len: 383 time: 0.0047534
2026-09-09 07:34:27.766 9 INFO neutron.wsgi [None req-20919c10-a6f1-4934-99b0-ae8f026dc68e 153144be5d9d4ad3bbb85fbebb0c6f1e 65167c832edb425e9bc00a82e5e5347a - - default default] 10.0.0.193 "GET /v2.0/networks/85c6be47-31eb-4fe5-b3dc-80b03b8903af HTTP/1.1" status: 200 len: 1000 time: 0.0967312
2026-09-09 07:34:27.777 9 INFO neutron.wsgi [None req-48b6d92c-5973-4635-88d3-3ab509efc3ca 153144be5d9d4ad3bbb85fbebb0c6f1e 65167c832edb425e9bc00a82e5e5347a - - default default] 10.0.0.193 "GET /v2.0/extensions/project-id HTTP/1.1" status: 200 len: 403 time: 0.0033009
2026-09-09 07:34:27.793 10 INFO neutron.db.ovn_revision_numbers_db [None req-335a786c-b098-4b1d-8a9a-4e27c5ad9356 362b1ca066b0436db3d615d1acfda8de 6bda1c08820d401bba475cdabd83d4cc - - - -] Successfully bumped revision number for resource acbff38e-fac2-43fa-942f-e0d35c9665cd (type: ports) to 2
2026-09-09 07:34:27.815 10 INFO neutron.db.ovn_revision_numbers_db [None req-335a786c-b098-4b1d-8a9a-4e27c5ad9356 362b1ca066b0436db3d615d1acfda8de 6bda1c08820d401bba475cdabd83d4cc - - - -] Successfully bumped revision number for resource 9c005710-81fc-4d70-807b-c5e8a9edafdb (type: subnets) to 0
2026-09-09 07:34:27.837 10 INFO neutron.wsgi [None req-335a786c-b098-4b1d-8a9a-4e27c5ad9356 362b1ca066b0436db3d615d1acfda8de 6bda1c08820d401bba475cdabd83d4cc - - - -] 10.0.0.106 "POST /v2.0/subnets HTTP/1.1" status: 201 len: 831 time: 1.2620485
2026-09-09 07:34:27.933 10 INFO neutron.db.ovn_revision_numbers_db [None req-745b5294-604c-4094-9bec-47760175c796 - - - - - -] Successfully bumped revision number for resource 711d733b-f302-4460-96ac-f8faa03e5104 (type: ports) to 4
2026-09-09 07:34:28.099 10 INFO neutron.db.ovn_revision_numbers_db [None req-745b5294-604c-4094-9bec-47760175c796 - - - - - -] Successfully bumped revision number for resource 711d733b-f302-4460-96ac-f8faa03e5104 (type: router_ports) to 4
2026-09-09 07:34:28.274 9 WARNING neutron.scheduler.dhcp_agent_scheduler [None req-9d1b2355-a067-444a-bcbe-2a2b34c60a88 153144be5d9d4ad3bbb85fbebb0c6f1e 65167c832edb425e9bc00a82e5e5347a - - - -] No more DHCP agents
2026-09-09 07:34:28.280 9 WARNING neutron.api.rpc.agentnotifiers.dhcp_rpc_agent_api [None req-9d1b2355-a067-444a-bcbe-2a2b34c60a88 153144be5d9d4ad3bbb85fbebb0c6f1e 65167c832edb425e9bc00a82e5e5347a - - - -] Unable to schedule network 85c6be47-31eb-4fe5-b3dc-80b03b8903af: no agents available; will retry on subsequent port and subnet creation events.
2026-09-09 07:34:28.843 9 INFO neutron.db.ovn_revision_numbers_db [None req-9d1b2355-a067-444a-bcbe-2a2b34c60a88 153144be5d9d4ad3bbb85fbebb0c6f1e 65167c832edb425e9bc00a82e5e5347a - - - -] Successfully bumped revision number for resource 2aafbb9e-c2db-41b3-a4c5-e0391f495c38 (type: ports) to 1
2026-09-09 07:34:28.884 9 INFO neutron.wsgi [None req-9d1b2355-a067-444a-bcbe-2a2b34c60a88 153144be5d9d4ad3bbb85fbebb0c6f1e 65167c832edb425e9bc00a82e5e5347a - - - -] 10.0.0.193 "POST /v2.0/ports HTTP/1.1" status: 201 len: 1337 time: 1.0990996
2026-09-09 07:34:28.892 9 INFO neutron.wsgi [None req-d2fe81ab-4e4e-4471-b84d-8fa7bb52ad5c 153144be5d9d4ad3bbb85fbebb0c6f1e 65167c832edb425e9bc00a82e5e5347a - - - -] 10.0.0.106 "DELETE /v2.0/routers/69b47028-9f09-4588-aded-6488720d303c HTTP/1.1" status: 204 len: 168 time: 1.2925332
2026-09-09 07:34:28.978 9 WARNING neutron.scheduler.dhcp_agent_scheduler [None req-5477d391-a3bd-434c-b73f-aced7d7d5f7f 362b1ca066b0436db3d615d1acfda8de 6bda1c08820d401bba475cdabd83d4cc - - default default] No more DHCP agents
2026-09-09 07:34:28.981 9 WARNING neutron.api.rpc.agentnotifiers.dhcp_rpc_agent_api [None req-5477d391-a3bd-434c-b73f-aced7d7d5f7f 362b1ca066b0436db3d615d1acfda8de 6bda1c08820d401bba475cdabd83d4cc - - default default] Unable to schedule network d83468d3-cc00-45e3-9cd5-8906166dd1c3: no agents available; will retry on subsequent port and subnet creation events.
2026-09-09 07:34:29.126 10 INFO neutron.wsgi [None req-48076091-0f8b-49bb-b330-aa83de994953 153144be5d9d4ad3bbb85fbebb0c6f1e 65167c832edb425e9bc00a82e5e5347a - - - -] 10.0.0.106 "DELETE /v2.0/subnets/0315f5a0-827a-4a06-97af-d45b0c3a5782 HTTP/1.1" status: 204 len: 168 time: 0.2285268 /var/lib/openstack/lib/python3.10/site-packages/pycadf/identifier.py:71: UserWarning: Invalid uuid: neutron. To ensure interoperability, identifiers should be a valid uuid. warnings.warn(('Invalid uuid: %s. To ensure interoperability, '
2026-09-09 07:34:29.154 9 INFO neutron.db.ovn_revision_numbers_db [None req-5477d391-a3bd-434c-b73f-aced7d7d5f7f 362b1ca066b0436db3d615d1acfda8de 6bda1c08820d401bba475cdabd83d4cc - - default default] Successfully bumped revision number for resource 4d2805de-81ce-4a03-a763-aa9531c4848f (type: ports) to 1
2026-09-09 07:34:29.577 9 INFO neutron.services.segments.plugin [-] Segment 5264fbaa-d2a3-498c-8428-abfae53d6829 resource provider aggregate not found
2026-09-09 07:34:29.584 9 INFO neutron.services.segments.plugin [-] Segment 5264fbaa-d2a3-498c-8428-abfae53d6829 resource provider aggregate not found
2026-09-09 07:34:29.600 9 INFO neutron.services.segments.plugin [-] Segment 5264fbaa-d2a3-498c-8428-abfae53d6829 resource provider not found; error: Placement Client Error (4xx): {"errors": [{"status": 404, "title": "Not Found", "detail": "The resource could not be found.\n\n No resource provider with uuid 5264fbaa-d2a3-498c-8428-abfae53d6829 found for delete ", "request_id": "req-49d36370-d8cd-4f74-a769-b30e50c807b6"}]}
2026-09-09 07:34:29.610 9 INFO neutron.services.segments.plugin [-] Segment 5264fbaa-d2a3-498c-8428-abfae53d6829 resource provider not found; error: Placement Client Error (4xx): {"errors": [{"status": 404, "title": "Not Found", "detail": "The resource could not be found.\n\n No resource provider with uuid 5264fbaa-d2a3-498c-8428-abfae53d6829 found for delete ", "request_id": "req-0af672d7-d3bc-4975-9138-0762737a5733"}]}
2026-09-09 07:34:29.633 9 INFO neutron.wsgi [None req-9b014e70-4361-4847-b3ad-9b994574a001 153144be5d9d4ad3bbb85fbebb0c6f1e 65167c832edb425e9bc00a82e5e5347a - - - -] 10.0.0.106 "DELETE /v2.0/networks/f4b518d7-ac0a-4442-bdc0-c965b4c25ef5 HTTP/1.1" status: 204 len: 168 time: 0.4996989
2026-09-09 07:34:29.750 9 INFO neutron.plugins.ml2.drivers.ovn.mech_driver.mech_driver [None req-ae8c3285-9e08-4a0e-8841-626e27027ba2 - - - - - -] OVN reports status up for port: 4d2805de-81ce-4a03-a763-aa9531c4848f
2026-09-09 07:34:29.752 9 INFO neutron.db.ovn_revision_numbers_db [None req-5477d391-a3bd-434c-b73f-aced7d7d5f7f 362b1ca066b0436db3d615d1acfda8de 6bda1c08820d401bba475cdabd83d4cc - - default default] Successfully bumped revision number for resource 4d2805de-81ce-4a03-a763-aa9531c4848f (type: router_ports) to 2
2026-09-09 07:34:29.761 9 INFO neutron.plugins.ml2.plugin [None req-ae8c3285-9e08-4a0e-8841-626e27027ba2 - - - - - -] Attempt 1 to provision port 4d2805de-81ce-4a03-a763-aa9531c4848f
2026-09-09 07:34:29.915 9 INFO neutron.db.ovn_revision_numbers_db [None req-5477d391-a3bd-434c-b73f-aced7d7d5f7f 362b1ca066b0436db3d615d1acfda8de 6bda1c08820d401bba475cdabd83d4cc - - default default] Successfully bumped revision number for resource 4d2805de-81ce-4a03-a763-aa9531c4848f (type: ports) to 2
2026-09-09 07:34:29.982 10 INFO neutron.wsgi [None req-23e72937-bf94-4762-94c3-13662e3a126e 153144be5d9d4ad3bbb85fbebb0c6f1e 65167c832edb425e9bc00a82e5e5347a - - default default] 10.0.0.106 "GET /v2.0/security-groups?tenant_id=299d49f6870e4dc79ce142e49f638035&name=default HTTP/1.1" status: 200 len: 2996 time: 0.0248106
2026-09-09 07:34:30.040 9 WARNING neutron.scheduler.dhcp_agent_scheduler [None req-5477d391-a3bd-434c-b73f-aced7d7d5f7f 362b1ca066b0436db3d615d1acfda8de 6bda1c08820d401bba475cdabd83d4cc - - default default] No more DHCP agents
2026-09-09 07:34:30.043 9 WARNING neutron.api.rpc.agentnotifiers.dhcp_rpc_agent_api [None req-5477d391-a3bd-434c-b73f-aced7d7d5f7f 362b1ca066b0436db3d615d1acfda8de 6bda1c08820d401bba475cdabd83d4cc - - default default] Unable to schedule network d83468d3-cc00-45e3-9cd5-8906166dd1c3: no agents available; will retry on subsequent port and subnet creation events.
2026-09-09 07:34:30.129 9 INFO neutron.db.ovn_revision_numbers_db [None req-ae8c3285-9e08-4a0e-8841-626e27027ba2 - - - - - -] Successfully bumped revision number for resource 4d2805de-81ce-4a03-a763-aa9531c4848f (type: ports) to 3
2026-09-09 07:34:30.143 10 INFO neutron.wsgi [None req-18329027-5562-4646-925e-86aa2a1fe9ce 153144be5d9d4ad3bbb85fbebb0c6f1e 65167c832edb425e9bc00a82e5e5347a - - - -] 10.0.0.106 "DELETE /v2.0/security-groups/2ed55e16-335b-4f87-b2f0-6b2aa6322fed HTTP/1.1" status: 204 len: 168 time: 0.1559587
2026-09-09 07:34:30.284 9 INFO neutron.db.ovn_revision_numbers_db [None req-ae8c3285-9e08-4a0e-8841-626e27027ba2 - - - - - -] Successfully bumped revision number for resource 4d2805de-81ce-4a03-a763-aa9531c4848f (type: router_ports) to 3
2026-09-09 07:34:30.394 10 INFO neutron.wsgi [None req-94f99fa1-35c0-4c50-8b65-777d985b1746 153144be5d9d4ad3bbb85fbebb0c6f1e 65167c832edb425e9bc00a82e5e5347a - - default default] 10.0.0.106 "GET /v2.0/security-groups?tenant_id=f07714aea7c742a984e31a4e9cbfd599&name=default HTTP/1.1" status: 200 len: 2996 time: 0.0399916
2026-09-09 07:34:30.432 9 INFO neutron.db.ovn_revision_numbers_db [None req-5477d391-a3bd-434c-b73f-aced7d7d5f7f 362b1ca066b0436db3d615d1acfda8de 6bda1c08820d401bba475cdabd83d4cc - - - -] Successfully bumped revision number for resource 4d2805de-81ce-4a03-a763-aa9531c4848f (type: router_ports) to 3
2026-09-09 07:34:30.434 9 INFO neutron.wsgi [None req-5477d391-a3bd-434c-b73f-aced7d7d5f7f 362b1ca066b0436db3d615d1acfda8de 6bda1c08820d401bba475cdabd83d4cc - - - -] 10.0.0.106 "PUT /v2.0/routers/a12e84cd-98cb-423b-b856-01eb9df5c04d/add_router_interface HTTP/1.1" status: 200 len: 503 time: 2.5900953
2026-09-09 07:34:30.531 10 INFO neutron.wsgi [None req-ad4d6d27-6471-444e-9bdd-36e8d08d3904 a0d6a4fa6e644dbfb627bc3fdbed4666 30f858c8e67e457bbd0b87527c516ced - - default default] 10.0.0.106 "GET /v2.0/networks HTTP/1.1" status: 200 len: 5485 time: 0.0912790
2026-09-09 07:34:30.582 9 INFO neutron.wsgi [None req-8de8b52a-b4e0-4886-a2b1-4c564b6fcc41 153144be5d9d4ad3bbb85fbebb0c6f1e 65167c832edb425e9bc00a82e5e5347a - - default default] 162.253.55.147 "GET /v2.0/extensions/security-group HTTP/1.1" status: 200 len: 369 time: 0.2037909
2026-09-09 07:34:30.593 9 INFO neutron.wsgi [None req-d5572b64-0811-4d2a-bdf4-8ef8b7129ac8 153144be5d9d4ad3bbb85fbebb0c6f1e 65167c832edb425e9bc00a82e5e5347a - - default default] 162.253.55.147 "GET /v2.0/extensions/dns-integration HTTP/1.1" status: 200 len: 371 time: 0.0050492
2026-09-09 07:34:30.602 9 INFO neutron.wsgi [None req-456918bf-06bb-4faa-a526-a0b62ef78a3f 153144be5d9d4ad3bbb85fbebb0c6f1e 65167c832edb425e9bc00a82e5e5347a - - default default] 162.253.55.147 "GET /v2.0/extensions/qos HTTP/1.1" status: 200 len: 365 time: 0.0041380
2026-09-09 07:34:30.607 9 INFO neutron.wsgi [None req-fbcec8e6-aaad-4a63-a7d1-82dbbdb2af34 a0d6a4fa6e644dbfb627bc3fdbed4666 30f858c8e67e457bbd0b87527c516ced - - default default] 10.0.0.106 "GET /v2.0/subnets HTTP/1.1" status: 200 len: 6157 time: 0.0710278
2026-09-09 07:34:30.612 9 INFO neutron.wsgi [None req-c04b77a7-9821-4bde-81d7-e4ce870f09b4 153144be5d9d4ad3bbb85fbebb0c6f1e 65167c832edb425e9bc00a82e5e5347a - - default default] 162.253.55.147 "GET /v2.0/extensions/allowed-address-pairs HTTP/1.1" status: 200 len: 383 time: 0.0047190
2026-09-09 07:34:30.665 10 INFO neutron.wsgi [None req-878aec90-db4d-42d8-a15d-ed38867a116f 153144be5d9d4ad3bbb85fbebb0c6f1e 65167c832edb425e9bc00a82e5e5347a - - - -] 10.0.0.106 "DELETE /v2.0/security-groups/4a8b3eff-34be-49c2-9194-57c8776f4164 HTTP/1.1" status: 204 len: 168 time: 0.2648335
2026-09-09 07:34:30.682 9 INFO neutron.wsgi [None req-7b8ee8f2-c0da-4f2d-8e10-92da42e5f437 153144be5d9d4ad3bbb85fbebb0c6f1e 65167c832edb425e9bc00a82e5e5347a - - default default] 162.253.55.147 "GET /v2.0/ports/2aafbb9e-c2db-41b3-a4c5-e0391f495c38 HTTP/1.1" status: 200 len: 1332 time: 0.0609646
2026-09-09 07:34:30.740 10 INFO neutron.wsgi [None req-20acd254-b34f-49bc-8d84-348679ff04ec a0d6a4fa6e644dbfb627bc3fdbed4666 30f858c8e67e457bbd0b87527c516ced - - default default] 10.0.0.106 "GET /v2.0/routers HTTP/1.1" status: 200 len: 1540 time: 0.1269429
2026-09-09 07:34:30.859 9 INFO neutron.wsgi [None req-704725e4-e614-4cca-b0e7-aa438a5f0827 153144be5d9d4ad3bbb85fbebb0c6f1e 65167c832edb425e9bc00a82e5e5347a - - default default] 162.253.55.147 "GET /v2.0/extensions/security-group HTTP/1.1" status: 200 len: 369 time: 0.0074730
2026-09-09 07:34:30.871 9 INFO neutron.wsgi [None req-97c98987-e3c0-49ee-8bc4-a96e02f1eb47 153144be5d9d4ad3bbb85fbebb0c6f1e 65167c832edb425e9bc00a82e5e5347a - - default default] 162.253.55.147 "GET /v2.0/extensions/dns-integration HTTP/1.1" status: 200 len: 371 time: 0.0060537
2026-09-09 07:34:30.882 9 INFO neutron.wsgi [None req-87384efb-5d49-412b-9957-05b51154a082 153144be5d9d4ad3bbb85fbebb0c6f1e 65167c832edb425e9bc00a82e5e5347a - - default default] 162.253.55.147 "GET /v2.0/extensions/qos HTTP/1.1" status: 200 len: 365 time: 0.0059869
2026-09-09 07:34:30.896 9 INFO neutron.wsgi [None req-41108894-3e28-485f-9922-0596675a9ecb 153144be5d9d4ad3bbb85fbebb0c6f1e 65167c832edb425e9bc00a82e5e5347a - - default default] 162.253.55.147 "GET /v2.0/extensions/allowed-address-pairs HTTP/1.1" status: 200 len: 383 time: 0.0070586
2026-09-09 07:34:30.920 10 INFO neutron.db.ovn_revision_numbers_db [None req-fea68205-608c-4f96-ad9a-f9c54a90091b 362b1ca066b0436db3d615d1acfda8de 6bda1c08820d401bba475cdabd83d4cc - - - -] Successfully bumped revision number for resource 1d0188e0-461f-4e72-8326-db5c92e5530d (type: security_groups) to 1
2026-09-09 07:34:30.938 9 INFO neutron.wsgi [None req-c260f80f-4a62-4168-8b5a-b384bd259a35 153144be5d9d4ad3bbb85fbebb0c6f1e 65167c832edb425e9bc00a82e5e5347a - - default default] 162.253.55.147 "GET /v2.0/security-groups?name=lb-03e24a28-bbad-49ea-9bc3-12103967aa03 HTTP/1.1" status: 200 len: 221 time: 0.0340316
2026-09-09 07:34:30.941 10 INFO neutron.wsgi [None req-fea68205-608c-4f96-ad9a-f9c54a90091b 362b1ca066b0436db3d615d1acfda8de 6bda1c08820d401bba475cdabd83d4cc - - - -] 10.0.0.106 "POST /v2.0/security-groups HTTP/1.1" status: 201 len: 1811 time: 0.1150384
2026-09-09 07:34:31.044 9 INFO neutron.db.ovn_revision_numbers_db [None req-0988ce4f-1b3b-46e3-8286-b847439ccf5d 153144be5d9d4ad3bbb85fbebb0c6f1e 65167c832edb425e9bc00a82e5e5347a - - - -] Successfully bumped revision number for resource d4869003-8569-49aa-908b-26d1e607b81d (type: security_groups) to 1
2026-09-09 07:34:31.052 10 INFO neutron.db.ovn_revision_numbers_db [None req-860da99d-afcf-4942-a0cf-95945b9b81c8 362b1ca066b0436db3d615d1acfda8de 6bda1c08820d401bba475cdabd83d4cc - - - -] Successfully bumped revision number for resource a1b6e3e8-b140-4857-bdf6-682ce29d3d88 (type: security_group_rules) to 0
2026-09-09 07:34:31.065 9 INFO neutron.wsgi [None req-0988ce4f-1b3b-46e3-8286-b847439ccf5d 153144be5d9d4ad3bbb85fbebb0c6f1e 65167c832edb425e9bc00a82e5e5347a - - - -] 162.253.55.147 "POST /v2.0/security-groups HTTP/1.1" status: 201 len: 1777 time: 0.1198037
2026-09-09 07:34:31.071 10 INFO neutron.wsgi [None req-860da99d-afcf-4942-a0cf-95945b9b81c8 362b1ca066b0436db3d615d1acfda8de 6bda1c08820d401bba475cdabd83d4cc - - - -] 10.0.0.106 "POST /v2.0/security-group-rules HTTP/1.1" status: 201 len: 764 time: 0.1241727
2026-09-09 07:34:31.096 9 INFO neutron.wsgi [None req-3b244fb2-daeb-43b5-aa21-ff4edf410ed5 153144be5d9d4ad3bbb85fbebb0c6f1e 65167c832edb425e9bc00a82e5e5347a - - default default] 162.253.55.147 "GET /v2.0/security-group-rules?security_group_id=d4869003-8569-49aa-908b-26d1e607b81d HTTP/1.1" status: 200 len: 1318 time: 0.0238011
2026-09-09 07:34:31.165 10 INFO neutron.db.ovn_revision_numbers_db [None req-c17f5ada-23bc-4ff1-bb1e-5f00812ae48a 362b1ca066b0436db3d615d1acfda8de 6bda1c08820d401bba475cdabd83d4cc - - - -] Successfully bumped revision number for resource b68ba3da-901c-4158-81d3-b104c6ac6c2f (type: security_group_rules) to 0
2026-09-09 07:34:31.184 10 INFO neutron.wsgi [None req-c17f5ada-23bc-4ff1-bb1e-5f00812ae48a 362b1ca066b0436db3d615d1acfda8de 6bda1c08820d401bba475cdabd83d4cc - - - -] 10.0.0.106 "POST /v2.0/security-group-rules HTTP/1.1" status: 201 len: 763 time: 0.1070590
2026-09-09 07:34:31.297 10 INFO neutron.db.ovn_revision_numbers_db [None req-c4888db3-05af-4c4e-8d11-3264d8e99280 362b1ca066b0436db3d615d1acfda8de 6bda1c08820d401bba475cdabd83d4cc - - - -] Successfully bumped revision number for resource 0eb89b1f-a2d7-4b58-ad37-c31a087ec1d3 (type: security_group_rules) to 0
2026-09-09 07:34:31.323 10 INFO neutron.wsgi [None req-c4888db3-05af-4c4e-8d11-3264d8e99280 362b1ca066b0436db3d615d1acfda8de 6bda1c08820d401bba475cdabd83d4cc - - - -] 10.0.0.106 "POST /v2.0/security-group-rules HTTP/1.1" status: 201 len: 769 time: 0.1331439
2026-09-09 07:34:31.500 10 INFO neutron.db.ovn_revision_numbers_db [None req-cce9cf79-22fa-44f4-8c5d-2a46b7dddd92 362b1ca066b0436db3d615d1acfda8de 6bda1c08820d401bba475cdabd83d4cc - - - -] Successfully bumped revision number for resource 47d9b3f6-f73d-45eb-9273-2e81f5e15575 (type: security_group_rules) to 0
2026-09-09 07:34:31.531 10 INFO neutron.wsgi [None req-cce9cf79-22fa-44f4-8c5d-2a46b7dddd92 362b1ca066b0436db3d615d1acfda8de 6bda1c08820d401bba475cdabd83d4cc - - - -] 10.0.0.106 "POST /v2.0/security-group-rules HTTP/1.1" status: 201 len: 768 time: 0.2021208
2026-09-09 07:34:31.570 9 INFO neutron.db.securitygroups_db [None req-039d2729-34c6-450f-bea4-af673b62900d 362b1ca066b0436db3d615d1acfda8de 6bda1c08820d401bba475cdabd83d4cc - - - -] Project 6bda1c08820d401bba475cdabd83d4cc added a security group rule with legacy IPv6 ICMP protocol name icmp, ipv6-icmp should be used instead. It was automatically converted.
2026-09-09 07:34:31.683 9 INFO neutron.db.ovn_revision_numbers_db [None req-039d2729-34c6-450f-bea4-af673b62900d 362b1ca066b0436db3d615d1acfda8de 6bda1c08820d401bba475cdabd83d4cc - - - -] Successfully bumped revision number for resource 5b25e2a1-34af-4fb6-adab-f16fd1c954f7 (type: security_group_rules) to 0
2026-09-09 07:34:31.730 9 INFO neutron.wsgi [None req-039d2729-34c6-450f-bea4-af673b62900d 362b1ca066b0436db3d615d1acfda8de 6bda1c08820d401bba475cdabd83d4cc - - - -] 10.0.0.106 "POST /v2.0/security-group-rules HTTP/1.1" status: 201 len: 774 time: 0.1929636 /var/lib/openstack/lib/python3.10/site-packages/pycadf/identifier.py:71: UserWarning: Invalid uuid: neutron. To ensure interoperability, identifiers should be a valid uuid. warnings.warn(('Invalid uuid: %s. To ensure interoperability, '
2026-09-09 07:34:31.765 9 INFO neutron.db.securitygroups_db [None req-30858d90-0d3d-4c7e-b006-6a2b0a932ad5 362b1ca066b0436db3d615d1acfda8de 6bda1c08820d401bba475cdabd83d4cc - - - -] Project 6bda1c08820d401bba475cdabd83d4cc added a security group rule with legacy IPv6 ICMP protocol name icmp, ipv6-icmp should be used instead. It was automatically converted.
2026-09-09 07:34:31.767 9 INFO neutron.db.ovn_revision_numbers_db [None req-2a003174-d588-40c9-b49d-65d46730db75 153144be5d9d4ad3bbb85fbebb0c6f1e 65167c832edb425e9bc00a82e5e5347a - - - -] Successfully bumped revision number for resource 2aafbb9e-c2db-41b3-a4c5-e0391f495c38 (type: ports) to 2
2026-09-09 07:34:31.776 9 INFO neutron.wsgi [None req-2a003174-d588-40c9-b49d-65d46730db75 153144be5d9d4ad3bbb85fbebb0c6f1e 65167c832edb425e9bc00a82e5e5347a - - - -] 162.253.55.147 "PUT /v2.0/ports/2aafbb9e-c2db-41b3-a4c5-e0391f495c38 HTTP/1.1" status: 200 len: 1332 time: 0.6658692
2026-09-09 07:34:31.795 9 INFO neutron.wsgi [None req-cef0e4ea-515e-4513-9021-b8511205c92c 153144be5d9d4ad3bbb85fbebb0c6f1e 65167c832edb425e9bc00a82e5e5347a - - default default] 162.253.55.147 "GET /v2.0/extensions/security-group HTTP/1.1" status: 200 len: 369 time: 0.0061145
2026-09-09 07:34:31.805 9 INFO neutron.wsgi [None req-f9750fe5-fc41-4943-86a0-0de99ffd3157 153144be5d9d4ad3bbb85fbebb0c6f1e 65167c832edb425e9bc00a82e5e5347a - - default default] 162.253.55.147 "GET /v2.0/extensions/dns-integration HTTP/1.1" status: 200 len: 371 time: 0.0043950
2026-09-09 07:34:31.812 9 INFO neutron.wsgi [None req-7e6a6212-73aa-43e6-bd89-3fbde3e1db74 153144be5d9d4ad3bbb85fbebb0c6f1e 65167c832edb425e9bc00a82e5e5347a - - default default] 162.253.55.147 "GET /v2.0/extensions/qos HTTP/1.1" status: 200 len: 365 time: 0.0029552
2026-09-09 07:34:31.822 9 INFO neutron.wsgi [None req-4659349f-9f74-45d9-b45d-73dd61e9ab24 153144be5d9d4ad3bbb85fbebb0c6f1e 65167c832edb425e9bc00a82e5e5347a - - default default] 162.253.55.147 "GET /v2.0/extensions/allowed-address-pairs HTTP/1.1" status: 200 len: 383 time: 0.0030913
2026-09-09 07:34:31.862 9 INFO neutron.wsgi [None req-776daa38-8657-49ba-be7f-4be4ac59ee6f 153144be5d9d4ad3bbb85fbebb0c6f1e 65167c832edb425e9bc00a82e5e5347a - - default default] 162.253.55.147 "GET /v2.0/subnets/dc6789bf-3414-44be-8087-98f998c5f277 HTTP/1.1" status: 200 len: 850 time: 0.0311987
2026-09-09 07:34:31.879 9 INFO neutron.db.ovn_revision_numbers_db [None req-30858d90-0d3d-4c7e-b006-6a2b0a932ad5 362b1ca066b0436db3d615d1acfda8de 6bda1c08820d401bba475cdabd83d4cc - - - -] Successfully bumped revision number for resource f2471197-624d-4992-afdf-cb293582fc8c (type: security_group_rules) to 0
2026-09-09 07:34:31.901 9 INFO neutron.wsgi [None req-30858d90-0d3d-4c7e-b006-6a2b0a932ad5 362b1ca066b0436db3d615d1acfda8de 6bda1c08820d401bba475cdabd83d4cc - - - -] 10.0.0.106 "POST /v2.0/security-group-rules HTTP/1.1" status: 201 len: 773 time: 0.1626999
2026-09-09 07:34:32.211 9 INFO neutron.wsgi [-] 10.0.0.34 "GET / HTTP/1.1" status: 200 len: 247 time: 0.0023918
2026-09-09 07:34:32.214 9 INFO neutron.wsgi [-] 10.0.0.34 "GET / HTTP/1.1" status: 200 len: 247 time: 0.0018520
2026-09-09 07:34:32.519 9 INFO neutron.wsgi [None req-47fea0f8-db17-4041-a1ab-fd54847424f2 362b1ca066b0436db3d615d1acfda8de 6bda1c08820d401bba475cdabd83d4cc - - default default] 10.0.0.106 "GET /v2.0/networks HTTP/1.1" status: 200 len: 1493 time: 0.2557874
2026-09-09 07:34:32.535 9 INFO neutron.wsgi [None req-2ceda1ef-9c00-4ae0-9c5a-fb97a6b5d394 153144be5d9d4ad3bbb85fbebb0c6f1e 65167c832edb425e9bc00a82e5e5347a - - default default] 10.0.0.87 "GET /v2.0/network-ip-availabilities HTTP/1.1" status: 200 len: 3811 time: 0.0819142
2026-09-09 07:34:32.601 9 INFO neutron.wsgi [None req-6dcd52cf-8994-4214-a90b-101afdfe0ef2 153144be5d9d4ad3bbb85fbebb0c6f1e 65167c832edb425e9bc00a82e5e5347a - - default default] 10.0.0.87 "GET /v2.0/ports HTTP/1.1" status: 200 len: 21640 time: 0.0575907
2026-09-09 07:34:32.686 10 INFO neutron.wsgi [req-772aac4a-40ab-4aef-b447-9fec73311240 req-f6495f4a-d6fe-4fd7-aad0-bff62f888bfb 362b1ca066b0436db3d615d1acfda8de 6bda1c08820d401bba475cdabd83d4cc - - default default] 10.0.0.240 "GET /v2.0/security-groups?name=tempest-secgroup-smoke-1699349586&fields=id&tenant_id=6bda1c08820d401bba475cdabd83d4cc HTTP/1.1" status: 200 len: 267 time: 0.0553837
2026-09-09 07:34:32.721 9 INFO neutron.wsgi [None req-1847f63d-d1bf-4679-af38-dfff5b660de9 153144be5d9d4ad3bbb85fbebb0c6f1e 65167c832edb425e9bc00a82e5e5347a - - default default] 10.0.0.87 "GET /v2.0/routers HTTP/1.1" status: 200 len: 1521 time: 0.1032605
2026-09-09 07:34:32.736 9 INFO neutron.wsgi [None req-7640f7c8-77ec-4abf-8bf4-b3d87c3415d4 153144be5d9d4ad3bbb85fbebb0c6f1e 65167c832edb425e9bc00a82e5e5347a - - default default] 10.0.0.87 "GET /v2.0/agents?binary=ovn-controller HTTP/1.1" status: 200 len: 591 time: 0.0133898
2026-09-09 07:34:32.772 10 INFO neutron.wsgi [req-772aac4a-40ab-4aef-b447-9fec73311240 req-11d8ee85-3f71-4b7c-94ab-bbad0ad55f2a 362b1ca066b0436db3d615d1acfda8de 6bda1c08820d401bba475cdabd83d4cc - - default default] 10.0.0.240 "GET /v2.0/networks?id=d83468d3-cc00-45e3-9cd5-8906166dd1c3 HTTP/1.1" status: 200 len: 860 time: 0.0799098
2026-09-09 07:34:32.773 9 INFO neutron.wsgi [None req-e9bda861-a08e-4939-851e-157766194cd1 153144be5d9d4ad3bbb85fbebb0c6f1e 65167c832edb425e9bc00a82e5e5347a - - default default] 10.0.0.87 "GET /v2.0/subnets HTTP/1.1" status: 200 len: 6138 time: 0.0361092
2026-09-09 07:34:32.788 9 INFO neutron.wsgi [None req-bc86d9a7-90fc-4ec1-aee3-c35e5bef1af5 153144be5d9d4ad3bbb85fbebb0c6f1e 65167c832edb425e9bc00a82e5e5347a - - default default] 10.0.0.87 "GET /v2.0/subnetpools HTTP/1.1" status: 200 len: 193 time: 0.0119665
2026-09-09 07:34:32.797 10 INFO neutron.wsgi [req-772aac4a-40ab-4aef-b447-9fec73311240 req-998fe966-eda8-4b91-9a3b-1c6f5e401991 362b1ca066b0436db3d615d1acfda8de 6bda1c08820d401bba475cdabd83d4cc - - default default] 10.0.0.240 "GET /v2.0/quotas/6bda1c08820d401bba475cdabd83d4cc HTTP/1.1" status: 200 len: 386 time: 0.0195658
2026-09-09 07:34:32.888 10 INFO neutron.wsgi [req-772aac4a-40ab-4aef-b447-9fec73311240 req-a61f01f1-8d51-440c-bb72-a8cca5fab17a 362b1ca066b0436db3d615d1acfda8de 6bda1c08820d401bba475cdabd83d4cc - - default default] 10.0.0.240 "GET /v2.0/ports?tenant_id=6bda1c08820d401bba475cdabd83d4cc&fields=id HTTP/1.1" status: 200 len: 302 time: 0.0855510
2026-09-09 07:34:32.895 9 INFO neutron.wsgi [None req-da252518-9b33-4d97-b08b-7b6fa01b11e7 153144be5d9d4ad3bbb85fbebb0c6f1e 65167c832edb425e9bc00a82e5e5347a - - default default] 10.0.0.87 "GET /v2.0/networks HTTP/1.1" status: 200 len: 5466 time: 0.1063111
2026-09-09 07:34:32.993 10 INFO neutron.wsgi [req-772aac4a-40ab-4aef-b447-9fec73311240 req-f339bea8-3e1e-442a-be2c-f08e9db525eb 38897e503a394cb0a323a9a069e740d6 5dea69e8d480437cb1958e422e7cdca8 - - 03e57b709f10441aa7a7705d4a886f60 03e57b709f10441aa7a7705d4a886f60] 10.0.0.240 "GET /v2.0/networks/d83468d3-cc00-45e3-9cd5-8906166dd1c3?fields=segments HTTP/1.1" status: 200 len: 212 time: 0.0835991
2026-09-09 07:34:33.006 9 INFO neutron.wsgi [None req-16dd731c-27ce-4912-8818-4f2fd5ebacbd 153144be5d9d4ad3bbb85fbebb0c6f1e 65167c832edb425e9bc00a82e5e5347a - - default default] 10.0.0.87 "GET /v2.0/security-groups HTTP/1.1" status: 200 len: 36942 time: 0.1064031
2026-09-09 07:34:33.027 9 INFO neutron.wsgi [None req-65e5fb2c-ee51-4a79-bbd6-20f7aacb38b2 153144be5d9d4ad3bbb85fbebb0c6f1e 65167c832edb425e9bc00a82e5e5347a - - default default] 10.0.0.87 "GET /v2.0/agents HTTP/1.1" status: 200 len: 997 time: 0.0109928
2026-09-09 07:34:33.108 10 INFO neutron.wsgi [req-772aac4a-40ab-4aef-b447-9fec73311240 req-409957e9-97cb-463f-a60c-262e728d384d 38897e503a394cb0a323a9a069e740d6 5dea69e8d480437cb1958e422e7cdca8 - - 03e57b709f10441aa7a7705d4a886f60 03e57b709f10441aa7a7705d4a886f60] 10.0.0.240 "GET /v2.0/networks/d83468d3-cc00-45e3-9cd5-8906166dd1c3?fields=provider%3Aphysical_network&fields=provider%3Anetwork_type HTTP/1.1" status: 200 len: 277 time: 0.1097291
2026-09-09 07:34:33.113 9 INFO neutron.wsgi [None req-6b4a5da9-8fdc-4049-8b06-af4f47f5e2ac 153144be5d9d4ad3bbb85fbebb0c6f1e 65167c832edb425e9bc00a82e5e5347a - - default default] 10.0.0.87 "GET /v2.0/floatingips HTTP/1.1" status: 200 len: 1877 time: 0.0851619
2026-09-09 07:34:33.156 9 INFO neutron.wsgi [None req-2672cc6f-3e5b-4b2d-9e71-32de8009becd 153144be5d9d4ad3bbb85fbebb0c6f1e 65167c832edb425e9bc00a82e5e5347a - - default default] 10.0.0.87 "GET /v2.0/subnets HTTP/1.1" status: 200 len: 6138 time: 0.0419574
2026-09-09 07:34:33.254 9 INFO neutron.wsgi [req-8b21b1b0-e61e-458e-ad79-b2de8893b118 req-13e09392-5919-4820-b437-77a836e5a54a 362b1ca066b0436db3d615d1acfda8de 6bda1c08820d401bba475cdabd83d4cc - - default default] 10.0.0.240 "GET /v2.0/ports?device_id=0b861978-7f80-45e5-af27-e85d7d42bf1b HTTP/1.1" status: 200 len: 210 time: 0.0220866
2026-09-09 07:34:34.231 9 INFO neutron.wsgi [req-772aac4a-40ab-4aef-b447-9fec73311240 req-85d5d950-3d70-4d00-bc2a-ceb9d61ea535 362b1ca066b0436db3d615d1acfda8de 6bda1c08820d401bba475cdabd83d4cc - - default default] 162.253.55.147 "GET /v2.0/networks?id=d83468d3-cc00-45e3-9cd5-8906166dd1c3 HTTP/1.1" status: 200 len: 860 time: 0.1245825
2026-09-09 07:34:34.274 9 INFO neutron.wsgi [req-772aac4a-40ab-4aef-b447-9fec73311240 req-e21d7a9c-9b1f-449b-8e09-7bbe06a22682 362b1ca066b0436db3d615d1acfda8de 6bda1c08820d401bba475cdabd83d4cc - - default default] 162.253.55.147 "GET /v2.0/security-groups?fields=id&fields=name&tenant_id=6bda1c08820d401bba475cdabd83d4cc HTTP/1.1" status: 200 len: 380 time: 0.0369947
2026-09-09 07:34:34.340 10 INFO neutron.wsgi [req-daa513f0-15df-453f-9090-3f57fc6a8b0a req-760803e6-4d08-4d49-bdd0-f5249bd47fd3 362b1ca066b0436db3d615d1acfda8de 6bda1c08820d401bba475cdabd83d4cc - - default default] 10.0.0.240 "GET /v2.0/ports?device_id=0b861978-7f80-45e5-af27-e85d7d42bf1b HTTP/1.1" status: 200 len: 210 time: 0.0246186
2026-09-09 07:34:34.671 9 WARNING neutron.scheduler.dhcp_agent_scheduler [None req-8c4bb29b-913f-4cdb-8f65-643971743635 362b1ca066b0436db3d615d1acfda8de 6bda1c08820d401bba475cdabd83d4cc - - - -] No more DHCP agents
2026-09-09 07:34:34.672 9 WARNING neutron.api.rpc.agentnotifiers.dhcp_rpc_agent_api [None req-8c4bb29b-913f-4cdb-8f65-643971743635 362b1ca066b0436db3d615d1acfda8de 6bda1c08820d401bba475cdabd83d4cc - - - -] Unable to schedule network d83468d3-cc00-45e3-9cd5-8906166dd1c3: no agents available; will retry on subsequent port and subnet creation events.
2026-09-09 07:34:34.907 9 INFO neutron.db.ovn_revision_numbers_db [None req-8c4bb29b-913f-4cdb-8f65-643971743635 362b1ca066b0436db3d615d1acfda8de 6bda1c08820d401bba475cdabd83d4cc - - - -] Successfully bumped revision number for resource ef41e332-ff32-4bce-b7b3-4d4a2025dc36 (type: ports) to 1
2026-09-09 07:34:34.939 9 INFO neutron.wsgi [None req-8c4bb29b-913f-4cdb-8f65-643971743635 362b1ca066b0436db3d615d1acfda8de 6bda1c08820d401bba475cdabd83d4cc - - - -] 162.253.55.147 "POST /v2.0/ports HTTP/1.1" status: 201 len: 1158 time: 0.6409047 /var/lib/openstack/lib/python3.10/site-packages/pycadf/identifier.py:71: UserWarning: Invalid uuid: neutron. To ensure interoperability, identifiers should be a valid uuid. warnings.warn(('Invalid uuid: %s. To ensure interoperability, '
2026-09-09 07:34:35.321 9 INFO neutron.db.ovn_revision_numbers_db [None req-9c4775be-3114-445c-adbd-1a41b4de806e 38897e503a394cb0a323a9a069e740d6 5dea69e8d480437cb1958e422e7cdca8 - - - -] Successfully bumped revision number for resource ef41e332-ff32-4bce-b7b3-4d4a2025dc36 (type: ports) to 2 /var/lib/openstack/lib/python3.10/site-packages/pycadf/identifier.py:71: UserWarning: Invalid uuid: neutron. To ensure interoperability, identifiers should be a valid uuid. warnings.warn(('Invalid uuid: %s. To ensure interoperability, '
2026-09-09 07:34:35.580 10 WARNING neutron.scheduler.dhcp_agent_scheduler [None req-67f94148-f857-4ac9-9f15-cc025fdcf9cd 0fc115cdbe354b3db069d4e9e0ac757f 21e96bedbfd34e1585ee771161ad2c95 - - - -] No more DHCP agents
2026-09-09 07:34:35.582 10 WARNING neutron.api.rpc.agentnotifiers.dhcp_rpc_agent_api [None req-67f94148-f857-4ac9-9f15-cc025fdcf9cd 0fc115cdbe354b3db069d4e9e0ac757f 21e96bedbfd34e1585ee771161ad2c95 - - - -] Unable to schedule network d8c0c0d7-7e0f-4280-a8e5-4c5682799908: no agents available; will retry on subsequent port and subnet creation events.
2026-09-09 07:34:35.805 9 WARNING neutron.plugins.ml2.drivers.ovn.mech_driver.ovsdb.ovn_client [None req-ae8c3285-9e08-4a0e-8841-626e27027ba2 - - - - - -] No hosting information found for port 4d2805de-81ce-4a03-a763-aa9531c4848f: RuntimeError: No hosting information found for port 4d2805de-81ce-4a03-a763-aa9531c4848f
2026-09-09 07:34:35.813 9 INFO neutron.wsgi [req-3b6fcfcd-68c9-4861-8658-fb1626c9ccaa req-45e077ac-40ea-425d-91d7-49b71458ba05 362b1ca066b0436db3d615d1acfda8de 6bda1c08820d401bba475cdabd83d4cc - - default default] 10.0.0.240 "GET /v2.0/ports?device_id=0b861978-7f80-45e5-af27-e85d7d42bf1b HTTP/1.1" status: 200 len: 1168 time: 0.3862715
2026-09-09 07:34:35.814 9 INFO neutron.db.ovn_revision_numbers_db [None req-9c4775be-3114-445c-adbd-1a41b4de806e 38897e503a394cb0a323a9a069e740d6 5dea69e8d480437cb1958e422e7cdca8 - - - -] Successfully bumped revision number for resource ef41e332-ff32-4bce-b7b3-4d4a2025dc36 (type: ports) to 2 /var/lib/openstack/lib/python3.10/site-packages/pycadf/identifier.py:71: UserWarning: Invalid uuid: neutron. To ensure interoperability, identifiers should be a valid uuid. warnings.warn(('Invalid uuid: %s. To ensure interoperability, '
2026-09-09 07:34:35.831 9 INFO neutron.wsgi [None req-9c4775be-3114-445c-adbd-1a41b4de806e 38897e503a394cb0a323a9a069e740d6 5dea69e8d480437cb1958e422e7cdca8 - - - -] 162.253.55.147 "PUT /v2.0/ports/ef41e332-ff32-4bce-b7b3-4d4a2025dc36 HTTP/1.1" status: 200 len: 1328 time: 0.8871806
2026-09-09 07:34:35.854 10 INFO neutron.db.ovn_revision_numbers_db [None req-67f94148-f857-4ac9-9f15-cc025fdcf9cd 0fc115cdbe354b3db069d4e9e0ac757f 21e96bedbfd34e1585ee771161ad2c95 - - - -] Successfully bumped revision number for resource 65765ebb-004b-4168-939c-4e6f51396125 (type: floatingips) to 0
2026-09-09 07:34:35.855 9 INFO neutron.wsgi [req-3b6fcfcd-68c9-4861-8658-fb1626c9ccaa req-c730c108-a0df-491f-869e-56ac65ba728e 362b1ca066b0436db3d615d1acfda8de 6bda1c08820d401bba475cdabd83d4cc - - default default] 10.0.0.240 "GET /v2.0/security-groups?id=1d0188e0-461f-4e72-8326-db5c92e5530d&fields=id&fields=name HTTP/1.1" status: 200 len: 313 time: 0.0334942
2026-09-09 07:34:35.866 10 INFO neutron.wsgi [None req-67f94148-f857-4ac9-9f15-cc025fdcf9cd 0fc115cdbe354b3db069d4e9e0ac757f 21e96bedbfd34e1585ee771161ad2c95 - - - -] 10.0.0.106 "POST /v2.0/floatingips HTTP/1.1" status: 201 len: 751 time: 0.7150288
2026-09-09 07:34:35.875 9 INFO neutron.notifiers.nova [-] Nova event matching ['req-0f7ce36d-6c7b-4ae1-b235-9f3d525b374b'] response: {'name': 'network-changed', 'server_uuid': '0b861978-7f80-45e5-af27-e85d7d42bf1b', 'tag': 'ef41e332-ff32-4bce-b7b3-4d4a2025dc36', 'status': 'completed', 'code': 200}
2026-09-09 07:34:35.928 9 INFO neutron.wsgi [req-772aac4a-40ab-4aef-b447-9fec73311240 req-28d8eefa-6da0-4d20-b8be-cb9d1170c1ef 38897e503a394cb0a323a9a069e740d6 5dea69e8d480437cb1958e422e7cdca8 - - 03e57b709f10441aa7a7705d4a886f60 03e57b709f10441aa7a7705d4a886f60] 162.253.55.147 "GET /v2.0/ports?tenant_id=6bda1c08820d401bba475cdabd83d4cc&device_id=0b861978-7f80-45e5-af27-e85d7d42bf1b HTTP/1.1" status: 200 len: 1359 time: 0.0480084
2026-09-09 07:34:35.968 9 INFO neutron.wsgi [req-772aac4a-40ab-4aef-b447-9fec73311240 req-3aa36438-48e4-4ed3-84d0-a62df57f321f 38897e503a394cb0a323a9a069e740d6 5dea69e8d480437cb1958e422e7cdca8 - - 03e57b709f10441aa7a7705d4a886f60 03e57b709f10441aa7a7705d4a886f60] 162.253.55.147 "GET /v2.0/floatingips?fixed_ip_address=10.100.0.8&port_id=ef41e332-ff32-4bce-b7b3-4d4a2025dc36 HTTP/1.1" status: 200 len: 217 time: 0.0333834
2026-09-09 07:34:36.006 9 INFO neutron.wsgi [req-772aac4a-40ab-4aef-b447-9fec73311240 req-171842e0-c590-49ec-bb92-52a70f055f06 38897e503a394cb0a323a9a069e740d6 5dea69e8d480437cb1958e422e7cdca8 - - 03e57b709f10441aa7a7705d4a886f60 03e57b709f10441aa7a7705d4a886f60] 162.253.55.147 "GET /v2.0/subnets?id=9c005710-81fc-4d70-807b-c5e8a9edafdb HTTP/1.1" status: 200 len: 852 time: 0.0325639
2026-09-09 07:34:36.032 9 INFO neutron.wsgi [req-772aac4a-40ab-4aef-b447-9fec73311240 req-5b497530-881d-4f74-98f4-374f7201961d 38897e503a394cb0a323a9a069e740d6 5dea69e8d480437cb1958e422e7cdca8 - - 03e57b709f10441aa7a7705d4a886f60 03e57b709f10441aa7a7705d4a886f60] 162.253.55.147 "GET /v2.0/ports?network_id=d83468d3-cc00-45e3-9cd5-8906166dd1c3&device_owner=network%3Adhcp HTTP/1.1" status: 200 len: 210 time: 0.0198774
2026-09-09 07:34:36.073 10 WARNING neutron.scheduler.dhcp_agent_scheduler [None req-349aad31-b518-45f5-ab6b-dbdfc7d6c6b3 0fc115cdbe354b3db069d4e9e0ac757f 21e96bedbfd34e1585ee771161ad2c95 - - - -] No more DHCP agents
2026-09-09 07:34:36.074 10 WARNING neutron.api.rpc.agentnotifiers.dhcp_rpc_agent_api [None req-349aad31-b518-45f5-ab6b-dbdfc7d6c6b3 0fc115cdbe354b3db069d4e9e0ac757f 21e96bedbfd34e1585ee771161ad2c95 - - - -] Unable to schedule network d8c0c0d7-7e0f-4280-a8e5-4c5682799908: no agents available; will retry on subsequent port and subnet creation events.
2026-09-09 07:34:36.094 9 INFO neutron.wsgi [req-772aac4a-40ab-4aef-b447-9fec73311240 req-52090965-7827-4cca-865f-c21c59ad419c 38897e503a394cb0a323a9a069e740d6 5dea69e8d480437cb1958e422e7cdca8 - - 03e57b709f10441aa7a7705d4a886f60 03e57b709f10441aa7a7705d4a886f60] 162.253.55.147 "GET /v2.0/networks/d83468d3-cc00-45e3-9cd5-8906166dd1c3?fields=segments HTTP/1.1" status: 200 len: 212 time: 0.0545697
2026-09-09 07:34:36.147 9 INFO neutron.wsgi [req-772aac4a-40ab-4aef-b447-9fec73311240 req-4853fb3a-43fc-48e2-bc20-0e874dc2aafb 38897e503a394cb0a323a9a069e740d6 5dea69e8d480437cb1958e422e7cdca8 - - 03e57b709f10441aa7a7705d4a886f60 03e57b709f10441aa7a7705d4a886f60] 162.253.55.147 "GET /v2.0/networks/d83468d3-cc00-45e3-9cd5-8906166dd1c3?fields=provider%3Aphysical_network&fields=provider%3Anetwork_type HTTP/1.1" status: 200 len: 277 time: 0.0475085
2026-09-09 07:34:36.233 9 INFO neutron.wsgi [req-22d1893a-8755-4fc1-aa71-79e10159115b req-0e38d94a-1254-45f1-a8d6-e798e488867a 38897e503a394cb0a323a9a069e740d6 5dea69e8d480437cb1958e422e7cdca8 - - 03e57b709f10441aa7a7705d4a886f60 03e57b709f10441aa7a7705d4a886f60] 162.253.55.147 "GET /v2.0/ports?tenant_id=6bda1c08820d401bba475cdabd83d4cc&device_id=0b861978-7f80-45e5-af27-e85d7d42bf1b HTTP/1.1" status: 200 len: 1359 time: 0.0407138
2026-09-09 07:34:36.344 9 INFO neutron.wsgi [req-22d1893a-8755-4fc1-aa71-79e10159115b req-d0de5cc2-7573-4765-9229-0c293e949321 38897e503a394cb0a323a9a069e740d6 5dea69e8d480437cb1958e422e7cdca8 - - 03e57b709f10441aa7a7705d4a886f60 03e57b709f10441aa7a7705d4a886f60] 162.253.55.147 "GET /v2.0/networks?id=d83468d3-cc00-45e3-9cd5-8906166dd1c3 HTTP/1.1" status: 200 len: 959 time: 0.1032968
2026-09-09 07:34:36.386 10 INFO neutron.plugins.ml2.drivers.ovn.mech_driver.mech_driver [None req-5c009000-e905-4825-baa0-d66904499926 - - - - - -] OVN reports status up for port: ef41e332-ff32-4bce-b7b3-4d4a2025dc36
2026-09-09 07:34:36.400 9 INFO neutron.wsgi [req-22d1893a-8755-4fc1-aa71-79e10159115b req-4e932ef3-86fd-4579-856c-6ed44bcc75a8 38897e503a394cb0a323a9a069e740d6 5dea69e8d480437cb1958e422e7cdca8 - - 03e57b709f10441aa7a7705d4a886f60 03e57b709f10441aa7a7705d4a886f60] 162.253.55.147 "GET /v2.0/floatingips?fixed_ip_address=10.100.0.8&port_id=ef41e332-ff32-4bce-b7b3-4d4a2025dc36 HTTP/1.1" status: 200 len: 217 time: 0.0474305
2026-09-09 07:34:36.415 10 INFO neutron.plugins.ml2.plugin [None req-5c009000-e905-4825-baa0-d66904499926 - - - - - -] Attempt 1 to provision port ef41e332-ff32-4bce-b7b3-4d4a2025dc36
2026-09-09 07:34:36.462 10 INFO neutron.db.ovn_revision_numbers_db [None req-349aad31-b518-45f5-ab6b-dbdfc7d6c6b3 0fc115cdbe354b3db069d4e9e0ac757f 21e96bedbfd34e1585ee771161ad2c95 - - - -] Successfully bumped revision number for resource bce93735-417c-4740-9762-4bd2d4d47d3a (type: floatingips) to 0
2026-09-09 07:34:36.467 9 INFO neutron.wsgi [req-22d1893a-8755-4fc1-aa71-79e10159115b req-5ff80c83-9680-4a94-93f2-409ba7d7ecf9 38897e503a394cb0a323a9a069e740d6 5dea69e8d480437cb1958e422e7cdca8 - - 03e57b709f10441aa7a7705d4a886f60 03e57b709f10441aa7a7705d4a886f60] 162.253.55.147 "GET /v2.0/subnets?id=9c005710-81fc-4d70-807b-c5e8a9edafdb HTTP/1.1" status: 200 len: 852 time: 0.0593979
2026-09-09 07:34:36.486 10 INFO neutron.wsgi [None req-349aad31-b518-45f5-ab6b-dbdfc7d6c6b3 0fc115cdbe354b3db069d4e9e0ac757f 21e96bedbfd34e1585ee771161ad2c95 - - - -] 10.0.0.106 "POST /v2.0/floatingips HTTP/1.1" status: 201 len: 751 time: 0.6148708
2026-09-09 07:34:36.506 9 INFO neutron.wsgi [req-22d1893a-8755-4fc1-aa71-79e10159115b req-7b477b47-0ce1-468b-96e4-b4d65cec1dca 38897e503a394cb0a323a9a069e740d6 5dea69e8d480437cb1958e422e7cdca8 - - 03e57b709f10441aa7a7705d4a886f60 03e57b709f10441aa7a7705d4a886f60] 162.253.55.147 "GET /v2.0/ports?network_id=d83468d3-cc00-45e3-9cd5-8906166dd1c3&device_owner=network%3Adhcp HTTP/1.1" status: 200 len: 210 time: 0.0320964
2026-09-09 07:34:36.599 9 INFO neutron.wsgi [req-22d1893a-8755-4fc1-aa71-79e10159115b req-558078df-1d86-4534-a2f4-3b7929cf7cd0 38897e503a394cb0a323a9a069e740d6 5dea69e8d480437cb1958e422e7cdca8 - - 03e57b709f10441aa7a7705d4a886f60 03e57b709f10441aa7a7705d4a886f60] 162.253.55.147 "GET /v2.0/networks/d83468d3-cc00-45e3-9cd5-8906166dd1c3?fields=segments HTTP/1.1" status: 200 len: 212 time: 0.0877366
2026-09-09 07:34:36.605 10 INFO neutron.notifiers.nova [-] Nova event matching ['req-c9ee7fb0-ae71-4fea-94c5-c069977966f5'] response: {'server_uuid': '0b861978-7f80-45e5-af27-e85d7d42bf1b', 'name': 'network-vif-plugged', 'status': 'completed', 'tag': 'ef41e332-ff32-4bce-b7b3-4d4a2025dc36', 'code': 200}
2026-09-09 07:34:36.692 9 INFO neutron.wsgi [req-22d1893a-8755-4fc1-aa71-79e10159115b req-e3968c9a-bea9-40ab-a070-376338e60e52 38897e503a394cb0a323a9a069e740d6 5dea69e8d480437cb1958e422e7cdca8 - - 03e57b709f10441aa7a7705d4a886f60 03e57b709f10441aa7a7705d4a886f60] 162.253.55.147 "GET /v2.0/networks/d83468d3-cc00-45e3-9cd5-8906166dd1c3?fields=provider%3Aphysical_network&fields=provider%3Anetwork_type HTTP/1.1" status: 200 len: 277 time: 0.0824661
2026-09-09 07:34:37.094 10 INFO neutron.wsgi [req-9a49fbe7-32c3-4dac-bfa0-9f5dc87a6869 req-2270c316-3417-43b9-9934-6fd6b72886df 362b1ca066b0436db3d615d1acfda8de 6bda1c08820d401bba475cdabd83d4cc - - default default] 10.0.0.240 "GET /v2.0/ports?device_id=0b861978-7f80-45e5-af27-e85d7d42bf1b HTTP/1.1" status: 200 len: 1170 time: 0.0439868
2026-09-09 07:34:37.136 10 INFO neutron.db.ovn_revision_numbers_db [None req-5c009000-e905-4825-baa0-d66904499926 - - - - - -] Successfully bumped revision number for resource ef41e332-ff32-4bce-b7b3-4d4a2025dc36 (type: ports) to 4
2026-09-09 07:34:37.152 10 INFO neutron.wsgi [req-9a49fbe7-32c3-4dac-bfa0-9f5dc87a6869 req-51906de6-57cb-43bb-b78a-fa8b24abd6cc 362b1ca066b0436db3d615d1acfda8de 6bda1c08820d401bba475cdabd83d4cc - - default default] 10.0.0.240 "GET /v2.0/security-groups?id=1d0188e0-461f-4e72-8326-db5c92e5530d&fields=id&fields=name HTTP/1.1" status: 200 len: 313 time: 0.0495121
2026-09-09 07:34:37.192 10 WARNING neutron.scheduler.dhcp_agent_scheduler [None req-67a706c8-a53c-4e12-a2dc-130e81644437 0fc115cdbe354b3db069d4e9e0ac757f 21e96bedbfd34e1585ee771161ad2c95 - - - -] No more DHCP agents
2026-09-09 07:34:37.194 10 WARNING neutron.api.rpc.agentnotifiers.dhcp_rpc_agent_api [None req-67a706c8-a53c-4e12-a2dc-130e81644437 0fc115cdbe354b3db069d4e9e0ac757f 21e96bedbfd34e1585ee771161ad2c95 - - - -] Unable to schedule network d8c0c0d7-7e0f-4280-a8e5-4c5682799908: no agents available; will retry on subsequent port and subnet creation events.
2026-09-09 07:34:37.455 10 INFO neutron.db.ovn_revision_numbers_db [None req-67a706c8-a53c-4e12-a2dc-130e81644437 0fc115cdbe354b3db069d4e9e0ac757f 21e96bedbfd34e1585ee771161ad2c95 - - - -] Successfully bumped revision number for resource 2d7eb714-ed52-46ef-b022-ef0ed37820ae (type: floatingips) to 0
2026-09-09 07:34:37.466 10 INFO neutron.wsgi [None req-67a706c8-a53c-4e12-a2dc-130e81644437 0fc115cdbe354b3db069d4e9e0ac757f 21e96bedbfd34e1585ee771161ad2c95 - - - -] 10.0.0.106 "POST /v2.0/floatingips HTTP/1.1" status: 201 len: 751 time: 0.9768078 /var/lib/openstack/lib/python3.10/site-packages/pycadf/identifier.py:71: UserWarning: Invalid uuid: neutron. To ensure interoperability, identifiers should be a valid uuid. warnings.warn(('Invalid uuid: %s. To ensure interoperability, '
2026-09-09 07:34:37.695 10 WARNING neutron.scheduler.dhcp_agent_scheduler [None req-a9456269-b50a-4906-a418-91c3869aada9 0fc115cdbe354b3db069d4e9e0ac757f 21e96bedbfd34e1585ee771161ad2c95 - - - -] No more DHCP agents
2026-09-09 07:34:37.698 10 WARNING neutron.api.rpc.agentnotifiers.dhcp_rpc_agent_api [None req-a9456269-b50a-4906-a418-91c3869aada9 0fc115cdbe354b3db069d4e9e0ac757f 21e96bedbfd34e1585ee771161ad2c95 - - - -] Unable to schedule network d8c0c0d7-7e0f-4280-a8e5-4c5682799908: no agents available; will retry on subsequent port and subnet creation events.
2026-09-09 07:34:38.000 10 INFO neutron.db.ovn_revision_numbers_db [None req-a9456269-b50a-4906-a418-91c3869aada9 0fc115cdbe354b3db069d4e9e0ac757f 21e96bedbfd34e1585ee771161ad2c95 - - - -] Successfully bumped revision number for resource 41a85f29-c907-442b-aa01-f35b960bdf03 (type: floatingips) to 0
2026-09-09 07:34:38.023 10 INFO neutron.wsgi [None req-a9456269-b50a-4906-a418-91c3869aada9 0fc115cdbe354b3db069d4e9e0ac757f 21e96bedbfd34e1585ee771161ad2c95 - - - -] 10.0.0.106 "POST /v2.0/floatingips HTTP/1.1" status: 201 len: 751 time: 0.5519807
2026-09-09 07:34:38.308 9 INFO neutron.wsgi [req-bc540245-636f-4dec-a436-76aabc2ba51c req-c7eb3bf8-91c9-4a5e-8897-84acf699092c 362b1ca066b0436db3d615d1acfda8de 6bda1c08820d401bba475cdabd83d4cc - - default default] 10.0.0.240 "GET /v2.0/ports?device_id=0b861978-7f80-45e5-af27-e85d7d42bf1b HTTP/1.1" status: 200 len: 1170 time: 0.0718188
2026-09-09 07:34:38.358 9 INFO neutron.wsgi [req-bc540245-636f-4dec-a436-76aabc2ba51c req-25ea7438-2389-42ae-927e-9c6b3762b18f 362b1ca066b0436db3d615d1acfda8de 6bda1c08820d401bba475cdabd83d4cc - - default default] 10.0.0.240 "GET /v2.0/security-groups?id=1d0188e0-461f-4e72-8326-db5c92e5530d&fields=id&fields=name HTTP/1.1" status: 200 len: 313 time: 0.0459960
2026-09-09 07:34:38.383 10 WARNING neutron.scheduler.dhcp_agent_scheduler [None req-b3834bc3-5e07-4fc0-bceb-42ad8a08c0a0 0fc115cdbe354b3db069d4e9e0ac757f 21e96bedbfd34e1585ee771161ad2c95 - - - -] No more DHCP agents
2026-09-09 07:34:38.386 10 WARNING neutron.api.rpc.agentnotifiers.dhcp_rpc_agent_api [None req-b3834bc3-5e07-4fc0-bceb-42ad8a08c0a0 0fc115cdbe354b3db069d4e9e0ac757f 21e96bedbfd34e1585ee771161ad2c95 - - - -] Unable to schedule network d8c0c0d7-7e0f-4280-a8e5-4c5682799908: no agents available; will retry on subsequent port and subnet creation events.
2026-09-09 07:34:38.556 10 INFO neutron.wsgi [req-28f8ec13-63a6-463a-9c79-ed5ee14fe669 req-12681200-30c5-459b-9f68-39e64ef90a89 362b1ca066b0436db3d615d1acfda8de 6bda1c08820d401bba475cdabd83d4cc - - default default] 10.0.0.240 "GET /v2.0/ports?device_id=0b861978-7f80-45e5-af27-e85d7d42bf1b HTTP/1.1" status: 200 len: 1170 time: 0.1149392
2026-09-09 07:34:38.596 10 INFO neutron.wsgi [req-28f8ec13-63a6-463a-9c79-ed5ee14fe669 req-cbd8fbad-759c-4d2a-9829-632d2611d999 362b1ca066b0436db3d615d1acfda8de 6bda1c08820d401bba475cdabd83d4cc - - default default] 10.0.0.240 "GET /v2.0/security-groups?id=1d0188e0-461f-4e72-8326-db5c92e5530d&fields=id&fields=name HTTP/1.1" status: 200 len: 313 time: 0.0296738
2026-09-09 07:34:38.638 10 INFO neutron.notifiers.nova [-] Nova event matching ['req-b15bcedd-da69-4b87-8b65-7bd42bb979dd'] response: {'server_uuid': '0b861978-7f80-45e5-af27-e85d7d42bf1b', 'name': 'network-vif-plugged', 'status': 'completed', 'tag': 'ef41e332-ff32-4bce-b7b3-4d4a2025dc36', 'code': 200}
2026-09-09 07:34:38.669 9 INFO neutron.wsgi [None req-c3d27b2b-c13d-45ae-8993-3ac0bf19adbc a0d6a4fa6e644dbfb627bc3fdbed4666 30f858c8e67e457bbd0b87527c516ced - - default default] 10.0.0.106 "GET /v2.0/ports?device_id=0b861978-7f80-45e5-af27-e85d7d42bf1b HTTP/1.1" status: 200 len: 1356 time: 0.0486007
2026-09-09 07:34:38.713 10 INFO neutron.db.ovn_revision_numbers_db [None req-b3834bc3-5e07-4fc0-bceb-42ad8a08c0a0 0fc115cdbe354b3db069d4e9e0ac757f 21e96bedbfd34e1585ee771161ad2c95 - - - -] Successfully bumped revision number for resource f6a07ecd-e508-41f0-8fe3-6b76fdacb431 (type: floatingips) to 0
2026-09-09 07:34:38.757 10 INFO neutron.wsgi [None req-b3834bc3-5e07-4fc0-bceb-42ad8a08c0a0 0fc115cdbe354b3db069d4e9e0ac757f 21e96bedbfd34e1585ee771161ad2c95 - - - -] 10.0.0.106 "POST /v2.0/floatingips HTTP/1.1" status: 201 len: 751 time: 0.7282994
