2026-09-09 07:31:59.673 10 INFO neutron.wsgi [None req-23b6266a-3226-412c-b423-255f1775bc40 8fcf7175cb4540409a7d2067988a0c33 97dc15dc80974afd9663c513e2ca8292 - - - -] 10.0.0.106 "DELETE /v2.0/security-groups/d74bb215-6182-4217-a6f4-a047e6e8a8df HTTP/1.1" status: 204 len: 168 time: 0.1672008 /var/lib/openstack/lib/python3.10/site-packages/pycadf/identifier.py:71: UserWarning: Invalid uuid: neutron. To ensure interoperability, identifiers should be a valid uuid. warnings.warn(('Invalid uuid: %s. To ensure interoperability, '
2026-09-09 07:31:59.700 9 INFO neutron.api.v2.resource [None req-483442cb-d6fa-48de-baf5-7dfa4322e2e3 8fcf7175cb4540409a7d2067988a0c33 97dc15dc80974afd9663c513e2ca8292 - - default default] show failed (client error): The resource could not be found.
2026-09-09 07:31:59.703 9 INFO neutron.wsgi [None req-483442cb-d6fa-48de-baf5-7dfa4322e2e3 8fcf7175cb4540409a7d2067988a0c33 97dc15dc80974afd9663c513e2ca8292 - - default default] 10.0.0.106 "GET /v2.0/security-groups/d74bb215-6182-4217-a6f4-a047e6e8a8df HTTP/1.1" status: 404 len: 347 time: 0.0224392
2026-09-09 07:31:59.939 9 INFO neutron.db.ovn_revision_numbers_db [None req-9e5ab342-4103-4e6d-8dbf-59e180b8caf3 898e3433ef364e78b7297b6c259d117b da6c724c1ee740a5b68b9761c4251a83 - - - -] Successfully bumped revision number for resource 729d9c0f-68ca-456e-9624-b0a9aa537a0b (type: security_groups) to 1
2026-09-09 07:31:59.962 9 INFO neutron.db.ovn_revision_numbers_db [None req-229fe642-c23d-4231-833e-9f3164761211 153144be5d9d4ad3bbb85fbebb0c6f1e 65167c832edb425e9bc00a82e5e5347a - - default default] Successfully bumped revision number for resource 5e086c49-156f-4704-95b4-00dc6256a3ad (type: security_groups) to 1
2026-09-09 07:31:59.994 9 INFO neutron.wsgi [None req-229fe642-c23d-4231-833e-9f3164761211 153144be5d9d4ad3bbb85fbebb0c6f1e 65167c832edb425e9bc00a82e5e5347a - - default default] 10.0.0.106 "GET /v2.0/security-groups?tenant_id=51d3c931e72a40c8a13a82e00552c174&name=default HTTP/1.1" status: 200 len: 2996 time: 0.2824404
2026-09-09 07:32:00.020 9 INFO neutron.db.segments_db [None req-9e5ab342-4103-4e6d-8dbf-59e180b8caf3 898e3433ef364e78b7297b6c259d117b da6c724c1ee740a5b68b9761c4251a83 - - - -] Added segment dde24d62-c31e-4f2d-a3a9-a103afbfb8ba of type geneve for network b88b70f2-86b6-46f3-89be-c6012ddcb9f4
2026-09-09 07:32:00.191 9 INFO neutron.db.ovn_revision_numbers_db [None req-9e5ab342-4103-4e6d-8dbf-59e180b8caf3 898e3433ef364e78b7297b6c259d117b da6c724c1ee740a5b68b9761c4251a83 - - - -] Successfully bumped revision number for resource b88b70f2-86b6-46f3-89be-c6012ddcb9f4 (type: networks) to 1
2026-09-09 07:32:00.218 9 INFO neutron.wsgi [None req-eafc5879-1060-4e1e-b50c-6a552dc1f1f3 8fcf7175cb4540409a7d2067988a0c33 97dc15dc80974afd9663c513e2ca8292 - - - -] 10.0.0.106 "DELETE /v2.0/floatingips/17b2e20a-074b-436c-a1c3-14c977df7e20 HTTP/1.1" status: 204 len: 168 time: 0.5075755
2026-09-09 07:32:00.432 9 WARNING neutron.scheduler.dhcp_agent_scheduler [None req-9e5ab342-4103-4e6d-8dbf-59e180b8caf3 898e3433ef364e78b7297b6c259d117b da6c724c1ee740a5b68b9761c4251a83 - - - -] No more DHCP agents
2026-09-09 07:32:00.434 9 WARNING neutron.api.rpc.agentnotifiers.dhcp_rpc_agent_api [None req-9e5ab342-4103-4e6d-8dbf-59e180b8caf3 898e3433ef364e78b7297b6c259d117b da6c724c1ee740a5b68b9761c4251a83 - - - -] Unable to schedule network b88b70f2-86b6-46f3-89be-c6012ddcb9f4: no agents available; will retry on subsequent port and subnet creation events.
2026-09-09 07:32:00.512 9 INFO neutron.db.ovn_revision_numbers_db [None req-9e5ab342-4103-4e6d-8dbf-59e180b8caf3 898e3433ef364e78b7297b6c259d117b da6c724c1ee740a5b68b9761c4251a83 - - - -] Successfully bumped revision number for resource dd1aff12-aba0-4078-a90c-da6ea7f485a8 (type: ports) to 1
2026-09-09 07:32:00.533 10 INFO neutron.wsgi [None req-1af5195c-376f-4d8d-b004-6e9c020f4a12 153144be5d9d4ad3bbb85fbebb0c6f1e 65167c832edb425e9bc00a82e5e5347a - - - -] 10.0.0.106 "DELETE /v2.0/security-groups/5e086c49-156f-4704-95b4-00dc6256a3ad HTTP/1.1" status: 204 len: 168 time: 0.5338531
2026-09-09 07:32:00.540 9 INFO neutron.wsgi [None req-9e5ab342-4103-4e6d-8dbf-59e180b8caf3 898e3433ef364e78b7297b6c259d117b da6c724c1ee740a5b68b9761c4251a83 - - - -] 10.0.0.106 "POST /v2.0/networks HTTP/1.1" status: 201 len: 847 time: 1.0484512
2026-09-09 07:32:00.570 10 INFO neutron.plugins.ml2.drivers.ovn.mech_driver.mech_driver [None req-5c009000-e905-4825-baa0-d66904499926 - - - - - -] OVN reports status up for port: 31447f3c-0dea-4f98-936b-80615b319a7b
2026-09-09 07:32:00.577 10 INFO neutron.plugins.ml2.plugin [None req-5c009000-e905-4825-baa0-d66904499926 - - - - - -] Attempt 1 to provision port 31447f3c-0dea-4f98-936b-80615b319a7b
2026-09-09 07:32:00.581 10 INFO neutron.db.ovn_revision_numbers_db [None req-a1273020-618c-4a2f-aefc-94320d538af3 223cff348bc1407fab135c23e8ee156b a4993623f0ef430d96f08d100e54a21c - - - -] Successfully bumped revision number for resource 31447f3c-0dea-4f98-936b-80615b319a7b (type: router_ports) to 1
2026-09-09 07:32:00.675 10 INFO neutron.db.ovn_revision_numbers_db [None req-a1273020-618c-4a2f-aefc-94320d538af3 223cff348bc1407fab135c23e8ee156b a4993623f0ef430d96f08d100e54a21c - - - -] Successfully bumped revision number for resource 9e6578b2-170e-4e82-ab32-091e14820339 (type: routers) to 3
2026-09-09 07:32:00.694 10 INFO neutron.wsgi [None req-a1273020-618c-4a2f-aefc-94320d538af3 223cff348bc1407fab135c23e8ee156b a4993623f0ef430d96f08d100e54a21c - - - -] 10.0.0.106 "POST /v2.0/routers HTTP/1.1" status: 201 len: 875 time: 1.6762078
2026-09-09 07:32:01.299 10 WARNING neutron.scheduler.dhcp_agent_scheduler [None req-e9f7d59a-6f6c-431d-af37-715b0abb3ff4 223cff348bc1407fab135c23e8ee156b a4993623f0ef430d96f08d100e54a21c - - default default] No more DHCP agents
2026-09-09 07:32:01.302 10 WARNING neutron.api.rpc.agentnotifiers.dhcp_rpc_agent_api [None req-e9f7d59a-6f6c-431d-af37-715b0abb3ff4 223cff348bc1407fab135c23e8ee156b a4993623f0ef430d96f08d100e54a21c - - default default] Unable to schedule network 98454cd6-4460-4a10-8605-9ccb0e9d44fe: no agents available; will retry on subsequent port and subnet creation events.
2026-09-09 07:32:01.386 9 INFO neutron.wsgi [None req-9b800a63-1cc9-41a3-a42b-f8e62b5acc08 153144be5d9d4ad3bbb85fbebb0c6f1e 65167c832edb425e9bc00a82e5e5347a - - - -] 10.0.0.106 "PUT /v2.0/routers/68084c96-2cc4-4799-a3a8-e16147b7b5fa/remove_router_interface HTTP/1.1" status: 200 len: 503 time: 1.1601543 /var/lib/openstack/lib/python3.10/site-packages/pycadf/identifier.py:71: UserWarning: Invalid uuid: neutron. To ensure interoperability, identifiers should be a valid uuid. warnings.warn(('Invalid uuid: %s. To ensure interoperability, '
2026-09-09 07:32:01.403 10 WARNING neutron.scheduler.dhcp_agent_scheduler [None req-102d150b-daf4-45db-a156-2accdca60f77 898e3433ef364e78b7297b6c259d117b da6c724c1ee740a5b68b9761c4251a83 - - - -] No more DHCP agents
2026-09-09 07:32:01.405 10 WARNING neutron.api.rpc.agentnotifiers.dhcp_rpc_agent_api [None req-102d150b-daf4-45db-a156-2accdca60f77 898e3433ef364e78b7297b6c259d117b da6c724c1ee740a5b68b9761c4251a83 - - - -] Unable to schedule network b88b70f2-86b6-46f3-89be-c6012ddcb9f4: no agents available; will retry on subsequent port and subnet creation events.
2026-09-09 07:32:01.427 10 INFO neutron.db.ovn_revision_numbers_db [None req-102d150b-daf4-45db-a156-2accdca60f77 898e3433ef364e78b7297b6c259d117b da6c724c1ee740a5b68b9761c4251a83 - - - -] Successfully bumped revision number for resource 7f831ac8-fa75-44ca-98b6-9676a7be7876 (type: subnets) to 0
2026-09-09 07:32:01.456 10 INFO neutron.wsgi [None req-102d150b-daf4-45db-a156-2accdca60f77 898e3433ef364e78b7297b6c259d117b da6c724c1ee740a5b68b9761c4251a83 - - - -] 10.0.0.106 "POST /v2.0/subnets HTTP/1.1" status: 201 len: 848 time: 0.4084845
2026-09-09 07:32:01.496 10 INFO neutron.db.ovn_revision_numbers_db [None req-e9f7d59a-6f6c-431d-af37-715b0abb3ff4 223cff348bc1407fab135c23e8ee156b a4993623f0ef430d96f08d100e54a21c - - default default] Successfully bumped revision number for resource 6bc14610-15fd-499b-882e-bbcf6db0a1be (type: ports) to 1
2026-09-09 07:32:01.651 9 INFO neutron.db.segments_db [None req-974530ae-2900-4d13-9631-92d0ce6a83f8 898e3433ef364e78b7297b6c259d117b da6c724c1ee740a5b68b9761c4251a83 - - - -] Added segment 1d6ae6de-f543-468c-8996-e95b8f24b356 of type geneve for network 207bd0a0-28c0-442c-92d4-7ffb65ccacac
2026-09-09 07:32:01.846 9 INFO neutron.db.ovn_revision_numbers_db [None req-974530ae-2900-4d13-9631-92d0ce6a83f8 898e3433ef364e78b7297b6c259d117b da6c724c1ee740a5b68b9761c4251a83 - - - -] Successfully bumped revision number for resource 207bd0a0-28c0-442c-92d4-7ffb65ccacac (type: networks) to 1
2026-09-09 07:32:02.034 10 INFO neutron.db.ovn_revision_numbers_db [None req-e9f7d59a-6f6c-431d-af37-715b0abb3ff4 223cff348bc1407fab135c23e8ee156b a4993623f0ef430d96f08d100e54a21c - - default default] Successfully bumped revision number for resource 6bc14610-15fd-499b-882e-bbcf6db0a1be (type: router_ports) to 2
2026-09-09 07:32:02.087 9 WARNING neutron.scheduler.dhcp_agent_scheduler [None req-974530ae-2900-4d13-9631-92d0ce6a83f8 898e3433ef364e78b7297b6c259d117b da6c724c1ee740a5b68b9761c4251a83 - - - -] No more DHCP agents
2026-09-09 07:32:02.091 9 WARNING neutron.api.rpc.agentnotifiers.dhcp_rpc_agent_api [None req-974530ae-2900-4d13-9631-92d0ce6a83f8 898e3433ef364e78b7297b6c259d117b da6c724c1ee740a5b68b9761c4251a83 - - - -] Unable to schedule network 207bd0a0-28c0-442c-92d4-7ffb65ccacac: no agents available; will retry on subsequent port and subnet creation events.
2026-09-09 07:32:02.163 9 INFO neutron.db.ovn_revision_numbers_db [None req-974530ae-2900-4d13-9631-92d0ce6a83f8 898e3433ef364e78b7297b6c259d117b da6c724c1ee740a5b68b9761c4251a83 - - - -] Successfully bumped revision number for resource 53d06364-c97c-4e57-80fd-9082c650c915 (type: ports) to 1
2026-09-09 07:32:02.194 9 INFO neutron.wsgi [None req-974530ae-2900-4d13-9631-92d0ce6a83f8 898e3433ef364e78b7297b6c259d117b da6c724c1ee740a5b68b9761c4251a83 - - - -] 10.0.0.106 "POST /v2.0/networks HTTP/1.1" status: 201 len: 847 time: 0.7296398
2026-09-09 07:32:02.198 10 INFO neutron.db.ovn_revision_numbers_db [None req-e9f7d59a-6f6c-431d-af37-715b0abb3ff4 223cff348bc1407fab135c23e8ee156b a4993623f0ef430d96f08d100e54a21c - - default default] Successfully bumped revision number for resource 6bc14610-15fd-499b-882e-bbcf6db0a1be (type: ports) to 2
2026-09-09 07:32:02.208 10 INFO neutron.wsgi [-] 10.0.0.34 "GET / HTTP/1.1" status: 200 len: 247 time: 0.0012209
2026-09-09 07:32:02.208 9 INFO neutron.wsgi [-] 10.0.0.34 "GET / HTTP/1.1" status: 200 len: 247 time: 0.0015934
2026-09-09 07:32:02.254 10 WARNING neutron.scheduler.dhcp_agent_scheduler [None req-e9f7d59a-6f6c-431d-af37-715b0abb3ff4 223cff348bc1407fab135c23e8ee156b a4993623f0ef430d96f08d100e54a21c - - default default] No more DHCP agents
2026-09-09 07:32:02.255 10 WARNING neutron.api.rpc.agentnotifiers.dhcp_rpc_agent_api [None req-e9f7d59a-6f6c-431d-af37-715b0abb3ff4 223cff348bc1407fab135c23e8ee156b a4993623f0ef430d96f08d100e54a21c - - default default] Unable to schedule network 98454cd6-4460-4a10-8605-9ccb0e9d44fe: no agents available; will retry on subsequent port and subnet creation events.
2026-09-09 07:32:02.372 9 INFO neutron.wsgi [None req-16c03182-0846-4a75-b0d6-4f005755f512 153144be5d9d4ad3bbb85fbebb0c6f1e 65167c832edb425e9bc00a82e5e5347a - - - -] 10.0.0.106 "DELETE /v2.0/routers/68084c96-2cc4-4799-a3a8-e16147b7b5fa HTTP/1.1" status: 204 len: 168 time: 0.9796295
2026-09-09 07:32:02.446 9 INFO neutron.db.ovn_revision_numbers_db [None req-20138eeb-469c-40b4-b95d-21e7a6b11732 898e3433ef364e78b7297b6c259d117b da6c724c1ee740a5b68b9761c4251a83 - - - -] Successfully bumped revision number for resource 207bd0a0-28c0-442c-92d4-7ffb65ccacac (type: networks) to 2
2026-09-09 07:32:02.449 9 INFO neutron.wsgi [None req-20138eeb-469c-40b4-b95d-21e7a6b11732 898e3433ef364e78b7297b6c259d117b da6c724c1ee740a5b68b9761c4251a83 - - - -] 10.0.0.106 "PUT /v2.0/networks/207bd0a0-28c0-442c-92d4-7ffb65ccacac HTTP/1.1" status: 200 len: 792 time: 0.2502990
2026-09-09 07:32:02.558 10 INFO neutron.db.ovn_revision_numbers_db [None req-e9f7d59a-6f6c-431d-af37-715b0abb3ff4 223cff348bc1407fab135c23e8ee156b a4993623f0ef430d96f08d100e54a21c - - - -] Successfully bumped revision number for resource 6bc14610-15fd-499b-882e-bbcf6db0a1be (type: router_ports) to 2
2026-09-09 07:32:02.560 10 INFO neutron.wsgi [None req-e9f7d59a-6f6c-431d-af37-715b0abb3ff4 223cff348bc1407fab135c23e8ee156b a4993623f0ef430d96f08d100e54a21c - - - -] 10.0.0.106 "PUT /v2.0/routers/9e6578b2-170e-4e82-ab32-091e14820339/add_router_interface HTTP/1.1" status: 200 len: 503 time: 1.8629212
2026-09-09 07:32:02.628 10 INFO neutron.wsgi [None req-da5f68f3-31b7-4540-a64c-27a727796479 153144be5d9d4ad3bbb85fbebb0c6f1e 65167c832edb425e9bc00a82e5e5347a - - - -] 10.0.0.106 "DELETE /v2.0/subnets/3cced6c4-322b-447c-b5fc-60347d6b79ee HTTP/1.1" status: 204 len: 168 time: 0.2459800
2026-09-09 07:32:02.716 9 WARNING neutron.scheduler.dhcp_agent_scheduler [None req-77f94bb4-5e7c-475e-b505-657d147618a9 898e3433ef364e78b7297b6c259d117b da6c724c1ee740a5b68b9761c4251a83 - - - -] No more DHCP agents
2026-09-09 07:32:02.720 9 WARNING neutron.api.rpc.agentnotifiers.dhcp_rpc_agent_api [None req-77f94bb4-5e7c-475e-b505-657d147618a9 898e3433ef364e78b7297b6c259d117b da6c724c1ee740a5b68b9761c4251a83 - - - -] Unable to schedule network 207bd0a0-28c0-442c-92d4-7ffb65ccacac: no agents available; will retry on subsequent port and subnet creation events.
2026-09-09 07:32:02.747 9 INFO neutron.db.ovn_revision_numbers_db [None req-77f94bb4-5e7c-475e-b505-657d147618a9 898e3433ef364e78b7297b6c259d117b da6c724c1ee740a5b68b9761c4251a83 - - - -] Successfully bumped revision number for resource 69a782d1-9bad-422b-ad40-55a050b48f8e (type: subnets) to 0
2026-09-09 07:32:02.766 9 INFO neutron.wsgi [None req-77f94bb4-5e7c-475e-b505-657d147618a9 898e3433ef364e78b7297b6c259d117b da6c724c1ee740a5b68b9761c4251a83 - - - -] 10.0.0.106 "POST /v2.0/subnets HTTP/1.1" status: 201 len: 821 time: 0.3106165
2026-09-09 07:32:02.789 10 INFO neutron.db.ovn_revision_numbers_db [None req-e7085749-0f53-4000-ac72-a0d224e0b44d aa2ced5cda1b412697388837398a70b6 b3bda2d9201d4b34a3873210182c41a2 - - - -] Successfully bumped revision number for resource 43513ad4-5c1c-4cfe-ae06-da561482817b (type: security_groups) to 1
2026-09-09 07:32:02.890 10 INFO neutron.db.segments_db [None req-e7085749-0f53-4000-ac72-a0d224e0b44d aa2ced5cda1b412697388837398a70b6 b3bda2d9201d4b34a3873210182c41a2 - - - -] Added segment f6d28b4c-7ba1-4692-844f-6c971daedace of type geneve for network c57d583c-ce31-4699-821a-e8dbba446e93
2026-09-09 07:32:02.969 10 WARNING neutron.scheduler.dhcp_agent_scheduler [None req-3d1c5a00-041e-44ff-9aa6-70e0d5195602 223cff348bc1407fab135c23e8ee156b a4993623f0ef430d96f08d100e54a21c - - - -] No more DHCP agents
2026-09-09 07:32:02.973 10 WARNING neutron.api.rpc.agentnotifiers.dhcp_rpc_agent_api [None req-3d1c5a00-041e-44ff-9aa6-70e0d5195602 223cff348bc1407fab135c23e8ee156b a4993623f0ef430d96f08d100e54a21c - - - -] Unable to schedule network 98454cd6-4460-4a10-8605-9ccb0e9d44fe: no agents available; will retry on subsequent port and subnet creation events.
2026-09-09 07:32:03.076 10 INFO neutron.db.segments_db [None req-e7085749-0f53-4000-ac72-a0d224e0b44d aa2ced5cda1b412697388837398a70b6 b3bda2d9201d4b34a3873210182c41a2 - - - -] Added segment 947aac3b-f959-4492-b0bd-3b7d32ce34db of type geneve for network 55da91ee-cd10-4094-8ad7-b704842ac61b
2026-09-09 07:32:03.126 9 INFO neutron.services.segments.plugin [-] Segment bb33ddf9-76a6-40d2-84d5-e4bb7450364a resource provider aggregate not found
2026-09-09 07:32:03.132 9 INFO neutron.services.segments.plugin [-] Segment bb33ddf9-76a6-40d2-84d5-e4bb7450364a resource provider aggregate not found
2026-09-09 07:32:03.155 9 INFO neutron.services.segments.plugin [-] Segment bb33ddf9-76a6-40d2-84d5-e4bb7450364a resource provider not found; error: Placement Client Error (4xx): {"errors": [{"status": 404, "title": "Not Found", "detail": "The resource could not be found.\n\n No resource provider with uuid bb33ddf9-76a6-40d2-84d5-e4bb7450364a found for delete ", "request_id": "req-2a6773dd-dcb1-4846-8c6e-40ef6da4ce56"}]}
2026-09-09 07:32:03.155 9 INFO neutron.services.segments.plugin [-] Segment bb33ddf9-76a6-40d2-84d5-e4bb7450364a resource provider not found; error: Placement Client Error (4xx): {"errors": [{"status": 404, "title": "Not Found", "detail": "The resource could not be found.\n\n No resource provider with uuid bb33ddf9-76a6-40d2-84d5-e4bb7450364a found for delete ", "request_id": "req-6ca8092d-fa57-48f7-a61c-c3c4793f6606"}]}
2026-09-09 07:32:03.183 9 INFO neutron.wsgi [None req-aa1252bf-b6be-4692-abaa-3c93a3976c62 153144be5d9d4ad3bbb85fbebb0c6f1e 65167c832edb425e9bc00a82e5e5347a - - - -] 10.0.0.106 "DELETE /v2.0/networks/a322605b-cd2c-4496-90c9-5b5460e2345c HTTP/1.1" status: 204 len: 168 time: 0.5497406 /var/lib/openstack/lib/python3.10/site-packages/pycadf/identifier.py:71: UserWarning: Invalid uuid: neutron. To ensure interoperability, identifiers should be a valid uuid. warnings.warn(('Invalid uuid: %s. To ensure interoperability, '
2026-09-09 07:32:03.510 10 INFO neutron.wsgi [None req-9d14c4f4-20b5-48bf-90b2-e3ef922c601d 153144be5d9d4ad3bbb85fbebb0c6f1e 65167c832edb425e9bc00a82e5e5347a - - default default] 10.0.0.106 "GET /v2.0/security-groups?tenant_id=97dc15dc80974afd9663c513e2ca8292&name=default HTTP/1.1" status: 200 len: 2996 time: 0.0901067
2026-09-09 07:32:03.520 10 INFO neutron.db.ovn_revision_numbers_db [None req-3d1c5a00-041e-44ff-9aa6-70e0d5195602 223cff348bc1407fab135c23e8ee156b a4993623f0ef430d96f08d100e54a21c - - - -] Successfully bumped revision number for resource 9b527c40-1c4d-4190-81f5-8ad2104d1f77 (type: ports) to 1
2026-09-09 07:32:03.577 10 INFO neutron.wsgi [None req-3d1c5a00-041e-44ff-9aa6-70e0d5195602 223cff348bc1407fab135c23e8ee156b a4993623f0ef430d96f08d100e54a21c - - - -] 10.0.0.106 "POST /v2.0/ports HTTP/1.1" status: 201 len: 1158 time: 1.0120556
2026-09-09 07:32:03.578 10 INFO neutron.db.ovn_revision_numbers_db [None req-e7085749-0f53-4000-ac72-a0d224e0b44d aa2ced5cda1b412697388837398a70b6 b3bda2d9201d4b34a3873210182c41a2 - - - -] Successfully bumped revision number for resource c57d583c-ce31-4699-821a-e8dbba446e93 (type: networks) to 1
2026-09-09 07:32:03.753 9 INFO neutron.db.ovn_revision_numbers_db [None req-1aa23de2-2f10-437a-a658-e3f5c6f64a07 898e3433ef364e78b7297b6c259d117b da6c724c1ee740a5b68b9761c4251a83 - - - -] Successfully bumped revision number for resource 53d06364-c97c-4e57-80fd-9082c650c915 (type: ports) to 2
2026-09-09 07:32:03.770 9 INFO neutron.db.ovn_revision_numbers_db [None req-1aa23de2-2f10-437a-a658-e3f5c6f64a07 898e3433ef364e78b7297b6c259d117b da6c724c1ee740a5b68b9761c4251a83 - - - -] Successfully bumped revision number for resource 69a782d1-9bad-422b-ad40-55a050b48f8e (type: subnets) to 1
2026-09-09 07:32:03.773 9 INFO neutron.wsgi [None req-1aa23de2-2f10-437a-a658-e3f5c6f64a07 898e3433ef364e78b7297b6c259d117b da6c724c1ee740a5b68b9761c4251a83 - - - -] 10.0.0.106 "PUT /v2.0/subnets/69a782d1-9bad-422b-ad40-55a050b48f8e HTTP/1.1" status: 200 len: 826 time: 1.0031235
2026-09-09 07:32:03.860 10 WARNING neutron.scheduler.dhcp_agent_scheduler [None req-e7085749-0f53-4000-ac72-a0d224e0b44d aa2ced5cda1b412697388837398a70b6 b3bda2d9201d4b34a3873210182c41a2 - - - -] No more DHCP agents
2026-09-09 07:32:03.863 10 WARNING neutron.api.rpc.agentnotifiers.dhcp_rpc_agent_api [None req-e7085749-0f53-4000-ac72-a0d224e0b44d aa2ced5cda1b412697388837398a70b6 b3bda2d9201d4b34a3873210182c41a2 - - - -] Unable to schedule network c57d583c-ce31-4699-821a-e8dbba446e93: no agents available; will retry on subsequent port and subnet creation events.
2026-09-09 07:32:03.900 10 INFO neutron.wsgi [None req-a844bf87-09d1-4808-8fb7-cfb2052602f4 153144be5d9d4ad3bbb85fbebb0c6f1e 65167c832edb425e9bc00a82e5e5347a - - - -] 10.0.0.106 "DELETE /v2.0/security-groups/45dfdff8-ca85-425f-b668-b74d4172ff34 HTTP/1.1" status: 204 len: 168 time: 0.3818533
2026-09-09 07:32:03.947 10 INFO neutron.db.ovn_revision_numbers_db [None req-e7085749-0f53-4000-ac72-a0d224e0b44d aa2ced5cda1b412697388837398a70b6 b3bda2d9201d4b34a3873210182c41a2 - - - -] Successfully bumped revision number for resource a57c465e-d383-42f3-9481-dc7c8507a9f1 (type: ports) to 1
2026-09-09 07:32:04.052 10 INFO neutron.db.ovn_revision_numbers_db [None req-e7085749-0f53-4000-ac72-a0d224e0b44d aa2ced5cda1b412697388837398a70b6 b3bda2d9201d4b34a3873210182c41a2 - - - -] Successfully bumped revision number for resource 55da91ee-cd10-4094-8ad7-b704842ac61b (type: networks) to 1
2026-09-09 07:32:04.129 10 WARNING neutron.scheduler.dhcp_agent_scheduler [None req-1ead2979-b7a8-43d9-86ac-bc27129d1f6f 223cff348bc1407fab135c23e8ee156b a4993623f0ef430d96f08d100e54a21c - - - -] No more DHCP agents
2026-09-09 07:32:04.131 10 WARNING neutron.api.rpc.agentnotifiers.dhcp_rpc_agent_api [None req-1ead2979-b7a8-43d9-86ac-bc27129d1f6f 223cff348bc1407fab135c23e8ee156b a4993623f0ef430d96f08d100e54a21c - - - -] Unable to schedule network 98454cd6-4460-4a10-8605-9ccb0e9d44fe: no agents available; will retry on subsequent port and subnet creation events.
2026-09-09 07:32:04.252 10 WARNING neutron.scheduler.dhcp_agent_scheduler [None req-e7085749-0f53-4000-ac72-a0d224e0b44d aa2ced5cda1b412697388837398a70b6 b3bda2d9201d4b34a3873210182c41a2 - - - -] No more DHCP agents
2026-09-09 07:32:04.253 10 WARNING neutron.api.rpc.agentnotifiers.dhcp_rpc_agent_api [None req-e7085749-0f53-4000-ac72-a0d224e0b44d aa2ced5cda1b412697388837398a70b6 b3bda2d9201d4b34a3873210182c41a2 - - - -] Unable to schedule network 55da91ee-cd10-4094-8ad7-b704842ac61b: no agents available; will retry on subsequent port and subnet creation events.
2026-09-09 07:32:04.264 9 INFO neutron.wsgi [None req-b60ab23b-d6e7-42c5-98a2-9f2c4d6ae29a 898e3433ef364e78b7297b6c259d117b da6c724c1ee740a5b68b9761c4251a83 - - - -] 10.0.0.106 "DELETE /v2.0/networks/207bd0a0-28c0-442c-92d4-7ffb65ccacac HTTP/1.1" status: 204 len: 168 time: 0.4826980
2026-09-09 07:32:04.297 9 INFO neutron.pecan_wsgi.hooks.translation [None req-71de9f9e-ca9d-402e-80dd-8c391a12eb79 898e3433ef364e78b7297b6c259d117b da6c724c1ee740a5b68b9761c4251a83 - - - -] DELETE failed (client error): The resource could not be found.
2026-09-09 07:32:04.299 9 INFO neutron.wsgi [None req-71de9f9e-ca9d-402e-80dd-8c391a12eb79 898e3433ef364e78b7297b6c259d117b da6c724c1ee740a5b68b9761c4251a83 - - - -] 10.0.0.106 "DELETE /v2.0/networks/207bd0a0-28c0-442c-92d4-7ffb65ccacac HTTP/1.1" status: 404 len: 339 time: 0.0204866
2026-09-09 07:32:04.333 10 INFO neutron.db.ovn_revision_numbers_db [None req-e7085749-0f53-4000-ac72-a0d224e0b44d aa2ced5cda1b412697388837398a70b6 b3bda2d9201d4b34a3873210182c41a2 - - - -] Successfully bumped revision number for resource 6ed9222e-0b8a-4400-982c-80770322ead0 (type: ports) to 1
2026-09-09 07:32:04.342 10 INFO neutron.db.ovn_revision_numbers_db [None req-1ead2979-b7a8-43d9-86ac-bc27129d1f6f 223cff348bc1407fab135c23e8ee156b a4993623f0ef430d96f08d100e54a21c - - - -] Successfully bumped revision number for resource 9ede67a9-c4f4-48dc-8b2e-ee539e657fc2 (type: ports) to 1
2026-09-09 07:32:04.353 10 INFO neutron.wsgi [None req-e7085749-0f53-4000-ac72-a0d224e0b44d aa2ced5cda1b412697388837398a70b6 b3bda2d9201d4b34a3873210182c41a2 - - - -] 10.0.0.106 "POST /v2.0/networks HTTP/1.1" status: 201 len: 1446 time: 1.9800398 /var/lib/openstack/lib/python3.10/site-packages/pycadf/identifier.py:71: UserWarning: Invalid uuid: neutron. To ensure interoperability, identifiers should be a valid uuid. warnings.warn(('Invalid uuid: %s. To ensure interoperability, '
2026-09-09 07:32:04.366 10 INFO neutron.wsgi [None req-1ead2979-b7a8-43d9-86ac-bc27129d1f6f 223cff348bc1407fab135c23e8ee156b a4993623f0ef430d96f08d100e54a21c - - - -] 10.0.0.106 "POST /v2.0/ports HTTP/1.1" status: 201 len: 1154 time: 0.7767529
2026-09-09 07:32:04.398 9 INFO neutron.wsgi [None req-bc825a66-b071-4461-9d06-9a34392938e3 898e3433ef364e78b7297b6c259d117b da6c724c1ee740a5b68b9761c4251a83 - - default default] 10.0.0.106 "GET /v2.0/networks?router%3Aexternal=True HTTP/1.1" status: 200 len: 845 time: 0.0906913
2026-09-09 07:32:04.425 10 INFO neutron.wsgi [None req-006d627e-2d17-46cf-a9d6-fe9f0cb1fa3e aa2ced5cda1b412697388837398a70b6 b3bda2d9201d4b34a3873210182c41a2 - - default default] 10.0.0.106 "GET /v2.0/networks HTTP/1.1" status: 200 len: 2052 time: 0.0665951
2026-09-09 07:32:04.445 9 INFO neutron.wsgi [None req-87f08d96-cddc-45db-8a7e-cd0cdb057747 898e3433ef364e78b7297b6c259d117b da6c724c1ee740a5b68b9761c4251a83 - - default default] 10.0.0.106 "GET /v2.0/subnets?network_id=d8c0c0d7-7e0f-4280-a8e5-4c5682799908 HTTP/1.1" status: 200 len: 820 time: 0.0415459
2026-09-09 07:32:04.454 10 INFO neutron.wsgi [None req-bb7052c3-bd67-4926-9a77-7a697d6a41c5 898e3433ef364e78b7297b6c259d117b da6c724c1ee740a5b68b9761c4251a83 - - default default] 10.0.0.106 "GET /v2.0/extensions HTTP/1.1" status: 200 len: 16520 time: 0.0046353
2026-09-09 07:32:04.556 9 INFO neutron.wsgi [None req-d7ebf45d-e877-4215-b048-594af252f3cc 898e3433ef364e78b7297b6c259d117b da6c724c1ee740a5b68b9761c4251a83 - - default default] 10.0.0.106 "GET /v2.0/networks HTTP/1.1" status: 200 len: 1508 time: 0.0934350
2026-09-09 07:32:04.647 9 INFO neutron.wsgi [None req-b2853875-6e98-4f02-869a-44c863531c00 898e3433ef364e78b7297b6c259d117b da6c724c1ee740a5b68b9761c4251a83 - - default default] 10.0.0.106 "GET /v2.0/subnets HTTP/1.1" status: 200 len: 1460 time: 0.0795774
2026-09-09 07:32:04.716 10 WARNING neutron.scheduler.dhcp_agent_scheduler [None req-ba3e67ba-7266-4f1f-87dd-b6d8bf9f2dcb 223cff348bc1407fab135c23e8ee156b a4993623f0ef430d96f08d100e54a21c - - - -] No more DHCP agents
2026-09-09 07:32:04.737 10 WARNING neutron.api.rpc.agentnotifiers.dhcp_rpc_agent_api [None req-ba3e67ba-7266-4f1f-87dd-b6d8bf9f2dcb 223cff348bc1407fab135c23e8ee156b a4993623f0ef430d96f08d100e54a21c - - - -] Unable to schedule network d8c0c0d7-7e0f-4280-a8e5-4c5682799908: no agents available; will retry on subsequent port and subnet creation events.
2026-09-09 07:32:04.764 10 INFO neutron.wsgi [None req-8b3fd7b5-e634-431c-947f-743ffa3ae252 898e3433ef364e78b7297b6c259d117b da6c724c1ee740a5b68b9761c4251a83 - - default default] 10.0.0.106 "GET /v2.0/networks/b88b70f2-86b6-46f3-89be-c6012ddcb9f4 HTTP/1.1" status: 200 len: 867 time: 0.1048422
2026-09-09 07:32:04.815 9 INFO neutron.wsgi [None req-9c70d2ab-ab1d-4a04-86b2-f67d04843d5b 898e3433ef364e78b7297b6c259d117b da6c724c1ee740a5b68b9761c4251a83 - - default default] 10.0.0.106 "GET /v2.0/subnets/7f831ac8-fa75-44ca-98b6-9676a7be7876 HTTP/1.1" status: 200 len: 843 time: 0.0385799
2026-09-09 07:32:04.842 9 INFO neutron.pecan_wsgi.hooks.translation [None req-d4cc2b35-b21d-49fb-8a7d-6f9e5833c7f1 898e3433ef364e78b7297b6c259d117b da6c724c1ee740a5b68b9761c4251a83 - - - -] DELETE failed (client error): The resource could not be found.
2026-09-09 07:32:04.844 9 INFO neutron.wsgi [None req-d4cc2b35-b21d-49fb-8a7d-6f9e5833c7f1 898e3433ef364e78b7297b6c259d117b da6c724c1ee740a5b68b9761c4251a83 - - - -] 10.0.0.106 "DELETE /v2.0/subnets/69a782d1-9bad-422b-ad40-55a050b48f8e HTTP/1.1" status: 404 len: 337 time: 0.0186827
2026-09-09 07:32:04.866 9 INFO neutron.pecan_wsgi.hooks.translation [None req-96f76728-5c33-4d6a-a95e-96f25f7efa16 898e3433ef364e78b7297b6c259d117b da6c724c1ee740a5b68b9761c4251a83 - - - -] DELETE failed (client error): The resource could not be found.
2026-09-09 07:32:04.867 9 INFO neutron.wsgi [None req-96f76728-5c33-4d6a-a95e-96f25f7efa16 898e3433ef364e78b7297b6c259d117b da6c724c1ee740a5b68b9761c4251a83 - - - -] 10.0.0.106 "DELETE /v2.0/networks/207bd0a0-28c0-442c-92d4-7ffb65ccacac HTTP/1.1" status: 404 len: 339 time: 0.0203969
2026-09-09 07:32:04.908 9 INFO neutron.wsgi [None req-f7d92cae-8aa5-4cfb-86f4-0bf75ec61fe0 aa2ced5cda1b412697388837398a70b6 b3bda2d9201d4b34a3873210182c41a2 - - - -] 10.0.0.106 "DELETE /v2.0/networks/c57d583c-ce31-4699-821a-e8dbba446e93 HTTP/1.1" status: 204 len: 168 time: 0.4785786
2026-09-09 07:32:05.091 10 INFO neutron.wsgi [None req-7daf3238-ca8e-4ea6-b3d1-eff99201034a 898e3433ef364e78b7297b6c259d117b da6c724c1ee740a5b68b9761c4251a83 - - - -] 10.0.0.106 "DELETE /v2.0/subnets/7f831ac8-fa75-44ca-98b6-9676a7be7876 HTTP/1.1" status: 204 len: 168 time: 0.2186863
2026-09-09 07:32:05.182 10 INFO neutron.db.l3_db [None req-ba3e67ba-7266-4f1f-87dd-b6d8bf9f2dcb 223cff348bc1407fab135c23e8ee156b a4993623f0ef430d96f08d100e54a21c - - - -] Floating IP 5cc00aed-70fb-4bb4-99c3-6f99b1b7c87f associated. External IP: 10.96.250.211, port: 9ede67a9-c4f4-48dc-8b2e-ee539e657fc2.
2026-09-09 07:32:05.185 9 INFO neutron.services.segments.plugin [-] Segment 1d6ae6de-f543-468c-8996-e95b8f24b356 resource provider aggregate not found
2026-09-09 07:32:05.197 9 INFO neutron.services.segments.plugin [-] Segment 1d6ae6de-f543-468c-8996-e95b8f24b356 resource provider aggregate not found
2026-09-09 07:32:05.210 9 INFO neutron.services.segments.plugin [-] Segment 1d6ae6de-f543-468c-8996-e95b8f24b356 resource provider not found; error: Placement Client Error (4xx): {"errors": [{"status": 404, "title": "Not Found", "detail": "The resource could not be found.\n\n No resource provider with uuid 1d6ae6de-f543-468c-8996-e95b8f24b356 found for delete ", "request_id": "req-3c1d6f5c-4028-4fb2-a5b8-4c928f273d51"}]}
2026-09-09 07:32:05.231 9 INFO neutron.services.segments.plugin [-] Segment 1d6ae6de-f543-468c-8996-e95b8f24b356 resource provider not found; error: Placement Client Error (4xx): {"errors": [{"status": 404, "title": "Not Found", "detail": "The resource could not be found.\n\n No resource provider with uuid 1d6ae6de-f543-468c-8996-e95b8f24b356 found for delete ", "request_id": "req-bb979d72-b8c4-4b4a-a5e2-c7e6a279ded5"}]}
2026-09-09 07:32:05.236 9 INFO neutron.services.segments.plugin [-] Segment f6d28b4c-7ba1-4692-844f-6c971daedace resource provider aggregate not found
2026-09-09 07:32:05.253 9 INFO neutron.services.segments.plugin [-] Segment f6d28b4c-7ba1-4692-844f-6c971daedace resource provider not found; error: Placement Client Error (4xx): {"errors": [{"status": 404, "title": "Not Found", "detail": "The resource could not be found.\n\n No resource provider with uuid f6d28b4c-7ba1-4692-844f-6c971daedace found for delete ", "request_id": "req-e9fdd3ef-1445-4723-90c7-cefdc3703a0a"}]}
2026-09-09 07:32:05.278 9 INFO neutron.wsgi [None req-db2501c7-0a34-4e5c-a0d7-f96b625d4ca9 aa2ced5cda1b412697388837398a70b6 b3bda2d9201d4b34a3873210182c41a2 - - - -] 10.0.0.106 "DELETE /v2.0/networks/55da91ee-cd10-4094-8ad7-b704842ac61b HTTP/1.1" status: 204 len: 168 time: 0.3638487
2026-09-09 07:32:05.279 9 INFO neutron.services.segments.plugin [-] Segment f6d28b4c-7ba1-4692-844f-6c971daedace resource provider aggregate not found
2026-09-09 07:32:05.309 9 INFO neutron.services.segments.plugin [-] Segment f6d28b4c-7ba1-4692-844f-6c971daedace resource provider not found; error: Placement Client Error (4xx): {"errors": [{"status": 404, "title": "Not Found", "detail": "The resource could not be found.\n\n No resource provider with uuid f6d28b4c-7ba1-4692-844f-6c971daedace found for delete ", "request_id": "req-d1048c14-d92c-496f-a623-28734349ee60"}]}
2026-09-09 07:32:05.346 10 INFO neutron.db.ovn_revision_numbers_db [None req-ba3e67ba-7266-4f1f-87dd-b6d8bf9f2dcb 223cff348bc1407fab135c23e8ee156b a4993623f0ef430d96f08d100e54a21c - - - -] Successfully bumped revision number for resource 5cc00aed-70fb-4bb4-99c3-6f99b1b7c87f (type: floatingips) to 0
2026-09-09 07:32:05.368 10 INFO neutron.wsgi [None req-7a34e088-9938-459b-86db-2b392b0c3782 aa2ced5cda1b412697388837398a70b6 b3bda2d9201d4b34a3873210182c41a2 - - default default] 10.0.0.106 "GET /v2.0/networks HTTP/1.1" status: 200 len: 845 time: 0.0849860
2026-09-09 07:32:05.434 10 INFO neutron.db.ovn_revision_numbers_db [None req-ba3e67ba-7266-4f1f-87dd-b6d8bf9f2dcb 223cff348bc1407fab135c23e8ee156b a4993623f0ef430d96f08d100e54a21c - - - -] Successfully bumped revision number for resource 5cc00aed-70fb-4bb4-99c3-6f99b1b7c87f (type: floatingips) to 1
2026-09-09 07:32:05.461 10 INFO neutron.wsgi [None req-ba3e67ba-7266-4f1f-87dd-b6d8bf9f2dcb 223cff348bc1407fab135c23e8ee156b a4993623f0ef430d96f08d100e54a21c - - - -] 10.0.0.106 "POST /v2.0/floatingips HTTP/1.1" status: 201 len: 1041 time: 1.0892055
2026-09-09 07:32:05.495 10 INFO neutron.db.segments_db [None req-abb4d0c7-c122-4ddc-b037-68d16bff6dcc aa2ced5cda1b412697388837398a70b6 b3bda2d9201d4b34a3873210182c41a2 - - - -] Added segment 4b99423a-476c-4cb7-bdee-4c2f9189778c of type geneve for network e63bffbb-5bbe-45f3-a448-029476d1d559
2026-09-09 07:32:05.545 9 INFO neutron.wsgi [None req-91b854aa-7f78-402b-a281-002e3aec6448 898e3433ef364e78b7297b6c259d117b da6c724c1ee740a5b68b9761c4251a83 - - - -] 10.0.0.106 "DELETE /v2.0/networks/b88b70f2-86b6-46f3-89be-c6012ddcb9f4 HTTP/1.1" status: 204 len: 168 time: 0.4496522
2026-09-09 07:32:05.614 10 INFO neutron.db.l3_db [None req-13c9421c-7eb5-4bd2-8c88-1954fd1eb95b 223cff348bc1407fab135c23e8ee156b a4993623f0ef430d96f08d100e54a21c - - - -] Floating IP 5cc00aed-70fb-4bb4-99c3-6f99b1b7c87f disassociated. External IP: 10.96.250.211, port: 9ede67a9-c4f4-48dc-8b2e-ee539e657fc2.
2026-09-09 07:32:05.651 10 INFO neutron.db.ovn_revision_numbers_db [None req-abb4d0c7-c122-4ddc-b037-68d16bff6dcc aa2ced5cda1b412697388837398a70b6 b3bda2d9201d4b34a3873210182c41a2 - - - -] Successfully bumped revision number for resource e63bffbb-5bbe-45f3-a448-029476d1d559 (type: networks) to 1
2026-09-09 07:32:05.653 10 INFO neutron.db.ovn_revision_numbers_db [None req-13c9421c-7eb5-4bd2-8c88-1954fd1eb95b 223cff348bc1407fab135c23e8ee156b a4993623f0ef430d96f08d100e54a21c - - - -] Successfully bumped revision number for resource 5cc00aed-70fb-4bb4-99c3-6f99b1b7c87f (type: floatingips) to 2
2026-09-09 07:32:06.009 10 INFO neutron.wsgi [None req-13c9421c-7eb5-4bd2-8c88-1954fd1eb95b 223cff348bc1407fab135c23e8ee156b a4993623f0ef430d96f08d100e54a21c - - - -] 10.0.0.106 "PUT /v2.0/floatingips/5cc00aed-70fb-4bb4-99c3-6f99b1b7c87f HTTP/1.1" status: 200 len: 748 time: 0.5432205
2026-09-09 07:32:06.158 10 INFO neutron.wsgi [None req-0ae8de2a-1e24-4b3b-85c1-acb55bca06cc 153144be5d9d4ad3bbb85fbebb0c6f1e 65167c832edb425e9bc00a82e5e5347a - - default default] 10.0.0.106 "GET /v2.0/security-groups?tenant_id=da6c724c1ee740a5b68b9761c4251a83&name=default HTTP/1.1" status: 200 len: 2996 time: 0.1164937
2026-09-09 07:32:06.159 10 WARNING neutron.scheduler.dhcp_agent_scheduler [None req-abb4d0c7-c122-4ddc-b037-68d16bff6dcc aa2ced5cda1b412697388837398a70b6 b3bda2d9201d4b34a3873210182c41a2 - - - -] No more DHCP agents
2026-09-09 07:32:06.166 10 WARNING neutron.api.rpc.agentnotifiers.dhcp_rpc_agent_api [None req-abb4d0c7-c122-4ddc-b037-68d16bff6dcc aa2ced5cda1b412697388837398a70b6 b3bda2d9201d4b34a3873210182c41a2 - - - -] Unable to schedule network e63bffbb-5bbe-45f3-a448-029476d1d559: no agents available; will retry on subsequent port and subnet creation events.
2026-09-09 07:32:06.188 9 INFO neutron.db.ovn_revision_numbers_db [None req-8bb05269-9b38-4372-b60f-d0091dc2857d 153144be5d9d4ad3bbb85fbebb0c6f1e 65167c832edb425e9bc00a82e5e5347a - - - -] Successfully bumped revision number for resource 2810b3c0-1f8b-4a95-8f85-ff3df86abde4 (type: security_groups) to 1
2026-09-09 07:32:06.258 9 INFO neutron.db.segments_db [None req-8bb05269-9b38-4372-b60f-d0091dc2857d 153144be5d9d4ad3bbb85fbebb0c6f1e 65167c832edb425e9bc00a82e5e5347a - - - -] Added segment 011746cf-50d6-41f6-bbdd-6e103216eb51 of type geneve for network 67c675b9-0160-4b19-89a9-7d64429380f6
2026-09-09 07:32:06.267 10 INFO neutron.db.ovn_revision_numbers_db [None req-abb4d0c7-c122-4ddc-b037-68d16bff6dcc aa2ced5cda1b412697388837398a70b6 b3bda2d9201d4b34a3873210182c41a2 - - - -] Successfully bumped revision number for resource b24036d4-72b7-4472-b9cc-b1f8f649def9 (type: ports) to 1
2026-09-09 07:32:06.290 10 INFO neutron.wsgi [None req-abb4d0c7-c122-4ddc-b037-68d16bff6dcc aa2ced5cda1b412697388837398a70b6 b3bda2d9201d4b34a3873210182c41a2 - - - -] 10.0.0.106 "POST /v2.0/networks HTTP/1.1" status: 201 len: 849 time: 0.9140139
2026-09-09 07:32:06.397 9 INFO neutron.db.ovn_revision_numbers_db [None req-8bb05269-9b38-4372-b60f-d0091dc2857d 153144be5d9d4ad3bbb85fbebb0c6f1e 65167c832edb425e9bc00a82e5e5347a - - - -] Successfully bumped revision number for resource 67c675b9-0160-4b19-89a9-7d64429380f6 (type: networks) to 1
2026-09-09 07:32:06.401 10 INFO neutron.db.segments_db [None req-b02ac485-bac9-4070-b2d0-dcf47a367838 aa2ced5cda1b412697388837398a70b6 b3bda2d9201d4b34a3873210182c41a2 - - - -] Added segment d9cd61b7-38db-458e-8779-9c828f194588 of type geneve for network cd058c26-f8b1-4f9a-a3c9-0cb47447b1f0
2026-09-09 07:32:06.442 9 INFO neutron.wsgi [None req-de87d89c-8dfc-44ad-a2f3-7213133fa72d 153144be5d9d4ad3bbb85fbebb0c6f1e 65167c832edb425e9bc00a82e5e5347a - - - -] 10.0.0.106 "DELETE /v2.0/security-groups/729d9c0f-68ca-456e-9624-b0a9aa537a0b HTTP/1.1" status: 204 len: 168 time: 0.2791693
2026-09-09 07:32:06.456 10 WARNING neutron.plugins.ml2.drivers.ovn.mech_driver.ovsdb.ovn_client [None req-5c009000-e905-4825-baa0-d66904499926 - - - - - -] No hosting information found for port 31447f3c-0dea-4f98-936b-80615b319a7b: RuntimeError: No hosting information found for port 31447f3c-0dea-4f98-936b-80615b319a7b
2026-09-09 07:32:06.456 10 INFO neutron.plugins.ml2.drivers.ovn.mech_driver.mech_driver [None req-5c009000-e905-4825-baa0-d66904499926 - - - - - -] OVN reports status up for port: 6bc14610-15fd-499b-882e-bbcf6db0a1be
2026-09-09 07:32:06.486 10 INFO neutron.plugins.ml2.plugin [None req-5c009000-e905-4825-baa0-d66904499926 - - - - - -] Attempt 1 to provision port 6bc14610-15fd-499b-882e-bbcf6db0a1be
2026-09-09 07:32:06.525 10 INFO neutron.wsgi [None req-80f21c29-677f-4cca-a3ad-69c0d624044c 223cff348bc1407fab135c23e8ee156b a4993623f0ef430d96f08d100e54a21c - - - -] 10.0.0.106 "DELETE /v2.0/floatingips/5cc00aed-70fb-4bb4-99c3-6f99b1b7c87f HTTP/1.1" status: 204 len: 168 time: 0.5107820
2026-09-09 07:32:06.607 10 INFO neutron.db.ovn_revision_numbers_db [None req-b02ac485-bac9-4070-b2d0-dcf47a367838 aa2ced5cda1b412697388837398a70b6 b3bda2d9201d4b34a3873210182c41a2 - - - -] Successfully bumped revision number for resource cd058c26-f8b1-4f9a-a3c9-0cb47447b1f0 (type: networks) to 1
2026-09-09 07:32:06.661 9 WARNING neutron.scheduler.dhcp_agent_scheduler [None req-8bb05269-9b38-4372-b60f-d0091dc2857d 153144be5d9d4ad3bbb85fbebb0c6f1e 65167c832edb425e9bc00a82e5e5347a - - - -] No more DHCP agents
2026-09-09 07:32:06.664 9 WARNING neutron.api.rpc.agentnotifiers.dhcp_rpc_agent_api [None req-8bb05269-9b38-4372-b60f-d0091dc2857d 153144be5d9d4ad3bbb85fbebb0c6f1e 65167c832edb425e9bc00a82e5e5347a - - - -] Unable to schedule network 67c675b9-0160-4b19-89a9-7d64429380f6: no agents available; will retry on subsequent port and subnet creation events.
2026-09-09 07:32:06.731 9 INFO neutron.db.ovn_revision_numbers_db [None req-8bb05269-9b38-4372-b60f-d0091dc2857d 153144be5d9d4ad3bbb85fbebb0c6f1e 65167c832edb425e9bc00a82e5e5347a - - - -] Successfully bumped revision number for resource b7313343-78d9-4670-991d-c732a1cf0aef (type: ports) to 1
2026-09-09 07:32:06.754 9 INFO neutron.wsgi [None req-8bb05269-9b38-4372-b60f-d0091dc2857d 153144be5d9d4ad3bbb85fbebb0c6f1e 65167c832edb425e9bc00a82e5e5347a - - - -] 10.0.0.106 "POST /v2.0/networks HTTP/1.1" status: 201 len: 945 time: 0.9230528
2026-09-09 07:32:06.895 9 WARNING neutron.scheduler.dhcp_agent_scheduler [None req-53a118f3-fc4e-4e46-b46e-ef2b48abbda3 153144be5d9d4ad3bbb85fbebb0c6f1e 65167c832edb425e9bc00a82e5e5347a - - - -] No more DHCP agents
2026-09-09 07:32:06.897 9 WARNING neutron.api.rpc.agentnotifiers.dhcp_rpc_agent_api [None req-53a118f3-fc4e-4e46-b46e-ef2b48abbda3 153144be5d9d4ad3bbb85fbebb0c6f1e 65167c832edb425e9bc00a82e5e5347a - - - -] Unable to schedule network 67c675b9-0160-4b19-89a9-7d64429380f6: no agents available; will retry on subsequent port and subnet creation events.
2026-09-09 07:32:06.955 10 WARNING neutron.scheduler.dhcp_agent_scheduler [None req-b02ac485-bac9-4070-b2d0-dcf47a367838 aa2ced5cda1b412697388837398a70b6 b3bda2d9201d4b34a3873210182c41a2 - - - -] No more DHCP agents
2026-09-09 07:32:06.963 10 WARNING neutron.api.rpc.agentnotifiers.dhcp_rpc_agent_api [None req-b02ac485-bac9-4070-b2d0-dcf47a367838 aa2ced5cda1b412697388837398a70b6 b3bda2d9201d4b34a3873210182c41a2 - - - -] Unable to schedule network cd058c26-f8b1-4f9a-a3c9-0cb47447b1f0: no agents available; will retry on subsequent port and subnet creation events.
2026-09-09 07:32:07.036 10 INFO neutron.db.ovn_revision_numbers_db [None req-5c009000-e905-4825-baa0-d66904499926 - - - - - -] Successfully bumped revision number for resource 6bc14610-15fd-499b-882e-bbcf6db0a1be (type: ports) to 3
2026-09-09 07:32:07.044 10 WARNING neutron.scheduler.dhcp_agent_scheduler [None req-61d65657-1605-4124-9b24-ed3c309f36bc 223cff348bc1407fab135c23e8ee156b a4993623f0ef430d96f08d100e54a21c - - - -] No more DHCP agents
2026-09-09 07:32:07.045 10 WARNING neutron.api.rpc.agentnotifiers.dhcp_rpc_agent_api [None req-61d65657-1605-4124-9b24-ed3c309f36bc 223cff348bc1407fab135c23e8ee156b a4993623f0ef430d96f08d100e54a21c - - - -] Unable to schedule network d8c0c0d7-7e0f-4280-a8e5-4c5682799908: no agents available; will retry on subsequent port and subnet creation events.
2026-09-09 07:32:07.076 10 INFO neutron.db.ovn_revision_numbers_db [None req-b02ac485-bac9-4070-b2d0-dcf47a367838 aa2ced5cda1b412697388837398a70b6 b3bda2d9201d4b34a3873210182c41a2 - - - -] Successfully bumped revision number for resource 4f48e1f6-e0d6-4cf5-b281-3ce2f2cdec18 (type: ports) to 1
2026-09-09 07:32:07.128 10 INFO neutron.wsgi [None req-b02ac485-bac9-4070-b2d0-dcf47a367838 aa2ced5cda1b412697388837398a70b6 b3bda2d9201d4b34a3873210182c41a2 - - - -] 10.0.0.106 "POST /v2.0/networks HTTP/1.1" status: 201 len: 849 time: 0.8323488
2026-09-09 07:32:07.230 10 INFO neutron.db.ovn_revision_numbers_db [None req-5c009000-e905-4825-baa0-d66904499926 - - - - - -] Successfully bumped revision number for resource 6bc14610-15fd-499b-882e-bbcf6db0a1be (type: router_ports) to 3
2026-09-09 07:32:07.282 9 INFO neutron.db.ovn_revision_numbers_db [None req-53a118f3-fc4e-4e46-b46e-ef2b48abbda3 153144be5d9d4ad3bbb85fbebb0c6f1e 65167c832edb425e9bc00a82e5e5347a - - - -] Successfully bumped revision number for resource b7313343-78d9-4670-991d-c732a1cf0aef (type: ports) to 2
2026-09-09 07:32:07.293 9 INFO neutron.services.segments.plugin [-] Segment 947aac3b-f959-4492-b0bd-3b7d32ce34db resource provider aggregate not found
2026-09-09 07:32:07.305 9 INFO neutron.db.ovn_revision_numbers_db [None req-53a118f3-fc4e-4e46-b46e-ef2b48abbda3 153144be5d9d4ad3bbb85fbebb0c6f1e 65167c832edb425e9bc00a82e5e5347a - - - -] Successfully bumped revision number for resource 47bf6493-1d05-4389-ab91-69669a785312 (type: subnets) to 0
2026-09-09 07:32:07.316 9 INFO neutron.services.segments.plugin [-] Segment 947aac3b-f959-4492-b0bd-3b7d32ce34db resource provider not found; error: Placement Client Error (4xx): {"errors": [{"status": 404, "title": "Not Found", "detail": "The resource could not be found.\n\n No resource provider with uuid 947aac3b-f959-4492-b0bd-3b7d32ce34db found for delete ", "request_id": "req-26837704-4e00-45f9-b9d1-cfcbaf5d6f5c"}]}
2026-09-09 07:32:07.328 9 INFO neutron.wsgi [None req-53a118f3-fc4e-4e46-b46e-ef2b48abbda3 153144be5d9d4ad3bbb85fbebb0c6f1e 65167c832edb425e9bc00a82e5e5347a - - - -] 10.0.0.106 "POST /v2.0/subnets HTTP/1.1" status: 201 len: 865 time: 0.5696528
2026-09-09 07:32:07.331 9 INFO neutron.services.segments.plugin [-] Segment 947aac3b-f959-4492-b0bd-3b7d32ce34db resource provider aggregate not found
2026-09-09 07:32:07.335 9 INFO neutron.services.segments.plugin [-] Segment dde24d62-c31e-4f2d-a3a9-a103afbfb8ba resource provider aggregate not found
2026-09-09 07:32:07.349 9 INFO neutron.services.segments.plugin [-] Segment 947aac3b-f959-4492-b0bd-3b7d32ce34db resource provider not found; error: Placement Client Error (4xx): {"errors": [{"status": 404, "title": "Not Found", "detail": "The resource could not be found.\n\n No resource provider with uuid 947aac3b-f959-4492-b0bd-3b7d32ce34db found for delete ", "request_id": "req-a43d865d-eb3e-4cf0-9a26-2a1964c3b2a0"}]}
2026-09-09 07:32:07.354 9 INFO neutron.services.segments.plugin [-] Segment dde24d62-c31e-4f2d-a3a9-a103afbfb8ba resource provider not found; error: Placement Client Error (4xx): {"errors": [{"status": 404, "title": "Not Found", "detail": "The resource could not be found.\n\n No resource provider with uuid dde24d62-c31e-4f2d-a3a9-a103afbfb8ba found for delete ", "request_id": "req-160141f8-8913-4e39-ae7c-fd336101490e"}]}
2026-09-09 07:32:07.367 9 INFO neutron.services.segments.plugin [-] Segment dde24d62-c31e-4f2d-a3a9-a103afbfb8ba resource provider aggregate not found
2026-09-09 07:32:07.386 9 INFO neutron.services.segments.plugin [-] Segment dde24d62-c31e-4f2d-a3a9-a103afbfb8ba resource provider not found; error: Placement Client Error (4xx): {"errors": [{"status": 404, "title": "Not Found", "detail": "The resource could not be found.\n\n No resource provider with uuid dde24d62-c31e-4f2d-a3a9-a103afbfb8ba found for delete ", "request_id": "req-ffc9cd31-386a-4919-ae11-5bc639872566"}]}
2026-09-09 07:32:07.630 10 INFO neutron.db.l3_db [None req-61d65657-1605-4124-9b24-ed3c309f36bc 223cff348bc1407fab135c23e8ee156b a4993623f0ef430d96f08d100e54a21c - - - -] Floating IP 9b15078c-6b11-4a53-a828-960fb858ed18 associated. External IP: 10.96.250.212, port: 9b527c40-1c4d-4190-81f5-8ad2104d1f77.
2026-09-09 07:32:07.930 9 WARNING neutron.scheduler.dhcp_agent_scheduler [None req-f9bb436f-2e76-400d-9af0-eee7f8d64e3f 153144be5d9d4ad3bbb85fbebb0c6f1e 65167c832edb425e9bc00a82e5e5347a - - - -] No more DHCP agents
2026-09-09 07:32:07.931 9 WARNING neutron.api.rpc.agentnotifiers.dhcp_rpc_agent_api [None req-f9bb436f-2e76-400d-9af0-eee7f8d64e3f 153144be5d9d4ad3bbb85fbebb0c6f1e 65167c832edb425e9bc00a82e5e5347a - - - -] Unable to schedule network d8c0c0d7-7e0f-4280-a8e5-4c5682799908: no agents available; will retry on subsequent port and subnet creation events.
2026-09-09 07:32:08.037 9 INFO neutron.db.ovn_revision_numbers_db [None req-f9bb436f-2e76-400d-9af0-eee7f8d64e3f 153144be5d9d4ad3bbb85fbebb0c6f1e 65167c832edb425e9bc00a82e5e5347a - - - -] Successfully bumped revision number for resource d5d63976-b439-47fa-a971-decf0fc12024 (type: ports) to 1
2026-09-09 07:32:08.063 10 WARNING neutron.scheduler.dhcp_agent_scheduler [None req-9b10bec3-3a64-4254-8f83-c5ff0c223184 aa2ced5cda1b412697388837398a70b6 b3bda2d9201d4b34a3873210182c41a2 - - - -] No more DHCP agents
2026-09-09 07:32:08.066 10 WARNING neutron.api.rpc.agentnotifiers.dhcp_rpc_agent_api [None req-9b10bec3-3a64-4254-8f83-c5ff0c223184 aa2ced5cda1b412697388837398a70b6 b3bda2d9201d4b34a3873210182c41a2 - - - -] Unable to schedule network e63bffbb-5bbe-45f3-a448-029476d1d559: no agents available; will retry on subsequent port and subnet creation events.
2026-09-09 07:32:08.083 10 INFO neutron.db.ovn_revision_numbers_db [None req-61d65657-1605-4124-9b24-ed3c309f36bc 223cff348bc1407fab135c23e8ee156b a4993623f0ef430d96f08d100e54a21c - - - -] Successfully bumped revision number for resource 9b15078c-6b11-4a53-a828-960fb858ed18 (type: floatingips) to 0
2026-09-09 07:32:08.161 10 INFO neutron.db.ovn_revision_numbers_db [None req-9b10bec3-3a64-4254-8f83-c5ff0c223184 aa2ced5cda1b412697388837398a70b6 b3bda2d9201d4b34a3873210182c41a2 - - - -] Successfully bumped revision number for resource 7fc301d2-dd93-4849-8d33-7bd72f3cf9fe (type: ports) to 1
2026-09-09 07:32:08.190 10 WARNING neutron.scheduler.dhcp_agent_scheduler [None req-9b10bec3-3a64-4254-8f83-c5ff0c223184 aa2ced5cda1b412697388837398a70b6 b3bda2d9201d4b34a3873210182c41a2 - - - -] No more DHCP agents
2026-09-09 07:32:08.192 10 INFO neutron.db.ovn_revision_numbers_db [None req-61d65657-1605-4124-9b24-ed3c309f36bc 223cff348bc1407fab135c23e8ee156b a4993623f0ef430d96f08d100e54a21c - - - -] Successfully bumped revision number for resource 9b15078c-6b11-4a53-a828-960fb858ed18 (type: floatingips) to 1
2026-09-09 07:32:08.193 10 WARNING neutron.api.rpc.agentnotifiers.dhcp_rpc_agent_api [None req-9b10bec3-3a64-4254-8f83-c5ff0c223184 aa2ced5cda1b412697388837398a70b6 b3bda2d9201d4b34a3873210182c41a2 - - - -] Unable to schedule network cd058c26-f8b1-4f9a-a3c9-0cb47447b1f0: no agents available; will retry on subsequent port and subnet creation events.
2026-09-09 07:32:08.244 10 INFO neutron.wsgi [None req-61d65657-1605-4124-9b24-ed3c309f36bc 223cff348bc1407fab135c23e8ee156b a4993623f0ef430d96f08d100e54a21c - - - -] 10.0.0.106 "POST /v2.0/floatingips HTTP/1.1" status: 201 len: 1042 time: 1.7123272 /var/lib/openstack/lib/python3.10/site-packages/pycadf/identifier.py:71: UserWarning: Invalid uuid: neutron. To ensure interoperability, identifiers should be a valid uuid. warnings.warn(('Invalid uuid: %s. To ensure interoperability, '
2026-09-09 07:32:08.280 10 INFO neutron.db.ovn_revision_numbers_db [None req-9b10bec3-3a64-4254-8f83-c5ff0c223184 aa2ced5cda1b412697388837398a70b6 b3bda2d9201d4b34a3873210182c41a2 - - - -] Successfully bumped revision number for resource 92b6a1a5-e692-4cc9-90fe-41b2aba19cd8 (type: ports) to 1
2026-09-09 07:32:08.301 10 INFO neutron.wsgi [None req-d98325a7-8cad-40e1-82f9-ab7913ee2941 223cff348bc1407fab135c23e8ee156b a4993623f0ef430d96f08d100e54a21c - - default default] 10.0.0.106 "GET /v2.0/floatingips/9b15078c-6b11-4a53-a828-960fb858ed18 HTTP/1.1" status: 200 len: 1039 time: 0.0485473
2026-09-09 07:32:08.304 10 INFO neutron.wsgi [None req-9b10bec3-3a64-4254-8f83-c5ff0c223184 aa2ced5cda1b412697388837398a70b6 b3bda2d9201d4b34a3873210182c41a2 - - - -] 10.0.0.106 "POST /v2.0/ports HTTP/1.1" status: 201 len: 1706 time: 1.1689637
