2026-09-09 07:34:54.041 9 INFO neutron.wsgi [req-984b8825-0c69-4afa-9684-2c6322c42111 req-8028d42e-dd39-4b9d-98cc-5176063cdd75 38897e503a394cb0a323a9a069e740d6 5dea69e8d480437cb1958e422e7cdca8 - - 03e57b709f10441aa7a7705d4a886f60 03e57b709f10441aa7a7705d4a886f60] 162.253.55.147 "GET /v2.0/networks?id=d83468d3-cc00-45e3-9cd5-8906166dd1c3 HTTP/1.1" status: 200 len: 959 time: 0.0466754
2026-09-09 07:34:54.069 9 INFO neutron.wsgi [req-984b8825-0c69-4afa-9684-2c6322c42111 req-f5ce04a3-7166-492d-a29f-1bbf7636e911 38897e503a394cb0a323a9a069e740d6 5dea69e8d480437cb1958e422e7cdca8 - - 03e57b709f10441aa7a7705d4a886f60 03e57b709f10441aa7a7705d4a886f60] 162.253.55.147 "GET /v2.0/floatingips?fixed_ip_address=10.100.0.8&port_id=ef41e332-ff32-4bce-b7b3-4d4a2025dc36 HTTP/1.1" status: 200 len: 217 time: 0.0217063
2026-09-09 07:34:54.071 10 INFO neutron.wsgi [None req-4fa384a0-fd09-479a-88c2-c8cd9cff49d9 47269aae0d674b3681bfd15062e2c093 33036728eac74c56a1b48aa2bd6b71e3 - - - -] 10.0.0.106 "PUT /v2.0/ports/9830c15b-95d9-4fe0-943d-8eb91ed7cbc1/tags HTTP/1.1" status: 200 len: 218 time: 0.0895634
2026-09-09 07:34:54.117 9 INFO neutron.wsgi [req-984b8825-0c69-4afa-9684-2c6322c42111 req-951b7547-80c6-4a95-a55d-4743b3476b47 38897e503a394cb0a323a9a069e740d6 5dea69e8d480437cb1958e422e7cdca8 - - 03e57b709f10441aa7a7705d4a886f60 03e57b709f10441aa7a7705d4a886f60] 162.253.55.147 "GET /v2.0/subnets?id=9c005710-81fc-4d70-807b-c5e8a9edafdb HTTP/1.1" status: 200 len: 852 time: 0.0363967
2026-09-09 07:34:54.125 9 INFO neutron.wsgi [None req-f940d7b3-e193-465e-bda2-19047042e7f5 47269aae0d674b3681bfd15062e2c093 33036728eac74c56a1b48aa2bd6b71e3 - - - -] 10.0.0.106 "PUT /v2.0/ports/189ffd28-b491-403c-8e3d-c7beb478da75/tags HTTP/1.1" status: 200 len: 227 time: 0.0487692
2026-09-09 07:34:54.146 9 INFO neutron.wsgi [req-984b8825-0c69-4afa-9684-2c6322c42111 req-995dbadd-76f3-48da-a167-92b2c531d9a2 38897e503a394cb0a323a9a069e740d6 5dea69e8d480437cb1958e422e7cdca8 - - 03e57b709f10441aa7a7705d4a886f60 03e57b709f10441aa7a7705d4a886f60] 162.253.55.147 "GET /v2.0/ports?network_id=d83468d3-cc00-45e3-9cd5-8906166dd1c3&device_owner=network%3Adhcp HTTP/1.1" status: 200 len: 210 time: 0.0204635
2026-09-09 07:34:54.192 10 INFO neutron.wsgi [None req-645c5f68-4483-40ec-9cfb-1bced47c08b3 47269aae0d674b3681bfd15062e2c093 33036728eac74c56a1b48aa2bd6b71e3 - - - -] 10.0.0.106 "PUT /v2.0/ports/d2270aeb-360c-4d03-9928-cb93190be493/tags HTTP/1.1" status: 200 len: 212 time: 0.0586557
2026-09-09 07:34:54.243 9 INFO neutron.wsgi [req-984b8825-0c69-4afa-9684-2c6322c42111 req-3bbacf38-27ed-4529-ac83-51c64ccc4c51 38897e503a394cb0a323a9a069e740d6 5dea69e8d480437cb1958e422e7cdca8 - - 03e57b709f10441aa7a7705d4a886f60 03e57b709f10441aa7a7705d4a886f60] 162.253.55.147 "GET /v2.0/networks/d83468d3-cc00-45e3-9cd5-8906166dd1c3?fields=segments HTTP/1.1" status: 200 len: 212 time: 0.0877957
2026-09-09 07:34:54.324 9 INFO neutron.wsgi [req-984b8825-0c69-4afa-9684-2c6322c42111 req-df0be527-07ec-4caa-89a1-561f387aac5a 38897e503a394cb0a323a9a069e740d6 5dea69e8d480437cb1958e422e7cdca8 - - 03e57b709f10441aa7a7705d4a886f60 03e57b709f10441aa7a7705d4a886f60] 162.253.55.147 "GET /v2.0/networks/d83468d3-cc00-45e3-9cd5-8906166dd1c3?fields=provider%3Aphysical_network&fields=provider%3Anetwork_type HTTP/1.1" status: 200 len: 277 time: 0.0737820
2026-09-09 07:34:54.365 9 INFO neutron.wsgi [None req-45f85dc8-81d7-49ca-84ed-e1852273ae60 47269aae0d674b3681bfd15062e2c093 33036728eac74c56a1b48aa2bd6b71e3 - - default default] 10.0.0.106 "GET /v2.0/ports?tags=red HTTP/1.1" status: 200 len: 2448 time: 0.1691895
2026-09-09 07:34:54.411 9 INFO neutron.wsgi [None req-cc91e50a-bef6-49b3-9bf0-3cf606017c66 47269aae0d674b3681bfd15062e2c093 33036728eac74c56a1b48aa2bd6b71e3 - - default default] 10.0.0.106 "GET /v2.0/ports?tags=red%2Cblue HTTP/1.1" status: 200 len: 1708 time: 0.0412834
2026-09-09 07:34:54.462 9 INFO neutron.wsgi [None req-2210f7a4-d049-4e27-9f6d-9ce6d0b06ddf 47269aae0d674b3681bfd15062e2c093 33036728eac74c56a1b48aa2bd6b71e3 - - default default] 10.0.0.106 "GET /v2.0/ports?tags-any=blue HTTP/1.1" status: 200 len: 1708 time: 0.0453653
2026-09-09 07:34:54.502 9 INFO neutron.wsgi [None req-89e980df-aafa-4a66-ace1-49882cdfd709 47269aae0d674b3681bfd15062e2c093 33036728eac74c56a1b48aa2bd6b71e3 - - default default] 10.0.0.106 "GET /v2.0/ports?tags-any=red%2Cblue HTTP/1.1" status: 200 len: 2448 time: 0.0348608
2026-09-09 07:34:54.621 9 INFO neutron.wsgi [None req-a23d3fe5-b149-4da0-b85a-dfd1b017a7bd 47269aae0d674b3681bfd15062e2c093 33036728eac74c56a1b48aa2bd6b71e3 - - default default] 10.0.0.106 "GET /v2.0/ports?not-tags=red HTTP/1.1" status: 200 len: 5463 time: 0.1140916
2026-09-09 07:34:54.741 9 INFO neutron.wsgi [None req-04364992-589a-4cf6-9b29-fe451f6f766e 47269aae0d674b3681bfd15062e2c093 33036728eac74c56a1b48aa2bd6b71e3 - - default default] 10.0.0.106 "GET /v2.0/ports?not-tags=red%2Cblue HTTP/1.1" status: 200 len: 6203 time: 0.1136625
2026-09-09 07:34:54.901 9 INFO neutron.wsgi [None req-513257b9-608d-423b-853c-56545caaeb55 47269aae0d674b3681bfd15062e2c093 33036728eac74c56a1b48aa2bd6b71e3 - - default default] 10.0.0.106 "GET /v2.0/ports?not-tags-any=blue HTTP/1.1" status: 200 len: 6203 time: 0.1548662
2026-09-09 07:34:54.960 9 INFO neutron.wsgi [None req-e4aecd6b-e297-4cbc-a1c6-52c1be900c24 47269aae0d674b3681bfd15062e2c093 33036728eac74c56a1b48aa2bd6b71e3 - - default default] 10.0.0.106 "GET /v2.0/ports?not-tags-any=red%2Cblue HTTP/1.1" status: 200 len: 5463 time: 0.0526881
2026-09-09 07:34:55.419 9 INFO neutron.db.ovn_revision_numbers_db [None req-7ea511e9-3050-4dec-8226-fe340ac6b21e 362b1ca066b0436db3d615d1acfda8de 6bda1c08820d401bba475cdabd83d4cc - - - -] Successfully bumped revision number for resource 5ad11590-708a-4896-b662-590cfc4d49d2 (type: security_groups) to 1
2026-09-09 07:34:55.457 9 INFO neutron.wsgi [None req-7ea511e9-3050-4dec-8226-fe340ac6b21e 362b1ca066b0436db3d615d1acfda8de 6bda1c08820d401bba475cdabd83d4cc - - - -] 10.0.0.106 "POST /v2.0/security-groups HTTP/1.1" status: 201 len: 1811 time: 0.4652183
2026-09-09 07:34:55.509 9 INFO neutron.wsgi [None req-872fa901-8620-4204-b8aa-68d6bfae03a1 47269aae0d674b3681bfd15062e2c093 33036728eac74c56a1b48aa2bd6b71e3 - - - -] 10.0.0.106 "DELETE /v2.0/ports/ae508e08-0873-49e0-894f-1db0d53c7501 HTTP/1.1" status: 204 len: 168 time: 0.5411410
2026-09-09 07:34:55.652 10 INFO neutron.db.ovn_revision_numbers_db [None req-c8292b73-d85d-411b-a6a9-1e01df61a004 362b1ca066b0436db3d615d1acfda8de 6bda1c08820d401bba475cdabd83d4cc - - - -] Successfully bumped revision number for resource bba871ca-5d20-410c-a05b-41449377271d (type: security_group_rules) to 0
2026-09-09 07:34:55.702 10 INFO neutron.wsgi [None req-c8292b73-d85d-411b-a6a9-1e01df61a004 362b1ca066b0436db3d615d1acfda8de 6bda1c08820d401bba475cdabd83d4cc - - - -] 10.0.0.106 "POST /v2.0/security-group-rules HTTP/1.1" status: 201 len: 764 time: 0.2404213
2026-09-09 07:34:55.762 9 INFO neutron.wsgi [None req-47d98454-0da3-404a-ad12-a18328752302 47269aae0d674b3681bfd15062e2c093 33036728eac74c56a1b48aa2bd6b71e3 - - - -] 10.0.0.106 "DELETE /v2.0/ports/9830c15b-95d9-4fe0-943d-8eb91ed7cbc1 HTTP/1.1" status: 204 len: 168 time: 0.2469583
2026-09-09 07:34:55.853 10 INFO neutron.db.ovn_revision_numbers_db [None req-55e913e5-1588-4284-b964-1551885ffef7 362b1ca066b0436db3d615d1acfda8de 6bda1c08820d401bba475cdabd83d4cc - - - -] Successfully bumped revision number for resource 3b392552-6cc9-4ecf-82f9-b68912a3e564 (type: security_group_rules) to 0
2026-09-09 07:34:55.878 10 INFO neutron.wsgi [None req-55e913e5-1588-4284-b964-1551885ffef7 362b1ca066b0436db3d615d1acfda8de 6bda1c08820d401bba475cdabd83d4cc - - - -] 10.0.0.106 "POST /v2.0/security-group-rules HTTP/1.1" status: 201 len: 763 time: 0.1708071
2026-09-09 07:34:55.980 10 INFO neutron.db.ovn_revision_numbers_db [None req-cd9e3ec4-b02f-4ca9-b56d-7e163bd63c14 362b1ca066b0436db3d615d1acfda8de 6bda1c08820d401bba475cdabd83d4cc - - - -] Successfully bumped revision number for resource dad01a70-650d-4f8f-b740-e3658c3b8141 (type: security_group_rules) to 0
2026-09-09 07:34:55.999 10 INFO neutron.wsgi [None req-cd9e3ec4-b02f-4ca9-b56d-7e163bd63c14 362b1ca066b0436db3d615d1acfda8de 6bda1c08820d401bba475cdabd83d4cc - - - -] 10.0.0.106 "POST /v2.0/security-group-rules HTTP/1.1" status: 201 len: 769 time: 0.1135154
2026-09-09 07:34:56.035 9 INFO neutron.wsgi [None req-3b08b04a-c201-43ab-9da0-d74e3f797f10 47269aae0d674b3681bfd15062e2c093 33036728eac74c56a1b48aa2bd6b71e3 - - - -] 10.0.0.106 "DELETE /v2.0/ports/189ffd28-b491-403c-8e3d-c7beb478da75 HTTP/1.1" status: 204 len: 168 time: 0.2660673
2026-09-09 07:34:56.157 10 INFO neutron.db.ovn_revision_numbers_db [None req-deac7712-8a3d-4a38-8baa-d217d282bda8 362b1ca066b0436db3d615d1acfda8de 6bda1c08820d401bba475cdabd83d4cc - - - -] Successfully bumped revision number for resource 2b7ec60e-6227-43a3-9fc1-59ce1c358677 (type: security_group_rules) to 0
2026-09-09 07:34:56.200 10 INFO neutron.wsgi [None req-deac7712-8a3d-4a38-8baa-d217d282bda8 362b1ca066b0436db3d615d1acfda8de 6bda1c08820d401bba475cdabd83d4cc - - - -] 10.0.0.106 "POST /v2.0/security-group-rules HTTP/1.1" status: 201 len: 768 time: 0.1955457
2026-09-09 07:34:56.227 10 INFO neutron.db.securitygroups_db [None req-43dd0136-fb87-4269-b528-383f27e4858c 362b1ca066b0436db3d615d1acfda8de 6bda1c08820d401bba475cdabd83d4cc - - - -] Project 6bda1c08820d401bba475cdabd83d4cc added a security group rule with legacy IPv6 ICMP protocol name icmp, ipv6-icmp should be used instead. It was automatically converted.
2026-09-09 07:34:56.279 10 INFO neutron.wsgi [None req-eafb4803-6c9a-4174-95e5-dc1ddabe83be 47269aae0d674b3681bfd15062e2c093 33036728eac74c56a1b48aa2bd6b71e3 - - - -] 10.0.0.106 "DELETE /v2.0/ports/d2270aeb-360c-4d03-9928-cb93190be493 HTTP/1.1" status: 204 len: 168 time: 0.2393577
2026-09-09 07:34:56.310 10 INFO neutron.db.ovn_revision_numbers_db [None req-43dd0136-fb87-4269-b528-383f27e4858c 362b1ca066b0436db3d615d1acfda8de 6bda1c08820d401bba475cdabd83d4cc - - - -] Successfully bumped revision number for resource f3b1f42b-2bea-44ff-8540-27d443a46fe8 (type: security_group_rules) to 0
2026-09-09 07:34:56.327 10 INFO neutron.wsgi [None req-43dd0136-fb87-4269-b528-383f27e4858c 362b1ca066b0436db3d615d1acfda8de 6bda1c08820d401bba475cdabd83d4cc - - - -] 10.0.0.106 "POST /v2.0/security-group-rules HTTP/1.1" status: 201 len: 774 time: 0.1215999
2026-09-09 07:34:56.352 10 INFO neutron.db.securitygroups_db [None req-32e42b84-6335-4fb0-9b28-9e555255510e 362b1ca066b0436db3d615d1acfda8de 6bda1c08820d401bba475cdabd83d4cc - - - -] Project 6bda1c08820d401bba475cdabd83d4cc added a security group rule with legacy IPv6 ICMP protocol name icmp, ipv6-icmp should be used instead. It was automatically converted.
2026-09-09 07:34:56.438 10 INFO neutron.db.ovn_revision_numbers_db [None req-32e42b84-6335-4fb0-9b28-9e555255510e 362b1ca066b0436db3d615d1acfda8de 6bda1c08820d401bba475cdabd83d4cc - - - -] Successfully bumped revision number for resource e88c5493-da02-4f58-b0cc-9e01fffceb70 (type: security_group_rules) to 0
2026-09-09 07:34:56.459 10 INFO neutron.wsgi [None req-32e42b84-6335-4fb0-9b28-9e555255510e 362b1ca066b0436db3d615d1acfda8de 6bda1c08820d401bba475cdabd83d4cc - - - -] 10.0.0.106 "POST /v2.0/security-group-rules HTTP/1.1" status: 201 len: 773 time: 0.1264191
2026-09-09 07:34:56.553 9 INFO neutron.wsgi [None req-e8b94550-96ac-4ca3-9c24-2d9f11b6866e 47269aae0d674b3681bfd15062e2c093 33036728eac74c56a1b48aa2bd6b71e3 - - - -] 10.0.0.106 "DELETE /v2.0/ports/038a7686-2838-4083-9b43-2da399abe470 HTTP/1.1" status: 204 len: 168 time: 0.2677963
2026-09-09 07:34:56.892 9 INFO neutron.services.segments.plugin [-] Segment a07549f4-d73f-4262-948a-52d932b7a231 resource provider aggregate not found
2026-09-09 07:34:56.897 9 INFO neutron.services.segments.plugin [-] Segment a07549f4-d73f-4262-948a-52d932b7a231 resource provider aggregate not found
2026-09-09 07:34:56.910 9 INFO neutron.services.segments.plugin [-] Segment a07549f4-d73f-4262-948a-52d932b7a231 resource provider not found; error: Placement Client Error (4xx): {"errors": [{"status": 404, "title": "Not Found", "detail": "The resource could not be found.\n\n No resource provider with uuid a07549f4-d73f-4262-948a-52d932b7a231 found for delete ", "request_id": "req-19ec59f8-095b-48c3-80de-bbac14aa8dde"}]}
2026-09-09 07:34:56.919 9 INFO neutron.services.segments.plugin [-] Segment a07549f4-d73f-4262-948a-52d932b7a231 resource provider not found; error: Placement Client Error (4xx): {"errors": [{"status": 404, "title": "Not Found", "detail": "The resource could not be found.\n\n No resource provider with uuid a07549f4-d73f-4262-948a-52d932b7a231 found for delete ", "request_id": "req-b31a8d58-b317-40e3-875c-bce24afee85c"}]}
2026-09-09 07:34:56.954 9 INFO neutron.wsgi [None req-8db89c61-1332-454d-bbb8-ced841acaec1 47269aae0d674b3681bfd15062e2c093 33036728eac74c56a1b48aa2bd6b71e3 - - - -] 10.0.0.106 "DELETE /v2.0/networks/b5d57d4c-c4c1-40b9-9c3f-beb45a942aee HTTP/1.1" status: 204 len: 168 time: 0.3960609
2026-09-09 07:34:56.990 9 INFO neutron.wsgi [None req-e78745d2-73e9-470e-aa01-b2b29a1bdd77 362b1ca066b0436db3d615d1acfda8de 6bda1c08820d401bba475cdabd83d4cc - - default default] 10.0.0.106 "GET /v2.0/networks HTTP/1.1" status: 200 len: 1493 time: 0.1392236
2026-09-09 07:34:57.124 10 INFO neutron.wsgi [req-0c4bdfd7-f642-4684-9df0-98099e44300a req-2229e70b-295e-4672-91a2-a3408e16bf9f 362b1ca066b0436db3d615d1acfda8de 6bda1c08820d401bba475cdabd83d4cc - - default default] 10.0.0.240 "GET /v2.0/security-groups?name=tempest-secgroup-smoke-2049103321&fields=id&tenant_id=6bda1c08820d401bba475cdabd83d4cc HTTP/1.1" status: 200 len: 267 time: 0.0419436
2026-09-09 07:34:57.210 10 INFO neutron.wsgi [req-0c4bdfd7-f642-4684-9df0-98099e44300a req-30fdc98f-288d-4d48-8d86-eea0addfded8 362b1ca066b0436db3d615d1acfda8de 6bda1c08820d401bba475cdabd83d4cc - - default default] 10.0.0.240 "GET /v2.0/networks?id=d83468d3-cc00-45e3-9cd5-8906166dd1c3 HTTP/1.1" status: 200 len: 860 time: 0.0738175
2026-09-09 07:34:57.231 10 INFO neutron.wsgi [req-0c4bdfd7-f642-4684-9df0-98099e44300a req-f28261b3-ddd3-4a55-a719-4a89333007b8 362b1ca066b0436db3d615d1acfda8de 6bda1c08820d401bba475cdabd83d4cc - - default default] 10.0.0.240 "GET /v2.0/quotas/6bda1c08820d401bba475cdabd83d4cc HTTP/1.1" status: 200 len: 386 time: 0.0107965
2026-09-09 07:34:57.348 10 INFO neutron.wsgi [req-0c4bdfd7-f642-4684-9df0-98099e44300a req-45a9c90f-14b5-42ce-af64-665b1eaf3619 362b1ca066b0436db3d615d1acfda8de 6bda1c08820d401bba475cdabd83d4cc - - default default] 10.0.0.240 "GET /v2.0/ports?tenant_id=6bda1c08820d401bba475cdabd83d4cc&fields=id HTTP/1.1" status: 200 len: 348 time: 0.1049976
2026-09-09 07:34:57.386 10 INFO neutron.services.segments.plugin [-] Segment 5b2bff87-538a-4656-bb7a-d17df4869bcc resource provider aggregate not found
2026-09-09 07:34:57.391 10 INFO neutron.services.segments.plugin [-] Segment 5b2bff87-538a-4656-bb7a-d17df4869bcc resource provider aggregate not found
2026-09-09 07:34:57.407 10 INFO neutron.services.segments.plugin [-] Segment 5b2bff87-538a-4656-bb7a-d17df4869bcc resource provider not found; error: Placement Client Error (4xx): {"errors": [{"status": 404, "title": "Not Found", "detail": "The resource could not be found.\n\n No resource provider with uuid 5b2bff87-538a-4656-bb7a-d17df4869bcc found for delete ", "request_id": "req-ead8b5b7-47fc-453e-9a5c-0716e03c55a5"}]}
2026-09-09 07:34:57.417 10 INFO neutron.services.segments.plugin [-] Segment 5b2bff87-538a-4656-bb7a-d17df4869bcc resource provider not found; error: Placement Client Error (4xx): {"errors": [{"status": 404, "title": "Not Found", "detail": "The resource could not be found.\n\n No resource provider with uuid 5b2bff87-538a-4656-bb7a-d17df4869bcc found for delete ", "request_id": "req-86b29b99-410d-4dad-a06e-aa0eca81f199"}]}
2026-09-09 07:34:57.445 10 INFO neutron.wsgi [None req-0211b0bf-951d-4e7d-8d2f-588ab8d90296 47269aae0d674b3681bfd15062e2c093 33036728eac74c56a1b48aa2bd6b71e3 - - - -] 10.0.0.106 "DELETE /v2.0/networks/89e19b66-7969-4c09-9910-d130467756ce HTTP/1.1" status: 204 len: 168 time: 0.4819255
2026-09-09 07:34:57.469 10 INFO neutron.wsgi [req-0c4bdfd7-f642-4684-9df0-98099e44300a req-d304f01a-e630-482d-bfbb-6106051e69c3 38897e503a394cb0a323a9a069e740d6 5dea69e8d480437cb1958e422e7cdca8 - - 03e57b709f10441aa7a7705d4a886f60 03e57b709f10441aa7a7705d4a886f60] 10.0.0.240 "GET /v2.0/networks/d83468d3-cc00-45e3-9cd5-8906166dd1c3?fields=segments HTTP/1.1" status: 200 len: 212 time: 0.0982845
2026-09-09 07:34:57.540 10 INFO neutron.wsgi [req-0c4bdfd7-f642-4684-9df0-98099e44300a req-0d139864-e795-4464-9585-cc81f783aa1d 38897e503a394cb0a323a9a069e740d6 5dea69e8d480437cb1958e422e7cdca8 - - 03e57b709f10441aa7a7705d4a886f60 03e57b709f10441aa7a7705d4a886f60] 10.0.0.240 "GET /v2.0/networks/d83468d3-cc00-45e3-9cd5-8906166dd1c3?fields=provider%3Aphysical_network&fields=provider%3Anetwork_type HTTP/1.1" status: 200 len: 277 time: 0.0591292
2026-09-09 07:34:57.739 9 INFO neutron.wsgi [req-36d82e83-7c6f-4386-941b-fa973f9df129 req-fb74019d-40a5-4e16-8f72-308e2f48d5e5 362b1ca066b0436db3d615d1acfda8de 6bda1c08820d401bba475cdabd83d4cc - - default default] 10.0.0.240 "GET /v2.0/ports?device_id=01735ee4-2994-40fa-bd14-5bb782879896 HTTP/1.1" status: 200 len: 210 time: 0.0335107
2026-09-09 07:34:57.902 9 INFO neutron.wsgi [None req-1bbfe8e9-f198-4b8f-872c-a7086cdb0631 47269aae0d674b3681bfd15062e2c093 33036728eac74c56a1b48aa2bd6b71e3 - - - -] 10.0.0.106 "DELETE /v2.0/networks/23b39e14-0b43-4ef1-9061-ae9098aa7c83 HTTP/1.1" status: 204 len: 168 time: 0.4506304
2026-09-09 07:34:58.541 10 INFO neutron.wsgi [None req-59734992-7ea3-47c7-8231-d644c91adf1d 47269aae0d674b3681bfd15062e2c093 33036728eac74c56a1b48aa2bd6b71e3 - - - -] 10.0.0.106 "DELETE /v2.0/networks/0853edcf-3bbe-4074-b17d-36407435878a HTTP/1.1" status: 204 len: 168 time: 0.6344161
2026-09-09 07:34:58.725 9 INFO neutron.wsgi [req-0c4bdfd7-f642-4684-9df0-98099e44300a req-ac822ca9-1c6a-4472-bce5-a531acd31172 362b1ca066b0436db3d615d1acfda8de 6bda1c08820d401bba475cdabd83d4cc - - default default] 162.253.55.147 "GET /v2.0/networks?id=d83468d3-cc00-45e3-9cd5-8906166dd1c3 HTTP/1.1" status: 200 len: 860 time: 0.1350060
2026-09-09 07:34:58.848 9 INFO neutron.wsgi [req-0c4bdfd7-f642-4684-9df0-98099e44300a req-35781715-3b9f-4560-a386-963485e1b175 362b1ca066b0436db3d615d1acfda8de 6bda1c08820d401bba475cdabd83d4cc - - default default] 162.253.55.147 "GET /v2.0/security-groups?fields=id&fields=name&tenant_id=6bda1c08820d401bba475cdabd83d4cc HTTP/1.1" status: 200 len: 473 time: 0.1117489
2026-09-09 07:34:58.857 10 INFO neutron.wsgi [req-36e4a37b-0f02-4a39-922d-b0101bf6ac28 req-3f6dee02-cb50-41de-81e2-a1b48b191ce8 362b1ca066b0436db3d615d1acfda8de 6bda1c08820d401bba475cdabd83d4cc - - default default] 10.0.0.240 "GET /v2.0/ports?device_id=01735ee4-2994-40fa-bd14-5bb782879896 HTTP/1.1" status: 200 len: 210 time: 0.0339847
2026-09-09 07:34:58.933 9 INFO neutron.services.segments.plugin [-] Segment 31385628-e86d-4b98-ac06-9e9a262193d5 resource provider aggregate not found
2026-09-09 07:34:58.942 9 INFO neutron.services.segments.plugin [-] Segment 31385628-e86d-4b98-ac06-9e9a262193d5 resource provider aggregate not found
2026-09-09 07:34:58.953 9 INFO neutron.services.segments.plugin [-] Segment 31385628-e86d-4b98-ac06-9e9a262193d5 resource provider not found; error: Placement Client Error (4xx): {"errors": [{"status": 404, "title": "Not Found", "detail": "The resource could not be found.\n\n No resource provider with uuid 31385628-e86d-4b98-ac06-9e9a262193d5 found for delete ", "request_id": "req-bbc3c84b-ebd7-4bfe-89e8-2074d40f4b80"}]}
2026-09-09 07:34:58.963 9 INFO neutron.services.segments.plugin [-] Segment 31385628-e86d-4b98-ac06-9e9a262193d5 resource provider not found; error: Placement Client Error (4xx): {"errors": [{"status": 404, "title": "Not Found", "detail": "The resource could not be found.\n\n No resource provider with uuid 31385628-e86d-4b98-ac06-9e9a262193d5 found for delete ", "request_id": "req-aa25ddd3-f976-491a-b188-ef8271161bf7"}]}
2026-09-09 07:34:59.172 9 INFO neutron.wsgi [None req-2699829a-f6ca-4270-a35c-14296619a558 47269aae0d674b3681bfd15062e2c093 33036728eac74c56a1b48aa2bd6b71e3 - - - -] 10.0.0.106 "DELETE /v2.0/networks/7bf46103-9c2f-45c2-9b62-0e9ec0e89637 HTTP/1.1" status: 204 len: 168 time: 0.6231012
2026-09-09 07:34:59.264 9 WARNING neutron.scheduler.dhcp_agent_scheduler [None req-a003c51d-2f29-42c6-8505-bf22d7a2a42c 362b1ca066b0436db3d615d1acfda8de 6bda1c08820d401bba475cdabd83d4cc - - - -] No more DHCP agents
2026-09-09 07:34:59.268 9 WARNING neutron.api.rpc.agentnotifiers.dhcp_rpc_agent_api [None req-a003c51d-2f29-42c6-8505-bf22d7a2a42c 362b1ca066b0436db3d615d1acfda8de 6bda1c08820d401bba475cdabd83d4cc - - - -] Unable to schedule network d83468d3-cc00-45e3-9cd5-8906166dd1c3: no agents available; will retry on subsequent port and subnet creation events.
2026-09-09 07:34:59.431 10 INFO neutron.services.segments.plugin [-] Segment bbde7b87-c581-4b24-8a51-291f891df4d5 resource provider aggregate not found
2026-09-09 07:34:59.436 10 INFO neutron.services.segments.plugin [-] Segment bbde7b87-c581-4b24-8a51-291f891df4d5 resource provider aggregate not found
2026-09-09 07:34:59.455 10 INFO neutron.services.segments.plugin [-] Segment bbde7b87-c581-4b24-8a51-291f891df4d5 resource provider not found; error: Placement Client Error (4xx): {"errors": [{"status": 404, "title": "Not Found", "detail": "The resource could not be found.\n\n No resource provider with uuid bbde7b87-c581-4b24-8a51-291f891df4d5 found for delete ", "request_id": "req-c2496aa5-0904-4753-986a-44516e7b202c"}]}
2026-09-09 07:34:59.455 9 INFO neutron.db.ovn_revision_numbers_db [None req-a003c51d-2f29-42c6-8505-bf22d7a2a42c 362b1ca066b0436db3d615d1acfda8de 6bda1c08820d401bba475cdabd83d4cc - - - -] Successfully bumped revision number for resource 9aaaff12-ae2c-43a0-8881-4057dde13ba6 (type: ports) to 1
2026-09-09 07:34:59.463 10 INFO neutron.services.segments.plugin [-] Segment bbde7b87-c581-4b24-8a51-291f891df4d5 resource provider not found; error: Placement Client Error (4xx): {"errors": [{"status": 404, "title": "Not Found", "detail": "The resource could not be found.\n\n No resource provider with uuid bbde7b87-c581-4b24-8a51-291f891df4d5 found for delete ", "request_id": "req-0a22d054-bbbe-49ec-9ada-12bb4a4dd915"}]}
2026-09-09 07:34:59.475 9 INFO neutron.wsgi [None req-a003c51d-2f29-42c6-8505-bf22d7a2a42c 362b1ca066b0436db3d615d1acfda8de 6bda1c08820d401bba475cdabd83d4cc - - - -] 162.253.55.147 "POST /v2.0/ports HTTP/1.1" status: 201 len: 1158 time: 0.6094146 /var/lib/openstack/lib/python3.10/site-packages/pycadf/identifier.py:71: UserWarning: Invalid uuid: neutron. To ensure interoperability, identifiers should be a valid uuid. warnings.warn(('Invalid uuid: %s. To ensure interoperability, ' /var/lib/openstack/lib/python3.10/site-packages/pycadf/identifier.py:71: UserWarning: Invalid uuid: neutron. To ensure interoperability, identifiers should be a valid uuid. warnings.warn(('Invalid uuid: %s. To ensure interoperability, '
2026-09-09 07:34:59.945 9 INFO neutron.db.ovn_revision_numbers_db [None req-587189c8-297f-4ccf-82fd-95dc8f585919 38897e503a394cb0a323a9a069e740d6 5dea69e8d480437cb1958e422e7cdca8 - - - -] Successfully bumped revision number for resource 9aaaff12-ae2c-43a0-8881-4057dde13ba6 (type: ports) to 2
2026-09-09 07:35:00.015 9 INFO neutron.wsgi [req-fda073f2-b5c2-47ef-8c69-009322d2a583 req-fe281601-dbf7-4ece-9ad8-2abe12a47375 362b1ca066b0436db3d615d1acfda8de 6bda1c08820d401bba475cdabd83d4cc - - default default] 10.0.0.240 "GET /v2.0/ports?device_id=01735ee4-2994-40fa-bd14-5bb782879896 HTTP/1.1" status: 200 len: 1168 time: 0.0789633
2026-09-09 07:35:00.290 9 INFO neutron.wsgi [req-fda073f2-b5c2-47ef-8c69-009322d2a583 req-8ac6b932-1c1f-4ad8-8c96-79c282572890 362b1ca066b0436db3d615d1acfda8de 6bda1c08820d401bba475cdabd83d4cc - - default default] 10.0.0.240 "GET /v2.0/security-groups?id=5ad11590-708a-4896-b662-590cfc4d49d2&fields=id&fields=name HTTP/1.1" status: 200 len: 313 time: 0.2672920
2026-09-09 07:35:00.351 9 INFO neutron.db.ovn_revision_numbers_db [None req-587189c8-297f-4ccf-82fd-95dc8f585919 38897e503a394cb0a323a9a069e740d6 5dea69e8d480437cb1958e422e7cdca8 - - - -] Successfully bumped revision number for resource 9aaaff12-ae2c-43a0-8881-4057dde13ba6 (type: ports) to 2
2026-09-09 07:35:00.363 9 INFO neutron.wsgi [None req-587189c8-297f-4ccf-82fd-95dc8f585919 38897e503a394cb0a323a9a069e740d6 5dea69e8d480437cb1958e422e7cdca8 - - - -] 162.253.55.147 "PUT /v2.0/ports/9aaaff12-ae2c-43a0-8881-4057dde13ba6 HTTP/1.1" status: 200 len: 1328 time: 0.8644083 /var/lib/openstack/lib/python3.10/site-packages/pycadf/identifier.py:71: UserWarning: Invalid uuid: neutron. To ensure interoperability, identifiers should be a valid uuid. warnings.warn(('Invalid uuid: %s. To ensure interoperability, '
2026-09-09 07:35:00.408 9 INFO neutron.notifiers.nova [-] Nova event matching ['req-1f964e87-6755-4d92-b915-51279fe47b5a'] response: {'name': 'network-changed', 'server_uuid': '01735ee4-2994-40fa-bd14-5bb782879896', 'tag': '9aaaff12-ae2c-43a0-8881-4057dde13ba6', 'status': 'completed', 'code': 200}
2026-09-09 07:35:00.434 9 INFO neutron.wsgi [req-0c4bdfd7-f642-4684-9df0-98099e44300a req-2d26f9fb-91dc-4cba-b5ce-35785b3753dd 38897e503a394cb0a323a9a069e740d6 5dea69e8d480437cb1958e422e7cdca8 - - 03e57b709f10441aa7a7705d4a886f60 03e57b709f10441aa7a7705d4a886f60] 162.253.55.147 "GET /v2.0/ports?tenant_id=6bda1c08820d401bba475cdabd83d4cc&device_id=01735ee4-2994-40fa-bd14-5bb782879896 HTTP/1.1" status: 200 len: 1359 time: 0.0346069
2026-09-09 07:35:00.467 9 INFO neutron.wsgi [req-0c4bdfd7-f642-4684-9df0-98099e44300a req-37607823-012e-4b86-87c0-6e15d585d372 38897e503a394cb0a323a9a069e740d6 5dea69e8d480437cb1958e422e7cdca8 - - 03e57b709f10441aa7a7705d4a886f60 03e57b709f10441aa7a7705d4a886f60] 162.253.55.147 "GET /v2.0/floatingips?fixed_ip_address=10.100.0.5&port_id=9aaaff12-ae2c-43a0-8881-4057dde13ba6 HTTP/1.1" status: 200 len: 217 time: 0.0279331
2026-09-09 07:35:00.505 9 INFO neutron.wsgi [req-0c4bdfd7-f642-4684-9df0-98099e44300a req-7deefd13-c9d4-44ce-9064-dd45a3236f4b 38897e503a394cb0a323a9a069e740d6 5dea69e8d480437cb1958e422e7cdca8 - - 03e57b709f10441aa7a7705d4a886f60 03e57b709f10441aa7a7705d4a886f60] 162.253.55.147 "GET /v2.0/subnets?id=9c005710-81fc-4d70-807b-c5e8a9edafdb HTTP/1.1" status: 200 len: 852 time: 0.0336220
2026-09-09 07:35:00.537 9 INFO neutron.wsgi [req-0c4bdfd7-f642-4684-9df0-98099e44300a req-7550a63d-e991-4c35-ab86-ba9aea4bba99 38897e503a394cb0a323a9a069e740d6 5dea69e8d480437cb1958e422e7cdca8 - - 03e57b709f10441aa7a7705d4a886f60 03e57b709f10441aa7a7705d4a886f60] 162.253.55.147 "GET /v2.0/ports?network_id=d83468d3-cc00-45e3-9cd5-8906166dd1c3&device_owner=network%3Adhcp HTTP/1.1" status: 200 len: 210 time: 0.0260971
2026-09-09 07:35:00.560 10 INFO neutron.db.ovn_revision_numbers_db [None req-d310e6b1-2524-48f5-abf0-7249f135d29a 153144be5d9d4ad3bbb85fbebb0c6f1e 65167c832edb425e9bc00a82e5e5347a - - default default] Successfully bumped revision number for resource 6308aa7b-f002-402a-ac55-afa47976fb54 (type: security_groups) to 1
2026-09-09 07:35:00.578 10 INFO neutron.wsgi [None req-d310e6b1-2524-48f5-abf0-7249f135d29a 153144be5d9d4ad3bbb85fbebb0c6f1e 65167c832edb425e9bc00a82e5e5347a - - default default] 10.0.0.106 "GET /v2.0/security-groups?tenant_id=a5c3d64ad2f344f19e41bce07ebf4c0d&name=default HTTP/1.1" status: 200 len: 2996 time: 0.3723629
2026-09-09 07:35:00.609 9 INFO neutron.wsgi [req-0c4bdfd7-f642-4684-9df0-98099e44300a req-f3889cad-ab35-4693-8556-dc2957a54dc2 38897e503a394cb0a323a9a069e740d6 5dea69e8d480437cb1958e422e7cdca8 - - 03e57b709f10441aa7a7705d4a886f60 03e57b709f10441aa7a7705d4a886f60] 162.253.55.147 "GET /v2.0/networks/d83468d3-cc00-45e3-9cd5-8906166dd1c3?fields=segments HTTP/1.1" status: 200 len: 212 time: 0.0666721
2026-09-09 07:35:00.685 9 INFO neutron.wsgi [req-0c4bdfd7-f642-4684-9df0-98099e44300a req-e13ca465-75e5-466d-a0fd-d14c4bf58375 38897e503a394cb0a323a9a069e740d6 5dea69e8d480437cb1958e422e7cdca8 - - 03e57b709f10441aa7a7705d4a886f60 03e57b709f10441aa7a7705d4a886f60] 162.253.55.147 "GET /v2.0/networks/d83468d3-cc00-45e3-9cd5-8906166dd1c3?fields=provider%3Aphysical_network&fields=provider%3Anetwork_type HTTP/1.1" status: 200 len: 277 time: 0.0650895
2026-09-09 07:35:00.749 9 INFO neutron.wsgi [req-49ef2688-bbbb-45b2-b226-2f3cf54a950a req-507691b2-60db-423c-a2a9-c3e5d3363520 38897e503a394cb0a323a9a069e740d6 5dea69e8d480437cb1958e422e7cdca8 - - 03e57b709f10441aa7a7705d4a886f60 03e57b709f10441aa7a7705d4a886f60] 162.253.55.147 "GET /v2.0/ports?tenant_id=6bda1c08820d401bba475cdabd83d4cc&device_id=01735ee4-2994-40fa-bd14-5bb782879896 HTTP/1.1" status: 200 len: 1359 time: 0.0243556
2026-09-09 07:35:00.806 9 INFO neutron.wsgi [req-49ef2688-bbbb-45b2-b226-2f3cf54a950a req-725c2402-98ea-4447-88b4-a0c91630810a 38897e503a394cb0a323a9a069e740d6 5dea69e8d480437cb1958e422e7cdca8 - - 03e57b709f10441aa7a7705d4a886f60 03e57b709f10441aa7a7705d4a886f60] 162.253.55.147 "GET /v2.0/networks?id=d83468d3-cc00-45e3-9cd5-8906166dd1c3 HTTP/1.1" status: 200 len: 959 time: 0.0505457
2026-09-09 07:35:00.807 10 INFO neutron.wsgi [None req-a408eea0-2b5c-4cde-9e53-fda99a950742 153144be5d9d4ad3bbb85fbebb0c6f1e 65167c832edb425e9bc00a82e5e5347a - - - -] 10.0.0.106 "DELETE /v2.0/security-groups/6308aa7b-f002-402a-ac55-afa47976fb54 HTTP/1.1" status: 204 len: 168 time: 0.2230244
2026-09-09 07:35:00.833 9 INFO neutron.wsgi [req-49ef2688-bbbb-45b2-b226-2f3cf54a950a req-0ffff646-bd1d-4bf2-95e7-03ab5fd88b3f 38897e503a394cb0a323a9a069e740d6 5dea69e8d480437cb1958e422e7cdca8 - - 03e57b709f10441aa7a7705d4a886f60 03e57b709f10441aa7a7705d4a886f60] 162.253.55.147 "GET /v2.0/floatingips?fixed_ip_address=10.100.0.5&port_id=9aaaff12-ae2c-43a0-8881-4057dde13ba6 HTTP/1.1" status: 200 len: 217 time: 0.0233705
2026-09-09 07:35:00.878 9 INFO neutron.wsgi [req-49ef2688-bbbb-45b2-b226-2f3cf54a950a req-52e0eb06-9d0b-4292-b731-b52a29a07429 38897e503a394cb0a323a9a069e740d6 5dea69e8d480437cb1958e422e7cdca8 - - 03e57b709f10441aa7a7705d4a886f60 03e57b709f10441aa7a7705d4a886f60] 162.253.55.147 "GET /v2.0/subnets?id=9c005710-81fc-4d70-807b-c5e8a9edafdb HTTP/1.1" status: 200 len: 852 time: 0.0412335
2026-09-09 07:35:00.903 9 INFO neutron.wsgi [req-49ef2688-bbbb-45b2-b226-2f3cf54a950a req-02257cb0-dd91-4710-920d-3c54990a500e 38897e503a394cb0a323a9a069e740d6 5dea69e8d480437cb1958e422e7cdca8 - - 03e57b709f10441aa7a7705d4a886f60 03e57b709f10441aa7a7705d4a886f60] 162.253.55.147 "GET /v2.0/ports?network_id=d83468d3-cc00-45e3-9cd5-8906166dd1c3&device_owner=network%3Adhcp HTTP/1.1" status: 200 len: 210 time: 0.0220163
2026-09-09 07:35:00.965 9 INFO neutron.wsgi [req-49ef2688-bbbb-45b2-b226-2f3cf54a950a req-e3249458-1910-4f15-b84c-dbe244bafd46 38897e503a394cb0a323a9a069e740d6 5dea69e8d480437cb1958e422e7cdca8 - - 03e57b709f10441aa7a7705d4a886f60 03e57b709f10441aa7a7705d4a886f60] 162.253.55.147 "GET /v2.0/networks/d83468d3-cc00-45e3-9cd5-8906166dd1c3?fields=segments HTTP/1.1" status: 200 len: 212 time: 0.0583251
2026-09-09 07:35:00.967 10 INFO neutron.wsgi [None req-a01038da-baff-4c8e-9a8a-fdeabd10d9cc 153144be5d9d4ad3bbb85fbebb0c6f1e 65167c832edb425e9bc00a82e5e5347a - - default default] 10.0.0.106 "GET /v2.0/security-groups?tenant_id=33036728eac74c56a1b48aa2bd6b71e3&name=default HTTP/1.1" status: 200 len: 2996 time: 0.0385919
2026-09-09 07:35:00.975 9 INFO neutron.services.segments.plugin [-] Segment b2dca789-d517-4b4d-aed4-f4628048f7a8 resource provider aggregate not found
2026-09-09 07:35:00.987 9 INFO neutron.services.segments.plugin [-] Segment b2dca789-d517-4b4d-aed4-f4628048f7a8 resource provider aggregate not found
2026-09-09 07:35:00.994 10 INFO neutron.plugins.ml2.drivers.ovn.mech_driver.mech_driver [None req-5c009000-e905-4825-baa0-d66904499926 - - - - - -] OVN reports status up for port: 9aaaff12-ae2c-43a0-8881-4057dde13ba6
2026-09-09 07:35:01.002 9 INFO neutron.services.segments.plugin [-] Segment b2dca789-d517-4b4d-aed4-f4628048f7a8 resource provider not found; error: Placement Client Error (4xx): {"errors": [{"status": 404, "title": "Not Found", "detail": "The resource could not be found.\n\n No resource provider with uuid b2dca789-d517-4b4d-aed4-f4628048f7a8 found for delete ", "request_id": "req-29dbdd06-8a86-4301-a6d2-396909ae832a"}]}
2026-09-09 07:35:01.005 9 INFO neutron.services.segments.plugin [-] Segment b2dca789-d517-4b4d-aed4-f4628048f7a8 resource provider not found; error: Placement Client Error (4xx): {"errors": [{"status": 404, "title": "Not Found", "detail": "The resource could not be found.\n\n No resource provider with uuid b2dca789-d517-4b4d-aed4-f4628048f7a8 found for delete ", "request_id": "req-46d6c9a7-2ea1-4498-a6f5-9d9705c39d5b"}]}
2026-09-09 07:35:01.032 10 INFO neutron.plugins.ml2.plugin [None req-5c009000-e905-4825-baa0-d66904499926 - - - - - -] Attempt 1 to provision port 9aaaff12-ae2c-43a0-8881-4057dde13ba6
2026-09-09 07:35:01.036 9 INFO neutron.wsgi [req-49ef2688-bbbb-45b2-b226-2f3cf54a950a req-369a38e7-6337-4426-85e1-15fb033e57bb 38897e503a394cb0a323a9a069e740d6 5dea69e8d480437cb1958e422e7cdca8 - - 03e57b709f10441aa7a7705d4a886f60 03e57b709f10441aa7a7705d4a886f60] 162.253.55.147 "GET /v2.0/networks/d83468d3-cc00-45e3-9cd5-8906166dd1c3?fields=provider%3Aphysical_network&fields=provider%3Anetwork_type HTTP/1.1" status: 200 len: 277 time: 0.0674508
2026-09-09 07:35:01.215 10 INFO neutron.notifiers.nova [-] Nova event matching ['req-3bfae809-7c5d-44ea-8a48-29b29ed364e1'] response: {'server_uuid': '01735ee4-2994-40fa-bd14-5bb782879896', 'name': 'network-vif-plugged', 'status': 'completed', 'tag': '9aaaff12-ae2c-43a0-8881-4057dde13ba6', 'code': 200}
2026-09-09 07:35:01.244 10 INFO neutron.wsgi [None req-d9b3427f-e867-413c-942e-7a2fc31e556b 153144be5d9d4ad3bbb85fbebb0c6f1e 65167c832edb425e9bc00a82e5e5347a - - - -] 10.0.0.106 "DELETE /v2.0/security-groups/0d918207-bdc6-43d9-895f-ed6fa4bc94c8 HTTP/1.1" status: 204 len: 168 time: 0.2654445
2026-09-09 07:35:01.330 10 INFO neutron.db.ovn_revision_numbers_db [None req-5c009000-e905-4825-baa0-d66904499926 - - - - - -] Successfully bumped revision number for resource 9aaaff12-ae2c-43a0-8881-4057dde13ba6 (type: ports) to 4
2026-09-09 07:35:01.414 10 INFO neutron.wsgi [req-b723ca4e-6477-4137-bfd9-b39228824770 req-3297e79d-3452-49da-a32b-8c8258f266f3 362b1ca066b0436db3d615d1acfda8de 6bda1c08820d401bba475cdabd83d4cc - - default default] 10.0.0.240 "GET /v2.0/ports?device_id=01735ee4-2994-40fa-bd14-5bb782879896 HTTP/1.1" status: 200 len: 1170 time: 0.0421054 /var/lib/openstack/lib/python3.10/site-packages/pycadf/identifier.py:71: UserWarning: Invalid uuid: neutron. To ensure interoperability, identifiers should be a valid uuid. warnings.warn(('Invalid uuid: %s. To ensure interoperability, '
2026-09-09 07:35:01.450 10 INFO neutron.wsgi [req-b723ca4e-6477-4137-bfd9-b39228824770 req-63c95e50-d83f-4ebd-a420-9672d12643b1 362b1ca066b0436db3d615d1acfda8de 6bda1c08820d401bba475cdabd83d4cc - - default default] 10.0.0.240 "GET /v2.0/security-groups?id=5ad11590-708a-4896-b662-590cfc4d49d2&fields=id&fields=name HTTP/1.1" status: 200 len: 313 time: 0.0314183
2026-09-09 07:35:01.571 10 INFO neutron.db.ovn_revision_numbers_db [None req-afe5f76d-e516-4aa6-a444-bf494ff64140 153144be5d9d4ad3bbb85fbebb0c6f1e 65167c832edb425e9bc00a82e5e5347a - - default default] Successfully bumped revision number for resource a9fb9c01-4ed6-4880-9d2b-e32c17cecfef (type: security_groups) to 1
2026-09-09 07:35:01.609 10 INFO neutron.wsgi [None req-afe5f76d-e516-4aa6-a444-bf494ff64140 153144be5d9d4ad3bbb85fbebb0c6f1e 65167c832edb425e9bc00a82e5e5347a - - default default] 10.0.0.106 "GET /v2.0/security-groups?tenant_id=34696adc72174b49813c005613866097&name=default HTTP/1.1" status: 200 len: 2996 time: 0.1260061
2026-09-09 07:35:01.834 10 INFO neutron.wsgi [None req-0228a2a3-7f60-4537-a201-f831f2ae815f 153144be5d9d4ad3bbb85fbebb0c6f1e 65167c832edb425e9bc00a82e5e5347a - - - -] 10.0.0.106 "DELETE /v2.0/security-groups/a9fb9c01-4ed6-4880-9d2b-e32c17cecfef HTTP/1.1" status: 204 len: 168 time: 0.2182531
2026-09-09 07:35:02.211 10 INFO neutron.wsgi [-] 10.0.0.34 "GET / HTTP/1.1" status: 200 len: 247 time: 0.0028234
2026-09-09 07:35:02.213 9 INFO neutron.wsgi [-] 10.0.0.34 "GET / HTTP/1.1" status: 200 len: 247 time: 0.0043337
2026-09-09 07:35:02.552 9 INFO neutron.wsgi [req-679d4665-6863-455c-a71d-eb75b5e1e259 req-336da511-3b06-46d4-849c-fa3ffa597d28 362b1ca066b0436db3d615d1acfda8de 6bda1c08820d401bba475cdabd83d4cc - - default default] 10.0.0.240 "GET /v2.0/ports?device_id=01735ee4-2994-40fa-bd14-5bb782879896 HTTP/1.1" status: 200 len: 1170 time: 0.0403547
2026-09-09 07:35:02.588 9 INFO neutron.wsgi [req-679d4665-6863-455c-a71d-eb75b5e1e259 req-b3064ba2-b3d3-494b-8c81-691de6e96379 362b1ca066b0436db3d615d1acfda8de 6bda1c08820d401bba475cdabd83d4cc - - default default] 10.0.0.240 "GET /v2.0/security-groups?id=5ad11590-708a-4896-b662-590cfc4d49d2&fields=id&fields=name HTTP/1.1" status: 200 len: 313 time: 0.0307794
2026-09-09 07:35:02.779 10 INFO neutron.wsgi [req-6adc78df-6f9f-42dc-a1bd-1b089d5936cc req-48eeb7f6-112f-410a-85ac-7a3d66535e77 362b1ca066b0436db3d615d1acfda8de 6bda1c08820d401bba475cdabd83d4cc - - default default] 10.0.0.240 "GET /v2.0/ports?device_id=01735ee4-2994-40fa-bd14-5bb782879896 HTTP/1.1" status: 200 len: 1170 time: 0.1140926
2026-09-09 07:35:02.824 10 INFO neutron.wsgi [req-6adc78df-6f9f-42dc-a1bd-1b089d5936cc req-ec3e0f70-8dec-4abd-a717-e013f01a77eb 362b1ca066b0436db3d615d1acfda8de 6bda1c08820d401bba475cdabd83d4cc - - default default] 10.0.0.240 "GET /v2.0/security-groups?id=5ad11590-708a-4896-b662-590cfc4d49d2&fields=id&fields=name HTTP/1.1" status: 200 len: 313 time: 0.0351796
2026-09-09 07:35:02.902 10 INFO neutron.wsgi [None req-0e9145c9-939b-4874-8101-2dddf5da9535 a0d6a4fa6e644dbfb627bc3fdbed4666 30f858c8e67e457bbd0b87527c516ced - - default default] 10.0.0.106 "GET /v2.0/ports?device_id=01735ee4-2994-40fa-bd14-5bb782879896 HTTP/1.1" status: 200 len: 1356 time: 0.0397403
2026-09-09 07:35:03.127 10 INFO neutron.db.l3_db [None req-ed5b357d-bf0e-4528-ab4a-c3585945476b 362b1ca066b0436db3d615d1acfda8de 6bda1c08820d401bba475cdabd83d4cc - - - -] Floating IP e2c72e45-cded-418e-be5c-1c23b6b098c8 associated. External IP: 10.96.250.214, port: 9aaaff12-ae2c-43a0-8881-4057dde13ba6.
2026-09-09 07:35:03.255 10 INFO neutron.notifiers.nova [-] Nova event matching ['req-48ff6c29-e66e-49a9-9f91-96b5891ab224'] response: {'server_uuid': '01735ee4-2994-40fa-bd14-5bb782879896', 'name': 'network-vif-plugged', 'status': 'completed', 'tag': '9aaaff12-ae2c-43a0-8881-4057dde13ba6', 'code': 200}
2026-09-09 07:35:03.322 10 INFO neutron.db.ovn_revision_numbers_db [None req-ed5b357d-bf0e-4528-ab4a-c3585945476b 362b1ca066b0436db3d615d1acfda8de 6bda1c08820d401bba475cdabd83d4cc - - - -] Successfully bumped revision number for resource e2c72e45-cded-418e-be5c-1c23b6b098c8 (type: floatingips) to 4
2026-09-09 07:35:03.396 10 INFO neutron.db.ovn_revision_numbers_db [None req-ed5b357d-bf0e-4528-ab4a-c3585945476b 362b1ca066b0436db3d615d1acfda8de 6bda1c08820d401bba475cdabd83d4cc - - - -] Successfully bumped revision number for resource e2c72e45-cded-418e-be5c-1c23b6b098c8 (type: floatingips) to 5
2026-09-09 07:35:03.418 10 INFO neutron.wsgi [None req-ed5b357d-bf0e-4528-ab4a-c3585945476b 362b1ca066b0436db3d615d1acfda8de 6bda1c08820d401bba475cdabd83d4cc - - - -] 10.0.0.106 "PUT /v2.0/floatingips/e2c72e45-cded-418e-be5c-1c23b6b098c8 HTTP/1.1" status: 200 len: 1049 time: 0.5099483 /var/lib/openstack/lib/python3.10/site-packages/pycadf/identifier.py:71: UserWarning: Invalid uuid: neutron. To ensure interoperability, identifiers should be a valid uuid. warnings.warn(('Invalid uuid: %s. To ensure interoperability, '
2026-09-09 07:35:03.483 10 INFO neutron.wsgi [None req-587b0dc1-e07e-4623-961a-2efb09c91027 362b1ca066b0436db3d615d1acfda8de 6bda1c08820d401bba475cdabd83d4cc - - default default] 10.0.0.106 "GET /v2.0/floatingips/e2c72e45-cded-418e-be5c-1c23b6b098c8 HTTP/1.1" status: 200 len: 1051 time: 0.0505054
2026-09-09 07:35:04.923 9 INFO neutron.wsgi [req-0a76b6c0-8a7c-4e05-813b-b8e5fbb25877 req-eacc9e76-8e38-4e17-827b-8082d0350a8d 38897e503a394cb0a323a9a069e740d6 5dea69e8d480437cb1958e422e7cdca8 - - 03e57b709f10441aa7a7705d4a886f60 03e57b709f10441aa7a7705d4a886f60] 162.253.55.147 "GET /v2.0/ports?device_id=aee45f9e-2ce6-4359-a5e0-012c5a74d355&fields=binding%3Ahost_id&fields=binding%3Avif_type HTTP/1.1" status: 200 len: 265 time: 0.0288985
2026-09-09 07:35:04.977 9 INFO neutron.wsgi [req-0a76b6c0-8a7c-4e05-813b-b8e5fbb25877 req-7188606d-ce71-4cdc-8608-bc51990bb45f 38897e503a394cb0a323a9a069e740d6 5dea69e8d480437cb1958e422e7cdca8 - - 03e57b709f10441aa7a7705d4a886f60 03e57b709f10441aa7a7705d4a886f60] 162.253.55.147 "GET /v2.0/ports?tenant_id=c8b1d376c5f047cd88b7cc889605be71&device_id=aee45f9e-2ce6-4359-a5e0-012c5a74d355 HTTP/1.1" status: 200 len: 1586 time: 0.0298054
2026-09-09 07:35:05.045 9 INFO neutron.wsgi [req-0a76b6c0-8a7c-4e05-813b-b8e5fbb25877 req-46bce0b0-cfd2-4801-aee7-93c83cfd9200 38897e503a394cb0a323a9a069e740d6 5dea69e8d480437cb1958e422e7cdca8 - - 03e57b709f10441aa7a7705d4a886f60 03e57b709f10441aa7a7705d4a886f60] 162.253.55.147 "GET /v2.0/networks?id=12a0ad0c-c371-4058-a3af-d612c72efa86 HTTP/1.1" status: 200 len: 1003 time: 0.0559051
2026-09-09 07:35:05.093 9 INFO neutron.wsgi [req-0a76b6c0-8a7c-4e05-813b-b8e5fbb25877 req-d8d51ab7-2a48-440e-8b55-27d32b251325 38897e503a394cb0a323a9a069e740d6 5dea69e8d480437cb1958e422e7cdca8 - - 03e57b709f10441aa7a7705d4a886f60 03e57b709f10441aa7a7705d4a886f60] 162.253.55.147 "GET /v2.0/floatingips?fixed_ip_address=10.2.1.93&port_id=d27e1b37-fc39-40b2-b18d-4095646be926 HTTP/1.1" status: 200 len: 1058 time: 0.0420945
2026-09-09 07:35:05.121 9 INFO neutron.wsgi [req-0a76b6c0-8a7c-4e05-813b-b8e5fbb25877 req-ba9ca37d-1225-4a4d-8d25-c575b5768956 38897e503a394cb0a323a9a069e740d6 5dea69e8d480437cb1958e422e7cdca8 - - 03e57b709f10441aa7a7705d4a886f60 03e57b709f10441aa7a7705d4a886f60] 162.253.55.147 "GET /v2.0/floatingips?fixed_ip_address=fd7b%3Af9f7%3Afff%3A4eca%3A%3A394&port_id=d27e1b37-fc39-40b2-b18d-4095646be926 HTTP/1.1" status: 200 len: 217 time: 0.0224071
2026-09-09 07:35:05.192 9 INFO neutron.wsgi [req-0a76b6c0-8a7c-4e05-813b-b8e5fbb25877 req-3231b75f-6399-48fc-a7be-6d17614f90d6 38897e503a394cb0a323a9a069e740d6 5dea69e8d480437cb1958e422e7cdca8 - - 03e57b709f10441aa7a7705d4a886f60 03e57b709f10441aa7a7705d4a886f60] 162.253.55.147 "GET /v2.0/subnets?id=00480e28-6e29-4e47-85e9-f29da51d6a9f&id=05cb8f2e-9a40-4ed3-9fbc-9b9b6ccb0f49 HTTP/1.1" status: 200 len: 1563 time: 0.0627260
2026-09-09 07:35:05.239 9 INFO neutron.wsgi [req-0a76b6c0-8a7c-4e05-813b-b8e5fbb25877 req-73089d23-8aa2-44d2-a4f7-fc227505f1b6 38897e503a394cb0a323a9a069e740d6 5dea69e8d480437cb1958e422e7cdca8 - - 03e57b709f10441aa7a7705d4a886f60 03e57b709f10441aa7a7705d4a886f60] 162.253.55.147 "GET /v2.0/ports?network_id=12a0ad0c-c371-4058-a3af-d612c72efa86&device_owner=network%3Adhcp HTTP/1.1" status: 200 len: 210 time: 0.0304806
2026-09-09 07:35:05.267 9 INFO neutron.wsgi [req-0a76b6c0-8a7c-4e05-813b-b8e5fbb25877 req-11be1dd8-f84c-4668-b1c7-415d0d74f8f1 38897e503a394cb0a323a9a069e740d6 5dea69e8d480437cb1958e422e7cdca8 - - 03e57b709f10441aa7a7705d4a886f60 03e57b709f10441aa7a7705d4a886f60] 162.253.55.147 "GET /v2.0/ports?network_id=12a0ad0c-c371-4058-a3af-d612c72efa86&device_owner=network%3Adhcp HTTP/1.1" status: 200 len: 210 time: 0.0209818
2026-09-09 07:35:05.297 10 INFO neutron.notifiers.nova [-] Nova event matching ['req-e26752a9-385b-4ae2-99c8-d5a0f36bad51'] response: {'name': 'network-changed', 'server_uuid': '01735ee4-2994-40fa-bd14-5bb782879896', 'tag': '9aaaff12-ae2c-43a0-8881-4057dde13ba6', 'status': 'completed', 'code': 200}
2026-09-09 07:35:05.360 9 INFO neutron.wsgi [req-0a76b6c0-8a7c-4e05-813b-b8e5fbb25877 req-73bb7229-1d90-4a47-abc2-5092a264a91a 38897e503a394cb0a323a9a069e740d6 5dea69e8d480437cb1958e422e7cdca8 - - 03e57b709f10441aa7a7705d4a886f60 03e57b709f10441aa7a7705d4a886f60] 162.253.55.147 "GET /v2.0/networks/12a0ad0c-c371-4058-a3af-d612c72efa86?fields=segments HTTP/1.1" status: 200 len: 212 time: 0.0830517
2026-09-09 07:35:05.374 10 INFO neutron.wsgi [req-fa9d8e2b-2052-4efd-9312-dff4c9aceab7 req-f09d64c3-33cd-4a78-b2a0-207c2145951b 38897e503a394cb0a323a9a069e740d6 5dea69e8d480437cb1958e422e7cdca8 - - 03e57b709f10441aa7a7705d4a886f60 03e57b709f10441aa7a7705d4a886f60] 162.253.55.147 "GET /v2.0/ports?tenant_id=6bda1c08820d401bba475cdabd83d4cc&device_id=01735ee4-2994-40fa-bd14-5bb782879896 HTTP/1.1" status: 200 len: 1361 time: 0.0489480
2026-09-09 07:35:05.449 9 INFO neutron.wsgi [req-0a76b6c0-8a7c-4e05-813b-b8e5fbb25877 req-58866427-509b-4927-9bae-74545bd4a3e4 38897e503a394cb0a323a9a069e740d6 5dea69e8d480437cb1958e422e7cdca8 - - 03e57b709f10441aa7a7705d4a886f60 03e57b709f10441aa7a7705d4a886f60] 162.253.55.147 "GET /v2.0/networks/12a0ad0c-c371-4058-a3af-d612c72efa86?fields=provider%3Aphysical_network&fields=provider%3Anetwork_type HTTP/1.1" status: 200 len: 277 time: 0.0831432
2026-09-09 07:35:05.449 10 INFO neutron.wsgi [req-fa9d8e2b-2052-4efd-9312-dff4c9aceab7 req-59b1ee46-cce4-4dbf-b71a-2dde42ac412b 38897e503a394cb0a323a9a069e740d6 5dea69e8d480437cb1958e422e7cdca8 - - 03e57b709f10441aa7a7705d4a886f60 03e57b709f10441aa7a7705d4a886f60] 162.253.55.147 "GET /v2.0/networks?id=d83468d3-cc00-45e3-9cd5-8906166dd1c3 HTTP/1.1" status: 200 len: 959 time: 0.0711160
2026-09-09 07:35:05.501 10 INFO neutron.wsgi [None req-acf7307f-c41b-46d9-a2c0-426fb15160f3 f7ec5109c70040c2a635f92e58258640 0b589bcf41c945b683bc38ba7f31b1f0 - - - -] 10.0.0.106 "POST /v2.0/qos/policies HTTP/1.1" status: 201 len: 558 time: 0.2981527
2026-09-09 07:35:05.516 10 INFO neutron.wsgi [req-fa9d8e2b-2052-4efd-9312-dff4c9aceab7 req-ea61a1a9-54af-4960-9981-0e0ae45487fe 38897e503a394cb0a323a9a069e740d6 5dea69e8d480437cb1958e422e7cdca8 - - 03e57b709f10441aa7a7705d4a886f60 03e57b709f10441aa7a7705d4a886f60] 162.253.55.147 "GET /v2.0/floatingips?fixed_ip_address=10.100.0.5&port_id=9aaaff12-ae2c-43a0-8881-4057dde13ba6 HTTP/1.1" status: 200 len: 1059 time: 0.0606592
2026-09-09 07:35:05.553 10 INFO neutron.wsgi [req-fa9d8e2b-2052-4efd-9312-dff4c9aceab7 req-bcd1d9b2-22fd-4d69-93e6-3728cbf7c659 38897e503a394cb0a323a9a069e740d6 5dea69e8d480437cb1958e422e7cdca8 - - 03e57b709f10441aa7a7705d4a886f60 03e57b709f10441aa7a7705d4a886f60] 162.253.55.147 "GET /v2.0/subnets?id=9c005710-81fc-4d70-807b-c5e8a9edafdb HTTP/1.1" status: 200 len: 852 time: 0.0328112
2026-09-09 07:35:05.561 9 INFO neutron.wsgi [None req-687bb3a7-82d0-4446-8e9c-429cc608fdcf f7ec5109c70040c2a635f92e58258640 0b589bcf41c945b683bc38ba7f31b1f0 - - - -] 10.0.0.106 "PUT /v2.0/policies/27137c8e-6610-491e-b835-93c7f5a25484/tags HTTP/1.1" status: 200 len: 218 time: 0.0535750
2026-09-09 07:35:05.583 10 INFO neutron.wsgi [req-fa9d8e2b-2052-4efd-9312-dff4c9aceab7 req-b79945ae-7fb6-4239-864d-04ffd9457b0b 38897e503a394cb0a323a9a069e740d6 5dea69e8d480437cb1958e422e7cdca8 - - 03e57b709f10441aa7a7705d4a886f60 03e57b709f10441aa7a7705d4a886f60] 162.253.55.147 "GET /v2.0/ports?network_id=d83468d3-cc00-45e3-9cd5-8906166dd1c3&device_owner=network%3Adhcp HTTP/1.1" status: 200 len: 210 time: 0.0266771
2026-09-09 07:35:05.585 9 INFO neutron.wsgi [None req-54ba6c6b-3260-46b9-8a62-01224c841e9e f7ec5109c70040c2a635f92e58258640 0b589bcf41c945b683bc38ba7f31b1f0 - - default default] 10.0.0.106 "GET /v2.0/policies/27137c8e-6610-491e-b835-93c7f5a25484/tags HTTP/1.1" status: 200 len: 218 time: 0.0160913
2026-09-09 07:35:05.622 9 INFO neutron.wsgi [None req-f647ecad-7a81-454a-bb2f-4debc4f5ffca f7ec5109c70040c2a635f92e58258640 0b589bcf41c945b683bc38ba7f31b1f0 - - - -] 10.0.0.106 "PUT /v2.0/policies/27137c8e-6610-491e-b835-93c7f5a25484/tags/green HTTP/1.1" status: 201 len: 201 time: 0.0313199
2026-09-09 07:35:05.634 10 INFO neutron.wsgi [req-fa9d8e2b-2052-4efd-9312-dff4c9aceab7 req-bd3697cf-ec7b-4c55-83ed-6e44245368a8 38897e503a394cb0a323a9a069e740d6 5dea69e8d480437cb1958e422e7cdca8 - - 03e57b709f10441aa7a7705d4a886f60 03e57b709f10441aa7a7705d4a886f60] 162.253.55.147 "GET /v2.0/networks/d83468d3-cc00-45e3-9cd5-8906166dd1c3?fields=segments HTTP/1.1" status: 200 len: 212 time: 0.0470941
2026-09-09 07:35:05.647 10 INFO neutron.wsgi [None req-5d948b1e-e5c1-411b-9102-2b4a004f60ec f7ec5109c70040c2a635f92e58258640 0b589bcf41c945b683bc38ba7f31b1f0 - - default default] 10.0.0.106 "GET /v2.0/policies/27137c8e-6610-491e-b835-93c7f5a25484/tags HTTP/1.1" status: 200 len: 227 time: 0.0202184
2026-09-09 07:35:05.677 9 INFO neutron.wsgi [None req-b2418299-63ee-4793-ad9c-489514872f3f f7ec5109c70040c2a635f92e58258640 0b589bcf41c945b683bc38ba7f31b1f0 - - - -] 10.0.0.106 "PUT /v2.0/policies/27137c8e-6610-491e-b835-93c7f5a25484/tags/red HTTP/1.1" status: 201 len: 201 time: 0.0227907
2026-09-09 07:35:05.689 10 INFO neutron.wsgi [req-fa9d8e2b-2052-4efd-9312-dff4c9aceab7 req-ee6ca888-743f-450b-8c83-29e176c8a519 38897e503a394cb0a323a9a069e740d6 5dea69e8d480437cb1958e422e7cdca8 - - 03e57b709f10441aa7a7705d4a886f60 03e57b709f10441aa7a7705d4a886f60] 162.253.55.147 "GET /v2.0/networks/d83468d3-cc00-45e3-9cd5-8906166dd1c3?fields=provider%3Aphysical_network&fields=provider%3Anetwork_type HTTP/1.1" status: 200 len: 277 time: 0.0491321
2026-09-09 07:35:05.699 9 INFO neutron.wsgi [None req-c55f0a22-6011-4682-8218-a7cb4d3a30fb f7ec5109c70040c2a635f92e58258640 0b589bcf41c945b683bc38ba7f31b1f0 - - default default] 10.0.0.106 "GET /v2.0/policies/27137c8e-6610-491e-b835-93c7f5a25484/tags HTTP/1.1" status: 200 len: 227 time: 0.0163188
2026-09-09 07:35:05.734 10 INFO neutron.wsgi [None req-e51a4d87-9a06-45d7-8c1f-6a992ae7b2db f7ec5109c70040c2a635f92e58258640 0b589bcf41c945b683bc38ba7f31b1f0 - - - -] 10.0.0.106 "PUT /v2.0/policies/27137c8e-6610-491e-b835-93c7f5a25484/tags/black.or.white HTTP/1.1" status: 201 len: 201 time: 0.0270560
