May 20 22:05:04.601925 np0000175558 nova-scheduler[108095]: DEBUG cotyledon.oslo_config_glue [-] workarounds.disable_fallback_pcpu_query = False {{(pid=108095) log_opt_values /opt/stack/data/venv/lib/python3.12/site-packages/oslo_config/cfg.py:3256}}
May 20 22:05:04.602124 np0000175558 nova-scheduler[108095]: DEBUG cotyledon.oslo_config_glue [-] workarounds.disable_group_policy_check_upcall = False {{(pid=108095) log_opt_values /opt/stack/data/venv/lib/python3.12/site-packages/oslo_config/cfg.py:3256}}
May 20 22:05:04.602124 np0000175558 nova-scheduler[108095]: DEBUG cotyledon.oslo_config_glue [-] workarounds.disable_libvirt_livesnapshot = False {{(pid=108095) log_opt_values /opt/stack/data/venv/lib/python3.12/site-packages/oslo_config/cfg.py:3256}}
May 20 22:05:04.602124 np0000175558 nova-scheduler[108095]: DEBUG cotyledon.oslo_config_glue [-] workarounds.disable_rootwrap = False {{(pid=108095) log_opt_values /opt/stack/data/venv/lib/python3.12/site-packages/oslo_config/cfg.py:3256}}
May 20 22:05:04.602124 np0000175558 nova-scheduler[108095]: DEBUG cotyledon.oslo_config_glue [-] workarounds.enable_numa_live_migration = False {{(pid=108095) log_opt_values /opt/stack/data/venv/lib/python3.12/site-packages/oslo_config/cfg.py:3256}}
May 20 22:05:04.602124 np0000175558 nova-scheduler[108095]: DEBUG cotyledon.oslo_config_glue [-] workarounds.enable_qemu_monitor_announce_self = False {{(pid=108095) log_opt_values /opt/stack/data/venv/lib/python3.12/site-packages/oslo_config/cfg.py:3256}}
May 20 22:05:04.602124 np0000175558 nova-scheduler[108095]: DEBUG cotyledon.oslo_config_glue [-] workarounds.ensure_libvirt_rbd_instance_dir_cleanup = False {{(pid=108095) log_opt_values /opt/stack/data/venv/lib/python3.12/site-packages/oslo_config/cfg.py:3256}}
May 20 22:05:04.602124 np0000175558 nova-scheduler[108095]: DEBUG cotyledon.oslo_config_glue [-] workarounds.handle_virt_lifecycle_events = True {{(pid=108095) log_opt_values /opt/stack/data/venv/lib/python3.12/site-packages/oslo_config/cfg.py:3256}}
May 20 22:05:04.602124 np0000175558 nova-scheduler[108095]: DEBUG cotyledon.oslo_config_glue [-] workarounds.libvirt_disable_apic = False {{(pid=108095) log_opt_values /opt/stack/data/venv/lib/python3.12/site-packages/oslo_config/cfg.py:3256}}
May 20 22:05:04.602124 np0000175558 nova-scheduler[108095]: DEBUG cotyledon.oslo_config_glue [-] workarounds.never_download_image_if_on_rbd = False {{(pid=108095) log_opt_values /opt/stack/data/venv/lib/python3.12/site-packages/oslo_config/cfg.py:3256}}
May 20 22:05:04.602319 np0000175558 nova-scheduler[108095]: DEBUG cotyledon.oslo_config_glue [-] workarounds.qemu_monitor_announce_self_count = 3 {{(pid=108095) log_opt_values /opt/stack/data/venv/lib/python3.12/site-packages/oslo_config/cfg.py:3256}}
May 20 22:05:04.602319 np0000175558 nova-scheduler[108095]: DEBUG cotyledon.oslo_config_glue [-] workarounds.qemu_monitor_announce_self_interval = 1 {{(pid=108095) log_opt_values /opt/stack/data/venv/lib/python3.12/site-packages/oslo_config/cfg.py:3256}}
May 20 22:05:04.602319 np0000175558 nova-scheduler[108095]: DEBUG cotyledon.oslo_config_glue [-] workarounds.reserve_disk_resource_for_image_cache = False {{(pid=108095) log_opt_values /opt/stack/data/venv/lib/python3.12/site-packages/oslo_config/cfg.py:3256}}
May 20 22:05:04.602319 np0000175558 nova-scheduler[108095]: DEBUG cotyledon.oslo_config_glue [-] workarounds.skip_cpu_compare_at_startup = False {{(pid=108095) log_opt_values /opt/stack/data/venv/lib/python3.12/site-packages/oslo_config/cfg.py:3256}}
May 20 22:05:04.602319 np0000175558 nova-scheduler[108095]: DEBUG cotyledon.oslo_config_glue [-] workarounds.skip_cpu_compare_on_dest = False {{(pid=108095) log_opt_values /opt/stack/data/venv/lib/python3.12/site-packages/oslo_config/cfg.py:3256}}
May 20 22:05:04.602319 np0000175558 nova-scheduler[108095]: DEBUG cotyledon.oslo_config_glue [-] workarounds.skip_hypervisor_version_check_on_lm = False {{(pid=108095) log_opt_values /opt/stack/data/venv/lib/python3.12/site-packages/oslo_config/cfg.py:3256}}
May 20 22:05:04.602319 np0000175558 nova-scheduler[108095]: DEBUG cotyledon.oslo_config_glue [-] workarounds.skip_reserve_in_use_ironic_nodes = False {{(pid=108095) log_opt_values /opt/stack/data/venv/lib/python3.12/site-packages/oslo_config/cfg.py:3256}}
May 20 22:05:04.602319 np0000175558 nova-scheduler[108095]: DEBUG cotyledon.oslo_config_glue [-] workarounds.unified_limits_count_pcpu_as_vcpu = False {{(pid=108095) log_opt_values /opt/stack/data/venv/lib/python3.12/site-packages/oslo_config/cfg.py:3256}}
May 20 22:05:04.602510 np0000175558 nova-scheduler[108095]: DEBUG cotyledon.oslo_config_glue [-] workarounds.wait_for_vif_plugged_event_during_hard_reboot = [] {{(pid=108095) log_opt_values /opt/stack/data/venv/lib/python3.12/site-packages/oslo_config/cfg.py:3256}}
May 20 22:05:04.602510 np0000175558 nova-scheduler[108095]: DEBUG cotyledon.oslo_config_glue [-] wsgi.api_paste_config = /etc/nova/api-paste.ini {{(pid=108095) log_opt_values /opt/stack/data/venv/lib/python3.12/site-packages/oslo_config/cfg.py:3256}}
May 20 22:05:04.602510 np0000175558 nova-scheduler[108095]: DEBUG cotyledon.oslo_config_glue [-] wsgi.secure_proxy_ssl_header = None {{(pid=108095) log_opt_values /opt/stack/data/venv/lib/python3.12/site-packages/oslo_config/cfg.py:3256}}
May 20 22:05:04.602510 np0000175558 nova-scheduler[108095]: DEBUG cotyledon.oslo_config_glue [-] zvm.ca_file = None {{(pid=108095) log_opt_values /opt/stack/data/venv/lib/python3.12/site-packages/oslo_config/cfg.py:3256}}
May 20 22:05:04.602510 np0000175558 nova-scheduler[108095]: DEBUG cotyledon.oslo_config_glue [-] zvm.cloud_connector_url = None {{(pid=108095) log_opt_values /opt/stack/data/venv/lib/python3.12/site-packages/oslo_config/cfg.py:3256}}
May 20 22:05:04.602510 np0000175558 nova-scheduler[108095]: DEBUG cotyledon.oslo_config_glue [-] zvm.image_tmp_path = /opt/stack/data/nova/images {{(pid=108095) log_opt_values /opt/stack/data/venv/lib/python3.12/site-packages/oslo_config/cfg.py:3256}}
May 20 22:05:04.602510 np0000175558 nova-scheduler[108095]: DEBUG cotyledon.oslo_config_glue [-] zvm.reachable_timeout = 300 {{(pid=108095) log_opt_values /opt/stack/data/venv/lib/python3.12/site-packages/oslo_config/cfg.py:3256}}
May 20 22:05:04.602510 np0000175558 nova-scheduler[108095]: DEBUG cotyledon.oslo_config_glue [-] oslo_versionedobjects.fatal_exception_format_errors = False {{(pid=108095) log_opt_values /opt/stack/data/venv/lib/python3.12/site-packages/oslo_config/cfg.py:3256}}
May 20 22:05:04.602510 np0000175558 nova-scheduler[108095]: DEBUG cotyledon.oslo_config_glue [-] oslo_middleware.http_basic_auth_user_file = /etc/htpasswd {{(pid=108095) log_opt_values /opt/stack/data/venv/lib/python3.12/site-packages/oslo_config/cfg.py:3256}}
May 20 22:05:04.602697 np0000175558 nova-scheduler[108095]: DEBUG cotyledon.oslo_config_glue [-] oslo_messaging_metrics.metrics_buffer_size = 1000 {{(pid=108095) log_opt_values /opt/stack/data/venv/lib/python3.12/site-packages/oslo_config/cfg.py:3256}}
May 20 22:05:04.602697 np0000175558 nova-scheduler[108095]: DEBUG cotyledon.oslo_config_glue [-] oslo_messaging_metrics.metrics_enabled = False {{(pid=108095) log_opt_values /opt/stack/data/venv/lib/python3.12/site-packages/oslo_config/cfg.py:3256}}
May 20 22:05:04.602697 np0000175558 nova-scheduler[108095]: DEBUG cotyledon.oslo_config_glue [-] oslo_messaging_metrics.metrics_process_name = {{(pid=108095) log_opt_values /opt/stack/data/venv/lib/python3.12/site-packages/oslo_config/cfg.py:3256}}
May 20 22:05:04.602697 np0000175558 nova-scheduler[108095]: DEBUG cotyledon.oslo_config_glue [-] oslo_messaging_metrics.metrics_socket_file = /var/tmp/metrics_collector.sock {{(pid=108095) log_opt_values /opt/stack/data/venv/lib/python3.12/site-packages/oslo_config/cfg.py:3256}}
May 20 22:05:04.602697 np0000175558 nova-scheduler[108095]: DEBUG cotyledon.oslo_config_glue [-] oslo_messaging_metrics.metrics_thread_stop_timeout = 10 {{(pid=108095) log_opt_values /opt/stack/data/venv/lib/python3.12/site-packages/oslo_config/cfg.py:3256}}
May 20 22:05:04.602697 np0000175558 nova-scheduler[108095]: DEBUG cotyledon.oslo_config_glue [-] profiler.connection_string = messaging:// {{(pid=108095) log_opt_values /opt/stack/data/venv/lib/python3.12/site-packages/oslo_config/cfg.py:3256}}
May 20 22:05:04.602697 np0000175558 nova-scheduler[108095]: DEBUG cotyledon.oslo_config_glue [-] profiler.enabled = False {{(pid=108095) log_opt_values /opt/stack/data/venv/lib/python3.12/site-packages/oslo_config/cfg.py:3256}}
May 20 22:05:04.602697 np0000175558 nova-scheduler[108095]: DEBUG cotyledon.oslo_config_glue [-] profiler.es_doc_type = notification {{(pid=108095) log_opt_values /opt/stack/data/venv/lib/python3.12/site-packages/oslo_config/cfg.py:3256}}
May 20 22:05:04.602697 np0000175558 nova-scheduler[108095]: DEBUG cotyledon.oslo_config_glue [-] profiler.es_scroll_size = 10000 {{(pid=108095) log_opt_values /opt/stack/data/venv/lib/python3.12/site-packages/oslo_config/cfg.py:3256}}
May 20 22:05:04.602902 np0000175558 nova-scheduler[108095]: DEBUG cotyledon.oslo_config_glue [-] profiler.es_scroll_time = 2m {{(pid=108095) log_opt_values /opt/stack/data/venv/lib/python3.12/site-packages/oslo_config/cfg.py:3256}}
May 20 22:05:04.602902 np0000175558 nova-scheduler[108095]: DEBUG cotyledon.oslo_config_glue [-] profiler.filter_error_trace = False {{(pid=108095) log_opt_values /opt/stack/data/venv/lib/python3.12/site-packages/oslo_config/cfg.py:3256}}
May 20 22:05:04.602902 np0000175558 nova-scheduler[108095]: DEBUG cotyledon.oslo_config_glue [-] profiler.hmac_keys = **** {{(pid=108095) log_opt_values /opt/stack/data/venv/lib/python3.12/site-packages/oslo_config/cfg.py:3256}}
May 20 22:05:04.602902 np0000175558 nova-scheduler[108095]: DEBUG cotyledon.oslo_config_glue [-] profiler.sentinel_service_name = mymaster {{(pid=108095) log_opt_values /opt/stack/data/venv/lib/python3.12/site-packages/oslo_config/cfg.py:3256}}
May 20 22:05:04.602902 np0000175558 nova-scheduler[108095]: DEBUG cotyledon.oslo_config_glue [-] profiler.socket_timeout = 0.1 {{(pid=108095) log_opt_values /opt/stack/data/venv/lib/python3.12/site-packages/oslo_config/cfg.py:3256}}
May 20 22:05:04.602902 np0000175558 nova-scheduler[108095]: DEBUG cotyledon.oslo_config_glue [-] profiler.trace_requests = False {{(pid=108095) log_opt_values /opt/stack/data/venv/lib/python3.12/site-packages/oslo_config/cfg.py:3256}}
May 20 22:05:04.602902 np0000175558 nova-scheduler[108095]: DEBUG cotyledon.oslo_config_glue [-] profiler.trace_sqlalchemy = False {{(pid=108095) log_opt_values /opt/stack/data/venv/lib/python3.12/site-packages/oslo_config/cfg.py:3256}}
May 20 22:05:04.602902 np0000175558 nova-scheduler[108095]: DEBUG cotyledon.oslo_config_glue [-] profiler_jaeger.process_tags = {} {{(pid=108095) log_opt_values /opt/stack/data/venv/lib/python3.12/site-packages/oslo_config/cfg.py:3256}}
May 20 22:05:04.602902 np0000175558 nova-scheduler[108095]: DEBUG cotyledon.oslo_config_glue [-] profiler_jaeger.service_name_prefix = None {{(pid=108095) log_opt_values /opt/stack/data/venv/lib/python3.12/site-packages/oslo_config/cfg.py:3256}}
May 20 22:05:04.603117 np0000175558 nova-scheduler[108095]: DEBUG cotyledon.oslo_config_glue [-] profiler_otlp.service_name_prefix = None {{(pid=108095) log_opt_values /opt/stack/data/venv/lib/python3.12/site-packages/oslo_config/cfg.py:3256}}
May 20 22:05:04.603117 np0000175558 nova-scheduler[108095]: DEBUG cotyledon.oslo_config_glue [-] oslo_messaging_rabbit.amqp_auto_delete = False {{(pid=108095) log_opt_values /opt/stack/data/venv/lib/python3.12/site-packages/oslo_config/cfg.py:3256}}
May 20 22:05:04.603117 np0000175558 nova-scheduler[108095]: DEBUG cotyledon.oslo_config_glue [-] oslo_messaging_rabbit.amqp_durable_queues = False {{(pid=108095) log_opt_values /opt/stack/data/venv/lib/python3.12/site-packages/oslo_config/cfg.py:3256}}
May 20 22:05:04.603117 np0000175558 nova-scheduler[108095]: DEBUG cotyledon.oslo_config_glue [-] oslo_messaging_rabbit.conn_pool_min_size = 2 {{(pid=108095) log_opt_values /opt/stack/data/venv/lib/python3.12/site-packages/oslo_config/cfg.py:3256}}
May 20 22:05:04.603117 np0000175558 nova-scheduler[108095]: DEBUG cotyledon.oslo_config_glue [-] oslo_messaging_rabbit.conn_pool_ttl = 1200 {{(pid=108095) log_opt_values /opt/stack/data/venv/lib/python3.12/site-packages/oslo_config/cfg.py:3256}}
May 20 22:05:04.603117 np0000175558 nova-scheduler[108095]: DEBUG cotyledon.oslo_config_glue [-] oslo_messaging_rabbit.direct_mandatory_flag = True {{(pid=108095) log_opt_values /opt/stack/data/venv/lib/python3.12/site-packages/oslo_config/cfg.py:3256}}
May 20 22:05:04.603117 np0000175558 nova-scheduler[108095]: DEBUG cotyledon.oslo_config_glue [-] oslo_messaging_rabbit.enable_cancel_on_failover = False {{(pid=108095) log_opt_values /opt/stack/data/venv/lib/python3.12/site-packages/oslo_config/cfg.py:3256}}
May 20 22:05:04.603117 np0000175558 nova-scheduler[108095]: DEBUG cotyledon.oslo_config_glue [-] oslo_messaging_rabbit.heartbeat_rate = 3 {{(pid=108095) log_opt_values /opt/stack/data/venv/lib/python3.12/site-packages/oslo_config/cfg.py:3256}}
May 20 22:05:04.603117 np0000175558 nova-scheduler[108095]: DEBUG cotyledon.oslo_config_glue [-] oslo_messaging_rabbit.heartbeat_timeout_threshold = 60 {{(pid=108095) log_opt_values /opt/stack/data/venv/lib/python3.12/site-packages/oslo_config/cfg.py:3256}}
May 20 22:05:04.603317 np0000175558 nova-scheduler[108095]: DEBUG cotyledon.oslo_config_glue [-] oslo_messaging_rabbit.hostname = np0000175558 {{(pid=108095) log_opt_values /opt/stack/data/venv/lib/python3.12/site-packages/oslo_config/cfg.py:3256}}
May 20 22:05:04.603317 np0000175558 nova-scheduler[108095]: DEBUG cotyledon.oslo_config_glue [-] oslo_messaging_rabbit.kombu_compression = None {{(pid=108095) log_opt_values /opt/stack/data/venv/lib/python3.12/site-packages/oslo_config/cfg.py:3256}}
May 20 22:05:04.603317 np0000175558 nova-scheduler[108095]: DEBUG cotyledon.oslo_config_glue [-] oslo_messaging_rabbit.kombu_failover_strategy = round-robin {{(pid=108095) log_opt_values /opt/stack/data/venv/lib/python3.12/site-packages/oslo_config/cfg.py:3256}}
May 20 22:05:04.603317 np0000175558 nova-scheduler[108095]: DEBUG cotyledon.oslo_config_glue [-] oslo_messaging_rabbit.kombu_missing_consumer_retry_timeout = 60 {{(pid=108095) log_opt_values /opt/stack/data/venv/lib/python3.12/site-packages/oslo_config/cfg.py:3256}}
May 20 22:05:04.603317 np0000175558 nova-scheduler[108095]: DEBUG cotyledon.oslo_config_glue [-] oslo_messaging_rabbit.kombu_reconnect_delay = 1.0 {{(pid=108095) log_opt_values /opt/stack/data/venv/lib/python3.12/site-packages/oslo_config/cfg.py:3256}}
May 20 22:05:04.603317 np0000175558 nova-scheduler[108095]: DEBUG cotyledon.oslo_config_glue [-] oslo_messaging_rabbit.kombu_reconnect_splay = 0.0 {{(pid=108095) log_opt_values /opt/stack/data/venv/lib/python3.12/site-packages/oslo_config/cfg.py:3256}}
May 20 22:05:04.603317 np0000175558 nova-scheduler[108095]: DEBUG cotyledon.oslo_config_glue [-] oslo_messaging_rabbit.processname = nova-scheduler {{(pid=108095) log_opt_values /opt/stack/data/venv/lib/python3.12/site-packages/oslo_config/cfg.py:3256}}
May 20 22:05:04.603317 np0000175558 nova-scheduler[108095]: DEBUG cotyledon.oslo_config_glue [-] oslo_messaging_rabbit.rabbit_ha_queues = False {{(pid=108095) log_opt_values /opt/stack/data/venv/lib/python3.12/site-packages/oslo_config/cfg.py:3256}}
May 20 22:05:04.603317 np0000175558 nova-scheduler[108095]: DEBUG cotyledon.oslo_config_glue [-] oslo_messaging_rabbit.rabbit_interval_max = 30 {{(pid=108095) log_opt_values /opt/stack/data/venv/lib/python3.12/site-packages/oslo_config/cfg.py:3256}}
May 20 22:05:04.603543 np0000175558 nova-scheduler[108095]: DEBUG cotyledon.oslo_config_glue [-] oslo_messaging_rabbit.rabbit_login_method = AMQPLAIN {{(pid=108095) log_opt_values /opt/stack/data/venv/lib/python3.12/site-packages/oslo_config/cfg.py:3256}}
May 20 22:05:04.603543 np0000175558 nova-scheduler[108095]: DEBUG cotyledon.oslo_config_glue [-] oslo_messaging_rabbit.rabbit_qos_prefetch_count = 0 {{(pid=108095) log_opt_values /opt/stack/data/venv/lib/python3.12/site-packages/oslo_config/cfg.py:3256}}
May 20 22:05:04.603543 np0000175558 nova-scheduler[108095]: DEBUG cotyledon.oslo_config_glue [-] oslo_messaging_rabbit.rabbit_quorum_delivery_limit = 0 {{(pid=108095) log_opt_values /opt/stack/data/venv/lib/python3.12/site-packages/oslo_config/cfg.py:3256}}
May 20 22:05:04.603543 np0000175558 nova-scheduler[108095]: DEBUG cotyledon.oslo_config_glue [-] oslo_messaging_rabbit.rabbit_quorum_max_memory_bytes = 0 {{(pid=108095) log_opt_values /opt/stack/data/venv/lib/python3.12/site-packages/oslo_config/cfg.py:3256}}
May 20 22:05:04.603543 np0000175558 nova-scheduler[108095]: DEBUG cotyledon.oslo_config_glue [-] oslo_messaging_rabbit.rabbit_quorum_max_memory_length = 0 {{(pid=108095) log_opt_values /opt/stack/data/venv/lib/python3.12/site-packages/oslo_config/cfg.py:3256}}
May 20 22:05:04.603543 np0000175558 nova-scheduler[108095]: DEBUG cotyledon.oslo_config_glue [-] oslo_messaging_rabbit.rabbit_quorum_queue = False {{(pid=108095) log_opt_values /opt/stack/data/venv/lib/python3.12/site-packages/oslo_config/cfg.py:3256}}
May 20 22:05:04.603543 np0000175558 nova-scheduler[108095]: DEBUG cotyledon.oslo_config_glue [-] oslo_messaging_rabbit.rabbit_retry_backoff = 2 {{(pid=108095) log_opt_values /opt/stack/data/venv/lib/python3.12/site-packages/oslo_config/cfg.py:3256}}
May 20 22:05:04.603543 np0000175558 nova-scheduler[108095]: DEBUG cotyledon.oslo_config_glue [-] oslo_messaging_rabbit.rabbit_retry_interval = 1 {{(pid=108095) log_opt_values /opt/stack/data/venv/lib/python3.12/site-packages/oslo_config/cfg.py:3256}}
May 20 22:05:04.603736 np0000175558 nova-scheduler[108095]: DEBUG cotyledon.oslo_config_glue [-] oslo_messaging_rabbit.rabbit_stream_fanout = False {{(pid=108095) log_opt_values /opt/stack/data/venv/lib/python3.12/site-packages/oslo_config/cfg.py:3256}}
May 20 22:05:04.603736 np0000175558 nova-scheduler[108095]: DEBUG cotyledon.oslo_config_glue [-] oslo_messaging_rabbit.rabbit_transient_queues_ttl = 1800 {{(pid=108095) log_opt_values /opt/stack/data/venv/lib/python3.12/site-packages/oslo_config/cfg.py:3256}}
May 20 22:05:04.603736 np0000175558 nova-scheduler[108095]: DEBUG cotyledon.oslo_config_glue [-] oslo_messaging_rabbit.rabbit_transient_quorum_queue = False {{(pid=108095) log_opt_values /opt/stack/data/venv/lib/python3.12/site-packages/oslo_config/cfg.py:3256}}
May 20 22:05:04.603736 np0000175558 nova-scheduler[108095]: DEBUG cotyledon.oslo_config_glue [-] oslo_messaging_rabbit.rpc_conn_pool_size = 30 {{(pid=108095) log_opt_values /opt/stack/data/venv/lib/python3.12/site-packages/oslo_config/cfg.py:3256}}
May 20 22:05:04.603736 np0000175558 nova-scheduler[108095]: DEBUG cotyledon.oslo_config_glue [-] oslo_messaging_rabbit.ssl = False {{(pid=108095) log_opt_values /opt/stack/data/venv/lib/python3.12/site-packages/oslo_config/cfg.py:3256}}
May 20 22:05:04.603736 np0000175558 nova-scheduler[108095]: DEBUG cotyledon.oslo_config_glue [-] oslo_messaging_rabbit.ssl_ca_file = {{(pid=108095) log_opt_values /opt/stack/data/venv/lib/python3.12/site-packages/oslo_config/cfg.py:3256}}
May 20 22:05:04.603736 np0000175558 nova-scheduler[108095]: DEBUG cotyledon.oslo_config_glue [-] oslo_messaging_rabbit.ssl_cert_file = {{(pid=108095) log_opt_values /opt/stack/data/venv/lib/python3.12/site-packages/oslo_config/cfg.py:3256}}
May 20 22:05:04.603736 np0000175558 nova-scheduler[108095]: DEBUG cotyledon.oslo_config_glue [-] oslo_messaging_rabbit.ssl_enforce_fips_mode = False {{(pid=108095) log_opt_values /opt/stack/data/venv/lib/python3.12/site-packages/oslo_config/cfg.py:3256}}
May 20 22:05:04.603736 np0000175558 nova-scheduler[108095]: DEBUG cotyledon.oslo_config_glue [-] oslo_messaging_rabbit.ssl_enforce_hostname_verification = True {{(pid=108095) log_opt_values /opt/stack/data/venv/lib/python3.12/site-packages/oslo_config/cfg.py:3256}}
May 20 22:05:04.603952 np0000175558 nova-scheduler[108095]: DEBUG cotyledon.oslo_config_glue [-] oslo_messaging_rabbit.ssl_key_file = {{(pid=108095) log_opt_values /opt/stack/data/venv/lib/python3.12/site-packages/oslo_config/cfg.py:3256}}
May 20 22:05:04.603952 np0000175558 nova-scheduler[108095]: DEBUG cotyledon.oslo_config_glue [-] oslo_messaging_rabbit.ssl_version = {{(pid=108095) log_opt_values /opt/stack/data/venv/lib/python3.12/site-packages/oslo_config/cfg.py:3256}}
May 20 22:05:04.603952 np0000175558 nova-scheduler[108095]: DEBUG cotyledon.oslo_config_glue [-] oslo_messaging_rabbit.use_queue_manager = False {{(pid=108095) log_opt_values /opt/stack/data/venv/lib/python3.12/site-packages/oslo_config/cfg.py:3256}}
May 20 22:05:04.603952 np0000175558 nova-scheduler[108095]: DEBUG cotyledon.oslo_config_glue [-] oslo_messaging_notifications.driver = ['messagingv2'] {{(pid=108095) log_opt_values /opt/stack/data/venv/lib/python3.12/site-packages/oslo_config/cfg.py:3256}}
May 20 22:05:04.603952 np0000175558 nova-scheduler[108095]: DEBUG cotyledon.oslo_config_glue [-] oslo_messaging_notifications.retry = -1 {{(pid=108095) log_opt_values /opt/stack/data/venv/lib/python3.12/site-packages/oslo_config/cfg.py:3256}}
May 20 22:05:04.603952 np0000175558 nova-scheduler[108095]: DEBUG cotyledon.oslo_config_glue [-] oslo_messaging_notifications.topics = ['notifications'] {{(pid=108095) log_opt_values /opt/stack/data/venv/lib/python3.12/site-packages/oslo_config/cfg.py:3256}}
May 20 22:05:04.603952 np0000175558 nova-scheduler[108095]: DEBUG cotyledon.oslo_config_glue [-] oslo_messaging_notifications.transport_url = **** {{(pid=108095) log_opt_values /opt/stack/data/venv/lib/python3.12/site-packages/oslo_config/cfg.py:3256}}
May 20 22:05:04.604116 np0000175558 nova-scheduler[108088]: INFO dbcounter [None req-52c62322-9bc7-4e77-bec1-d92e7e776b3e None None] Registered counter for database nova_cell0
May 20 22:05:04.604143 np0000175558 nova-scheduler[108095]: DEBUG cotyledon.oslo_config_glue [-] oslo_limit.auth_section = None {{(pid=108095) log_opt_values /opt/stack/data/venv/lib/python3.12/site-packages/oslo_config/cfg.py:3256}}
May 20 22:05:04.604143 np0000175558 nova-scheduler[108095]: DEBUG cotyledon.oslo_config_glue [-] oslo_limit.auth_type = None {{(pid=108095) log_opt_values /opt/stack/data/venv/lib/python3.12/site-packages/oslo_config/cfg.py:3256}}
May 20 22:05:04.604143 np0000175558 nova-scheduler[108095]: DEBUG cotyledon.oslo_config_glue [-] oslo_limit.cafile = None {{(pid=108095) log_opt_values /opt/stack/data/venv/lib/python3.12/site-packages/oslo_config/cfg.py:3256}}
May 20 22:05:04.604143 np0000175558 nova-scheduler[108095]: DEBUG cotyledon.oslo_config_glue [-] oslo_limit.certfile = None {{(pid=108095) log_opt_values /opt/stack/data/venv/lib/python3.12/site-packages/oslo_config/cfg.py:3256}}
May 20 22:05:04.604143 np0000175558 nova-scheduler[108095]: DEBUG cotyledon.oslo_config_glue [-] oslo_limit.collect_timing = False {{(pid=108095) log_opt_values /opt/stack/data/venv/lib/python3.12/site-packages/oslo_config/cfg.py:3256}}
May 20 22:05:04.604143 np0000175558 nova-scheduler[108095]: DEBUG cotyledon.oslo_config_glue [-] oslo_limit.connect_retries = None {{(pid=108095) log_opt_values /opt/stack/data/venv/lib/python3.12/site-packages/oslo_config/cfg.py:3256}}
May 20 22:05:04.604143 np0000175558 nova-scheduler[108095]: DEBUG cotyledon.oslo_config_glue [-] oslo_limit.connect_retry_delay = None {{(pid=108095) log_opt_values /opt/stack/data/venv/lib/python3.12/site-packages/oslo_config/cfg.py:3256}}
May 20 22:05:04.604143 np0000175558 nova-scheduler[108095]: DEBUG cotyledon.oslo_config_glue [-] oslo_limit.endpoint_id = None {{(pid=108095) log_opt_values /opt/stack/data/venv/lib/python3.12/site-packages/oslo_config/cfg.py:3256}}
May 20 22:05:04.604143 np0000175558 nova-scheduler[108095]: DEBUG cotyledon.oslo_config_glue [-] oslo_limit.endpoint_interface = public {{(pid=108095) log_opt_values /opt/stack/data/venv/lib/python3.12/site-packages/oslo_config/cfg.py:3256}}
May 20 22:05:04.604347 np0000175558 nova-scheduler[108095]: DEBUG cotyledon.oslo_config_glue [-] oslo_limit.endpoint_override = None {{(pid=108095) log_opt_values /opt/stack/data/venv/lib/python3.12/site-packages/oslo_config/cfg.py:3256}}
May 20 22:05:04.604347 np0000175558 nova-scheduler[108095]: DEBUG cotyledon.oslo_config_glue [-] oslo_limit.endpoint_region_name = None {{(pid=108095) log_opt_values /opt/stack/data/venv/lib/python3.12/site-packages/oslo_config/cfg.py:3256}}
May 20 22:05:04.604347 np0000175558 nova-scheduler[108095]: DEBUG cotyledon.oslo_config_glue [-] oslo_limit.endpoint_service_name = None {{(pid=108095) log_opt_values /opt/stack/data/venv/lib/python3.12/site-packages/oslo_config/cfg.py:3256}}
May 20 22:05:04.604347 np0000175558 nova-scheduler[108095]: DEBUG cotyledon.oslo_config_glue [-] oslo_limit.endpoint_service_type = None {{(pid=108095) log_opt_values /opt/stack/data/venv/lib/python3.12/site-packages/oslo_config/cfg.py:3256}}
May 20 22:05:04.604347 np0000175558 nova-scheduler[108095]: DEBUG cotyledon.oslo_config_glue [-] oslo_limit.insecure = False {{(pid=108095) log_opt_values /opt/stack/data/venv/lib/python3.12/site-packages/oslo_config/cfg.py:3256}}
May 20 22:05:04.604347 np0000175558 nova-scheduler[108095]: DEBUG cotyledon.oslo_config_glue [-] oslo_limit.keyfile = None {{(pid=108095) log_opt_values /opt/stack/data/venv/lib/python3.12/site-packages/oslo_config/cfg.py:3256}}
May 20 22:05:04.604347 np0000175558 nova-scheduler[108095]: DEBUG cotyledon.oslo_config_glue [-] oslo_limit.max_version = None {{(pid=108095) log_opt_values /opt/stack/data/venv/lib/python3.12/site-packages/oslo_config/cfg.py:3256}}
May 20 22:05:04.604347 np0000175558 nova-scheduler[108095]: DEBUG cotyledon.oslo_config_glue [-] oslo_limit.min_version = None {{(pid=108095) log_opt_values /opt/stack/data/venv/lib/python3.12/site-packages/oslo_config/cfg.py:3256}}
May 20 22:05:04.604347 np0000175558 nova-scheduler[108095]: DEBUG cotyledon.oslo_config_glue [-] oslo_limit.region_name = None {{(pid=108095) log_opt_values /opt/stack/data/venv/lib/python3.12/site-packages/oslo_config/cfg.py:3256}}
May 20 22:05:04.604564 np0000175558 nova-scheduler[108095]: DEBUG cotyledon.oslo_config_glue [-] oslo_limit.retriable_status_codes = None {{(pid=108095) log_opt_values /opt/stack/data/venv/lib/python3.12/site-packages/oslo_config/cfg.py:3256}}
May 20 22:05:04.604564 np0000175558 nova-scheduler[108095]: DEBUG cotyledon.oslo_config_glue [-] oslo_limit.service_name = None {{(pid=108095) log_opt_values /opt/stack/data/venv/lib/python3.12/site-packages/oslo_config/cfg.py:3256}}
May 20 22:05:04.604564 np0000175558 nova-scheduler[108095]: DEBUG cotyledon.oslo_config_glue [-] oslo_limit.service_type = None {{(pid=108095) log_opt_values /opt/stack/data/venv/lib/python3.12/site-packages/oslo_config/cfg.py:3256}}
May 20 22:05:04.604564 np0000175558 nova-scheduler[108095]: DEBUG cotyledon.oslo_config_glue [-] oslo_limit.split_loggers = False {{(pid=108095) log_opt_values /opt/stack/data/venv/lib/python3.12/site-packages/oslo_config/cfg.py:3256}}
May 20 22:05:04.604564 np0000175558 nova-scheduler[108095]: DEBUG cotyledon.oslo_config_glue [-] oslo_limit.status_code_retries = None {{(pid=108095) log_opt_values /opt/stack/data/venv/lib/python3.12/site-packages/oslo_config/cfg.py:3256}}
May 20 22:05:04.604564 np0000175558 nova-scheduler[108095]: DEBUG cotyledon.oslo_config_glue [-] oslo_limit.status_code_retry_delay = None {{(pid=108095) log_opt_values /opt/stack/data/venv/lib/python3.12/site-packages/oslo_config/cfg.py:3256}}
May 20 22:05:04.604564 np0000175558 nova-scheduler[108095]: DEBUG cotyledon.oslo_config_glue [-] oslo_limit.timeout = None {{(pid=108095) log_opt_values /opt/stack/data/venv/lib/python3.12/site-packages/oslo_config/cfg.py:3256}}
May 20 22:05:04.604564 np0000175558 nova-scheduler[108095]: DEBUG cotyledon.oslo_config_glue [-] oslo_limit.valid_interfaces = None {{(pid=108095) log_opt_values /opt/stack/data/venv/lib/python3.12/site-packages/oslo_config/cfg.py:3256}}
May 20 22:05:04.604564 np0000175558 nova-scheduler[108095]: DEBUG cotyledon.oslo_config_glue [-] oslo_limit.version = None {{(pid=108095) log_opt_values /opt/stack/data/venv/lib/python3.12/site-packages/oslo_config/cfg.py:3256}}
May 20 22:05:04.604769 np0000175558 nova-scheduler[108095]: DEBUG cotyledon.oslo_config_glue [-] oslo_reports.file_event_handler = None {{(pid=108095) log_opt_values /opt/stack/data/venv/lib/python3.12/site-packages/oslo_config/cfg.py:3256}}
May 20 22:05:04.604769 np0000175558 nova-scheduler[108095]: DEBUG cotyledon.oslo_config_glue [-] oslo_reports.file_event_handler_interval = 1 {{(pid=108095) log_opt_values /opt/stack/data/venv/lib/python3.12/site-packages/oslo_config/cfg.py:3256}}
May 20 22:05:04.604769 np0000175558 nova-scheduler[108095]: DEBUG cotyledon.oslo_config_glue [-] oslo_reports.log_dir = None {{(pid=108095) log_opt_values /opt/stack/data/venv/lib/python3.12/site-packages/oslo_config/cfg.py:3256}}
May 20 22:05:04.604769 np0000175558 nova-scheduler[108095]: DEBUG cotyledon.oslo_config_glue [-] ******************************************************************************** {{(pid=108095) log_opt_values /opt/stack/data/venv/lib/python3.12/site-packages/oslo_config/cfg.py:3263}}
May 20 22:05:04.604769 np0000175558 nova-scheduler[108095]: DEBUG cotyledon._service_worker [-] Run service ServiceWrapper(3) [108095] {{(pid=108095) wait_forever /opt/stack/data/venv/lib/python3.12/site-packages/cotyledon/_service_worker.py:218}}
May 20 22:05:04.604769 np0000175558 nova-scheduler[108095]: INFO nova.service [-] Starting scheduler node (version 33.1.0)
May 20 22:05:04.604769 np0000175558 nova-scheduler[108095]: INFO dbcounter [None req-7948fa71-2958-46ba-b344-08309bb31e4c None None] Registered counter for database nova_cell0
May 20 22:05:04.604934 np0000175558 nova-scheduler[108079]: DEBUG dbcounter [-] [108079] Writer thread running {{(pid=108079) stat_writer /opt/stack/data/venv/lib/python3.12/site-packages/dbcounter.py:102}}
May 20 22:05:04.605032 np0000175558 nova-scheduler[108070]: DEBUG oslo_db.sqlalchemy.engines [None req-eb921b45-d7b6-41b7-b262-1171dbaa3037 None None] MySQL server mode set to STRICT_TRANS_TABLES,STRICT_ALL_TABLES,NO_ZERO_IN_DATE,NO_ZERO_DATE,ERROR_FOR_DIVISION_BY_ZERO,TRADITIONAL,NO_ENGINE_SUBSTITUTION {{(pid=108070) _check_effective_sql_mode /opt/stack/data/venv/lib/python3.12/site-packages/oslo_db/sqlalchemy/engines.py:325}}
May 20 22:05:04.605064 np0000175558 nova-scheduler[108088]: DEBUG oslo_db.sqlalchemy.engines [None req-52c62322-9bc7-4e77-bec1-d92e7e776b3e None None] MySQL server mode set to STRICT_TRANS_TABLES,STRICT_ALL_TABLES,NO_ZERO_IN_DATE,NO_ZERO_DATE,ERROR_FOR_DIVISION_BY_ZERO,TRADITIONAL,NO_ENGINE_SUBSTITUTION {{(pid=108088) _check_effective_sql_mode /opt/stack/data/venv/lib/python3.12/site-packages/oslo_db/sqlalchemy/engines.py:325}}
May 20 22:05:04.605092 np0000175558 nova-scheduler[108095]: DEBUG oslo_db.sqlalchemy.engines [None req-7948fa71-2958-46ba-b344-08309bb31e4c None None] MySQL server mode set to STRICT_TRANS_TABLES,STRICT_ALL_TABLES,NO_ZERO_IN_DATE,NO_ZERO_DATE,ERROR_FOR_DIVISION_BY_ZERO,TRADITIONAL,NO_ENGINE_SUBSTITUTION {{(pid=108095) _check_effective_sql_mode /opt/stack/data/venv/lib/python3.12/site-packages/oslo_db/sqlalchemy/engines.py:325}}
May 20 22:05:04.605120 np0000175558 nova-scheduler[108070]: DEBUG dbcounter [-] [108070] Writer thread running {{(pid=108070) stat_writer /opt/stack/data/venv/lib/python3.12/site-packages/dbcounter.py:102}}
May 20 22:05:04.605147 np0000175558 nova-scheduler[108088]: DEBUG dbcounter [-] [108088] Writer thread running {{(pid=108088) stat_writer /opt/stack/data/venv/lib/python3.12/site-packages/dbcounter.py:102}}
May 20 22:05:04.605620 np0000175558 nova-scheduler[108079]: DEBUG nova.service [None req-ca8a2906-101c-4945-a72d-63694ca9d49e None None] Creating RPC server for service: nova-scheduler on topic: scheduler {{(pid=108079) start /opt/stack/nova/nova/service.py:195}}
May 20 22:05:04.606840 np0000175558 nova-scheduler[108095]: DEBUG dbcounter [-] [108095] Writer thread running {{(pid=108095) stat_writer /opt/stack/data/venv/lib/python3.12/site-packages/dbcounter.py:102}}
May 20 22:05:04.609374 np0000175558 nova-scheduler[108095]: DEBUG nova.service [None req-7948fa71-2958-46ba-b344-08309bb31e4c None None] Creating RPC server for service: nova-scheduler on topic: scheduler {{(pid=108095) start /opt/stack/nova/nova/service.py:195}}
May 20 22:05:04.620560 np0000175558 nova-scheduler[108070]: DEBUG nova.service [None req-eb921b45-d7b6-41b7-b262-1171dbaa3037 None None] Creating RPC server for service: nova-scheduler on topic: scheduler {{(pid=108070) start /opt/stack/nova/nova/service.py:195}}
May 20 22:05:04.622621 np0000175558 nova-scheduler[108088]: DEBUG nova.service [None req-52c62322-9bc7-4e77-bec1-d92e7e776b3e None None] Creating RPC server for service: nova-scheduler on topic: scheduler {{(pid=108088) start /opt/stack/nova/nova/service.py:195}}
May 20 22:05:04.631070 np0000175558 nova-scheduler[108079]: DEBUG nova.service [None req-ca8a2906-101c-4945-a72d-63694ca9d49e None None] Join ServiceGroup membership for this service scheduler {{(pid=108079) start /opt/stack/nova/nova/service.py:221}}
May 20 22:05:04.631297 np0000175558 nova-scheduler[108079]: DEBUG nova.servicegroup.drivers.db [None req-ca8a2906-101c-4945-a72d-63694ca9d49e None None] DB_Driver: join new ServiceGroup member np0000175558 to the scheduler group, service = {{(pid=108079) join /opt/stack/nova/nova/servicegroup/drivers/db.py:44}}
May 20 22:05:04.644836 np0000175558 nova-scheduler[108088]: DEBUG nova.service [None req-52c62322-9bc7-4e77-bec1-d92e7e776b3e None None] Join ServiceGroup membership for this service scheduler {{(pid=108088) start /opt/stack/nova/nova/service.py:221}}
May 20 22:05:04.645151 np0000175558 nova-scheduler[108088]: DEBUG nova.servicegroup.drivers.db [None req-52c62322-9bc7-4e77-bec1-d92e7e776b3e None None] DB_Driver: join new ServiceGroup member np0000175558 to the scheduler group, service = {{(pid=108088) join /opt/stack/nova/nova/servicegroup/drivers/db.py:44}}
May 20 22:05:04.645352 np0000175558 nova-scheduler[108095]: DEBUG nova.service [None req-7948fa71-2958-46ba-b344-08309bb31e4c None None] Join ServiceGroup membership for this service scheduler {{(pid=108095) start /opt/stack/nova/nova/service.py:221}}
May 20 22:05:04.645552 np0000175558 nova-scheduler[108095]: DEBUG nova.servicegroup.drivers.db [None req-7948fa71-2958-46ba-b344-08309bb31e4c None None] DB_Driver: join new ServiceGroup member np0000175558 to the scheduler group, service = {{(pid=108095) join /opt/stack/nova/nova/servicegroup/drivers/db.py:44}}
May 20 22:05:04.645646 np0000175558 nova-scheduler[108070]: DEBUG nova.service [None req-eb921b45-d7b6-41b7-b262-1171dbaa3037 None None] Join ServiceGroup membership for this service scheduler {{(pid=108070) start /opt/stack/nova/nova/service.py:221}}
May 20 22:05:04.647388 np0000175558 nova-scheduler[108070]: DEBUG nova.servicegroup.drivers.db [None req-eb921b45-d7b6-41b7-b262-1171dbaa3037 None None] DB_Driver: join new ServiceGroup member np0000175558 to the scheduler group, service = {{(pid=108070) join /opt/stack/nova/nova/servicegroup/drivers/db.py:44}}
May 20 22:05:09.652347 np0000175558 nova-scheduler[108079]: DEBUG oslo.service.backend._threading.loopingcall [-] Fixed interval looping call 'nova.servicegroup.drivers.db.DbDriver._report_state' sleeping for 119.98 seconds {{(pid=108079) _run_loop /opt/stack/data/venv/lib/python3.12/site-packages/oslo_service/backend/_threading/loopingcall.py:125}}
May 20 22:05:09.655771 np0000175558 nova-scheduler[108088]: DEBUG oslo.service.backend._threading.loopingcall [-] Fixed interval looping call 'nova.servicegroup.drivers.db.DbDriver._report_state' sleeping for 119.99 seconds {{(pid=108088) _run_loop /opt/stack/data/venv/lib/python3.12/site-packages/oslo_service/backend/_threading/loopingcall.py:125}}
May 20 22:05:09.660441 np0000175558 nova-scheduler[108070]: DEBUG oslo.service.backend._threading.loopingcall [-] Fixed interval looping call 'nova.servicegroup.drivers.db.DbDriver._report_state' sleeping for 119.99 seconds {{(pid=108070) _run_loop /opt/stack/data/venv/lib/python3.12/site-packages/oslo_service/backend/_threading/loopingcall.py:125}}
May 20 22:05:09.661575 np0000175558 nova-scheduler[108095]: DEBUG oslo.service.backend._threading.loopingcall [-] Fixed interval looping call 'nova.servicegroup.drivers.db.DbDriver._report_state' sleeping for 119.99 seconds {{(pid=108095) _run_loop /opt/stack/data/venv/lib/python3.12/site-packages/oslo_service/backend/_threading/loopingcall.py:125}}
May 20 22:05:13.212055 np0000175558 nova-scheduler[107329]: DEBUG dbcounter [-] [107329] Writing DB stats nova_api:SELECT=3 {{(pid=107329) stat_writer /opt/stack/data/venv/lib/python3.12/site-packages/dbcounter.py:115}}
May 20 22:05:13.315155 np0000175558 nova-scheduler[107329]: DEBUG dbcounter [-] [107329] Writing DB stats nova_cell0:SELECT=1 {{(pid=107329) stat_writer /opt/stack/data/venv/lib/python3.12/site-packages/dbcounter.py:115}}
May 20 22:05:13.319446 np0000175558 nova-scheduler[107329]: DEBUG dbcounter [-] [107329] Writing DB stats nova_cell1:SELECT=1 {{(pid=107329) stat_writer /opt/stack/data/venv/lib/python3.12/site-packages/dbcounter.py:115}}
May 20 22:05:19.645147 np0000175558 nova-scheduler[108079]: DEBUG dbcounter [-] [108079] Writing DB stats nova_cell0:SELECT=4,nova_cell0:INSERT=1,nova_cell0:UPDATE=1 {{(pid=108079) stat_writer /opt/stack/data/venv/lib/python3.12/site-packages/dbcounter.py:115}}
May 20 22:05:19.654340 np0000175558 nova-scheduler[108088]: DEBUG dbcounter [-] [108088] Writing DB stats nova_cell0:SELECT=4,nova_cell0:INSERT=1,nova_cell0:UPDATE=1 {{(pid=108088) stat_writer /opt/stack/data/venv/lib/python3.12/site-packages/dbcounter.py:115}}
May 20 22:05:19.657594 np0000175558 nova-scheduler[108095]: DEBUG dbcounter [-] [108095] Writing DB stats nova_cell0:SELECT=3 {{(pid=108095) stat_writer /opt/stack/data/venv/lib/python3.12/site-packages/dbcounter.py:115}}
May 20 22:05:19.659785 np0000175558 nova-scheduler[108070]: DEBUG dbcounter [-] [108070] Writing DB stats nova_cell0:SELECT=5,nova_cell0:INSERT=1 {{(pid=108070) stat_writer /opt/stack/data/venv/lib/python3.12/site-packages/dbcounter.py:115}}
May 20 22:05:42.648938 np0000175558 nova-scheduler[108095]: DEBUG oslo.service.backend._threading.loopingcall [None req-3d2575f4-0a16-4c26-bf43-52b19a7644a9 None None] Dynamic interval looping call 'nova.service.Service.periodic_tasks' sleeping for 60.00 seconds {{(pid=108095) _run_loop /opt/stack/data/venv/lib/python3.12/site-packages/oslo_service/backend/_threading/loopingcall.py:125}}
May 20 22:05:48.650658 np0000175558 nova-scheduler[108070]: DEBUG oslo.service.backend._threading.loopingcall [None req-2c5a493e-e452-4855-a209-e870260c6e92 None None] Dynamic interval looping call 'nova.service.Service.periodic_tasks' sleeping for 60.00 seconds {{(pid=108070) _run_loop /opt/stack/data/venv/lib/python3.12/site-packages/oslo_service/backend/_threading/loopingcall.py:125}}
May 20 22:06:02.634346 np0000175558 nova-scheduler[108079]: DEBUG oslo.service.backend._threading.loopingcall [None req-3dcccfbb-8308-4434-8e6a-0015f6008f92 None None] Dynamic interval looping call 'nova.service.Service.periodic_tasks' sleeping for 60.00 seconds {{(pid=108079) _run_loop /opt/stack/data/venv/lib/python3.12/site-packages/oslo_service/backend/_threading/loopingcall.py:125}}
May 20 22:06:04.648394 np0000175558 nova-scheduler[108088]: DEBUG oslo.service.backend._threading.loopingcall [None req-508e7327-0af0-448f-aa8e-b7378608c355 None None] Dynamic interval looping call 'nova.service.Service.periodic_tasks' sleeping for 60.00 seconds {{(pid=108088) _run_loop /opt/stack/data/venv/lib/python3.12/site-packages/oslo_service/backend/_threading/loopingcall.py:125}}
May 20 22:06:42.649492 np0000175558 nova-scheduler[108095]: DEBUG oslo.service.backend._threading.loopingcall [None req-3d2575f4-0a16-4c26-bf43-52b19a7644a9 None None] Dynamic interval looping call 'nova.service.Service.periodic_tasks' sleeping for 60.00 seconds {{(pid=108095) _run_loop /opt/stack/data/venv/lib/python3.12/site-packages/oslo_service/backend/_threading/loopingcall.py:125}}
May 20 22:06:48.651678 np0000175558 nova-scheduler[108070]: DEBUG oslo.service.backend._threading.loopingcall [None req-2c5a493e-e452-4855-a209-e870260c6e92 None None] Dynamic interval looping call 'nova.service.Service.periodic_tasks' sleeping for 60.00 seconds {{(pid=108070) _run_loop /opt/stack/data/venv/lib/python3.12/site-packages/oslo_service/backend/_threading/loopingcall.py:125}}
May 20 22:07:02.635141 np0000175558 nova-scheduler[108079]: DEBUG oslo.service.backend._threading.loopingcall [None req-3dcccfbb-8308-4434-8e6a-0015f6008f92 None None] Dynamic interval looping call 'nova.service.Service.periodic_tasks' sleeping for 60.00 seconds {{(pid=108079) _run_loop /opt/stack/data/venv/lib/python3.12/site-packages/oslo_service/backend/_threading/loopingcall.py:125}}
May 20 22:07:04.650353 np0000175558 nova-scheduler[108088]: DEBUG oslo.service.backend._threading.loopingcall [None req-508e7327-0af0-448f-aa8e-b7378608c355 None None] Dynamic interval looping call 'nova.service.Service.periodic_tasks' sleeping for 60.00 seconds {{(pid=108088) _run_loop /opt/stack/data/venv/lib/python3.12/site-packages/oslo_service/backend/_threading/loopingcall.py:125}}
May 20 22:07:09.643180 np0000175558 nova-scheduler[108079]: DEBUG oslo.service.backend._threading.loopingcall [-] Fixed interval looping call 'nova.servicegroup.drivers.db.DbDriver._report_state' sleeping for 119.99 seconds {{(pid=108079) _run_loop /opt/stack/data/venv/lib/python3.12/site-packages/oslo_service/backend/_threading/loopingcall.py:125}}
May 20 22:07:09.651471 np0000175558 nova-scheduler[108088]: DEBUG oslo.service.backend._threading.loopingcall [-] Fixed interval looping call 'nova.servicegroup.drivers.db.DbDriver._report_state' sleeping for 119.99 seconds {{(pid=108088) _run_loop /opt/stack/data/venv/lib/python3.12/site-packages/oslo_service/backend/_threading/loopingcall.py:125}}
May 20 22:07:09.655981 np0000175558 nova-scheduler[108070]: DEBUG oslo.service.backend._threading.loopingcall [-] Fixed interval looping call 'nova.servicegroup.drivers.db.DbDriver._report_state' sleeping for 119.99 seconds {{(pid=108070) _run_loop /opt/stack/data/venv/lib/python3.12/site-packages/oslo_service/backend/_threading/loopingcall.py:125}}
May 20 22:07:09.657050 np0000175558 nova-scheduler[108095]: DEBUG oslo.service.backend._threading.loopingcall [-] Fixed interval looping call 'nova.servicegroup.drivers.db.DbDriver._report_state' sleeping for 120.00 seconds {{(pid=108095) _run_loop /opt/stack/data/venv/lib/python3.12/site-packages/oslo_service/backend/_threading/loopingcall.py:125}}
May 20 22:07:19.638111 np0000175558 nova-scheduler[108079]: DEBUG dbcounter [-] [108079] Writing DB stats nova_cell0:SELECT=1,nova_cell0:UPDATE=1 {{(pid=108079) stat_writer /opt/stack/data/venv/lib/python3.12/site-packages/dbcounter.py:115}}
May 20 22:07:19.649067 np0000175558 nova-scheduler[108088]: DEBUG dbcounter [-] [108088] Writing DB stats nova_cell0:SELECT=1 {{(pid=108088) stat_writer /opt/stack/data/venv/lib/python3.12/site-packages/dbcounter.py:115}}
May 20 22:07:19.652850 np0000175558 nova-scheduler[108070]: DEBUG dbcounter [-] [108070] Writing DB stats nova_cell0:SELECT=1 {{(pid=108070) stat_writer /opt/stack/data/venv/lib/python3.12/site-packages/dbcounter.py:115}}
May 20 22:07:19.654508 np0000175558 nova-scheduler[108095]: DEBUG dbcounter [-] [108095] Writing DB stats nova_cell0:SELECT=1 {{(pid=108095) stat_writer /opt/stack/data/venv/lib/python3.12/site-packages/dbcounter.py:115}}
May 20 22:07:42.650318 np0000175558 nova-scheduler[108095]: DEBUG oslo.service.backend._threading.loopingcall [None req-3d2575f4-0a16-4c26-bf43-52b19a7644a9 None None] Dynamic interval looping call 'nova.service.Service.periodic_tasks' sleeping for 60.00 seconds {{(pid=108095) _run_loop /opt/stack/data/venv/lib/python3.12/site-packages/oslo_service/backend/_threading/loopingcall.py:125}}
May 20 22:07:48.652172 np0000175558 nova-scheduler[108070]: DEBUG oslo.service.backend._threading.loopingcall [None req-2c5a493e-e452-4855-a209-e870260c6e92 None None] Dynamic interval looping call 'nova.service.Service.periodic_tasks' sleeping for 60.00 seconds {{(pid=108070) _run_loop /opt/stack/data/venv/lib/python3.12/site-packages/oslo_service/backend/_threading/loopingcall.py:125}}
May 20 22:08:02.636173 np0000175558 nova-scheduler[108079]: DEBUG oslo.service.backend._threading.loopingcall [None req-3dcccfbb-8308-4434-8e6a-0015f6008f92 None None] Dynamic interval looping call 'nova.service.Service.periodic_tasks' sleeping for 60.00 seconds {{(pid=108079) _run_loop /opt/stack/data/venv/lib/python3.12/site-packages/oslo_service/backend/_threading/loopingcall.py:125}}
May 20 22:08:04.651075 np0000175558 nova-scheduler[108088]: DEBUG oslo.service.backend._threading.loopingcall [None req-508e7327-0af0-448f-aa8e-b7378608c355 None None] Dynamic interval looping call 'nova.service.Service.periodic_tasks' sleeping for 60.00 seconds {{(pid=108088) _run_loop /opt/stack/data/venv/lib/python3.12/site-packages/oslo_service/backend/_threading/loopingcall.py:125}}
May 20 22:08:42.651327 np0000175558 nova-scheduler[108095]: DEBUG oslo.service.backend._threading.loopingcall [None req-3d2575f4-0a16-4c26-bf43-52b19a7644a9 None None] Dynamic interval looping call 'nova.service.Service.periodic_tasks' sleeping for 60.00 seconds {{(pid=108095) _run_loop /opt/stack/data/venv/lib/python3.12/site-packages/oslo_service/backend/_threading/loopingcall.py:125}}
May 20 22:08:48.653599 np0000175558 nova-scheduler[108070]: DEBUG oslo.service.backend._threading.loopingcall [None req-2c5a493e-e452-4855-a209-e870260c6e92 None None] Dynamic interval looping call 'nova.service.Service.periodic_tasks' sleeping for 60.00 seconds {{(pid=108070) _run_loop /opt/stack/data/venv/lib/python3.12/site-packages/oslo_service/backend/_threading/loopingcall.py:125}}
May 20 22:09:02.637345 np0000175558 nova-scheduler[108079]: DEBUG oslo.service.backend._threading.loopingcall [None req-3dcccfbb-8308-4434-8e6a-0015f6008f92 None None] Dynamic interval looping call 'nova.service.Service.periodic_tasks' sleeping for 60.00 seconds {{(pid=108079) _run_loop /opt/stack/data/venv/lib/python3.12/site-packages/oslo_service/backend/_threading/loopingcall.py:125}}
May 20 22:09:04.652394 np0000175558 nova-scheduler[108088]: DEBUG oslo.service.backend._threading.loopingcall [None req-508e7327-0af0-448f-aa8e-b7378608c355 None None] Dynamic interval looping call 'nova.service.Service.periodic_tasks' sleeping for 60.00 seconds {{(pid=108088) _run_loop /opt/stack/data/venv/lib/python3.12/site-packages/oslo_service/backend/_threading/loopingcall.py:125}}
May 20 22:09:09.646081 np0000175558 nova-scheduler[108079]: DEBUG oslo.service.backend._threading.loopingcall [-] Fixed interval looping call 'nova.servicegroup.drivers.db.DbDriver._report_state' sleeping for 119.99 seconds {{(pid=108079) _run_loop /opt/stack/data/venv/lib/python3.12/site-packages/oslo_service/backend/_threading/loopingcall.py:125}}
May 20 22:09:09.648902 np0000175558 nova-scheduler[108088]: DEBUG oslo.service.backend._threading.loopingcall [-] Fixed interval looping call 'nova.servicegroup.drivers.db.DbDriver._report_state' sleeping for 119.99 seconds {{(pid=108088) _run_loop /opt/stack/data/venv/lib/python3.12/site-packages/oslo_service/backend/_threading/loopingcall.py:125}}
May 20 22:09:09.653771 np0000175558 nova-scheduler[108070]: DEBUG oslo.service.backend._threading.loopingcall [-] Fixed interval looping call 'nova.servicegroup.drivers.db.DbDriver._report_state' sleeping for 119.99 seconds {{(pid=108070) _run_loop /opt/stack/data/venv/lib/python3.12/site-packages/oslo_service/backend/_threading/loopingcall.py:125}}
May 20 22:09:09.662707 np0000175558 nova-scheduler[108095]: DEBUG oslo.service.backend._threading.loopingcall [-] Fixed interval looping call 'nova.servicegroup.drivers.db.DbDriver._report_state' sleeping for 119.99 seconds {{(pid=108095) _run_loop /opt/stack/data/venv/lib/python3.12/site-packages/oslo_service/backend/_threading/loopingcall.py:125}}