Apr 17 12:18:18.272078 np0000167128 devstack@neutron-api.service[104152]: DEBUG neutron.api.v2.resource_helper [None req-7bcfec2d-1a75-42eb-ab1f-16d4d07364ff None None] Service L3_ROUTER_NAT assigned prefix: {{(pid=104152) build_resource_info /opt/stack/neutron/neutron/api/v2/resource_helper.py:77}}
Apr 17 12:18:18.272146 np0000167128 devstack@neutron-api.service[104151]: WARNING keystonemiddleware.auth_token [None req-4fa9bb3f-a5e7-4533-b493-d5f47c2ae978 None None] AuthToken middleware is set with keystone_authtoken.service_token_roles_required set to False. This is backwards compatible but deprecated behaviour. Please set this to True.
Apr 17 12:18:18.272446 np0000167128 devstack@neutron-api.service[104152]: DEBUG neutron.api.v2.resource_helper [None req-7bcfec2d-1a75-42eb-ab1f-16d4d07364ff None None] Service L3_ROUTER_NAT assigned prefix: {{(pid=104152) build_resource_info /opt/stack/neutron/neutron/api/v2/resource_helper.py:77}}
Apr 17 12:18:18.272582 np0000167128 devstack@neutron-api.service[104152]: INFO neutron.quota.resource_registry [None req-7bcfec2d-1a75-42eb-ab1f-16d4d07364ff None None] Creating instance of TrackedResource for resource:router
Apr 17 12:18:18.272737 np0000167128 devstack@neutron-api.service[104152]: WARNING neutron.quota.resource_registry [None req-7bcfec2d-1a75-42eb-ab1f-16d4d07364ff None None] router is already registered
Apr 17 12:18:18.273266 np0000167128 devstack@neutron-api.service[104152]: INFO neutron.quota.resource_registry [None req-7bcfec2d-1a75-42eb-ab1f-16d4d07364ff None None] Creating instance of TrackedResource for resource:floatingip
Apr 17 12:18:18.273394 np0000167128 devstack@neutron-api.service[104152]: WARNING neutron.quota.resource_registry [None req-7bcfec2d-1a75-42eb-ab1f-16d4d07364ff None None] floatingip is already registered
Apr 17 12:18:18.274547 np0000167128 devstack@neutron-api.service[104152]: INFO neutron.quota.resource_registry [None req-7bcfec2d-1a75-42eb-ab1f-16d4d07364ff None None] Creating instance of CountableResource for resource:rbac_policy
Apr 17 12:18:18.274694 np0000167128 devstack@neutron-api.service[104152]: WARNING neutron.quota.resource_registry [None req-7bcfec2d-1a75-42eb-ab1f-16d4d07364ff None None] rbac_policy is already registered
Apr 17 12:18:18.275354 np0000167128 devstack@neutron-api.service[104152]: INFO neutron.quota.resource_registry [None req-7bcfec2d-1a75-42eb-ab1f-16d4d07364ff None None] Creating instance of TrackedResource for resource:security_group
Apr 17 12:18:18.275489 np0000167128 devstack@neutron-api.service[104152]: WARNING neutron.quota.resource_registry [None req-7bcfec2d-1a75-42eb-ab1f-16d4d07364ff None None] security_group is already registered
Apr 17 12:18:18.276067 np0000167128 devstack@neutron-api.service[104152]: INFO neutron.quota.resource_registry [None req-7bcfec2d-1a75-42eb-ab1f-16d4d07364ff None None] Creating instance of TrackedResource for resource:security_group_rule
Apr 17 12:18:18.276258 np0000167128 devstack@neutron-api.service[104152]: WARNING neutron.quota.resource_registry [None req-7bcfec2d-1a75-42eb-ab1f-16d4d07364ff None None] security_group_rule is already registered
Apr 17 12:18:18.276877 np0000167128 devstack@neutron-api.service[104152]: DEBUG neutron.api.v2.resource_helper [None req-7bcfec2d-1a75-42eb-ab1f-16d4d07364ff None None] Service CORE assigned prefix: {{(pid=104152) build_resource_info /opt/stack/neutron/neutron/api/v2/resource_helper.py:77}}
Apr 17 12:18:18.277027 np0000167128 devstack@neutron-api.service[104152]: INFO neutron.quota.resource_registry [None req-7bcfec2d-1a75-42eb-ab1f-16d4d07364ff None None] Creating instance of TrackedResource for resource:subnetpool
Apr 17 12:18:18.277350 np0000167128 devstack@neutron-api.service[104152]: WARNING neutron.quota.resource_registry [None req-7bcfec2d-1a75-42eb-ab1f-16d4d07364ff None None] subnetpool is already registered
Apr 17 12:18:18.277707 np0000167128 devstack@neutron-api.service[104152]: DEBUG neutron.api.extensions [None req-7bcfec2d-1a75-42eb-ab1f-16d4d07364ff None None] Extended resource: extensions {{(pid=104152) __init__ /opt/stack/neutron/neutron/api/extensions.py:156}}
Apr 17 12:18:18.278684 np0000167128 devstack@neutron-api.service[104152]: DEBUG neutron.api.extensions [None req-7bcfec2d-1a75-42eb-ab1f-16d4d07364ff None None] Extended resource: address-groups {{(pid=104152) __init__ /opt/stack/neutron/neutron/api/extensions.py:156}}
Apr 17 12:18:18.279289 np0000167128 devstack@neutron-api.service[104151]: DEBUG neutron_lib.callbacks.manager [None req-4fa9bb3f-a5e7-4533-b493-d5f47c2ae978 None None] Publish callbacks ['neutron.plugins.ml2.drivers.ovn.mech_driver.mech_driver.OVNMechanismDriver.pre_fork_initialize-481787'] for process (None), before_spawn {{(pid=104151) _notify_loop /opt/stack/data/venv/lib/python3.12/site-packages/neutron_lib/callbacks/manager.py:184}}
Apr 17 12:18:18.279583 np0000167128 devstack@neutron-api.service[104152]: DEBUG neutron.api.extensions [None req-7bcfec2d-1a75-42eb-ab1f-16d4d07364ff None None] Extended resource: address-scopes {{(pid=104152) __init__ /opt/stack/neutron/neutron/api/extensions.py:156}}
Apr 17 12:18:18.279678 np0000167128 devstack@neutron-api.service[104151]: DEBUG oslo_concurrency.processutils [None req-4fa9bb3f-a5e7-4533-b493-d5f47c2ae978 None None] Running cmd (subprocess): ovsdb-client transact ssl:199.204.45.132:6641 --timeout 180 -p /opt/stack/data/CA/int-ca/private/devstack-cert.key -c /opt/stack/data/CA/int-ca/devstack-cert.crt -C /opt/stack/data/CA/int-ca/ca-chain.pem ["OVN_Northbound", {"op": "wait", "timeout": 0, "table": "Port_Group", "where": [["name", "==", "neutron_pg_drop"]], "until": "==", "rows": []}, {"op": "insert", "table": "ACL", "row": {"action": "drop", "direction": "to-lport", "match": "outport == @neutron_pg_drop && ip", "priority": 1001}, "uuid-name": "droptoport"}, {"op": "insert", "table": "ACL", "row": {"action": "drop", "direction": "from-lport", "match": "inport == @neutron_pg_drop && ip", "priority": 1001}, "uuid-name": "dropfromport"}, {"op": "insert", "table": "Port_Group", "row": {"name": "neutron_pg_drop", "acls": ["set", [["named-uuid", "droptoport"], ["named-uuid", "dropfromport"]]]}}] {{(pid=104151) execute /opt/stack/data/venv/lib/python3.12/site-packages/oslo_concurrency/processutils.py:440}}
Apr 17 12:18:18.280453 np0000167128 devstack@neutron-api.service[104152]: DEBUG neutron.api.extensions [None req-7bcfec2d-1a75-42eb-ab1f-16d4d07364ff None None] Extended resource: agents {{(pid=104152) __init__ /opt/stack/neutron/neutron/api/extensions.py:156}}
Apr 17 12:18:18.283588 np0000167128 devstack@neutron-api.service[104152]: DEBUG neutron.api.extensions [None req-7bcfec2d-1a75-42eb-ab1f-16d4d07364ff None None] Extended resource: auto-allocated-topology {{(pid=104152) __init__ /opt/stack/neutron/neutron/api/extensions.py:156}}
Apr 17 12:18:18.283588 np0000167128 devstack@neutron-api.service[104152]: DEBUG neutron.api.extensions [None req-7bcfec2d-1a75-42eb-ab1f-16d4d07364ff None None] Extended resource: availability_zones {{(pid=104152) __init__ /opt/stack/neutron/neutron/api/extensions.py:156}}
Apr 17 12:18:18.283588 np0000167128 devstack@neutron-api.service[104152]: DEBUG neutron.api.extensions [None req-7bcfec2d-1a75-42eb-ab1f-16d4d07364ff None None] Extended resource: dhcp-networks {{(pid=104152) __init__ /opt/stack/neutron/neutron/api/extensions.py:156}}
Apr 17 12:18:18.283758 np0000167128 devstack@neutron-api.service[104152]: DEBUG neutron.api.extensions [None req-7bcfec2d-1a75-42eb-ab1f-16d4d07364ff None None] Extended resource: dhcp-agents {{(pid=104152) __init__ /opt/stack/neutron/neutron/api/extensions.py:156}}
Apr 17 12:18:18.284583 np0000167128 devstack@neutron-api.service[104152]: DEBUG neutron.api.extensions [None req-7bcfec2d-1a75-42eb-ab1f-16d4d07364ff None None] Extended resource: routers {{(pid=104152) __init__ /opt/stack/neutron/neutron/api/extensions.py:156}}
Apr 17 12:18:18.285843 np0000167128 devstack@neutron-api.service[104152]: DEBUG neutron.api.extensions [None req-7bcfec2d-1a75-42eb-ab1f-16d4d07364ff None None] Extended resource: flavors {{(pid=104152) __init__ /opt/stack/neutron/neutron/api/extensions.py:156}}
Apr 17 12:18:18.286413 np0000167128 devstack@neutron-api.service[104152]: DEBUG neutron.api.extensions [None req-7bcfec2d-1a75-42eb-ab1f-16d4d07364ff None None] Extended resource: service_profiles {{(pid=104152) __init__ /opt/stack/neutron/neutron/api/extensions.py:156}}
Apr 17 12:18:18.286923 np0000167128 devstack@neutron-api.service[104152]: DEBUG neutron.api.extensions [None req-7bcfec2d-1a75-42eb-ab1f-16d4d07364ff None None] Extended resource: next_providers {{(pid=104152) __init__ /opt/stack/neutron/neutron/api/extensions.py:156}}
Apr 17 12:18:18.287695 np0000167128 devstack@neutron-api.service[104152]: DEBUG neutron.api.extensions [None req-7bcfec2d-1a75-42eb-ab1f-16d4d07364ff None None] Extended resource: service_profiles {{(pid=104152) __init__ /opt/stack/neutron/neutron/api/extensions.py:156}}
Apr 17 12:18:18.288395 np0000167128 devstack@neutron-api.service[104152]: DEBUG neutron.api.extensions [None req-7bcfec2d-1a75-42eb-ab1f-16d4d07364ff None None] Extended resource: floatingip-pools {{(pid=104152) __init__ /opt/stack/neutron/neutron/api/extensions.py:156}}
Apr 17 12:18:18.288827 np0000167128 devstack@neutron-api.service[104154]: DEBUG oslo_concurrency.processutils [None req-e3e14751-859e-4310-8393-fd94a06dea05 None None] CMD "ovsdb-client transact ssl:199.204.45.132:6641 --timeout 180 -p /opt/stack/data/CA/int-ca/private/devstack-cert.key -c /opt/stack/data/CA/int-ca/devstack-cert.crt -C /opt/stack/data/CA/int-ca/ca-chain.pem ["OVN_Northbound", {"op": "wait", "timeout": 0, "table": "Port_Group", "where": [["name", "==", "neutron_pg_drop"]], "until": "==", "rows": []}, {"op": "insert", "table": "ACL", "row": {"action": "drop", "direction": "to-lport", "match": "outport == @neutron_pg_drop && ip", "priority": 1001}, "uuid-name": "droptoport"}, {"op": "insert", "table": "ACL", "row": {"action": "drop", "direction": "from-lport", "match": "inport == @neutron_pg_drop && ip", "priority": 1001}, "uuid-name": "dropfromport"}, {"op": "insert", "table": "Port_Group", "row": {"name": "neutron_pg_drop", "acls": ["set", [["named-uuid", "droptoport"], ["named-uuid", "dropfromport"]]]}}]" returned: 0 in 0.033s {{(pid=104154) execute /opt/stack/data/venv/lib/python3.12/site-packages/oslo_concurrency/processutils.py:468}}
Apr 17 12:18:18.289025 np0000167128 devstack@neutron-api.service[104152]: DEBUG neutron.api.extensions [None req-7bcfec2d-1a75-42eb-ab1f-16d4d07364ff None None] Extended resource: routers {{(pid=104152) __init__ /opt/stack/neutron/neutron/api/extensions.py:156}}
Apr 17 12:18:18.289447 np0000167128 devstack@neutron-api.service[104154]: DEBUG neutron_lib.callbacks.manager [None req-e3e14751-859e-4310-8393-fd94a06dea05 None None] Publish callbacks ['neutron.plugins.ml2.drivers.ovn.mech_driver.mech_driver.OVNMechanismDriver.post_fork_initialize-459836', 'neutron.services.ovn_l3.plugin.OVNL3RouterPlugin._post_fork_initialize-25836'] for process (None), after_init {{(pid=104154) _notify_loop /opt/stack/data/venv/lib/python3.12/site-packages/neutron_lib/callbacks/manager.py:184}}
Apr 17 12:18:18.289861 np0000167128 devstack@neutron-api.service[104154]: DEBUG oslo_concurrency.lockutils [None req-e3e14751-859e-4310-8393-fd94a06dea05 None None] Acquiring lock "singleton_lock" {{(pid=104154) lock /opt/stack/data/venv/lib/python3.12/site-packages/oslo_concurrency/lockutils.py:390}}
Apr 17 12:18:18.290006 np0000167128 devstack@neutron-api.service[104152]: DEBUG neutron.api.extensions [None req-7bcfec2d-1a75-42eb-ab1f-16d4d07364ff None None] Extended resource: floatingips {{(pid=104152) __init__ /opt/stack/neutron/neutron/api/extensions.py:156}}
Apr 17 12:18:18.290098 np0000167128 devstack@neutron-api.service[104154]: DEBUG oslo_concurrency.lockutils [None req-e3e14751-859e-4310-8393-fd94a06dea05 None None] Acquired lock "singleton_lock" {{(pid=104154) lock /opt/stack/data/venv/lib/python3.12/site-packages/oslo_concurrency/lockutils.py:393}}
Apr 17 12:18:18.290309 np0000167128 devstack@neutron-api.service[104154]: DEBUG oslo_concurrency.lockutils [None req-e3e14751-859e-4310-8393-fd94a06dea05 None None] Releasing lock "singleton_lock" {{(pid=104154) lock /opt/stack/data/venv/lib/python3.12/site-packages/oslo_concurrency/lockutils.py:413}}
Apr 17 12:18:18.290607 np0000167128 devstack@neutron-api.service[104152]: DEBUG neutron.api.extensions [None req-7bcfec2d-1a75-42eb-ab1f-16d4d07364ff None None] Extended resource: network-ip-availabilities {{(pid=104152) __init__ /opt/stack/neutron/neutron/api/extensions.py:156}}
Apr 17 12:18:18.291202 np0000167128 devstack@neutron-api.service[104152]: DEBUG neutron.api.extensions [None req-7bcfec2d-1a75-42eb-ab1f-16d4d07364ff None None] Extended resource: network-ip-availabilities {{(pid=104152) __init__ /opt/stack/neutron/neutron/api/extensions.py:156}}
Apr 17 12:18:18.291928 np0000167128 devstack@neutron-api.service[104152]: DEBUG neutron.api.extensions [None req-7bcfec2d-1a75-42eb-ab1f-16d4d07364ff None None] Extended resource: bindings {{(pid=104152) __init__ /opt/stack/neutron/neutron/api/extensions.py:156}}
Apr 17 12:18:18.292519 np0000167128 devstack@neutron-api.service[104154]: DEBUG neutron.plugins.ml2.drivers.ovn.mech_driver.mech_driver [None req-e3e14751-859e-4310-8393-fd94a06dea05 None None] Hash Ring setup using WSGI start time 2026-04-17 12:18:11+00:00 {{(pid=104154) _init_hash_ring /opt/stack/neutron/neutron/plugins/ml2/drivers/ovn/mech_driver/mech_driver.py:402}}
Apr 17 12:18:18.292566 np0000167128 devstack@neutron-api.service[104152]: DEBUG neutron.api.extensions [None req-7bcfec2d-1a75-42eb-ab1f-16d4d07364ff None None] Extended resource: quotas {{(pid=104152) __init__ /opt/stack/neutron/neutron/api/extensions.py:156}}
Apr 17 12:18:18.293331 np0000167128 devstack@neutron-api.service[104152]: DEBUG neutron.api.extensions [None req-7bcfec2d-1a75-42eb-ab1f-16d4d07364ff None None] Extended resource: quotas {{(pid=104152) __init__ /opt/stack/neutron/neutron/api/extensions.py:156}}
Apr 17 12:18:18.294210 np0000167128 devstack@neutron-api.service[104152]: DEBUG neutron.api.extensions [None req-7bcfec2d-1a75-42eb-ab1f-16d4d07364ff None None] Extended resource: rbac-policies {{(pid=104152) __init__ /opt/stack/neutron/neutron/api/extensions.py:156}}
Apr 17 12:18:18.294765 np0000167128 devstack@neutron-api.service[104152]: DEBUG neutron.api.extensions [None req-7bcfec2d-1a75-42eb-ab1f-16d4d07364ff None None] Extended resource: default-security-group-rules {{(pid=104152) __init__ /opt/stack/neutron/neutron/api/extensions.py:156}}
Apr 17 12:18:18.296176 np0000167128 devstack@neutron-api.service[104152]: DEBUG neutron.api.extensions [None req-7bcfec2d-1a75-42eb-ab1f-16d4d07364ff None None] Extended resource: security-groups {{(pid=104152) __init__ /opt/stack/neutron/neutron/api/extensions.py:156}}
Apr 17 12:18:18.296728 np0000167128 devstack@neutron-api.service[104152]: DEBUG neutron.api.extensions [None req-7bcfec2d-1a75-42eb-ab1f-16d4d07364ff None None] Extended resource: security-group-rules {{(pid=104152) __init__ /opt/stack/neutron/neutron/api/extensions.py:156}}
Apr 17 12:18:18.297351 np0000167128 devstack@neutron-api.service[104152]: DEBUG neutron.api.extensions [None req-7bcfec2d-1a75-42eb-ab1f-16d4d07364ff None None] Extended resource: service-providers {{(pid=104152) __init__ /opt/stack/neutron/neutron/api/extensions.py:156}}
Apr 17 12:18:18.297830 np0000167128 devstack@neutron-api.service[104152]: DEBUG neutron.api.extensions [None req-7bcfec2d-1a75-42eb-ab1f-16d4d07364ff None None] Extended resource: subnetpools {{(pid=104152) __init__ /opt/stack/neutron/neutron/api/extensions.py:156}}
Apr 17 12:18:18.298238 np0000167128 devstack@neutron-api.service[104154]: INFO neutron.db.ovn_hash_ring_db [None req-e3e14751-859e-4310-8393-fd94a06dea05 None None] Nodes from host "np0000167128" and group "mechanism_driver" removed from the Hash Ring created at 2026-04-17 12:18:11+00:00
Apr 17 12:18:18.298747 np0000167128 devstack@neutron-api.service[104152]: DEBUG neutron.api.extensions [None req-7bcfec2d-1a75-42eb-ab1f-16d4d07364ff None None] Extended resource: tags {{(pid=104152) __init__ /opt/stack/neutron/neutron/api/extensions.py:156}}
Apr 17 12:18:18.299742 np0000167128 devstack@neutron-api.service[104152]: DEBUG neutron.api.extensions [None req-7bcfec2d-1a75-42eb-ab1f-16d4d07364ff None None] Extended resource: tags {{(pid=104152) __init__ /opt/stack/neutron/neutron/api/extensions.py:156}}
Apr 17 12:18:18.300137 np0000167128 devstack@neutron-api.service[104152]: DEBUG neutron.api.extensions [None req-7bcfec2d-1a75-42eb-ab1f-16d4d07364ff None None] Extended resource: tags {{(pid=104152) __init__ /opt/stack/neutron/neutron/api/extensions.py:156}}
Apr 17 12:18:18.300968 np0000167128 devstack@neutron-api.service[104154]: INFO neutron.db.ovn_hash_ring_db [None req-e3e14751-859e-4310-8393-fd94a06dea05 None None] Node 4e1083c2efce576091970fbde364fafb from host "np0000167128" and group "mechanism_driver" added to the Hash Ring
Apr 17 12:18:18.301032 np0000167128 devstack@neutron-api.service[104152]: DEBUG neutron.api.extensions [None req-7bcfec2d-1a75-42eb-ab1f-16d4d07364ff None None] Extended resource: tags {{(pid=104152) __init__ /opt/stack/neutron/neutron/api/extensions.py:156}}
Apr 17 12:18:18.301782 np0000167128 devstack@neutron-api.service[104152]: DEBUG neutron.api.extensions [None req-7bcfec2d-1a75-42eb-ab1f-16d4d07364ff None None] Extended resource: tags {{(pid=104152) __init__ /opt/stack/neutron/neutron/api/extensions.py:156}}
Apr 17 12:18:18.302667 np0000167128 devstack@neutron-api.service[104152]: DEBUG neutron.api.extensions [None req-7bcfec2d-1a75-42eb-ab1f-16d4d07364ff None None] Extended resource: tags {{(pid=104152) __init__ /opt/stack/neutron/neutron/api/extensions.py:156}}
Apr 17 12:18:18.303536 np0000167128 devstack@neutron-api.service[104152]: DEBUG neutron.api.extensions [None req-7bcfec2d-1a75-42eb-ab1f-16d4d07364ff None None] Extended resource: tags {{(pid=104152) __init__ /opt/stack/neutron/neutron/api/extensions.py:156}}
Apr 17 12:18:18.304135 np0000167128 devstack@neutron-api.service[104154]: DEBUG neutron.plugins.ml2.drivers.ovn.mech_driver.mech_driver [None req-e3e14751-859e-4310-8393-fd94a06dea05 None None] Hash Ring setup, this worker has detected 2 OVN hash ring registers in the database {{(pid=104154) _init_hash_ring /opt/stack/neutron/neutron/plugins/ml2/drivers/ovn/mech_driver/mech_driver.py:412}}
Apr 17 12:18:18.304567 np0000167128 devstack@neutron-api.service[104152]: DEBUG neutron.api.extensions [None req-7bcfec2d-1a75-42eb-ab1f-16d4d07364ff None None] Extended resource: tags {{(pid=104152) __init__ /opt/stack/neutron/neutron/api/extensions.py:156}}
Apr 17 12:18:18.305411 np0000167128 devstack@neutron-api.service[104152]: DEBUG neutron.api.extensions [None req-7bcfec2d-1a75-42eb-ab1f-16d4d07364ff None None] Extended resource: tags {{(pid=104152) __init__ /opt/stack/neutron/neutron/api/extensions.py:156}}
Apr 17 12:18:18.306443 np0000167128 devstack@neutron-api.service[104152]: DEBUG neutron.api.extensions [None req-7bcfec2d-1a75-42eb-ab1f-16d4d07364ff None None] Extended resource: tags {{(pid=104152) __init__ /opt/stack/neutron/neutron/api/extensions.py:156}}
Apr 17 12:18:18.311267 np0000167128 devstack@neutron-api.service[104154]: DEBUG neutron.plugins.ml2.drivers.ovn.mech_driver.ovsdb.maintenance [None req-e3e14751-859e-4310-8393-fd94a06dea05 None None] Periodic task found: HashRingHealthCheckPeriodics.touch_hash_ring_node {{(pid=104154) add_periodics /opt/stack/neutron/neutron/plugins/ml2/drivers/ovn/mech_driver/ovsdb/maintenance.py:148}}
Apr 17 12:18:18.312084 np0000167128 devstack@neutron-api.service[104152]: WARNING keystonemiddleware.auth_token [None req-7bcfec2d-1a75-42eb-ab1f-16d4d07364ff None None] AuthToken middleware is set with keystone_authtoken.service_token_roles_required set to False. This is backwards compatible but deprecated behaviour. Please set this to True.
Apr 17 12:18:18.312820 np0000167128 devstack@neutron-api.service[104154]: INFO neutron.plugins.ml2.drivers.ovn.mech_driver.mech_driver [None req-e3e14751-859e-4310-8393-fd94a06dea05 None None] Hash Ring probing thread for node 4e1083c2efce576091970fbde364fafb has started
Apr 17 12:18:18.313964 np0000167128 devstack@neutron-api.service[104154]: INFO neutron.plugins.ml2.drivers.ovn.mech_driver.ovsdb.impl_idl_ovn [None req-e3e14751-859e-4310-8393-fd94a06dea05 None None] Getting OvsdbNbOvnIdl for WorkerService with retry
Apr 17 12:18:18.320238 np0000167128 devstack@neutron-api.service[104152]: DEBUG neutron_lib.callbacks.manager [None req-7bcfec2d-1a75-42eb-ab1f-16d4d07364ff None None] Publish callbacks ['neutron.plugins.ml2.drivers.ovn.mech_driver.mech_driver.OVNMechanismDriver.pre_fork_initialize-513477'] for process (None), before_spawn {{(pid=104152) _notify_loop /opt/stack/data/venv/lib/python3.12/site-packages/neutron_lib/callbacks/manager.py:184}}
Apr 17 12:18:18.320560 np0000167128 devstack@neutron-api.service[104151]: DEBUG oslo_concurrency.processutils [None req-4fa9bb3f-a5e7-4533-b493-d5f47c2ae978 None None] CMD "ovsdb-client transact ssl:199.204.45.132:6641 --timeout 180 -p /opt/stack/data/CA/int-ca/private/devstack-cert.key -c /opt/stack/data/CA/int-ca/devstack-cert.crt -C /opt/stack/data/CA/int-ca/ca-chain.pem ["OVN_Northbound", {"op": "wait", "timeout": 0, "table": "Port_Group", "where": [["name", "==", "neutron_pg_drop"]], "until": "==", "rows": []}, {"op": "insert", "table": "ACL", "row": {"action": "drop", "direction": "to-lport", "match": "outport == @neutron_pg_drop && ip", "priority": 1001}, "uuid-name": "droptoport"}, {"op": "insert", "table": "ACL", "row": {"action": "drop", "direction": "from-lport", "match": "inport == @neutron_pg_drop && ip", "priority": 1001}, "uuid-name": "dropfromport"}, {"op": "insert", "table": "Port_Group", "row": {"name": "neutron_pg_drop", "acls": ["set", [["named-uuid", "droptoport"], ["named-uuid", "dropfromport"]]]}}]" returned: 0 in 0.040s {{(pid=104151) execute /opt/stack/data/venv/lib/python3.12/site-packages/oslo_concurrency/processutils.py:468}}
Apr 17 12:18:18.320667 np0000167128 devstack@neutron-api.service[104152]: DEBUG oslo_concurrency.processutils [None req-7bcfec2d-1a75-42eb-ab1f-16d4d07364ff None None] Running cmd (subprocess): ovsdb-client transact ssl:199.204.45.132:6641 --timeout 180 -p /opt/stack/data/CA/int-ca/private/devstack-cert.key -c /opt/stack/data/CA/int-ca/devstack-cert.crt -C /opt/stack/data/CA/int-ca/ca-chain.pem ["OVN_Northbound", {"op": "wait", "timeout": 0, "table": "Port_Group", "where": [["name", "==", "neutron_pg_drop"]], "until": "==", "rows": []}, {"op": "insert", "table": "ACL", "row": {"action": "drop", "direction": "to-lport", "match": "outport == @neutron_pg_drop && ip", "priority": 1001}, "uuid-name": "droptoport"}, {"op": "insert", "table": "ACL", "row": {"action": "drop", "direction": "from-lport", "match": "inport == @neutron_pg_drop && ip", "priority": 1001}, "uuid-name": "dropfromport"}, {"op": "insert", "table": "Port_Group", "row": {"name": "neutron_pg_drop", "acls": ["set", [["named-uuid", "droptoport"], ["named-uuid", "dropfromport"]]]}}] {{(pid=104152) execute /opt/stack/data/venv/lib/python3.12/site-packages/oslo_concurrency/processutils.py:440}}
Apr 17 12:18:18.321203 np0000167128 devstack@neutron-api.service[104151]: DEBUG neutron_lib.callbacks.manager [None req-4fa9bb3f-a5e7-4533-b493-d5f47c2ae978 None None] Publish callbacks ['neutron.plugins.ml2.drivers.ovn.mech_driver.mech_driver.OVNMechanismDriver.post_fork_initialize-481699', 'neutron.services.ovn_l3.plugin.OVNL3RouterPlugin._post_fork_initialize-29095'] for process (None), after_init {{(pid=104151) _notify_loop /opt/stack/data/venv/lib/python3.12/site-packages/neutron_lib/callbacks/manager.py:184}}
Apr 17 12:18:18.322010 np0000167128 devstack@neutron-api.service[104151]: DEBUG oslo_concurrency.lockutils [None req-4fa9bb3f-a5e7-4533-b493-d5f47c2ae978 None None] Acquiring lock "singleton_lock" {{(pid=104151) lock /opt/stack/data/venv/lib/python3.12/site-packages/oslo_concurrency/lockutils.py:390}}
Apr 17 12:18:18.322069 np0000167128 devstack@neutron-api.service[104151]: DEBUG oslo_concurrency.lockutils [None req-4fa9bb3f-a5e7-4533-b493-d5f47c2ae978 None None] Acquired lock "singleton_lock" {{(pid=104151) lock /opt/stack/data/venv/lib/python3.12/site-packages/oslo_concurrency/lockutils.py:393}}
Apr 17 12:18:18.322504 np0000167128 devstack@neutron-api.service[104151]: DEBUG oslo_concurrency.lockutils [None req-4fa9bb3f-a5e7-4533-b493-d5f47c2ae978 None None] Releasing lock "singleton_lock" {{(pid=104151) lock /opt/stack/data/venv/lib/python3.12/site-packages/oslo_concurrency/lockutils.py:413}}
Apr 17 12:18:18.327434 np0000167128 devstack@neutron-api.service[104151]: DEBUG neutron.plugins.ml2.drivers.ovn.mech_driver.mech_driver [None req-4fa9bb3f-a5e7-4533-b493-d5f47c2ae978 None None] Hash Ring setup using WSGI start time 2026-04-17 12:18:11+00:00 {{(pid=104151) _init_hash_ring /opt/stack/neutron/neutron/plugins/ml2/drivers/ovn/mech_driver/mech_driver.py:402}}
Apr 17 12:18:18.332222 np0000167128 devstack@neutron-api.service[104151]: INFO neutron.db.ovn_hash_ring_db [None req-4fa9bb3f-a5e7-4533-b493-d5f47c2ae978 None None] Nodes from host "np0000167128" and group "mechanism_driver" removed from the Hash Ring created at 2026-04-17 12:18:11+00:00
Apr 17 12:18:18.334444 np0000167128 devstack@neutron-api.service[104151]: INFO neutron.db.ovn_hash_ring_db [None req-4fa9bb3f-a5e7-4533-b493-d5f47c2ae978 None None] Node 5eac674af7105819bd3f446059ee4d46 from host "np0000167128" and group "mechanism_driver" added to the Hash Ring
Apr 17 12:18:18.338999 np0000167128 devstack@neutron-api.service[104151]: DEBUG neutron.plugins.ml2.drivers.ovn.mech_driver.mech_driver [None req-4fa9bb3f-a5e7-4533-b493-d5f47c2ae978 None None] Hash Ring setup, this worker has detected 3 OVN hash ring registers in the database {{(pid=104151) _init_hash_ring /opt/stack/neutron/neutron/plugins/ml2/drivers/ovn/mech_driver/mech_driver.py:412}}
Apr 17 12:18:18.346459 np0000167128 devstack@neutron-api.service[104151]: DEBUG neutron.plugins.ml2.drivers.ovn.mech_driver.ovsdb.maintenance [None req-4fa9bb3f-a5e7-4533-b493-d5f47c2ae978 None None] Periodic task found: HashRingHealthCheckPeriodics.touch_hash_ring_node {{(pid=104151) add_periodics /opt/stack/neutron/neutron/plugins/ml2/drivers/ovn/mech_driver/ovsdb/maintenance.py:148}}
Apr 17 12:18:18.349285 np0000167128 devstack@neutron-api.service[104151]: INFO neutron.plugins.ml2.drivers.ovn.mech_driver.mech_driver [None req-4fa9bb3f-a5e7-4533-b493-d5f47c2ae978 None None] Hash Ring probing thread for node 5eac674af7105819bd3f446059ee4d46 has started
Apr 17 12:18:18.349715 np0000167128 devstack@neutron-api.service[104151]: INFO neutron.plugins.ml2.drivers.ovn.mech_driver.ovsdb.impl_idl_ovn [None req-4fa9bb3f-a5e7-4533-b493-d5f47c2ae978 None None] Getting OvsdbNbOvnIdl for WorkerService with retry
Apr 17 12:18:18.352041 np0000167128 devstack@neutron-api.service[104152]: DEBUG oslo_concurrency.processutils [None req-7bcfec2d-1a75-42eb-ab1f-16d4d07364ff None None] CMD "ovsdb-client transact ssl:199.204.45.132:6641 --timeout 180 -p /opt/stack/data/CA/int-ca/private/devstack-cert.key -c /opt/stack/data/CA/int-ca/devstack-cert.crt -C /opt/stack/data/CA/int-ca/ca-chain.pem ["OVN_Northbound", {"op": "wait", "timeout": 0, "table": "Port_Group", "where": [["name", "==", "neutron_pg_drop"]], "until": "==", "rows": []}, {"op": "insert", "table": "ACL", "row": {"action": "drop", "direction": "to-lport", "match": "outport == @neutron_pg_drop && ip", "priority": 1001}, "uuid-name": "droptoport"}, {"op": "insert", "table": "ACL", "row": {"action": "drop", "direction": "from-lport", "match": "inport == @neutron_pg_drop && ip", "priority": 1001}, "uuid-name": "dropfromport"}, {"op": "insert", "table": "Port_Group", "row": {"name": "neutron_pg_drop", "acls": ["set", [["named-uuid", "droptoport"], ["named-uuid", "dropfromport"]]]}}]" returned: 0 in 0.030s {{(pid=104152) execute /opt/stack/data/venv/lib/python3.12/site-packages/oslo_concurrency/processutils.py:468}}
Apr 17 12:18:18.352678 np0000167128 devstack@neutron-api.service[104152]: DEBUG neutron_lib.callbacks.manager [None req-7bcfec2d-1a75-42eb-ab1f-16d4d07364ff None None] Publish callbacks ['neutron.plugins.ml2.drivers.ovn.mech_driver.mech_driver.OVNMechanismDriver.post_fork_initialize-513453', 'neutron.services.ovn_l3.plugin.OVNL3RouterPlugin._post_fork_initialize-1784314'] for process (None), after_init {{(pid=104152) _notify_loop /opt/stack/data/venv/lib/python3.12/site-packages/neutron_lib/callbacks/manager.py:184}}
Apr 17 12:18:18.353440 np0000167128 devstack@neutron-api.service[104152]: DEBUG oslo_concurrency.lockutils [None req-7bcfec2d-1a75-42eb-ab1f-16d4d07364ff None None] Acquiring lock "singleton_lock" {{(pid=104152) lock /opt/stack/data/venv/lib/python3.12/site-packages/oslo_concurrency/lockutils.py:390}}
Apr 17 12:18:18.353766 np0000167128 devstack@neutron-api.service[104152]: DEBUG oslo_concurrency.lockutils [None req-7bcfec2d-1a75-42eb-ab1f-16d4d07364ff None None] Acquired lock "singleton_lock" {{(pid=104152) lock /opt/stack/data/venv/lib/python3.12/site-packages/oslo_concurrency/lockutils.py:393}}
Apr 17 12:18:18.354215 np0000167128 devstack@neutron-api.service[104152]: DEBUG oslo_concurrency.lockutils [None req-7bcfec2d-1a75-42eb-ab1f-16d4d07364ff None None] Releasing lock "singleton_lock" {{(pid=104152) lock /opt/stack/data/venv/lib/python3.12/site-packages/oslo_concurrency/lockutils.py:413}}
Apr 17 12:18:18.358060 np0000167128 devstack@neutron-api.service[104152]: DEBUG neutron.plugins.ml2.drivers.ovn.mech_driver.mech_driver [None req-7bcfec2d-1a75-42eb-ab1f-16d4d07364ff None None] Hash Ring setup using WSGI start time 2026-04-17 12:18:11+00:00 {{(pid=104152) _init_hash_ring /opt/stack/neutron/neutron/plugins/ml2/drivers/ovn/mech_driver/mech_driver.py:402}}
Apr 17 12:18:18.361637 np0000167128 devstack@neutron-api.service[104154]: DEBUG ovsdbapp.backend.ovs_idl [None req-e3e14751-859e-4310-8393-fd94a06dea05 None None] Created lookup_table index Logical_Switch.name {{(pid=104154) autocreate_indices /opt/stack/data/venv/lib/python3.12/site-packages/ovsdbapp/backend/ovs_idl/__init__.py:87}}
Apr 17 12:18:18.361755 np0000167128 devstack@neutron-api.service[104154]: DEBUG ovsdbapp.backend.ovs_idl [None req-e3e14751-859e-4310-8393-fd94a06dea05 None None] Created lookup_table index Logical_Router.name {{(pid=104154) autocreate_indices /opt/stack/data/venv/lib/python3.12/site-packages/ovsdbapp/backend/ovs_idl/__init__.py:87}}
Apr 17 12:18:18.361865 np0000167128 devstack@neutron-api.service[104154]: DEBUG ovsdbapp.backend.ovs_idl [None req-e3e14751-859e-4310-8393-fd94a06dea05 None None] Created lookup_table index Load_Balancer.name {{(pid=104154) autocreate_indices /opt/stack/data/venv/lib/python3.12/site-packages/ovsdbapp/backend/ovs_idl/__init__.py:87}}
Apr 17 12:18:18.361970 np0000167128 devstack@neutron-api.service[104154]: DEBUG ovsdbapp.backend.ovs_idl [None req-e3e14751-859e-4310-8393-fd94a06dea05 None None] Created schema index Copp.name {{(pid=104154) autocreate_indices /opt/stack/data/venv/lib/python3.12/site-packages/ovsdbapp/backend/ovs_idl/__init__.py:106}}
Apr 17 12:18:18.362069 np0000167128 devstack@neutron-api.service[104154]: DEBUG ovsdbapp.backend.ovs_idl [None req-e3e14751-859e-4310-8393-fd94a06dea05 None None] Created schema index Meter.name {{(pid=104154) autocreate_indices /opt/stack/data/venv/lib/python3.12/site-packages/ovsdbapp/backend/ovs_idl/__init__.py:106}}
Apr 17 12:18:18.362161 np0000167128 devstack@neutron-api.service[104154]: DEBUG ovsdbapp.backend.ovs_idl [None req-e3e14751-859e-4310-8393-fd94a06dea05 None None] Created schema index Load_Balancer_Group.name {{(pid=104154) autocreate_indices /opt/stack/data/venv/lib/python3.12/site-packages/ovsdbapp/backend/ovs_idl/__init__.py:106}}
Apr 17 12:18:18.362252 np0000167128 devstack@neutron-api.service[104154]: DEBUG ovsdbapp.backend.ovs_idl [None req-e3e14751-859e-4310-8393-fd94a06dea05 None None] Created schema index HA_Chassis_Group.name {{(pid=104154) autocreate_indices /opt/stack/data/venv/lib/python3.12/site-packages/ovsdbapp/backend/ovs_idl/__init__.py:106}}
Apr 17 12:18:18.362339 np0000167128 devstack@neutron-api.service[104154]: DEBUG ovsdbapp.backend.ovs_idl [None req-e3e14751-859e-4310-8393-fd94a06dea05 None None] Created schema index Address_Set.name {{(pid=104154) autocreate_indices /opt/stack/data/venv/lib/python3.12/site-packages/ovsdbapp/backend/ovs_idl/__init__.py:106}}
Apr 17 12:18:18.362435 np0000167128 devstack@neutron-api.service[104154]: DEBUG ovsdbapp.backend.ovs_idl [None req-e3e14751-859e-4310-8393-fd94a06dea05 None None] Created schema index Connection.target {{(pid=104154) autocreate_indices /opt/stack/data/venv/lib/python3.12/site-packages/ovsdbapp/backend/ovs_idl/__init__.py:106}}
Apr 17 12:18:18.362527 np0000167128 devstack@neutron-api.service[104154]: DEBUG ovsdbapp.backend.ovs_idl [None req-e3e14751-859e-4310-8393-fd94a06dea05 None None] Created schema index Gateway_Chassis.name {{(pid=104154) autocreate_indices /opt/stack/data/venv/lib/python3.12/site-packages/ovsdbapp/backend/ovs_idl/__init__.py:106}}
Apr 17 12:18:18.362617 np0000167128 devstack@neutron-api.service[104154]: DEBUG ovsdbapp.backend.ovs_idl [None req-e3e14751-859e-4310-8393-fd94a06dea05 None None] Created schema index Mirror.name {{(pid=104154) autocreate_indices /opt/stack/data/venv/lib/python3.12/site-packages/ovsdbapp/backend/ovs_idl/__init__.py:106}}
Apr 17 12:18:18.362726 np0000167128 devstack@neutron-api.service[104154]: DEBUG ovsdbapp.backend.ovs_idl [None req-e3e14751-859e-4310-8393-fd94a06dea05 None None] Created schema index Chassis_Template_Var.chassis {{(pid=104154) autocreate_indices /opt/stack/data/venv/lib/python3.12/site-packages/ovsdbapp/backend/ovs_idl/__init__.py:106}}
Apr 17 12:18:18.362862 np0000167128 devstack@neutron-api.service[104154]: DEBUG ovsdbapp.backend.ovs_idl [None req-e3e14751-859e-4310-8393-fd94a06dea05 None None] Created schema index Logical_Router_Port.name {{(pid=104154) autocreate_indices /opt/stack/data/venv/lib/python3.12/site-packages/ovsdbapp/backend/ovs_idl/__init__.py:106}}
Apr 17 12:18:18.362970 np0000167128 devstack@neutron-api.service[104154]: DEBUG ovsdbapp.backend.ovs_idl [None req-e3e14751-859e-4310-8393-fd94a06dea05 None None] Created schema index Port_Group.name {{(pid=104154) autocreate_indices /opt/stack/data/venv/lib/python3.12/site-packages/ovsdbapp/backend/ovs_idl/__init__.py:106}}
Apr 17 12:18:18.363024 np0000167128 devstack@neutron-api.service[104154]: DEBUG ovsdbapp.backend.ovs_idl [None req-e3e14751-859e-4310-8393-fd94a06dea05 None None] Created schema index Logical_Switch_Port.name {{(pid=104154) autocreate_indices /opt/stack/data/venv/lib/python3.12/site-packages/ovsdbapp/backend/ovs_idl/__init__.py:106}}
Apr 17 12:18:18.364143 np0000167128 devstack@neutron-api.service[104152]: INFO neutron.db.ovn_hash_ring_db [None req-7bcfec2d-1a75-42eb-ab1f-16d4d07364ff None None] Nodes from host "np0000167128" and group "mechanism_driver" removed from the Hash Ring created at 2026-04-17 12:18:11+00:00
Apr 17 12:18:18.366322 np0000167128 devstack@neutron-api.service[104154]: INFO ovsdbapp.backend.ovs_idl.vlog [None req-e3e14751-859e-4310-8393-fd94a06dea05 None None] ssl:199.204.45.132:6641: connecting...
Apr 17 12:18:18.366999 np0000167128 devstack@neutron-api.service[104152]: INFO neutron.db.ovn_hash_ring_db [None req-7bcfec2d-1a75-42eb-ab1f-16d4d07364ff None None] Node de618aa23bca565b8691dc99e7558b17 from host "np0000167128" and group "mechanism_driver" added to the Hash Ring
Apr 17 12:18:18.370425 np0000167128 devstack@neutron-api.service[104152]: DEBUG neutron.plugins.ml2.drivers.ovn.mech_driver.mech_driver [None req-7bcfec2d-1a75-42eb-ab1f-16d4d07364ff None None] Hash Ring setup, this worker has detected 4 OVN hash ring registers in the database {{(pid=104152) _init_hash_ring /opt/stack/neutron/neutron/plugins/ml2/drivers/ovn/mech_driver/mech_driver.py:412}}
Apr 17 12:18:18.370918 np0000167128 devstack@neutron-api.service[104154]: INFO ovsdbapp.backend.ovs_idl.vlog [None req-e3e14751-859e-4310-8393-fd94a06dea05 None None] ssl:199.204.45.132:6641: connected
Apr 17 12:18:18.375433 np0000167128 devstack@neutron-api.service[104152]: DEBUG neutron.plugins.ml2.drivers.ovn.mech_driver.ovsdb.maintenance [None req-7bcfec2d-1a75-42eb-ab1f-16d4d07364ff None None] Periodic task found: HashRingHealthCheckPeriodics.touch_hash_ring_node {{(pid=104152) add_periodics /opt/stack/neutron/neutron/plugins/ml2/drivers/ovn/mech_driver/ovsdb/maintenance.py:148}}
Apr 17 12:18:18.376439 np0000167128 devstack@neutron-api.service[104152]: INFO neutron.plugins.ml2.drivers.ovn.mech_driver.mech_driver [None req-7bcfec2d-1a75-42eb-ab1f-16d4d07364ff None None] Hash Ring probing thread for node de618aa23bca565b8691dc99e7558b17 has started
Apr 17 12:18:18.377258 np0000167128 devstack@neutron-api.service[104152]: INFO neutron.plugins.ml2.drivers.ovn.mech_driver.ovsdb.impl_idl_ovn [None req-7bcfec2d-1a75-42eb-ab1f-16d4d07364ff None None] Getting OvsdbNbOvnIdl for WorkerService with retry
Apr 17 12:18:18.396609 np0000167128 devstack@neutron-api.service[104151]: DEBUG ovsdbapp.backend.ovs_idl [None req-4fa9bb3f-a5e7-4533-b493-d5f47c2ae978 None None] Created lookup_table index Logical_Switch.name {{(pid=104151) autocreate_indices /opt/stack/data/venv/lib/python3.12/site-packages/ovsdbapp/backend/ovs_idl/__init__.py:87}}
Apr 17 12:18:18.396745 np0000167128 devstack@neutron-api.service[104151]: DEBUG ovsdbapp.backend.ovs_idl [None req-4fa9bb3f-a5e7-4533-b493-d5f47c2ae978 None None] Created lookup_table index Logical_Router.name {{(pid=104151) autocreate_indices /opt/stack/data/venv/lib/python3.12/site-packages/ovsdbapp/backend/ovs_idl/__init__.py:87}}
Apr 17 12:18:18.396826 np0000167128 devstack@neutron-api.service[104151]: DEBUG ovsdbapp.backend.ovs_idl [None req-4fa9bb3f-a5e7-4533-b493-d5f47c2ae978 None None] Created lookup_table index Load_Balancer.name {{(pid=104151) autocreate_indices /opt/stack/data/venv/lib/python3.12/site-packages/ovsdbapp/backend/ovs_idl/__init__.py:87}}
Apr 17 12:18:18.396941 np0000167128 devstack@neutron-api.service[104151]: DEBUG ovsdbapp.backend.ovs_idl [None req-4fa9bb3f-a5e7-4533-b493-d5f47c2ae978 None None] Created schema index Copp.name {{(pid=104151) autocreate_indices /opt/stack/data/venv/lib/python3.12/site-packages/ovsdbapp/backend/ovs_idl/__init__.py:106}}
Apr 17 12:18:18.397024 np0000167128 devstack@neutron-api.service[104151]: DEBUG ovsdbapp.backend.ovs_idl [None req-4fa9bb3f-a5e7-4533-b493-d5f47c2ae978 None None] Created schema index Meter.name {{(pid=104151) autocreate_indices /opt/stack/data/venv/lib/python3.12/site-packages/ovsdbapp/backend/ovs_idl/__init__.py:106}}
Apr 17 12:18:18.397116 np0000167128 devstack@neutron-api.service[104151]: DEBUG ovsdbapp.backend.ovs_idl [None req-4fa9bb3f-a5e7-4533-b493-d5f47c2ae978 None None] Created schema index Load_Balancer_Group.name {{(pid=104151) autocreate_indices /opt/stack/data/venv/lib/python3.12/site-packages/ovsdbapp/backend/ovs_idl/__init__.py:106}}
Apr 17 12:18:18.397228 np0000167128 devstack@neutron-api.service[104151]: DEBUG ovsdbapp.backend.ovs_idl [None req-4fa9bb3f-a5e7-4533-b493-d5f47c2ae978 None None] Created schema index HA_Chassis_Group.name {{(pid=104151) autocreate_indices /opt/stack/data/venv/lib/python3.12/site-packages/ovsdbapp/backend/ovs_idl/__init__.py:106}}
Apr 17 12:18:18.397445 np0000167128 devstack@neutron-api.service[104151]: DEBUG ovsdbapp.backend.ovs_idl [None req-4fa9bb3f-a5e7-4533-b493-d5f47c2ae978 None None] Created schema index Address_Set.name {{(pid=104151) autocreate_indices /opt/stack/data/venv/lib/python3.12/site-packages/ovsdbapp/backend/ovs_idl/__init__.py:106}}
Apr 17 12:18:18.397445 np0000167128 devstack@neutron-api.service[104151]: DEBUG ovsdbapp.backend.ovs_idl [None req-4fa9bb3f-a5e7-4533-b493-d5f47c2ae978 None None] Created schema index Connection.target {{(pid=104151) autocreate_indices /opt/stack/data/venv/lib/python3.12/site-packages/ovsdbapp/backend/ovs_idl/__init__.py:106}}
Apr 17 12:18:18.397670 np0000167128 devstack@neutron-api.service[104151]: DEBUG ovsdbapp.backend.ovs_idl [None req-4fa9bb3f-a5e7-4533-b493-d5f47c2ae978 None None] Created schema index Gateway_Chassis.name {{(pid=104151) autocreate_indices /opt/stack/data/venv/lib/python3.12/site-packages/ovsdbapp/backend/ovs_idl/__init__.py:106}}
Apr 17 12:18:18.397670 np0000167128 devstack@neutron-api.service[104151]: DEBUG ovsdbapp.backend.ovs_idl [None req-4fa9bb3f-a5e7-4533-b493-d5f47c2ae978 None None] Created schema index Mirror.name {{(pid=104151) autocreate_indices /opt/stack/data/venv/lib/python3.12/site-packages/ovsdbapp/backend/ovs_idl/__init__.py:106}}
Apr 17 12:18:18.397992 np0000167128 devstack@neutron-api.service[104151]: DEBUG ovsdbapp.backend.ovs_idl [None req-4fa9bb3f-a5e7-4533-b493-d5f47c2ae978 None None] Created schema index Chassis_Template_Var.chassis {{(pid=104151) autocreate_indices /opt/stack/data/venv/lib/python3.12/site-packages/ovsdbapp/backend/ovs_idl/__init__.py:106}}
Apr 17 12:18:18.397992 np0000167128 devstack@neutron-api.service[104151]: DEBUG ovsdbapp.backend.ovs_idl [None req-4fa9bb3f-a5e7-4533-b493-d5f47c2ae978 None None] Created schema index Logical_Router_Port.name {{(pid=104151) autocreate_indices /opt/stack/data/venv/lib/python3.12/site-packages/ovsdbapp/backend/ovs_idl/__init__.py:106}}
Apr 17 12:18:18.397992 np0000167128 devstack@neutron-api.service[104151]: DEBUG ovsdbapp.backend.ovs_idl [None req-4fa9bb3f-a5e7-4533-b493-d5f47c2ae978 None None] Created schema index Port_Group.name {{(pid=104151) autocreate_indices /opt/stack/data/venv/lib/python3.12/site-packages/ovsdbapp/backend/ovs_idl/__init__.py:106}}
Apr 17 12:18:18.397992 np0000167128 devstack@neutron-api.service[104151]: DEBUG ovsdbapp.backend.ovs_idl [None req-4fa9bb3f-a5e7-4533-b493-d5f47c2ae978 None None] Created schema index Logical_Switch_Port.name {{(pid=104151) autocreate_indices /opt/stack/data/venv/lib/python3.12/site-packages/ovsdbapp/backend/ovs_idl/__init__.py:106}}
Apr 17 12:18:18.400284 np0000167128 devstack@neutron-api.service[104151]: INFO ovsdbapp.backend.ovs_idl.vlog [None req-4fa9bb3f-a5e7-4533-b493-d5f47c2ae978 None None] ssl:199.204.45.132:6641: connecting...
Apr 17 12:18:18.403257 np0000167128 devstack@neutron-api.service[104154]: DEBUG neutron.common.ovn.hash_ring_manager [None req-e3e14751-859e-4310-8393-fd94a06dea05 None None] Allow caching, nodes 4>=4 {{(pid=104154) _wait_startup_before_caching /opt/stack/neutron/neutron/common/ovn/hash_ring_manager.py:65}}
Apr 17 12:18:18.405846 np0000167128 devstack@neutron-api.service[104151]: INFO ovsdbapp.backend.ovs_idl.vlog [None req-4fa9bb3f-a5e7-4533-b493-d5f47c2ae978 None None] ssl:199.204.45.132:6641: connected
Apr 17 12:18:18.409793 np0000167128 devstack@neutron-api.service[104154]: DEBUG neutron.common.ovn.hash_ring_manager [None req-e3e14751-859e-4310-8393-fd94a06dea05 None None] Hash Ring loaded. 4 active nodes. 0 offline nodes {{(pid=104154) _load_hash_ring /opt/stack/neutron/neutron/common/ovn/hash_ring_manager.py:102}}
Apr 17 12:18:18.409793 np0000167128 devstack@neutron-api.service[104154]: DEBUG neutron.plugins.ml2.drivers.ovn.mech_driver.ovsdb.ovsdb_monitor [None req-e3e14751-859e-4310-8393-fd94a06dea05 None None] Hash Ring: Node 4e1083c2efce576091970fbde364fafb (host: np0000167128) handling event "create" for row 052ba0f3-e517-45b0-96aa-ca9da45df896 (table: Connection) {{(pid=104154) notify /opt/stack/neutron/neutron/plugins/ml2/drivers/ovn/mech_driver/ovsdb/ovsdb_monitor.py:914}}
Apr 17 12:18:18.410810 np0000167128 devstack@neutron-api.service[104154]: INFO neutron.plugins.ml2.drivers.ovn.mech_driver.ovsdb.impl_idl_ovn [None req-e3e14751-859e-4310-8393-fd94a06dea05 None None] Getting OvsdbSbOvnIdl for WorkerService with retry
Apr 17 12:18:18.422782 np0000167128 devstack@neutron-api.service[104152]: DEBUG ovsdbapp.backend.ovs_idl [None req-7bcfec2d-1a75-42eb-ab1f-16d4d07364ff None None] Created lookup_table index Logical_Switch.name {{(pid=104152) autocreate_indices /opt/stack/data/venv/lib/python3.12/site-packages/ovsdbapp/backend/ovs_idl/__init__.py:87}}
Apr 17 12:18:18.422886 np0000167128 devstack@neutron-api.service[104152]: DEBUG ovsdbapp.backend.ovs_idl [None req-7bcfec2d-1a75-42eb-ab1f-16d4d07364ff None None] Created lookup_table index Logical_Router.name {{(pid=104152) autocreate_indices /opt/stack/data/venv/lib/python3.12/site-packages/ovsdbapp/backend/ovs_idl/__init__.py:87}}
Apr 17 12:18:18.423113 np0000167128 devstack@neutron-api.service[104152]: DEBUG ovsdbapp.backend.ovs_idl [None req-7bcfec2d-1a75-42eb-ab1f-16d4d07364ff None None] Created lookup_table index Load_Balancer.name {{(pid=104152) autocreate_indices /opt/stack/data/venv/lib/python3.12/site-packages/ovsdbapp/backend/ovs_idl/__init__.py:87}}
Apr 17 12:18:18.423113 np0000167128 devstack@neutron-api.service[104152]: DEBUG ovsdbapp.backend.ovs_idl [None req-7bcfec2d-1a75-42eb-ab1f-16d4d07364ff None None] Created schema index Copp.name {{(pid=104152) autocreate_indices /opt/stack/data/venv/lib/python3.12/site-packages/ovsdbapp/backend/ovs_idl/__init__.py:106}}
Apr 17 12:18:18.423367 np0000167128 devstack@neutron-api.service[104152]: DEBUG ovsdbapp.backend.ovs_idl [None req-7bcfec2d-1a75-42eb-ab1f-16d4d07364ff None None] Created schema index Meter.name {{(pid=104152) autocreate_indices /opt/stack/data/venv/lib/python3.12/site-packages/ovsdbapp/backend/ovs_idl/__init__.py:106}}
Apr 17 12:18:18.423367 np0000167128 devstack@neutron-api.service[104152]: DEBUG ovsdbapp.backend.ovs_idl [None req-7bcfec2d-1a75-42eb-ab1f-16d4d07364ff None None] Created schema index Load_Balancer_Group.name {{(pid=104152) autocreate_indices /opt/stack/data/venv/lib/python3.12/site-packages/ovsdbapp/backend/ovs_idl/__init__.py:106}}
Apr 17 12:18:18.423367 np0000167128 devstack@neutron-api.service[104152]: DEBUG ovsdbapp.backend.ovs_idl [None req-7bcfec2d-1a75-42eb-ab1f-16d4d07364ff None None] Created schema index HA_Chassis_Group.name {{(pid=104152) autocreate_indices /opt/stack/data/venv/lib/python3.12/site-packages/ovsdbapp/backend/ovs_idl/__init__.py:106}}
Apr 17 12:18:18.423606 np0000167128 devstack@neutron-api.service[104152]: DEBUG ovsdbapp.backend.ovs_idl [None req-7bcfec2d-1a75-42eb-ab1f-16d4d07364ff None None] Created schema index Address_Set.name {{(pid=104152) autocreate_indices /opt/stack/data/venv/lib/python3.12/site-packages/ovsdbapp/backend/ovs_idl/__init__.py:106}}
Apr 17 12:18:18.423606 np0000167128 devstack@neutron-api.service[104152]: DEBUG ovsdbapp.backend.ovs_idl [None req-7bcfec2d-1a75-42eb-ab1f-16d4d07364ff None None] Created schema index Connection.target {{(pid=104152) autocreate_indices /opt/stack/data/venv/lib/python3.12/site-packages/ovsdbapp/backend/ovs_idl/__init__.py:106}}
Apr 17 12:18:18.423797 np0000167128 devstack@neutron-api.service[104152]: DEBUG ovsdbapp.backend.ovs_idl [None req-7bcfec2d-1a75-42eb-ab1f-16d4d07364ff None None] Created schema index Gateway_Chassis.name {{(pid=104152) autocreate_indices /opt/stack/data/venv/lib/python3.12/site-packages/ovsdbapp/backend/ovs_idl/__init__.py:106}}
Apr 17 12:18:18.423797 np0000167128 devstack@neutron-api.service[104152]: DEBUG ovsdbapp.backend.ovs_idl [None req-7bcfec2d-1a75-42eb-ab1f-16d4d07364ff None None] Created schema index Mirror.name {{(pid=104152) autocreate_indices /opt/stack/data/venv/lib/python3.12/site-packages/ovsdbapp/backend/ovs_idl/__init__.py:106}}
Apr 17 12:18:18.423992 np0000167128 devstack@neutron-api.service[104152]: DEBUG ovsdbapp.backend.ovs_idl [None req-7bcfec2d-1a75-42eb-ab1f-16d4d07364ff None None] Created schema index Chassis_Template_Var.chassis {{(pid=104152) autocreate_indices /opt/stack/data/venv/lib/python3.12/site-packages/ovsdbapp/backend/ovs_idl/__init__.py:106}}
Apr 17 12:18:18.423992 np0000167128 devstack@neutron-api.service[104152]: DEBUG ovsdbapp.backend.ovs_idl [None req-7bcfec2d-1a75-42eb-ab1f-16d4d07364ff None None] Created schema index Logical_Router_Port.name {{(pid=104152) autocreate_indices /opt/stack/data/venv/lib/python3.12/site-packages/ovsdbapp/backend/ovs_idl/__init__.py:106}}
Apr 17 12:18:18.423992 np0000167128 devstack@neutron-api.service[104152]: DEBUG ovsdbapp.backend.ovs_idl [None req-7bcfec2d-1a75-42eb-ab1f-16d4d07364ff None None] Created schema index Port_Group.name {{(pid=104152) autocreate_indices /opt/stack/data/venv/lib/python3.12/site-packages/ovsdbapp/backend/ovs_idl/__init__.py:106}}
Apr 17 12:18:18.424210 np0000167128 devstack@neutron-api.service[104152]: DEBUG ovsdbapp.backend.ovs_idl [None req-7bcfec2d-1a75-42eb-ab1f-16d4d07364ff None None] Created schema index Logical_Switch_Port.name {{(pid=104152) autocreate_indices /opt/stack/data/venv/lib/python3.12/site-packages/ovsdbapp/backend/ovs_idl/__init__.py:106}}
Apr 17 12:18:18.426379 np0000167128 devstack@neutron-api.service[104152]: INFO ovsdbapp.backend.ovs_idl.vlog [None req-7bcfec2d-1a75-42eb-ab1f-16d4d07364ff None None] ssl:199.204.45.132:6641: connecting...
Apr 17 12:18:18.432678 np0000167128 devstack@neutron-api.service[104152]: INFO ovsdbapp.backend.ovs_idl.vlog [None req-7bcfec2d-1a75-42eb-ab1f-16d4d07364ff None None] ssl:199.204.45.132:6641: connected
Apr 17 12:18:18.437284 np0000167128 devstack@neutron-api.service[104151]: DEBUG neutron.common.ovn.hash_ring_manager [None req-4fa9bb3f-a5e7-4533-b493-d5f47c2ae978 None None] Allow caching, nodes 4>=4 {{(pid=104151) _wait_startup_before_caching /opt/stack/neutron/neutron/common/ovn/hash_ring_manager.py:65}}
Apr 17 12:18:18.443392 np0000167128 devstack@neutron-api.service[104151]: DEBUG neutron.common.ovn.hash_ring_manager [None req-4fa9bb3f-a5e7-4533-b493-d5f47c2ae978 None None] Hash Ring loaded. 4 active nodes. 0 offline nodes {{(pid=104151) _load_hash_ring /opt/stack/neutron/neutron/common/ovn/hash_ring_manager.py:102}}
