2026-05-04 19:19:06.242 7 INFO neutron.db.ovn_revision_numbers_db [None req-451e288c-4c9e-43a7-af9a-6a9c5d2733a4 eb8e20452d2e4db1b4b1e71582881f18 6868b349bc9f4289bcc6ab426e2a5caf - - default default] Successfully bumped revision number for resource 17149d9e-a6d3-41d6-8b70-d572f2774208 (type: security_groups) to 1
2026-05-04 19:19:06.251 7 INFO neutron.db.ovn_revision_numbers_db [None req-451e288c-4c9e-43a7-af9a-6a9c5d2733a4 eb8e20452d2e4db1b4b1e71582881f18 6868b349bc9f4289bcc6ab426e2a5caf - - default default] Successfully bumped revision number for resource 89b29a9e-cb2f-4183-8c33-044b2d0aa02d (type: security_group_rules) to 0
2026-05-04 19:19:06.262 7 INFO neutron.db.ovn_revision_numbers_db [None req-451e288c-4c9e-43a7-af9a-6a9c5d2733a4 eb8e20452d2e4db1b4b1e71582881f18 6868b349bc9f4289bcc6ab426e2a5caf - - default default] Successfully bumped revision number for resource de278940-e002-486f-a870-bad99e5a6757 (type: security_group_rules) to 0 [pid: 7|app: 0|req: 722/1378] 10.0.0.52 () {34 vars in 682 bytes} [Mon May 4 19:19:05 2026] POST /v2.0/security-groups => generated 1624 bytes in 506 msecs (HTTP/1.1 201) 4 headers in 163 bytes (1 switches on core 0) [pid: 8|app: 0|req: 657/1379] 10.0.0.52 () {32 vars in 661 bytes} [Mon May 4 19:19:06 2026] GET /v2.0/security-groups => generated 4529 bytes in 38 msecs (HTTP/1.1 200) 4 headers in 158 bytes (1 switches on core 0)
2026-05-04 19:19:06.413 7 INFO neutron.db.ovn_revision_numbers_db [None req-b73692a8-0869-4fc0-a2e4-238bebc2ef4d eb8e20452d2e4db1b4b1e71582881f18 6868b349bc9f4289bcc6ab426e2a5caf - - default default] Successfully bumped revision number for resource 17149d9e-a6d3-41d6-8b70-d572f2774208 (type: security_groups) to 2 [pid: 7|app: 0|req: 723/1380] 10.0.0.52 () {34 vars in 756 bytes} [Mon May 4 19:19:06 2026] PUT /v2.0/security-groups/17149d9e-a6d3-41d6-8b70-d572f2774208 => generated 1663 bytes in 89 msecs (HTTP/1.1 200) 4 headers in 158 bytes (1 switches on core 0) [pid: 8|app: 0|req: 658/1381] 10.0.0.52 () {32 vars in 735 bytes} [Mon May 4 19:19:06 2026] GET /v2.0/security-groups/17149d9e-a6d3-41d6-8b70-d572f2774208 => generated 1663 bytes in 23 msecs (HTTP/1.1 200) 4 headers in 158 bytes (1 switches on core 0) [pid: 7|app: 0|req: 724/1382] 10.0.0.52 () {32 vars in 738 bytes} [Mon May 4 19:19:06 2026] DELETE /v2.0/security-groups/17149d9e-a6d3-41d6-8b70-d572f2774208 => generated 0 bytes in 103 msecs (HTTP/1.1 204) 2 headers in 112 bytes (1 switches on core 0) [pid: 8|app: 0|req: 659/1383] 10.0.0.52 () {32 vars in 661 bytes} [Mon May 4 19:19:06 2026] GET /v2.0/security-groups => generated 2925 bytes in 30 msecs (HTTP/1.1 200) 4 headers in 158 bytes (1 switches on core 0)
2026-05-04 19:19:06.627 7 INFO neutron.api.v2.resource [None req-22cdc4c7-4b8b-4b29-8055-0dce1599d883 eb8e20452d2e4db1b4b1e71582881f18 6868b349bc9f4289bcc6ab426e2a5caf - - default default] delete failed (client error): The resource could not be found. [pid: 7|app: 0|req: 725/1384] 10.0.0.52 () {32 vars in 738 bytes} [Mon May 4 19:19:06 2026] DELETE /v2.0/security-groups/17149d9e-a6d3-41d6-8b70-d572f2774208 => generated 146 bytes in 13 msecs (HTTP/1.1 404) 4 headers in 164 bytes (1 switches on core 0)
2026-05-04 19:19:06.742 8 INFO neutron.db.ovn_revision_numbers_db [None req-ddb060a4-e2f7-4b25-9e49-e23cff55b957 eb8e20452d2e4db1b4b1e71582881f18 6868b349bc9f4289bcc6ab426e2a5caf - - default default] Successfully bumped revision number for resource 9bed82be-0542-4865-94f8-78e9846de371 (type: security_groups) to 1
2026-05-04 19:19:06.753 8 INFO neutron.db.ovn_revision_numbers_db [None req-ddb060a4-e2f7-4b25-9e49-e23cff55b957 eb8e20452d2e4db1b4b1e71582881f18 6868b349bc9f4289bcc6ab426e2a5caf - - default default] Successfully bumped revision number for resource 24cb6eda-ebe7-4960-8021-bb49bc4d355b (type: security_group_rules) to 0
2026-05-04 19:19:06.763 8 INFO neutron.db.ovn_revision_numbers_db [None req-ddb060a4-e2f7-4b25-9e49-e23cff55b957 eb8e20452d2e4db1b4b1e71582881f18 6868b349bc9f4289bcc6ab426e2a5caf - - default default] Successfully bumped revision number for resource 7b6f6b78-354c-4c43-b220-06913573f3f1 (type: security_group_rules) to 0 [pid: 8|app: 0|req: 660/1385] 10.0.0.52 () {34 vars in 682 bytes} [Mon May 4 19:19:06 2026] POST /v2.0/security-groups => generated 1625 bytes in 168 msecs (HTTP/1.1 201) 4 headers in 163 bytes (1 switches on core 0)
2026-05-04 19:19:06.931 8 INFO neutron.db.ovn_revision_numbers_db [None req-6ca6fba8-3061-463c-9c85-9b2a61b19156 eb8e20452d2e4db1b4b1e71582881f18 6868b349bc9f4289bcc6ab426e2a5caf - - default default] Successfully bumped revision number for resource 603c5709-d67c-4f4f-b7d1-c9c51d382a3c (type: security_group_rules) to 0 [pid: 8|app: 0|req: 661/1386] 10.0.0.52 () {34 vars in 693 bytes} [Mon May 4 19:19:06 2026] POST /v2.0/security-group-rules => generated 601 bytes in 156 msecs (HTTP/1.1 201) 4 headers in 162 bytes (1 switches on core 0) [pid: 8|app: 0|req: 662/1387] 10.0.0.52 () {32 vars in 745 bytes} [Mon May 4 19:19:06 2026] GET /v2.0/security-group-rules/603c5709-d67c-4f4f-b7d1-c9c51d382a3c => generated 601 bytes in 14 msecs (HTTP/1.1 200) 4 headers in 157 bytes (1 switches on core 0)
2026-05-04 19:19:07.023 7 INFO neutron.db.ovn_revision_numbers_db [None req-c3cb4c3d-a544-461a-a210-34f53ea90b3f 08fa271f113b4b6aba0a2851d07e9cd4 47d691af6f7b4a22b5c28f2f31d7af93 - - default default] Successfully bumped revision number for resource 05bf2f01-d028-46f2-bc62-eac1143d85d4 (type: security_groups) to 1
2026-05-04 19:19:07.034 7 INFO neutron.db.ovn_revision_numbers_db [None req-c3cb4c3d-a544-461a-a210-34f53ea90b3f 08fa271f113b4b6aba0a2851d07e9cd4 47d691af6f7b4a22b5c28f2f31d7af93 - - default default] Successfully bumped revision number for resource 26507195-8755-4eec-82d7-92bb70937c8f (type: security_group_rules) to 0
2026-05-04 19:19:07.046 7 INFO neutron.db.ovn_revision_numbers_db [None req-c3cb4c3d-a544-461a-a210-34f53ea90b3f 08fa271f113b4b6aba0a2851d07e9cd4 47d691af6f7b4a22b5c28f2f31d7af93 - - default default] Successfully bumped revision number for resource 310187a3-e696-475a-ad9b-d585d5987b97 (type: security_group_rules) to 0
2026-05-04 19:19:07.058 7 INFO neutron.db.ovn_revision_numbers_db [None req-c3cb4c3d-a544-461a-a210-34f53ea90b3f 08fa271f113b4b6aba0a2851d07e9cd4 47d691af6f7b4a22b5c28f2f31d7af93 - - default default] Successfully bumped revision number for resource 37e49cc5-10f6-43f8-9952-fa7a79c2af35 (type: security_group_rules) to 0 [pid: 8|app: 0|req: 663/1388] 10.0.0.52 () {32 vars in 671 bytes} [Mon May 4 19:19:06 2026] GET /v2.0/security-group-rules => generated 4138 bytes in 72 msecs (HTTP/1.1 200) 4 headers in 158 bytes (1 switches on core 0)
2026-05-04 19:19:07.075 7 INFO neutron.db.ovn_revision_numbers_db [None req-c3cb4c3d-a544-461a-a210-34f53ea90b3f 08fa271f113b4b6aba0a2851d07e9cd4 47d691af6f7b4a22b5c28f2f31d7af93 - - default default] Successfully bumped revision number for resource fd52f1d4-d8ca-4884-a8f4-73d4da36c03e (type: security_group_rules) to 0
2026-05-04 19:19:07.160 7 INFO neutron.db.segments_db [None req-c3cb4c3d-a544-461a-a210-34f53ea90b3f 08fa271f113b4b6aba0a2851d07e9cd4 47d691af6f7b4a22b5c28f2f31d7af93 - - default default] Added segment b2efcf3a-ba79-43de-a39d-289f062d923b of type geneve for network 4df563a5-a854-4557-9963-ab518b29b5f0 [pid: 8|app: 0|req: 664/1389] 10.0.0.52 () {32 vars in 748 bytes} [Mon May 4 19:19:07 2026] DELETE /v2.0/security-group-rules/603c5709-d67c-4f4f-b7d1-c9c51d382a3c => generated 0 bytes in 95 msecs (HTTP/1.1 204) 2 headers in 112 bytes (1 switches on core 0) [pid: 8|app: 0|req: 665/1390] 10.0.0.52 () {32 vars in 671 bytes} [Mon May 4 19:19:07 2026] GET /v2.0/security-group-rules => generated 3560 bytes in 53 msecs (HTTP/1.1 200) 4 headers in 158 bytes (1 switches on core 0)
2026-05-04 19:19:07.256 7 INFO neutron.db.segments_db [None req-c3cb4c3d-a544-461a-a210-34f53ea90b3f 08fa271f113b4b6aba0a2851d07e9cd4 47d691af6f7b4a22b5c28f2f31d7af93 - - default default] Added segment 1d32393c-c17f-4d8f-a450-3dd101c5dc17 of type geneve for network 29a9a44b-eca9-4174-b968-53e4ae554e57
2026-05-04 19:19:07.341 8 INFO neutron.db.ovn_revision_numbers_db [None req-3ec680f4-a61d-4aa1-b7a9-ef7c70f194e7 eb8e20452d2e4db1b4b1e71582881f18 6868b349bc9f4289bcc6ab426e2a5caf - - default default] Successfully bumped revision number for resource 16c6569d-5a21-42fd-93cb-b75e26459d10 (type: security_group_rules) to 0
2026-05-04 19:19:07.364 7 INFO neutron.db.ovn_revision_numbers_db [None req-c3cb4c3d-a544-461a-a210-34f53ea90b3f 08fa271f113b4b6aba0a2851d07e9cd4 47d691af6f7b4a22b5c28f2f31d7af93 - - default default] Successfully bumped revision number for resource 4df563a5-a854-4557-9963-ab518b29b5f0 (type: networks) to 1 [pid: 8|app: 0|req: 666/1391] 10.0.0.52 () {34 vars in 693 bytes} [Mon May 4 19:19:07 2026] POST /v2.0/security-group-rules => generated 601 bytes in 147 msecs (HTTP/1.1 201) 4 headers in 162 bytes (1 switches on core 0) [pid: 8|app: 0|req: 667/1392] 10.0.0.52 () {32 vars in 745 bytes} [Mon May 4 19:19:07 2026] GET /v2.0/security-group-rules/16c6569d-5a21-42fd-93cb-b75e26459d10 => generated 601 bytes in 13 msecs (HTTP/1.1 200) 4 headers in 157 bytes (1 switches on core 0) [pid: 8|app: 0|req: 668/1393] 10.0.0.52 () {32 vars in 671 bytes} [Mon May 4 19:19:07 2026] GET /v2.0/security-group-rules => generated 4138 bytes in 58 msecs (HTTP/1.1 200) 4 headers in 158 bytes (1 switches on core 0) [pid: 8|app: 0|req: 669/1394] 10.0.0.52 () {32 vars in 748 bytes} [Mon May 4 19:19:07 2026] DELETE /v2.0/security-group-rules/16c6569d-5a21-42fd-93cb-b75e26459d10 => generated 0 bytes in 96 msecs (HTTP/1.1 204) 2 headers in 112 bytes (1 switches on core 0)
2026-05-04 19:19:07.597 7 WARNING neutron.scheduler.dhcp_agent_scheduler [None req-c3cb4c3d-a544-461a-a210-34f53ea90b3f 08fa271f113b4b6aba0a2851d07e9cd4 47d691af6f7b4a22b5c28f2f31d7af93 - - default default] No more DHCP agents
2026-05-04 19:19:07.599 7 WARNING neutron.api.rpc.agentnotifiers.dhcp_rpc_agent_api [None req-c3cb4c3d-a544-461a-a210-34f53ea90b3f 08fa271f113b4b6aba0a2851d07e9cd4 47d691af6f7b4a22b5c28f2f31d7af93 - - default default] Unable to schedule network 4df563a5-a854-4557-9963-ab518b29b5f0: no agents available; will retry on subsequent port and subnet creation events. [pid: 8|app: 0|req: 670/1395] 10.0.0.52 () {32 vars in 671 bytes} [Mon May 4 19:19:07 2026] GET /v2.0/security-group-rules => generated 3560 bytes in 66 msecs (HTTP/1.1 200) 4 headers in 158 bytes (1 switches on core 0)
2026-05-04 19:19:07.640 8 INFO neutron.plugins.ml2.drivers.ovn.mech_driver.mech_driver [None req-9369ae67-2f7c-4326-980a-dfcd4c72610e - - - - - -] OVN reports status down for port: d4697d93-586a-477e-a2dd-4e7ab3f5ff72
2026-05-04 19:19:07.667 7 INFO neutron.db.ovn_revision_numbers_db [None req-c3cb4c3d-a544-461a-a210-34f53ea90b3f 08fa271f113b4b6aba0a2851d07e9cd4 47d691af6f7b4a22b5c28f2f31d7af93 - - default default] Successfully bumped revision number for resource d4697d93-586a-477e-a2dd-4e7ab3f5ff72 (type: ports) to 1
2026-05-04 19:19:07.729 7 INFO neutron.db.ovn_revision_numbers_db [None req-c3cb4c3d-a544-461a-a210-34f53ea90b3f 08fa271f113b4b6aba0a2851d07e9cd4 47d691af6f7b4a22b5c28f2f31d7af93 - - default default] Successfully bumped revision number for resource 29a9a44b-eca9-4174-b968-53e4ae554e57 (type: networks) to 1
2026-05-04 19:19:07.815 8 INFO neutron.db.ovn_revision_numbers_db [None req-999743ea-2d50-4dd6-9cf7-09c582b20057 eb8e20452d2e4db1b4b1e71582881f18 6868b349bc9f4289bcc6ab426e2a5caf - - default default] Successfully bumped revision number for resource d67defcb-4043-4246-9531-dd2088cfe9b3 (type: security_group_rules) to 0 [pid: 8|app: 0|req: 671/1396] 10.0.0.52 () {34 vars in 693 bytes} [Mon May 4 19:19:07 2026] POST /v2.0/security-group-rules => generated 602 bytes in 211 msecs (HTTP/1.1 201) 4 headers in 162 bytes (1 switches on core 0) [pid: 8|app: 0|req: 672/1397] 10.0.0.52 () {32 vars in 745 bytes} [Mon May 4 19:19:07 2026] GET /v2.0/security-group-rules/d67defcb-4043-4246-9531-dd2088cfe9b3 => generated 602 bytes in 13 msecs (HTTP/1.1 200) 4 headers in 157 bytes (1 switches on core 0)
2026-05-04 19:19:07.877 7 WARNING neutron.scheduler.dhcp_agent_scheduler [None req-c3cb4c3d-a544-461a-a210-34f53ea90b3f 08fa271f113b4b6aba0a2851d07e9cd4 47d691af6f7b4a22b5c28f2f31d7af93 - - default default] No more DHCP agents
2026-05-04 19:19:07.879 7 WARNING neutron.api.rpc.agentnotifiers.dhcp_rpc_agent_api [None req-c3cb4c3d-a544-461a-a210-34f53ea90b3f 08fa271f113b4b6aba0a2851d07e9cd4 47d691af6f7b4a22b5c28f2f31d7af93 - - default default] Unable to schedule network 29a9a44b-eca9-4174-b968-53e4ae554e57: no agents available; will retry on subsequent port and subnet creation events. [pid: 8|app: 0|req: 673/1398] 10.0.0.52 () {32 vars in 671 bytes} [Mon May 4 19:19:07 2026] GET /v2.0/security-group-rules => generated 4139 bytes in 45 msecs (HTTP/1.1 200) 4 headers in 158 bytes (1 switches on core 0)
2026-05-04 19:19:07.921 7 INFO neutron.plugins.ml2.drivers.ovn.mech_driver.mech_driver [None req-e72c9b5e-60da-4424-a137-0ee54f848ee9 - - - - - -] OVN reports status down for port: bf3f256d-6a71-49d6-aa6f-960622b3e223
2026-05-04 19:19:07.967 7 INFO neutron.db.ovn_revision_numbers_db [None req-c3cb4c3d-a544-461a-a210-34f53ea90b3f 08fa271f113b4b6aba0a2851d07e9cd4 47d691af6f7b4a22b5c28f2f31d7af93 - - default default] Successfully bumped revision number for resource bf3f256d-6a71-49d6-aa6f-960622b3e223 (type: ports) to 1 [pid: 7|app: 0|req: 726/1399] 10.0.0.52 () {34 vars in 668 bytes} [Mon May 4 19:19:06 2026] POST /v2.0/networks => generated 1283 bytes in 1303 msecs (HTTP/1.1 201) 4 headers in 163 bytes (1 switches on core 0) [pid: 8|app: 0|req: 674/1400] 10.0.0.52 () {32 vars in 748 bytes} [Mon May 4 19:19:07 2026] DELETE /v2.0/security-group-rules/d67defcb-4043-4246-9531-dd2088cfe9b3 => generated 0 bytes in 120 msecs (HTTP/1.1 204) 2 headers in 112 bytes (1 switches on core 0) [pid: 8|app: 0|req: 675/1401] 10.0.0.52 () {32 vars in 671 bytes} [Mon May 4 19:19:08 2026] GET /v2.0/security-group-rules => generated 3560 bytes in 59 msecs (HTTP/1.1 200) 4 headers in 158 bytes (1 switches on core 0) [pid: 7|app: 0|req: 727/1402] 10.0.0.52 () {32 vars in 647 bytes} [Mon May 4 19:19:08 2026] GET /v2.0/networks => generated 1970 bytes in 80 msecs (HTTP/1.1 200) 4 headers in 158 bytes (1 switches on core 0) [pid: 8|app: 0|req: 676/1403] 10.0.0.52 () {32 vars in 738 bytes} [Mon May 4 19:19:08 2026] DELETE /v2.0/security-groups/9bed82be-0542-4865-94f8-78e9846de371 => generated 0 bytes in 116 msecs (HTTP/1.1 204) 2 headers in 112 bytes (1 switches on core 0)
2026-05-04 19:19:08.224 7 INFO neutron_taas.services.taas.taas_plugin [None req-e46f7f85-fca3-4cd3-95cc-f1cd46b4abb5 08fa271f113b4b6aba0a2851d07e9cd4 47d691af6f7b4a22b5c28f2f31d7af93 - - default default] TaaS: Handle Delete Port: d4697d93-586a-477e-a2dd-4e7ab3f5ff72
2026-05-04 19:19:08.227 7 INFO neutron_taas.services.taas.tap_mirror_plugin [None req-e46f7f85-fca3-4cd3-95cc-f1cd46b4abb5 08fa271f113b4b6aba0a2851d07e9cd4 47d691af6f7b4a22b5c28f2f31d7af93 - - default default] Tap Mirror: Handle Delete Port: d4697d93-586a-477e-a2dd-4e7ab3f5ff72 [pid: 8|app: 0|req: 677/1404] 10.0.0.137 () {34 vars in 989 bytes} [Mon May 4 19:19:08 2026] GET /v2.0/ports?device_id=6822abfb-b672-4ac6-befe-df7f0e6adb39 => generated 971 bytes in 66 msecs (HTTP/1.1 200) 4 headers in 157 bytes (1 switches on core 0) [pid: 8|app: 0|req: 678/1405] 10.0.0.52 () {32 vars in 661 bytes} [Mon May 4 19:19:08 2026] GET /v2.0/security-groups => generated 2925 bytes in 25 msecs (HTTP/1.1 200) 4 headers in 158 bytes (1 switches on core 0) [pid: 8|app: 0|req: 679/1406] 10.0.0.137 () {34 vars in 1039 bytes} [Mon May 4 19:19:08 2026] GET /v2.0/security-groups?id=fd53ad52-9d85-4dfa-ad79-81d64db6e6da&fields=id&fields=name => generated 113 bytes in 35 msecs (HTTP/1.1 200) 4 headers in 157 bytes (1 switches on core 0) [pid: 8|app: 0|req: 680/1407] 10.0.0.52 () {32 vars in 661 bytes} [Mon May 4 19:19:08 2026] GET /v2.0/security-groups => generated 2925 bytes in 33 msecs (HTTP/1.1 200) 4 headers in 158 bytes (1 switches on core 0)
2026-05-04 19:19:08.428 7 INFO neutron.services.segments.plugin [-] Segment b2efcf3a-ba79-43de-a39d-289f062d923b resource provider aggregate not found
2026-05-04 19:19:08.434 7 INFO neutron.services.segments.plugin [-] Segment b2efcf3a-ba79-43de-a39d-289f062d923b resource provider aggregate not found
2026-05-04 19:19:08.451 7 INFO neutron.services.segments.plugin [-] Segment b2efcf3a-ba79-43de-a39d-289f062d923b resource provider not found; error: Placement Client Error (4xx): {"errors": [{"status": 404, "title": "Not Found", "detail": "The resource could not be found.\n\n No resource provider with uuid b2efcf3a-ba79-43de-a39d-289f062d923b found for delete ", "request_id": "req-cb78b1f0-77f1-4c2b-b83c-2e2ea1a90753"}]}
2026-05-04 19:19:08.453 7 INFO neutron.services.segments.plugin [-] Segment b2efcf3a-ba79-43de-a39d-289f062d923b resource provider not found; error: Placement Client Error (4xx): {"errors": [{"status": 404, "title": "Not Found", "detail": "The resource could not be found.\n\n No resource provider with uuid b2efcf3a-ba79-43de-a39d-289f062d923b found for delete ", "request_id": "req-0b575448-9091-41af-bb06-25708753d144"}]} [pid: 7|app: 0|req: 728/1408] 10.0.0.52 () {32 vars in 724 bytes} [Mon May 4 19:19:08 2026] DELETE /v2.0/networks/4df563a5-a854-4557-9963-ab518b29b5f0 => generated 0 bytes in 363 msecs (HTTP/1.1 204) 3 headers in 131 bytes (1 switches on core 0)
2026-05-04 19:19:08.602 8 INFO neutron_taas.services.taas.taas_plugin [None req-ac1e6ec5-44cb-4b49-b8a4-7eb23ddd87ac 08fa271f113b4b6aba0a2851d07e9cd4 47d691af6f7b4a22b5c28f2f31d7af93 - - default default] TaaS: Handle Delete Port: bf3f256d-6a71-49d6-aa6f-960622b3e223
2026-05-04 19:19:08.605 8 INFO neutron_taas.services.taas.tap_mirror_plugin [None req-ac1e6ec5-44cb-4b49-b8a4-7eb23ddd87ac 08fa271f113b4b6aba0a2851d07e9cd4 47d691af6f7b4a22b5c28f2f31d7af93 - - default default] Tap Mirror: Handle Delete Port: bf3f256d-6a71-49d6-aa6f-960622b3e223 [pid: 7|app: 0|req: 729/1409] 10.0.0.137 () {34 vars in 989 bytes} [Mon May 4 19:19:08 2026] GET /v2.0/ports?device_id=6822abfb-b672-4ac6-befe-df7f0e6adb39 => generated 971 bytes in 79 msecs (HTTP/1.1 200) 4 headers in 157 bytes (1 switches on core 0) [pid: 7|app: 0|req: 730/1410] 10.0.0.137 () {34 vars in 1039 bytes} [Mon May 4 19:19:08 2026] GET /v2.0/security-groups?id=fd53ad52-9d85-4dfa-ad79-81d64db6e6da&fields=id&fields=name => generated 113 bytes in 34 msecs (HTTP/1.1 200) 4 headers in 157 bytes (1 switches on core 0)
2026-05-04 19:19:08.775 8 INFO neutron.services.segments.plugin [-] Segment 1d32393c-c17f-4d8f-a450-3dd101c5dc17 resource provider aggregate not found
2026-05-04 19:19:08.778 8 INFO neutron.services.segments.plugin [-] Segment 1d32393c-c17f-4d8f-a450-3dd101c5dc17 resource provider aggregate not found
2026-05-04 19:19:08.800 8 INFO neutron.services.segments.plugin [-] Segment 1d32393c-c17f-4d8f-a450-3dd101c5dc17 resource provider not found; error: Placement Client Error (4xx): {"errors": [{"status": 404, "title": "Not Found", "detail": "The resource could not be found.\n\n No resource provider with uuid 1d32393c-c17f-4d8f-a450-3dd101c5dc17 found for delete ", "request_id": "req-a6560eb1-1e0f-418f-bdec-baebd617e003"}]}
2026-05-04 19:19:08.803 8 INFO neutron.services.segments.plugin [-] Segment 1d32393c-c17f-4d8f-a450-3dd101c5dc17 resource provider not found; error: Placement Client Error (4xx): {"errors": [{"status": 404, "title": "Not Found", "detail": "The resource could not be found.\n\n No resource provider with uuid 1d32393c-c17f-4d8f-a450-3dd101c5dc17 found for delete ", "request_id": "req-701b5440-0fdd-4ca6-9809-9b5094d9bb5e"}]} [pid: 8|app: 0|req: 681/1411] 10.0.0.52 () {32 vars in 724 bytes} [Mon May 4 19:19:08 2026] DELETE /v2.0/networks/29a9a44b-eca9-4174-b968-53e4ae554e57 => generated 0 bytes in 352 msecs (HTTP/1.1 204) 3 headers in 131 bytes (1 switches on core 0) [pid: 7|app: 0|req: 731/1412] 10.0.0.52 () {32 vars in 647 bytes} [Mon May 4 19:19:08 2026] GET /v2.0/networks => generated 689 bytes in 48 msecs (HTTP/1.1 200) 4 headers in 157 bytes (1 switches on core 0)
2026-05-04 19:19:09.003 8 INFO neutron.db.segments_db [None req-4ed7e29c-eb64-4cdd-b395-3802faa08a77 08fa271f113b4b6aba0a2851d07e9cd4 47d691af6f7b4a22b5c28f2f31d7af93 - - default default] Added segment c819eb0d-a59d-4c31-83ee-9ac865004774 of type geneve for network 32d12be3-fbe2-4066-9b52-c8fda8e99844
2026-05-04 19:19:09.112 8 INFO neutron.db.ovn_revision_numbers_db [None req-4ed7e29c-eb64-4cdd-b395-3802faa08a77 08fa271f113b4b6aba0a2851d07e9cd4 47d691af6f7b4a22b5c28f2f31d7af93 - - default default] Successfully bumped revision number for resource 32d12be3-fbe2-4066-9b52-c8fda8e99844 (type: networks) to 1 [pid: 7|app: 0|req: 732/1413] 10.0.0.52 () {32 vars in 772 bytes} [Mon May 4 19:19:09 2026] GET /v2.0/security-groups?tenant_id=6868b349bc9f4289bcc6ab426e2a5caf&name=default => generated 2925 bytes in 200 msecs (HTTP/1.1 200) 4 headers in 158 bytes (1 switches on core 0)
2026-05-04 19:19:09.307 8 WARNING neutron.scheduler.dhcp_agent_scheduler [None req-4ed7e29c-eb64-4cdd-b395-3802faa08a77 08fa271f113b4b6aba0a2851d07e9cd4 47d691af6f7b4a22b5c28f2f31d7af93 - - default default] No more DHCP agents
2026-05-04 19:19:09.309 8 WARNING neutron.api.rpc.agentnotifiers.dhcp_rpc_agent_api [None req-4ed7e29c-eb64-4cdd-b395-3802faa08a77 08fa271f113b4b6aba0a2851d07e9cd4 47d691af6f7b4a22b5c28f2f31d7af93 - - default default] Unable to schedule network 32d12be3-fbe2-4066-9b52-c8fda8e99844: no agents available; will retry on subsequent port and subnet creation events.
2026-05-04 19:19:09.357 8 INFO neutron.plugins.ml2.drivers.ovn.mech_driver.mech_driver [None req-9369ae67-2f7c-4326-980a-dfcd4c72610e - - - - - -] OVN reports status down for port: 36d9e91b-c97b-4d48-913d-b0326e5a2780
2026-05-04 19:19:09.410 8 INFO neutron.db.ovn_revision_numbers_db [None req-4ed7e29c-eb64-4cdd-b395-3802faa08a77 08fa271f113b4b6aba0a2851d07e9cd4 47d691af6f7b4a22b5c28f2f31d7af93 - - default default] Successfully bumped revision number for resource 36d9e91b-c97b-4d48-913d-b0326e5a2780 (type: ports) to 1 [pid: 7|app: 0|req: 733/1414] 10.0.0.52 () {32 vars in 738 bytes} [Mon May 4 19:19:09 2026] DELETE /v2.0/security-groups/3ac32a29-f1f4-4ccf-b6d2-ef96c7c1d1c5 => generated 0 bytes in 213 msecs (HTTP/1.1 204) 2 headers in 112 bytes (1 switches on core 0) [pid: 8|app: 0|req: 682/1415] 10.0.0.52 () {34 vars in 668 bytes} [Mon May 4 19:19:08 2026] POST /v2.0/networks => generated 673 bytes in 563 msecs (HTTP/1.1 201) 4 headers in 162 bytes (1 switches on core 0)
2026-05-04 19:19:09.542 7 INFO neutron.db.segments_db [None req-53079b98-d6dc-4701-bcbe-a1ada8cccd76 08fa271f113b4b6aba0a2851d07e9cd4 47d691af6f7b4a22b5c28f2f31d7af93 - - default default] Added segment a18ac5e2-3b87-4b77-bb19-9fcd51f1381a of type geneve for network 48754794-2d63-46ce-a2c6-d7b638ad4e9b
2026-05-04 19:19:09.590 8 INFO neutron.plugins.ml2.drivers.ovn.mech_driver.mech_driver [None req-9369ae67-2f7c-4326-980a-dfcd4c72610e - - - - - -] OVN reports status down for port: 7bbbbcbf-6f39-420c-a76c-48729fadb585
2026-05-04 19:19:09.725 7 INFO neutron.db.ovn_revision_numbers_db [None req-53079b98-d6dc-4701-bcbe-a1ada8cccd76 08fa271f113b4b6aba0a2851d07e9cd4 47d691af6f7b4a22b5c28f2f31d7af93 - - default default] Successfully bumped revision number for resource 48754794-2d63-46ce-a2c6-d7b638ad4e9b (type: networks) to 1
2026-05-04 19:19:09.754 8 INFO neutron.notifiers.nova [-] Nova event matching ['req-dd9c0621-9116-4d6a-a500-f09dad90ad76'] response: {'server_uuid': '6822abfb-b672-4ac6-befe-df7f0e6adb39', 'name': 'network-vif-unplugged', 'status': 'completed', 'tag': '7bbbbcbf-6f39-420c-a76c-48729fadb585', 'code': 200} [pid: 8|app: 0|req: 683/1416] 10.0.0.137 () {34 vars in 989 bytes} [Mon May 4 19:19:09 2026] GET /v2.0/ports?device_id=6822abfb-b672-4ac6-befe-df7f0e6adb39 => generated 969 bytes in 65 msecs (HTTP/1.1 200) 4 headers in 157 bytes (1 switches on core 0) [pid: 8|app: 0|req: 684/1417] 10.0.0.137 () {34 vars in 1039 bytes} [Mon May 4 19:19:09 2026] GET /v2.0/security-groups?id=fd53ad52-9d85-4dfa-ad79-81d64db6e6da&fields=id&fields=name => generated 113 bytes in 40 msecs (HTTP/1.1 200) 4 headers in 157 bytes (1 switches on core 0)
2026-05-04 19:19:09.907 7 WARNING neutron.scheduler.dhcp_agent_scheduler [None req-53079b98-d6dc-4701-bcbe-a1ada8cccd76 08fa271f113b4b6aba0a2851d07e9cd4 47d691af6f7b4a22b5c28f2f31d7af93 - - default default] No more DHCP agents
2026-05-04 19:19:09.909 7 WARNING neutron.api.rpc.agentnotifiers.dhcp_rpc_agent_api [None req-53079b98-d6dc-4701-bcbe-a1ada8cccd76 08fa271f113b4b6aba0a2851d07e9cd4 47d691af6f7b4a22b5c28f2f31d7af93 - - default default] Unable to schedule network 48754794-2d63-46ce-a2c6-d7b638ad4e9b: no agents available; will retry on subsequent port and subnet creation events.
2026-05-04 19:19:09.923 8 INFO neutron.db.ovn_revision_numbers_db [None req-9369ae67-2f7c-4326-980a-dfcd4c72610e - - - - - -] Successfully bumped revision number for resource 7bbbbcbf-6f39-420c-a76c-48729fadb585 (type: ports) to 8
2026-05-04 19:19:09.964 7 INFO neutron.plugins.ml2.drivers.ovn.mech_driver.mech_driver [None req-e72c9b5e-60da-4424-a137-0ee54f848ee9 - - - - - -] OVN reports status down for port: 50c9e823-1759-4294-85df-71b0faea0c6a
2026-05-04 19:19:10.009 7 INFO neutron.db.ovn_revision_numbers_db [None req-53079b98-d6dc-4701-bcbe-a1ada8cccd76 08fa271f113b4b6aba0a2851d07e9cd4 47d691af6f7b4a22b5c28f2f31d7af93 - - default default] Successfully bumped revision number for resource 50c9e823-1759-4294-85df-71b0faea0c6a (type: ports) to 1 [pid: 7|app: 0|req: 734/1418] 10.0.0.52 () {34 vars in 668 bytes} [Mon May 4 19:19:09 2026] POST /v2.0/networks => generated 672 bytes in 599 msecs (HTTP/1.1 201) 4 headers in 162 bytes (1 switches on core 0) /var/lib/openstack/lib/python3.12/site-packages/pycadf/identifier.py:70: UserWarning: Invalid uuid: neutron. To ensure interoperability, identifiers should be a valid uuid. warnings.warn(('Invalid uuid: %s. To ensure interoperability, '
2026-05-04 19:19:10.311 7 INFO neutron.db.ovn_revision_numbers_db [None req-12c36c17-a5bd-4843-b411-140439861380 4e690d02db574f24adf4c882b3029ba0 9ed3577fdb5845779c549b8a10a0b71f - - default default] Successfully bumped revision number for resource 2c6bbc98-b911-4771-a1d3-734528eacdf0 (type: security_groups) to 1
2026-05-04 19:19:10.323 7 INFO neutron.db.ovn_revision_numbers_db [None req-12c36c17-a5bd-4843-b411-140439861380 4e690d02db574f24adf4c882b3029ba0 9ed3577fdb5845779c549b8a10a0b71f - - default default] Successfully bumped revision number for resource 277af738-a859-4e3f-9339-130146439c02 (type: security_group_rules) to 0
2026-05-04 19:19:10.336 7 INFO neutron.db.ovn_revision_numbers_db [None req-12c36c17-a5bd-4843-b411-140439861380 4e690d02db574f24adf4c882b3029ba0 9ed3577fdb5845779c549b8a10a0b71f - - default default] Successfully bumped revision number for resource 66397b35-7ddd-44c4-a0c9-911a32357e72 (type: security_group_rules) to 0
2026-05-04 19:19:10.347 7 INFO neutron.db.ovn_revision_numbers_db [None req-12c36c17-a5bd-4843-b411-140439861380 4e690d02db574f24adf4c882b3029ba0 9ed3577fdb5845779c549b8a10a0b71f - - default default] Successfully bumped revision number for resource 9c73bba6-69db-4abb-ba86-3bdb8c1b16c5 (type: security_group_rules) to 0
2026-05-04 19:19:10.360 7 INFO neutron.db.ovn_revision_numbers_db [None req-12c36c17-a5bd-4843-b411-140439861380 4e690d02db574f24adf4c882b3029ba0 9ed3577fdb5845779c549b8a10a0b71f - - default default] Successfully bumped revision number for resource ea332c12-4c48-4788-b94c-7177093179fa (type: security_group_rules) to 0
2026-05-04 19:19:10.383 8 WARNING neutron.scheduler.dhcp_agent_scheduler [None req-95052f38-e7aa-46be-bca2-d60c3e180309 08fa271f113b4b6aba0a2851d07e9cd4 47d691af6f7b4a22b5c28f2f31d7af93 - - default default] No more DHCP agents
2026-05-04 19:19:10.385 8 WARNING neutron.api.rpc.agentnotifiers.dhcp_rpc_agent_api [None req-95052f38-e7aa-46be-bca2-d60c3e180309 08fa271f113b4b6aba0a2851d07e9cd4 47d691af6f7b4a22b5c28f2f31d7af93 - - default default] Unable to schedule network 32d12be3-fbe2-4066-9b52-c8fda8e99844: no agents available; will retry on subsequent port and subnet creation events. [pid: 7|app: 0|req: 735/1419] 10.0.0.52 () {32 vars in 772 bytes} [Mon May 4 19:19:10 2026] GET /v2.0/security-groups?tenant_id=3c065d3e4ead496485def320fe3f7d03&name=default => generated 2925 bytes in 292 msecs (HTTP/1.1 200) 4 headers in 158 bytes (1 switches on core 0)
2026-05-04 19:19:10.430 8 INFO neutron.plugins.ml2.drivers.ovn.mech_driver.mech_driver [None req-1b37d884-de1a-41d5-8541-395ab7ab5a71 - - - - - -] OVN reports status down for port: b2b9f7c3-c731-4c79-8176-8faad1d3e003
2026-05-04 19:19:10.478 8 INFO neutron.db.ovn_revision_numbers_db [None req-95052f38-e7aa-46be-bca2-d60c3e180309 08fa271f113b4b6aba0a2851d07e9cd4 47d691af6f7b4a22b5c28f2f31d7af93 - - default default] Successfully bumped revision number for resource b2b9f7c3-c731-4c79-8176-8faad1d3e003 (type: ports) to 1
2026-05-04 19:19:10.544 8 WARNING neutron.scheduler.dhcp_agent_scheduler [None req-95052f38-e7aa-46be-bca2-d60c3e180309 08fa271f113b4b6aba0a2851d07e9cd4 47d691af6f7b4a22b5c28f2f31d7af93 - - default default] No more DHCP agents
2026-05-04 19:19:10.545 8 WARNING neutron.api.rpc.agentnotifiers.dhcp_rpc_agent_api [None req-95052f38-e7aa-46be-bca2-d60c3e180309 08fa271f113b4b6aba0a2851d07e9cd4 47d691af6f7b4a22b5c28f2f31d7af93 - - default default] Unable to schedule network 48754794-2d63-46ce-a2c6-d7b638ad4e9b: no agents available; will retry on subsequent port and subnet creation events.
2026-05-04 19:19:10.585 8 INFO neutron.plugins.ml2.drivers.ovn.mech_driver.mech_driver [None req-1b37d884-de1a-41d5-8541-395ab7ab5a71 - - - - - -] OVN reports status down for port: e4b1f999-dbf4-42e0-a9b4-0a75df9fc0a5 [pid: 7|app: 0|req: 736/1420] 10.0.0.52 () {32 vars in 738 bytes} [Mon May 4 19:19:10 2026] DELETE /v2.0/security-groups/2c6bbc98-b911-4771-a1d3-734528eacdf0 => generated 0 bytes in 224 msecs (HTTP/1.1 204) 2 headers in 112 bytes (1 switches on core 0)
2026-05-04 19:19:10.638 8 INFO neutron.db.ovn_revision_numbers_db [None req-95052f38-e7aa-46be-bca2-d60c3e180309 08fa271f113b4b6aba0a2851d07e9cd4 47d691af6f7b4a22b5c28f2f31d7af93 - - default default] Successfully bumped revision number for resource e4b1f999-dbf4-42e0-a9b4-0a75df9fc0a5 (type: ports) to 1 [pid: 8|app: 0|req: 685/1421] 10.0.0.52 () {34 vars in 663 bytes} [Mon May 4 19:19:10 2026] POST /v2.0/ports => generated 1505 bytes in 685 msecs (HTTP/1.1 201) 4 headers in 163 bytes (1 switches on core 0) /var/lib/openstack/lib/python3.12/site-packages/pycadf/identifier.py:70: UserWarning: Invalid uuid: neutron. To ensure interoperability, identifiers should be a valid uuid. warnings.warn(('Invalid uuid: %s. To ensure interoperability, '
2026-05-04 19:19:10.835 7 INFO neutron.db.ovn_revision_numbers_db [None req-23e5065e-a351-4508-b000-acf494832902 4e690d02db574f24adf4c882b3029ba0 9ed3577fdb5845779c549b8a10a0b71f - - default default] Successfully bumped revision number for resource e5e0db5b-5bd4-403a-80bd-64b638da7168 (type: security_groups) to 1 [pid: 8|app: 0|req: 686/1422] 10.0.0.52 () {32 vars in 641 bytes} [Mon May 4 19:19:10 2026] GET /v2.0/ports => generated 3017 bytes in 87 msecs (HTTP/1.1 200) 4 headers in 158 bytes (1 switches on core 0)
2026-05-04 19:19:10.849 7 INFO neutron.db.ovn_revision_numbers_db [None req-23e5065e-a351-4508-b000-acf494832902 4e690d02db574f24adf4c882b3029ba0 9ed3577fdb5845779c549b8a10a0b71f - - default default] Successfully bumped revision number for resource 18af0509-4914-47b3-a083-cf00ebfd76d6 (type: security_group_rules) to 0
2026-05-04 19:19:10.859 7 INFO neutron.db.ovn_revision_numbers_db [None req-23e5065e-a351-4508-b000-acf494832902 4e690d02db574f24adf4c882b3029ba0 9ed3577fdb5845779c549b8a10a0b71f - - default default] Successfully bumped revision number for resource 31e0f42b-323b-452a-9b61-76350ebd2889 (type: security_group_rules) to 0 [pid: 8|app: 0|req: 687/1423] 199.19.213.215 () {34 vars in 993 bytes} [Mon May 4 19:19:10 2026] GET /v2.0/ports?device_id=6822abfb-b672-4ac6-befe-df7f0e6adb39 => generated 969 bytes in 28 msecs (HTTP/1.1 200) 4 headers in 157 bytes (1 switches on core 0)
2026-05-04 19:19:10.872 7 INFO neutron.db.ovn_revision_numbers_db [None req-23e5065e-a351-4508-b000-acf494832902 4e690d02db574f24adf4c882b3029ba0 9ed3577fdb5845779c549b8a10a0b71f - - default default] Successfully bumped revision number for resource c50eee31-cc52-48e2-9723-e891d97402b7 (type: security_group_rules) to 0
2026-05-04 19:19:10.885 7 INFO neutron.db.ovn_revision_numbers_db [None req-23e5065e-a351-4508-b000-acf494832902 4e690d02db574f24adf4c882b3029ba0 9ed3577fdb5845779c549b8a10a0b71f - - default default] Successfully bumped revision number for resource e8130591-e4a5-4dd5-9174-5af611106d4e (type: security_group_rules) to 0 [pid: 7|app: 0|req: 737/1424] 10.0.0.52 () {32 vars in 772 bytes} [Mon May 4 19:19:10 2026] GET /v2.0/security-groups?tenant_id=01a581c4b2f34b5eac5c23acde97e508&name=default => generated 2925 bytes in 202 msecs (HTTP/1.1 200) 4 headers in 158 bytes (1 switches on core 0)
2026-05-04 19:19:10.975 8 INFO neutron_taas.services.taas.taas_plugin [None req-5d82832c-51a2-4f99-9194-860db926c633 08fa271f113b4b6aba0a2851d07e9cd4 47d691af6f7b4a22b5c28f2f31d7af93 - - default default] TaaS: Handle Delete Port: b2b9f7c3-c731-4c79-8176-8faad1d3e003
2026-05-04 19:19:10.978 8 INFO neutron_taas.services.taas.tap_mirror_plugin [None req-5d82832c-51a2-4f99-9194-860db926c633 08fa271f113b4b6aba0a2851d07e9cd4 47d691af6f7b4a22b5c28f2f31d7af93 - - default default] Tap Mirror: Handle Delete Port: b2b9f7c3-c731-4c79-8176-8faad1d3e003
2026-05-04 19:19:11.035 7 INFO neutron_taas.services.taas.taas_plugin [req-9bf60847-9538-42c0-a1ab-15dc2d871db8 req-e9fe2971-4f10-4298-9487-5578a4756158 d792980fcc7c436fb1aedb92b073d532 62318b14e3974fcc95f4470f73721f86 - - default default] TaaS: Handle Delete Port: 7bbbbcbf-6f39-420c-a76c-48729fadb585
2026-05-04 19:19:11.038 7 INFO neutron_taas.services.taas.tap_mirror_plugin [req-9bf60847-9538-42c0-a1ab-15dc2d871db8 req-e9fe2971-4f10-4298-9487-5578a4756158 d792980fcc7c436fb1aedb92b073d532 62318b14e3974fcc95f4470f73721f86 - - default default] Tap Mirror: Handle Delete Port: 7bbbbcbf-6f39-420c-a76c-48729fadb585 [pid: 8|app: 0|req: 688/1425] 10.0.0.52 () {32 vars in 718 bytes} [Mon May 4 19:19:10 2026] DELETE /v2.0/ports/b2b9f7c3-c731-4c79-8176-8faad1d3e003 => generated 0 bytes in 224 msecs (HTTP/1.1 204) 3 headers in 131 bytes (1 switches on core 0) [pid: 8|app: 0|req: 689/1426] 10.0.0.137 () {34 vars in 989 bytes} [Mon May 4 19:19:11 2026] GET /v2.0/ports?device_id=6822abfb-b672-4ac6-befe-df7f0e6adb39 => generated 969 bytes in 38 msecs (HTTP/1.1 200) 4 headers in 157 bytes (1 switches on core 0)
2026-05-04 19:19:11.239 7 INFO neutron.db.l3_db [req-9bf60847-9538-42c0-a1ab-15dc2d871db8 req-e9fe2971-4f10-4298-9487-5578a4756158 d792980fcc7c436fb1aedb92b073d532 62318b14e3974fcc95f4470f73721f86 - - default default] Floating IP 5fbc500e-5de7-49bc-aef0-9108629a2f77 disassociated. External IP: 10.96.250.217, port: 7bbbbcbf-6f39-420c-a76c-48729fadb585. [pid: 7|app: 0|req: 738/1427] 199.19.213.215 () {36 vars in 996 bytes} [Mon May 4 19:19:10 2026] DELETE /v2.0/ports/7bbbbcbf-6f39-420c-a76c-48729fadb585 => generated 0 bytes in 436 msecs (HTTP/1.1 204) 3 headers in 131 bytes (1 switches on core 0) [pid: 8|app: 0|req: 690/1428] 10.0.0.52 () {32 vars in 738 bytes} [Mon May 4 19:19:11 2026] DELETE /v2.0/security-groups/e5e0db5b-5bd4-403a-80bd-64b638da7168 => generated 0 bytes in 239 msecs (HTTP/1.1 204) 2 headers in 112 bytes (1 switches on core 0) /var/lib/openstack/lib/python3.12/site-packages/pycadf/identifier.py:70: UserWarning: Invalid uuid: neutron. To ensure interoperability, identifiers should be a valid uuid. warnings.warn(('Invalid uuid: %s. To ensure interoperability, ' [pid: 8|app: 0|req: 691/1429] 10.0.0.137 () {34 vars in 1039 bytes} [Mon May 4 19:19:11 2026] GET /v2.0/security-groups?id=fd53ad52-9d85-4dfa-ad79-81d64db6e6da&fields=id&fields=name => generated 113 bytes in 31 msecs (HTTP/1.1 200) 4 headers in 157 bytes (1 switches on core 0)
2026-05-04 19:19:11.399 7 INFO neutron.notifiers.nova [-] Nova event matching ['req-c06d1fa4-3f59-48cf-a6d4-6b7ff3fb3940'] response: {'server_uuid': '6822abfb-b672-4ac6-befe-df7f0e6adb39', 'name': 'network-vif-deleted', 'tag': '7bbbbcbf-6f39-420c-a76c-48729fadb585', 'status': 'completed', 'code': 200}
2026-05-04 19:19:11.511 7 INFO neutron_taas.services.taas.taas_plugin [None req-7726a036-a4aa-486c-a556-ae08fff7817d 08fa271f113b4b6aba0a2851d07e9cd4 47d691af6f7b4a22b5c28f2f31d7af93 - - default default] TaaS: Handle Delete Port: e4b1f999-dbf4-42e0-a9b4-0a75df9fc0a5
2026-05-04 19:19:11.516 7 INFO neutron_taas.services.taas.tap_mirror_plugin [None req-7726a036-a4aa-486c-a556-ae08fff7817d 08fa271f113b4b6aba0a2851d07e9cd4 47d691af6f7b4a22b5c28f2f31d7af93 - - default default] Tap Mirror: Handle Delete Port: e4b1f999-dbf4-42e0-a9b4-0a75df9fc0a5 [pid: 7|app: 0|req: 739/1430] 10.0.0.52 () {32 vars in 718 bytes} [Mon May 4 19:19:11 2026] DELETE /v2.0/ports/e4b1f999-dbf4-42e0-a9b4-0a75df9fc0a5 => generated 0 bytes in 266 msecs (HTTP/1.1 204) 3 headers in 131 bytes (1 switches on core 0) [pid: 8|app: 0|req: 692/1431] 10.0.0.52 () {32 vars in 641 bytes} [Mon May 4 19:19:11 2026] GET /v2.0/ports => generated 1523 bytes in 45 msecs (HTTP/1.1 200) 4 headers in 158 bytes (1 switches on core 0)
2026-05-04 19:19:11.777 7 INFO neutron.db.segments_db [None req-5cb92530-5953-48fb-98b1-eb125536675c 08fa271f113b4b6aba0a2851d07e9cd4 47d691af6f7b4a22b5c28f2f31d7af93 - - default default] Added segment 58f5b711-dc51-4349-8a65-2fed8609c66c of type geneve for network 3daf235a-e3e6-4226-b285-e788ddc6ae30
2026-05-04 19:19:11.789 8 INFO neutron.notifiers.nova [-] Nova event matching ['req-07d63c80-7782-4aa0-b973-c30f2c28d04f'] response: {'server_uuid': '6822abfb-b672-4ac6-befe-df7f0e6adb39', 'name': 'network-vif-unplugged', 'status': 'completed', 'tag': '7bbbbcbf-6f39-420c-a76c-48729fadb585', 'code': 200}
2026-05-04 19:19:11.883 7 INFO neutron.db.ovn_revision_numbers_db [None req-5cb92530-5953-48fb-98b1-eb125536675c 08fa271f113b4b6aba0a2851d07e9cd4 47d691af6f7b4a22b5c28f2f31d7af93 - - default default] Successfully bumped revision number for resource 3daf235a-e3e6-4226-b285-e788ddc6ae30 (type: networks) to 1
2026-05-04 19:19:12.046 7 WARNING neutron.scheduler.dhcp_agent_scheduler [None req-5cb92530-5953-48fb-98b1-eb125536675c 08fa271f113b4b6aba0a2851d07e9cd4 47d691af6f7b4a22b5c28f2f31d7af93 - - default default] No more DHCP agents
2026-05-04 19:19:12.047 7 WARNING neutron.api.rpc.agentnotifiers.dhcp_rpc_agent_api [None req-5cb92530-5953-48fb-98b1-eb125536675c 08fa271f113b4b6aba0a2851d07e9cd4 47d691af6f7b4a22b5c28f2f31d7af93 - - default default] Unable to schedule network 3daf235a-e3e6-4226-b285-e788ddc6ae30: no agents available; will retry on subsequent port and subnet creation events.
2026-05-04 19:19:12.099 8 INFO neutron.plugins.ml2.drivers.ovn.mech_driver.mech_driver [None req-1b37d884-de1a-41d5-8541-395ab7ab5a71 - - - - - -] OVN reports status down for port: b8df89d8-bc35-4a30-9e3d-8de18809d81a
2026-05-04 19:19:12.134 7 INFO neutron.db.ovn_revision_numbers_db [None req-5cb92530-5953-48fb-98b1-eb125536675c 08fa271f113b4b6aba0a2851d07e9cd4 47d691af6f7b4a22b5c28f2f31d7af93 - - default default] Successfully bumped revision number for resource b8df89d8-bc35-4a30-9e3d-8de18809d81a (type: ports) to 1 [pid: 7|app: 0|req: 740/1432] 10.0.0.52 () {34 vars in 668 bytes} [Mon May 4 19:19:11 2026] POST /v2.0/networks => generated 672 bytes in 471 msecs (HTTP/1.1 201) 4 headers in 162 bytes (1 switches on core 0)
2026-05-04 19:19:12.257 8 INFO neutron.db.segments_db [None req-c9a93eb7-9069-49c8-b910-af57100f1efe 08fa271f113b4b6aba0a2851d07e9cd4 47d691af6f7b4a22b5c28f2f31d7af93 - - default default] Added segment 859cef4e-7361-4ac4-9c48-256c48bb51f5 of type geneve for network ed86afa0-0a8c-45d2-b2db-61ed2af8c957
2026-05-04 19:19:12.369 8 INFO neutron.db.ovn_revision_numbers_db [None req-c9a93eb7-9069-49c8-b910-af57100f1efe 08fa271f113b4b6aba0a2851d07e9cd4 47d691af6f7b4a22b5c28f2f31d7af93 - - default default] Successfully bumped revision number for resource ed86afa0-0a8c-45d2-b2db-61ed2af8c957 (type: networks) to 1 [pid: 7|app: 0|req: 741/1433] 10.0.0.137 () {34 vars in 989 bytes} [Mon May 4 19:19:12 2026] GET /v2.0/ports?device_id=6822abfb-b672-4ac6-befe-df7f0e6adb39 => generated 12 bytes in 22 msecs (HTTP/1.1 200) 4 headers in 156 bytes (1 switches on core 0)
2026-05-04 19:19:12.534 8 WARNING neutron.scheduler.dhcp_agent_scheduler [None req-c9a93eb7-9069-49c8-b910-af57100f1efe 08fa271f113b4b6aba0a2851d07e9cd4 47d691af6f7b4a22b5c28f2f31d7af93 - - default default] No more DHCP agents
2026-05-04 19:19:12.535 8 WARNING neutron.api.rpc.agentnotifiers.dhcp_rpc_agent_api [None req-c9a93eb7-9069-49c8-b910-af57100f1efe 08fa271f113b4b6aba0a2851d07e9cd4 47d691af6f7b4a22b5c28f2f31d7af93 - - default default] Unable to schedule network ed86afa0-0a8c-45d2-b2db-61ed2af8c957: no agents available; will retry on subsequent port and subnet creation events.
2026-05-04 19:19:12.583 7 INFO neutron.plugins.ml2.drivers.ovn.mech_driver.mech_driver [None req-e72c9b5e-60da-4424-a137-0ee54f848ee9 - - - - - -] OVN reports status down for port: 397b3da1-e3fc-4d19-bc8a-d1781a1b86da
2026-05-04 19:19:12.612 8 INFO neutron.db.ovn_revision_numbers_db [None req-c9a93eb7-9069-49c8-b910-af57100f1efe 08fa271f113b4b6aba0a2851d07e9cd4 47d691af6f7b4a22b5c28f2f31d7af93 - - default default] Successfully bumped revision number for resource 397b3da1-e3fc-4d19-bc8a-d1781a1b86da (type: ports) to 1 [pid: 8|app: 0|req: 693/1434] 10.0.0.52 () {34 vars in 668 bytes} [Mon May 4 19:19:12 2026] POST /v2.0/networks => generated 672 bytes in 490 msecs (HTTP/1.1 201) 4 headers in 162 bytes (1 switches on core 0)
2026-05-04 19:19:13.570 7 WARNING neutron.scheduler.dhcp_agent_scheduler [None req-4f3aeca1-a9fd-4c57-8ffe-c6555137c958 08fa271f113b4b6aba0a2851d07e9cd4 47d691af6f7b4a22b5c28f2f31d7af93 - - default default] No more DHCP agents
2026-05-04 19:19:13.572 7 WARNING neutron.api.rpc.agentnotifiers.dhcp_rpc_agent_api [None req-4f3aeca1-a9fd-4c57-8ffe-c6555137c958 08fa271f113b4b6aba0a2851d07e9cd4 47d691af6f7b4a22b5c28f2f31d7af93 - - default default] Unable to schedule network 3daf235a-e3e6-4226-b285-e788ddc6ae30: no agents available; will retry on subsequent port and subnet creation events. [pid: 8|app: 0|req: 694/1435] 10.0.0.137 () {34 vars in 989 bytes} [Mon May 4 19:19:13 2026] GET /v2.0/ports?device_id=6822abfb-b672-4ac6-befe-df7f0e6adb39 => generated 12 bytes in 24 msecs (HTTP/1.1 200) 4 headers in 156 bytes (1 switches on core 0)
2026-05-04 19:19:13.598 7 INFO neutron.db.ovn_revision_numbers_db [None req-4f3aeca1-a9fd-4c57-8ffe-c6555137c958 08fa271f113b4b6aba0a2851d07e9cd4 47d691af6f7b4a22b5c28f2f31d7af93 - - default default] Successfully bumped revision number for resource a20df543-bee0-471f-a375-e76d89972b17 (type: subnets) to 0
2026-05-04 19:19:13.628 7 WARNING neutron.scheduler.dhcp_agent_scheduler [None req-4f3aeca1-a9fd-4c57-8ffe-c6555137c958 08fa271f113b4b6aba0a2851d07e9cd4 47d691af6f7b4a22b5c28f2f31d7af93 - - default default] No more DHCP agents
2026-05-04 19:19:13.629 7 WARNING neutron.api.rpc.agentnotifiers.dhcp_rpc_agent_api [None req-4f3aeca1-a9fd-4c57-8ffe-c6555137c958 08fa271f113b4b6aba0a2851d07e9cd4 47d691af6f7b4a22b5c28f2f31d7af93 - - default default] Unable to schedule network ed86afa0-0a8c-45d2-b2db-61ed2af8c957: no agents available; will retry on subsequent port and subnet creation events.
2026-05-04 19:19:13.666 7 INFO neutron.db.ovn_revision_numbers_db [None req-4f3aeca1-a9fd-4c57-8ffe-c6555137c958 08fa271f113b4b6aba0a2851d07e9cd4 47d691af6f7b4a22b5c28f2f31d7af93 - - default default] Successfully bumped revision number for resource cc60110e-9204-4526-94f0-c54dec55076d (type: subnets) to 0 [pid: 7|app: 0|req: 742/1436] 10.0.0.52 () {34 vars in 667 bytes} [Mon May 4 19:19:13 2026] POST /v2.0/subnets => generated 1323 bytes in 412 msecs (HTTP/1.1 201) 4 headers in 163 bytes (1 switches on core 0) [pid: 8|app: 0|req: 695/1437] 10.0.0.52 () {32 vars in 645 bytes} [Mon May 4 19:19:13 2026] GET /v2.0/subnets => generated 1959 bytes in 46 msecs (HTTP/1.1 200) 4 headers in 158 bytes (1 switches on core 0) [pid: 8|app: 0|req: 696/1438] 10.0.0.52 () {32 vars in 722 bytes} [Mon May 4 19:19:13 2026] DELETE /v2.0/subnets/a20df543-bee0-471f-a375-e76d89972b17 => generated 0 bytes in 137 msecs (HTTP/1.1 204) 3 headers in 131 bytes (1 switches on core 0)
2026-05-04 19:19:13.977 7 INFO neutron.db.ovn_revision_numbers_db [None req-7084c5e2-d3e1-4677-9734-1cbe034ad44f 4e690d02db574f24adf4c882b3029ba0 9ed3577fdb5845779c549b8a10a0b71f - - default default] Successfully bumped revision number for resource 113328c6-4866-4822-b49d-c41d478bb4e0 (type: security_groups) to 1
2026-05-04 19:19:13.989 7 INFO neutron.db.ovn_revision_numbers_db [None req-7084c5e2-d3e1-4677-9734-1cbe034ad44f 4e690d02db574f24adf4c882b3029ba0 9ed3577fdb5845779c549b8a10a0b71f - - default default] Successfully bumped revision number for resource 0f5eb3b9-f9bd-4d0c-8aa0-0d8e43d4e6a0 (type: security_group_rules) to 0
2026-05-04 19:19:13.999 7 INFO neutron.db.ovn_revision_numbers_db [None req-7084c5e2-d3e1-4677-9734-1cbe034ad44f 4e690d02db574f24adf4c882b3029ba0 9ed3577fdb5845779c549b8a10a0b71f - - default default] Successfully bumped revision number for resource 6b3ac020-b5fe-4ce9-b29b-c8da1fbb1492 (type: security_group_rules) to 0
2026-05-04 19:19:14.012 7 INFO neutron.db.ovn_revision_numbers_db [None req-7084c5e2-d3e1-4677-9734-1cbe034ad44f 4e690d02db574f24adf4c882b3029ba0 9ed3577fdb5845779c549b8a10a0b71f - - default default] Successfully bumped revision number for resource 802ffcb1-14c5-468f-bc78-0f357cafa985 (type: security_group_rules) to 0
2026-05-04 19:19:14.022 7 INFO neutron.db.ovn_revision_numbers_db [None req-7084c5e2-d3e1-4677-9734-1cbe034ad44f 4e690d02db574f24adf4c882b3029ba0 9ed3577fdb5845779c549b8a10a0b71f - - default default] Successfully bumped revision number for resource ec62aeb6-dea1-4319-aba2-031451b61417 (type: security_group_rules) to 0 [pid: 8|app: 0|req: 697/1439] 10.0.0.52 () {32 vars in 722 bytes} [Mon May 4 19:19:13 2026] DELETE /v2.0/subnets/cc60110e-9204-4526-94f0-c54dec55076d => generated 0 bytes in 133 msecs (HTTP/1.1 204) 3 headers in 131 bytes (1 switches on core 0) [pid: 8|app: 0|req: 698/1440] 10.0.0.52 () {32 vars in 645 bytes} [Mon May 4 19:19:14 2026] GET /v2.0/subnets => generated 649 bytes in 27 msecs (HTTP/1.1 200) 4 headers in 157 bytes (1 switches on core 0) [pid: 7|app: 0|req: 743/1441] 10.0.0.52 () {32 vars in 772 bytes} [Mon May 4 19:19:13 2026] GET /v2.0/security-groups?tenant_id=442bcdf8291748aca8328e1add35cfa8&name=default => generated 2925 bytes in 333 msecs (HTTP/1.1 200) 4 headers in 158 bytes (1 switches on core 0)
2026-05-04 19:19:14.179 8 INFO neutron_taas.services.taas.taas_plugin [None req-31ded1c7-d7bb-4a9c-8fbf-13309fb7c0e3 08fa271f113b4b6aba0a2851d07e9cd4 47d691af6f7b4a22b5c28f2f31d7af93 - - default default] TaaS: Handle Delete Port: 397b3da1-e3fc-4d19-bc8a-d1781a1b86da
2026-05-04 19:19:14.183 8 INFO neutron_taas.services.taas.tap_mirror_plugin [None req-31ded1c7-d7bb-4a9c-8fbf-13309fb7c0e3 08fa271f113b4b6aba0a2851d07e9cd4 47d691af6f7b4a22b5c28f2f31d7af93 - - default default] Tap Mirror: Handle Delete Port: 397b3da1-e3fc-4d19-bc8a-d1781a1b86da [pid: 7|app: 0|req: 744/1442] 10.0.0.52 () {32 vars in 738 bytes} [Mon May 4 19:19:14 2026] DELETE /v2.0/security-groups/113328c6-4866-4822-b49d-c41d478bb4e0 => generated 0 bytes in 169 msecs (HTTP/1.1 204) 2 headers in 112 bytes (1 switches on core 0)
2026-05-04 19:19:14.360 8 INFO neutron.services.segments.plugin [-] Segment 859cef4e-7361-4ac4-9c48-256c48bb51f5 resource provider aggregate not found
2026-05-04 19:19:14.361 8 INFO neutron.services.segments.plugin [-] Segment 859cef4e-7361-4ac4-9c48-256c48bb51f5 resource provider aggregate not found
2026-05-04 19:19:14.386 8 INFO neutron.services.segments.plugin [-] Segment 859cef4e-7361-4ac4-9c48-256c48bb51f5 resource provider not found; error: Placement Client Error (4xx): {"errors": [{"status": 404, "title": "Not Found", "detail": "The resource could not be found.\n\n No resource provider with uuid 859cef4e-7361-4ac4-9c48-256c48bb51f5 found for delete ", "request_id": "req-7aa4a177-5b11-4ab6-95f3-f37d3cdfae0f"}]}
2026-05-04 19:19:14.392 8 INFO neutron.services.segments.plugin [-] Segment 859cef4e-7361-4ac4-9c48-256c48bb51f5 resource provider not found; error: Placement Client Error (4xx): {"errors": [{"status": 404, "title": "Not Found", "detail": "The resource could not be found.\n\n No resource provider with uuid 859cef4e-7361-4ac4-9c48-256c48bb51f5 found for delete ", "request_id": "req-d8272dde-e187-4041-9ff3-cb3dc3284bf5"}]} [pid: 8|app: 0|req: 699/1443] 10.0.0.52 () {32 vars in 724 bytes} [Mon May 4 19:19:14 2026] DELETE /v2.0/networks/ed86afa0-0a8c-45d2-b2db-61ed2af8c957 => generated 0 bytes in 344 msecs (HTTP/1.1 204) 3 headers in 131 bytes (1 switches on core 0)
2026-05-04 19:19:14.540 8 INFO neutron_taas.services.taas.taas_plugin [None req-76d38606-44b3-46b0-9ce5-a4af047d6c87 08fa271f113b4b6aba0a2851d07e9cd4 47d691af6f7b4a22b5c28f2f31d7af93 - - default default] TaaS: Handle Delete Port: b8df89d8-bc35-4a30-9e3d-8de18809d81a
2026-05-04 19:19:14.543 8 INFO neutron_taas.services.taas.tap_mirror_plugin [None req-76d38606-44b3-46b0-9ce5-a4af047d6c87 08fa271f113b4b6aba0a2851d07e9cd4 47d691af6f7b4a22b5c28f2f31d7af93 - - default default] Tap Mirror: Handle Delete Port: b8df89d8-bc35-4a30-9e3d-8de18809d81a
2026-05-04 19:19:14.553 7 INFO neutron.db.ovn_revision_numbers_db [None req-4764350e-0ea6-4a75-b526-cf077a84b13b 4e690d02db574f24adf4c882b3029ba0 9ed3577fdb5845779c549b8a10a0b71f - - default default] Successfully bumped revision number for resource b6bca6d0-9bce-4a34-8f07-452afa48fbba (type: security_groups) to 1
