2026-05-04 18:44:58.342 7 INFO neutron.api.extensions [None req-711ce703-8c60-4e90-8889-e55806cf5f1d - - - - - -] Loaded extension: dhcp_agent_scheduler
2026-05-04 18:44:58.342 8 WARNING neutron.quota.resource_registry [None req-3ad04b59-70bf-4f54-a487-bd10f3f11198 - - - - - -] security_group_rule is already registered
2026-05-04 18:44:58.342 7 INFO neutron.api.extensions [None req-711ce703-8c60-4e90-8889-e55806cf5f1d - - - - - -] Loaded extension: dns-integration
2026-05-04 18:44:58.342 8 INFO neutron.quota.resource_registry [None req-3ad04b59-70bf-4f54-a487-bd10f3f11198 - - - - - -] Creating instance of TrackedResource for resource:subnetpool
2026-05-04 18:44:58.343 8 WARNING neutron.quota.resource_registry [None req-3ad04b59-70bf-4f54-a487-bd10f3f11198 - - - - - -] subnetpool is already registered
2026-05-04 18:44:58.343 7 INFO neutron.api.extensions [None req-711ce703-8c60-4e90-8889-e55806cf5f1d - - - - - -] Loaded extension: dns-domain-ports
2026-05-04 18:44:58.343 8 INFO neutron.quota.resource_registry [None req-3ad04b59-70bf-4f54-a487-bd10f3f11198 - - - - - -] Creating instance of CountableResource for resource:trunk
2026-05-04 18:44:58.343 8 WARNING neutron.quota.resource_registry [None req-3ad04b59-70bf-4f54-a487-bd10f3f11198 - - - - - -] trunk is already registered
2026-05-04 18:44:58.343 7 INFO neutron.api.extensions [None req-711ce703-8c60-4e90-8889-e55806cf5f1d - - - - - -] Loaded extension: dns-integration-domain-keywords
2026-05-04 18:44:58.343 8 INFO neutron.quota.resource_registry [None req-3ad04b59-70bf-4f54-a487-bd10f3f11198 - - - - - -] Creating instance of CountableResource for resource:ikepolicy
2026-05-04 18:44:58.344 8 WARNING neutron.quota.resource_registry [None req-3ad04b59-70bf-4f54-a487-bd10f3f11198 - - - - - -] ikepolicy is already registered
2026-05-04 18:44:58.344 7 INFO neutron.api.extensions [None req-711ce703-8c60-4e90-8889-e55806cf5f1d - - - - - -] Extension dvr not supported by any of loaded plugins
2026-05-04 18:44:58.344 8 INFO neutron.quota.resource_registry [None req-3ad04b59-70bf-4f54-a487-bd10f3f11198 - - - - - -] Creating instance of CountableResource for resource:ipsecpolicy
2026-05-04 18:44:58.344 8 WARNING neutron.quota.resource_registry [None req-3ad04b59-70bf-4f54-a487-bd10f3f11198 - - - - - -] ipsecpolicy is already registered
2026-05-04 18:44:58.344 7 INFO neutron.api.extensions [None req-711ce703-8c60-4e90-8889-e55806cf5f1d - - - - - -] Extension ecmp_routes not supported by any of loaded plugins
2026-05-04 18:44:58.345 8 INFO neutron.quota.resource_registry [None req-3ad04b59-70bf-4f54-a487-bd10f3f11198 - - - - - -] Creating instance of CountableResource for resource:endpoint_group
2026-05-04 18:44:58.345 8 WARNING neutron.quota.resource_registry [None req-3ad04b59-70bf-4f54-a487-bd10f3f11198 - - - - - -] endpoint_group is already registered
2026-05-04 18:44:58.345 7 INFO neutron.api.extensions [None req-711ce703-8c60-4e90-8889-e55806cf5f1d - - - - - -] Loaded extension: empty-string-filtering
2026-05-04 18:44:58.345 8 INFO neutron.quota.resource_registry [None req-3ad04b59-70bf-4f54-a487-bd10f3f11198 - - - - - -] Creating instance of CountableResource for resource:vpnservice
2026-05-04 18:44:58.345 7 INFO neutron.api.extensions [None req-711ce703-8c60-4e90-8889-e55806cf5f1d - - - - - -] Extension expose-l3-conntrack-helper not supported by any of loaded plugins
2026-05-04 18:44:58.345 8 WARNING neutron.quota.resource_registry [None req-3ad04b59-70bf-4f54-a487-bd10f3f11198 - - - - - -] vpnservice is already registered
2026-05-04 18:44:58.346 8 INFO neutron.quota.resource_registry [None req-3ad04b59-70bf-4f54-a487-bd10f3f11198 - - - - - -] Creating instance of CountableResource for resource:ipsec_site_connection
2026-05-04 18:44:58.346 7 INFO neutron.api.extensions [None req-711ce703-8c60-4e90-8889-e55806cf5f1d - - - - - -] Extension expose-port-forwarding-in-fip not supported by any of loaded plugins
2026-05-04 18:44:58.346 8 WARNING neutron.quota.resource_registry [None req-3ad04b59-70bf-4f54-a487-bd10f3f11198 - - - - - -] ipsec_site_connection is already registered
2026-05-04 18:44:58.346 8 INFO neutron.quota.resource_registry [None req-3ad04b59-70bf-4f54-a487-bd10f3f11198 - - - - - -] Creating instance of CountableResource for resource:ipsecpolicy
2026-05-04 18:44:58.346 7 INFO neutron.api.extensions [None req-711ce703-8c60-4e90-8889-e55806cf5f1d - - - - - -] Loaded extension: external-net
2026-05-04 18:44:58.346 8 WARNING neutron.quota.resource_registry [None req-3ad04b59-70bf-4f54-a487-bd10f3f11198 - - - - - -] ipsecpolicy is already registered
2026-05-04 18:44:58.347 7 INFO neutron.api.extensions [None req-711ce703-8c60-4e90-8889-e55806cf5f1d - - - - - -] Loaded extension: extra_dhcp_opt
2026-05-04 18:44:58.347 8 INFO neutron.quota.resource_registry [None req-3ad04b59-70bf-4f54-a487-bd10f3f11198 - - - - - -] Creating instance of CountableResource for resource:ikepolicy
2026-05-04 18:44:58.347 8 WARNING neutron.quota.resource_registry [None req-3ad04b59-70bf-4f54-a487-bd10f3f11198 - - - - - -] ikepolicy is already registered
2026-05-04 18:44:58.347 7 INFO neutron.api.extensions [None req-711ce703-8c60-4e90-8889-e55806cf5f1d - - - - - -] Loaded extension: extraroute
2026-05-04 18:44:58.348 7 INFO neutron.api.extensions [None req-711ce703-8c60-4e90-8889-e55806cf5f1d - - - - - -] Extension extraroute-atomic not supported by any of loaded plugins
2026-05-04 18:44:58.348 7 INFO neutron.api.extensions [None req-711ce703-8c60-4e90-8889-e55806cf5f1d - - - - - -] Extension filter-validation not supported by any of loaded plugins
2026-05-04 18:44:58.349 7 INFO neutron.api.extensions [None req-711ce703-8c60-4e90-8889-e55806cf5f1d - - - - - -] Extension floating-ip-port-forwarding-description not supported by any of loaded plugins
2026-05-04 18:44:58.349 7 INFO neutron.api.extensions [None req-711ce703-8c60-4e90-8889-e55806cf5f1d - - - - - -] Loaded extension: floating-ip-port-forwarding-detail
2026-05-04 18:44:58.350 7 INFO neutron.api.extensions [None req-711ce703-8c60-4e90-8889-e55806cf5f1d - - - - - -] Extension floating-ip-port-forwarding-port-ranges not supported by any of loaded plugins
2026-05-04 18:44:58.350 7 INFO neutron.api.extensions [None req-711ce703-8c60-4e90-8889-e55806cf5f1d - - - - - -] Loaded extension: fip-port-details
2026-05-04 18:44:58.351 7 INFO neutron.api.extensions [None req-711ce703-8c60-4e90-8889-e55806cf5f1d - - - - - -] Loaded extension: flavors
2026-05-04 18:44:58.352 7 INFO neutron.api.extensions [None req-711ce703-8c60-4e90-8889-e55806cf5f1d - - - - - -] Extension floating-ip-port-forwarding not supported by any of loaded plugins
2026-05-04 18:44:58.353 7 INFO neutron.api.extensions [None req-711ce703-8c60-4e90-8889-e55806cf5f1d - - - - - -] Loaded extension: floatingip-pools
2026-05-04 18:44:58.353 7 INFO neutron.api.extensions [None req-711ce703-8c60-4e90-8889-e55806cf5f1d - - - - - -] Loaded extension: ip_allocation
2026-05-04 18:44:58.354 7 INFO neutron.api.extensions [None req-711ce703-8c60-4e90-8889-e55806cf5f1d - - - - - -] Extension ip-substring-filtering not supported by any of loaded plugins
2026-05-04 18:44:58.354 7 INFO neutron.api.extensions [None req-711ce703-8c60-4e90-8889-e55806cf5f1d - - - - - -] Loaded extension: l2_adjacency
2026-05-04 18:44:58.356 7 INFO neutron.api.extensions [None req-711ce703-8c60-4e90-8889-e55806cf5f1d - - - - - -] Loaded extension: router
2026-05-04 18:44:58.357 7 INFO neutron.api.extensions [None req-711ce703-8c60-4e90-8889-e55806cf5f1d - - - - - -] Extension l3-conntrack-helper not supported by any of loaded plugins
2026-05-04 18:44:58.358 7 INFO neutron.api.extensions [None req-711ce703-8c60-4e90-8889-e55806cf5f1d - - - - - -] Loaded extension: enable-default-route-bfd
2026-05-04 18:44:58.358 7 INFO neutron.api.extensions [None req-711ce703-8c60-4e90-8889-e55806cf5f1d - - - - - -] Loaded extension: enable-default-route-ecmp
2026-05-04 18:44:58.359 7 INFO neutron.api.extensions [None req-711ce703-8c60-4e90-8889-e55806cf5f1d - - - - - -] Loaded extension: ext-gw-mode
2026-05-04 18:44:58.359 7 INFO neutron.api.extensions [None req-711ce703-8c60-4e90-8889-e55806cf5f1d - - - - - -] Loaded extension: l3-ha
2026-05-04 18:44:58.360 7 INFO neutron.api.extensions [None req-711ce703-8c60-4e90-8889-e55806cf5f1d - - - - - -] Extension l3-ext-ndp-proxy not supported by any of loaded plugins
2026-05-04 18:44:58.360 7 INFO neutron.api.extensions [None req-711ce703-8c60-4e90-8889-e55806cf5f1d - - - - - -] Loaded extension: external-gateway-multihoming
2026-05-04 18:44:58.361 7 INFO neutron.api.extensions [None req-711ce703-8c60-4e90-8889-e55806cf5f1d - - - - - -] Loaded extension: l3-flavors
2026-05-04 18:44:58.362 7 INFO neutron.api.extensions [None req-711ce703-8c60-4e90-8889-e55806cf5f1d - - - - - -] Extension l3-ndp-proxy not supported by any of loaded plugins
2026-05-04 18:44:58.362 7 INFO neutron.api.extensions [None req-711ce703-8c60-4e90-8889-e55806cf5f1d - - - - - -] Extension l3-port-ip-change-not-allowed not supported by any of loaded plugins
2026-05-04 18:44:58.364 7 INFO neutron.api.extensions [None req-711ce703-8c60-4e90-8889-e55806cf5f1d - - - - - -] Extension l3_agent_scheduler not supported by any of loaded plugins
2026-05-04 18:44:58.366 7 INFO neutron.api.extensions [None req-711ce703-8c60-4e90-8889-e55806cf5f1d - - - - - -] Extension local_ip not supported by any of loaded plugins
2026-05-04 18:44:58.367 7 INFO neutron.api.extensions [None req-711ce703-8c60-4e90-8889-e55806cf5f1d - - - - - -] Loaded extension: logging
2026-05-04 18:44:58.368 7 INFO neutron.api.extensions [None req-711ce703-8c60-4e90-8889-e55806cf5f1d - - - - - -] Extension metering not supported by any of loaded plugins
2026-05-04 18:44:58.368 7 INFO neutron.api.extensions [None req-711ce703-8c60-4e90-8889-e55806cf5f1d - - - - - -] Extension metering_source_and_destination_fields not supported by any of loaded plugins
2026-05-04 18:44:58.369 7 INFO neutron.api.extensions [None req-711ce703-8c60-4e90-8889-e55806cf5f1d - - - - - -] Loaded extension: multi-provider
2026-05-04 18:44:58.369 7 INFO neutron.api.extensions [None req-711ce703-8c60-4e90-8889-e55806cf5f1d - - - - - -] Loaded extension: net-mtu
2026-05-04 18:44:58.370 7 INFO neutron.api.extensions [None req-711ce703-8c60-4e90-8889-e55806cf5f1d - - - - - -] Loaded extension: net-mtu-writable
2026-05-04 18:44:58.370 7 INFO neutron.api.extensions [None req-711ce703-8c60-4e90-8889-e55806cf5f1d - - - - - -] Loaded extension: network_availability_zone
2026-05-04 18:44:58.371 7 INFO neutron.api.extensions [None req-711ce703-8c60-4e90-8889-e55806cf5f1d - - - - - -] Extension network_ha not supported by any of loaded plugins
2026-05-04 18:44:58.371 7 INFO neutron.api.extensions [None req-711ce703-8c60-4e90-8889-e55806cf5f1d - - - - - -] Loaded extension: network-ip-availability
2026-05-04 18:44:58.372 7 INFO neutron.api.extensions [None req-711ce703-8c60-4e90-8889-e55806cf5f1d - - - - - -] Extension network-segment-range not supported by any of loaded plugins
2026-05-04 18:44:58.373 7 INFO neutron.api.extensions [None req-711ce703-8c60-4e90-8889-e55806cf5f1d - - - - - -] Loaded extension: pagination
2026-05-04 18:44:58.373 7 INFO neutron.api.extensions [None req-711ce703-8c60-4e90-8889-e55806cf5f1d - - - - - -] Loaded extension: port-device-profile
2026-05-04 18:44:58.374 7 INFO neutron.api.extensions [None req-711ce703-8c60-4e90-8889-e55806cf5f1d - - - - - -] Extension port-hardware-offload-type not supported by any of loaded plugins
2026-05-04 18:44:58.374 7 INFO neutron.api.extensions [None req-711ce703-8c60-4e90-8889-e55806cf5f1d - - - - - -] Extension port-hint-ovs-tx-steering not supported by any of loaded plugins
2026-05-04 18:44:58.375 7 INFO neutron.api.extensions [None req-711ce703-8c60-4e90-8889-e55806cf5f1d - - - - - -] Extension port-hints not supported by any of loaded plugins
2026-05-04 18:44:58.375 7 INFO neutron.api.extensions [None req-711ce703-8c60-4e90-8889-e55806cf5f1d - - - - - -] Extension port-mac-override not supported by any of loaded plugins
2026-05-04 18:44:58.376 7 INFO neutron.api.extensions [None req-711ce703-8c60-4e90-8889-e55806cf5f1d - - - - - -] Loaded extension: port-mac-address-regenerate
2026-05-04 18:44:58.376 7 INFO neutron.api.extensions [None req-711ce703-8c60-4e90-8889-e55806cf5f1d - - - - - -] Loaded extension: port-numa-affinity-policy
2026-05-04 18:44:58.377 7 INFO neutron.api.extensions [None req-711ce703-8c60-4e90-8889-e55806cf5f1d - - - - - -] Loaded extension: port-numa-affinity-policy-socket
2026-05-04 18:44:58.377 7 INFO neutron.api.extensions [None req-711ce703-8c60-4e90-8889-e55806cf5f1d - - - - - -] Loaded extension: port-resource-request
2026-05-04 18:44:58.378 7 INFO neutron.api.extensions [None req-711ce703-8c60-4e90-8889-e55806cf5f1d - - - - - -] Loaded extension: port-resource-request-groups
2026-05-04 18:44:58.378 7 INFO neutron.api.extensions [None req-711ce703-8c60-4e90-8889-e55806cf5f1d - - - - - -] Extension port-trusted-vif not supported by any of loaded plugins
2026-05-04 18:44:58.379 7 INFO neutron.api.extensions [None req-711ce703-8c60-4e90-8889-e55806cf5f1d - - - - - -] Loaded extension: binding
2026-05-04 18:44:58.380 7 INFO neutron.api.extensions [None req-711ce703-8c60-4e90-8889-e55806cf5f1d - - - - - -] Loaded extension: binding-extended
2026-05-04 18:44:58.380 7 INFO neutron.api.extensions [None req-711ce703-8c60-4e90-8889-e55806cf5f1d - - - - - -] Loaded extension: port-security
2026-05-04 18:44:58.380 7 INFO neutron.api.extensions [None req-711ce703-8c60-4e90-8889-e55806cf5f1d - - - - - -] Loaded extension: project-id
2026-05-04 18:44:58.381 7 INFO neutron.api.extensions [None req-711ce703-8c60-4e90-8889-e55806cf5f1d - - - - - -] Loaded extension: provider
2026-05-04 18:44:58.382 7 INFO neutron.api.extensions [None req-711ce703-8c60-4e90-8889-e55806cf5f1d - - - - - -] Loaded extension: qinq
2026-05-04 18:44:58.383 8 WARNING keystonemiddleware._common.config [None req-3ad04b59-70bf-4f54-a487-bd10f3f11198 - - - - - -] The option "audit_map_file" is not known to keystonemiddleware
2026-05-04 18:44:58.384 7 INFO neutron.api.extensions [None req-711ce703-8c60-4e90-8889-e55806cf5f1d - - - - - -] Loaded extension: qos
2026-05-04 18:44:58.385 7 INFO neutron.api.extensions [None req-711ce703-8c60-4e90-8889-e55806cf5f1d - - - - - -] Loaded extension: qos-bw-limit-direction
2026-05-04 18:44:58.385 7 INFO neutron.api.extensions [None req-711ce703-8c60-4e90-8889-e55806cf5f1d - - - - - -] Loaded extension: qos-bw-minimum-ingress
2026-05-04 18:44:58.386 7 INFO neutron.api.extensions [None req-711ce703-8c60-4e90-8889-e55806cf5f1d - - - - - -] Loaded extension: qos-default
2026-05-04 18:44:58.386 7 INFO neutron.api.extensions [None req-711ce703-8c60-4e90-8889-e55806cf5f1d - - - - - -] Loaded extension: qos-fip
2026-05-04 18:44:58.387 7 INFO neutron.api.extensions [None req-711ce703-8c60-4e90-8889-e55806cf5f1d - - - - - -] Extension qos-fip-network-policy not supported by any of loaded plugins
2026-05-04 18:44:58.388 7 INFO neutron.api.extensions [None req-711ce703-8c60-4e90-8889-e55806cf5f1d - - - - - -] Loaded extension: qos-gateway-ip
2026-05-04 18:44:58.388 7 INFO neutron.api.extensions [None req-711ce703-8c60-4e90-8889-e55806cf5f1d - - - - - -] Loaded extension: qos-port-network-policy
2026-05-04 18:44:58.389 7 INFO neutron.api.extensions [None req-711ce703-8c60-4e90-8889-e55806cf5f1d - - - - - -] Loaded extension: qos-pps-minimum
2026-05-04 18:44:58.389 8 WARNING oslo_config.cfg [None req-3ad04b59-70bf-4f54-a487-bd10f3f11198 - - - - - -] Deprecated: Option "auth_uri" from group "keystone_authtoken" is deprecated. Use option "www_authenticate_uri" from group "keystone_authtoken".
2026-05-04 18:44:58.390 7 INFO neutron.api.extensions [None req-711ce703-8c60-4e90-8889-e55806cf5f1d - - - - - -] Loaded extension: qos-pps-minimum-rule-alias
2026-05-04 18:44:58.390 7 INFO neutron.api.extensions [None req-711ce703-8c60-4e90-8889-e55806cf5f1d - - - - - -] Loaded extension: qos-pps
2026-05-04 18:44:58.391 7 INFO neutron.api.extensions [None req-711ce703-8c60-4e90-8889-e55806cf5f1d - - - - - -] Loaded extension: qos-rule-type-details
2026-05-04 18:44:58.391 7 INFO neutron.api.extensions [None req-711ce703-8c60-4e90-8889-e55806cf5f1d - - - - - -] Loaded extension: qos-rule-type-filter
2026-05-04 18:44:58.392 7 INFO neutron.api.extensions [None req-711ce703-8c60-4e90-8889-e55806cf5f1d - - - - - -] Loaded extension: qos-rules-alias
2026-05-04 18:44:58.393 7 INFO neutron.api.extensions [None req-711ce703-8c60-4e90-8889-e55806cf5f1d - - - - - -] Loaded extension: quota-check-limit
2026-05-04 18:44:58.393 7 INFO neutron.api.extensions [None req-711ce703-8c60-4e90-8889-e55806cf5f1d - - - - - -] Loaded extension: quota-check-limit-default
2026-05-04 18:44:58.396 7 INFO neutron.api.extensions [None req-711ce703-8c60-4e90-8889-e55806cf5f1d - - - - - -] Loaded extension: quotas
2026-05-04 18:44:58.397 7 INFO neutron.api.extensions [None req-711ce703-8c60-4e90-8889-e55806cf5f1d - - - - - -] Loaded extension: quota_details
2026-05-04 18:44:58.398 7 INFO neutron.api.extensions [None req-711ce703-8c60-4e90-8889-e55806cf5f1d - - - - - -] Loaded extension: rbac-policies
2026-05-04 18:44:58.399 7 INFO neutron.api.extensions [None req-711ce703-8c60-4e90-8889-e55806cf5f1d - - - - - -] Extension rbac-address-group not supported by any of loaded plugins
2026-05-04 18:44:58.399 7 INFO neutron.api.extensions [None req-711ce703-8c60-4e90-8889-e55806cf5f1d - - - - - -] Loaded extension: rbac-address-scope
2026-05-04 18:44:58.400 7 INFO neutron.api.extensions [None req-711ce703-8c60-4e90-8889-e55806cf5f1d - - - - - -] Loaded extension: rbac-security-groups
2026-05-04 18:44:58.400 7 INFO neutron.api.extensions [None req-711ce703-8c60-4e90-8889-e55806cf5f1d - - - - - -] Extension rbac-subnetpool not supported by any of loaded plugins
2026-05-04 18:44:58.401 7 INFO neutron.api.extensions [None req-711ce703-8c60-4e90-8889-e55806cf5f1d - - - - - -] Loaded extension: revision-if-match
2026-05-04 18:44:58.402 7 INFO neutron.api.extensions [None req-711ce703-8c60-4e90-8889-e55806cf5f1d - - - - - -] Loaded extension: standard-attr-revisions
2026-05-04 18:44:58.402 7 INFO neutron.api.extensions [None req-711ce703-8c60-4e90-8889-e55806cf5f1d - - - - - -] Loaded extension: router_availability_zone
2026-05-04 18:44:58.403 7 INFO neutron.api.extensions [None req-711ce703-8c60-4e90-8889-e55806cf5f1d - - - - - -] Extension router-service-type not supported by any of loaded plugins
2026-05-04 18:44:58.405 7 INFO neutron.api.extensions [None req-711ce703-8c60-4e90-8889-e55806cf5f1d - - - - - -] Loaded extension: security-groups-default-rules
2026-05-04 18:44:58.406 7 INFO neutron.api.extensions [None req-711ce703-8c60-4e90-8889-e55806cf5f1d - - - - - -] Loaded extension: security-groups-normalized-cidr
2026-05-04 18:44:58.406 7 INFO neutron.api.extensions [None req-711ce703-8c60-4e90-8889-e55806cf5f1d - - - - - -] Extension port-security-groups-filtering not supported by any of loaded plugins
2026-05-04 18:44:58.407 7 INFO neutron.api.extensions [None req-711ce703-8c60-4e90-8889-e55806cf5f1d - - - - - -] Loaded extension: security-groups-remote-address-group
2026-05-04 18:44:58.408 7 INFO neutron.api.extensions [None req-711ce703-8c60-4e90-8889-e55806cf5f1d - - - - - -] Loaded extension: security-groups-rules-belongs-to-default-sg
2026-05-04 18:44:58.408 8 WARNING neutron.plugins.ml2.drivers.ovn.mech_driver.mech_driver [None req-3ad04b59-70bf-4f54-a487-bd10f3f11198 - - - - - -] uWSGI must provide a start time using the configuration parameter "start-time %t" in the configuration file
2026-05-04 18:44:58.408 7 INFO neutron.api.extensions [None req-711ce703-8c60-4e90-8889-e55806cf5f1d - - - - - -] Loaded extension: security-groups-shared-filtering
2026-05-04 18:44:58.420 7 INFO neutron.api.extensions [None req-711ce703-8c60-4e90-8889-e55806cf5f1d - - - - - -] Loaded extension: security-group
2026-05-04 18:44:58.422 7 INFO neutron.api.extensions [None req-711ce703-8c60-4e90-8889-e55806cf5f1d - - - - - -] Loaded extension: segment
2026-05-04 18:44:58.422 7 INFO neutron.api.extensions [None req-711ce703-8c60-4e90-8889-e55806cf5f1d - - - - - -] Loaded extension: segments-peer-subnet-host-routes
2026-05-04 18:44:58.423 8 INFO neutron.db.ovn_hash_ring_db [None req-3ad04b59-70bf-4f54-a487-bd10f3f11198 - - - - - -] Nodes from host "neutron-server-576697b78-dtdsc" and group "mechanism_driver" removed from the Hash Ring created at
2026-05-04 18:44:58+00:00
2026-05-04 18:44:58.423 7 INFO neutron.api.extensions [None req-711ce703-8c60-4e90-8889-e55806cf5f1d - - - - - -] Loaded extension: service-type
2026-05-04 18:44:58.424 7 INFO neutron.api.extensions [None req-711ce703-8c60-4e90-8889-e55806cf5f1d - - - - - -] Loaded extension: sorting
2026-05-04 18:44:58.425 7 INFO neutron.api.extensions [None req-711ce703-8c60-4e90-8889-e55806cf5f1d - - - - - -] Loaded extension: standard-attr-segment
2026-05-04 18:44:58.425 8 INFO neutron.db.ovn_hash_ring_db [None req-3ad04b59-70bf-4f54-a487-bd10f3f11198 - - - - - -] Node 5b6e28303cf751db9b1b121da9e91bc6 from host "neutron-server-576697b78-dtdsc" and group "mechanism_driver" added to the Hash Ring
2026-05-04 18:44:58.425 7 INFO neutron.api.extensions [None req-711ce703-8c60-4e90-8889-e55806cf5f1d - - - - - -] Loaded extension: standard-attr-description
2026-05-04 18:44:58.426 7 INFO neutron.api.extensions [None req-711ce703-8c60-4e90-8889-e55806cf5f1d - - - - - -] Loaded extension: stateful-security-group
2026-05-04 18:44:58.427 7 WARNING neutron.api.extensions [None req-711ce703-8c60-4e90-8889-e55806cf5f1d - - - - - -] Did not find expected name "Stdattrs_common" in /var/lib/openstack/lib/python3.12/site-packages/neutron/extensions/stdattrs_common.py
2026-05-04 18:44:58.427 7 INFO neutron.api.extensions [None req-711ce703-8c60-4e90-8889-e55806cf5f1d - - - - - -] Loaded extension: subnet-dns-publish-fixed-ip
2026-05-04 18:44:58.428 7 INFO neutron.api.extensions [None req-711ce703-8c60-4e90-8889-e55806cf5f1d - - - - - -] Loaded extension: subnet-external-network
2026-05-04 18:44:58.429 7 INFO neutron.api.extensions [None req-711ce703-8c60-4e90-8889-e55806cf5f1d - - - - - -] Extension subnet_onboard not supported by any of loaded plugins
2026-05-04 18:44:58.429 7 INFO neutron.api.extensions [None req-711ce703-8c60-4e90-8889-e55806cf5f1d - - - - - -] Loaded extension: subnet-segmentid-writable
2026-05-04 18:44:58.430 7 INFO neutron.api.extensions [None req-711ce703-8c60-4e90-8889-e55806cf5f1d - - - - - -] Loaded extension: subnet-service-types
2026-05-04 18:44:58.431 7 INFO neutron.api.extensions [None req-711ce703-8c60-4e90-8889-e55806cf5f1d - - - - - -] Loaded extension: subnet_allocation
2026-05-04 18:44:58.432 7 INFO neutron.api.extensions [None req-711ce703-8c60-4e90-8889-e55806cf5f1d - - - - - -] Loaded extension: subnetpool-prefix-ops
2026-05-04 18:44:58.432 7 INFO neutron.api.extensions [None req-711ce703-8c60-4e90-8889-e55806cf5f1d - - - - - -] Loaded extension: tag-creation
2026-05-04 18:44:58.433 7 INFO neutron.api.extensions [None req-711ce703-8c60-4e90-8889-e55806cf5f1d - - - - - -] Extension tag-ports-during-bulk-creation not supported by any of loaded plugins
2026-05-04 18:44:58.434 8 INFO neutron.plugins.ml2.drivers.ovn.mech_driver.mech_driver [None req-3ad04b59-70bf-4f54-a487-bd10f3f11198 - - - - - -] Hash Ring probing thread for node 5b6e28303cf751db9b1b121da9e91bc6 has started
2026-05-04 18:44:58.434 8 INFO neutron.plugins.ml2.drivers.ovn.mech_driver.ovsdb.impl_idl_ovn [None req-3ad04b59-70bf-4f54-a487-bd10f3f11198 - - - - - -] Getting OvsdbNbOvnIdl for WorkerService with retry
2026-05-04 18:44:58.438 7 INFO neutron.api.extensions [None req-711ce703-8c60-4e90-8889-e55806cf5f1d - - - - - -] Loaded extension: standard-attr-tag
2026-05-04 18:44:58.438 7 INFO neutron.api.extensions [None req-711ce703-8c60-4e90-8889-e55806cf5f1d - - - - - -] Loaded extension: standard-attr-timestamp
2026-05-04 18:44:58.439 7 INFO neutron.api.extensions [None req-711ce703-8c60-4e90-8889-e55806cf5f1d - - - - - -] Loaded extension: trunk
2026-05-04 18:44:58.440 7 INFO neutron.api.extensions [None req-711ce703-8c60-4e90-8889-e55806cf5f1d - - - - - -] Loaded extension: trunk-details
2026-05-04 18:44:58.440 7 INFO neutron.api.extensions [None req-711ce703-8c60-4e90-8889-e55806cf5f1d - - - - - -] Extension uplink-status-propagation not supported by any of loaded plugins
2026-05-04 18:44:58.441 7 INFO neutron.api.extensions [None req-711ce703-8c60-4e90-8889-e55806cf5f1d - - - - - -] Extension uplink-status-propagation-updatable not supported by any of loaded plugins
2026-05-04 18:44:58.442 7 INFO neutron.api.extensions [None req-711ce703-8c60-4e90-8889-e55806cf5f1d - - - - - -] Loaded extension: vlan-transparent
2026-05-04 18:44:58.442 7 INFO neutron.api.extensions [None req-711ce703-8c60-4e90-8889-e55806cf5f1d - - - - - -] Loaded extension: vpn-aes-ctr
2026-05-04 18:44:58.444 7 INFO neutron.api.extensions [None req-711ce703-8c60-4e90-8889-e55806cf5f1d - - - - - -] Loaded extension: vpn-agent-scheduler
2026-05-04 18:44:58.445 7 INFO neutron.api.extensions [None req-711ce703-8c60-4e90-8889-e55806cf5f1d - - - - - -] Loaded extension: vpn-endpoint-groups
2026-05-04 18:44:58.446 7 INFO neutron.api.extensions [None req-711ce703-8c60-4e90-8889-e55806cf5f1d - - - - - -] Loaded extension: vpn-flavors
2026-05-04 18:44:58.448 7 INFO neutron.api.extensions [None req-711ce703-8c60-4e90-8889-e55806cf5f1d - - - - - -] Loaded extension: vpnaas
2026-05-04 18:44:58.449 7 INFO neutron.api.extensions [None req-711ce703-8c60-4e90-8889-e55806cf5f1d - - - - - -] Loaded extension: taas
2026-05-04 18:44:58.450 7 INFO neutron.api.extensions [None req-711ce703-8c60-4e90-8889-e55806cf5f1d - - - - - -] Loaded extension: tap-mirror
2026-05-04 18:44:58.451 7 INFO neutron.api.extensions [None req-711ce703-8c60-4e90-8889-e55806cf5f1d - - - - - -] Loaded extension: taas-vlan-filter
2026-05-04 18:44:58.454 7 INFO neutron.quota.resource_registry [None req-711ce703-8c60-4e90-8889-e55806cf5f1d - - - - - -] Creating instance of TrackedResource for resource:network
2026-05-04 18:44:58.454 7 INFO neutron.quota.resource_registry [None req-711ce703-8c60-4e90-8889-e55806cf5f1d - - - - - -] Creating instance of TrackedResource for resource:subnet
2026-05-04 18:44:58.454 7 INFO neutron.quota.resource_registry [None req-711ce703-8c60-4e90-8889-e55806cf5f1d - - - - - -] Creating instance of TrackedResource for resource:subnetpool
2026-05-04 18:44:58.454 7 INFO neutron.quota.resource_registry [None req-711ce703-8c60-4e90-8889-e55806cf5f1d - - - - - -] Creating instance of TrackedResource for resource:port
2026-05-04 18:44:58.458 7 INFO neutron.quota.resource_registry [None req-711ce703-8c60-4e90-8889-e55806cf5f1d - - - - - -] Creating instance of TrackedResource for resource:router
2026-05-04 18:44:58.458 7 INFO neutron.quota.resource_registry [None req-711ce703-8c60-4e90-8889-e55806cf5f1d - - - - - -] Creating instance of TrackedResource for resource:floatingip
2026-05-04 18:44:58.464 7 INFO neutron.quota.resource_registry [None req-711ce703-8c60-4e90-8889-e55806cf5f1d - - - - - -] Creating instance of CountableResource for resource:rbac_policy
2026-05-04 18:44:58.465 7 INFO neutron.quota.resource_registry [None req-711ce703-8c60-4e90-8889-e55806cf5f1d - - - - - -] Creating instance of TrackedResource for resource:security_group
2026-05-04 18:44:58.465 7 INFO neutron.quota.resource_registry [None req-711ce703-8c60-4e90-8889-e55806cf5f1d - - - - - -] Creating instance of TrackedResource for resource:security_group_rule
2026-05-04 18:44:58.466 8 INFO ovsdbapp.backend.ovs_idl.vlog [None req-3ad04b59-70bf-4f54-a487-bd10f3f11198 - - - - - -] tcp:10.108.234.161:6641: connecting...
2026-05-04 18:44:58.466 8 INFO ovsdbapp.backend.ovs_idl.vlog [None req-3ad04b59-70bf-4f54-a487-bd10f3f11198 - - - - - -] tcp:10.108.234.161:6641: connected
2026-05-04 18:44:58.466 7 INFO neutron.quota.resource_registry [None req-711ce703-8c60-4e90-8889-e55806cf5f1d - - - - - -] Creating instance of TrackedResource for resource:subnetpool
2026-05-04 18:44:58.466 7 WARNING neutron.quota.resource_registry [None req-711ce703-8c60-4e90-8889-e55806cf5f1d - - - - - -] subnetpool is already registered
2026-05-04 18:44:58.467 7 INFO neutron.quota.resource_registry [None req-711ce703-8c60-4e90-8889-e55806cf5f1d - - - - - -] Creating instance of CountableResource for resource:trunk
2026-05-04 18:44:58.468 7 INFO neutron.quota.resource_registry [None req-711ce703-8c60-4e90-8889-e55806cf5f1d - - - - - -] Creating instance of CountableResource for resource:ikepolicy
2026-05-04 18:44:58.468 7 INFO neutron.quota.resource_registry [None req-711ce703-8c60-4e90-8889-e55806cf5f1d - - - - - -] Creating instance of CountableResource for resource:ipsecpolicy
2026-05-04 18:44:58.468 7 INFO neutron.quota.resource_registry [None req-711ce703-8c60-4e90-8889-e55806cf5f1d - - - - - -] Creating instance of CountableResource for resource:endpoint_group
2026-05-04 18:44:58.469 7 INFO neutron.quota.resource_registry [None req-711ce703-8c60-4e90-8889-e55806cf5f1d - - - - - -] Creating instance of CountableResource for resource:vpnservice
2026-05-04 18:44:58.469 7 INFO neutron.quota.resource_registry [None req-711ce703-8c60-4e90-8889-e55806cf5f1d - - - - - -] Creating instance of CountableResource for resource:ipsec_site_connection
2026-05-04 18:44:58.470 7 INFO neutron.quota.resource_registry [None req-711ce703-8c60-4e90-8889-e55806cf5f1d - - - - - -] Creating instance of CountableResource for resource:ipsecpolicy
2026-05-04 18:44:58.470 7 WARNING neutron.quota.resource_registry [None req-711ce703-8c60-4e90-8889-e55806cf5f1d - - - - - -] ipsecpolicy is already registered
2026-05-04 18:44:58.471 7 INFO neutron.quota.resource_registry [None req-711ce703-8c60-4e90-8889-e55806cf5f1d - - - - - -] Creating instance of CountableResource for resource:ikepolicy
2026-05-04 18:44:58.471 7 WARNING neutron.quota.resource_registry [None req-711ce703-8c60-4e90-8889-e55806cf5f1d - - - - - -] ikepolicy is already registered
2026-05-04 18:44:58.476 7 INFO neutron.quota.resource_registry [None req-711ce703-8c60-4e90-8889-e55806cf5f1d - - - - - -] Creating instance of TrackedResource for resource:router
2026-05-04 18:44:58.476 7 WARNING neutron.quota.resource_registry [None req-711ce703-8c60-4e90-8889-e55806cf5f1d - - - - - -] router is already registered
2026-05-04 18:44:58.476 7 INFO neutron.quota.resource_registry [None req-711ce703-8c60-4e90-8889-e55806cf5f1d - - - - - -] Creating instance of TrackedResource for resource:floatingip
2026-05-04 18:44:58.477 7 WARNING neutron.quota.resource_registry [None req-711ce703-8c60-4e90-8889-e55806cf5f1d - - - - - -] floatingip is already registered
2026-05-04 18:44:58.481 7 INFO neutron.quota.resource_registry [None req-711ce703-8c60-4e90-8889-e55806cf5f1d - - - - - -] Creating instance of CountableResource for resource:rbac_policy
2026-05-04 18:44:58.482 7 WARNING neutron.quota.resource_registry [None req-711ce703-8c60-4e90-8889-e55806cf5f1d - - - - - -] rbac_policy is already registered
2026-05-04 18:44:58.482 7 INFO neutron.quota.resource_registry [None req-711ce703-8c60-4e90-8889-e55806cf5f1d - - - - - -] Creating instance of TrackedResource for resource:security_group
2026-05-04 18:44:58.482 7 WARNING neutron.quota.resource_registry [None req-711ce703-8c60-4e90-8889-e55806cf5f1d - - - - - -] security_group is already registered
2026-05-04 18:44:58.483 7 INFO neutron.quota.resource_registry [None req-711ce703-8c60-4e90-8889-e55806cf5f1d - - - - - -] Creating instance of TrackedResource for resource:security_group_rule
2026-05-04 18:44:58.483 7 WARNING neutron.quota.resource_registry [None req-711ce703-8c60-4e90-8889-e55806cf5f1d - - - - - -] security_group_rule is already registered
2026-05-04 18:44:58.484 7 INFO neutron.quota.resource_registry [None req-711ce703-8c60-4e90-8889-e55806cf5f1d - - - - - -] Creating instance of TrackedResource for resource:subnetpool
2026-05-04 18:44:58.484 7 WARNING neutron.quota.resource_registry [None req-711ce703-8c60-4e90-8889-e55806cf5f1d - - - - - -] subnetpool is already registered
2026-05-04 18:44:58.484 7 INFO neutron.quota.resource_registry [None req-711ce703-8c60-4e90-8889-e55806cf5f1d - - - - - -] Creating instance of CountableResource for resource:trunk
2026-05-04 18:44:58.484 7 WARNING neutron.quota.resource_registry [None req-711ce703-8c60-4e90-8889-e55806cf5f1d - - - - - -] trunk is already registered
2026-05-04 18:44:58.485 7 INFO neutron.quota.resource_registry [None req-711ce703-8c60-4e90-8889-e55806cf5f1d - - - - - -] Creating instance of CountableResource for resource:ikepolicy
2026-05-04 18:44:58.485 7 WARNING neutron.quota.resource_registry [None req-711ce703-8c60-4e90-8889-e55806cf5f1d - - - - - -] ikepolicy is already registered
2026-05-04 18:44:58.485 7 INFO neutron.quota.resource_registry [None req-711ce703-8c60-4e90-8889-e55806cf5f1d - - - - - -] Creating instance of CountableResource for resource:ipsecpolicy
2026-05-04 18:44:58.485 7 WARNING neutron.quota.resource_registry [None req-711ce703-8c60-4e90-8889-e55806cf5f1d - - - - - -] ipsecpolicy is already registered
2026-05-04 18:44:58.486 7 INFO neutron.quota.resource_registry [None req-711ce703-8c60-4e90-8889-e55806cf5f1d - - - - - -] Creating instance of CountableResource for resource:endpoint_group
2026-05-04 18:44:58.486 7 WARNING neutron.quota.resource_registry [None req-711ce703-8c60-4e90-8889-e55806cf5f1d - - - - - -] endpoint_group is already registered
2026-05-04 18:44:58.486 7 INFO neutron.quota.resource_registry [None req-711ce703-8c60-4e90-8889-e55806cf5f1d - - - - - -] Creating instance of CountableResource for resource:vpnservice
2026-05-04 18:44:58.487 7 WARNING neutron.quota.resource_registry [None req-711ce703-8c60-4e90-8889-e55806cf5f1d - - - - - -] vpnservice is already registered
2026-05-04 18:44:58.487 7 INFO neutron.quota.resource_registry [None req-711ce703-8c60-4e90-8889-e55806cf5f1d - - - - - -] Creating instance of CountableResource for resource:ipsec_site_connection
2026-05-04 18:44:58.487 7 WARNING neutron.quota.resource_registry [None req-711ce703-8c60-4e90-8889-e55806cf5f1d - - - - - -] ipsec_site_connection is already registered
2026-05-04 18:44:58.487 7 INFO neutron.quota.resource_registry [None req-711ce703-8c60-4e90-8889-e55806cf5f1d - - - - - -] Creating instance of CountableResource for resource:ipsecpolicy
2026-05-04 18:44:58.488 7 WARNING neutron.quota.resource_registry [None req-711ce703-8c60-4e90-8889-e55806cf5f1d - - - - - -] ipsecpolicy is already registered
2026-05-04 18:44:58.488 7 INFO neutron.quota.resource_registry [None req-711ce703-8c60-4e90-8889-e55806cf5f1d - - - - - -] Creating instance of CountableResource for resource:ikepolicy
2026-05-04 18:44:58.488 7 WARNING neutron.quota.resource_registry [None req-711ce703-8c60-4e90-8889-e55806cf5f1d - - - - - -] ikepolicy is already registered
2026-05-04 18:44:58.525 7 WARNING keystonemiddleware._common.config [None req-711ce703-8c60-4e90-8889-e55806cf5f1d - - - - - -] The option "audit_map_file" is not known to keystonemiddleware
2026-05-04 18:44:58.533 7 WARNING oslo_config.cfg [None req-711ce703-8c60-4e90-8889-e55806cf5f1d - - - - - -] Deprecated: Option "auth_uri" from group "keystone_authtoken" is deprecated. Use option "www_authenticate_uri" from group "keystone_authtoken".
2026-05-04 18:44:58.550 7 WARNING neutron.plugins.ml2.drivers.ovn.mech_driver.mech_driver [None req-711ce703-8c60-4e90-8889-e55806cf5f1d - - - - - -] uWSGI must provide a start time using the configuration parameter "start-time %t" in the configuration file
2026-05-04 18:44:58.552 8 INFO neutron.plugins.ml2.drivers.ovn.mech_driver.ovsdb.impl_idl_ovn [None req-3ad04b59-70bf-4f54-a487-bd10f3f11198 - - - - - -] Getting OvsdbSbOvnIdl for WorkerService with retry
2026-05-04 18:44:58.565 7 INFO neutron.db.ovn_hash_ring_db [None req-711ce703-8c60-4e90-8889-e55806cf5f1d - - - - - -] Nodes from host "neutron-server-576697b78-dtdsc" and group "mechanism_driver" removed from the Hash Ring created at
2026-05-04 18:44:58+00:00
2026-05-04 18:44:58.567 7 INFO neutron.db.ovn_hash_ring_db [None req-711ce703-8c60-4e90-8889-e55806cf5f1d - - - - - -] Node 3362f7233aed58bdbb5bc6b10edbe120 from host "neutron-server-576697b78-dtdsc" and group "mechanism_driver" added to the Hash Ring
2026-05-04 18:44:58.574 8 INFO ovsdbapp.backend.ovs_idl.vlog [None req-3ad04b59-70bf-4f54-a487-bd10f3f11198 - - - - - -] tcp:10.111.117.132:6642: connecting...
2026-05-04 18:44:58.574 8 INFO ovsdbapp.backend.ovs_idl.vlog [None req-3ad04b59-70bf-4f54-a487-bd10f3f11198 - - - - - -] tcp:10.111.117.132:6642: connected
2026-05-04 18:44:58.575 7 INFO neutron.plugins.ml2.drivers.ovn.mech_driver.mech_driver [None req-711ce703-8c60-4e90-8889-e55806cf5f1d - - - - - -] Hash Ring probing thread for node 3362f7233aed58bdbb5bc6b10edbe120 has started
2026-05-04 18:44:58.576 7 INFO neutron.plugins.ml2.drivers.ovn.mech_driver.ovsdb.impl_idl_ovn [None req-711ce703-8c60-4e90-8889-e55806cf5f1d - - - - - -] Getting OvsdbNbOvnIdl for WorkerService with retry
2026-05-04 18:44:58.605 8 INFO neutron.plugins.ml2.drivers.ovn.mech_driver.mech_driver [None req-3ad04b59-70bf-4f54-a487-bd10f3f11198 - - - - - -] WorkerService process has finished the post initialization
2026-05-04 18:44:58.611 7 INFO ovsdbapp.backend.ovs_idl.vlog [None req-711ce703-8c60-4e90-8889-e55806cf5f1d - - - - - -] tcp:10.108.234.161:6641: connecting...
2026-05-04 18:44:58.611 7 INFO ovsdbapp.backend.ovs_idl.vlog [None req-711ce703-8c60-4e90-8889-e55806cf5f1d - - - - - -] tcp:10.108.234.161:6641: connected
2026-05-04 18:44:58.631 8 INFO ovsdbapp.backend.ovs_idl.vlog [None req-3ad04b59-70bf-4f54-a487-bd10f3f11198 - - - - - -] tcp:10.108.234.161:6641: connecting...
2026-05-04 18:44:58.631 8 INFO ovsdbapp.backend.ovs_idl.vlog [None req-3ad04b59-70bf-4f54-a487-bd10f3f11198 - - - - - -] tcp:10.108.234.161:6641: connected
2026-05-04 18:44:58.652 7 INFO neutron.plugins.ml2.drivers.ovn.mech_driver.ovsdb.impl_idl_ovn [None req-711ce703-8c60-4e90-8889-e55806cf5f1d - - - - - -] Getting OvsdbSbOvnIdl for WorkerService with retry
2026-05-04 18:44:58.675 7 INFO ovsdbapp.backend.ovs_idl.vlog [None req-711ce703-8c60-4e90-8889-e55806cf5f1d - - - - - -] tcp:10.111.117.132:6642: connecting...
2026-05-04 18:44:58.675 7 INFO ovsdbapp.backend.ovs_idl.vlog [None req-711ce703-8c60-4e90-8889-e55806cf5f1d - - - - - -] tcp:10.111.117.132:6642: connected
2026-05-04 18:44:58.681 8 INFO ovsdbapp.backend.ovs_idl.vlog [None req-3ad04b59-70bf-4f54-a487-bd10f3f11198 - - - - - -] tcp:10.108.234.161:6641: connecting...
2026-05-04 18:44:58.681 8 INFO ovsdbapp.backend.ovs_idl.vlog [None req-3ad04b59-70bf-4f54-a487-bd10f3f11198 - - - - - -] tcp:10.108.234.161:6641: connected
2026-05-04 18:44:58.708 7 INFO neutron.plugins.ml2.drivers.ovn.mech_driver.mech_driver [None req-711ce703-8c60-4e90-8889-e55806cf5f1d - - - - - -] WorkerService process has finished the post initialization
2026-05-04 18:44:58.709 7 INFO neutron.plugins.ml2.drivers.ovn.mech_driver.ovsdb.extensions.qos [-] Starting OVNClientQosExtension
2026-05-04 18:44:58.709 7 INFO neutron.plugins.ml2.drivers.ovn.mech_driver.ovsdb.extensions.placement [-] Starting OVNClientPlacementExtension WSGI app 0 (mountpoint='') ready in 10 seconds on interpreter 0x7fe042150668 pid: 8 (default app)
2026-05-04 18:44:58.734 7 INFO ovsdbapp.backend.ovs_idl.vlog [None req-711ce703-8c60-4e90-8889-e55806cf5f1d - - - - - -] tcp:10.108.234.161:6641: connecting...
2026-05-04 18:44:58.735 7 INFO ovsdbapp.backend.ovs_idl.vlog [None req-711ce703-8c60-4e90-8889-e55806cf5f1d - - - - - -] tcp:10.108.234.161:6641: connected
2026-05-04 18:44:58.779 7 INFO ovsdbapp.backend.ovs_idl.vlog [None req-711ce703-8c60-4e90-8889-e55806cf5f1d - - - - - -] tcp:10.108.234.161:6641: connecting...
2026-05-04 18:44:58.780 7 INFO ovsdbapp.backend.ovs_idl.vlog [None req-711ce703-8c60-4e90-8889-e55806cf5f1d - - - - - -] tcp:10.108.234.161:6641: connected WSGI app 0 (mountpoint='') ready in 10 seconds on interpreter 0x7fe042150668 pid: 7 (default app) /var/lib/openstack/lib/python3.12/site-packages/pycadf/identifier.py:70: UserWarning: Invalid uuid: unknown. To ensure interoperability, identifiers should be a valid uuid. warnings.warn(('Invalid uuid: %s. To ensure interoperability, '
2026-05-04 18:45:00.997 8 INFO neutron.pecan_wsgi.hooks.translation [None req-9aa7e638-73f0-42ef-81d9-1ff2f4ab9e39 4e690d02db574f24adf4c882b3029ba0 9ed3577fdb5845779c549b8a10a0b71f - - default default] GET failed (client error): The resource could not be found. [pid: 8|app: 0|req: 3/3] 199.19.213.215 () {44 vars in 927 bytes} [Mon May 4 18:45:00 2026] GET /v2.0/networks/public => generated 108 bytes in 782 msecs (HTTP/1.1 404) 4 headers in 164 bytes (1 switches on core 0) /var/lib/openstack/lib/python3.12/site-packages/pycadf/identifier.py:70: UserWarning: Invalid uuid: unknown. To ensure interoperability, identifiers should be a valid uuid. warnings.warn(('Invalid uuid: %s. To ensure interoperability, ' [pid: 7|app: 0|req: 1/4] 199.19.213.215 () {44 vars in 949 bytes} [Mon May 4 18:45:01 2026] GET /v2.0/networks?name=public => generated 15 bytes in 357 msecs (HTTP/1.1 200) 4 headers in 156 bytes (1 switches on core 0)
2026-05-04 18:45:01.663 8 INFO neutron.plugins.ml2.drivers.ovn.mech_driver.ovsdb.extensions.qos [None req-8af40b10-aac8-47e5-bd6f-e6f03de3cfdc 4e690d02db574f24adf4c882b3029ba0 9ed3577fdb5845779c549b8a10a0b71f - - default default] Starting OVNClientQosExtension
2026-05-04 18:45:01.664 8 INFO neutron.plugins.ml2.drivers.ovn.mech_driver.ovsdb.extensions.placement [None req-8af40b10-aac8-47e5-bd6f-e6f03de3cfdc 4e690d02db574f24adf4c882b3029ba0 9ed3577fdb5845779c549b8a10a0b71f - - default default] Starting OVNClientPlacementExtension
2026-05-04 18:45:01.701 8 INFO neutron.db.ovn_revision_numbers_db [None req-8af40b10-aac8-47e5-bd6f-e6f03de3cfdc 4e690d02db574f24adf4c882b3029ba0 9ed3577fdb5845779c549b8a10a0b71f - - default default] Successfully bumped revision number for resource a4cfec5e-b1de-4c85-b0ea-49b4d8e4f115 (type: security_groups) to 1
2026-05-04 18:45:01.715 8 INFO neutron.db.ovn_revision_numbers_db [None req-8af40b10-aac8-47e5-bd6f-e6f03de3cfdc 4e690d02db574f24adf4c882b3029ba0 9ed3577fdb5845779c549b8a10a0b71f - - default default] Successfully bumped revision number for resource 9c5e4a6a-d41c-4591-8134-afa56816ca5a (type: security_group_rules) to 0
2026-05-04 18:45:01.725 8 INFO neutron.db.ovn_revision_numbers_db [None req-8af40b10-aac8-47e5-bd6f-e6f03de3cfdc 4e690d02db574f24adf4c882b3029ba0 9ed3577fdb5845779c549b8a10a0b71f - - default default] Successfully bumped revision number for resource a3362bf9-f2af-41ee-8283-fe656d6fb6bd (type: security_group_rules) to 0
2026-05-04 18:45:01.735 8 INFO neutron.db.ovn_revision_numbers_db [None req-8af40b10-aac8-47e5-bd6f-e6f03de3cfdc 4e690d02db574f24adf4c882b3029ba0 9ed3577fdb5845779c549b8a10a0b71f - - default default] Successfully bumped revision number for resource cd8e0fc9-8a3e-4a0a-b16a-7c85cdcc9caf (type: security_group_rules) to 0
2026-05-04 18:45:01.749 8 INFO neutron.db.ovn_revision_numbers_db [None req-8af40b10-aac8-47e5-bd6f-e6f03de3cfdc 4e690d02db574f24adf4c882b3029ba0 9ed3577fdb5845779c549b8a10a0b71f - - default default] Successfully bumped revision number for resource e0078ac5-713a-4768-9e66-4964480d9112 (type: security_group_rules) to 0
2026-05-04 18:45:01.835 8 WARNING neutron.services.revisions.revision_plugin [None req-8af40b10-aac8-47e5-bd6f-e6f03de3cfdc 4e690d02db574f24adf4c882b3029ba0 9ed3577fdb5845779c549b8a10a0b71f - - default default] Could not find related network for resource to bump revision.
2026-05-04 18:45:01.862 8 INFO neutron.db.segments_db [None req-8af40b10-aac8-47e5-bd6f-e6f03de3cfdc 4e690d02db574f24adf4c882b3029ba0 9ed3577fdb5845779c549b8a10a0b71f - - default default] Added segment 01d2a8a5-3814-4a37-a2d6-afbf87bae4a3 of type flat for network ab06c77a-783c-44a6-8511-2eb95e0504e1
2026-05-04 18:45:02.025 8 INFO neutron.plugins.ml2.drivers.ovn.mech_driver.mech_driver [-] OVN reports status down for port: provnet-01d2a8a5-3814-4a37-a2d6-afbf87bae4a3
2026-05-04 18:45:02.075 8 INFO neutron.db.ovn_revision_numbers_db [None req-8af40b10-aac8-47e5-bd6f-e6f03de3cfdc 4e690d02db574f24adf4c882b3029ba0 9ed3577fdb5845779c549b8a10a0b71f - - default default] Successfully bumped revision number for resource ab06c77a-783c-44a6-8511-2eb95e0504e1 (type: networks) to 1
2026-05-04 18:45:02.336 8 WARNING neutron.scheduler.dhcp_agent_scheduler [None req-8af40b10-aac8-47e5-bd6f-e6f03de3cfdc 4e690d02db574f24adf4c882b3029ba0 9ed3577fdb5845779c549b8a10a0b71f - - default default] No more DHCP agents
2026-05-04 18:45:02.338 8 WARNING neutron.api.rpc.agentnotifiers.dhcp_rpc_agent_api [None req-8af40b10-aac8-47e5-bd6f-e6f03de3cfdc 4e690d02db574f24adf4c882b3029ba0 9ed3577fdb5845779c549b8a10a0b71f - - default default] Unable to schedule network ab06c77a-783c-44a6-8511-2eb95e0504e1: no agents available; will retry on subsequent port and subnet creation events.
2026-05-04 18:45:02.579 8 INFO neutron.plugins.ml2.drivers.ovn.mech_driver.mech_driver [None req-fb8def8d-87ff-44d3-a43f-36b97c258a6b - - - - - -] OVN reports status down for port: 56702812-4602-425b-ac31-61c6ae6358fb
2026-05-04 18:45:02.651 8 INFO neutron.db.ovn_revision_numbers_db [None req-8af40b10-aac8-47e5-bd6f-e6f03de3cfdc 4e690d02db574f24adf4c882b3029ba0 9ed3577fdb5845779c549b8a10a0b71f - - default default] Successfully bumped revision number for resource 56702812-4602-425b-ac31-61c6ae6358fb (type: ports) to 1 [pid: 8|app: 0|req: 4/5] 199.19.213.215 () {48 vars in 967 bytes} [Mon May 4 18:45:01 2026] POST /v2.0/networks => generated 744 bytes in 1350 msecs (HTTP/1.1 201) 4 headers in 162 bytes (1 switches on core 0)
2026-05-04 18:45:03.714 8 INFO neutron.pecan_wsgi.hooks.translation [None req-a815649f-610a-47e4-ac79-fe0617ef9795 4e690d02db574f24adf4c882b3029ba0 9ed3577fdb5845779c549b8a10a0b71f - - default default] GET failed (client error): The resource could not be found. [pid: 8|app: 0|req: 5/7] 199.19.213.215 () {44 vars in 927 bytes} [Mon May 4 18:45:03 2026] GET /v2.0/networks/public => generated 108 bytes in 25 msecs (HTTP/1.1 404) 4 headers in 164 bytes (1 switches on core 0) [pid: 7|app: 0|req: 3/8] 199.19.213.215 () {44 vars in 949 bytes} [Mon May 4 18:45:03 2026] GET /v2.0/networks?name=public => generated 753 bytes in 213 msecs (HTTP/1.1 200) 4 headers in 157 bytes (1 switches on core 0)
2026-05-04 18:45:03.972 8 INFO neutron.pecan_wsgi.hooks.translation [None req-0cb86b65-8958-49ca-9be7-f1416af26445 4e690d02db574f24adf4c882b3029ba0 9ed3577fdb5845779c549b8a10a0b71f - - default default] GET failed (client error): The resource could not be found. [pid: 8|app: 0|req: 6/9] 199.19.213.215 () {44 vars in 1034 bytes} [Mon May 4 18:45:03 2026] GET /v2.0/subnets/public-subnet?network_id=ab06c77a-783c-44a6-8511-2eb95e0504e1 => generated 113 bytes in 34 msecs (HTTP/1.1 404) 4 headers in 164 bytes (1 switches on core 0) [pid: 7|app: 0|req: 4/10] 199.19.213.215 () {44 vars in 1057 bytes} [Mon May 4 18:45:03 2026] GET /v2.0/subnets?name=public-subnet&network_id=ab06c77a-783c-44a6-8511-2eb95e0504e1 => generated 14 bytes in 26 msecs (HTTP/1.1 200) 4 headers in 156 bytes (1 switches on core 0)
2026-05-04 18:45:04.194 8 WARNING neutron.scheduler.dhcp_agent_scheduler [None req-a822d069-7711-4e4d-b3c6-ad8729da0979 4e690d02db574f24adf4c882b3029ba0 9ed3577fdb5845779c549b8a10a0b71f - - default default] No more DHCP agents
2026-05-04 18:45:04.195 8 WARNING neutron.api.rpc.agentnotifiers.dhcp_rpc_agent_api [None req-a822d069-7711-4e4d-b3c6-ad8729da0979 4e690d02db574f24adf4c882b3029ba0 9ed3577fdb5845779c549b8a10a0b71f - - default default] Unable to schedule network ab06c77a-783c-44a6-8511-2eb95e0504e1: no agents available; will retry on subsequent port and subnet creation events.
2026-05-04 18:45:04.656 8 INFO neutron.db.ovn_revision_numbers_db [None req-3a4ad83a-499d-40fb-b772-72899250e5d5 - - - - - -] Successfully bumped revision number for resource 56702812-4602-425b-ac31-61c6ae6358fb (type: ports) to 2
2026-05-04 18:45:04.692 8 INFO neutron.db.ovn_revision_numbers_db [None req-3a4ad83a-499d-40fb-b772-72899250e5d5 - - - - - -] Successfully bumped revision number for resource 76cfe70b-43db-40ee-b11b-970c84137f7d (type: subnets) to 0 [pid: 8|app: 0|req: 7/11] 199.19.213.215 () {48 vars in 965 bytes} [Mon May 4 18:45:04 2026] POST /v2.0/subnets => generated 664 bytes in 698 msecs (HTTP/1.1 201) 4 headers in 162 bytes (1 switches on core 0)
2026-05-04 18:49:51.969 8 INFO neutron.pecan_wsgi.hooks.translation [None req-aa3b6979-2eef-425a-9cf3-e583e264987a 4e690d02db574f24adf4c882b3029ba0 9ed3577fdb5845779c549b8a10a0b71f - - default default] GET failed (client error): The resource could not be found. [pid: 8|app: 0|req: 26/48] 199.19.213.215 () {44 vars in 937 bytes} [Mon May 4 18:49:51 2026] GET /v2.0/networks/lb-mgmt-net => generated 113 bytes in 120 msecs (HTTP/1.1 404) 4 headers in 164 bytes (1 switches on core 0) [pid: 7|app: 0|req: 23/49] 199.19.213.215 () {44 vars in 959 bytes} [Mon May 4 18:49:51 2026] GET /v2.0/networks?name=lb-mgmt-net => generated 15 bytes in 16 msecs (HTTP/1.1 200) 4 headers in 156 bytes (1 switches on core 0)
2026-05-04 18:49:52.093 8 INFO neutron.db.segments_db [None req-a3fbee83-a41e-404e-a133-d781ffa854c8 4e690d02db574f24adf4c882b3029ba0 9ed3577fdb5845779c549b8a10a0b71f - - default default] Added segment 61982da0-5516-470c-923c-9fd03dbf4b3c of type geneve for network 038bd806-239c-4575-a406-7635af2c3a07
2026-05-04 18:49:52.230 8 INFO neutron.db.ovn_revision_numbers_db [None req-a3fbee83-a41e-404e-a133-d781ffa854c8 4e690d02db574f24adf4c882b3029ba0 9ed3577fdb5845779c549b8a10a0b71f - - default default] Successfully bumped revision number for resource 038bd806-239c-4575-a406-7635af2c3a07 (type: networks) to 1
