2026-05-04 19:19:14.572 7 INFO neutron.db.ovn_revision_numbers_db [None req-4764350e-0ea6-4a75-b526-cf077a84b13b 4e690d02db574f24adf4c882b3029ba0 9ed3577fdb5845779c549b8a10a0b71f - - default default] Successfully bumped revision number for resource 6511f2a7-32f7-48c6-ac97-dde40ae0d1f6 (type: security_group_rules) to 0
2026-05-04 19:19:14.588 7 INFO neutron.db.ovn_revision_numbers_db [None req-4764350e-0ea6-4a75-b526-cf077a84b13b 4e690d02db574f24adf4c882b3029ba0 9ed3577fdb5845779c549b8a10a0b71f - - default default] Successfully bumped revision number for resource 745fef17-ca58-4c6e-8cd4-f3732d6a1dbf (type: security_group_rules) to 0
2026-05-04 19:19:14.609 7 INFO neutron.db.ovn_revision_numbers_db [None req-4764350e-0ea6-4a75-b526-cf077a84b13b 4e690d02db574f24adf4c882b3029ba0 9ed3577fdb5845779c549b8a10a0b71f - - default default] Successfully bumped revision number for resource 8adeb7c7-5f36-4e05-8053-b695c15784ab (type: security_group_rules) to 0
2026-05-04 19:19:14.627 7 INFO neutron.db.ovn_revision_numbers_db [None req-4764350e-0ea6-4a75-b526-cf077a84b13b 4e690d02db574f24adf4c882b3029ba0 9ed3577fdb5845779c549b8a10a0b71f - - default default] Successfully bumped revision number for resource e7d3d031-9c9d-4480-ad9b-1effa7ebe10f (type: security_group_rules) to 0 [pid: 7|app: 0|req: 745/1444] 10.0.0.52 () {32 vars in 772 bytes} [Mon May 4 19:19:14 2026] GET /v2.0/security-groups?tenant_id=1b8ba4a26ecf42c7bc4741988e6b97ef&name=default => generated 2925 bytes in 433 msecs (HTTP/1.1 200) 4 headers in 158 bytes (1 switches on core 0) [pid: 8|app: 0|req: 700/1445] 10.0.0.52 () {32 vars in 724 bytes} [Mon May 4 19:19:14 2026] DELETE /v2.0/networks/3daf235a-e3e6-4226-b285-e788ddc6ae30 => generated 0 bytes in 391 msecs (HTTP/1.1 204) 3 headers in 131 bytes (1 switches on core 0) [pid: 7|app: 0|req: 746/1446] 10.0.0.52 () {32 vars in 738 bytes} [Mon May 4 19:19:14 2026] DELETE /v2.0/security-groups/b6bca6d0-9bce-4a34-8f07-452afa48fbba => generated 0 bytes in 250 msecs (HTTP/1.1 204) 2 headers in 112 bytes (1 switches on core 0) [pid: 8|app: 0|req: 701/1447] 10.0.0.52 () {32 vars in 738 bytes} [Mon May 4 19:19:14 2026] DELETE /v2.0/security-groups/fd53ad52-9d85-4dfa-ad79-81d64db6e6da => generated 0 bytes in 134 msecs (HTTP/1.1 204) 2 headers in 112 bytes (1 switches on core 0)
2026-05-04 19:19:14.951 8 INFO neutron.api.v2.resource [None req-61d9efce-5e57-4d36-835a-466768836374 d792980fcc7c436fb1aedb92b073d532 62318b14e3974fcc95f4470f73721f86 - - default default] show failed (client error): The resource could not be found. [pid: 8|app: 0|req: 702/1448] 10.0.0.52 () {32 vars in 735 bytes} [Mon May 4 19:19:14 2026] GET /v2.0/security-groups/fd53ad52-9d85-4dfa-ad79-81d64db6e6da => generated 146 bytes in 13 msecs (HTTP/1.1 404) 4 headers in 164 bytes (1 switches on core 0)
2026-05-04 19:19:15.040 7 INFO neutron_taas.services.taas.taas_plugin [None req-23d93828-7a31-4161-b3de-5724fc6c599d 08fa271f113b4b6aba0a2851d07e9cd4 47d691af6f7b4a22b5c28f2f31d7af93 - - default default] TaaS: Handle Delete Port: 50c9e823-1759-4294-85df-71b0faea0c6a
2026-05-04 19:19:15.044 7 INFO neutron_taas.services.taas.tap_mirror_plugin [None req-23d93828-7a31-4161-b3de-5724fc6c599d 08fa271f113b4b6aba0a2851d07e9cd4 47d691af6f7b4a22b5c28f2f31d7af93 - - default default] Tap Mirror: Handle Delete Port: 50c9e823-1759-4294-85df-71b0faea0c6a
2026-05-04 19:19:15.077 8 INFO neutron_taas.services.taas.taas_plugin [None req-d04f0e14-638b-401a-a9c9-a05382945738 d792980fcc7c436fb1aedb92b073d532 62318b14e3974fcc95f4470f73721f86 - - default default] TaaS: Handle Delete Port: b7b471cf-31b4-4184-ba40-bd18cae5a9bd
2026-05-04 19:19:15.080 8 INFO neutron_taas.services.taas.tap_mirror_plugin [None req-d04f0e14-638b-401a-a9c9-a05382945738 d792980fcc7c436fb1aedb92b073d532 62318b14e3974fcc95f4470f73721f86 - - default default] Tap Mirror: Handle Delete Port: b7b471cf-31b4-4184-ba40-bd18cae5a9bd
2026-05-04 19:19:15.222 7 INFO neutron.services.segments.plugin [-] Segment a18ac5e2-3b87-4b77-bb19-9fcd51f1381a resource provider aggregate not found [pid: 8|app: 0|req: 703/1449] 10.0.0.52 () {32 vars in 730 bytes} [Mon May 4 19:19:14 2026] DELETE /v2.0/floatingips/5fbc500e-5de7-49bc-aef0-9108629a2f77 => generated 0 bytes in 267 msecs (HTTP/1.1 204) 2 headers in 112 bytes (1 switches on core 0)
2026-05-04 19:19:15.232 7 INFO neutron.services.segments.plugin [-] Segment a18ac5e2-3b87-4b77-bb19-9fcd51f1381a resource provider aggregate not found
2026-05-04 19:19:15.248 7 INFO neutron.services.segments.plugin [-] Segment a18ac5e2-3b87-4b77-bb19-9fcd51f1381a resource provider not found; error: Placement Client Error (4xx): {"errors": [{"status": 404, "title": "Not Found", "detail": "The resource could not be found.\n\n No resource provider with uuid a18ac5e2-3b87-4b77-bb19-9fcd51f1381a found for delete ", "request_id": "req-68ffd66d-4788-4a74-a957-92aa82f04a4d"}]}
2026-05-04 19:19:15.251 7 INFO neutron.services.segments.plugin [-] Segment a18ac5e2-3b87-4b77-bb19-9fcd51f1381a resource provider not found; error: Placement Client Error (4xx): {"errors": [{"status": 404, "title": "Not Found", "detail": "The resource could not be found.\n\n No resource provider with uuid a18ac5e2-3b87-4b77-bb19-9fcd51f1381a found for delete ", "request_id": "req-858f59ef-d754-4c87-a46f-8852cde28667"}]} [pid: 7|app: 0|req: 747/1450] 10.0.0.52 () {32 vars in 724 bytes} [Mon May 4 19:19:14 2026] DELETE /v2.0/networks/48754794-2d63-46ce-a2c6-d7b638ad4e9b => generated 0 bytes in 359 msecs (HTTP/1.1 204) 3 headers in 131 bytes (1 switches on core 0)
2026-05-04 19:19:15.343 8 INFO neutron.db.ovn_revision_numbers_db [None req-0a729809-7ab5-4512-9c2f-78ab9f1c50cc 4e690d02db574f24adf4c882b3029ba0 9ed3577fdb5845779c549b8a10a0b71f - - default default] Successfully bumped revision number for resource 8d6c93d4-49c8-4acc-a0fc-e7181792cbfc (type: security_groups) to 1
2026-05-04 19:19:15.357 8 INFO neutron.db.ovn_revision_numbers_db [None req-0a729809-7ab5-4512-9c2f-78ab9f1c50cc 4e690d02db574f24adf4c882b3029ba0 9ed3577fdb5845779c549b8a10a0b71f - - default default] Successfully bumped revision number for resource 142aa14c-be1a-4e59-9f72-fac589e6f7ba (type: security_group_rules) to 0
2026-05-04 19:19:15.367 8 INFO neutron.db.ovn_revision_numbers_db [None req-0a729809-7ab5-4512-9c2f-78ab9f1c50cc 4e690d02db574f24adf4c882b3029ba0 9ed3577fdb5845779c549b8a10a0b71f - - default default] Successfully bumped revision number for resource 183b6227-3778-40bd-b4fb-bc673e9e55de (type: security_group_rules) to 0
2026-05-04 19:19:15.379 8 INFO neutron.db.ovn_revision_numbers_db [None req-0a729809-7ab5-4512-9c2f-78ab9f1c50cc 4e690d02db574f24adf4c882b3029ba0 9ed3577fdb5845779c549b8a10a0b71f - - default default] Successfully bumped revision number for resource 3e0811d2-1d2b-4307-b314-66d3fe3449b2 (type: security_group_rules) to 0
2026-05-04 19:19:15.390 8 INFO neutron.db.ovn_revision_numbers_db [None req-0a729809-7ab5-4512-9c2f-78ab9f1c50cc 4e690d02db574f24adf4c882b3029ba0 9ed3577fdb5845779c549b8a10a0b71f - - default default] Successfully bumped revision number for resource d7333ef6-75b3-46a1-88ed-1b75850564a3 (type: security_group_rules) to 0 [pid: 8|app: 0|req: 704/1451] 10.0.0.52 () {32 vars in 772 bytes} [Mon May 4 19:19:15 2026] GET /v2.0/security-groups?tenant_id=a94a02e6c6dd4846bee9771146944c48&name=default => generated 2925 bytes in 200 msecs (HTTP/1.1 200) 4 headers in 158 bytes (1 switches on core 0)
2026-05-04 19:19:15.532 8 INFO neutron_taas.services.taas.taas_plugin [None req-71456ed7-1411-40e6-ad74-8f41671fa613 08fa271f113b4b6aba0a2851d07e9cd4 47d691af6f7b4a22b5c28f2f31d7af93 - - default default] TaaS: Handle Delete Port: 36d9e91b-c97b-4d48-913d-b0326e5a2780
2026-05-04 19:19:15.534 8 INFO neutron_taas.services.taas.tap_mirror_plugin [None req-71456ed7-1411-40e6-ad74-8f41671fa613 08fa271f113b4b6aba0a2851d07e9cd4 47d691af6f7b4a22b5c28f2f31d7af93 - - default default] Tap Mirror: Handle Delete Port: 36d9e91b-c97b-4d48-913d-b0326e5a2780
2026-05-04 19:19:15.558 7 INFO neutron_taas.services.taas.taas_plugin [None req-adeb83db-ed2c-4604-b663-3772ff93af96 4e690d02db574f24adf4c882b3029ba0 9ed3577fdb5845779c549b8a10a0b71f - - default default] TaaS: Handle Delete Port: f554a7db-a4d8-43f0-9a95-b28e05dfd83f
2026-05-04 19:19:15.564 7 INFO neutron_taas.services.taas.tap_mirror_plugin [None req-adeb83db-ed2c-4604-b663-3772ff93af96 4e690d02db574f24adf4c882b3029ba0 9ed3577fdb5845779c549b8a10a0b71f - - default default] Tap Mirror: Handle Delete Port: f554a7db-a4d8-43f0-9a95-b28e05dfd83f [pid: 8|app: 0|req: 705/1452] 10.0.0.52 () {32 vars in 724 bytes} [Mon May 4 19:19:15 2026] DELETE /v2.0/networks/32d12be3-fbe2-4066-9b52-c8fda8e99844 => generated 0 bytes in 311 msecs (HTTP/1.1 204) 3 headers in 131 bytes (1 switches on core 0) [pid: 8|app: 0|req: 706/1453] 10.0.0.52 () {32 vars in 738 bytes} [Mon May 4 19:19:15 2026] DELETE /v2.0/security-groups/8d6c93d4-49c8-4acc-a0fc-e7181792cbfc => generated 0 bytes in 221 msecs (HTTP/1.1 204) 2 headers in 112 bytes (1 switches on core 0) [pid: 7|app: 0|req: 748/1454] 10.0.0.52 () {34 vars in 787 bytes} [Mon May 4 19:19:15 2026] PUT /v2.0/routers/8400b74d-fa89-4d0a-a1da-957eb4e423cb/remove_router_interface => generated 309 bytes in 932 msecs (HTTP/1.1 200) 4 headers in 157 bytes (1 switches on core 0) /var/lib/openstack/lib/python3.12/site-packages/pycadf/identifier.py:70: UserWarning: Invalid uuid: neutron. To ensure interoperability, identifiers should be a valid uuid. warnings.warn(('Invalid uuid: %s. To ensure interoperability, '
2026-05-04 19:19:16.294 8 INFO neutron.db.ovn_revision_numbers_db [None req-8e361806-93c0-448c-aacf-1626dacf354b 69c4bd60e989441db3ebe839b0ca73a9 727b5f97ab0441c6b18bc212946c7e01 - - default default] Successfully bumped revision number for resource b8c93098-e76e-4164-83c4-9a1c7334f49b (type: security_groups) to 1
2026-05-04 19:19:16.308 8 INFO neutron.db.ovn_revision_numbers_db [None req-8e361806-93c0-448c-aacf-1626dacf354b 69c4bd60e989441db3ebe839b0ca73a9 727b5f97ab0441c6b18bc212946c7e01 - - default default] Successfully bumped revision number for resource 041d838e-9f30-4825-a976-8898d77b57f4 (type: security_group_rules) to 0
2026-05-04 19:19:16.323 8 INFO neutron.db.ovn_revision_numbers_db [None req-8e361806-93c0-448c-aacf-1626dacf354b 69c4bd60e989441db3ebe839b0ca73a9 727b5f97ab0441c6b18bc212946c7e01 - - default default] Successfully bumped revision number for resource 2aa82534-26ee-4808-ba71-93b8a3dac225 (type: security_group_rules) to 0
2026-05-04 19:19:16.335 8 INFO neutron.db.ovn_revision_numbers_db [None req-8e361806-93c0-448c-aacf-1626dacf354b 69c4bd60e989441db3ebe839b0ca73a9 727b5f97ab0441c6b18bc212946c7e01 - - default default] Successfully bumped revision number for resource 591b60f6-1698-4fae-818a-f3f6b1bcc136 (type: security_group_rules) to 0
2026-05-04 19:19:16.347 8 INFO neutron.db.ovn_revision_numbers_db [None req-8e361806-93c0-448c-aacf-1626dacf354b 69c4bd60e989441db3ebe839b0ca73a9 727b5f97ab0441c6b18bc212946c7e01 - - default default] Successfully bumped revision number for resource 90194992-adf7-430b-9b36-85f75062897c (type: security_group_rules) to 0
2026-05-04 19:19:16.412 8 INFO neutron.services.segments.plugin [-] Segment 58f5b711-dc51-4349-8a65-2fed8609c66c resource provider aggregate not found
2026-05-04 19:19:16.416 8 INFO neutron.services.segments.plugin [-] Segment 58f5b711-dc51-4349-8a65-2fed8609c66c resource provider aggregate not found
2026-05-04 19:19:16.429 8 INFO neutron.services.segments.plugin [-] Segment 58f5b711-dc51-4349-8a65-2fed8609c66c resource provider not found; error: Placement Client Error (4xx): {"errors": [{"status": 404, "title": "Not Found", "detail": "The resource could not be found.\n\n No resource provider with uuid 58f5b711-dc51-4349-8a65-2fed8609c66c found for delete ", "request_id": "req-0e89434e-7190-4208-836e-8ac362229292"}]}
2026-05-04 19:19:16.436 8 INFO neutron.services.segments.plugin [-] Segment 58f5b711-dc51-4349-8a65-2fed8609c66c resource provider not found; error: Placement Client Error (4xx): {"errors": [{"status": 404, "title": "Not Found", "detail": "The resource could not be found.\n\n No resource provider with uuid 58f5b711-dc51-4349-8a65-2fed8609c66c found for delete ", "request_id": "req-c2e0436b-e0fd-42b5-8571-649604c42518"}]}
2026-05-04 19:19:16.447 8 INFO neutron.services.segments.plugin [-] Segment c819eb0d-a59d-4c31-83ee-9ac865004774 resource provider aggregate not found
2026-05-04 19:19:16.447 8 INFO neutron.db.segments_db [None req-8e361806-93c0-448c-aacf-1626dacf354b 69c4bd60e989441db3ebe839b0ca73a9 727b5f97ab0441c6b18bc212946c7e01 - - default default] Added segment 7e98e927-a16d-4486-bc3a-0e7f4fcca08f of type geneve for network 6533625e-4cd2-406b-9442-c0afc8c95822
2026-05-04 19:19:16.462 8 INFO neutron.services.segments.plugin [-] Segment c819eb0d-a59d-4c31-83ee-9ac865004774 resource provider aggregate not found
2026-05-04 19:19:16.462 8 INFO neutron.services.segments.plugin [-] Segment c819eb0d-a59d-4c31-83ee-9ac865004774 resource provider not found; error: Placement Client Error (4xx): {"errors": [{"status": 404, "title": "Not Found", "detail": "The resource could not be found.\n\n No resource provider with uuid c819eb0d-a59d-4c31-83ee-9ac865004774 found for delete ", "request_id": "req-34d293f2-cbab-4851-964b-aa90d60e4ffb"}]}
2026-05-04 19:19:16.484 8 INFO neutron.services.segments.plugin [-] Segment c819eb0d-a59d-4c31-83ee-9ac865004774 resource provider not found; error: Placement Client Error (4xx): {"errors": [{"status": 404, "title": "Not Found", "detail": "The resource could not be found.\n\n No resource provider with uuid c819eb0d-a59d-4c31-83ee-9ac865004774 found for delete ", "request_id": "req-41c9a434-d737-4fb3-a8dd-65d1cc2de706"}]}
2026-05-04 19:19:16.540 7 INFO neutron_taas.services.taas.taas_plugin [None req-b8ad3b81-1e6c-4729-b8f6-070458088d51 4e690d02db574f24adf4c882b3029ba0 9ed3577fdb5845779c549b8a10a0b71f - - default default] TaaS: Handle Delete Port: 8010ec6b-ef99-4a84-959f-3a0602d4d252
2026-05-04 19:19:16.543 7 INFO neutron_taas.services.taas.tap_mirror_plugin [None req-b8ad3b81-1e6c-4729-b8f6-070458088d51 4e690d02db574f24adf4c882b3029ba0 9ed3577fdb5845779c549b8a10a0b71f - - default default] Tap Mirror: Handle Delete Port: 8010ec6b-ef99-4a84-959f-3a0602d4d252
2026-05-04 19:19:16.551 8 INFO neutron.db.segments_db [None req-8e361806-93c0-448c-aacf-1626dacf354b 69c4bd60e989441db3ebe839b0ca73a9 727b5f97ab0441c6b18bc212946c7e01 - - default default] Added segment c3f8d0e6-6bc6-4e21-bcdd-1036b420b8d0 of type geneve for network b340faaf-65bb-49d2-988b-b50f258b1135
2026-05-04 19:19:16.658 8 INFO neutron.db.ovn_revision_numbers_db [None req-8e361806-93c0-448c-aacf-1626dacf354b 69c4bd60e989441db3ebe839b0ca73a9 727b5f97ab0441c6b18bc212946c7e01 - - default default] Successfully bumped revision number for resource 6533625e-4cd2-406b-9442-c0afc8c95822 (type: networks) to 1
2026-05-04 19:19:16.813 8 WARNING neutron.scheduler.dhcp_agent_scheduler [None req-8e361806-93c0-448c-aacf-1626dacf354b 69c4bd60e989441db3ebe839b0ca73a9 727b5f97ab0441c6b18bc212946c7e01 - - default default] No more DHCP agents
2026-05-04 19:19:16.814 8 WARNING neutron.api.rpc.agentnotifiers.dhcp_rpc_agent_api [None req-8e361806-93c0-448c-aacf-1626dacf354b 69c4bd60e989441db3ebe839b0ca73a9 727b5f97ab0441c6b18bc212946c7e01 - - default default] Unable to schedule network 6533625e-4cd2-406b-9442-c0afc8c95822: no agents available; will retry on subsequent port and subnet creation events.
2026-05-04 19:19:16.861 7 INFO neutron.plugins.ml2.drivers.ovn.mech_driver.mech_driver [None req-e72c9b5e-60da-4424-a137-0ee54f848ee9 - - - - - -] OVN reports status down for port: f53a8b6a-97de-4094-8ce7-d7013088eacc
2026-05-04 19:19:16.893 8 INFO neutron.db.ovn_revision_numbers_db [None req-8e361806-93c0-448c-aacf-1626dacf354b 69c4bd60e989441db3ebe839b0ca73a9 727b5f97ab0441c6b18bc212946c7e01 - - default default] Successfully bumped revision number for resource f53a8b6a-97de-4094-8ce7-d7013088eacc (type: ports) to 1 [pid: 7|app: 0|req: 749/1455] 10.0.0.52 () {32 vars in 722 bytes} [Mon May 4 19:19:16 2026] DELETE /v2.0/routers/8400b74d-fa89-4d0a-a1da-957eb4e423cb => generated 0 bytes in 684 msecs (HTTP/1.1 204) 2 headers in 112 bytes (1 switches on core 0)
2026-05-04 19:19:16.955 8 INFO neutron.db.ovn_revision_numbers_db [None req-8e361806-93c0-448c-aacf-1626dacf354b 69c4bd60e989441db3ebe839b0ca73a9 727b5f97ab0441c6b18bc212946c7e01 - - default default] Successfully bumped revision number for resource b340faaf-65bb-49d2-988b-b50f258b1135 (type: networks) to 1 [pid: 7|app: 0|req: 750/1456] 10.0.0.52 () {32 vars in 772 bytes} [Mon May 4 19:19:16 2026] GET /v2.0/security-groups?tenant_id=47d691af6f7b4a22b5c28f2f31d7af93&name=default => generated 2925 bytes in 175 msecs (HTTP/1.1 200) 4 headers in 158 bytes (1 switches on core 0)
2026-05-04 19:19:17.101 8 WARNING neutron.scheduler.dhcp_agent_scheduler [None req-8e361806-93c0-448c-aacf-1626dacf354b 69c4bd60e989441db3ebe839b0ca73a9 727b5f97ab0441c6b18bc212946c7e01 - - default default] No more DHCP agents
2026-05-04 19:19:17.103 8 WARNING neutron.api.rpc.agentnotifiers.dhcp_rpc_agent_api [None req-8e361806-93c0-448c-aacf-1626dacf354b 69c4bd60e989441db3ebe839b0ca73a9 727b5f97ab0441c6b18bc212946c7e01 - - default default] Unable to schedule network b340faaf-65bb-49d2-988b-b50f258b1135: no agents available; will retry on subsequent port and subnet creation events.
2026-05-04 19:19:17.175 7 INFO neutron.plugins.ml2.drivers.ovn.mech_driver.mech_driver [None req-e72c9b5e-60da-4424-a137-0ee54f848ee9 - - - - - -] OVN reports status down for port: 18112887-4d6e-43ec-ba40-8f94710893ff
2026-05-04 19:19:17.187 8 INFO neutron.db.ovn_revision_numbers_db [None req-8e361806-93c0-448c-aacf-1626dacf354b 69c4bd60e989441db3ebe839b0ca73a9 727b5f97ab0441c6b18bc212946c7e01 - - default default] Successfully bumped revision number for resource 18112887-4d6e-43ec-ba40-8f94710893ff (type: ports) to 1 [pid: 8|app: 0|req: 707/1457] 10.0.0.52 () {34 vars in 668 bytes} [Mon May 4 19:19:15 2026] POST /v2.0/networks => generated 1283 bytes in 1249 msecs (HTTP/1.1 201) 4 headers in 163 bytes (1 switches on core 0) [pid: 7|app: 0|req: 751/1458] 10.0.0.52 () {32 vars in 722 bytes} [Mon May 4 19:19:17 2026] DELETE /v2.0/subnets/1a9aca06-f10b-490d-8432-072a7abe985e => generated 0 bytes in 238 msecs (HTTP/1.1 204) 3 headers in 131 bytes (1 switches on core 0) [pid: 7|app: 0|req: 752/1459] 10.0.0.52 () {32 vars in 647 bytes} [Mon May 4 19:19:17 2026] GET /v2.0/networks => generated 1970 bytes in 53 msecs (HTTP/1.1 200) 4 headers in 158 bytes (1 switches on core 0) [pid: 8|app: 0|req: 708/1460] 10.0.0.52 () {32 vars in 738 bytes} [Mon May 4 19:19:17 2026] DELETE /v2.0/security-groups/05bf2f01-d028-46f2-bc62-eac1143d85d4 => generated 0 bytes in 225 msecs (HTTP/1.1 204) 2 headers in 112 bytes (1 switches on core 0)
2026-05-04 19:19:17.480 7 INFO neutron_taas.services.taas.taas_plugin [None req-f8d323f4-e839-479e-8667-d9e26abeba4c 4e690d02db574f24adf4c882b3029ba0 9ed3577fdb5845779c549b8a10a0b71f - - default default] TaaS: Handle Delete Port: 88648b63-5832-4172-8f0b-fb7f2f56bfc9
2026-05-04 19:19:17.483 7 INFO neutron_taas.services.taas.tap_mirror_plugin [None req-f8d323f4-e839-479e-8667-d9e26abeba4c 4e690d02db574f24adf4c882b3029ba0 9ed3577fdb5845779c549b8a10a0b71f - - default default] Tap Mirror: Handle Delete Port: 88648b63-5832-4172-8f0b-fb7f2f56bfc9
2026-05-04 19:19:17.556 8 INFO neutron_taas.services.taas.taas_plugin [None req-a6ae1879-0c64-47f4-a6f6-8e31bf12b318 69c4bd60e989441db3ebe839b0ca73a9 727b5f97ab0441c6b18bc212946c7e01 - - default default] TaaS: Handle Delete Port: f53a8b6a-97de-4094-8ce7-d7013088eacc
2026-05-04 19:19:17.562 8 INFO neutron_taas.services.taas.tap_mirror_plugin [None req-a6ae1879-0c64-47f4-a6f6-8e31bf12b318 69c4bd60e989441db3ebe839b0ca73a9 727b5f97ab0441c6b18bc212946c7e01 - - default default] Tap Mirror: Handle Delete Port: f53a8b6a-97de-4094-8ce7-d7013088eacc
2026-05-04 19:19:17.663 7 INFO neutron.services.segments.plugin [-] Segment a0595231-bc8f-4e4a-8785-473e359d3851 resource provider aggregate not found
2026-05-04 19:19:17.669 7 INFO neutron.services.segments.plugin [-] Segment a0595231-bc8f-4e4a-8785-473e359d3851 resource provider aggregate not found
2026-05-04 19:19:17.689 7 INFO neutron.services.segments.plugin [-] Segment a0595231-bc8f-4e4a-8785-473e359d3851 resource provider not found; error: Placement Client Error (4xx): {"errors": [{"status": 404, "title": "Not Found", "detail": "The resource could not be found.\n\n No resource provider with uuid a0595231-bc8f-4e4a-8785-473e359d3851 found for delete ", "request_id": "req-58a8ba48-bc9c-434d-b8a2-6f53a9d16e09"}]}
2026-05-04 19:19:17.692 7 INFO neutron.services.segments.plugin [-] Segment a0595231-bc8f-4e4a-8785-473e359d3851 resource provider not found; error: Placement Client Error (4xx): {"errors": [{"status": 404, "title": "Not Found", "detail": "The resource could not be found.\n\n No resource provider with uuid a0595231-bc8f-4e4a-8785-473e359d3851 found for delete ", "request_id": "req-17257e6e-0730-419c-9d0a-74fb59ab0274"}]} [pid: 7|app: 0|req: 753/1461] 10.0.0.52 () {32 vars in 724 bytes} [Mon May 4 19:19:17 2026] DELETE /v2.0/networks/d0b2fa25-0ab4-4ed5-ac3b-c9131bc410fd => generated 0 bytes in 350 msecs (HTTP/1.1 204) 3 headers in 131 bytes (1 switches on core 0) [pid: 8|app: 0|req: 709/1462] 10.0.0.52 () {32 vars in 724 bytes} [Mon May 4 19:19:17 2026] DELETE /v2.0/networks/6533625e-4cd2-406b-9442-c0afc8c95822 => generated 0 bytes in 368 msecs (HTTP/1.1 204) 3 headers in 131 bytes (1 switches on core 0)
2026-05-04 19:19:17.922 7 INFO neutron_taas.services.taas.taas_plugin [None req-a259b1ec-a92c-4d93-9d9e-5b115ce26430 69c4bd60e989441db3ebe839b0ca73a9 727b5f97ab0441c6b18bc212946c7e01 - - default default] TaaS: Handle Delete Port: 18112887-4d6e-43ec-ba40-8f94710893ff
2026-05-04 19:19:17.925 7 INFO neutron_taas.services.taas.tap_mirror_plugin [None req-a259b1ec-a92c-4d93-9d9e-5b115ce26430 69c4bd60e989441db3ebe839b0ca73a9 727b5f97ab0441c6b18bc212946c7e01 - - default default] Tap Mirror: Handle Delete Port: 18112887-4d6e-43ec-ba40-8f94710893ff [pid: 8|app: 0|req: 710/1463] 10.0.0.52 () {32 vars in 772 bytes} [Mon May 4 19:19:17 2026] GET /v2.0/security-groups?tenant_id=62318b14e3974fcc95f4470f73721f86&name=default => generated 2925 bytes in 64 msecs (HTTP/1.1 200) 4 headers in 158 bytes (1 switches on core 0) [pid: 7|app: 0|req: 754/1464] 10.0.0.52 () {32 vars in 724 bytes} [Mon May 4 19:19:17 2026] DELETE /v2.0/networks/b340faaf-65bb-49d2-988b-b50f258b1135 => generated 0 bytes in 379 msecs (HTTP/1.1 204) 3 headers in 131 bytes (1 switches on core 0) [pid: 8|app: 0|req: 711/1465] 10.0.0.52 () {32 vars in 738 bytes} [Mon May 4 19:19:17 2026] DELETE /v2.0/security-groups/1b8ae5f5-6c16-407e-be82-36ea68ea966b => generated 0 bytes in 278 msecs (HTTP/1.1 204) 2 headers in 112 bytes (1 switches on core 0) [pid: 7|app: 0|req: 755/1466] 10.0.0.52 () {32 vars in 647 bytes} [Mon May 4 19:19:18 2026] GET /v2.0/networks => generated 689 bytes in 60 msecs (HTTP/1.1 200) 4 headers in 157 bytes (1 switches on core 0)
2026-05-04 19:19:18.343 8 INFO neutron.db.segments_db [None req-629f3861-3400-452b-aedf-caade09bf4c2 69c4bd60e989441db3ebe839b0ca73a9 727b5f97ab0441c6b18bc212946c7e01 - - default default] Added segment 4dd0a65c-6b97-4fea-b888-f985df14628f of type geneve for network 436d34db-d72e-49df-92a2-41120a198d20
2026-05-04 19:19:18.455 8 INFO neutron.db.ovn_revision_numbers_db [None req-629f3861-3400-452b-aedf-caade09bf4c2 69c4bd60e989441db3ebe839b0ca73a9 727b5f97ab0441c6b18bc212946c7e01 - - default default] Successfully bumped revision number for resource 436d34db-d72e-49df-92a2-41120a198d20 (type: networks) to 1
2026-05-04 19:19:18.487 8 INFO neutron.services.segments.plugin [-] Segment 7e98e927-a16d-4486-bc3a-0e7f4fcca08f resource provider aggregate not found
2026-05-04 19:19:18.503 8 INFO neutron.services.segments.plugin [-] Segment 7e98e927-a16d-4486-bc3a-0e7f4fcca08f resource provider not found; error: Placement Client Error (4xx): {"errors": [{"status": 404, "title": "Not Found", "detail": "The resource could not be found.\n\n No resource provider with uuid 7e98e927-a16d-4486-bc3a-0e7f4fcca08f found for delete ", "request_id": "req-10d7fb2f-740d-41ff-a03b-516c47febaed"}]}
2026-05-04 19:19:18.509 8 INFO neutron.services.segments.plugin [-] Segment 7e98e927-a16d-4486-bc3a-0e7f4fcca08f resource provider aggregate not found
2026-05-04 19:19:18.525 8 INFO neutron.services.segments.plugin [-] Segment 7e98e927-a16d-4486-bc3a-0e7f4fcca08f resource provider not found; error: Placement Client Error (4xx): {"errors": [{"status": 404, "title": "Not Found", "detail": "The resource could not be found.\n\n No resource provider with uuid 7e98e927-a16d-4486-bc3a-0e7f4fcca08f found for delete ", "request_id": "req-bd7cd116-0bb4-4c15-80a9-0b5af6fe2717"}]}
2026-05-04 19:19:18.645 8 WARNING neutron.scheduler.dhcp_agent_scheduler [None req-629f3861-3400-452b-aedf-caade09bf4c2 69c4bd60e989441db3ebe839b0ca73a9 727b5f97ab0441c6b18bc212946c7e01 - - default default] No more DHCP agents
2026-05-04 19:19:18.647 8 WARNING neutron.api.rpc.agentnotifiers.dhcp_rpc_agent_api [None req-629f3861-3400-452b-aedf-caade09bf4c2 69c4bd60e989441db3ebe839b0ca73a9 727b5f97ab0441c6b18bc212946c7e01 - - default default] Unable to schedule network 436d34db-d72e-49df-92a2-41120a198d20: no agents available; will retry on subsequent port and subnet creation events.
2026-05-04 19:19:18.703 8 INFO neutron.plugins.ml2.drivers.ovn.mech_driver.mech_driver [None req-1b37d884-de1a-41d5-8541-395ab7ab5a71 - - - - - -] OVN reports status down for port: d4f2a5e5-e5b1-44ba-8be6-dbb4a3281b54
2026-05-04 19:19:18.766 8 INFO neutron.db.ovn_revision_numbers_db [None req-629f3861-3400-452b-aedf-caade09bf4c2 69c4bd60e989441db3ebe839b0ca73a9 727b5f97ab0441c6b18bc212946c7e01 - - default default] Successfully bumped revision number for resource d4f2a5e5-e5b1-44ba-8be6-dbb4a3281b54 (type: ports) to 1 [pid: 8|app: 0|req: 712/1469] 10.0.0.52 () {34 vars in 668 bytes} [Mon May 4 19:19:18 2026] POST /v2.0/networks => generated 668 bytes in 563 msecs (HTTP/1.1 201) 4 headers in 162 bytes (1 switches on core 0)
2026-05-04 19:19:18.909 7 INFO neutron.db.segments_db [None req-2c2dfc65-4a6e-430d-be80-87f342c770d3 69c4bd60e989441db3ebe839b0ca73a9 727b5f97ab0441c6b18bc212946c7e01 - - default default] Added segment 0905e71f-fa29-44d1-abd5-f0cdee7c7a55 of type geneve for network 8fece598-12ff-444d-aaf3-198b084bbc9a
2026-05-04 19:19:19.009 7 INFO neutron.db.ovn_revision_numbers_db [None req-2c2dfc65-4a6e-430d-be80-87f342c770d3 69c4bd60e989441db3ebe839b0ca73a9 727b5f97ab0441c6b18bc212946c7e01 - - default default] Successfully bumped revision number for resource 8fece598-12ff-444d-aaf3-198b084bbc9a (type: networks) to 1
2026-05-04 19:19:19.201 7 WARNING neutron.scheduler.dhcp_agent_scheduler [None req-2c2dfc65-4a6e-430d-be80-87f342c770d3 69c4bd60e989441db3ebe839b0ca73a9 727b5f97ab0441c6b18bc212946c7e01 - - default default] No more DHCP agents
2026-05-04 19:19:19.203 7 WARNING neutron.api.rpc.agentnotifiers.dhcp_rpc_agent_api [None req-2c2dfc65-4a6e-430d-be80-87f342c770d3 69c4bd60e989441db3ebe839b0ca73a9 727b5f97ab0441c6b18bc212946c7e01 - - default default] Unable to schedule network 8fece598-12ff-444d-aaf3-198b084bbc9a: no agents available; will retry on subsequent port and subnet creation events.
2026-05-04 19:19:19.264 8 INFO neutron.plugins.ml2.drivers.ovn.mech_driver.mech_driver [None req-1b37d884-de1a-41d5-8541-395ab7ab5a71 - - - - - -] OVN reports status down for port: 4528b175-33f1-49db-af27-de162d9324c3
2026-05-04 19:19:19.297 7 INFO neutron.db.ovn_revision_numbers_db [None req-2c2dfc65-4a6e-430d-be80-87f342c770d3 69c4bd60e989441db3ebe839b0ca73a9 727b5f97ab0441c6b18bc212946c7e01 - - default default] Successfully bumped revision number for resource 4528b175-33f1-49db-af27-de162d9324c3 (type: ports) to 1 [pid: 7|app: 0|req: 758/1470] 10.0.0.52 () {34 vars in 668 bytes} [Mon May 4 19:19:18 2026] POST /v2.0/networks => generated 669 bytes in 503 msecs (HTTP/1.1 201) 4 headers in 162 bytes (1 switches on core 0)
2026-05-04 19:19:19.708 7 INFO neutron.services.segments.plugin [-] Segment c3f8d0e6-6bc6-4e21-bcdd-1036b420b8d0 resource provider aggregate not found
2026-05-04 19:19:19.713 7 INFO neutron.services.segments.plugin [-] Segment c3f8d0e6-6bc6-4e21-bcdd-1036b420b8d0 resource provider aggregate not found
2026-05-04 19:19:19.727 7 INFO neutron.services.segments.plugin [-] Segment c3f8d0e6-6bc6-4e21-bcdd-1036b420b8d0 resource provider not found; error: Placement Client Error (4xx): {"errors": [{"status": 404, "title": "Not Found", "detail": "The resource could not be found.\n\n No resource provider with uuid c3f8d0e6-6bc6-4e21-bcdd-1036b420b8d0 found for delete ", "request_id": "req-8d5f0e1a-c83c-4144-97e3-4966ea8301e1"}]}
2026-05-04 19:19:19.736 7 INFO neutron.services.segments.plugin [-] Segment c3f8d0e6-6bc6-4e21-bcdd-1036b420b8d0 resource provider not found; error: Placement Client Error (4xx): {"errors": [{"status": 404, "title": "Not Found", "detail": "The resource could not be found.\n\n No resource provider with uuid c3f8d0e6-6bc6-4e21-bcdd-1036b420b8d0 found for delete ", "request_id": "req-0acebaf5-e550-4064-875f-94b9c3f4a96c"}]}
2026-05-04 19:19:19.761 7 INFO neutron.db.ovn_revision_numbers_db [None req-cb43580c-b50f-4720-837a-9d859c8d289b ebadf7f482be4323883711f8d22eb020 2cae6279c28447dabc5213f8988a6610 - - default default] Successfully bumped revision number for resource fe2b5ade-aa2c-43d2-9b22-f4f248abfa59 (type: security_groups) to 1
2026-05-04 19:19:19.774 7 INFO neutron.db.ovn_revision_numbers_db [None req-cb43580c-b50f-4720-837a-9d859c8d289b ebadf7f482be4323883711f8d22eb020 2cae6279c28447dabc5213f8988a6610 - - default default] Successfully bumped revision number for resource 08ea1d16-f4c0-402d-aab7-b12c5a3beb58 (type: security_group_rules) to 0
2026-05-04 19:19:19.781 8 WARNING neutron.scheduler.dhcp_agent_scheduler [None req-5f12f5bb-cd95-41b7-95a4-49b4f409aea8 69c4bd60e989441db3ebe839b0ca73a9 727b5f97ab0441c6b18bc212946c7e01 - - default default] No more DHCP agents
2026-05-04 19:19:19.783 8 WARNING neutron.api.rpc.agentnotifiers.dhcp_rpc_agent_api [None req-5f12f5bb-cd95-41b7-95a4-49b4f409aea8 69c4bd60e989441db3ebe839b0ca73a9 727b5f97ab0441c6b18bc212946c7e01 - - default default] Unable to schedule network 436d34db-d72e-49df-92a2-41120a198d20: no agents available; will retry on subsequent port and subnet creation events.
2026-05-04 19:19:19.785 7 INFO neutron.db.ovn_revision_numbers_db [None req-cb43580c-b50f-4720-837a-9d859c8d289b ebadf7f482be4323883711f8d22eb020 2cae6279c28447dabc5213f8988a6610 - - default default] Successfully bumped revision number for resource 3725b785-24bc-4498-8f36-ab08c1c07273 (type: security_group_rules) to 0
2026-05-04 19:19:19.798 7 INFO neutron.db.ovn_revision_numbers_db [None req-cb43580c-b50f-4720-837a-9d859c8d289b ebadf7f482be4323883711f8d22eb020 2cae6279c28447dabc5213f8988a6610 - - default default] Successfully bumped revision number for resource cd1ac5b5-d6af-4a8e-b0c1-d64a1b9dd1da (type: security_group_rules) to 0
2026-05-04 19:19:19.812 7 INFO neutron.db.ovn_revision_numbers_db [None req-cb43580c-b50f-4720-837a-9d859c8d289b ebadf7f482be4323883711f8d22eb020 2cae6279c28447dabc5213f8988a6610 - - default default] Successfully bumped revision number for resource e04b2c09-4b0e-4934-b164-c12a3658af5d (type: security_group_rules) to 0
2026-05-04 19:19:19.840 8 INFO neutron.plugins.ml2.drivers.ovn.mech_driver.mech_driver [None req-1b37d884-de1a-41d5-8541-395ab7ab5a71 - - - - - -] OVN reports status down for port: bbe98a25-210d-42bb-a2fc-48151a809bb7
2026-05-04 19:19:19.889 8 INFO neutron.db.ovn_revision_numbers_db [None req-5f12f5bb-cd95-41b7-95a4-49b4f409aea8 69c4bd60e989441db3ebe839b0ca73a9 727b5f97ab0441c6b18bc212946c7e01 - - default default] Successfully bumped revision number for resource bbe98a25-210d-42bb-a2fc-48151a809bb7 (type: ports) to 1
2026-05-04 19:19:19.920 7 INFO neutron.db.segments_db [None req-cb43580c-b50f-4720-837a-9d859c8d289b ebadf7f482be4323883711f8d22eb020 2cae6279c28447dabc5213f8988a6610 - - default default] Added segment 7476c0f8-c721-49ca-8937-bbefce762eaf of type geneve for network e1b81de6-50de-4f0d-be97-b1cf1acd344d
2026-05-04 19:19:19.949 8 WARNING neutron.scheduler.dhcp_agent_scheduler [None req-5f12f5bb-cd95-41b7-95a4-49b4f409aea8 69c4bd60e989441db3ebe839b0ca73a9 727b5f97ab0441c6b18bc212946c7e01 - - default default] No more DHCP agents
2026-05-04 19:19:19.950 8 WARNING neutron.api.rpc.agentnotifiers.dhcp_rpc_agent_api [None req-5f12f5bb-cd95-41b7-95a4-49b4f409aea8 69c4bd60e989441db3ebe839b0ca73a9 727b5f97ab0441c6b18bc212946c7e01 - - default default] Unable to schedule network 8fece598-12ff-444d-aaf3-198b084bbc9a: no agents available; will retry on subsequent port and subnet creation events.
2026-05-04 19:19:19.997 8 INFO neutron.plugins.ml2.drivers.ovn.mech_driver.mech_driver [None req-1b37d884-de1a-41d5-8541-395ab7ab5a71 - - - - - -] OVN reports status down for port: f8cf16c3-e9f4-4866-afce-12e68808f51b
2026-05-04 19:19:20.057 7 INFO neutron.db.ovn_revision_numbers_db [None req-cb43580c-b50f-4720-837a-9d859c8d289b ebadf7f482be4323883711f8d22eb020 2cae6279c28447dabc5213f8988a6610 - - default default] Successfully bumped revision number for resource e1b81de6-50de-4f0d-be97-b1cf1acd344d (type: networks) to 1
2026-05-04 19:19:20.060 8 INFO neutron.db.ovn_revision_numbers_db [None req-5f12f5bb-cd95-41b7-95a4-49b4f409aea8 69c4bd60e989441db3ebe839b0ca73a9 727b5f97ab0441c6b18bc212946c7e01 - - default default] Successfully bumped revision number for resource f8cf16c3-e9f4-4866-afce-12e68808f51b (type: ports) to 1 [pid: 8|app: 0|req: 713/1471] 10.0.0.52 () {34 vars in 663 bytes} [Mon May 4 19:19:19 2026] POST /v2.0/ports => generated 1505 bytes in 811 msecs (HTTP/1.1 201) 4 headers in 163 bytes (1 switches on core 0) /var/lib/openstack/lib/python3.12/site-packages/pycadf/identifier.py:70: UserWarning: Invalid uuid: neutron. To ensure interoperability, identifiers should be a valid uuid. warnings.warn(('Invalid uuid: %s. To ensure interoperability, ' [pid: 8|app: 0|req: 714/1472] 10.0.0.52 () {32 vars in 641 bytes} [Mon May 4 19:19:20 2026] GET /v2.0/ports => generated 3017 bytes in 35 msecs (HTTP/1.1 200) 4 headers in 158 bytes (1 switches on core 0)
2026-05-04 19:19:20.207 7 WARNING neutron.scheduler.dhcp_agent_scheduler [None req-cb43580c-b50f-4720-837a-9d859c8d289b ebadf7f482be4323883711f8d22eb020 2cae6279c28447dabc5213f8988a6610 - - default default] No more DHCP agents
2026-05-04 19:19:20.209 7 WARNING neutron.api.rpc.agentnotifiers.dhcp_rpc_agent_api [None req-cb43580c-b50f-4720-837a-9d859c8d289b ebadf7f482be4323883711f8d22eb020 2cae6279c28447dabc5213f8988a6610 - - default default] Unable to schedule network e1b81de6-50de-4f0d-be97-b1cf1acd344d: no agents available; will retry on subsequent port and subnet creation events.
2026-05-04 19:19:20.256 7 INFO neutron.plugins.ml2.drivers.ovn.mech_driver.mech_driver [None req-e72c9b5e-60da-4424-a137-0ee54f848ee9 - - - - - -] OVN reports status down for port: ce09bfd5-e094-4920-a643-809568bc4b56
2026-05-04 19:19:20.315 7 INFO neutron.db.ovn_revision_numbers_db [None req-cb43580c-b50f-4720-837a-9d859c8d289b ebadf7f482be4323883711f8d22eb020 2cae6279c28447dabc5213f8988a6610 - - default default] Successfully bumped revision number for resource ce09bfd5-e094-4920-a643-809568bc4b56 (type: ports) to 1
2026-05-04 19:19:20.313 8 INFO neutron_taas.services.taas.taas_plugin [None req-c6ce7bae-ac75-42bc-8136-c7d12bbc3660 69c4bd60e989441db3ebe839b0ca73a9 727b5f97ab0441c6b18bc212946c7e01 - - default default] TaaS: Handle Delete Port: bbe98a25-210d-42bb-a2fc-48151a809bb7
2026-05-04 19:19:20.319 8 INFO neutron_taas.services.taas.tap_mirror_plugin [None req-c6ce7bae-ac75-42bc-8136-c7d12bbc3660 69c4bd60e989441db3ebe839b0ca73a9 727b5f97ab0441c6b18bc212946c7e01 - - default default] Tap Mirror: Handle Delete Port: bbe98a25-210d-42bb-a2fc-48151a809bb7 [pid: 7|app: 0|req: 759/1473] 10.0.0.52 () {34 vars in 668 bytes} [Mon May 4 19:19:19 2026] POST /v2.0/networks => generated 666 bytes in 960 msecs (HTTP/1.1 201) 4 headers in 162 bytes (1 switches on core 0) [pid: 8|app: 0|req: 715/1474] 10.0.0.52 () {32 vars in 718 bytes} [Mon May 4 19:19:20 2026] DELETE /v2.0/ports/bbe98a25-210d-42bb-a2fc-48151a809bb7 => generated 0 bytes in 238 msecs (HTTP/1.1 204) 3 headers in 131 bytes (1 switches on core 0)
2026-05-04 19:19:20.552 7 INFO neutron_taas.services.taas.taas_plugin [None req-a68c8e37-4377-484e-afe7-ba501e75c286 69c4bd60e989441db3ebe839b0ca73a9 727b5f97ab0441c6b18bc212946c7e01 - - default default] TaaS: Handle Delete Port: f8cf16c3-e9f4-4866-afce-12e68808f51b
2026-05-04 19:19:20.558 7 INFO neutron_taas.services.taas.tap_mirror_plugin [None req-a68c8e37-4377-484e-afe7-ba501e75c286 69c4bd60e989441db3ebe839b0ca73a9 727b5f97ab0441c6b18bc212946c7e01 - - default default] Tap Mirror: Handle Delete Port: f8cf16c3-e9f4-4866-afce-12e68808f51b [pid: 7|app: 0|req: 760/1475] 10.0.0.52 () {32 vars in 718 bytes} [Mon May 4 19:19:20 2026] DELETE /v2.0/ports/f8cf16c3-e9f4-4866-afce-12e68808f51b => generated 0 bytes in 260 msecs (HTTP/1.1 204) 3 headers in 131 bytes (1 switches on core 0) [pid: 7|app: 0|req: 761/1476] 10.0.0.52 () {32 vars in 641 bytes} [Mon May 4 19:19:20 2026] GET /v2.0/ports => generated 1523 bytes in 85 msecs (HTTP/1.1 200) 4 headers in 158 bytes (1 switches on core 0)
2026-05-04 19:19:20.877 7 INFO neutron.db.segments_db [None req-f5334e7a-f559-4fc2-96d1-6ac009416107 69c4bd60e989441db3ebe839b0ca73a9 727b5f97ab0441c6b18bc212946c7e01 - - default default] Added segment c10b3121-7422-46df-b4ee-aeca1d461ecb of type geneve for network 54642727-c7cc-49f4-a304-9cb895e6b04a
2026-05-04 19:19:20.961 8 INFO neutron.db.ovn_revision_numbers_db [None req-bbff3261-45f7-4a87-aa1c-c543e093c1fd 4e690d02db574f24adf4c882b3029ba0 9ed3577fdb5845779c549b8a10a0b71f - - default default] Successfully bumped revision number for resource 3dab2a20-65a4-4367-9983-de290da9de68 (type: security_groups) to 1
2026-05-04 19:19:20.981 8 INFO neutron.db.ovn_revision_numbers_db [None req-bbff3261-45f7-4a87-aa1c-c543e093c1fd 4e690d02db574f24adf4c882b3029ba0 9ed3577fdb5845779c549b8a10a0b71f - - default default] Successfully bumped revision number for resource 7f3acdc0-8c86-4165-87e5-025558dad02a (type: security_group_rules) to 0
2026-05-04 19:19:21.000 8 INFO neutron.db.ovn_revision_numbers_db [None req-bbff3261-45f7-4a87-aa1c-c543e093c1fd 4e690d02db574f24adf4c882b3029ba0 9ed3577fdb5845779c549b8a10a0b71f - - default default] Successfully bumped revision number for resource 9ad465b5-79db-4dce-b2ef-122e4fdf08f6 (type: security_group_rules) to 0
2026-05-04 19:19:21.027 7 INFO neutron.db.ovn_revision_numbers_db [None req-f5334e7a-f559-4fc2-96d1-6ac009416107 69c4bd60e989441db3ebe839b0ca73a9 727b5f97ab0441c6b18bc212946c7e01 - - default default] Successfully bumped revision number for resource 54642727-c7cc-49f4-a304-9cb895e6b04a (type: networks) to 1
2026-05-04 19:19:21.030 8 INFO neutron.db.ovn_revision_numbers_db [None req-bbff3261-45f7-4a87-aa1c-c543e093c1fd 4e690d02db574f24adf4c882b3029ba0 9ed3577fdb5845779c549b8a10a0b71f - - default default] Successfully bumped revision number for resource b20c13ed-bff7-41a0-b97e-f178c479a4a3 (type: security_group_rules) to 0
2026-05-04 19:19:21.041 8 INFO neutron.db.ovn_revision_numbers_db [None req-bbff3261-45f7-4a87-aa1c-c543e093c1fd 4e690d02db574f24adf4c882b3029ba0 9ed3577fdb5845779c549b8a10a0b71f - - default default] Successfully bumped revision number for resource d0e86630-8acb-49cf-af00-b42dbbda7b0e (type: security_group_rules) to 0 [pid: 8|app: 0|req: 716/1477] 10.0.0.52 () {32 vars in 772 bytes} [Mon May 4 19:19:20 2026] GET /v2.0/security-groups?tenant_id=2f6bd3be16f8468e9bedfe080014ba89&name=default => generated 2925 bytes in 460 msecs (HTTP/1.1 200) 4 headers in 158 bytes (1 switches on core 0)
2026-05-04 19:19:21.201 7 WARNING neutron.scheduler.dhcp_agent_scheduler [None req-f5334e7a-f559-4fc2-96d1-6ac009416107 69c4bd60e989441db3ebe839b0ca73a9 727b5f97ab0441c6b18bc212946c7e01 - - default default] No more DHCP agents
2026-05-04 19:19:21.202 7 WARNING neutron.api.rpc.agentnotifiers.dhcp_rpc_agent_api [None req-f5334e7a-f559-4fc2-96d1-6ac009416107 69c4bd60e989441db3ebe839b0ca73a9 727b5f97ab0441c6b18bc212946c7e01 - - default default] Unable to schedule network 54642727-c7cc-49f4-a304-9cb895e6b04a: no agents available; will retry on subsequent port and subnet creation events.
2026-05-04 19:19:21.264 8 INFO neutron.plugins.ml2.drivers.ovn.mech_driver.mech_driver [None req-1b37d884-de1a-41d5-8541-395ab7ab5a71 - - - - - -] OVN reports status down for port: 4afacdad-a930-4e4a-8db6-e34ae26c62ce
2026-05-04 19:19:21.285 7 INFO neutron.db.ovn_revision_numbers_db [None req-f5334e7a-f559-4fc2-96d1-6ac009416107 69c4bd60e989441db3ebe839b0ca73a9 727b5f97ab0441c6b18bc212946c7e01 - - default default] Successfully bumped revision number for resource 4afacdad-a930-4e4a-8db6-e34ae26c62ce (type: ports) to 1
2026-05-04 19:19:21.304 8 WARNING neutron.scheduler.dhcp_agent_scheduler [None req-4002cfa6-7795-432d-9526-c4d9dfcbfd5b ebadf7f482be4323883711f8d22eb020 2cae6279c28447dabc5213f8988a6610 - - default default] No more DHCP agents [pid: 7|app: 0|req: 762/1478] 10.0.0.52 () {34 vars in 668 bytes} [Mon May 4 19:19:20 2026] POST /v2.0/networks => generated 669 bytes in 515 msecs (HTTP/1.1 201) 4 headers in 162 bytes (1 switches on core 0)
2026-05-04 19:19:21.307 8 WARNING neutron.api.rpc.agentnotifiers.dhcp_rpc_agent_api [None req-4002cfa6-7795-432d-9526-c4d9dfcbfd5b ebadf7f482be4323883711f8d22eb020 2cae6279c28447dabc5213f8988a6610 - - default default] Unable to schedule network e1b81de6-50de-4f0d-be97-b1cf1acd344d: no agents available; will retry on subsequent port and subnet creation events.
2026-05-04 19:19:21.351 8 INFO neutron.db.ovn_revision_numbers_db [None req-4002cfa6-7795-432d-9526-c4d9dfcbfd5b ebadf7f482be4323883711f8d22eb020 2cae6279c28447dabc5213f8988a6610 - - default default] Successfully bumped revision number for resource 0217888e-c092-4f79-a312-b6df2c782d75 (type: subnets) to 0 [pid: 8|app: 0|req: 717/1479] 10.0.0.52 () {34 vars in 667 bytes} [Mon May 4 19:19:21 2026] POST /v2.0/subnets => generated 673 bytes in 302 msecs (HTTP/1.1 201) 4 headers in 162 bytes (1 switches on core 0)
2026-05-04 19:19:21.480 8 INFO neutron.db.segments_db [None req-dda47265-f1ad-47c9-98fb-cb1f6363a692 69c4bd60e989441db3ebe839b0ca73a9 727b5f97ab0441c6b18bc212946c7e01 - - default default] Added segment e245f41c-125d-4b31-a7be-add75cadb1bc of type geneve for network b49b0856-8fee-40ef-951f-93cd14d2f38c [pid: 7|app: 0|req: 763/1480] 10.0.0.52 () {32 vars in 738 bytes} [Mon May 4 19:19:21 2026] DELETE /v2.0/security-groups/3dab2a20-65a4-4367-9983-de290da9de68 => generated 0 bytes in 221 msecs (HTTP/1.1 204) 2 headers in 112 bytes (1 switches on core 0)
2026-05-04 19:19:21.608 7 INFO neutron.db.segments_db [None req-2e1588b6-5391-4207-8c0e-870db50085dd ebadf7f482be4323883711f8d22eb020 2cae6279c28447dabc5213f8988a6610 - - default default] Added segment 7d79dd19-ab82-4cc0-b426-a26b16f201a8 of type geneve for network 42058a14-a3a3-4958-914b-c6727bdbb1b1
2026-05-04 19:19:21.612 8 INFO neutron.db.ovn_revision_numbers_db [None req-dda47265-f1ad-47c9-98fb-cb1f6363a692 69c4bd60e989441db3ebe839b0ca73a9 727b5f97ab0441c6b18bc212946c7e01 - - default default] Successfully bumped revision number for resource b49b0856-8fee-40ef-951f-93cd14d2f38c (type: networks) to 1
2026-05-04 19:19:21.711 7 INFO neutron.db.ovn_revision_numbers_db [None req-2e1588b6-5391-4207-8c0e-870db50085dd ebadf7f482be4323883711f8d22eb020 2cae6279c28447dabc5213f8988a6610 - - default default] Successfully bumped revision number for resource 42058a14-a3a3-4958-914b-c6727bdbb1b1 (type: networks) to 1
2026-05-04 19:19:21.802 8 WARNING neutron.scheduler.dhcp_agent_scheduler [None req-dda47265-f1ad-47c9-98fb-cb1f6363a692 69c4bd60e989441db3ebe839b0ca73a9 727b5f97ab0441c6b18bc212946c7e01 - - default default] No more DHCP agents
2026-05-04 19:19:21.804 8 WARNING neutron.api.rpc.agentnotifiers.dhcp_rpc_agent_api [None req-dda47265-f1ad-47c9-98fb-cb1f6363a692 69c4bd60e989441db3ebe839b0ca73a9 727b5f97ab0441c6b18bc212946c7e01 - - default default] Unable to schedule network b49b0856-8fee-40ef-951f-93cd14d2f38c: no agents available; will retry on subsequent port and subnet creation events.
2026-05-04 19:19:21.857 8 INFO neutron.plugins.ml2.drivers.ovn.mech_driver.mech_driver [None req-1b37d884-de1a-41d5-8541-395ab7ab5a71 - - - - - -] OVN reports status down for port: 2553767b-6b64-4cd5-9b1f-941b29513d00
2026-05-04 19:19:21.895 7 WARNING neutron.scheduler.dhcp_agent_scheduler [None req-2e1588b6-5391-4207-8c0e-870db50085dd ebadf7f482be4323883711f8d22eb020 2cae6279c28447dabc5213f8988a6610 - - default default] No more DHCP agents
2026-05-04 19:19:21.897 7 WARNING neutron.api.rpc.agentnotifiers.dhcp_rpc_agent_api [None req-2e1588b6-5391-4207-8c0e-870db50085dd ebadf7f482be4323883711f8d22eb020 2cae6279c28447dabc5213f8988a6610 - - default default] Unable to schedule network 42058a14-a3a3-4958-914b-c6727bdbb1b1: no agents available; will retry on subsequent port and subnet creation events.
2026-05-04 19:19:21.917 8 INFO neutron.db.ovn_revision_numbers_db [None req-dda47265-f1ad-47c9-98fb-cb1f6363a692 69c4bd60e989441db3ebe839b0ca73a9 727b5f97ab0441c6b18bc212946c7e01 - - default default] Successfully bumped revision number for resource 2553767b-6b64-4cd5-9b1f-941b29513d00 (type: ports) to 1
2026-05-04 19:19:21.947 7 INFO neutron.plugins.ml2.drivers.ovn.mech_driver.mech_driver [None req-e72c9b5e-60da-4424-a137-0ee54f848ee9 - - - - - -] OVN reports status down for port: 6822f607-c843-446e-8da0-f681d587e1ec [pid: 8|app: 0|req: 718/1481] 10.0.0.52 () {34 vars in 668 bytes} [Mon May 4 19:19:21 2026] POST /v2.0/networks => generated 668 bytes in 620 msecs (HTTP/1.1 201) 4 headers in 162 bytes (1 switches on core 0)
2026-05-04 19:19:22.006 7 INFO neutron.db.ovn_revision_numbers_db [None req-2e1588b6-5391-4207-8c0e-870db50085dd ebadf7f482be4323883711f8d22eb020 2cae6279c28447dabc5213f8988a6610 - - default default] Successfully bumped revision number for resource 6822f607-c843-446e-8da0-f681d587e1ec (type: ports) to 1 [pid: 7|app: 0|req: 764/1482] 10.0.0.52 () {34 vars in 668 bytes} [Mon May 4 19:19:21 2026] POST /v2.0/networks => generated 667 bytes in 526 msecs (HTTP/1.1 201) 4 headers in 162 bytes (1 switches on core 0)
2026-05-04 19:19:22.142 8 INFO neutron.db.ovn_revision_numbers_db [None req-1c5544eb-50b7-47f9-b453-5266a13c5a4b 4e690d02db574f24adf4c882b3029ba0 9ed3577fdb5845779c549b8a10a0b71f - - default default] Successfully bumped revision number for resource 905f1d8e-8b92-484f-8012-28a2f253b9a7 (type: security_groups) to 1
2026-05-04 19:19:22.153 8 INFO neutron.db.ovn_revision_numbers_db [None req-1c5544eb-50b7-47f9-b453-5266a13c5a4b 4e690d02db574f24adf4c882b3029ba0 9ed3577fdb5845779c549b8a10a0b71f - - default default] Successfully bumped revision number for resource 46454e29-4319-4445-955c-eebb99d8d916 (type: security_group_rules) to 0
2026-05-04 19:19:22.166 8 INFO neutron.db.ovn_revision_numbers_db [None req-1c5544eb-50b7-47f9-b453-5266a13c5a4b 4e690d02db574f24adf4c882b3029ba0 9ed3577fdb5845779c549b8a10a0b71f - - default default] Successfully bumped revision number for resource 90705248-a412-41f8-889b-2606137fccfb (type: security_group_rules) to 0
2026-05-04 19:19:22.179 8 INFO neutron.db.ovn_revision_numbers_db [None req-1c5544eb-50b7-47f9-b453-5266a13c5a4b 4e690d02db574f24adf4c882b3029ba0 9ed3577fdb5845779c549b8a10a0b71f - - default default] Successfully bumped revision number for resource e73b5c48-4948-4bd1-b1a8-813679b99b82 (type: security_group_rules) to 0
2026-05-04 19:19:22.204 8 INFO neutron.db.ovn_revision_numbers_db [None req-1c5544eb-50b7-47f9-b453-5266a13c5a4b 4e690d02db574f24adf4c882b3029ba0 9ed3577fdb5845779c549b8a10a0b71f - - default default] Successfully bumped revision number for resource fb1cb163-1497-4700-9aac-3c8721891874 (type: security_group_rules) to 0 [pid: 8|app: 0|req: 719/1483] 10.0.0.52 () {32 vars in 772 bytes} [Mon May 4 19:19:22 2026] GET /v2.0/security-groups?tenant_id=88cfca9783f5455abef92156d12429ec&name=default => generated 2925 bytes in 235 msecs (HTTP/1.1 200) 4 headers in 158 bytes (1 switches on core 0)
2026-05-04 19:19:22.367 7 WARNING neutron.scheduler.dhcp_agent_scheduler [None req-ecc17fc5-734b-4a8c-95f6-a85f4a315c8e 69c4bd60e989441db3ebe839b0ca73a9 727b5f97ab0441c6b18bc212946c7e01 - - default default] No more DHCP agents
2026-05-04 19:19:22.368 7 WARNING neutron.api.rpc.agentnotifiers.dhcp_rpc_agent_api [None req-ecc17fc5-734b-4a8c-95f6-a85f4a315c8e 69c4bd60e989441db3ebe839b0ca73a9 727b5f97ab0441c6b18bc212946c7e01 - - default default] Unable to schedule network 54642727-c7cc-49f4-a304-9cb895e6b04a: no agents available; will retry on subsequent port and subnet creation events.
2026-05-04 19:19:22.535 8 INFO neutron.db.ovn_revision_numbers_db [None req-c5ace0ac-957f-4559-a1e6-6cf8fdfadbd5 4e690d02db574f24adf4c882b3029ba0 9ed3577fdb5845779c549b8a10a0b71f - - default default] Successfully bumped revision number for resource d58e12fa-f010-496a-91bd-8c6ae1f76a88 (type: security_groups) to 1
2026-05-04 19:19:22.546 8 INFO neutron.db.ovn_revision_numbers_db [None req-c5ace0ac-957f-4559-a1e6-6cf8fdfadbd5 4e690d02db574f24adf4c882b3029ba0 9ed3577fdb5845779c549b8a10a0b71f - - default default] Successfully bumped revision number for resource 0c770ad8-8060-42f7-84f7-deca109580a9 (type: security_group_rules) to 0
2026-05-04 19:19:22.555 8 INFO neutron.db.ovn_revision_numbers_db [None req-c5ace0ac-957f-4559-a1e6-6cf8fdfadbd5 4e690d02db574f24adf4c882b3029ba0 9ed3577fdb5845779c549b8a10a0b71f - - default default] Successfully bumped revision number for resource 301526d3-ec72-4fac-bcd3-d2b5d07fec85 (type: security_group_rules) to 0
