+ COMMAND=start + start + for KEYSTONE_WSGI_SCRIPT in keystone-wsgi-public ++ type -p keystone-wsgi-public + cp -a /var/lib/openstack/bin/keystone-wsgi-public /var/www/cgi-bin/keystone/ + '[' -f /etc/apache2/envvars ']' + source /etc/apache2/envvars ++ unset HOME ++ '[' '' '!=' '' ']' ++ SUFFIX= ++ export APACHE_RUN_USER=www-data ++ APACHE_RUN_USER=www-data ++ export APACHE_RUN_GROUP=www-data ++ APACHE_RUN_GROUP=www-data ++ export APACHE_PID_FILE=/var/run/apache2/apache2.pid ++ APACHE_PID_FILE=/var/run/apache2/apache2.pid ++ export APACHE_RUN_DIR=/var/run/apache2 ++ APACHE_RUN_DIR=/var/run/apache2 ++ export APACHE_LOCK_DIR=/var/lock/apache2 ++ APACHE_LOCK_DIR=/var/lock/apache2 ++ export APACHE_LOG_DIR=/var/log/apache2 ++ APACHE_LOG_DIR=/var/log/apache2 ++ export LANG=C ++ LANG=C ++ export LANG + '[' -f /var/run/apache2/apache2.pid ']' + exec apache2 -DFOREGROUND AH00558: apache2: Could not reliably determine the server's fully qualified domain name, using 10.0.0.55. Set the 'ServerName' directive globally to suppress this message AH00558: apache2: Could not reliably determine the server's fully qualified domain name, using 10.0.0.55. Set the 'ServerName' directive globally to suppress this message
[Thu Sep 10 02:06:29.164111 2026] [mpm_event:notice] [pid 1:tid 139795151759232] AH00489: Apache/2.4.58 (Ubuntu) mod_wsgi/5.0.0 Python/3.12 configured -- resuming normal operations
[Thu Sep 10 02:06:29.164340 2026] [core:notice] [pid 1:tid 139795151759232] AH00094: Command line: 'apache2 -D FOREGROUND'
[Thu Sep 10 02:07:26.538935 2026] [wsgi:error] [pid 12:tid 139794513938112] /var/lib/openstack/lib/python3.12/site-packages/oslo_utils/importutils.py:77: EventletDeprecationWarning:
[Thu Sep 10 02:07:26.538989 2026] [wsgi:error] [pid 12:tid 139794513938112] Eventlet is deprecated. It is currently being maintained in bugfix mode, and
[Thu Sep 10 02:07:26.538991 2026] [wsgi:error] [pid 12:tid 139794513938112] we strongly recommend against using it for new projects.
[Thu Sep 10 02:07:26.538992 2026] [wsgi:error] [pid 12:tid 139794513938112]
[Thu Sep 10 02:07:26.538993 2026] [wsgi:error] [pid 12:tid 139794513938112] If you are already using Eventlet, we recommend migrating to a different
[Thu Sep 10 02:07:26.538994 2026] [wsgi:error] [pid 12:tid 139794513938112] framework. For more detail see
[Thu Sep 10 02:07:26.538995 2026] [wsgi:error] [pid 12:tid 139794513938112] https://eventlet.readthedocs.io/en/latest/asyncio/migration.html
[Thu Sep 10 02:07:26.538996 2026] [wsgi:error] [pid 12:tid 139794513938112]
[Thu Sep 10 02:07:26.538997 2026] [wsgi:error] [pid 12:tid 139794513938112] __import__(import_str)
[Thu Sep 10 02:07:26.560451 2026] [wsgi:error] [pid 10:tid 139794513938112] /var/lib/openstack/lib/python3.12/site-packages/oslo_utils/importutils.py:77: EventletDeprecationWarning:
[Thu Sep 10 02:07:26.560498 2026] [wsgi:error] [pid 10:tid 139794513938112] Eventlet is deprecated. It is currently being maintained in bugfix mode, and
[Thu Sep 10 02:07:26.560500 2026] [wsgi:error] [pid 10:tid 139794513938112] we strongly recommend against using it for new projects.
[Thu Sep 10 02:07:26.560501 2026] [wsgi:error] [pid 10:tid 139794513938112]
[Thu Sep 10 02:07:26.560502 2026] [wsgi:error] [pid 10:tid 139794513938112] If you are already using Eventlet, we recommend migrating to a different
[Thu Sep 10 02:07:26.560503 2026] [wsgi:error] [pid 10:tid 139794513938112] framework. For more detail see
[Thu Sep 10 02:07:26.560504 2026] [wsgi:error] [pid 10:tid 139794513938112] https://eventlet.readthedocs.io/en/latest/asyncio/migration.html
[Thu Sep 10 02:07:26.560506 2026] [wsgi:error] [pid 10:tid 139794513938112]
[Thu Sep 10 02:07:26.560507 2026] [wsgi:error] [pid 10:tid 139794513938112] __import__(import_str) 10.0.0.102 - - [10/Sep/2026:02:07:25 +0000] "GET /v3/ HTTP/1.1" 200 249 10.0.0.102 - - [10/Sep/2026:02:07:25 +0000] "GET /v3/ HTTP/1.1" 200 249
[Thu Sep 10 02:07:32.228363 2026] [wsgi:error] [pid 9:tid 139794513938112] /var/lib/openstack/lib/python3.12/site-packages/oslo_utils/importutils.py:77: EventletDeprecationWarning:
[Thu Sep 10 02:07:32.228408 2026] [wsgi:error] [pid 9:tid 139794513938112] Eventlet is deprecated. It is currently being maintained in bugfix mode, and
[Thu Sep 10 02:07:32.228410 2026] [wsgi:error] [pid 9:tid 139794513938112] we strongly recommend against using it for new projects.
[Thu Sep 10 02:07:32.228411 2026] [wsgi:error] [pid 9:tid 139794513938112]
[Thu Sep 10 02:07:32.228412 2026] [wsgi:error] [pid 9:tid 139794513938112] If you are already using Eventlet, we recommend migrating to a different
[Thu Sep 10 02:07:32.228413 2026] [wsgi:error] [pid 9:tid 139794513938112] framework. For more detail see
[Thu Sep 10 02:07:32.228414 2026] [wsgi:error] [pid 9:tid 139794513938112] https://eventlet.readthedocs.io/en/latest/asyncio/migration.html
[Thu Sep 10 02:07:32.228416 2026] [wsgi:error] [pid 9:tid 139794513938112]
[Thu Sep 10 02:07:32.228417 2026] [wsgi:error] [pid 9:tid 139794513938112] __import__(import_str) 10.0.0.102 - - [10/Sep/2026:02:07:31 +0000] "GET /v3/ HTTP/1.1" 200 249
[Thu Sep 10 02:07:40.250086 2026] [wsgi:error] [pid 11:tid 139794513938112] /var/lib/openstack/lib/python3.12/site-packages/oslo_utils/importutils.py:77: EventletDeprecationWarning:
[Thu Sep 10 02:07:40.250130 2026] [wsgi:error] [pid 11:tid 139794513938112] Eventlet is deprecated. It is currently being maintained in bugfix mode, and
[Thu Sep 10 02:07:40.250131 2026] [wsgi:error] [pid 11:tid 139794513938112] we strongly recommend against using it for new projects.
[Thu Sep 10 02:07:40.250133 2026] [wsgi:error] [pid 11:tid 139794513938112]
[Thu Sep 10 02:07:40.250134 2026] [wsgi:error] [pid 11:tid 139794513938112] If you are already using Eventlet, we recommend migrating to a different
[Thu Sep 10 02:07:40.250135 2026] [wsgi:error] [pid 11:tid 139794513938112] framework. For more detail see
[Thu Sep 10 02:07:40.250136 2026] [wsgi:error] [pid 11:tid 139794513938112] https://eventlet.readthedocs.io/en/latest/asyncio/migration.html
[Thu Sep 10 02:07:40.250137 2026] [wsgi:error] [pid 11:tid 139794513938112]
[Thu Sep 10 02:07:40.250138 2026] [wsgi:error] [pid 11:tid 139794513938112] __import__(import_str) 10.0.0.104 - - [10/Sep/2026:02:07:39 +0000] "GET / HTTP/1.1" 300 295
[Thu Sep 10 02:07:44.930945 2026] [wsgi:error] [pid 12:tid 139794513938112] [remote 10.0.0.104:53524] 2026-09-10 02:07:44.927 12 WARNING keystone.identity.core [None req-96068751-437e-476a-ba90-7bda4d1a68e5 - - - - - -] Invalid domain name (atmosphere) found in config file name: keystone.exception.DomainNotFound: Could not find domain: atmosphere.
[Thu Sep 10 02:07:44.987169 2026] [wsgi:error] [pid 12:tid 139794513938112] [remote 10.0.0.104:53524] 2026-09-10 02:07:44.986 12 WARNING keystone.common.password_hashing [None req-96068751-437e-476a-ba90-7bda4d1a68e5 - - - - - -] Truncating password to algorithm specific maximum length 72 characters.
[Thu Sep 10 02:07:45.288090 2026] [wsgi:error] [pid 12:tid 139794513938112] [remote 10.0.0.104:53524] 2026-09-10 02:07:45.287 12 WARNING keystone.common.fernet_utils [None req-96068751-437e-476a-ba90-7bda4d1a68e5 - - - - - -] key_repository is world readable: /etc/keystone/fernet-keys/ 10.0.0.104 - - [10/Sep/2026:02:07:44 +0000] "POST /v3/auth/tokens HTTP/1.1" 201 1360
[Thu Sep 10 02:07:45.734739 2026] [wsgi:error] [pid 10:tid 139794513938112] [remote 10.0.0.104:53524] 2026-09-10 02:07:45.732 10 WARNING keystone.identity.core [None req-22129a27-bae4-4be1-a9d1-c2e15f43db98 - - - - - -] Invalid domain name (atmosphere) found in config file name: keystone.exception.DomainNotFound: Could not find domain: atmosphere. 10.0.0.104 - - [10/Sep/2026:02:07:45 +0000] "POST /v3/domains HTTP/1.1" 201 261 10.0.0.84 - - [10/Sep/2026:02:07:57 +0000] "GET / HTTP/1.1" 300 295
[Thu Sep 10 02:07:58.087572 2026] [wsgi:error] [pid 11:tid 139794513938112] [remote 10.0.0.84:60000] 2026-09-10 02:07:58.086 11 WARNING keystone.common.password_hashing [None req-5d68125e-2471-458c-ab73-4d24e3e1ebd0 - - - - - -] Truncating password to algorithm specific maximum length 72 characters.
[Thu Sep 10 02:07:58.368258 2026] [wsgi:error] [pid 11:tid 139794513938112] [remote 10.0.0.84:60000] 2026-09-10 02:07:58.367 11 WARNING keystone.common.fernet_utils [None req-5d68125e-2471-458c-ab73-4d24e3e1ebd0 - - - - - -] key_repository is world readable: /etc/keystone/fernet-keys/ 10.0.0.84 - - [10/Sep/2026:02:07:57 +0000] "POST /v3/auth/tokens HTTP/1.1" 201 1360 10.0.0.84 - - [10/Sep/2026:02:07:58 +0000] "GET /v3/roles/admin HTTP/1.1" 404 83
[Thu Sep 10 02:07:58.710940 2026] [wsgi:error] [pid 10:tid 139794513938112] [remote 10.0.0.84:60000] 2026-09-10 02:07:58.710 10 WARNING keystone.common.rbac_enforcer.enforcer [None req-02227d10-e91e-4277-b50e-94c0d09f8bea 2c2c55c81df24880bcded8663b96f2cc 95f8f2d0498b42fab54e52473e3acaa2 - - default default] Deprecated policy rules found. Use oslopolicy-policy-generator and oslopolicy-policy-upgrade to detect and resolve deprecated policies in your configuration. 10.0.0.84 - - [10/Sep/2026:02:07:58 +0000] "GET /v3/roles?name=admin HTTP/1.1" 200 389
[Thu Sep 10 02:07:59.335471 2026] [wsgi:error] [pid 9:tid 139794513938112] [remote 10.0.0.84:60000] 2026-09-10 02:07:59.334 9 WARNING keystone.common.rbac_enforcer.enforcer [None req-0be4da2c-73b6-4683-b5bd-2f6b0bd5cb26 2c2c55c81df24880bcded8663b96f2cc 95f8f2d0498b42fab54e52473e3acaa2 - - default default] Deprecated policy rules found. Use oslopolicy-policy-generator and oslopolicy-policy-upgrade to detect and resolve deprecated policies in your configuration. 10.0.0.84 - - [10/Sep/2026:02:07:58 +0000] "GET /v3/users/admin-RegionOne HTTP/1.1" 404 93
[Thu Sep 10 02:07:59.662891 2026] [wsgi:error] [pid 11:tid 139794513938112] [remote 10.0.0.84:60000] 2026-09-10 02:07:59.662 11 WARNING keystone.common.rbac_enforcer.enforcer [None req-6c5c1b3b-e801-405a-9efd-55f5d8303c3f 2c2c55c81df24880bcded8663b96f2cc 95f8f2d0498b42fab54e52473e3acaa2 - - default default] Deprecated policy rules found. Use oslopolicy-policy-generator and oslopolicy-policy-upgrade to detect and resolve deprecated policies in your configuration. 10.0.0.84 - - [10/Sep/2026:02:07:59 +0000] "GET /v3/users?name=admin-RegionOne HTTP/1.1" 200 422
[Thu Sep 10 02:07:59.929598 2026] [wsgi:error] [pid 12:tid 139794513938112] [remote 10.0.0.84:60000] 2026-09-10 02:07:59.929 12 WARNING keystone.common.rbac_enforcer.enforcer [None req-d8444b83-345a-4f03-bb50-7f2657ddee05 2c2c55c81df24880bcded8663b96f2cc 95f8f2d0498b42fab54e52473e3acaa2 - - default default] Deprecated policy rules found. Use oslopolicy-policy-generator and oslopolicy-policy-upgrade to detect and resolve deprecated policies in your configuration. 10.0.0.84 - - [10/Sep/2026:02:07:59 +0000] "GET /v3/domains/default HTTP/1.1" 200 224 10.0.0.84 - - [10/Sep/2026:02:07:59 +0000] "PUT /v3/domains/default/users/2c2c55c81df24880bcded8663b96f2cc/roles/dc49e84e566c4e898c75ba25ab32e541 HTTP/1.1" 204 - 10.0.0.102 - - [10/Sep/2026:02:08:09 +0000] "GET / HTTP/1.1" 300 281 10.0.0.102 - - [10/Sep/2026:02:08:11 +0000] "GET /v3 HTTP/1.1" 200 266
[Thu Sep 10 02:08:11.646176 2026] [wsgi:error] [pid 12:tid 139794513938112] [remote 10.0.0.102:60424] 2026-09-10 02:08:11.645 12 WARNING keystone.common.password_hashing [None req-ac32dd19-40d6-4cfd-a9fa-4acde604cea1 - - - - - -] Truncating password to algorithm specific maximum length 72 characters.
[Thu Sep 10 02:08:11.946071 2026] [wsgi:error] [pid 12:tid 139794513938112] [remote 10.0.0.102:60424] 2026-09-10 02:08:11.945 12 WARNING keystone.common.fernet_utils [None req-ac32dd19-40d6-4cfd-a9fa-4acde604cea1 - - - - - -] key_repository is world readable: /etc/keystone/fernet-keys/ 10.0.0.102 - - [10/Sep/2026:02:08:11 +0000] "POST /v3/auth/tokens HTTP/1.1" 201 1360 10.0.0.102 - - [10/Sep/2026:02:08:12 +0000] "GET / HTTP/1.1" 300 281 10.0.0.102 - - [10/Sep/2026:02:08:12 +0000] "GET /v3/domains/atmosphere HTTP/1.1" 404 90 10.0.0.102 - - [10/Sep/2026:02:08:12 +0000] "GET /v3/domains?name=atmosphere HTTP/1.1" 200 370 10.0.0.102 - - [10/Sep/2026:02:08:12 +0000] "GET /v3/domains/ebf7ba68bed745659877de628f7a6ea7 HTTP/1.1" 200 247 10.0.0.102 - - [10/Sep/2026:02:08:13 +0000] "GET /v3 HTTP/1.1" 200 266
[Thu Sep 10 02:08:13.207768 2026] [wsgi:error] [pid 9:tid 139794513938112] [remote 10.0.0.102:60418] 2026-09-10 02:08:13.207 9 WARNING keystone.common.password_hashing [None req-6a432195-df75-45e4-941a-a7dc2bf6d6bd - - - - - -] Truncating password to algorithm specific maximum length 72 characters.
[Thu Sep 10 02:08:13.491224 2026] [wsgi:error] [pid 9:tid 139794513938112] [remote 10.0.0.102:60418] 2026-09-10 02:08:13.490 9 WARNING keystone.common.fernet_utils [None req-6a432195-df75-45e4-941a-a7dc2bf6d6bd - - - - - -] key_repository is world readable: /etc/keystone/fernet-keys/ 10.0.0.102 - - [10/Sep/2026:02:08:13 +0000] "POST /v3/auth/tokens HTTP/1.1" 201 1360 10.0.0.102 - - [10/Sep/2026:02:08:13 +0000] "GET / HTTP/1.1" 300 281 10.0.0.102 - - [10/Sep/2026:02:08:13 +0000] "GET /v3/OS-FEDERATION/identity_providers/atmosphere HTTP/1.1" 404 101 10.0.0.102 - - [10/Sep/2026:02:08:13 +0000] "GET /v3/OS-FEDERATION/identity_providers HTTP/1.1" 200 156 10.0.0.102 - - [10/Sep/2026:02:08:13 +0000] "PUT /v3/OS-FEDERATION/identity_providers/atmosphere HTTP/1.1" 201 342 10.0.0.102 - - [10/Sep/2026:02:08:14 +0000] "GET /v3 HTTP/1.1" 200 266
[Thu Sep 10 02:08:14.486988 2026] [wsgi:error] [pid 12:tid 139794513938112] [remote 10.0.0.102:60424] 2026-09-10 02:08:14.486 12 WARNING keystone.common.password_hashing [None req-2636ffab-ecd6-4227-b783-79d989207be6 - - - - - -] Truncating password to algorithm specific maximum length 72 characters.
[Thu Sep 10 02:08:14.796699 2026] [wsgi:error] [pid 12:tid 139794513938112] [remote 10.0.0.102:60424] 2026-09-10 02:08:14.796 12 WARNING keystone.common.fernet_utils [None req-2636ffab-ecd6-4227-b783-79d989207be6 - - - - - -] key_repository is world readable: /etc/keystone/fernet-keys/ 10.0.0.102 - - [10/Sep/2026:02:08:14 +0000] "POST /v3/auth/tokens HTTP/1.1" 201 1360 10.0.0.102 - - [10/Sep/2026:02:08:14 +0000] "GET / HTTP/1.1" 300 281 10.0.0.102 - - [10/Sep/2026:02:08:14 +0000] "GET /v3/OS-FEDERATION/mappings/atmosphere-openid HTTP/1.1" 404 98 10.0.0.102 - - [10/Sep/2026:02:08:14 +0000] "GET /v3/OS-FEDERATION/mappings HTTP/1.1" 200 136 10.0.0.102 - - [10/Sep/2026:02:08:14 +0000] "PUT /v3/OS-FEDERATION/mappings/atmosphere-openid HTTP/1.1" 201 357 10.0.0.102 - - [10/Sep/2026:02:08:15 +0000] "GET /v3 HTTP/1.1" 200 266
[Thu Sep 10 02:08:15.692411 2026] [wsgi:error] [pid 9:tid 139794513938112] [remote 10.0.0.102:60418] 2026-09-10 02:08:15.692 9 WARNING keystone.common.password_hashing [None req-cfa03e22-51b4-4890-add0-bf65c70eb947 - - - - - -] Truncating password to algorithm specific maximum length 72 characters.
[Thu Sep 10 02:08:15.988676 2026] [wsgi:error] [pid 9:tid 139794513938112] [remote 10.0.0.102:60418] 2026-09-10 02:08:15.988 9 WARNING keystone.common.fernet_utils [None req-cfa03e22-51b4-4890-add0-bf65c70eb947 - - - - - -] key_repository is world readable: /etc/keystone/fernet-keys/ 10.0.0.102 - - [10/Sep/2026:02:08:15 +0000] "POST /v3/auth/tokens HTTP/1.1" 201 1360 10.0.0.102 - - [10/Sep/2026:02:08:15 +0000] "GET / HTTP/1.1" 300 281 10.0.0.102 - - [10/Sep/2026:02:08:16 +0000] "GET /v3/OS-FEDERATION/identity_providers/atmosphere/protocols/openid?idp_id=atmosphere HTTP/1.1" 404 131 10.0.0.102 - - [10/Sep/2026:02:08:16 +0000] "GET /v3/OS-FEDERATION/identity_providers/atmosphere/protocols HTTP/1.1" 200 168 10.0.0.102 - - [10/Sep/2026:02:08:16 +0000] "PUT /v3/OS-FEDERATION/identity_providers/atmosphere/protocols/openid HTTP/1.1" 201 224 10.0.0.102 - - [10/Sep/2026:02:08:25 +0000] "GET /v3/ HTTP/1.1" 200 249 10.0.0.102 - - [10/Sep/2026:02:08:25 +0000] "GET /v3/ HTTP/1.1" 200 249 10.0.0.102 - - [10/Sep/2026:02:09:25 +0000] "GET /v3/ HTTP/1.1" 200 249 10.0.0.102 - - [10/Sep/2026:02:09:25 +0000] "GET /v3/ HTTP/1.1" 200 249 10.0.0.198 - - [10/Sep/2026:02:09:43 +0000] "GET / HTTP/1.1" 300 295
[Thu Sep 10 02:09:43.658879 2026] [wsgi:error] [pid 12:tid 139794513938112] [remote 10.0.0.198:59550] 2026-09-10 02:09:43.658 12 WARNING keystone.common.password_hashing [None req-a2bd3460-8857-45ec-977e-d4de96c4d099 - - - - - -] Truncating password to algorithm specific maximum length 72 characters.
[Thu Sep 10 02:09:43.950643 2026] [wsgi:error] [pid 12:tid 139794513938112] [remote 10.0.0.198:59550] 2026-09-10 02:09:43.950 12 WARNING keystone.common.fernet_utils [None req-a2bd3460-8857-45ec-977e-d4de96c4d099 - - - - - -] key_repository is world readable: /etc/keystone/fernet-keys/ 10.0.0.198 - - [10/Sep/2026:02:09:43 +0000] "POST /v3/auth/tokens HTTP/1.1" 201 1360 10.0.0.198 - - [10/Sep/2026:02:09:44 +0000] "GET /v3/services HTTP/1.1" 200 355 10.0.0.198 - - [10/Sep/2026:02:09:47 +0000] "GET / HTTP/1.1" 300 295
[Thu Sep 10 02:09:47.628408 2026] [wsgi:error] [pid 11:tid 139794513938112] [remote 10.0.0.198:59554] 2026-09-10 02:09:47.628 11 WARNING keystone.common.password_hashing [None req-3a9dc6c6-ab36-4f8d-ad00-7d8bf44728a5 - - - - - -] Truncating password to algorithm specific maximum length 72 characters.
[Thu Sep 10 02:09:47.919799 2026] [wsgi:error] [pid 11:tid 139794513938112] [remote 10.0.0.198:59554] 2026-09-10 02:09:47.919 11 WARNING keystone.common.fernet_utils [None req-3a9dc6c6-ab36-4f8d-ad00-7d8bf44728a5 - - - - - -] key_repository is world readable: /etc/keystone/fernet-keys/ 10.0.0.198 - - [10/Sep/2026:02:09:47 +0000] "POST /v3/auth/tokens HTTP/1.1" 201 1360 10.0.0.198 - - [10/Sep/2026:02:09:48 +0000] "GET /v3/services HTTP/1.1" 200 355 10.0.0.198 - - [10/Sep/2026:02:09:51 +0000] "GET / HTTP/1.1" 300 295
[Thu Sep 10 02:09:51.660388 2026] [wsgi:error] [pid 10:tid 139794513938112] [remote 10.0.0.198:45034] 2026-09-10 02:09:51.659 10 WARNING keystone.common.password_hashing [None req-3c228c7e-65ae-45fd-bd2c-f2ff90b8abbd - - - - - -] Truncating password to algorithm specific maximum length 72 characters.
[Thu Sep 10 02:09:51.964661 2026] [wsgi:error] [pid 10:tid 139794513938112] [remote 10.0.0.198:45034] 2026-09-10 02:09:51.964 10 WARNING keystone.common.fernet_utils [None req-3c228c7e-65ae-45fd-bd2c-f2ff90b8abbd - - - - - -] key_repository is world readable: /etc/keystone/fernet-keys/ 10.0.0.198 - - [10/Sep/2026:02:09:51 +0000] "POST /v3/auth/tokens HTTP/1.1" 201 1360 10.0.0.198 - - [10/Sep/2026:02:09:52 +0000] "GET /v3/services HTTP/1.1" 200 355 10.0.0.198 - - [10/Sep/2026:02:09:55 +0000] "GET / HTTP/1.1" 300 295
[Thu Sep 10 02:09:55.634919 2026] [wsgi:error] [pid 9:tid 139794513938112] [remote 10.0.0.198:45040] 2026-09-10 02:09:55.634 9 WARNING keystone.common.password_hashing [None req-77778fbc-e176-426a-8900-3525d17359a4 - - - - - -] Truncating password to algorithm specific maximum length 72 characters.
[Thu Sep 10 02:09:55.906568 2026] [wsgi:error] [pid 9:tid 139794513938112] [remote 10.0.0.198:45040] 2026-09-10 02:09:55.906 9 WARNING keystone.common.fernet_utils [None req-77778fbc-e176-426a-8900-3525d17359a4 - - - - - -] key_repository is world readable: /etc/keystone/fernet-keys/ 10.0.0.198 - - [10/Sep/2026:02:09:55 +0000] "POST /v3/auth/tokens HTTP/1.1" 201 1360 10.0.0.198 - - [10/Sep/2026:02:09:55 +0000] "POST /v3/services HTTP/1.1" 201 296 10.0.0.103 - - [10/Sep/2026:02:10:07 +0000] "GET / HTTP/1.1" 300 295
[Thu Sep 10 02:10:07.781003 2026] [wsgi:error] [pid 12:tid 139794513938112] [remote 10.0.0.103:53102] 2026-09-10 02:10:07.780 12 WARNING keystone.common.password_hashing [None req-72aaf8f8-f0cc-4566-9fa3-257b3649514c - - - - - -] Truncating password to algorithm specific maximum length 72 characters. 10.0.0.103 - - [10/Sep/2026:02:10:07 +0000] "GET / HTTP/1.1" 300 295
[Thu Sep 10 02:10:07.866583 2026] [wsgi:error] [pid 10:tid 139794513938112] [remote 10.0.0.103:53110] 2026-09-10 02:10:07.866 10 WARNING keystone.common.password_hashing [None req-702a3938-27f9-4bee-b253-fef206ca6655 - - - - - -] Truncating password to algorithm specific maximum length 72 characters.
[Thu Sep 10 02:10:08.079605 2026] [wsgi:error] [pid 12:tid 139794513938112] [remote 10.0.0.103:53102] 2026-09-10 02:10:08.079 12 WARNING keystone.common.fernet_utils [None req-72aaf8f8-f0cc-4566-9fa3-257b3649514c - - - - - -] key_repository is world readable: /etc/keystone/fernet-keys/ 10.0.0.103 - - [10/Sep/2026:02:10:07 +0000] "POST /v3/auth/tokens HTTP/1.1" 201 1464 10.0.0.103 - - [10/Sep/2026:02:10:08 +0000] "GET / HTTP/1.1" 300 295
[Thu Sep 10 02:10:08.163239 2026] [wsgi:error] [pid 10:tid 139794513938112] [remote 10.0.0.103:53110] 2026-09-10 02:10:08.163 10 WARNING keystone.common.fernet_utils [None req-702a3938-27f9-4bee-b253-fef206ca6655 - - - - - -] key_repository is world readable: /etc/keystone/fernet-keys/
[Thu Sep 10 02:10:08.167220 2026] [wsgi:error] [pid 9:tid 139794513938112] [remote 10.0.0.103:53116] 2026-09-10 02:10:08.166 9 WARNING keystone.common.password_hashing [None req-2a29f3ed-14ed-43f2-b8d9-ab2d4fa910f2 - - - - - -] Truncating password to algorithm specific maximum length 72 characters. 10.0.0.103 - - [10/Sep/2026:02:10:07 +0000] "POST /v3/auth/tokens HTTP/1.1" 201 1464 10.0.0.103 - - [10/Sep/2026:02:10:08 +0000] "GET /v3/services HTTP/1.1" 200 639 10.0.0.103 - - [10/Sep/2026:02:10:08 +0000] "GET /v3/services HTTP/1.1" 200 639
[Thu Sep 10 02:10:08.471544 2026] [wsgi:error] [pid 9:tid 139794513938112] [remote 10.0.0.103:53116] 2026-09-10 02:10:08.471 9 WARNING keystone.common.fernet_utils [None req-2a29f3ed-14ed-43f2-b8d9-ab2d4fa910f2 - - - - - -] key_repository is world readable: /etc/keystone/fernet-keys/ 10.0.0.103 - - [10/Sep/2026:02:10:08 +0000] "POST /v3/auth/tokens HTTP/1.1" 201 1464 10.0.0.103 - - [10/Sep/2026:02:10:08 +0000] "GET /v3/services HTTP/1.1" 200 639 10.0.0.103 - - [10/Sep/2026:02:10:09 +0000] "GET / HTTP/1.1" 300 295 10.0.0.103 - - [10/Sep/2026:02:10:09 +0000] "GET / HTTP/1.1" 300 295
[Thu Sep 10 02:10:09.851098 2026] [wsgi:error] [pid 11:tid 139794513938112] [remote 10.0.0.103:52640] 2026-09-10 02:10:09.850 11 WARNING keystone.common.password_hashing [None req-1e40ce14-7c63-4a56-bd10-59881634ebea - - - - - -] Truncating password to algorithm specific maximum length 72 characters.
[Thu Sep 10 02:10:09.857281 2026] [wsgi:error] [pid 10:tid 139794513938112] [remote 10.0.0.103:52642] 2026-09-10 02:10:09.856 10 WARNING keystone.common.password_hashing [None req-391b08cb-ed1d-4e16-a42c-5c6559971360 - - - - - -] Truncating password to algorithm specific maximum length 72 characters.
[Thu Sep 10 02:10:10.144474 2026] [wsgi:error] [pid 10:tid 139794513938112] [remote 10.0.0.103:52642] 2026-09-10 02:10:10.144 10 WARNING keystone.common.fernet_utils [None req-391b08cb-ed1d-4e16-a42c-5c6559971360 - - - - - -] key_repository is world readable: /etc/keystone/fernet-keys/
[Thu Sep 10 02:10:10.145637 2026] [wsgi:error] [pid 11:tid 139794513938112] [remote 10.0.0.103:52640] 2026-09-10 02:10:10.145 11 WARNING keystone.common.fernet_utils [None req-1e40ce14-7c63-4a56-bd10-59881634ebea - - - - - -] key_repository is world readable: /etc/keystone/fernet-keys/ 10.0.0.103 - - [10/Sep/2026:02:10:09 +0000] "POST /v3/auth/tokens HTTP/1.1" 201 1464 10.0.0.103 - - [10/Sep/2026:02:10:09 +0000] "POST /v3/auth/tokens HTTP/1.1" 201 1464 10.0.0.103 - - [10/Sep/2026:02:10:10 +0000] "GET / HTTP/1.1" 300 295
[Thu Sep 10 02:10:10.211652 2026] [wsgi:error] [pid 9:tid 139794513938112] [remote 10.0.0.103:52648] 2026-09-10 02:10:10.211 9 WARNING keystone.common.password_hashing [None req-d1c5c179-885f-41da-af0a-db723ab58ff6 - - - - - -] Truncating password to algorithm specific maximum length 72 characters. 10.0.0.103 - - [10/Sep/2026:02:10:10 +0000] "GET /v3/endpoints HTTP/1.1" 200 1227 10.0.0.103 - - [10/Sep/2026:02:10:10 +0000] "GET /v3/endpoints HTTP/1.1" 200 1227 10.0.0.103 - - [10/Sep/2026:02:10:10 +0000] "GET /v3/services/07fa2bdae7c84fd18e94c77dbce6cfc2 HTTP/1.1" 200 233 10.0.0.103 - - [10/Sep/2026:02:10:10 +0000] "GET /v3/services/07fa2bdae7c84fd18e94c77dbce6cfc2 HTTP/1.1" 200 233 10.0.0.103 - - [10/Sep/2026:02:10:10 +0000] "GET /v3/services/07fa2bdae7c84fd18e94c77dbce6cfc2 HTTP/1.1" 200 233 10.0.0.103 - - [10/Sep/2026:02:10:10 +0000] "GET /v3/services/07fa2bdae7c84fd18e94c77dbce6cfc2 HTTP/1.1" 200 233 10.0.0.103 - - [10/Sep/2026:02:10:10 +0000] "GET /v3/services/07fa2bdae7c84fd18e94c77dbce6cfc2 HTTP/1.1" 200 233 10.0.0.103 - - [10/Sep/2026:02:10:10 +0000] "GET /v3/services/07fa2bdae7c84fd18e94c77dbce6cfc2 HTTP/1.1" 200 233
[Thu Sep 10 02:10:10.508547 2026] [wsgi:error] [pid 9:tid 139794513938112] [remote 10.0.0.103:52648] 2026-09-10 02:10:10.508 9 WARNING keystone.common.fernet_utils [None req-d1c5c179-885f-41da-af0a-db723ab58ff6 - - - - - -] key_repository is world readable: /etc/keystone/fernet-keys/ 10.0.0.103 - - [10/Sep/2026:02:10:10 +0000] "POST /v3/auth/tokens HTTP/1.1" 201 1464 10.0.0.103 - - [10/Sep/2026:02:10:10 +0000] "GET /v3/endpoints HTTP/1.1" 200 1227 10.0.0.103 - - [10/Sep/2026:02:10:10 +0000] "GET /v3/services/07fa2bdae7c84fd18e94c77dbce6cfc2 HTTP/1.1" 200 233 10.0.0.103 - - [10/Sep/2026:02:10:10 +0000] "GET /v3/services/07fa2bdae7c84fd18e94c77dbce6cfc2 HTTP/1.1" 200 233 10.0.0.103 - - [10/Sep/2026:02:10:10 +0000] "GET /v3/services/07fa2bdae7c84fd18e94c77dbce6cfc2 HTTP/1.1" 200 233 10.0.0.103 - - [10/Sep/2026:02:10:11 +0000] "GET / HTTP/1.1" 300 295
[Thu Sep 10 02:10:11.830025 2026] [wsgi:error] [pid 12:tid 139794513938112] [remote 10.0.0.103:52662] 2026-09-10 02:10:11.829 12 WARNING keystone.common.password_hashing [None req-b195ff1f-b087-40d4-9f37-5060c5b88e57 - - - - - -] Truncating password to algorithm specific maximum length 72 characters. 10.0.0.103 - - [10/Sep/2026:02:10:11 +0000] "GET / HTTP/1.1" 300 295
[Thu Sep 10 02:10:11.903849 2026] [wsgi:error] [pid 9:tid 139794513938112] [remote 10.0.0.103:52668] 2026-09-10 02:10:11.903 9 WARNING keystone.common.password_hashing [None req-fea0041a-a4f2-44df-8f1b-5a4a1c2ebff3 - - - - - -] Truncating password to algorithm specific maximum length 72 characters.
[Thu Sep 10 02:10:12.129220 2026] [wsgi:error] [pid 12:tid 139794513938112] [remote 10.0.0.103:52662] 2026-09-10 02:10:12.129 12 WARNING keystone.common.fernet_utils [None req-b195ff1f-b087-40d4-9f37-5060c5b88e57 - - - - - -] key_repository is world readable: /etc/keystone/fernet-keys/ 10.0.0.103 - - [10/Sep/2026:02:10:11 +0000] "POST /v3/auth/tokens HTTP/1.1" 201 1464 10.0.0.103 - - [10/Sep/2026:02:10:12 +0000] "GET / HTTP/1.1" 300 295
[Thu Sep 10 02:10:12.196279 2026] [wsgi:error] [pid 10:tid 139794513938112] [remote 10.0.0.103:52680] 2026-09-10 02:10:12.196 10 WARNING keystone.common.password_hashing [None req-ec661e23-3c78-4182-b05b-6b76153f6dab - - - - - -] Truncating password to algorithm specific maximum length 72 characters.
[Thu Sep 10 02:10:12.197999 2026] [wsgi:error] [pid 9:tid 139794513938112] [remote 10.0.0.103:52668] 2026-09-10 02:10:12.197 9 WARNING keystone.common.fernet_utils [None req-fea0041a-a4f2-44df-8f1b-5a4a1c2ebff3 - - - - - -] key_repository is world readable: /etc/keystone/fernet-keys/ 10.0.0.103 - - [10/Sep/2026:02:10:11 +0000] "POST /v3/auth/tokens HTTP/1.1" 201 1464 10.0.0.103 - - [10/Sep/2026:02:10:12 +0000] "GET /v3/services/d9434ddf9ab548f3898e89930eab1256 HTTP/1.1" 200 296 10.0.0.103 - - [10/Sep/2026:02:10:12 +0000] "GET /v3/regions/RegionOne HTTP/1.1" 200 173 10.0.0.103 - - [10/Sep/2026:02:10:12 +0000] "GET /v3/services/d9434ddf9ab548f3898e89930eab1256 HTTP/1.1" 200 296 10.0.0.103 - - [10/Sep/2026:02:10:12 +0000] "GET /v3/regions/RegionOne HTTP/1.1" 200 173 10.0.0.103 - - [10/Sep/2026:02:10:12 +0000] "POST /v3/endpoints HTTP/1.1" 201 383
[Thu Sep 10 02:10:12.541863 2026] [wsgi:error] [pid 10:tid 139794513938112] [remote 10.0.0.103:52680] 2026-09-10 02:10:12.541 10 WARNING keystone.common.fernet_utils [None req-ec661e23-3c78-4182-b05b-6b76153f6dab - - - - - -] key_repository is world readable: /etc/keystone/fernet-keys/ 10.0.0.103 - - [10/Sep/2026:02:10:12 +0000] "POST /v3/auth/tokens HTTP/1.1" 201 1823 10.0.0.103 - - [10/Sep/2026:02:10:12 +0000] "POST /v3/endpoints HTTP/1.1" 201 380 10.0.0.103 - - [10/Sep/2026:02:10:12 +0000] "GET /v3/services/d9434ddf9ab548f3898e89930eab1256 HTTP/1.1" 200 296 10.0.0.103 - - [10/Sep/2026:02:10:12 +0000] "GET /v3/regions/RegionOne HTTP/1.1" 200 173 10.0.0.103 - - [10/Sep/2026:02:10:12 +0000] "POST /v3/endpoints HTTP/1.1" 201 370 10.0.0.103 - - [10/Sep/2026:02:10:14 +0000] "GET / HTTP/1.1" 300 295
[Thu Sep 10 02:10:14.094737 2026] [wsgi:error] [pid 11:tid 139794513938112] [remote 10.0.0.103:52694] 2026-09-10 02:10:14.094 11 WARNING keystone.common.password_hashing [None req-19743b6d-b8d5-4c89-8cef-3c7baef84a1c - - - - - -] Truncating password to algorithm specific maximum length 72 characters. 10.0.0.103 - - [10/Sep/2026:02:10:14 +0000] "GET / HTTP/1.1" 300 295
[Thu Sep 10 02:10:14.128220 2026] [wsgi:error] [pid 10:tid 139794513938112] [remote 10.0.0.103:52702] 2026-09-10 02:10:14.128 10 WARNING keystone.common.password_hashing [None req-4c17795d-066f-41c7-b2d2-e47e6758dca3 - - - - - -] Truncating password to algorithm specific maximum length 72 characters. 10.0.0.103 - - [10/Sep/2026:02:10:14 +0000] "GET / HTTP/1.1" 300 295
[Thu Sep 10 02:10:14.359846 2026] [wsgi:error] [pid 9:tid 139794513938112] [remote 10.0.0.103:52712] 2026-09-10 02:10:14.359 9 WARNING keystone.common.password_hashing [None req-9867c76c-b99c-4d33-b33c-2cf563bc6294 - - - - - -] Truncating password to algorithm specific maximum length 72 characters.
[Thu Sep 10 02:10:14.406785 2026] [wsgi:error] [pid 11:tid 139794513938112] [remote 10.0.0.103:52694] 2026-09-10 02:10:14.406 11 WARNING keystone.common.fernet_utils [None req-19743b6d-b8d5-4c89-8cef-3c7baef84a1c - - - - - -] key_repository is world readable: /etc/keystone/fernet-keys/ 10.0.0.103 - - [10/Sep/2026:02:10:14 +0000] "POST /v3/auth/tokens HTTP/1.1" 201 1992
[Thu Sep 10 02:10:14.424601 2026] [wsgi:error] [pid 10:tid 139794513938112] [remote 10.0.0.103:52702] 2026-09-10 02:10:14.424 10 WARNING keystone.common.fernet_utils [None req-4c17795d-066f-41c7-b2d2-e47e6758dca3 - - - - - -] key_repository is world readable: /etc/keystone/fernet-keys/ 10.0.0.103 - - [10/Sep/2026:02:10:14 +0000] "POST /v3/auth/tokens HTTP/1.1" 201 1992 10.0.0.103 - - [10/Sep/2026:02:10:14 +0000] "GET /v3/endpoints/4cf25245bf974bec83ebfaaebfef9725 HTTP/1.1" 200 383 10.0.0.103 - - [10/Sep/2026:02:10:14 +0000] "GET /v3/endpoints/3399a0abb6b74bd6816f024fd14d861f HTTP/1.1" 200 380 10.0.0.103 - - [10/Sep/2026:02:10:14 +0000] "GET /v3/services/d9434ddf9ab548f3898e89930eab1256 HTTP/1.1" 200 296 10.0.0.103 - - [10/Sep/2026:02:10:14 +0000] "GET /v3/services/d9434ddf9ab548f3898e89930eab1256 HTTP/1.1" 200 296
[Thu Sep 10 02:10:14.672017 2026] [wsgi:error] [pid 9:tid 139794513938112] [remote 10.0.0.103:52712] 2026-09-10 02:10:14.671 9 WARNING keystone.common.fernet_utils [None req-9867c76c-b99c-4d33-b33c-2cf563bc6294 - - - - - -] key_repository is world readable: /etc/keystone/fernet-keys/ 10.0.0.103 - - [10/Sep/2026:02:10:14 +0000] "POST /v3/auth/tokens HTTP/1.1" 201 1992 10.0.0.103 - - [10/Sep/2026:02:10:14 +0000] "GET /v3/endpoints/3247215c62d14f55accac7b026a4be28 HTTP/1.1" 200 370 10.0.0.103 - - [10/Sep/2026:02:10:14 +0000] "GET /v3/services/d9434ddf9ab548f3898e89930eab1256 HTTP/1.1" 200 296 10.0.0.102 - - [10/Sep/2026:02:10:25 +0000] "GET /v3/ HTTP/1.1" 200 249 10.0.0.102 - - [10/Sep/2026:02:10:25 +0000] "GET /v3/ HTTP/1.1" 200 249 10.0.0.106 - - [10/Sep/2026:02:10:26 +0000] "GET / HTTP/1.1" 300 295
[Thu Sep 10 02:10:26.957126 2026] [wsgi:error] [pid 10:tid 139794513938112] [remote 10.0.0.106:38378] 2026-09-10 02:10:26.956 10 WARNING keystone.common.password_hashing [None req-8b6999da-820c-4c89-9775-6966b1e31e4d - - - - - -] Truncating password to algorithm specific maximum length 72 characters.
[Thu Sep 10 02:10:27.239089 2026] [wsgi:error] [pid 10:tid 139794513938112] [remote 10.0.0.106:38378] 2026-09-10 02:10:27.238 10 WARNING keystone.common.fernet_utils [None req-8b6999da-820c-4c89-9775-6966b1e31e4d - - - - - -] key_repository is world readable: /etc/keystone/fernet-keys/ 10.0.0.106 - - [10/Sep/2026:02:10:26 +0000] "POST /v3/auth/tokens HTTP/1.1" 201 1992 10.0.0.106 - - [10/Sep/2026:02:10:27 +0000] "POST /v3/domains HTTP/1.1" 201 284 10.0.0.106 - - [10/Sep/2026:02:10:28 +0000] "GET / HTTP/1.1" 300 295
[Thu Sep 10 02:10:28.878574 2026] [wsgi:error] [pid 11:tid 139794513938112] [remote 10.0.0.106:38392] 2026-09-10 02:10:28.878 11 WARNING keystone.common.password_hashing [None req-a4049953-5667-4c49-a9c8-6c40521e2afb - - - - - -] Truncating password to algorithm specific maximum length 72 characters.
[Thu Sep 10 02:10:29.211817 2026] [wsgi:error] [pid 11:tid 139794513938112] [remote 10.0.0.106:38392] 2026-09-10 02:10:29.211 11 WARNING keystone.common.fernet_utils [None req-a4049953-5667-4c49-a9c8-6c40521e2afb - - - - - -] key_repository is world readable: /etc/keystone/fernet-keys/ 10.0.0.106 - - [10/Sep/2026:02:10:28 +0000] "POST /v3/auth/tokens HTTP/1.1" 201 1992
[Thu Sep 10 02:10:29.444031 2026] [wsgi:error] [pid 10:tid 139794513938112] [remote 10.0.0.106:38392] 2026-09-10 02:10:29.420 10 ERROR keystone.server.flask.application [None req-f0bd4fe0-12c9-4543-82e9-0977d2f76d60 2c2c55c81df24880bcded8663b96f2cc 95f8f2d0498b42fab54e52473e3acaa2 - - default default] Conflict occurred attempting to store project - it is not permitted to have two projects acting as domains with the same name: service.: keystone.exception.Conflict: Conflict occurred attempting to store project - it is not permitted to have two projects acting as domains with the same name: service.
[Thu Sep 10 02:10:29.444056 2026] [wsgi:error] [pid 10:tid 139794513938112] [remote 10.0.0.106:38392] 2026-09-10 02:10:29.420 10 ERROR keystone.server.flask.application
Traceback (most recent call last):
[Thu Sep 10 02:10:29.444060 2026] [wsgi:error] [pid 10:tid 139794513938112] [remote 10.0.0.106:38392] 2026-09-10 02:10:29.420 10 ERROR keystone.server.flask.application
File "/var/lib/openstack/lib/python3.12/site-packages/sqlalchemy/engine/base.py", line 1969, in _exec_single_context
[Thu Sep 10 02:10:29.444062 2026] [wsgi:error] [pid 10:tid 139794513938112] [remote 10.0.0.106:38392] 2026-09-10 02:10:29.420 10 ERROR keystone.server.flask.application self.dialect.do_execute(
[Thu Sep 10 02:10:29.444064 2026] [wsgi:error] [pid 10:tid 139794513938112] [remote 10.0.0.106:38392] 2026-09-10 02:10:29.420 10 ERROR keystone.server.flask.application
File "/var/lib/openstack/lib/python3.12/site-packages/sqlalchemy/engine/default.py", line 952, in do_execute
[Thu Sep 10 02:10:29.444067 2026] [wsgi:error] [pid 10:tid 139794513938112] [remote 10.0.0.106:38392] 2026-09-10 02:10:29.420 10 ERROR keystone.server.flask.application cursor.execute(statement, parameters)
[Thu Sep 10 02:10:29.444069 2026] [wsgi:error] [pid 10:tid 139794513938112] [remote 10.0.0.106:38392] 2026-09-10 02:10:29.420 10 ERROR keystone.server.flask.application
File "/var/lib/openstack/lib/python3.12/site-packages/pymysql/cursors.py", line 159, in execute
[Thu Sep 10 02:10:29.444072 2026] [wsgi:error] [pid 10:tid 139794513938112] [remote 10.0.0.106:38392] 2026-09-10 02:10:29.420 10 ERROR keystone.server.flask.application result = self._query(query)
[Thu Sep 10 02:10:29.444073 2026] [wsgi:error] [pid 10:tid 139794513938112] [remote 10.0.0.106:38392] 2026-09-10 02:10:29.420 10 ERROR keystone.server.flask.application ^^^^^^^^^^^^^^^^^^
[Thu Sep 10 02:10:29.444075 2026] [wsgi:error] [pid 10:tid 139794513938112] [remote 10.0.0.106:38392] 2026-09-10 02:10:29.420 10 ERROR keystone.server.flask.application
File "/var/lib/openstack/lib/python3.12/site-packages/pymysql/cursors.py", line 330, in _query
[Thu Sep 10 02:10:29.444078 2026] [wsgi:error] [pid 10:tid 139794513938112] [remote 10.0.0.106:38392] 2026-09-10 02:10:29.420 10 ERROR keystone.server.flask.application conn.query(q)
[Thu Sep 10 02:10:29.444080 2026] [wsgi:error] [pid 10:tid 139794513938112] [remote 10.0.0.106:38392] 2026-09-10 02:10:29.420 10 ERROR keystone.server.flask.application
File "/var/lib/openstack/lib/python3.12/site-packages/pymysql/connections.py", line 582, in query
[Thu Sep 10 02:10:29.444082 2026] [wsgi:error] [pid 10:tid 139794513938112] [remote 10.0.0.106:38392] 2026-09-10 02:10:29.420 10 ERROR keystone.server.flask.application self._affected_rows = self._read_query_result(unbuffered=unbuffered)
[Thu Sep 10 02:10:29.444084 2026] [wsgi:error] [pid 10:tid 139794513938112] [remote 10.0.0.106:38392] 2026-09-10 02:10:29.420 10 ERROR keystone.server.flask.application ^^^^^^^^^^^^^^^^^^^^^^^^^^^^^^^^^^^^^^^^^^^^^^
[Thu Sep 10 02:10:29.444086 2026] [wsgi:error] [pid 10:tid 139794513938112] [remote 10.0.0.106:38392] 2026-09-10 02:10:29.420 10 ERROR keystone.server.flask.application
File "/var/lib/openstack/lib/python3.12/site-packages/pymysql/connections.py", line 847, in _read_query_result
[Thu Sep 10 02:10:29.444089 2026] [wsgi:error] [pid 10:tid 139794513938112] [remote 10.0.0.106:38392] 2026-09-10 02:10:29.420 10 ERROR keystone.server.flask.application result.read()
[Thu Sep 10 02:10:29.444094 2026] [wsgi:error] [pid 10:tid 139794513938112] [remote 10.0.0.106:38392] 2026-09-10 02:10:29.420 10 ERROR keystone.server.flask.application
File "/var/lib/openstack/lib/python3.12/site-packages/pymysql/connections.py", line 1245, in read
[Thu Sep 10 02:10:29.444096 2026] [wsgi:error] [pid 10:tid 139794513938112] [remote 10.0.0.106:38392] 2026-09-10 02:10:29.420 10 ERROR keystone.server.flask.application first_packet = self.connection._read_packet()
[Thu Sep 10 02:10:29.444098 2026] [wsgi:error] [pid 10:tid 139794513938112] [remote 10.0.0.106:38392] 2026-09-10 02:10:29.420 10 ERROR keystone.server.flask.application ^^^^^^^^^^^^^^^^^^^^^^^^^^^^^^
[Thu Sep 10 02:10:29.444100 2026] [wsgi:error] [pid 10:tid 139794513938112] [remote 10.0.0.106:38392] 2026-09-10 02:10:29.420 10 ERROR keystone.server.flask.application
File "/var/lib/openstack/lib/python3.12/site-packages/pymysql/connections.py", line 803, in _read_packet
[Thu Sep 10 02:10:29.444102 2026] [wsgi:error] [pid 10:tid 139794513938112] [remote 10.0.0.106:38392] 2026-09-10 02:10:29.420 10 ERROR keystone.server.flask.application packet.raise_for_error()
[Thu Sep 10 02:10:29.444104 2026] [wsgi:error] [pid 10:tid 139794513938112] [remote 10.0.0.106:38392] 2026-09-10 02:10:29.420 10 ERROR keystone.server.flask.application
File "/var/lib/openstack/lib/python3.12/site-packages/pymysql/protocol.py", line 219, in raise_for_error
[Thu Sep 10 02:10:29.444106 2026] [wsgi:error] [pid 10:tid 139794513938112] [remote 10.0.0.106:38392] 2026-09-10 02:10:29.420 10 ERROR keystone.server.flask.application err.raise_mysql_exception(self._data)
[Thu Sep 10 02:10:29.444108 2026] [wsgi:error] [pid 10:tid 139794513938112] [remote 10.0.0.106:38392] 2026-09-10 02:10:29.420 10 ERROR keystone.server.flask.application
File "/var/lib/openstack/lib/python3.12/site-packages/pymysql/err.py", line 154, in raise_mysql_exception
[Thu Sep 10 02:10:29.444110 2026] [wsgi:error] [pid 10:tid 139794513938112] [remote 10.0.0.106:38392] 2026-09-10 02:10:29.420 10 ERROR keystone.server.flask.application raise errorclass(errno, errval, sqlstate=sqlstate)
[Thu Sep 10 02:10:29.444113 2026] [wsgi:error] [pid 10:tid 139794513938112] [remote 10.0.0.106:38392] 2026-09-10 02:10:29.420 10 ERROR keystone.server.flask.application pymysql.err.IntegrityError: (1062, "Duplicate entry '<>-service' for key 'project.ixu_project_name_domain_id'")
[Thu Sep 10 02:10:29.444115 2026] [wsgi:error] [pid 10:tid 139794513938112] [remote 10.0.0.106:38392] 2026-09-10 02:10:29.420 10 ERROR keystone.server.flask.application
[Thu Sep 10 02:10:29.444117 2026] [wsgi:error] [pid 10:tid 139794513938112] [remote 10.0.0.106:38392] 2026-09-10 02:10:29.420 10 ERROR keystone.server.flask.application The above exception was the direct cause of the following exception:
[Thu Sep 10 02:10:29.444119 2026] [wsgi:error] [pid 10:tid 139794513938112] [remote 10.0.0.106:38392] 2026-09-10 02:10:29.420 10 ERROR keystone.server.flask.application
[Thu Sep 10 02:10:29.444128 2026] [wsgi:error] [pid 10:tid 139794513938112] [remote 10.0.0.106:38392] 2026-09-10 02:10:29.420 10 ERROR keystone.server.flask.application
Traceback (most recent call last):
[Thu Sep 10 02:10:29.444130 2026] [wsgi:error] [pid 10:tid 139794513938112] [remote 10.0.0.106:38392] 2026-09-10 02:10:29.420 10 ERROR keystone.server.flask.application
File "/var/lib/openstack/lib/python3.12/site-packages/keystone/common/sql/core.py", line 575, in wrapper
[Thu Sep 10 02:10:29.444132 2026] [wsgi:error] [pid 10:tid 139794513938112] [remote 10.0.0.106:38392] 2026-09-10 02:10:29.420 10 ERROR keystone.server.flask.application return method(*args, **kwargs)
[Thu Sep 10 02:10:29.444134 2026] [wsgi:error] [pid 10:tid 139794513938112] [remote 10.0.0.106:38392] 2026-09-10 02:10:29.420 10 ERROR keystone.server.flask.application ^^^^^^^^^^^^^^^^^^^^^^^
[Thu Sep 10 02:10:29.444137 2026] [wsgi:error] [pid 10:tid 139794513938112] [remote 10.0.0.106:38392] 2026-09-10 02:10:29.420 10 ERROR keystone.server.flask.application
File "/var/lib/openstack/lib/python3.12/site-packages/keystone/resource/backends/sql.py", line 278, in create_project
[Thu Sep 10 02:10:29.444139 2026] [wsgi:error] [pid 10:tid 139794513938112] [remote 10.0.0.106:38392] 2026-09-10 02:10:29.420 10 ERROR keystone.server.flask.application with sql.session_for_write() as session:
[Thu Sep 10 02:10:29.444141 2026] [wsgi:error] [pid 10:tid 139794513938112] [remote 10.0.0.106:38392] 2026-09-10 02:10:29.420 10 ERROR keystone.server.flask.application
File "/usr/lib/python3.12/contextlib.py", line 144, in __exit__
[Thu Sep 10 02:10:29.444144 2026] [wsgi:error] [pid 10:tid 139794513938112] [remote 10.0.0.106:38392] 2026-09-10 02:10:29.420 10 ERROR keystone.server.flask.application next(self.gen)
[Thu Sep 10 02:10:29.444146 2026] [wsgi:error] [pid 10:tid 139794513938112] [remote 10.0.0.106:38392] 2026-09-10 02:10:29.420 10 ERROR keystone.server.flask.application
File "/var/lib/openstack/lib/python3.12/site-packages/oslo_db/sqlalchemy/enginefacade.py", line 1175, in _transaction_scope
[Thu Sep 10 02:10:29.444148 2026] [wsgi:error] [pid 10:tid 139794513938112] [remote 10.0.0.106:38392] 2026-09-10 02:10:29.420 10 ERROR keystone.server.flask.application with current._produce_block(
[Thu Sep 10 02:10:29.444150 2026] [wsgi:error] [pid 10:tid 139794513938112] [remote 10.0.0.106:38392] 2026-09-10 02:10:29.420 10 ERROR keystone.server.flask.application
File "/usr/lib/python3.12/contextlib.py", line 144, in __exit__
[Thu Sep 10 02:10:29.444154 2026] [wsgi:error] [pid 10:tid 139794513938112] [remote 10.0.0.106:38392] 2026-09-10 02:10:29.420 10 ERROR keystone.server.flask.application next(self.gen)
[Thu Sep 10 02:10:29.444156 2026] [wsgi:error] [pid 10:tid 139794513938112] [remote 10.0.0.106:38392] 2026-09-10 02:10:29.420 10 ERROR keystone.server.flask.application
File "/var/lib/openstack/lib/python3.12/site-packages/oslo_db/sqlalchemy/enginefacade.py", line 837, in _session
[Thu Sep 10 02:10:29.444159 2026] [wsgi:error] [pid 10:tid 139794513938112] [remote 10.0.0.106:38392] 2026-09-10 02:10:29.420 10 ERROR keystone.server.flask.application with excutils.save_and_reraise_exception():
[Thu Sep 10 02:10:29.444161 2026] [wsgi:error] [pid 10:tid 139794513938112] [remote 10.0.0.106:38392] 2026-09-10 02:10:29.420 10 ERROR keystone.server.flask.application
File "/var/lib/openstack/lib/python3.12/site-packages/oslo_utils/excutils.py", line 266, in __exit__
[Thu Sep 10 02:10:29.444164 2026] [wsgi:error] [pid 10:tid 139794513938112] [remote 10.0.0.106:38392] 2026-09-10 02:10:29.420 10 ERROR keystone.server.flask.application self.force_reraise()
[Thu Sep 10 02:10:29.444167 2026] [wsgi:error] [pid 10:tid 139794513938112] [remote 10.0.0.106:38392] 2026-09-10 02:10:29.420 10 ERROR keystone.server.flask.application
File "/var/lib/openstack/lib/python3.12/site-packages/oslo_utils/excutils.py", line 232, in force_reraise
[Thu Sep 10 02:10:29.444169 2026] [wsgi:error] [pid 10:tid 139794513938112] [remote 10.0.0.106:38392] 2026-09-10 02:10:29.420 10 ERROR keystone.server.flask.application raise self.value
[Thu Sep 10 02:10:29.444172 2026] [wsgi:error] [pid 10:tid 139794513938112] [remote 10.0.0.106:38392] 2026-09-10 02:10:29.420 10 ERROR keystone.server.flask.application
File "/var/lib/openstack/lib/python3.12/site-packages/oslo_db/sqlalchemy/enginefacade.py", line 835, in _session
[Thu Sep 10 02:10:29.444175 2026] [wsgi:error] [pid 10:tid 139794513938112] [remote 10.0.0.106:38392] 2026-09-10 02:10:29.420 10 ERROR keystone.server.flask.application self._end_session_transaction(self.session)
[Thu Sep 10 02:10:29.444178 2026] [wsgi:error] [pid 10:tid 139794513938112] [remote 10.0.0.106:38392] 2026-09-10 02:10:29.420 10 ERROR keystone.server.flask.application
File "/var/lib/openstack/lib/python3.12/site-packages/oslo_db/sqlalchemy/enginefacade.py", line 748, in _end_session_transaction
[Thu Sep 10 02:10:29.444181 2026] [wsgi:error] [pid 10:tid 139794513938112] [remote 10.0.0.106:38392] 2026-09-10 02:10:29.420 10 ERROR keystone.server.flask.application session.commit()
[Thu Sep 10 02:10:29.444184 2026] [wsgi:error] [pid 10:tid 139794513938112] [remote 10.0.0.106:38392] 2026-09-10 02:10:29.420 10 ERROR keystone.server.flask.application
File "/var/lib/openstack/lib/python3.12/site-packages/sqlalchemy/orm/session.py", line 2034, in commit
[Thu Sep 10 02:10:29.444187 2026] [wsgi:error] [pid 10:tid 139794513938112] [remote 10.0.0.106:38392] 2026-09-10 02:10:29.420 10 ERROR keystone.server.flask.application trans.commit(_to_root=True)
[Thu Sep 10 02:10:29.444189 2026] [wsgi:error] [pid 10:tid 139794513938112] [remote 10.0.0.106:38392] 2026-09-10 02:10:29.420 10 ERROR keystone.server.flask.application File "", line 2, in commit
[Thu Sep 10 02:10:29.444192 2026] [wsgi:error] [pid 10:tid 139794513938112] [remote 10.0.0.106:38392] 2026-09-10 02:10:29.420 10 ERROR keystone.server.flask.application
File "/var/lib/openstack/lib/python3.12/site-packages/sqlalchemy/orm/state_changes.py", line 137, in _go
[Thu Sep 10 02:10:29.444194 2026] [wsgi:error] [pid 10:tid 139794513938112] [remote 10.0.0.106:38392] 2026-09-10 02:10:29.420 10 ERROR keystone.server.flask.application ret_value = fn(self, *arg, **kw)
[Thu Sep 10 02:10:29.444196 2026] [wsgi:error] [pid 10:tid 139794513938112] [remote 10.0.0.106:38392] 2026-09-10 02:10:29.420 10 ERROR keystone.server.flask.application ^^^^^^^^^^^^^^^^^^^^
[Thu Sep 10 02:10:29.444198 2026] [wsgi:error] [pid 10:tid 139794513938112] [remote 10.0.0.106:38392] 2026-09-10 02:10:29.420 10 ERROR keystone.server.flask.application
File "/var/lib/openstack/lib/python3.12/site-packages/sqlalchemy/orm/session.py", line 1315, in commit
[Thu Sep 10 02:10:29.444201 2026] [wsgi:error] [pid 10:tid 139794513938112] [remote 10.0.0.106:38392] 2026-09-10 02:10:29.420 10 ERROR keystone.server.flask.application self._prepare_impl()
[Thu Sep 10 02:10:29.444203 2026] [wsgi:error] [pid 10:tid 139794513938112] [remote 10.0.0.106:38392] 2026-09-10 02:10:29.420 10 ERROR keystone.server.flask.application File "", line 2, in _prepare_impl
[Thu Sep 10 02:10:29.444205 2026] [wsgi:error] [pid 10:tid 139794513938112] [remote 10.0.0.106:38392] 2026-09-10 02:10:29.420 10 ERROR keystone.server.flask.application
File "/var/lib/openstack/lib/python3.12/site-packages/sqlalchemy/orm/state_changes.py", line 137, in _go
[Thu Sep 10 02:10:29.444207 2026] [wsgi:error] [pid 10:tid 139794513938112] [remote 10.0.0.106:38392] 2026-09-10 02:10:29.420 10 ERROR keystone.server.flask.application ret_value = fn(self, *arg, **kw)
[Thu Sep 10 02:10:29.444210 2026] [wsgi:error] [pid 10:tid 139794513938112] [remote 10.0.0.106:38392] 2026-09-10 02:10:29.420 10 ERROR keystone.server.flask.application ^^^^^^^^^^^^^^^^^^^^
[Thu Sep 10 02:10:29.444213 2026] [wsgi:error] [pid 10:tid 139794513938112] [remote 10.0.0.106:38392] 2026-09-10 02:10:29.420 10 ERROR keystone.server.flask.application
File "/var/lib/openstack/lib/python3.12/site-packages/sqlalchemy/orm/session.py", line 1290, in _prepare_impl
[Thu Sep 10 02:10:29.444217 2026] [wsgi:error] [pid 10:tid 139794513938112] [remote 10.0.0.106:38392] 2026-09-10 02:10:29.420 10 ERROR keystone.server.flask.application self.session.flush()
[Thu Sep 10 02:10:29.444220 2026] [wsgi:error] [pid 10:tid 139794513938112] [remote 10.0.0.106:38392] 2026-09-10 02:10:29.420 10 ERROR keystone.server.flask.application
File "/var/lib/openstack/lib/python3.12/site-packages/sqlalchemy/orm/session.py", line 4352, in flush
[Thu Sep 10 02:10:29.444223 2026] [wsgi:error] [pid 10:tid 139794513938112] [remote 10.0.0.106:38392] 2026-09-10 02:10:29.420 10 ERROR keystone.server.flask.application self._flush(objects)
[Thu Sep 10 02:10:29.444225 2026] [wsgi:error] [pid 10:tid 139794513938112] [remote 10.0.0.106:38392] 2026-09-10 02:10:29.420 10 ERROR keystone.server.flask.application
File "/var/lib/openstack/lib/python3.12/site-packages/sqlalchemy/orm/session.py", line 4487, in _flush
[Thu Sep 10 02:10:29.444228 2026] [wsgi:error] [pid 10:tid 139794513938112] [remote 10.0.0.106:38392] 2026-09-10 02:10:29.420 10 ERROR keystone.server.flask.application with util.safe_reraise():
[Thu Sep 10 02:10:29.444231 2026] [wsgi:error] [pid 10:tid 139794513938112] [remote 10.0.0.106:38392] 2026-09-10 02:10:29.420 10 ERROR keystone.server.flask.application
File "/var/lib/openstack/lib/python3.12/site-packages/sqlalchemy/util/langhelpers.py", line 122, in __exit__
[Thu Sep 10 02:10:29.444235 2026] [wsgi:error] [pid 10:tid 139794513938112] [remote 10.0.0.106:38392] 2026-09-10 02:10:29.420 10 ERROR keystone.server.flask.application raise exc_value.with_traceback(exc_tb)
[Thu Sep 10 02:10:29.444238 2026] [wsgi:error] [pid 10:tid 139794513938112] [remote 10.0.0.106:38392] 2026-09-10 02:10:29.420 10 ERROR keystone.server.flask.application
File "/var/lib/openstack/lib/python3.12/site-packages/sqlalchemy/orm/session.py", line 4448, in _flush
[Thu Sep 10 02:10:29.444241 2026] [wsgi:error] [pid 10:tid 139794513938112] [remote 10.0.0.106:38392] 2026-09-10 02:10:29.420 10 ERROR keystone.server.flask.application flush_context.execute()
