May 26 11:53:17.970452 np0000176605 devstack@neutron-api.service[103130]: DEBUG ovsdbapp.backend.ovs_idl [None req-e54e1522-ed05-4a41-bc26-9ceeba5216d5 None None] Created lookup_table index Port_Binding.logical_port {{(pid=103130) autocreate_indices /opt/stack/data/venv/lib/python3.12/site-packages/ovsdbapp/backend/ovs_idl/__init__.py:87}}
May 26 11:53:17.970516 np0000176605 devstack@neutron-api.service[103130]: DEBUG ovsdbapp.backend.ovs_idl [None req-e54e1522-ed05-4a41-bc26-9ceeba5216d5 None None] Created schema index Chassis_Private.name {{(pid=103130) autocreate_indices /opt/stack/data/venv/lib/python3.12/site-packages/ovsdbapp/backend/ovs_idl/__init__.py:106}}
May 26 11:53:17.970624 np0000176605 devstack@neutron-api.service[103130]: DEBUG ovsdbapp.backend.ovs_idl [None req-e54e1522-ed05-4a41-bc26-9ceeba5216d5 None None] Created schema index Datapath_Binding.tunnel_key {{(pid=103130) autocreate_indices /opt/stack/data/venv/lib/python3.12/site-packages/ovsdbapp/backend/ovs_idl/__init__.py:106}}
May 26 11:53:17.971934 np0000176605 devstack@neutron-api.service[103129]: DEBUG ovsdbapp.backend.ovs_idl [None req-142709e2-67ae-4812-ad6b-f5be8a132550 None None] Created lookup_table index Chassis.name {{(pid=103129) autocreate_indices /opt/stack/data/venv/lib/python3.12/site-packages/ovsdbapp/backend/ovs_idl/__init__.py:87}}
May 26 11:53:17.972051 np0000176605 devstack@neutron-api.service[103129]: DEBUG ovsdbapp.backend.ovs_idl [None req-142709e2-67ae-4812-ad6b-f5be8a132550 None None] Created lookup_table index Port_Binding.logical_port {{(pid=103129) autocreate_indices /opt/stack/data/venv/lib/python3.12/site-packages/ovsdbapp/backend/ovs_idl/__init__.py:87}}
May 26 11:53:17.972151 np0000176605 devstack@neutron-api.service[103129]: DEBUG ovsdbapp.backend.ovs_idl [None req-142709e2-67ae-4812-ad6b-f5be8a132550 None None] Created schema index Chassis_Private.name {{(pid=103129) autocreate_indices /opt/stack/data/venv/lib/python3.12/site-packages/ovsdbapp/backend/ovs_idl/__init__.py:106}}
May 26 11:53:17.972222 np0000176605 devstack@neutron-api.service[103129]: DEBUG ovsdbapp.backend.ovs_idl [None req-142709e2-67ae-4812-ad6b-f5be8a132550 None None] Created schema index Datapath_Binding.tunnel_key {{(pid=103129) autocreate_indices /opt/stack/data/venv/lib/python3.12/site-packages/ovsdbapp/backend/ovs_idl/__init__.py:106}}
May 26 11:53:17.972444 np0000176605 devstack@neutron-api.service[103127]: DEBUG neutron.common.ovn.hash_ring_manager [None req-4c2da086-f3bf-464d-9a66-babed288edd3 None None] Hash Ring loaded. 4 active nodes. 0 offline nodes {{(pid=103127) _load_hash_ring /opt/stack/neutron/neutron/common/ovn/hash_ring_manager.py:102}}
May 26 11:53:17.972592 np0000176605 devstack@neutron-api.service[103130]: INFO ovsdbapp.backend.ovs_idl.vlog [None req-e54e1522-ed05-4a41-bc26-9ceeba5216d5 None None] ssl:199.204.45.19:6642: connecting...
May 26 11:53:17.972648 np0000176605 devstack@neutron-api.service[103127]: DEBUG neutron.plugins.ml2.drivers.ovn.mech_driver.ovsdb.ovsdb_monitor [None req-4c2da086-f3bf-464d-9a66-babed288edd3 None None] Hash Ring: Node 14f676da86d4527bbb3462f8c1ac13c2 (host: np0000176605) handling event "create" for row 67951ec3-f088-4783-a761-2d0682932a85 (table: ACL) {{(pid=103127) notify /opt/stack/neutron/neutron/plugins/ml2/drivers/ovn/mech_driver/ovsdb/ovsdb_monitor.py:986}}
May 26 11:53:17.972987 np0000176605 devstack@neutron-api.service[103127]: DEBUG neutron.plugins.ml2.drivers.ovn.mech_driver.ovsdb.ovsdb_monitor [None req-4c2da086-f3bf-464d-9a66-babed288edd3 None None] Hash Ring: Node 14f676da86d4527bbb3462f8c1ac13c2 (host: np0000176605) handling event "create" for row add693f0-785c-46b1-be69-20798477239c (table: Connection) {{(pid=103127) notify /opt/stack/neutron/neutron/plugins/ml2/drivers/ovn/mech_driver/ovsdb/ovsdb_monitor.py:986}}
May 26 11:53:17.973089 np0000176605 devstack@neutron-api.service[103127]: DEBUG neutron.plugins.ml2.drivers.ovn.mech_driver.ovsdb.ovsdb_monitor [None req-4c2da086-f3bf-464d-9a66-babed288edd3 None None] Hash Ring: Node 14f676da86d4527bbb3462f8c1ac13c2 (host: np0000176605) handling event "create" for row e06e78e7-67d7-48bd-a35a-df36525e3783 (table: Port_Group) {{(pid=103127) notify /opt/stack/neutron/neutron/plugins/ml2/drivers/ovn/mech_driver/ovsdb/ovsdb_monitor.py:986}}
May 26 11:53:17.973224 np0000176605 devstack@neutron-api.service[103127]: DEBUG neutron.plugins.ml2.drivers.ovn.mech_driver.ovsdb.ovsdb_monitor [None req-4c2da086-f3bf-464d-9a66-babed288edd3 None None] Hash Ring: Node 14f676da86d4527bbb3462f8c1ac13c2 (host: np0000176605) handling event "create" for row fa7f1c7f-3a38-4db1-a69e-c61606390538 (table: SSL) {{(pid=103127) notify /opt/stack/neutron/neutron/plugins/ml2/drivers/ovn/mech_driver/ovsdb/ovsdb_monitor.py:986}}
May 26 11:53:17.974511 np0000176605 devstack@neutron-api.service[103129]: INFO ovsdbapp.backend.ovs_idl.vlog [None req-142709e2-67ae-4812-ad6b-f5be8a132550 None None] ssl:199.204.45.19:6642: connecting...
May 26 11:53:17.974558 np0000176605 devstack@neutron-api.service[103127]: INFO neutron.plugins.ml2.drivers.ovn.mech_driver.ovsdb.impl_idl_ovn [None req-4c2da086-f3bf-464d-9a66-babed288edd3 None None] Getting OvsdbSbOvnIdl for WorkerService with retry
May 26 11:53:17.977888 np0000176605 devstack@neutron-api.service[103130]: INFO ovsdbapp.backend.ovs_idl.vlog [None req-e54e1522-ed05-4a41-bc26-9ceeba5216d5 None None] ssl:199.204.45.19:6642: connected
May 26 11:53:17.981103 np0000176605 devstack@neutron-api.service[103129]: INFO ovsdbapp.backend.ovs_idl.vlog [None req-142709e2-67ae-4812-ad6b-f5be8a132550 None None] ssl:199.204.45.19:6642: connected
May 26 11:53:18.010262 np0000176605 devstack@neutron-api.service[103130]: DEBUG neutron.common.ovn.hash_ring_manager [None req-e54e1522-ed05-4a41-bc26-9ceeba5216d5 None None] Allow caching, nodes 4>=4 {{(pid=103130) _wait_startup_before_caching /opt/stack/neutron/neutron/common/ovn/hash_ring_manager.py:65}}
May 26 11:53:18.010886 np0000176605 devstack@neutron-api.service[103129]: DEBUG neutron.common.ovn.hash_ring_manager [None req-142709e2-67ae-4812-ad6b-f5be8a132550 None None] Allow caching, nodes 4>=4 {{(pid=103129) _wait_startup_before_caching /opt/stack/neutron/neutron/common/ovn/hash_ring_manager.py:65}}
May 26 11:53:18.012186 np0000176605 devstack@neutron-api.service[103127]: DEBUG ovsdbapp.backend.ovs_idl [None req-4c2da086-f3bf-464d-9a66-babed288edd3 None None] Created lookup_table index Chassis.name {{(pid=103127) autocreate_indices /opt/stack/data/venv/lib/python3.12/site-packages/ovsdbapp/backend/ovs_idl/__init__.py:87}}
May 26 11:53:18.012186 np0000176605 devstack@neutron-api.service[103127]: DEBUG ovsdbapp.backend.ovs_idl [None req-4c2da086-f3bf-464d-9a66-babed288edd3 None None] Created lookup_table index Port_Binding.logical_port {{(pid=103127) autocreate_indices /opt/stack/data/venv/lib/python3.12/site-packages/ovsdbapp/backend/ovs_idl/__init__.py:87}}
May 26 11:53:18.012186 np0000176605 devstack@neutron-api.service[103127]: DEBUG ovsdbapp.backend.ovs_idl [None req-4c2da086-f3bf-464d-9a66-babed288edd3 None None] Created schema index Chassis_Private.name {{(pid=103127) autocreate_indices /opt/stack/data/venv/lib/python3.12/site-packages/ovsdbapp/backend/ovs_idl/__init__.py:106}}
May 26 11:53:18.012186 np0000176605 devstack@neutron-api.service[103127]: DEBUG ovsdbapp.backend.ovs_idl [None req-4c2da086-f3bf-464d-9a66-babed288edd3 None None] Created schema index Datapath_Binding.tunnel_key {{(pid=103127) autocreate_indices /opt/stack/data/venv/lib/python3.12/site-packages/ovsdbapp/backend/ovs_idl/__init__.py:106}}
May 26 11:53:18.013802 np0000176605 devstack@neutron-api.service[103130]: DEBUG neutron.common.ovn.hash_ring_manager [None req-e54e1522-ed05-4a41-bc26-9ceeba5216d5 None None] Hash Ring loaded. 4 active nodes. 0 offline nodes {{(pid=103130) _load_hash_ring /opt/stack/neutron/neutron/common/ovn/hash_ring_manager.py:102}}
May 26 11:53:18.013991 np0000176605 devstack@neutron-api.service[103130]: DEBUG neutron.plugins.ml2.drivers.ovn.mech_driver.ovsdb.ovsdb_monitor [None req-e54e1522-ed05-4a41-bc26-9ceeba5216d5 None None] ChassisAgentWriteEvent : Matched Chassis_Private, create, None None {{(pid=103130) matches /opt/stack/neutron/neutron/plugins/ml2/drivers/ovn/mech_driver/ovsdb/ovsdb_monitor.py:64}}
May 26 11:53:18.014136 np0000176605 devstack@neutron-api.service[103130]: DEBUG neutron.plugins.ml2.drivers.ovn.mech_driver.ovsdb.ovsdb_monitor [None req-e54e1522-ed05-4a41-bc26-9ceeba5216d5 None None] ChassisOVNAgentWriteEvent : Matched Chassis_Private, create, None None {{(pid=103130) matches /opt/stack/neutron/neutron/plugins/ml2/drivers/ovn/mech_driver/ovsdb/ovsdb_monitor.py:64}}
May 26 11:53:18.014197 np0000176605 devstack@neutron-api.service[103127]: INFO ovsdbapp.backend.ovs_idl.vlog [None req-4c2da086-f3bf-464d-9a66-babed288edd3 None None] ssl:199.204.45.19:6642: connecting...
May 26 11:53:18.015846 np0000176605 devstack@neutron-api.service[103130]: INFO neutron.plugins.ml2.drivers.ovn.mech_driver.mech_driver [None req-e54e1522-ed05-4a41-bc26-9ceeba5216d5 None None] WorkerService process has finished the post initialization
May 26 11:53:18.016905 np0000176605 devstack@neutron-api.service[103129]: DEBUG neutron.common.ovn.hash_ring_manager [None req-142709e2-67ae-4812-ad6b-f5be8a132550 None None] Hash Ring loaded. 4 active nodes. 0 offline nodes {{(pid=103129) _load_hash_ring /opt/stack/neutron/neutron/common/ovn/hash_ring_manager.py:102}}
May 26 11:53:18.016981 np0000176605 devstack@neutron-api.service[103130]: WSGI app 0 (mountpoint='') ready in 7 seconds on interpreter 0x7c7aed2a3668 pid: 103130 (default app)
May 26 11:53:18.017019 np0000176605 devstack@neutron-api.service[103129]: DEBUG neutron.plugins.ml2.drivers.ovn.mech_driver.ovsdb.ovsdb_monitor [None req-142709e2-67ae-4812-ad6b-f5be8a132550 None None] ChassisAgentWriteEvent : Matched Chassis_Private, create, None None {{(pid=103129) matches /opt/stack/neutron/neutron/plugins/ml2/drivers/ovn/mech_driver/ovsdb/ovsdb_monitor.py:64}}
May 26 11:53:18.017180 np0000176605 devstack@neutron-api.service[103129]: DEBUG neutron.plugins.ml2.drivers.ovn.mech_driver.ovsdb.ovsdb_monitor [None req-142709e2-67ae-4812-ad6b-f5be8a132550 None None] ChassisOVNAgentWriteEvent : Matched Chassis_Private, create, None None {{(pid=103129) matches /opt/stack/neutron/neutron/plugins/ml2/drivers/ovn/mech_driver/ovsdb/ovsdb_monitor.py:64}}
May 26 11:53:18.017512 np0000176605 devstack@neutron-api.service[103129]: DEBUG neutron.plugins.ml2.drivers.ovn.mech_driver.ovsdb.ovsdb_monitor [None req-142709e2-67ae-4812-ad6b-f5be8a132550 None None] Hash Ring: Node 9505b25938925d018daa66976d68909d (host: np0000176605) handling event "create" for row ecb80e8c-4aaf-4051-8980-19a731b5fec8 (table: Encap) {{(pid=103129) notify /opt/stack/neutron/neutron/plugins/ml2/drivers/ovn/mech_driver/ovsdb/ovsdb_monitor.py:986}}
May 26 11:53:18.018731 np0000176605 devstack@neutron-api.service[103127]: INFO ovsdbapp.backend.ovs_idl.vlog [None req-4c2da086-f3bf-464d-9a66-babed288edd3 None None] ssl:199.204.45.19:6642: connected
May 26 11:53:18.019624 np0000176605 devstack@neutron-api.service[103129]: INFO neutron.plugins.ml2.drivers.ovn.mech_driver.mech_driver [None req-142709e2-67ae-4812-ad6b-f5be8a132550 None None] WorkerService process has finished the post initialization
May 26 11:53:18.020953 np0000176605 devstack@neutron-api.service[103129]: WSGI app 0 (mountpoint='') ready in 7 seconds on interpreter 0x7c7aed2a3668 pid: 103129 (default app)
May 26 11:53:18.070502 np0000176605 devstack@neutron-api.service[103128]: [pid: 103128|app: 0|req: 1/1] 199.204.45.19 () {62 vars in 981 bytes} [Tue May 26 11:53:18 2026] GET /networking => generated 129 bytes in 4 msecs (HTTP/1.1 200) 3 headers in 91 bytes (1 switches on core 0)
May 26 11:53:18.092157 np0000176605 devstack@neutron-api.service[103127]: DEBUG neutron.common.ovn.hash_ring_manager [None req-4c2da086-f3bf-464d-9a66-babed288edd3 None None] Allow caching, nodes 4>=4 {{(pid=103127) _wait_startup_before_caching /opt/stack/neutron/neutron/common/ovn/hash_ring_manager.py:65}}
May 26 11:53:18.096967 np0000176605 devstack@neutron-api.service[103127]: DEBUG neutron.common.ovn.hash_ring_manager [None req-4c2da086-f3bf-464d-9a66-babed288edd3 None None] Hash Ring loaded. 4 active nodes. 0 offline nodes {{(pid=103127) _load_hash_ring /opt/stack/neutron/neutron/common/ovn/hash_ring_manager.py:102}}
May 26 11:53:18.097165 np0000176605 devstack@neutron-api.service[103127]: DEBUG neutron.plugins.ml2.drivers.ovn.mech_driver.ovsdb.ovsdb_monitor [None req-4c2da086-f3bf-464d-9a66-babed288edd3 None None] Hash Ring: Node 14f676da86d4527bbb3462f8c1ac13c2 (host: np0000176605) handling event "create" for row af058371-9436-4a88-94ca-12c05ba1bb1e (table: Chassis) {{(pid=103127) notify /opt/stack/neutron/neutron/plugins/ml2/drivers/ovn/mech_driver/ovsdb/ovsdb_monitor.py:986}}
May 26 11:53:18.098227 np0000176605 devstack@neutron-api.service[103127]: DEBUG ovsdbapp.backend.ovs_idl.event [None req-4c2da086-f3bf-464d-9a66-babed288edd3 None None] Matched CREATE: ChassisBandwidthConfigEvent(events=('create', 'update'), table='Chassis', conditions=None, old_conditions=None), priority=20 to row=Chassis(uuid=af058371-9436-4a88-94ca-12c05ba1bb1e, encaps=[ecb80e8c-4aaf-4051-8980-19a731b5fec8], external_ids={}, hostname='np0000176605', name='b43574b5-4534-48d9-bbfc-3a2a0d136ae0', nb_cfg=0, other_config={'ct-commit-nat-v2': 'true', 'ct-commit-to-zone': 'true', 'ct-next-zone': 'true', 'ct-no-masked-label': 'true', 'ct-state-save': 'true', 'datapath-type': 'system', 'fdb-timestamp': 'true', 'iface-types': 'afxdp,afxdp-nonpmd,bareudp,erspan,geneve,gre,gtpu,internal,ip6erspan,ip6gre,lisp,patch,srv6,stt,system,tap,vxlan', 'is-interconn': 'false', 'ls-dpg-column': 'true', 'mac-binding-timestamp': 'true', 'ovn-bridge-mappings': 'public:br-ex', 'ovn-chassis-mac-mappings': '', 'ovn-cms-options': 'enable-chassis-as-gw', 'ovn-ct-lb-related': 'true', 'ovn-enable-lflow-cache': 'true', 'ovn-limit-lflow-cache': '', 'ovn-memlimit-lflow-cache-kb': '', 'ovn-monitor-all': 'false', 'ovn-trim-limit-lflow-cache': '', 'ovn-trim-timeout-ms': '', 'ovn-trim-wmark-perc-lflow-cache': '', 'port-up-notif': 'true'}, transport_zones=[], vtep_logical_switches=[]) old= {{(pid=103127) matches /opt/stack/data/venv/lib/python3.12/site-packages/ovsdbapp/backend/ovs_idl/event.py:55}}
May 26 11:53:18.098936 np0000176605 devstack@neutron-api.service[103127]: DEBUG neutron.plugins.ml2.drivers.ovn.mech_driver.ovsdb.ovsdb_monitor [None req-4c2da086-f3bf-464d-9a66-babed288edd3 None None] ChassisOVNAgentWriteEvent : Matched Chassis_Private, create, None None {{(pid=103127) matches /opt/stack/neutron/neutron/plugins/ml2/drivers/ovn/mech_driver/ovsdb/ovsdb_monitor.py:64}}
May 26 11:53:18.099087 np0000176605 devstack@neutron-api.service[103127]: DEBUG neutron.plugins.ml2.drivers.ovn.mech_driver.ovsdb.ovsdb_monitor [None req-4c2da086-f3bf-464d-9a66-babed288edd3 None None] ChassisAgentWriteEvent : Matched Chassis_Private, create, None None {{(pid=103127) matches /opt/stack/neutron/neutron/plugins/ml2/drivers/ovn/mech_driver/ovsdb/ovsdb_monitor.py:64}}
May 26 11:53:18.100880 np0000176605 devstack@neutron-api.service[103127]: INFO neutron.plugins.ml2.drivers.ovn.mech_driver.mech_driver [None req-4c2da086-f3bf-464d-9a66-babed288edd3 None None] WorkerService process has finished the post initialization
May 26 11:53:18.101871 np0000176605 devstack@neutron-api.service[103127]: INFO neutron.plugins.ml2.drivers.ovn.mech_driver.ovsdb.extensions.qos [-] Starting OVNClientQosExtension
May 26 11:53:18.101945 np0000176605 devstack@neutron-api.service[103127]: INFO neutron.plugins.ml2.drivers.ovn.mech_driver.ovsdb.extensions.placement [-] Starting OVNClientPlacementExtension
May 26 11:53:18.103906 np0000176605 devstack@neutron-api.service[103127]: WSGI app 0 (mountpoint='') ready in 7 seconds on interpreter 0x7c7aed2a3668 pid: 103127 (default app)
May 26 11:53:20.179014 np0000176605 devstack@neutron-api.service[103127]: DEBUG neutron.plugins.ml2.drivers.ovn.mech_driver.ovsdb.ovsdb_monitor [-] Hash Ring: Node 14f676da86d4527bbb3462f8c1ac13c2 (host: np0000176605) handling event "update" for row add693f0-785c-46b1-be69-20798477239c (table: Connection) {{(pid=103127) notify /opt/stack/neutron/neutron/plugins/ml2/drivers/ovn/mech_driver/ovsdb/ovsdb_monitor.py:986}}
May 26 11:53:20.182402 np0000176605 devstack@neutron-api.service[103128]: DEBUG neutron.common.ovn.hash_ring_manager [-] Allow caching, nodes 4>=4 {{(pid=103128) _wait_startup_before_caching /opt/stack/neutron/neutron/common/ovn/hash_ring_manager.py:65}}
May 26 11:53:20.182750 np0000176605 devstack@neutron-api.service[103128]: DEBUG neutron.plugins.ml2.drivers.ovn.mech_driver.ovsdb.ovsdb_monitor [-] Hash Ring: Node 9b7b01c1b2df557091eeb943a4b30f4a (host: np0000176605) handling event "update" for row add693f0-785c-46b1-be69-20798477239c (table: Connection) {{(pid=103128) notify /opt/stack/neutron/neutron/plugins/ml2/drivers/ovn/mech_driver/ovsdb/ovsdb_monitor.py:986}}
May 26 11:53:22.681244 np0000176605 devstack@neutron-api.service[103128]: DEBUG neutron.plugins.ml2.drivers.ovn.mech_driver.ovsdb.ovsdb_monitor [-] Hash Ring: Node 9b7b01c1b2df557091eeb943a4b30f4a (host: np0000176605) handling event "update" for row add693f0-785c-46b1-be69-20798477239c (table: Connection) {{(pid=103128) notify /opt/stack/neutron/neutron/plugins/ml2/drivers/ovn/mech_driver/ovsdb/ovsdb_monitor.py:986}}
May 26 11:53:22.682019 np0000176605 devstack@neutron-api.service[103127]: DEBUG neutron.plugins.ml2.drivers.ovn.mech_driver.ovsdb.ovsdb_monitor [-] Hash Ring: Node 14f676da86d4527bbb3462f8c1ac13c2 (host: np0000176605) handling event "update" for row add693f0-785c-46b1-be69-20798477239c (table: Connection) {{(pid=103127) notify /opt/stack/neutron/neutron/plugins/ml2/drivers/ovn/mech_driver/ovsdb/ovsdb_monitor.py:986}}
May 26 11:53:24.488973 np0000176605 devstack@neutron-api.service[103130]: DEBUG neutron.api.wsgi [None req-19fb3f7a-6bac-4c74-92ad-53e3f78028c2 admin admin] Missing Content-Type {{(pid=103130) get_content_type /opt/stack/neutron/neutron/api/wsgi.py:80}}
May 26 11:53:24.489909 np0000176605 devstack@neutron-api.service[103130]: DEBUG neutron.api.wsgi [None req-19fb3f7a-6bac-4c74-92ad-53e3f78028c2 admin admin] https://199.204.45.19/networking/v2.0/extensions returned with HTTP 200 {{(pid=103130) __call__ /opt/stack/neutron/neutron/api/wsgi.py:540}}
May 26 11:53:24.489909 np0000176605 devstack@neutron-api.service[103130]: [pid: 103130|app: 0|req: 1/2] 199.204.45.19 () {64 vars in 1316 bytes} [Tue May 26 11:53:24 2026] GET /networking/v2.0/extensions => generated 15209 bytes in 254 msecs (HTTP/1.1 200) 4 headers in 159 bytes (1 switches on core 0)
May 26 11:53:24.878288 np0000176605 devstack@neutron-api.service[103129]: DEBUG neutron.api.v2.base [None req-dc2da9ed-1568-4296-af41-3e87d5e137a9 admin admin] Request body: {'subnetpool': {'shared': True, 'default_prefixlen': 26, 'is_default': True, 'name': 'shared-default-subnetpool-v4', 'prefixes': ['10.1.0.0/20']}} {{(pid=103129) prepare_request_body /opt/stack/neutron/neutron/api/v2/base.py:727}}
May 26 11:53:25.089271 np0000176605 devstack@neutron-api.service[103129]: DEBUG neutron.policy [None req-dc2da9ed-1568-4296-af41-3e87d5e137a9 admin admin] Loaded default policies from ['neutron'] under neutron.policies entry points {{(pid=103129) register_rules /opt/stack/neutron/neutron/policy.py:65}}
May 26 11:53:25.254438 np0000176605 devstack@neutron-api.service[103129]: DEBUG neutron_lib.callbacks.manager [None req-dc2da9ed-1568-4296-af41-3e87d5e137a9 admin admin] Publish callbacks ['neutron.objects.securitygroup.RbacNeutronDbObjectMixin.validate_rbac_policy_change-2544367461993', 'neutron.objects.address_group.RbacNeutronDbObjectMixin.validate_rbac_policy_change-2544367443468', 'neutron.objects.network.RbacNeutronDbObjectMixin.validate_rbac_policy_change-2544367045394', 'neutron.objects.qos.policy.RbacNeutronDbObjectMixin.validate_rbac_policy_change-2544367106057', 'neutron.objects.subnetpool.RbacNeutronDbObjectMixin.validate_rbac_policy_change-2544367134854', 'neutron.objects.address_scope.RbacNeutronDbObjectMixin.validate_rbac_policy_change-2544367122678', 'neutron.plugins.ml2.plugin.External_net_db_mixin._process_ext_policy_create-414394', 'neutron.plugins.ml2.plugin.NeutronDbPluginV2.validate_network_rbac_policy_change-369188'] for rbac-policy (None), before_create {{(pid=103129) _notify_loop /opt/stack/data/venv/lib/python3.12/site-packages/neutron_lib/callbacks/manager.py:184}}
May 26 11:53:25.301383 np0000176605 devstack@neutron-api.service[103129]: DEBUG neutron_lib.callbacks.manager [None req-dc2da9ed-1568-4296-af41-3e87d5e137a9 admin admin] Publish callbacks [] for subnetpool (None), before_response {{(pid=103129) _notify_loop /opt/stack/data/venv/lib/python3.12/site-packages/neutron_lib/callbacks/manager.py:184}}
May 26 11:53:25.301860 np0000176605 devstack@neutron-api.service[103129]: [pid: 103129|app: 0|req: 1/3] 199.204.45.19 () {68 vars in 1360 bytes} [Tue May 26 11:53:24 2026] POST /networking/v2.0/subnetpools => generated 533 bytes in 525 msecs (HTTP/1.1 201) 4 headers in 162 bytes (1 switches on core 0)
May 26 11:53:25.647144 np0000176605 devstack@neutron-api.service[103128]: DEBUG neutron.api.v2.base [None req-d718695d-1127-44fd-a3ae-61fc9b2ba35d admin admin] Request body: {'subnetpool': {'shared': True, 'default_prefixlen': 64, 'is_default': True, 'name': 'shared-default-subnetpool-v6', 'prefixes': ['fd3c:aea9:1e77::/56']}} {{(pid=103128) prepare_request_body /opt/stack/neutron/neutron/api/v2/base.py:727}}
May 26 11:53:25.978070 np0000176605 devstack@neutron-api.service[103128]: DEBUG neutron.policy [None req-d718695d-1127-44fd-a3ae-61fc9b2ba35d admin admin] Loaded default policies from ['neutron'] under neutron.policies entry points {{(pid=103128) register_rules /opt/stack/neutron/neutron/policy.py:65}}
May 26 11:53:26.115829 np0000176605 devstack@neutron-api.service[103128]: DEBUG neutron_lib.callbacks.manager [None req-d718695d-1127-44fd-a3ae-61fc9b2ba35d admin admin] Publish callbacks ['neutron.objects.securitygroup.RbacNeutronDbObjectMixin.validate_rbac_policy_change-2544367516909', 'neutron.objects.address_group.RbacNeutronDbObjectMixin.validate_rbac_policy_change-2544367473981', 'neutron.objects.network.RbacNeutronDbObjectMixin.validate_rbac_policy_change-2544367084140', 'neutron.objects.qos.policy.RbacNeutronDbObjectMixin.validate_rbac_policy_change-2544367069717', 'neutron.objects.subnetpool.RbacNeutronDbObjectMixin.validate_rbac_policy_change-2544367163033', 'neutron.objects.address_scope.RbacNeutronDbObjectMixin.validate_rbac_policy_change-2544367144800', 'neutron.plugins.ml2.plugin.External_net_db_mixin._process_ext_policy_create-222796', 'neutron.plugins.ml2.plugin.NeutronDbPluginV2.validate_network_rbac_policy_change-41680'] for rbac-policy (None), before_create {{(pid=103128) _notify_loop /opt/stack/data/venv/lib/python3.12/site-packages/neutron_lib/callbacks/manager.py:184}}
May 26 11:53:26.152635 np0000176605 devstack@neutron-api.service[103128]: DEBUG neutron_lib.callbacks.manager [None req-d718695d-1127-44fd-a3ae-61fc9b2ba35d admin admin] Publish callbacks [] for subnetpool (None), before_response {{(pid=103128) _notify_loop /opt/stack/data/venv/lib/python3.12/site-packages/neutron_lib/callbacks/manager.py:184}}
May 26 11:53:26.153144 np0000176605 devstack@neutron-api.service[103128]: [pid: 103128|app: 0|req: 2/4] 199.204.45.19 () {68 vars in 1360 bytes} [Tue May 26 11:53:25 2026] POST /networking/v2.0/subnetpools => generated 543 bytes in 630 msecs (HTTP/1.1 201) 4 headers in 162 bytes (1 switches on core 0)
May 26 11:53:26.581514 np0000176605 devstack@neutron-api.service[103127]: DEBUG neutron.api.v2.base [None req-afbe9803-834f-4274-8844-487bf4d74c34 admin admin] Request body: {'network': {'admin_state_up': True, 'name': 'private'}} {{(pid=103127) prepare_request_body /opt/stack/neutron/neutron/api/v2/base.py:727}}
May 26 11:53:26.617430 np0000176605 devstack@neutron-api.service[103127]: DEBUG neutron.pecan_wsgi.hooks.quota_enforcement [None req-afbe9803-834f-4274-8844-487bf4d74c34 admin admin] Made reservation on behalf of 938c52730e8d435b8d501ea23d18cc51 for: {'network': 1} {{(pid=103127) before /opt/stack/neutron/neutron/pecan_wsgi/hooks/quota_enforcement.py:66}}
May 26 11:53:26.804665 np0000176605 devstack@neutron-api.service[103127]: DEBUG neutron.policy [None req-afbe9803-834f-4274-8844-487bf4d74c34 admin admin] Loaded default policies from ['neutron'] under neutron.policies entry points {{(pid=103127) register_rules /opt/stack/neutron/neutron/policy.py:65}}
May 26 11:53:26.910631 np0000176605 devstack@neutron-api.service[103127]: DEBUG neutron_lib.callbacks.manager [None req-afbe9803-834f-4274-8844-487bf4d74c34 admin admin] Publish callbacks ['neutron.plugins.ml2.plugin.SecurityGroupDbMixin._ensure_default_security_group_handler-1110861'] for network (None), before_create {{(pid=103127) _notify_loop /opt/stack/data/venv/lib/python3.12/site-packages/neutron_lib/callbacks/manager.py:184}}
May 26 11:53:26.933515 np0000176605 devstack@neutron-api.service[103127]: DEBUG neutron_lib.callbacks.manager [None req-afbe9803-834f-4274-8844-487bf4d74c34 admin admin] Publish callbacks [] for security_group (None), before_create {{(pid=103127) _notify_loop /opt/stack/data/venv/lib/python3.12/site-packages/neutron_lib/callbacks/manager.py:184}}
May 26 11:53:27.043163 np0000176605 devstack@neutron-api.service[103127]: DEBUG neutron_lib.callbacks.manager [None req-afbe9803-834f-4274-8844-487bf4d74c34 admin admin] Publish callbacks ['neutron.plugins.ml2.drivers.ovn.mech_driver.mech_driver.OVNMechanismDriver._create_security_group_precommit-1428995'] for security_group (c7a9cf36-bc24-4c32-b2a9-1347ab9f3f63), precommit_create {{(pid=103127) _notify_loop /opt/stack/data/venv/lib/python3.12/site-packages/neutron_lib/callbacks/manager.py:184}}
May 26 11:53:27.043390 np0000176605 devstack@neutron-api.service[103127]: DEBUG neutron.db.ovn_revision_numbers_db [None req-afbe9803-834f-4274-8844-487bf4d74c34 admin admin] create_initial_revision uuid=c7a9cf36-bc24-4c32-b2a9-1347ab9f3f63, type=security_groups, rev=-1 {{(pid=103127) create_initial_revision /opt/stack/neutron/neutron/db/ovn_revision_numbers_db.py:98}}
May 26 11:53:27.045929 np0000176605 devstack@neutron-api.service[103127]: DEBUG neutron.db.ovn_revision_numbers_db [None req-afbe9803-834f-4274-8844-487bf4d74c34 admin admin] create_initial_revision uuid=82b1d20f-1cff-4d0b-8e7e-f2e97ddd1d87, type=security_group_rules, rev=-1 {{(pid=103127) create_initial_revision /opt/stack/neutron/neutron/db/ovn_revision_numbers_db.py:98}}
May 26 11:53:27.047031 np0000176605 devstack@neutron-api.service[103127]: DEBUG neutron.db.ovn_revision_numbers_db [None req-afbe9803-834f-4274-8844-487bf4d74c34 admin admin] create_initial_revision uuid=8f7bd82e-eafb-496d-9f98-6e7e117075c2, type=security_group_rules, rev=-1 {{(pid=103127) create_initial_revision /opt/stack/neutron/neutron/db/ovn_revision_numbers_db.py:98}}
May 26 11:53:27.047847 np0000176605 devstack@neutron-api.service[103127]: DEBUG neutron.db.ovn_revision_numbers_db [None req-afbe9803-834f-4274-8844-487bf4d74c34 admin admin] create_initial_revision uuid=baa9a6ff-960c-49a9-90ea-6b58e376a924, type=security_group_rules, rev=-1 {{(pid=103127) create_initial_revision /opt/stack/neutron/neutron/db/ovn_revision_numbers_db.py:98}}
May 26 11:53:27.048768 np0000176605 devstack@neutron-api.service[103127]: DEBUG neutron.db.ovn_revision_numbers_db [None req-afbe9803-834f-4274-8844-487bf4d74c34 admin admin] create_initial_revision uuid=cf22f49b-2bb5-4b32-b61b-22f0e1b86413, type=security_group_rules, rev=-1 {{(pid=103127) create_initial_revision /opt/stack/neutron/neutron/db/ovn_revision_numbers_db.py:98}}
May 26 11:53:27.054618 np0000176605 devstack@neutron-api.service[103127]: DEBUG neutron_lib.callbacks.manager [None req-afbe9803-834f-4274-8844-487bf4d74c34 admin admin] Publish callbacks ['neutron.plugins.ml2.drivers.ovn.mech_driver.mech_driver.OVNMechanismDriver._create_security_group-1429053', 'neutron.plugins.ml2.ovo_rpc._ObjectChangeHandler.handle_event-3570645'] for security_group (c7a9cf36-bc24-4c32-b2a9-1347ab9f3f63), after_create {{(pid=103127) _notify_loop /opt/stack/data/venv/lib/python3.12/site-packages/neutron_lib/callbacks/manager.py:184}}
May 26 11:53:27.055942 np0000176605 devstack@neutron-api.service[103127]: DEBUG ovsdbapp.backend.ovs_idl.transaction [-] Running txn n=1 command(idx=0): PgAddCommand(_result=None, name=pg_c7a9cf36_bc24_4c32_b2a9_1347ab9f3f63, may_exist=False, columns={'acls': [], 'external_ids': {'neutron:security_group_id': 'c7a9cf36-bc24-4c32-b2a9-1347ab9f3f63'}}) {{(pid=103127) do_commit /opt/stack/data/venv/lib/python3.12/site-packages/ovsdbapp/backend/ovs_idl/transaction.py:89}}
May 26 11:53:27.057705 np0000176605 devstack@neutron-api.service[103127]: DEBUG ovsdbapp.backend.ovs_idl.transaction [-] Running txn n=1 command(idx=1): PgAclAddCommand(_result=None, entity=pg_c7a9cf36_bc24_4c32_b2a9_1347ab9f3f63, direction=to-lport, priority=1002, match=outport == @pg_c7a9cf36_bc24_4c32_b2a9_1347ab9f3f63 && ip6 && ip6.src == $pg_c7a9cf36_bc24_4c32_b2a9_1347ab9f3f63_ip6, action=allow-related, log=False, may_exist=True, severity=[], name=[], meter=[], external_ids={'neutron:security_group_rule_id': '82b1d20f-1cff-4d0b-8e7e-f2e97ddd1d87'}) {{(pid=103127) do_commit /opt/stack/data/venv/lib/python3.12/site-packages/ovsdbapp/backend/ovs_idl/transaction.py:89}}
May 26 11:53:27.058141 np0000176605 devstack@neutron-api.service[103127]: DEBUG ovsdbapp.backend.ovs_idl.transaction [-] Running txn n=1 command(idx=2): PgAclAddCommand(_result=None, entity=pg_c7a9cf36_bc24_4c32_b2a9_1347ab9f3f63, direction=from-lport, priority=1002, match=inport == @pg_c7a9cf36_bc24_4c32_b2a9_1347ab9f3f63 && ip4, action=allow-related, log=False, may_exist=True, severity=[], name=[], meter=[], external_ids={'neutron:security_group_rule_id': '8f7bd82e-eafb-496d-9f98-6e7e117075c2'}) {{(pid=103127) do_commit /opt/stack/data/venv/lib/python3.12/site-packages/ovsdbapp/backend/ovs_idl/transaction.py:89}}
May 26 11:53:27.058443 np0000176605 devstack@neutron-api.service[103127]: DEBUG ovsdbapp.backend.ovs_idl.transaction [-] Running txn n=1 command(idx=3): PgAclAddCommand(_result=None, entity=pg_c7a9cf36_bc24_4c32_b2a9_1347ab9f3f63, direction=to-lport, priority=1002, match=outport == @pg_c7a9cf36_bc24_4c32_b2a9_1347ab9f3f63 && ip4 && ip4.src == $pg_c7a9cf36_bc24_4c32_b2a9_1347ab9f3f63_ip4, action=allow-related, log=False, may_exist=True, severity=[], name=[], meter=[], external_ids={'neutron:security_group_rule_id': 'baa9a6ff-960c-49a9-90ea-6b58e376a924'}) {{(pid=103127) do_commit /opt/stack/data/venv/lib/python3.12/site-packages/ovsdbapp/backend/ovs_idl/transaction.py:89}}
May 26 11:53:27.058737 np0000176605 devstack@neutron-api.service[103127]: DEBUG ovsdbapp.backend.ovs_idl.transaction [-] Running txn n=1 command(idx=4): PgAclAddCommand(_result=None, entity=pg_c7a9cf36_bc24_4c32_b2a9_1347ab9f3f63, direction=from-lport, priority=1002, match=inport == @pg_c7a9cf36_bc24_4c32_b2a9_1347ab9f3f63 && ip6, action=allow-related, log=False, may_exist=True, severity=[], name=[], meter=[], external_ids={'neutron:security_group_rule_id': 'cf22f49b-2bb5-4b32-b61b-22f0e1b86413'}) {{(pid=103127) do_commit /opt/stack/data/venv/lib/python3.12/site-packages/ovsdbapp/backend/ovs_idl/transaction.py:89}}
May 26 11:53:27.067545 np0000176605 devstack@neutron-api.service[103128]: DEBUG neutron.plugins.ml2.drivers.ovn.mech_driver.ovsdb.ovsdb_monitor [-] Hash Ring: Node 9b7b01c1b2df557091eeb943a4b30f4a (host: np0000176605) handling event "create" for row 07322823-7777-4afb-8369-0ef9d36ea102 (table: ACL) {{(pid=103128) notify /opt/stack/neutron/neutron/plugins/ml2/drivers/ovn/mech_driver/ovsdb/ovsdb_monitor.py:986}}
May 26 11:53:27.067956 np0000176605 devstack@neutron-api.service[103128]: DEBUG neutron.plugins.ml2.drivers.ovn.mech_driver.ovsdb.ovsdb_monitor [-] Hash Ring: Node 9b7b01c1b2df557091eeb943a4b30f4a (host: np0000176605) handling event "create" for row 1eb24878-2930-4c0c-9005-4a6a797066d5 (table: ACL) {{(pid=103128) notify /opt/stack/neutron/neutron/plugins/ml2/drivers/ovn/mech_driver/ovsdb/ovsdb_monitor.py:986}}
May 26 11:53:27.068285 np0000176605 devstack@neutron-api.service[103128]: DEBUG neutron.plugins.ml2.drivers.ovn.mech_driver.ovsdb.ovsdb_monitor [-] Hash Ring: Node 9b7b01c1b2df557091eeb943a4b30f4a (host: np0000176605) handling event "create" for row 829562be-1be0-43cc-8548-cab195a1c0cf (table: ACL) {{(pid=103128) notify /opt/stack/neutron/neutron/plugins/ml2/drivers/ovn/mech_driver/ovsdb/ovsdb_monitor.py:986}}
May 26 11:53:27.068557 np0000176605 devstack@neutron-api.service[103128]: DEBUG neutron.plugins.ml2.drivers.ovn.mech_driver.ovsdb.ovsdb_monitor [-] Hash Ring: Node 9b7b01c1b2df557091eeb943a4b30f4a (host: np0000176605) handling event "create" for row f8f54a27-f5dd-46d3-a08e-9f97a0af9c08 (table: ACL) {{(pid=103128) notify /opt/stack/neutron/neutron/plugins/ml2/drivers/ovn/mech_driver/ovsdb/ovsdb_monitor.py:986}}
May 26 11:53:27.068964 np0000176605 devstack@neutron-api.service[103128]: DEBUG neutron.plugins.ml2.drivers.ovn.mech_driver.ovsdb.ovsdb_monitor [-] Hash Ring: Node 9b7b01c1b2df557091eeb943a4b30f4a (host: np0000176605) handling event "create" for row ce63ce31-e247-4a35-a734-263d65f030ce (table: Port_Group) {{(pid=103128) notify /opt/stack/neutron/neutron/plugins/ml2/drivers/ovn/mech_driver/ovsdb/ovsdb_monitor.py:986}}
May 26 11:53:27.069052 np0000176605 devstack@neutron-api.service[103130]: DEBUG neutron.plugins.ml2.drivers.ovn.mech_driver.ovsdb.ovsdb_monitor [-] Hash Ring: Node e2aaefa457e652bf86006ec070a42e7f (host: np0000176605) handling event "create" for row 07322823-7777-4afb-8369-0ef9d36ea102 (table: ACL) {{(pid=103130) notify /opt/stack/neutron/neutron/plugins/ml2/drivers/ovn/mech_driver/ovsdb/ovsdb_monitor.py:986}}
May 26 11:53:27.069440 np0000176605 devstack@neutron-api.service[103130]: DEBUG neutron.plugins.ml2.drivers.ovn.mech_driver.ovsdb.ovsdb_monitor [-] Hash Ring: Node e2aaefa457e652bf86006ec070a42e7f (host: np0000176605) handling event "create" for row 829562be-1be0-43cc-8548-cab195a1c0cf (table: ACL) {{(pid=103130) notify /opt/stack/neutron/neutron/plugins/ml2/drivers/ovn/mech_driver/ovsdb/ovsdb_monitor.py:986}}
May 26 11:53:27.069649 np0000176605 devstack@neutron-api.service[103130]: DEBUG neutron.plugins.ml2.drivers.ovn.mech_driver.ovsdb.ovsdb_monitor [-] Hash Ring: Node e2aaefa457e652bf86006ec070a42e7f (host: np0000176605) handling event "create" for row ce63ce31-e247-4a35-a734-263d65f030ce (table: Port_Group) {{(pid=103130) notify /opt/stack/neutron/neutron/plugins/ml2/drivers/ovn/mech_driver/ovsdb/ovsdb_monitor.py:986}}
May 26 11:53:27.070592 np0000176605 devstack@neutron-api.service[103129]: DEBUG neutron.plugins.ml2.drivers.ovn.mech_driver.ovsdb.ovsdb_monitor [-] Hash Ring: Node 9505b25938925d018daa66976d68909d (host: np0000176605) handling event "create" for row 1eb24878-2930-4c0c-9005-4a6a797066d5 (table: ACL) {{(pid=103129) notify /opt/stack/neutron/neutron/plugins/ml2/drivers/ovn/mech_driver/ovsdb/ovsdb_monitor.py:986}}
May 26 11:53:27.097998 np0000176605 devstack@neutron-api.service[103127]: INFO neutron.db.ovn_revision_numbers_db [None req-afbe9803-834f-4274-8844-487bf4d74c34 admin admin] Successfully bumped revision number for resource c7a9cf36-bc24-4c32-b2a9-1347ab9f3f63 (type: security_groups) to 1
May 26 11:53:27.113385 np0000176605 devstack@neutron-api.service[103127]: INFO neutron.db.ovn_revision_numbers_db [None req-afbe9803-834f-4274-8844-487bf4d74c34 admin admin] Successfully bumped revision number for resource 82b1d20f-1cff-4d0b-8e7e-f2e97ddd1d87 (type: security_group_rules) to 0
May 26 11:53:27.124255 np0000176605 devstack@neutron-api.service[103127]: INFO neutron.db.ovn_revision_numbers_db [None req-afbe9803-834f-4274-8844-487bf4d74c34 admin admin] Successfully bumped revision number for resource 8f7bd82e-eafb-496d-9f98-6e7e117075c2 (type: security_group_rules) to 0
May 26 11:53:27.137669 np0000176605 devstack@neutron-api.service[103127]: INFO neutron.db.ovn_revision_numbers_db [None req-afbe9803-834f-4274-8844-487bf4d74c34 admin admin] Successfully bumped revision number for resource baa9a6ff-960c-49a9-90ea-6b58e376a924 (type: security_group_rules) to 0
May 26 11:53:27.154109 np0000176605 devstack@neutron-api.service[103127]: INFO neutron.db.ovn_revision_numbers_db [None req-afbe9803-834f-4274-8844-487bf4d74c34 admin admin] Successfully bumped revision number for resource cf22f49b-2bb5-4b32-b61b-22f0e1b86413 (type: security_group_rules) to 0
May 26 11:53:27.181159 np0000176605 devstack@neutron-api.service[103127]: DEBUG neutron.api.rpc.handlers.resources_rpc [None req-afbe9803-834f-4274-8844-487bf4d74c34 admin admin] Pushing event updated for resources: {'SecurityGroup': ['ID=c7a9cf36-bc24-4c32-b2a9-1347ab9f3f63,revision_number=1']} {{(pid=103127) push /opt/stack/neutron/neutron/api/rpc/handlers/resources_rpc.py:237}}
May 26 11:53:27.189591 np0000176605 devstack@neutron-api.service[103127]: DEBUG ovsdbapp.backend.ovs_idl.transaction [-] Running txn n=1 command(idx=0): CheckLivenessCommand(_result=None) {{(pid=103127) do_commit /opt/stack/data/venv/lib/python3.12/site-packages/ovsdbapp/backend/ovs_idl/transaction.py:89}}
May 26 11:53:27.194233 np0000176605 devstack@neutron-api.service[103128]: DEBUG neutron.plugins.ml2.drivers.ovn.mech_driver.ovsdb.ovsdb_monitor [-] Hash Ring: Node 9b7b01c1b2df557091eeb943a4b30f4a (host: np0000176605) handling event "update" for row 593650fc-b760-4bba-904d-f8881d88e2dd (table: NB_Global) {{(pid=103128) notify /opt/stack/neutron/neutron/plugins/ml2/drivers/ovn/mech_driver/ovsdb/ovsdb_monitor.py:986}}
May 26 11:53:27.195547 np0000176605 devstack@neutron-api.service[103128]: DEBUG neutron.plugins.ml2.drivers.ovn.mech_driver.ovsdb.ovsdb_monitor [-] Hash Ring: Node 9b7b01c1b2df557091eeb943a4b30f4a (host: np0000176605) handling event "update" for row 593650fc-b760-4bba-904d-f8881d88e2dd (table: NB_Global) {{(pid=103128) notify /opt/stack/neutron/neutron/plugins/ml2/drivers/ovn/mech_driver/ovsdb/ovsdb_monitor.py:986}}
May 26 11:53:27.198999 np0000176605 devstack@neutron-api.service[103130]: DEBUG neutron.plugins.ml2.drivers.ovn.mech_driver.ovsdb.ovsdb_monitor [-] ChassisAgentWriteEvent : Matched Chassis_Private, update, None None {{(pid=103130) matches /opt/stack/neutron/neutron/plugins/ml2/drivers/ovn/mech_driver/ovsdb/ovsdb_monitor.py:64}}
May 26 11:53:27.199095 np0000176605 devstack@neutron-api.service[103129]: DEBUG neutron.plugins.ml2.drivers.ovn.mech_driver.ovsdb.ovsdb_monitor [-] Hash Ring: Node 9505b25938925d018daa66976d68909d (host: np0000176605) handling event "update" for row 593650fc-b760-4bba-904d-f8881d88e2dd (table: NB_Global) {{(pid=103129) notify /opt/stack/neutron/neutron/plugins/ml2/drivers/ovn/mech_driver/ovsdb/ovsdb_monitor.py:986}}
May 26 11:53:27.199183 np0000176605 devstack@neutron-api.service[103128]: DEBUG neutron.plugins.ml2.drivers.ovn.mech_driver.ovsdb.ovsdb_monitor [-] Hash Ring: Node 9b7b01c1b2df557091eeb943a4b30f4a (host: np0000176605) handling event "update" for row 593650fc-b760-4bba-904d-f8881d88e2dd (table: NB_Global) {{(pid=103128) notify /opt/stack/neutron/neutron/plugins/ml2/drivers/ovn/mech_driver/ovsdb/ovsdb_monitor.py:986}}
May 26 11:53:27.199503 np0000176605 devstack@neutron-api.service[103127]: DEBUG neutron.plugins.ml2.drivers.ovn.mech_driver.ovsdb.ovsdb_monitor [-] ChassisAgentWriteEvent : Matched Chassis_Private, update, None None {{(pid=103127) matches /opt/stack/neutron/neutron/plugins/ml2/drivers/ovn/mech_driver/ovsdb/ovsdb_monitor.py:64}}
May 26 11:53:27.200020 np0000176605 devstack@neutron-api.service[103128]: DEBUG neutron.plugins.ml2.drivers.ovn.mech_driver.ovsdb.ovsdb_monitor [-] ChassisAgentWriteEvent : Matched Chassis_Private, update, None None {{(pid=103128) matches /opt/stack/neutron/neutron/plugins/ml2/drivers/ovn/mech_driver/ovsdb/ovsdb_monitor.py:64}}
May 26 11:53:27.200569 np0000176605 devstack@neutron-api.service[103129]: DEBUG neutron.plugins.ml2.drivers.ovn.mech_driver.ovsdb.ovsdb_monitor [-] ChassisAgentWriteEvent : Matched Chassis_Private, update, None None {{(pid=103129) matches /opt/stack/neutron/neutron/plugins/ml2/drivers/ovn/mech_driver/ovsdb/ovsdb_monitor.py:64}}
May 26 11:53:27.202196 np0000176605 devstack@neutron-api.service[103129]: DEBUG neutron.plugins.ml2.drivers.ovn.mech_driver.ovsdb.ovsdb_monitor [-] Hash Ring: Node 9505b25938925d018daa66976d68909d (host: np0000176605) handling event "update" for row 593650fc-b760-4bba-904d-f8881d88e2dd (table: NB_Global) {{(pid=103129) notify /opt/stack/neutron/neutron/plugins/ml2/drivers/ovn/mech_driver/ovsdb/ovsdb_monitor.py:986}}
May 26 11:53:27.203791 np0000176605 devstack@neutron-api.service[103129]: DEBUG neutron.plugins.ml2.drivers.ovn.mech_driver.ovsdb.ovsdb_monitor [-] Hash Ring: Node 9505b25938925d018daa66976d68909d (host: np0000176605) handling event "update" for row 593650fc-b760-4bba-904d-f8881d88e2dd (table: NB_Global) {{(pid=103129) notify /opt/stack/neutron/neutron/plugins/ml2/drivers/ovn/mech_driver/ovsdb/ovsdb_monitor.py:986}}
May 26 11:53:27.205336 np0000176605 devstack@neutron-api.service[103129]: DEBUG neutron.plugins.ml2.drivers.ovn.mech_driver.ovsdb.ovsdb_monitor [-] Hash Ring: Node 9505b25938925d018daa66976d68909d (host: np0000176605) handling event "update" for row 593650fc-b760-4bba-904d-f8881d88e2dd (table: NB_Global) {{(pid=103129) notify /opt/stack/neutron/neutron/plugins/ml2/drivers/ovn/mech_driver/ovsdb/ovsdb_monitor.py:986}}
May 26 11:53:27.205403 np0000176605 devstack@neutron-api.service[103128]: DEBUG neutron.plugins.ml2.drivers.ovn.mech_driver.ovsdb.ovsdb_monitor [-] Hash Ring: Node 9b7b01c1b2df557091eeb943a4b30f4a (host: np0000176605) handling event "update" for row 593650fc-b760-4bba-904d-f8881d88e2dd (table: NB_Global) {{(pid=103128) notify /opt/stack/neutron/neutron/plugins/ml2/drivers/ovn/mech_driver/ovsdb/ovsdb_monitor.py:986}}
May 26 11:53:27.207921 np0000176605 devstack@neutron-api.service[103129]: DEBUG neutron.plugins.ml2.drivers.ovn.mech_driver.ovsdb.ovsdb_monitor [-] ChassisOVNAgentWriteEvent : Matched Chassis_Private, update, None None {{(pid=103129) matches /opt/stack/neutron/neutron/plugins/ml2/drivers/ovn/mech_driver/ovsdb/ovsdb_monitor.py:64}}
May 26 11:53:27.208030 np0000176605 devstack@neutron-api.service[103128]: DEBUG neutron.common.ovn.hash_ring_manager [-] Allow caching, nodes 4>=4 {{(pid=103128) _wait_startup_before_caching /opt/stack/neutron/neutron/common/ovn/hash_ring_manager.py:65}}
May 26 11:53:27.208030 np0000176605 devstack@neutron-api.service[103128]: DEBUG neutron.plugins.ml2.drivers.ovn.mech_driver.ovsdb.ovsdb_monitor [-] Hash Ring: Node 9b7b01c1b2df557091eeb943a4b30f4a (host: np0000176605) handling event "update" for row 0afacf80-274e-48f2-be0a-2f6c38e0b171 (table: Chassis_Private) {{(pid=103128) notify /opt/stack/neutron/neutron/plugins/ml2/drivers/ovn/mech_driver/ovsdb/ovsdb_monitor.py:986}}
May 26 11:53:27.208421 np0000176605 devstack@neutron-api.service[103127]: DEBUG neutron.api.rpc.callbacks.version_manager [None req-afbe9803-834f-4274-8844-487bf4d74c34 admin admin] Tracked resource versions report:
May 26 11:53:27.208421 np0000176605 devstack@neutron-api.service[103127]: pushed versions:
May 26 11:53:27.208421 np0000176605 devstack@neutron-api.service[103127]: { 'AddressGroup': {'1.2'},
May 26 11:53:27.208421 np0000176605 devstack@neutron-api.service[103127]: 'Agent': {'1.1'},
May 26 11:53:27.208421 np0000176605 devstack@neutron-api.service[103127]: 'ConntrackHelper': {'1.0'},
May 26 11:53:27.208421 np0000176605 devstack@neutron-api.service[103127]: 'LocalIPAssociation': {'1.0'},
May 26 11:53:27.208421 np0000176605 devstack@neutron-api.service[103127]: 'Log': {'1.0'},
May 26 11:53:27.208421 np0000176605 devstack@neutron-api.service[103127]: 'NDPProxy': {'1.0'},
May 26 11:53:27.208421 np0000176605 devstack@neutron-api.service[103127]: 'Network': {'1.2'},
May 26 11:53:27.208421 np0000176605 devstack@neutron-api.service[103127]: 'Port': {'1.10'},
May 26 11:53:27.208421 np0000176605 devstack@neutron-api.service[103127]: 'PortForwarding': {'1.3'},
May 26 11:53:27.208421 np0000176605 devstack@neutron-api.service[103127]: 'QosPolicy': {'1.10'},
May 26 11:53:27.208421 np0000176605 devstack@neutron-api.service[103127]: 'SecurityGroup': {'1.6'},
May 26 11:53:27.208421 np0000176605 devstack@neutron-api.service[103127]: 'SecurityGroupRule': {'1.3'},
May 26 11:53:27.208421 np0000176605 devstack@neutron-api.service[103127]: 'SubPort': {'1.0'},
May 26 11:53:27.208421 np0000176605 devstack@neutron-api.service[103127]: 'Subnet': {'1.2'},
May 26 11:53:27.208421 np0000176605 devstack@neutron-api.service[103127]: 'Trunk': {'1.1'}}
May 26 11:53:27.208421 np0000176605 devstack@neutron-api.service[103127]: consumer versions:
May 26 11:53:27.208421 np0000176605 devstack@neutron-api.service[103127]: {OVN Controller Gateway agent@np0000176605: {}}
May 26 11:53:27.208421 np0000176605 devstack@neutron-api.service[103127]: {{(pid=103127) report /opt/stack/neutron/neutron/api/rpc/callbacks/version_manager.py:183}}
May 26 11:53:27.209073 np0000176605 devstack@neutron-api.service[103128]: DEBUG neutron.plugins.ml2.drivers.ovn.mech_driver.ovsdb.ovsdb_monitor [-] ChassisOVNAgentWriteEvent : Matched Chassis_Private, update, None None {{(pid=103128) matches /opt/stack/neutron/neutron/plugins/ml2/drivers/ovn/mech_driver/ovsdb/ovsdb_monitor.py:64}}
May 26 11:53:27.209116 np0000176605 devstack@neutron-api.service[103130]: DEBUG neutron.plugins.ml2.drivers.ovn.mech_driver.ovsdb.ovsdb_monitor [-] ChassisOVNAgentWriteEvent : Matched Chassis_Private, update, None None {{(pid=103130) matches /opt/stack/neutron/neutron/plugins/ml2/drivers/ovn/mech_driver/ovsdb/ovsdb_monitor.py:64}}
May 26 11:53:27.209173 np0000176605 devstack@neutron-api.service[103128]: DEBUG neutron.plugins.ml2.drivers.ovn.mech_driver.ovsdb.ovsdb_monitor [-] Hash Ring: Node 9b7b01c1b2df557091eeb943a4b30f4a (host: np0000176605) handling event "update" for row 0afacf80-274e-48f2-be0a-2f6c38e0b171 (table: Chassis_Private) {{(pid=103128) notify /opt/stack/neutron/neutron/plugins/ml2/drivers/ovn/mech_driver/ovsdb/ovsdb_monitor.py:986}}
May 26 11:53:27.213617 np0000176605 devstack@neutron-api.service[103127]: DEBUG neutron.plugins.ml2.drivers.ovn.mech_driver.ovsdb.ovsdb_monitor [-] ChassisOVNAgentWriteEvent : Matched Chassis_Private, update, None None {{(pid=103127) matches /opt/stack/neutron/neutron/plugins/ml2/drivers/ovn/mech_driver/ovsdb/ovsdb_monitor.py:64}}
May 26 11:53:27.271756 np0000176605 devstack@neutron-api.service[103127]: DEBUG neutron.plugins.ml2.drivers.helpers [None req-afbe9803-834f-4274-8844-487bf4d74c34 admin admin] geneve segment allocate from pool success with {'geneve_vni': 34093} {{(pid=103127) allocate_partially_specified_segment /opt/stack/neutron/neutron/plugins/ml2/drivers/helpers.py:142}}
May 26 11:53:27.284888 np0000176605 devstack@neutron-api.service[103127]: DEBUG neutron_lib.callbacks.manager [None req-afbe9803-834f-4274-8844-487bf4d74c34 admin admin] Publish callbacks ['neutron.services.segments.db._add_segment_host_mapping_for_segment-8554205795792', 'neutron.plugins.ml2.plugin.Ml2Plugin._handle_segment_change-1359011'] for segment (511ac17e-8a40-4d2a-8a1d-90b870a45b16), precommit_create {{(pid=103127) _notify_loop /opt/stack/data/venv/lib/python3.12/site-packages/neutron_lib/callbacks/manager.py:184}}
May 26 11:53:27.285056 np0000176605 devstack@neutron-api.service[103127]: INFO neutron.db.segments_db [None req-afbe9803-834f-4274-8844-487bf4d74c34 admin admin] Added segment 511ac17e-8a40-4d2a-8a1d-90b870a45b16 of type geneve for network 0573a6ff-dccb-478f-8998-c1e99deb59f9
May 26 11:53:27.330008 np0000176605 devstack@neutron-api.service[103127]: DEBUG neutron_lib.callbacks.manager [None req-afbe9803-834f-4274-8844-487bf4d74c34 admin admin] Publish callbacks ['neutron.services.auto_allocate.db._ensure_external_network_default_value_callback-8554204628122'] for network (0573a6ff-dccb-478f-8998-c1e99deb59f9), precommit_create {{(pid=103127) _notify_loop /opt/stack/data/venv/lib/python3.12/site-packages/neutron_lib/callbacks/manager.py:184}}
May 26 11:53:27.350665 np0000176605 devstack@neutron-api.service[103127]: DEBUG neutron.plugins.ml2.drivers.ovn.mech_driver.mech_driver [None req-afbe9803-834f-4274-8844-487bf4d74c34 admin admin] Validating network segment with type geneve, segmentation ID 34093, physical network None {{(pid=103127) _validate_network_segments /opt/stack/neutron/neutron/plugins/ml2/drivers/ovn/mech_driver/mech_driver.py:641}}
May 26 11:53:27.350861 np0000176605 devstack@neutron-api.service[103127]: DEBUG neutron.db.ovn_revision_numbers_db [None req-afbe9803-834f-4274-8844-487bf4d74c34 admin admin] create_initial_revision uuid=0573a6ff-dccb-478f-8998-c1e99deb59f9, type=networks, rev=-1 {{(pid=103127) create_initial_revision /opt/stack/neutron/neutron/db/ovn_revision_numbers_db.py:98}}
May 26 11:53:27.368330 np0000176605 devstack@neutron-api.service[103127]: DEBUG neutron_lib.callbacks.manager [None req-afbe9803-834f-4274-8844-487bf4d74c34 admin admin] Publish callbacks ['neutron.plugins.ml2.ovo_rpc._ObjectChangeHandler.handle_event-3570646'] for network (0573a6ff-dccb-478f-8998-c1e99deb59f9), after_create {{(pid=103127) _notify_loop /opt/stack/data/venv/lib/python3.12/site-packages/neutron_lib/callbacks/manager.py:184}}
May 26 11:53:27.421477 np0000176605 devstack@neutron-api.service[103127]: DEBUG neutron.api.rpc.handlers.resources_rpc [None req-afbe9803-834f-4274-8844-487bf4d74c34 admin admin] Pushing event updated for resources: {'Network': ['ID=0573a6ff-dccb-478f-8998-c1e99deb59f9,revision_number=1']} {{(pid=103127) push /opt/stack/neutron/neutron/api/rpc/handlers/resources_rpc.py:237}}
