2026-07-24 18:40:18.880 10 WARNING neutron.api.rpc.agentnotifiers.dhcp_rpc_agent_api [None req-88308639-736e-450e-bd47-6b26810f7046 04bb88f70f564f0598dd0072bf060faa e9bec71f1405486ebe3082afb275696e - - default default] Unable to schedule network 7f163bca-9779-4bc1-8791-8ab61c4952e2: no agents available; will retry on subsequent port and subnet creation events.
2026-07-24 18:40:18.886 9 INFO neutron.db.ovn_revision_numbers_db [None req-be080b18-8143-46fb-a86d-338049d96047 b14169f80e504ebebb83ae9e9c79e7ee e7b59c0201624c6a83648ab178708d6c - - default default] Successfully bumped revision number for resource 528af682-2d27-4aad-9673-f7b6a2261d23 (type: security_group_rules) to 0
2026-07-24 18:40:18.909 9 INFO neutron.db.ovn_revision_numbers_db [None req-be080b18-8143-46fb-a86d-338049d96047 b14169f80e504ebebb83ae9e9c79e7ee e7b59c0201624c6a83648ab178708d6c - - default default] Successfully bumped revision number for resource 63a3e593-7b34-4664-b83c-b1a8643b6200 (type: security_group_rules) to 0
2026-07-24 18:40:18.952 9 WARNING neutron.scheduler.dhcp_agent_scheduler [None req-7949ead4-8c7d-47e8-b44e-bf0f9bed72cd 72f26960fe2b4849b38f4670d38a9872 911362dcb31f4af2b6d365a53c7f194b - - default default] No more DHCP agents
2026-07-24 18:40:18.953 9 INFO neutron.db.ovn_revision_numbers_db [None req-be080b18-8143-46fb-a86d-338049d96047 b14169f80e504ebebb83ae9e9c79e7ee e7b59c0201624c6a83648ab178708d6c - - default default] Successfully bumped revision number for resource 9045969a-75b6-4954-bd32-e996c4ea1e3a (type: security_group_rules) to 0
2026-07-24 18:40:18.957 9 WARNING neutron.api.rpc.agentnotifiers.dhcp_rpc_agent_api [None req-7949ead4-8c7d-47e8-b44e-bf0f9bed72cd 72f26960fe2b4849b38f4670d38a9872 911362dcb31f4af2b6d365a53c7f194b - - default default] Unable to schedule network 25e67c7d-bf91-4cf9-a1a9-ffdc6fc78d07: no agents available; will retry on subsequent port and subnet creation events.
2026-07-24 18:40:18.969 10 INFO neutron.db.ovn_revision_numbers_db [None req-88308639-736e-450e-bd47-6b26810f7046 04bb88f70f564f0598dd0072bf060faa e9bec71f1405486ebe3082afb275696e - - default default] Successfully bumped revision number for resource 5adbcd0c-e9b9-4308-9850-9aa8d9abda11 (type: ports) to 1
2026-07-24 18:40:18.989 9 INFO neutron.db.ovn_revision_numbers_db [None req-be080b18-8143-46fb-a86d-338049d96047 b14169f80e504ebebb83ae9e9c79e7ee e7b59c0201624c6a83648ab178708d6c - - default default] Successfully bumped revision number for resource c715bc3c-120a-40f2-89f3-2466453d5bf5 (type: security_group_rules) to 0
2026-07-24 18:40:18.991 10 INFO neutron.wsgi [None req-88308639-736e-450e-bd47-6b26810f7046 04bb88f70f564f0598dd0072bf060faa e9bec71f1405486ebe3082afb275696e - - default default] 10.0.0.151 "POST /v2.0/networks HTTP/1.1" status: 201 len: 830 time: 0.6134512
2026-07-24 18:40:19.030 9 INFO neutron.wsgi [None req-be080b18-8143-46fb-a86d-338049d96047 b14169f80e504ebebb83ae9e9c79e7ee e7b59c0201624c6a83648ab178708d6c - - default default] 10.0.0.151 "GET /v2.0/security-groups?tenant_id=8fbe8c50c69649fbac9954cbc7abe1a8&name=default HTTP/1.1" status: 200 len: 2996 time: 0.4106598
2026-07-24 18:40:19.292 10 WARNING neutron.scheduler.dhcp_agent_scheduler [None req-c3e53607-3f95-465a-85d5-0a39d8a19273 04bb88f70f564f0598dd0072bf060faa e9bec71f1405486ebe3082afb275696e - - default default] No more DHCP agents
2026-07-24 18:40:19.294 10 WARNING neutron.api.rpc.agentnotifiers.dhcp_rpc_agent_api [None req-c3e53607-3f95-465a-85d5-0a39d8a19273 04bb88f70f564f0598dd0072bf060faa e9bec71f1405486ebe3082afb275696e - - default default] Unable to schedule network 7f163bca-9779-4bc1-8791-8ab61c4952e2: no agents available; will retry on subsequent port and subnet creation events.
2026-07-24 18:40:19.350 10 INFO neutron.wsgi [None req-0e656bc2-ef56-465b-80a9-c938ea2052e3 b14169f80e504ebebb83ae9e9c79e7ee e7b59c0201624c6a83648ab178708d6c - - default default] 10.0.0.151 "DELETE /v2.0/security-groups/a96164bd-5274-4fc9-9a13-e1a13512005d HTTP/1.1" status: 204 len: 168 time: 0.3119888
2026-07-24 18:40:19.401 9 WARNING neutron.scheduler.dhcp_agent_scheduler [None req-747e5d9d-52bd-4a10-9b3e-ec0f9cc3ba2a 707c7b5e8e0c4a73b242092092d6c46f 46eaba7ee87f4559b412454496ab1940 - - default default] No more DHCP agents
2026-07-24 18:40:19.402 9 WARNING neutron.api.rpc.agentnotifiers.dhcp_rpc_agent_api [None req-747e5d9d-52bd-4a10-9b3e-ec0f9cc3ba2a 707c7b5e8e0c4a73b242092092d6c46f 46eaba7ee87f4559b412454496ab1940 - - default default] Unable to schedule network f4bc0671-629d-44f9-af97-118c75a0ab3a: no agents available; will retry on subsequent port and subnet creation events.
2026-07-24 18:40:19.552 9 INFO neutron.db.ovn_revision_numbers_db [None req-747e5d9d-52bd-4a10-9b3e-ec0f9cc3ba2a 707c7b5e8e0c4a73b242092092d6c46f 46eaba7ee87f4559b412454496ab1940 - - default default] Successfully bumped revision number for resource 26bab19c-89f5-4434-bc45-1888d2ce9eb8 (type: ports) to 1
2026-07-24 18:40:19.694 9 INFO neutron.db.ovn_revision_numbers_db [None req-7949ead4-8c7d-47e8-b44e-bf0f9bed72cd 72f26960fe2b4849b38f4670d38a9872 911362dcb31f4af2b6d365a53c7f194b - - default default] Successfully bumped revision number for resource a8cefc65-7370-4381-b436-48642bbbf4be (type: ports) to 2
2026-07-24 18:40:19.735 9 INFO neutron.db.ovn_revision_numbers_db [None req-7949ead4-8c7d-47e8-b44e-bf0f9bed72cd 72f26960fe2b4849b38f4670d38a9872 911362dcb31f4af2b6d365a53c7f194b - - default default] Successfully bumped revision number for resource 30812c52-3822-4f72-baef-0f2dff9b0637 (type: subnets) to 0
2026-07-24 18:40:19.751 9 INFO neutron.wsgi [None req-7949ead4-8c7d-47e8-b44e-bf0f9bed72cd 72f26960fe2b4849b38f4670d38a9872 911362dcb31f4af2b6d365a53c7f194b - - default default] 10.0.0.151 "POST /v2.0/subnets HTTP/1.1" status: 201 len: 801 time: 1.1901670
2026-07-24 18:40:19.826 10 INFO neutron.db.ovn_revision_numbers_db [None req-c3e53607-3f95-465a-85d5-0a39d8a19273 04bb88f70f564f0598dd0072bf060faa e9bec71f1405486ebe3082afb275696e - - default default] Successfully bumped revision number for resource 5adbcd0c-e9b9-4308-9850-9aa8d9abda11 (type: ports) to 2
2026-07-24 18:40:19.862 10 INFO neutron.db.ovn_revision_numbers_db [None req-c3e53607-3f95-465a-85d5-0a39d8a19273 04bb88f70f564f0598dd0072bf060faa e9bec71f1405486ebe3082afb275696e - - default default] Successfully bumped revision number for resource 95f316a3-4a0f-48a5-997f-700b80b4fc14 (type: subnets) to 0
2026-07-24 18:40:19.877 10 INFO neutron.wsgi [None req-c3e53607-3f95-465a-85d5-0a39d8a19273 04bb88f70f564f0598dd0072bf060faa e9bec71f1405486ebe3082afb275696e - - default default] 10.0.0.151 "POST /v2.0/subnets HTTP/1.1" status: 201 len: 801 time: 0.8692951
2026-07-24 18:40:20.072 10 WARNING neutron.plugins.ml2.drivers.ovn.mech_driver.ovsdb.ovn_client [None req-471dd909-38a0-4c1c-a8f5-fbcdbd1f2722 - - - - - -] No port found with ID 54e10827-5123-4809-b72c-fdb6fc7dfc9a: RuntimeError: No port found with ID 54e10827-5123-4809-b72c-fdb6fc7dfc9a
2026-07-24 18:40:20.073 10 INFO neutron.plugins.ml2.drivers.ovn.mech_driver.mech_driver [None req-471dd909-38a0-4c1c-a8f5-fbcdbd1f2722 - - - - - -] OVN reports status up for port: e62d8639-eca9-4351-a0fb-de582dfb699e
2026-07-24 18:40:20.100 10 INFO neutron.plugins.ml2.plugin [None req-471dd909-38a0-4c1c-a8f5-fbcdbd1f2722 - - - - - -] Attempt 1 to provision port e62d8639-eca9-4351-a0fb-de582dfb699e
2026-07-24 18:40:20.208 9 INFO neutron.db.ovn_revision_numbers_db [None req-476f6b64-1619-4c60-be1a-071eb511014f 72f26960fe2b4849b38f4670d38a9872 911362dcb31f4af2b6d365a53c7f194b - - default default] Successfully bumped revision number for resource 8bdaedea-6146-4871-a507-97c435682d98 (type: routers) to 1
2026-07-24 18:40:20.224 9 INFO neutron.wsgi [None req-476f6b64-1619-4c60-be1a-071eb511014f 72f26960fe2b4849b38f4670d38a9872 911362dcb31f4af2b6d365a53c7f194b - - default default] 10.0.0.151 "POST /v2.0/routers HTTP/1.1" status: 201 len: 687 time: 0.4648378
2026-07-24 18:40:20.310 10 WARNING neutron.scheduler.dhcp_agent_scheduler [None req-1956e1a4-6114-4c79-bfbf-37779d786928 04bb88f70f564f0598dd0072bf060faa e9bec71f1405486ebe3082afb275696e - - default default] No more DHCP agents
2026-07-24 18:40:20.325 10 INFO neutron.wsgi [-] 10.0.0.97 "GET / HTTP/1.1" status: 200 len: 247 time: 0.0012510
2026-07-24 18:40:20.326 10 INFO neutron.wsgi [-] 10.0.0.97 "GET / HTTP/1.1" status: 200 len: 247 time: 0.0010273
2026-07-24 18:40:20.328 10 WARNING neutron.api.rpc.agentnotifiers.dhcp_rpc_agent_api [None req-1956e1a4-6114-4c79-bfbf-37779d786928 04bb88f70f564f0598dd0072bf060faa e9bec71f1405486ebe3082afb275696e - - default default] Unable to schedule network 7f163bca-9779-4bc1-8791-8ab61c4952e2: no agents available; will retry on subsequent port and subnet creation events.
2026-07-24 18:40:20.380 9 INFO neutron.db.ovn_revision_numbers_db [None req-747e5d9d-52bd-4a10-9b3e-ec0f9cc3ba2a 707c7b5e8e0c4a73b242092092d6c46f 46eaba7ee87f4559b412454496ab1940 - - default default] Successfully bumped revision number for resource 26bab19c-89f5-4434-bc45-1888d2ce9eb8 (type: router_ports) to 1
2026-07-24 18:40:20.486 9 INFO neutron.db.ovn_revision_numbers_db [None req-747e5d9d-52bd-4a10-9b3e-ec0f9cc3ba2a 707c7b5e8e0c4a73b242092092d6c46f 46eaba7ee87f4559b412454496ab1940 - - default default] Successfully bumped revision number for resource 26bab19c-89f5-4434-bc45-1888d2ce9eb8 (type: ports) to 1
2026-07-24 18:40:20.550 9 WARNING neutron.scheduler.dhcp_agent_scheduler [None req-747e5d9d-52bd-4a10-9b3e-ec0f9cc3ba2a 707c7b5e8e0c4a73b242092092d6c46f 46eaba7ee87f4559b412454496ab1940 - - default default] No more DHCP agents
2026-07-24 18:40:20.552 9 WARNING neutron.api.rpc.agentnotifiers.dhcp_rpc_agent_api [None req-747e5d9d-52bd-4a10-9b3e-ec0f9cc3ba2a 707c7b5e8e0c4a73b242092092d6c46f 46eaba7ee87f4559b412454496ab1940 - - default default] Unable to schedule network f4bc0671-629d-44f9-af97-118c75a0ab3a: no agents available; will retry on subsequent port and subnet creation events.
2026-07-24 18:40:20.622 10 INFO neutron.db.ovn_revision_numbers_db [None req-471dd909-38a0-4c1c-a8f5-fbcdbd1f2722 - - - - - -] Successfully bumped revision number for resource e62d8639-eca9-4351-a0fb-de582dfb699e (type: ports) to 2
2026-07-24 18:40:20.645 10 INFO neutron.db.ovn_revision_numbers_db [None req-1956e1a4-6114-4c79-bfbf-37779d786928 04bb88f70f564f0598dd0072bf060faa e9bec71f1405486ebe3082afb275696e - - default default] Successfully bumped revision number for resource 192407e7-01eb-41c9-a207-d7874ab1fe28 (type: ports) to 1
2026-07-24 18:40:20.701 10 INFO neutron.wsgi [None req-1956e1a4-6114-4c79-bfbf-37779d786928 04bb88f70f564f0598dd0072bf060faa e9bec71f1405486ebe3082afb275696e - - default default] 10.0.0.151 "POST /v2.0/ports HTTP/1.1" status: 201 len: 1111 time: 0.8144512
2026-07-24 18:40:20.766 9 INFO neutron.db.ovn_revision_numbers_db [None req-747e5d9d-52bd-4a10-9b3e-ec0f9cc3ba2a 707c7b5e8e0c4a73b242092092d6c46f 46eaba7ee87f4559b412454496ab1940 - - default default] Successfully bumped revision number for resource 26bab19c-89f5-4434-bc45-1888d2ce9eb8 (type: router_ports) to 1
2026-07-24 18:40:20.768 9 INFO neutron.wsgi [None req-747e5d9d-52bd-4a10-9b3e-ec0f9cc3ba2a 707c7b5e8e0c4a73b242092092d6c46f 46eaba7ee87f4559b412454496ab1940 - - default default] 10.0.0.151 "PUT /v2.0/routers/01e71250-317e-4d6d-9a49-d791a98addfe/add_router_interface HTTP/1.1" status: 200 len: 503 time: 1.9985552
2026-07-24 18:40:21.027 10 INFO neutron.db.ovn_revision_numbers_db [None req-471dd909-38a0-4c1c-a8f5-fbcdbd1f2722 - - - - - -] Successfully bumped revision number for resource e62d8639-eca9-4351-a0fb-de582dfb699e (type: router_ports) to 2
2026-07-24 18:40:21.035 10 INFO neutron.wsgi [None req-201e500d-4f19-46c0-bb9a-5023554e82e1 707c7b5e8e0c4a73b242092092d6c46f 46eaba7ee87f4559b412454496ab1940 - - default default] 10.0.0.151 "GET /v2.0/ports/26bab19c-89f5-4434-bc45-1888d2ce9eb8 HTTP/1.1" status: 200 len: 1147 time: 0.2619548
2026-07-24 18:40:21.040 9 INFO neutron.wsgi [None req-1c0aedc5-218f-48b5-bd2f-16f061513bb3 04bb88f70f564f0598dd0072bf060faa e9bec71f1405486ebe3082afb275696e - - default default] 10.0.0.151 "DELETE /v2.0/ports/192407e7-01eb-41c9-a207-d7874ab1fe28 HTTP/1.1" status: 204 len: 168 time: 0.3334129
2026-07-24 18:40:21.054 10 WARNING neutron.scheduler.dhcp_agent_scheduler [None req-4e7c0f96-557b-4daf-9be3-c283768979df 72f26960fe2b4849b38f4670d38a9872 911362dcb31f4af2b6d365a53c7f194b - - default default] No more DHCP agents
2026-07-24 18:40:21.062 10 WARNING neutron.api.rpc.agentnotifiers.dhcp_rpc_agent_api [None req-4e7c0f96-557b-4daf-9be3-c283768979df 72f26960fe2b4849b38f4670d38a9872 911362dcb31f4af2b6d365a53c7f194b - - default default] Unable to schedule network 25e67c7d-bf91-4cf9-a1a9-ffdc6fc78d07: no agents available; will retry on subsequent port and subnet creation events.
2026-07-24 18:40:21.064 10 INFO neutron.pecan_wsgi.hooks.translation [None req-9a3deb14-ff7c-437b-9b1c-1ac0b9ac89ee 04bb88f70f564f0598dd0072bf060faa e9bec71f1405486ebe3082afb275696e - - default default] GET failed (client error): The resource could not be found.
2026-07-24 18:40:21.066 10 INFO neutron.wsgi [None req-9a3deb14-ff7c-437b-9b1c-1ac0b9ac89ee 04bb88f70f564f0598dd0072bf060faa e9bec71f1405486ebe3082afb275696e - - default default] 10.0.0.151 "GET /v2.0/ports/192407e7-01eb-41c9-a207-d7874ab1fe28 HTTP/1.1" status: 404 len: 333 time: 0.0198205
2026-07-24 18:40:21.139 9 INFO neutron.wsgi [None req-153f7544-8601-415b-a07a-57ef2be35e57 707c7b5e8e0c4a73b242092092d6c46f 46eaba7ee87f4559b412454496ab1940 - - default default] 10.0.0.151 "GET /v2.0/ports/26bab19c-89f5-4434-bc45-1888d2ce9eb8 HTTP/1.1" status: 200 len: 1147 time: 0.0973611
2026-07-24 18:40:21.223 10 INFO neutron.db.ovn_revision_numbers_db [None req-4e7c0f96-557b-4daf-9be3-c283768979df 72f26960fe2b4849b38f4670d38a9872 911362dcb31f4af2b6d365a53c7f194b - - default default] Successfully bumped revision number for resource d7d0ac6e-4520-4b05-8011-0ba45d5ef46f (type: ports) to 1
2026-07-24 18:40:21.311 9 INFO neutron.wsgi [None req-707db044-aea9-437b-9076-68e79a42a565 04bb88f70f564f0598dd0072bf060faa e9bec71f1405486ebe3082afb275696e - - default default] 10.0.0.151 "DELETE /v2.0/subnets/95f316a3-4a0f-48a5-997f-700b80b4fc14 HTTP/1.1" status: 204 len: 168 time: 0.2379858
2026-07-24 18:40:21.602 9 INFO neutron.plugins.ml2.drivers.ovn.mech_driver.mech_driver [None req-93855813-4388-4242-852d-3b5480ee2b73 - - - - - -] OVN reports status up for port: d7d0ac6e-4520-4b05-8011-0ba45d5ef46f
2026-07-24 18:40:21.618 9 INFO neutron.plugins.ml2.plugin [None req-93855813-4388-4242-852d-3b5480ee2b73 - - - - - -] Attempt 1 to provision port d7d0ac6e-4520-4b05-8011-0ba45d5ef46f
2026-07-24 18:40:21.620 10 INFO neutron.db.ovn_revision_numbers_db [None req-4e7c0f96-557b-4daf-9be3-c283768979df 72f26960fe2b4849b38f4670d38a9872 911362dcb31f4af2b6d365a53c7f194b - - default default] Successfully bumped revision number for resource d7d0ac6e-4520-4b05-8011-0ba45d5ef46f (type: router_ports) to 1
2026-07-24 18:40:21.712 9 INFO neutron.services.segments.plugin [-] Segment 2ad2cbc5-dd92-4e00-9513-4049866d0231 resource provider aggregate not found
2026-07-24 18:40:21.716 9 INFO neutron.services.segments.plugin [-] Segment 2ad2cbc5-dd92-4e00-9513-4049866d0231 resource provider aggregate not found
2026-07-24 18:40:21.735 9 INFO neutron.services.segments.plugin [-] Segment 2ad2cbc5-dd92-4e00-9513-4049866d0231 resource provider not found; error: Placement Client Error (4xx): {"errors": [{"status": 404, "title": "Not Found", "detail": "The resource could not be found.\n\n No resource provider with uuid 2ad2cbc5-dd92-4e00-9513-4049866d0231 found for delete ", "request_id": "req-8b67faaf-97b9-4529-bd6e-71976b50e994"}]}
2026-07-24 18:40:21.736 9 INFO neutron.services.segments.plugin [-] Segment 2ad2cbc5-dd92-4e00-9513-4049866d0231 resource provider not found; error: Placement Client Error (4xx): {"errors": [{"status": 404, "title": "Not Found", "detail": "The resource could not be found.\n\n No resource provider with uuid 2ad2cbc5-dd92-4e00-9513-4049866d0231 found for delete ", "request_id": "req-f78c98c6-59f4-41b4-9d4a-6dfcba0ef99d"}]}
2026-07-24 18:40:21.759 9 INFO neutron.wsgi [None req-a6b2bcde-b4bd-46e9-a997-d75bff5f6556 04bb88f70f564f0598dd0072bf060faa e9bec71f1405486ebe3082afb275696e - - default default] 10.0.0.151 "DELETE /v2.0/networks/7f163bca-9779-4bc1-8791-8ab61c4952e2 HTTP/1.1" status: 204 len: 168 time: 0.4415791
2026-07-24 18:40:21.797 10 INFO neutron.db.ovn_revision_numbers_db [None req-4e7c0f96-557b-4daf-9be3-c283768979df 72f26960fe2b4849b38f4670d38a9872 911362dcb31f4af2b6d365a53c7f194b - - default default] Successfully bumped revision number for resource d7d0ac6e-4520-4b05-8011-0ba45d5ef46f (type: ports) to 1
2026-07-24 18:40:21.856 10 WARNING neutron.scheduler.dhcp_agent_scheduler [None req-4e7c0f96-557b-4daf-9be3-c283768979df 72f26960fe2b4849b38f4670d38a9872 911362dcb31f4af2b6d365a53c7f194b - - default default] No more DHCP agents
2026-07-24 18:40:21.858 10 WARNING neutron.api.rpc.agentnotifiers.dhcp_rpc_agent_api [None req-4e7c0f96-557b-4daf-9be3-c283768979df 72f26960fe2b4849b38f4670d38a9872 911362dcb31f4af2b6d365a53c7f194b - - default default] Unable to schedule network 25e67c7d-bf91-4cf9-a1a9-ffdc6fc78d07: no agents available; will retry on subsequent port and subnet creation events.
2026-07-24 18:40:21.972 9 INFO neutron.db.ovn_revision_numbers_db [None req-93855813-4388-4242-852d-3b5480ee2b73 - - - - - -] Successfully bumped revision number for resource d7d0ac6e-4520-4b05-8011-0ba45d5ef46f (type: ports) to 2
2026-07-24 18:40:22.032 10 INFO neutron.db.ovn_revision_numbers_db [None req-4e7c0f96-557b-4daf-9be3-c283768979df 72f26960fe2b4849b38f4670d38a9872 911362dcb31f4af2b6d365a53c7f194b - - default default] Successfully bumped revision number for resource d7d0ac6e-4520-4b05-8011-0ba45d5ef46f (type: router_ports) to 2
2026-07-24 18:40:22.034 10 INFO neutron.wsgi [None req-4e7c0f96-557b-4daf-9be3-c283768979df 72f26960fe2b4849b38f4670d38a9872 911362dcb31f4af2b6d365a53c7f194b - - default default] 10.0.0.151 "PUT /v2.0/routers/8bdaedea-6146-4871-a507-97c435682d98/add_router_interface HTTP/1.1" status: 200 len: 503 time: 1.8015258
2026-07-24 18:40:22.056 9 WARNING neutron.scheduler.dhcp_agent_scheduler [None req-6ade5415-ea00-4542-a264-56659ba6093e 04bb88f70f564f0598dd0072bf060faa e9bec71f1405486ebe3082afb275696e - - default default] No more DHCP agents
2026-07-24 18:40:22.058 9 WARNING neutron.api.rpc.agentnotifiers.dhcp_rpc_agent_api [None req-6ade5415-ea00-4542-a264-56659ba6093e 04bb88f70f564f0598dd0072bf060faa e9bec71f1405486ebe3082afb275696e - - default default] Unable to schedule network 448824eb-e2c3-4eb5-8d57-07ac0b47682d: no agents available; will retry on subsequent port and subnet creation events.
2026-07-24 18:40:22.113 10 INFO neutron.wsgi [None req-34391c03-3715-40a8-b301-745c2af4da3e 72f26960fe2b4849b38f4670d38a9872 911362dcb31f4af2b6d365a53c7f194b - - default default] 10.0.0.151 "GET /v2.0/ports/d7d0ac6e-4520-4b05-8011-0ba45d5ef46f HTTP/1.1" status: 200 len: 1137 time: 0.0731008
2026-07-24 18:40:22.161 10 INFO neutron.wsgi [None req-a6384bc1-5db3-4c6e-9305-79a0d99ec935 72f26960fe2b4849b38f4670d38a9872 911362dcb31f4af2b6d365a53c7f194b - - default default] 10.0.0.151 "GET /v2.0/ports/d7d0ac6e-4520-4b05-8011-0ba45d5ef46f HTTP/1.1" status: 200 len: 1137 time: 0.0449228
2026-07-24 18:40:22.188 9 INFO neutron.db.ovn_revision_numbers_db [None req-6ade5415-ea00-4542-a264-56659ba6093e 04bb88f70f564f0598dd0072bf060faa e9bec71f1405486ebe3082afb275696e - - default default] Successfully bumped revision number for resource 48363fdc-3386-4a0a-9dca-71d899a4da51 (type: ports) to 1
2026-07-24 18:40:22.209 9 INFO neutron.wsgi [None req-6ade5415-ea00-4542-a264-56659ba6093e 04bb88f70f564f0598dd0072bf060faa e9bec71f1405486ebe3082afb275696e - - default default] 10.0.0.151 "POST /v2.0/ports HTTP/1.1" status: 201 len: 974 time: 0.4376948 /var/lib/openstack/lib/python3.10/site-packages/pycadf/identifier.py:71: UserWarning: Invalid uuid: neutron. To ensure interoperability, identifiers should be a valid uuid. warnings.warn(('Invalid uuid: %s. To ensure interoperability, '
2026-07-24 18:40:22.282 10 INFO neutron.wsgi [None req-93060ef8-537c-4962-a439-f4cd6a6c4572 707c7b5e8e0c4a73b242092092d6c46f 46eaba7ee87f4559b412454496ab1940 - - default default] 10.0.0.151 "GET /v2.0/ports/26bab19c-89f5-4434-bc45-1888d2ce9eb8 HTTP/1.1" status: 200 len: 1147 time: 0.1333783
2026-07-24 18:40:22.472 9 INFO neutron.db.ovn_revision_numbers_db [None req-9de31cde-aba8-4df4-90bc-6c9e4520acb5 04bb88f70f564f0598dd0072bf060faa e9bec71f1405486ebe3082afb275696e - - default default] Successfully bumped revision number for resource 48363fdc-3386-4a0a-9dca-71d899a4da51 (type: ports) to 2
2026-07-24 18:40:22.481 9 INFO neutron.wsgi [None req-9de31cde-aba8-4df4-90bc-6c9e4520acb5 04bb88f70f564f0598dd0072bf060faa e9bec71f1405486ebe3082afb275696e - - default default] 10.0.0.151 "PUT /v2.0/ports/48363fdc-3386-4a0a-9dca-71d899a4da51 HTTP/1.1" status: 200 len: 946 time: 0.2666407 /var/lib/openstack/lib/python3.10/site-packages/pycadf/identifier.py:71: UserWarning: Invalid uuid: neutron. To ensure interoperability, identifiers should be a valid uuid. warnings.warn(('Invalid uuid: %s. To ensure interoperability, '
2026-07-24 18:40:22.716 9 INFO neutron.wsgi [None req-aa70895b-4ef9-4559-9fa6-596bede891b2 04bb88f70f564f0598dd0072bf060faa e9bec71f1405486ebe3082afb275696e - - default default] 10.0.0.151 "DELETE /v2.0/ports/48363fdc-3386-4a0a-9dca-71d899a4da51 HTTP/1.1" status: 204 len: 168 time: 0.2298810
2026-07-24 18:40:22.830 9 INFO neutron.wsgi [None req-c5d5287d-3917-4204-9a6c-827ef55b8693 04bb88f70f564f0598dd0072bf060faa e9bec71f1405486ebe3082afb275696e - - default default] 10.0.0.151 "GET /v2.0/ports HTTP/1.1" status: 200 len: 1728 time: 0.1080079
2026-07-24 18:40:22.849 10 INFO neutron.wsgi [None req-70662294-a2f6-4939-9f25-6af1ee210f39 72f26960fe2b4849b38f4670d38a9872 911362dcb31f4af2b6d365a53c7f194b - - default default] 10.0.0.151 "PUT /v2.0/routers/8bdaedea-6146-4871-a507-97c435682d98/remove_router_interface HTTP/1.1" status: 200 len: 503 time: 0.6724248
2026-07-24 18:40:22.858 9 INFO neutron.pecan_wsgi.hooks.translation [None req-4d67c1f8-9b2f-4c95-835b-7eddc4db616a 04bb88f70f564f0598dd0072bf060faa e9bec71f1405486ebe3082afb275696e - - default default] GET failed (client error): The resource could not be found.
2026-07-24 18:40:22.860 9 INFO neutron.wsgi [None req-4d67c1f8-9b2f-4c95-835b-7eddc4db616a 04bb88f70f564f0598dd0072bf060faa e9bec71f1405486ebe3082afb275696e - - default default] 10.0.0.151 "GET /v2.0/ports/48363fdc-3386-4a0a-9dca-71d899a4da51 HTTP/1.1" status: 404 len: 333 time: 0.0248289 /var/lib/openstack/lib/python3.10/site-packages/pycadf/identifier.py:71: UserWarning: Invalid uuid: neutron. To ensure interoperability, identifiers should be a valid uuid. warnings.warn(('Invalid uuid: %s. To ensure interoperability, '
2026-07-24 18:40:22.882 9 INFO neutron.db.ovn_revision_numbers_db [None req-008b4ab3-1a3c-4836-8bed-96e2639a5abf 37decf957a434e04a67b7fdec39a3ebf 9a99fee274744cf5a1361da8885ac698 - - default default] Successfully bumped revision number for resource ccf264ea-5e2f-4590-aa5b-f3c1f3cfbacb (type: routers) to 1
2026-07-24 18:40:22.895 9 INFO neutron.wsgi [None req-008b4ab3-1a3c-4836-8bed-96e2639a5abf 37decf957a434e04a67b7fdec39a3ebf 9a99fee274744cf5a1361da8885ac698 - - default default] 10.0.0.151 "POST /v2.0/routers HTTP/1.1" status: 201 len: 654 time: 0.4074583
2026-07-24 18:40:22.904 10 INFO neutron.wsgi [None req-00dfb884-38f8-4d71-bd01-1975a7f93af0 72f26960fe2b4849b38f4670d38a9872 911362dcb31f4af2b6d365a53c7f194b - - default default] 10.0.0.151 "GET /v2.0/ports?device_id=8bdaedea-6146-4871-a507-97c435682d98 HTTP/1.1" status: 200 len: 205 time: 0.0472667
2026-07-24 18:40:22.967 10 INFO neutron.wsgi [None req-934283ea-4e79-4abb-a557-407532af0692 04bb88f70f564f0598dd0072bf060faa e9bec71f1405486ebe3082afb275696e - - default default] 10.0.0.151 "GET /v2.0/ports HTTP/1.1" status: 200 len: 1728 time: 0.0992658
2026-07-24 18:40:22.979 9 INFO neutron.wsgi [None req-edcc3dd1-72c2-419f-876e-aecff0bac001 37decf957a434e04a67b7fdec39a3ebf 9a99fee274744cf5a1361da8885ac698 - - default default] 10.0.0.151 "PUT /v2.0/routers/ccf264ea-5e2f-4590-aa5b-f3c1f3cfbacb/tags HTTP/1.1" status: 200 len: 218 time: 0.0788057
2026-07-24 18:40:23.013 10 INFO neutron.wsgi [None req-38c10c5c-5a17-4a78-b1cd-30e41b62b729 04bb88f70f564f0598dd0072bf060faa e9bec71f1405486ebe3082afb275696e - - default default] 10.0.0.151 "GET /v2.0/ports/0ca47c00-8231-4506-bb37-263b2159d1bf HTTP/1.1" status: 200 len: 968 time: 0.0387218
2026-07-24 18:40:23.039 9 INFO neutron.wsgi [None req-6e978218-4fa2-4356-ac17-64103f424c7b 37decf957a434e04a67b7fdec39a3ebf 9a99fee274744cf5a1361da8885ac698 - - default default] 10.0.0.151 "GET /v2.0/routers/ccf264ea-5e2f-4590-aa5b-f3c1f3cfbacb/tags HTTP/1.1" status: 200 len: 218 time: 0.0559201
2026-07-24 18:40:23.042 10 INFO neutron.pecan_wsgi.hooks.translation [None req-cc2b881a-ac76-4720-b1bf-ed68e7123686 04bb88f70f564f0598dd0072bf060faa e9bec71f1405486ebe3082afb275696e - - default default] DELETE failed (client error): The resource could not be found.
2026-07-24 18:40:23.044 10 INFO neutron.wsgi [None req-cc2b881a-ac76-4720-b1bf-ed68e7123686 04bb88f70f564f0598dd0072bf060faa e9bec71f1405486ebe3082afb275696e - - default default] 10.0.0.151 "DELETE /v2.0/ports/192407e7-01eb-41c9-a207-d7874ab1fe28 HTTP/1.1" status: 404 len: 333 time: 0.0206325
2026-07-24 18:40:23.080 10 INFO neutron.pecan_wsgi.hooks.translation [None req-ba454211-246c-4fb1-bcee-f5e370515eb4 04bb88f70f564f0598dd0072bf060faa e9bec71f1405486ebe3082afb275696e - - default default] DELETE failed (client error): The resource could not be found.
2026-07-24 18:40:23.082 10 INFO neutron.wsgi [None req-ba454211-246c-4fb1-bcee-f5e370515eb4 04bb88f70f564f0598dd0072bf060faa e9bec71f1405486ebe3082afb275696e - - default default] 10.0.0.151 "DELETE /v2.0/subnets/95f316a3-4a0f-48a5-997f-700b80b4fc14 HTTP/1.1" status: 404 len: 337 time: 0.0310261
2026-07-24 18:40:23.110 10 INFO neutron.wsgi [None req-b0edb7dd-4f39-402b-81cd-fdaeefdd9c9a 37decf957a434e04a67b7fdec39a3ebf 9a99fee274744cf5a1361da8885ac698 - - default default] 10.0.0.151 "PUT /v2.0/routers/ccf264ea-5e2f-4590-aa5b-f3c1f3cfbacb/tags/green HTTP/1.1" status: 201 len: 201 time: 0.0647771
2026-07-24 18:40:23.122 9 INFO neutron.pecan_wsgi.hooks.translation [None req-fcde3a89-a563-4155-95ce-9d0e5513fd43 04bb88f70f564f0598dd0072bf060faa e9bec71f1405486ebe3082afb275696e - - default default] DELETE failed (client error): The resource could not be found.
2026-07-24 18:40:23.124 9 INFO neutron.wsgi [None req-fcde3a89-a563-4155-95ce-9d0e5513fd43 04bb88f70f564f0598dd0072bf060faa e9bec71f1405486ebe3082afb275696e - - default default] 10.0.0.151 "DELETE /v2.0/subnets/d07bedd3-5cd6-468c-98b2-91fcde99de94 HTTP/1.1" status: 404 len: 337 time: 0.0304303
2026-07-24 18:40:23.155 10 INFO neutron.wsgi [None req-a6886991-8965-4bac-bd5f-eefbb9bf81d6 37decf957a434e04a67b7fdec39a3ebf 9a99fee274744cf5a1361da8885ac698 - - default default] 10.0.0.151 "GET /v2.0/routers/ccf264ea-5e2f-4590-aa5b-f3c1f3cfbacb/tags HTTP/1.1" status: 200 len: 227 time: 0.0383890
2026-07-24 18:40:23.159 9 INFO neutron.wsgi [None req-6da86e5a-872e-409a-9eea-f41e62a37bc3 72f26960fe2b4849b38f4670d38a9872 911362dcb31f4af2b6d365a53c7f194b - - default default] 10.0.0.151 "DELETE /v2.0/routers/8bdaedea-6146-4871-a507-97c435682d98 HTTP/1.1" status: 204 len: 168 time: 0.2517376
2026-07-24 18:40:23.204 10 INFO neutron.wsgi [None req-2bebd026-35b0-4f3d-8d9c-1fc9d19dae8f 37decf957a434e04a67b7fdec39a3ebf 9a99fee274744cf5a1361da8885ac698 - - default default] 10.0.0.151 "PUT /v2.0/routers/ccf264ea-5e2f-4590-aa5b-f3c1f3cfbacb/tags/red HTTP/1.1" status: 201 len: 201 time: 0.0442111
2026-07-24 18:40:23.254 10 INFO neutron.wsgi [None req-a1241a59-9eea-42b6-92e0-9eec04acde89 37decf957a434e04a67b7fdec39a3ebf 9a99fee274744cf5a1361da8885ac698 - - default default] 10.0.0.151 "GET /v2.0/routers/ccf264ea-5e2f-4590-aa5b-f3c1f3cfbacb/tags HTTP/1.1" status: 200 len: 227 time: 0.0454969
2026-07-24 18:40:23.327 10 INFO neutron.wsgi [None req-db94340e-d80b-4c5f-93c5-c6c43d795f94 707c7b5e8e0c4a73b242092092d6c46f 46eaba7ee87f4559b412454496ab1940 - - default default] 10.0.0.151 "GET /v2.0/ports/26bab19c-89f5-4434-bc45-1888d2ce9eb8 HTTP/1.1" status: 200 len: 1147 time: 0.0390787
2026-07-24 18:40:23.329 10 INFO neutron.wsgi [None req-8aaa1d07-aedf-41ec-8177-ce6b2d0825ad 37decf957a434e04a67b7fdec39a3ebf 9a99fee274744cf5a1361da8885ac698 - - default default] 10.0.0.151 "PUT /v2.0/routers/ccf264ea-5e2f-4590-aa5b-f3c1f3cfbacb/tags/black.or.white HTTP/1.1" status: 201 len: 201 time: 0.0681958
2026-07-24 18:40:23.376 10 INFO neutron.wsgi [None req-e810275c-2e5c-42a7-820e-15093a180595 37decf957a434e04a67b7fdec39a3ebf 9a99fee274744cf5a1361da8885ac698 - - default default] 10.0.0.151 "GET /v2.0/routers/ccf264ea-5e2f-4590-aa5b-f3c1f3cfbacb/tags HTTP/1.1" status: 200 len: 245 time: 0.0414579
2026-07-24 18:40:23.393 9 INFO neutron.wsgi [None req-d96f1838-c2f9-41ad-afa1-b76f2d74dffc 04bb88f70f564f0598dd0072bf060faa e9bec71f1405486ebe3082afb275696e - - default default] 10.0.0.151 "DELETE /v2.0/ports/0ca47c00-8231-4506-bb37-263b2159d1bf HTTP/1.1" status: 204 len: 168 time: 0.2636514
2026-07-24 18:40:23.400 9 INFO neutron.wsgi [None req-77eb6804-669c-4936-9f7c-d8026d4a4f22 72f26960fe2b4849b38f4670d38a9872 911362dcb31f4af2b6d365a53c7f194b - - default default] 10.0.0.151 "DELETE /v2.0/subnets/30812c52-3822-4f72-baef-0f2dff9b0637 HTTP/1.1" status: 204 len: 168 time: 0.2369256
2026-07-24 18:40:23.457 10 INFO neutron.wsgi [None req-ce23dd5a-3af4-4b4a-8f4b-1f13f1ef6e6a 37decf957a434e04a67b7fdec39a3ebf 9a99fee274744cf5a1361da8885ac698 - - default default] 10.0.0.151 "PUT /v2.0/routers/ccf264ea-5e2f-4590-aa5b-f3c1f3cfbacb/tags HTTP/1.1" status: 200 len: 230 time: 0.0734074
2026-07-24 18:40:23.508 10 INFO neutron.wsgi [None req-2f4d3977-13cd-4fe2-970a-89ea9bbe5781 37decf957a434e04a67b7fdec39a3ebf 9a99fee274744cf5a1361da8885ac698 - - default default] 10.0.0.151 "GET /v2.0/routers/ccf264ea-5e2f-4590-aa5b-f3c1f3cfbacb/tags HTTP/1.1" status: 200 len: 230 time: 0.0452273
2026-07-24 18:40:23.558 10 INFO neutron.wsgi [None req-865f629e-9c2b-45b9-a9cd-4eaae9612968 37decf957a434e04a67b7fdec39a3ebf 9a99fee274744cf5a1361da8885ac698 - - default default] 10.0.0.151 "GET /v2.0/routers/ccf264ea-5e2f-4590-aa5b-f3c1f3cfbacb/tags/red HTTP/1.1" status: 204 len: 168 time: 0.0448017
2026-07-24 18:40:23.604 9 INFO neutron.api.v2.resource [None req-6d97ab58-b4a3-425f-8793-e86c37556fd4 37decf957a434e04a67b7fdec39a3ebf 9a99fee274744cf5a1361da8885ac698 - - default default] show failed (client error): The resource could not be found.
2026-07-24 18:40:23.605 9 INFO neutron.wsgi [None req-6d97ab58-b4a3-425f-8793-e86c37556fd4 37decf957a434e04a67b7fdec39a3ebf 9a99fee274744cf5a1361da8885ac698 - - default default] 10.0.0.151 "GET /v2.0/routers/ccf264ea-5e2f-4590-aa5b-f3c1f3cfbacb/tags/green HTTP/1.1" status: 404 len: 299 time: 0.0417273
2026-07-24 18:40:23.763 10 INFO neutron.services.segments.plugin [-] Segment 4978cfbd-b900-4eb5-a0aa-a2be17773ea6 resource provider aggregate not found
2026-07-24 18:40:23.773 10 INFO neutron.services.segments.plugin [-] Segment 4978cfbd-b900-4eb5-a0aa-a2be17773ea6 resource provider aggregate not found
2026-07-24 18:40:23.790 10 INFO neutron.services.segments.plugin [-] Segment 4978cfbd-b900-4eb5-a0aa-a2be17773ea6 resource provider not found; error: Placement Client Error (4xx): {"errors": [{"status": 404, "title": "Not Found", "detail": "The resource could not be found.\n\n No resource provider with uuid 4978cfbd-b900-4eb5-a0aa-a2be17773ea6 found for delete ", "request_id": "req-1dbb2652-06dd-4b27-bd2a-3be679c0e0c1"}]}
2026-07-24 18:40:23.791 10 INFO neutron.services.segments.plugin [-] Segment 4978cfbd-b900-4eb5-a0aa-a2be17773ea6 resource provider not found; error: Placement Client Error (4xx): {"errors": [{"status": 404, "title": "Not Found", "detail": "The resource could not be found.\n\n No resource provider with uuid 4978cfbd-b900-4eb5-a0aa-a2be17773ea6 found for delete ", "request_id": "req-12a19b67-89d8-494e-8282-01e743406429"}]}
2026-07-24 18:40:23.817 10 INFO neutron.wsgi [None req-f93deb69-fa4a-4185-be1c-14d0723eec04 72f26960fe2b4849b38f4670d38a9872 911362dcb31f4af2b6d365a53c7f194b - - default default] 10.0.0.151 "DELETE /v2.0/networks/25e67c7d-bf91-4cf9-a1a9-ffdc6fc78d07 HTTP/1.1" status: 204 len: 168 time: 0.4131169
2026-07-24 18:40:23.915 9 INFO neutron.wsgi [None req-1d1e927d-0a9f-436f-91ef-bd1fbc5a7487 37decf957a434e04a67b7fdec39a3ebf 9a99fee274744cf5a1361da8885ac698 - - default default] 10.0.0.151 "DELETE /v2.0/routers/ccf264ea-5e2f-4590-aa5b-f3c1f3cfbacb/tags/red HTTP/1.1" status: 204 len: 168 time: 0.3003459
2026-07-24 18:40:23.977 9 INFO neutron.wsgi [None req-ddaa0c0e-9036-4b5c-85ad-e434048ab592 37decf957a434e04a67b7fdec39a3ebf 9a99fee274744cf5a1361da8885ac698 - - default default] 10.0.0.151 "GET /v2.0/routers/ccf264ea-5e2f-4590-aa5b-f3c1f3cfbacb/tags HTTP/1.1" status: 200 len: 223 time: 0.0576394
2026-07-24 18:40:24.032 9 INFO neutron.api.v2.resource [None req-dd81c09c-cc73-4d5f-bd5d-8aead9b22d0b 37decf957a434e04a67b7fdec39a3ebf 9a99fee274744cf5a1361da8885ac698 - - default default] delete failed (client error): The resource could not be found.
2026-07-24 18:40:24.033 9 INFO neutron.wsgi [None req-dd81c09c-cc73-4d5f-bd5d-8aead9b22d0b 37decf957a434e04a67b7fdec39a3ebf 9a99fee274744cf5a1361da8885ac698 - - default default] 10.0.0.151 "DELETE /v2.0/routers/ccf264ea-5e2f-4590-aa5b-f3c1f3cfbacb/tags/green HTTP/1.1" status: 404 len: 299 time: 0.0494654
2026-07-24 18:40:24.093 9 INFO neutron.services.segments.plugin [-] Segment 8f75296e-f101-4fd2-94bb-4e437eeac011 resource provider aggregate not found
2026-07-24 18:40:24.098 9 INFO neutron.services.segments.plugin [-] Segment 8f75296e-f101-4fd2-94bb-4e437eeac011 resource provider aggregate not found
2026-07-24 18:40:24.125 9 INFO neutron.services.segments.plugin [-] Segment 8f75296e-f101-4fd2-94bb-4e437eeac011 resource provider not found; error: Placement Client Error (4xx): {"errors": [{"status": 404, "title": "Not Found", "detail": "The resource could not be found.\n\n No resource provider with uuid 8f75296e-f101-4fd2-94bb-4e437eeac011 found for delete ", "request_id": "req-f485acc0-aedd-4cac-9306-fa7a84ce8450"}]}
2026-07-24 18:40:24.151 9 INFO neutron.wsgi [None req-81db4e73-2b7b-4b0d-9a2e-bd49656c62e3 37decf957a434e04a67b7fdec39a3ebf 9a99fee274744cf5a1361da8885ac698 - - default default] 10.0.0.151 "DELETE /v2.0/routers/ccf264ea-5e2f-4590-aa5b-f3c1f3cfbacb/tags HTTP/1.1" status: 204 len: 168 time: 0.1128037
2026-07-24 18:40:24.159 9 INFO neutron.wsgi [None req-3ecec67e-a358-4038-9860-231f1f53c42e 04bb88f70f564f0598dd0072bf060faa e9bec71f1405486ebe3082afb275696e - - default default] 10.0.0.151 "DELETE /v2.0/networks/448824eb-e2c3-4eb5-8d57-07ac0b47682d HTTP/1.1" status: 204 len: 168 time: 0.7581909
2026-07-24 18:40:24.173 9 INFO neutron.services.segments.plugin [-] Segment 8f75296e-f101-4fd2-94bb-4e437eeac011 resource provider not found; error: Placement Client Error (4xx): {"errors": [{"status": 404, "title": "Not Found", "detail": "The resource could not be found.\n\n No resource provider with uuid 8f75296e-f101-4fd2-94bb-4e437eeac011 found for delete ", "request_id": "req-d6513fe1-84af-41f5-ae66-f5a82c3b15fe"}]}
2026-07-24 18:40:24.211 9 INFO neutron.wsgi [None req-f5a5f066-aa84-480c-aabd-0d1402f49f72 37decf957a434e04a67b7fdec39a3ebf 9a99fee274744cf5a1361da8885ac698 - - default default] 10.0.0.151 "GET /v2.0/routers/ccf264ea-5e2f-4590-aa5b-f3c1f3cfbacb/tags HTTP/1.1" status: 200 len: 205 time: 0.0438743
2026-07-24 18:40:24.278 9 INFO neutron.wsgi [None req-cb5b3783-307d-4f71-9b51-599519621d47 37decf957a434e04a67b7fdec39a3ebf 9a99fee274744cf5a1361da8885ac698 - - default default] 10.0.0.151 "GET /v2.0/routers/ccf264ea-5e2f-4590-aa5b-f3c1f3cfbacb HTTP/1.1" status: 200 len: 655 time: 0.0597668
2026-07-24 18:40:24.390 10 INFO neutron.wsgi [None req-35b2de69-3c30-4d6f-bdbc-6911f9256926 707c7b5e8e0c4a73b242092092d6c46f 46eaba7ee87f4559b412454496ab1940 - - default default] 10.0.0.151 "GET /v2.0/ports/26bab19c-89f5-4434-bc45-1888d2ce9eb8 HTTP/1.1" status: 200 len: 1147 time: 0.0509450
2026-07-24 18:40:24.557 10 WARNING neutron.scheduler.dhcp_agent_scheduler [None req-f6c8145e-339a-4544-9571-2e734a2a8f3e 72f26960fe2b4849b38f4670d38a9872 911362dcb31f4af2b6d365a53c7f194b - - default default] No more DHCP agents
2026-07-24 18:40:24.563 10 WARNING neutron.api.rpc.agentnotifiers.dhcp_rpc_agent_api [None req-f6c8145e-339a-4544-9571-2e734a2a8f3e 72f26960fe2b4849b38f4670d38a9872 911362dcb31f4af2b6d365a53c7f194b - - default default] Unable to schedule network b698e4bc-0c33-4947-b580-a326040f7572: no agents available; will retry on subsequent port and subnet creation events.
2026-07-24 18:40:24.713 10 INFO neutron.db.ovn_revision_numbers_db [None req-f6c8145e-339a-4544-9571-2e734a2a8f3e 72f26960fe2b4849b38f4670d38a9872 911362dcb31f4af2b6d365a53c7f194b - - default default] Successfully bumped revision number for resource 2377ef8e-79d3-4f93-b9d7-b70538542b67 (type: ports) to 1
2026-07-24 18:40:24.757 9 INFO neutron.db.ovn_revision_numbers_db [None req-637120ec-96c7-4793-bb09-34a6514b963a 37decf957a434e04a67b7fdec39a3ebf 9a99fee274744cf5a1361da8885ac698 - - default default] Successfully bumped revision number for resource ccf264ea-5e2f-4590-aa5b-f3c1f3cfbacb (type: routers) to 7
2026-07-24 18:40:24.761 9 INFO neutron.wsgi [None req-637120ec-96c7-4793-bb09-34a6514b963a 37decf957a434e04a67b7fdec39a3ebf 9a99fee274744cf5a1361da8885ac698 - - default default] 10.0.0.151 "PUT /v2.0/routers/ccf264ea-5e2f-4590-aa5b-f3c1f3cfbacb HTTP/1.1" status: 200 len: 655 time: 0.4792864
2026-07-24 18:40:24.793 9 INFO neutron.wsgi [None req-c7779adc-816e-48d9-92d3-87a1cda0adf9 37decf957a434e04a67b7fdec39a3ebf 9a99fee274744cf5a1361da8885ac698 - - default default] 10.0.0.151 "GET /v2.0/ports?device_id=ccf264ea-5e2f-4590-aa5b-f3c1f3cfbacb HTTP/1.1" status: 200 len: 205 time: 0.0275977
2026-07-24 18:40:24.881 10 INFO neutron.wsgi [None req-99b466b4-c8f0-4450-b840-9f02beb327c7 b14169f80e504ebebb83ae9e9c79e7ee e7b59c0201624c6a83648ab178708d6c - - default default] 10.0.0.151 "GET /v2.0/security-groups?tenant_id=e9bec71f1405486ebe3082afb275696e&name=default HTTP/1.1" status: 200 len: 2996 time: 0.1455026
2026-07-24 18:40:24.996 9 INFO neutron.wsgi [None req-0c1b3b5f-6ff9-4817-8f6f-abdc3f9d14ea 37decf957a434e04a67b7fdec39a3ebf 9a99fee274744cf5a1361da8885ac698 - - default default] 10.0.0.151 "DELETE /v2.0/routers/ccf264ea-5e2f-4590-aa5b-f3c1f3cfbacb HTTP/1.1" status: 204 len: 168 time: 0.1994417
2026-07-24 18:40:25.148 10 INFO neutron.wsgi [None req-a3b5cbad-2185-4a09-a6f1-dfd844e6fe1d b14169f80e504ebebb83ae9e9c79e7ee e7b59c0201624c6a83648ab178708d6c - - default default] 10.0.0.151 "DELETE /v2.0/security-groups/dfd8165d-f8cf-4eae-8fcd-c69871bd4b2a HTTP/1.1" status: 204 len: 168 time: 0.2610614
2026-07-24 18:40:25.308 10 INFO neutron.db.ovn_revision_numbers_db [None req-f6c8145e-339a-4544-9571-2e734a2a8f3e 72f26960fe2b4849b38f4670d38a9872 911362dcb31f4af2b6d365a53c7f194b - - default default] Successfully bumped revision number for resource 2377ef8e-79d3-4f93-b9d7-b70538542b67 (type: router_ports) to 1
2026-07-24 18:40:25.386 10 INFO neutron.db.ovn_revision_numbers_db [None req-f6c8145e-339a-4544-9571-2e734a2a8f3e 72f26960fe2b4849b38f4670d38a9872 911362dcb31f4af2b6d365a53c7f194b - - default default] Successfully bumped revision number for resource 0f9f2231-444a-4116-95c4-e0c2e71fd7ab (type: routers) to 2
2026-07-24 18:40:25.405 10 INFO neutron.wsgi [None req-f6c8145e-339a-4544-9571-2e734a2a8f3e 72f26960fe2b4849b38f4670d38a9872 911362dcb31f4af2b6d365a53c7f194b - - default default] 10.0.0.151 "POST /v2.0/routers HTTP/1.1" status: 201 len: 867 time: 1.5810251
2026-07-24 18:40:25.426 10 INFO neutron.wsgi [None req-489c1554-60ff-46f5-9e30-c616d11bb42a 707c7b5e8e0c4a73b242092092d6c46f 46eaba7ee87f4559b412454496ab1940 - - default default] 10.0.0.151 "GET /v2.0/ports/26bab19c-89f5-4434-bc45-1888d2ce9eb8 HTTP/1.1" status: 200 len: 1147 time: 0.0308104
2026-07-24 18:40:25.477 9 INFO neutron.wsgi [None req-27fbd220-da2b-4ea2-a153-1d72e091770e 72f26960fe2b4849b38f4670d38a9872 911362dcb31f4af2b6d365a53c7f194b - - default default] 10.0.0.151 "GET /v2.0/routers/0f9f2231-444a-4116-95c4-e0c2e71fd7ab HTTP/1.1" status: 200 len: 868 time: 0.0682740
2026-07-24 18:40:25.599 9 INFO neutron.wsgi [None req-0a0d68fc-a7ab-4df9-a15c-c54be2388567 72f26960fe2b4849b38f4670d38a9872 911362dcb31f4af2b6d365a53c7f194b - - default default] 10.0.0.151 "GET /v2.0/routers HTTP/1.1" status: 200 len: 871 time: 0.1155176
2026-07-24 18:40:25.624 10 WARNING neutron.plugins.ml2.drivers.ovn.mech_driver.ovsdb.ovn_client [None req-471dd909-38a0-4c1c-a8f5-fbcdbd1f2722 - - - - - -] No hosting information found for port e62d8639-eca9-4351-a0fb-de582dfb699e: RuntimeError: No hosting information found for port e62d8639-eca9-4351-a0fb-de582dfb699e
2026-07-24 18:40:25.624 10 INFO neutron.plugins.ml2.drivers.ovn.mech_driver.mech_driver [None req-471dd909-38a0-4c1c-a8f5-fbcdbd1f2722 - - - - - -] OVN reports status up for port: 26bab19c-89f5-4434-bc45-1888d2ce9eb8
2026-07-24 18:40:25.631 10 INFO neutron.plugins.ml2.plugin [None req-471dd909-38a0-4c1c-a8f5-fbcdbd1f2722 - - - - - -] Attempt 1 to provision port 26bab19c-89f5-4434-bc45-1888d2ce9eb8
2026-07-24 18:40:25.943 10 INFO neutron.db.ovn_revision_numbers_db [None req-fa680138-a87f-47d5-8db3-f0142ae0a498 b14169f80e504ebebb83ae9e9c79e7ee e7b59c0201624c6a83648ab178708d6c - - default default] Successfully bumped revision number for resource 194ce27c-0513-449e-a199-00730858329c (type: security_groups) to 1
2026-07-24 18:40:25.953 10 INFO neutron.db.ovn_revision_numbers_db [None req-471dd909-38a0-4c1c-a8f5-fbcdbd1f2722 - - - - - -] Successfully bumped revision number for resource 26bab19c-89f5-4434-bc45-1888d2ce9eb8 (type: ports) to 2
2026-07-24 18:40:25.959 10 INFO neutron.db.ovn_revision_numbers_db [None req-fa680138-a87f-47d5-8db3-f0142ae0a498 b14169f80e504ebebb83ae9e9c79e7ee e7b59c0201624c6a83648ab178708d6c - - default default] Successfully bumped revision number for resource 02b09af2-14d1-49cb-9607-738aaa1bd859 (type: security_group_rules) to 0
2026-07-24 18:40:25.995 10 INFO neutron.db.ovn_revision_numbers_db [None req-fa680138-a87f-47d5-8db3-f0142ae0a498 b14169f80e504ebebb83ae9e9c79e7ee e7b59c0201624c6a83648ab178708d6c - - default default] Successfully bumped revision number for resource 7ca9519e-e984-48fa-91f7-b22703d4cf47 (type: security_group_rules) to 0
2026-07-24 18:40:26.017 9 INFO neutron.db.ovn_revision_numbers_db [None req-6d5d0462-4e51-4ea9-8447-ae62270a5983 72f26960fe2b4849b38f4670d38a9872 911362dcb31f4af2b6d365a53c7f194b - - default default] Successfully bumped revision number for resource 0f9f2231-444a-4116-95c4-e0c2e71fd7ab (type: routers) to 3
2026-07-24 18:40:26.020 9 INFO neutron.wsgi [None req-6d5d0462-4e51-4ea9-8447-ae62270a5983 72f26960fe2b4849b38f4670d38a9872 911362dcb31f4af2b6d365a53c7f194b - - default default] 10.0.0.151 "PUT /v2.0/routers/0f9f2231-444a-4116-95c4-e0c2e71fd7ab HTTP/1.1" status: 200 len: 875 time: 0.4150586
2026-07-24 18:40:26.021 10 INFO neutron.db.ovn_revision_numbers_db [None req-fa680138-a87f-47d5-8db3-f0142ae0a498 b14169f80e504ebebb83ae9e9c79e7ee e7b59c0201624c6a83648ab178708d6c - - default default] Successfully bumped revision number for resource a41c8be1-c24f-4773-a6c9-d819a3dc6762 (type: security_group_rules) to 0
2026-07-24 18:40:26.049 10 INFO neutron.db.ovn_revision_numbers_db [None req-fa680138-a87f-47d5-8db3-f0142ae0a498 b14169f80e504ebebb83ae9e9c79e7ee e7b59c0201624c6a83648ab178708d6c - - default default] Successfully bumped revision number for resource b413a5b5-ddbb-4cca-8ae5-fae75e88c158 (type: security_group_rules) to 0
2026-07-24 18:40:26.084 10 INFO neutron.wsgi [None req-fa680138-a87f-47d5-8db3-f0142ae0a498 b14169f80e504ebebb83ae9e9c79e7ee e7b59c0201624c6a83648ab178708d6c - - default default] 10.0.0.151 "GET /v2.0/security-groups?tenant_id=9a99fee274744cf5a1361da8885ac698&name=default HTTP/1.1" status: 200 len: 2996 time: 0.4690144
2026-07-24 18:40:26.104 9 INFO neutron.wsgi [None req-46069cf3-6454-4679-be40-55b0e6c6d27f 72f26960fe2b4849b38f4670d38a9872 911362dcb31f4af2b6d365a53c7f194b - - default default] 10.0.0.151 "GET /v2.0/routers/0f9f2231-444a-4116-95c4-e0c2e71fd7ab HTTP/1.1" status: 200 len: 875 time: 0.0789993
2026-07-24 18:40:26.110 10 INFO neutron.db.ovn_revision_numbers_db [None req-471dd909-38a0-4c1c-a8f5-fbcdbd1f2722 - - - - - -] Successfully bumped revision number for resource 26bab19c-89f5-4434-bc45-1888d2ce9eb8 (type: router_ports) to 2
2026-07-24 18:40:26.126 9 INFO neutron.wsgi [None req-07203e08-8a26-4e79-b221-92bddc829cbf 72f26960fe2b4849b38f4670d38a9872 911362dcb31f4af2b6d365a53c7f194b - - default default] 10.0.0.151 "GET /v2.0/ports?device_id=0f9f2231-444a-4116-95c4-e0c2e71fd7ab HTTP/1.1" status: 200 len: 205 time: 0.0171130
2026-07-24 18:40:26.469 10 INFO neutron.wsgi [None req-960f0da7-4506-46c5-8609-831056d2e3aa 707c7b5e8e0c4a73b242092092d6c46f 46eaba7ee87f4559b412454496ab1940 - - default default] 10.0.0.151 "GET /v2.0/ports/26bab19c-89f5-4434-bc45-1888d2ce9eb8 HTTP/1.1" status: 200 len: 1149 time: 0.0373299
2026-07-24 18:40:26.831 9 INFO neutron.wsgi [None req-0084901a-92e9-46c4-a846-2de4adec8ad5 b14169f80e504ebebb83ae9e9c79e7ee e7b59c0201624c6a83648ab178708d6c - - default default] 10.0.0.151 "DELETE /v2.0/security-groups/194ce27c-0513-449e-a199-00730858329c HTTP/1.1" status: 204 len: 168 time: 0.7397449
2026-07-24 18:40:27.054 10 INFO neutron.wsgi [None req-d154f551-ee5e-4fc3-902d-467abd8bf7dd 707c7b5e8e0c4a73b242092092d6c46f 46eaba7ee87f4559b412454496ab1940 - - default default] 10.0.0.151 "PUT /v2.0/routers/01e71250-317e-4d6d-9a49-d791a98addfe/remove_router_interface HTTP/1.1" status: 200 len: 503 time: 0.5791891 /var/lib/openstack/lib/python3.10/site-packages/pycadf/identifier.py:71: UserWarning: Invalid uuid: neutron. To ensure interoperability, identifiers should be a valid uuid. warnings.warn(('Invalid uuid: %s. To ensure interoperability, '
2026-07-24 18:40:27.142 10 INFO neutron.wsgi [None req-5f3995ea-eace-4f84-a61b-97fa4dfe7f83 707c7b5e8e0c4a73b242092092d6c46f 46eaba7ee87f4559b412454496ab1940 - - default default] 10.0.0.151 "GET /v2.0/ports/e62d8639-eca9-4351-a0fb-de582dfb699e HTTP/1.1" status: 200 len: 1141 time: 0.0841701
2026-07-24 18:40:27.145 9 INFO neutron.db.ovn_revision_numbers_db [None req-37c37d64-89dd-4d65-8c2a-d72078fec65a b14169f80e504ebebb83ae9e9c79e7ee e7b59c0201624c6a83648ab178708d6c - - default default] Successfully bumped revision number for resource 60efb6a3-e546-440b-9dfe-cec073fd4d69 (type: security_groups) to 1
2026-07-24 18:40:27.183 9 INFO neutron.db.ovn_revision_numbers_db [None req-37c37d64-89dd-4d65-8c2a-d72078fec65a b14169f80e504ebebb83ae9e9c79e7ee e7b59c0201624c6a83648ab178708d6c - - default default] Successfully bumped revision number for resource 183c755f-cde0-4284-8c6a-28ce812d0025 (type: security_group_rules) to 0
2026-07-24 18:40:27.215 9 INFO neutron.wsgi [None req-e59f2a97-9ad2-4d79-acaa-1092e2873631 72f26960fe2b4849b38f4670d38a9872 911362dcb31f4af2b6d365a53c7f194b - - default default] 10.0.0.151 "DELETE /v2.0/routers/0f9f2231-444a-4116-95c4-e0c2e71fd7ab HTTP/1.1" status: 204 len: 168 time: 1.0848062
2026-07-24 18:40:27.216 9 INFO neutron.db.ovn_revision_numbers_db [None req-37c37d64-89dd-4d65-8c2a-d72078fec65a b14169f80e504ebebb83ae9e9c79e7ee e7b59c0201624c6a83648ab178708d6c - - default default] Successfully bumped revision number for resource 207ab024-b0e4-41c2-8557-c149e6ad6358 (type: security_group_rules) to 0
2026-07-24 18:40:27.240 9 INFO neutron.db.ovn_revision_numbers_db [None req-37c37d64-89dd-4d65-8c2a-d72078fec65a b14169f80e504ebebb83ae9e9c79e7ee e7b59c0201624c6a83648ab178708d6c - - default default] Successfully bumped revision number for resource c7ac2a2f-7407-40c8-9cca-541efcbc5ff9 (type: security_group_rules) to 0
2026-07-24 18:40:27.249 10 INFO neutron.wsgi [None req-42034ba6-da7d-433a-a4ec-9fbfd2625d06 72f26960fe2b4849b38f4670d38a9872 911362dcb31f4af2b6d365a53c7f194b - - default default] 10.0.0.151 "GET /v2.0/ports?device_id=0f9f2231-444a-4116-95c4-e0c2e71fd7ab HTTP/1.1" status: 200 len: 205 time: 0.0253124
2026-07-24 18:40:27.261 9 INFO neutron.db.ovn_revision_numbers_db [None req-37c37d64-89dd-4d65-8c2a-d72078fec65a b14169f80e504ebebb83ae9e9c79e7ee e7b59c0201624c6a83648ab178708d6c - - default default] Successfully bumped revision number for resource d6e61c5a-5409-40e2-930a-f696f7a0b518 (type: security_group_rules) to 0
2026-07-24 18:40:27.292 10 INFO neutron.api.v2.resource [None req-efca4696-bcf8-4826-b7e3-47a0afc99296 72f26960fe2b4849b38f4670d38a9872 911362dcb31f4af2b6d365a53c7f194b - - default default] delete failed (client error): The resource could not be found.
2026-07-24 18:40:27.294 10 INFO neutron.wsgi [None req-efca4696-bcf8-4826-b7e3-47a0afc99296 72f26960fe2b4849b38f4670d38a9872 911362dcb31f4af2b6d365a53c7f194b - - default default] 10.0.0.151 "DELETE /v2.0/routers/0f9f2231-444a-4116-95c4-e0c2e71fd7ab HTTP/1.1" status: 404 len: 336 time: 0.0392742
2026-07-24 18:40:27.296 9 INFO neutron.wsgi [None req-37c37d64-89dd-4d65-8c2a-d72078fec65a b14169f80e504ebebb83ae9e9c79e7ee e7b59c0201624c6a83648ab178708d6c - - default default] 10.0.0.151 "GET /v2.0/security-groups?tenant_id=7092a7cfc1eb4e3c9529162432acb480&name=default HTTP/1.1" status: 200 len: 2996 time: 0.3155029
2026-07-24 18:40:27.327 9 INFO neutron.wsgi [None req-06a9390f-dbea-455e-a797-9e605f0b3537 72f26960fe2b4849b38f4670d38a9872 911362dcb31f4af2b6d365a53c7f194b - - default default] 10.0.0.151 "GET /v2.0/ports?device_id=8bdaedea-6146-4871-a507-97c435682d98 HTTP/1.1" status: 200 len: 205 time: 0.0275249
