2026-07-24 18:38:59.748 10 INFO neutron.db.ovn_revision_numbers_db [None req-0ecfbb88-c03c-489d-b3e9-af2d159026cc a1e0b13a776f498c8a04527add964e19 df144d15c049400eb7f469a510be19c5 - - default default] Successfully bumped revision number for resource edb44a97-7dad-44bd-b434-4a0eece98b7d (type: ports) to 1
2026-07-24 18:38:59.775 10 INFO neutron.wsgi [None req-0ecfbb88-c03c-489d-b3e9-af2d159026cc a1e0b13a776f498c8a04527add964e19 df144d15c049400eb7f469a510be19c5 - - default default] 10.0.0.151 "POST /v2.0/networks HTTP/1.1" status: 201 len: 848 time: 1.2089038
2026-07-24 18:38:59.913 9 INFO neutron.db.ovn_revision_numbers_db [None req-b6fd8029-2386-40a7-91f5-311a4a2944d0 b14169f80e504ebebb83ae9e9c79e7ee e7b59c0201624c6a83648ab178708d6c - - default default] Successfully bumped revision number for resource 6aef0124-7516-4ea7-b75b-56fc857251eb (type: ports) to 1
2026-07-24 18:39:00.015 10 WARNING neutron.scheduler.dhcp_agent_scheduler [None req-fd33f67b-5f22-4f22-b640-d771c514997d a1e0b13a776f498c8a04527add964e19 df144d15c049400eb7f469a510be19c5 - - default default] No more DHCP agents
2026-07-24 18:39:00.017 10 WARNING neutron.api.rpc.agentnotifiers.dhcp_rpc_agent_api [None req-fd33f67b-5f22-4f22-b640-d771c514997d a1e0b13a776f498c8a04527add964e19 df144d15c049400eb7f469a510be19c5 - - default default] Unable to schedule network 48c3884c-702d-4a6c-8825-449580edabd7: no agents available; will retry on subsequent port and subnet creation events.
2026-07-24 18:39:00.041 10 INFO neutron.db.ovn_revision_numbers_db [None req-fd33f67b-5f22-4f22-b640-d771c514997d a1e0b13a776f498c8a04527add964e19 df144d15c049400eb7f469a510be19c5 - - default default] Successfully bumped revision number for resource 488cca93-5696-4737-8174-b4836da51ba9 (type: subnets) to 0
2026-07-24 18:39:00.054 10 INFO neutron.wsgi [None req-fd33f67b-5f22-4f22-b640-d771c514997d a1e0b13a776f498c8a04527add964e19 df144d15c049400eb7f469a510be19c5 - - default default] 10.0.0.151 "POST /v2.0/subnets HTTP/1.1" status: 201 len: 802 time: 0.2711995
2026-07-24 18:39:00.210 9 INFO neutron.wsgi [None req-c0751b09-5771-4f4f-943c-72e693bb70a0 b14169f80e504ebebb83ae9e9c79e7ee e7b59c0201624c6a83648ab178708d6c - - default default] 10.0.0.151 "DELETE /v2.0/subnets/d48a449d-a017-4adf-ba3c-f5b11a0d3107 HTTP/1.1" status: 204 len: 168 time: 0.5695791
2026-07-24 18:39:00.245 9 INFO neutron.db.ovn_revision_numbers_db [None req-fecd349f-0646-4627-a7d6-69a5b36d0f63 - - - - - -] Successfully bumped revision number for resource af2fc5e9-dce2-4151-8d16-14c051297939 (type: router_ports) to 3
2026-07-24 18:39:00.485 9 INFO neutron.db.ovn_revision_numbers_db [None req-fecd349f-0646-4627-a7d6-69a5b36d0f63 - - - - - -] Successfully bumped revision number for resource af2fc5e9-dce2-4151-8d16-14c051297939 (type: ports) to 2
2026-07-24 18:39:00.661 9 INFO neutron.plugins.ml2.drivers.ovn.mech_driver.mech_driver [None req-93855813-4388-4242-852d-3b5480ee2b73 - - - - - -] OVN reports status up for port: 6aef0124-7516-4ea7-b75b-56fc857251eb
2026-07-24 18:39:00.678 10 WARNING neutron.scheduler.dhcp_agent_scheduler [None req-6e18077f-2861-4a8f-85ed-0142400557fe a1e0b13a776f498c8a04527add964e19 df144d15c049400eb7f469a510be19c5 - - default default] No more DHCP agents
2026-07-24 18:39:00.681 10 WARNING neutron.api.rpc.agentnotifiers.dhcp_rpc_agent_api [None req-6e18077f-2861-4a8f-85ed-0142400557fe a1e0b13a776f498c8a04527add964e19 df144d15c049400eb7f469a510be19c5 - - default default] Unable to schedule network b698e4bc-0c33-4947-b580-a326040f7572: no agents available; will retry on subsequent port and subnet creation events.
2026-07-24 18:39:00.683 9 INFO neutron.plugins.ml2.plugin [None req-93855813-4388-4242-852d-3b5480ee2b73 - - - - - -] Attempt 1 to provision port 6aef0124-7516-4ea7-b75b-56fc857251eb
2026-07-24 18:39:00.699 9 INFO neutron.db.ovn_revision_numbers_db [None req-b6fd8029-2386-40a7-91f5-311a4a2944d0 b14169f80e504ebebb83ae9e9c79e7ee e7b59c0201624c6a83648ab178708d6c - - default default] Successfully bumped revision number for resource 6aef0124-7516-4ea7-b75b-56fc857251eb (type: router_ports) to 1
2026-07-24 18:39:00.740 10 INFO neutron.services.segments.plugin [-] Segment 0e4848ce-df23-422e-976a-021650866e55 resource provider aggregate not found
2026-07-24 18:39:00.744 10 INFO neutron.services.segments.plugin [-] Segment 0e4848ce-df23-422e-976a-021650866e55 resource provider aggregate not found
2026-07-24 18:39:00.761 10 INFO neutron.services.segments.plugin [-] Segment 0e4848ce-df23-422e-976a-021650866e55 resource provider not found; error: Placement Client Error (4xx): {"errors": [{"status": 404, "title": "Not Found", "detail": "The resource could not be found.\n\n No resource provider with uuid 0e4848ce-df23-422e-976a-021650866e55 found for delete ", "request_id": "req-8146cf1f-bc20-496e-9dc9-6c77698ce6ae"}]}
2026-07-24 18:39:00.765 10 INFO neutron.services.segments.plugin [-] Segment 0e4848ce-df23-422e-976a-021650866e55 resource provider not found; error: Placement Client Error (4xx): {"errors": [{"status": 404, "title": "Not Found", "detail": "The resource could not be found.\n\n No resource provider with uuid 0e4848ce-df23-422e-976a-021650866e55 found for delete ", "request_id": "req-7093bae8-b1d9-47f2-9c83-4a3fe63abfa2"}]}
2026-07-24 18:39:00.792 10 INFO neutron.wsgi [None req-ad8478aa-1507-4479-ac0a-359cb16106c5 b14169f80e504ebebb83ae9e9c79e7ee e7b59c0201624c6a83648ab178708d6c - - default default] 10.0.0.151 "DELETE /v2.0/networks/700f4d84-a5ac-4342-aa38-ea62f188eabf HTTP/1.1" status: 204 len: 168 time: 0.5699844
2026-07-24 18:39:00.856 9 INFO neutron.db.ovn_revision_numbers_db [None req-fecd349f-0646-4627-a7d6-69a5b36d0f63 - - - - - -] Successfully bumped revision number for resource af2fc5e9-dce2-4151-8d16-14c051297939 (type: ports) to 4
2026-07-24 18:39:00.868 10 INFO neutron.db.ovn_revision_numbers_db [None req-6e18077f-2861-4a8f-85ed-0142400557fe a1e0b13a776f498c8a04527add964e19 df144d15c049400eb7f469a510be19c5 - - default default] Successfully bumped revision number for resource 07f38f54-ffb3-4450-ae8f-d99df503fdbb (type: ports) to 1
2026-07-24 18:39:00.962 9 INFO neutron.db.ovn_revision_numbers_db [None req-b6fd8029-2386-40a7-91f5-311a4a2944d0 b14169f80e504ebebb83ae9e9c79e7ee e7b59c0201624c6a83648ab178708d6c - - default default] Successfully bumped revision number for resource 6aef0124-7516-4ea7-b75b-56fc857251eb (type: ports) to 1
2026-07-24 18:39:01.049 9 INFO neutron.wsgi [None req-7b01c465-bdfe-497d-9d3f-e92a35bf3b25 b14169f80e504ebebb83ae9e9c79e7ee e7b59c0201624c6a83648ab178708d6c - - default default] 10.0.0.151 "GET /v2.0/security-groups?tenant_id=f35ce507bd4b4ec58552f9d7667b107c&name=default HTTP/1.1" status: 200 len: 2992 time: 0.0735202
2026-07-24 18:39:01.110 9 WARNING neutron.scheduler.dhcp_agent_scheduler [None req-b6fd8029-2386-40a7-91f5-311a4a2944d0 b14169f80e504ebebb83ae9e9c79e7ee e7b59c0201624c6a83648ab178708d6c - - default default] No more DHCP agents
2026-07-24 18:39:01.114 9 WARNING neutron.api.rpc.agentnotifiers.dhcp_rpc_agent_api [None req-b6fd8029-2386-40a7-91f5-311a4a2944d0 b14169f80e504ebebb83ae9e9c79e7ee e7b59c0201624c6a83648ab178708d6c - - default default] Unable to schedule network cd5468ae-8ee5-461c-9c93-c8c38de6db2f: no agents available; will retry on subsequent port and subnet creation events.
2026-07-24 18:39:01.164 9 INFO neutron.db.ovn_revision_numbers_db [None req-93855813-4388-4242-852d-3b5480ee2b73 - - - - - -] Successfully bumped revision number for resource 6aef0124-7516-4ea7-b75b-56fc857251eb (type: ports) to 2
2026-07-24 18:39:01.315 9 INFO neutron.db.ovn_revision_numbers_db [None req-fecd349f-0646-4627-a7d6-69a5b36d0f63 - - - - - -] Successfully bumped revision number for resource af2fc5e9-dce2-4151-8d16-14c051297939 (type: router_ports) to 4
2026-07-24 18:39:01.370 10 INFO neutron.wsgi [None req-d5a0c405-2fdc-4d12-ad3b-43a2b28e6fb7 b14169f80e504ebebb83ae9e9c79e7ee e7b59c0201624c6a83648ab178708d6c - - default default] 10.0.0.151 "DELETE /v2.0/security-groups/85c69c20-7565-4d6a-8421-f8f602bbfca8 HTTP/1.1" status: 204 len: 168 time: 0.3153534
2026-07-24 18:39:01.376 9 INFO neutron.db.ovn_revision_numbers_db [None req-93855813-4388-4242-852d-3b5480ee2b73 - - - - - -] Successfully bumped revision number for resource 6aef0124-7516-4ea7-b75b-56fc857251eb (type: router_ports) to 2
2026-07-24 18:39:01.631 10 INFO neutron.plugins.ml2.drivers.ovn.mech_driver.mech_driver [None req-471dd909-38a0-4c1c-a8f5-fbcdbd1f2722 - - - - - -] OVN reports status up for port: 07f38f54-ffb3-4450-ae8f-d99df503fdbb
2026-07-24 18:39:01.647 10 INFO neutron.plugins.ml2.plugin [None req-471dd909-38a0-4c1c-a8f5-fbcdbd1f2722 - - - - - -] Attempt 1 to provision port 07f38f54-ffb3-4450-ae8f-d99df503fdbb
2026-07-24 18:39:01.664 10 INFO neutron.db.ovn_revision_numbers_db [None req-6e18077f-2861-4a8f-85ed-0142400557fe a1e0b13a776f498c8a04527add964e19 df144d15c049400eb7f469a510be19c5 - - default default] Successfully bumped revision number for resource 07f38f54-ffb3-4450-ae8f-d99df503fdbb (type: router_ports) to 1
2026-07-24 18:39:01.733 10 INFO neutron.db.ovn_revision_numbers_db [None req-6e18077f-2861-4a8f-85ed-0142400557fe a1e0b13a776f498c8a04527add964e19 df144d15c049400eb7f469a510be19c5 - - default default] Successfully bumped revision number for resource 9b1cf4ac-19b2-499b-b91f-03b587023923 (type: routers) to 2
2026-07-24 18:39:01.746 10 INFO neutron.wsgi [None req-6e18077f-2861-4a8f-85ed-0142400557fe a1e0b13a776f498c8a04527add964e19 df144d15c049400eb7f469a510be19c5 - - default default] 10.0.0.151 "POST /v2.0/routers HTTP/1.1" status: 201 len: 875 time: 1.6884842
2026-07-24 18:39:01.850 9 INFO neutron.db.ovn_revision_numbers_db [None req-b6fd8029-2386-40a7-91f5-311a4a2944d0 b14169f80e504ebebb83ae9e9c79e7ee e7b59c0201624c6a83648ab178708d6c - - default default] Successfully bumped revision number for resource 6aef0124-7516-4ea7-b75b-56fc857251eb (type: router_ports) to 2
2026-07-24 18:39:01.853 9 INFO neutron.wsgi [None req-b6fd8029-2386-40a7-91f5-311a4a2944d0 b14169f80e504ebebb83ae9e9c79e7ee e7b59c0201624c6a83648ab178708d6c - - default default] 10.0.0.151 "PUT /v2.0/routers/2105bf24-febf-463c-9c30-a526e5391dfd/add_router_interface HTTP/1.1" status: 200 len: 503 time: 2.8394315
2026-07-24 18:39:02.261 10 WARNING neutron.scheduler.dhcp_agent_scheduler [None req-a6ee56f2-0178-4e4d-8897-b888f27c44b5 a1e0b13a776f498c8a04527add964e19 df144d15c049400eb7f469a510be19c5 - - default default] No more DHCP agents
2026-07-24 18:39:02.263 10 WARNING neutron.api.rpc.agentnotifiers.dhcp_rpc_agent_api [None req-a6ee56f2-0178-4e4d-8897-b888f27c44b5 a1e0b13a776f498c8a04527add964e19 df144d15c049400eb7f469a510be19c5 - - default default] Unable to schedule network 48c3884c-702d-4a6c-8825-449580edabd7: no agents available; will retry on subsequent port and subnet creation events.
2026-07-24 18:39:02.451 10 INFO neutron.db.ovn_revision_numbers_db [None req-a6ee56f2-0178-4e4d-8897-b888f27c44b5 a1e0b13a776f498c8a04527add964e19 df144d15c049400eb7f469a510be19c5 - - default default] Successfully bumped revision number for resource 3c939099-f965-4026-a78b-c8d475bb4a93 (type: ports) to 1
2026-07-24 18:39:02.951 9 INFO neutron.wsgi [req-f94efc66-788c-4678-883c-3bf6053a88d3 req-1f41fc54-732a-43cf-9b7b-295c8feacfd7 578b44c1bb484aa9bd1701f7d28e4b5c d9bff489ee1947be93b9e6f06016a391 - - default default] 10.0.0.165 "GET /v2.0/networks?id=cd5468ae-8ee5-461c-9c93-c8c38de6db2f HTTP/1.1" status: 200 len: 876 time: 0.0718734
2026-07-24 18:39:02.967 9 INFO neutron.wsgi [req-f94efc66-788c-4678-883c-3bf6053a88d3 req-ec4be3a1-b87b-494e-92a6-05b9f5816f6b 578b44c1bb484aa9bd1701f7d28e4b5c d9bff489ee1947be93b9e6f06016a391 - - default default] 10.0.0.165 "GET /v2.0/quotas/d9bff489ee1947be93b9e6f06016a391 HTTP/1.1" status: 200 len: 386 time: 0.0082188
2026-07-24 18:39:03.040 10 INFO neutron.db.ovn_revision_numbers_db [None req-a6ee56f2-0178-4e4d-8897-b888f27c44b5 a1e0b13a776f498c8a04527add964e19 df144d15c049400eb7f469a510be19c5 - - default default] Successfully bumped revision number for resource 3c939099-f965-4026-a78b-c8d475bb4a93 (type: router_ports) to 1
2026-07-24 18:39:03.067 9 INFO neutron.wsgi [req-f94efc66-788c-4678-883c-3bf6053a88d3 req-42082c95-f75c-45d7-bf44-29f4930b95f1 578b44c1bb484aa9bd1701f7d28e4b5c d9bff489ee1947be93b9e6f06016a391 - - default default] 10.0.0.165 "GET /v2.0/ports?tenant_id=d9bff489ee1947be93b9e6f06016a391&fields=id HTTP/1.1" status: 200 len: 302 time: 0.0947464
2026-07-24 18:39:03.133 9 INFO neutron.wsgi [req-f94efc66-788c-4678-883c-3bf6053a88d3 req-2b535617-f23a-4e71-bcb1-d39633c9cffd a13ace7f3ffd4dfbaf096472980059fc b12aeeba212b4852bd69d0e6a8f4a4e2 - - b465198673654156823ad50d5205f89c b465198673654156823ad50d5205f89c] 10.0.0.165 "GET /v2.0/networks/cd5468ae-8ee5-461c-9c93-c8c38de6db2f?fields=segments HTTP/1.1" status: 200 len: 212 time: 0.0581520
2026-07-24 18:39:03.197 9 INFO neutron.wsgi [req-f94efc66-788c-4678-883c-3bf6053a88d3 req-f47cc27b-ba0c-4a9e-9c35-abd4061e26f8 a13ace7f3ffd4dfbaf096472980059fc b12aeeba212b4852bd69d0e6a8f4a4e2 - - b465198673654156823ad50d5205f89c b465198673654156823ad50d5205f89c] 10.0.0.165 "GET /v2.0/networks/cd5468ae-8ee5-461c-9c93-c8c38de6db2f?fields=provider%3Aphysical_network&fields=provider%3Anetwork_type HTTP/1.1" status: 200 len: 277 time: 0.0567210
2026-07-24 18:39:03.207 10 INFO neutron.db.ovn_revision_numbers_db [None req-a6ee56f2-0178-4e4d-8897-b888f27c44b5 a1e0b13a776f498c8a04527add964e19 df144d15c049400eb7f469a510be19c5 - - default default] Successfully bumped revision number for resource 3c939099-f965-4026-a78b-c8d475bb4a93 (type: ports) to 1
2026-07-24 18:39:03.287 10 WARNING neutron.scheduler.dhcp_agent_scheduler [None req-a6ee56f2-0178-4e4d-8897-b888f27c44b5 a1e0b13a776f498c8a04527add964e19 df144d15c049400eb7f469a510be19c5 - - default default] No more DHCP agents
2026-07-24 18:39:03.290 10 WARNING neutron.api.rpc.agentnotifiers.dhcp_rpc_agent_api [None req-a6ee56f2-0178-4e4d-8897-b888f27c44b5 a1e0b13a776f498c8a04527add964e19 df144d15c049400eb7f469a510be19c5 - - default default] Unable to schedule network 48c3884c-702d-4a6c-8825-449580edabd7: no agents available; will retry on subsequent port and subnet creation events.
2026-07-24 18:39:03.357 9 INFO neutron.wsgi [req-23ecf534-853c-475f-86ef-933ee1447b61 req-a587cb86-259a-43fb-95eb-a32ba503de7e 578b44c1bb484aa9bd1701f7d28e4b5c d9bff489ee1947be93b9e6f06016a391 - - default default] 10.0.0.165 "GET /v2.0/ports?device_id=d1474d8a-a65c-41bc-a3a0-507affcf9de6 HTTP/1.1" status: 200 len: 210 time: 0.0236650
2026-07-24 18:39:03.376 9 INFO neutron.db.ovn_revision_numbers_db [None req-3ff6901b-7adf-4dde-ac66-5a85775d6976 b14169f80e504ebebb83ae9e9c79e7ee e7b59c0201624c6a83648ab178708d6c - - default default] Successfully bumped revision number for resource 7dd7e0a4-1910-4c05-a02f-4dad35e4d5eb (type: security_groups) to 1
2026-07-24 18:39:03.406 9 INFO neutron.db.ovn_revision_numbers_db [None req-3ff6901b-7adf-4dde-ac66-5a85775d6976 b14169f80e504ebebb83ae9e9c79e7ee e7b59c0201624c6a83648ab178708d6c - - default default] Successfully bumped revision number for resource 08254a74-9cfd-4f08-aeab-363c5c51d617 (type: security_group_rules) to 0
2026-07-24 18:39:03.432 9 INFO neutron.db.ovn_revision_numbers_db [None req-3ff6901b-7adf-4dde-ac66-5a85775d6976 b14169f80e504ebebb83ae9e9c79e7ee e7b59c0201624c6a83648ab178708d6c - - default default] Successfully bumped revision number for resource 08546eb1-782e-490b-9449-7a14f5769521 (type: security_group_rules) to 0
2026-07-24 18:39:03.453 9 INFO neutron.db.ovn_revision_numbers_db [None req-3ff6901b-7adf-4dde-ac66-5a85775d6976 b14169f80e504ebebb83ae9e9c79e7ee e7b59c0201624c6a83648ab178708d6c - - default default] Successfully bumped revision number for resource 7e00002f-b1ea-408d-8416-e44167bf1886 (type: security_group_rules) to 0
2026-07-24 18:39:03.466 9 INFO neutron.db.ovn_revision_numbers_db [None req-3ff6901b-7adf-4dde-ac66-5a85775d6976 b14169f80e504ebebb83ae9e9c79e7ee e7b59c0201624c6a83648ab178708d6c - - default default] Successfully bumped revision number for resource 8e16edd5-c187-4586-a7e4-9e0a28df8619 (type: security_group_rules) to 0
2026-07-24 18:39:03.517 9 INFO neutron.db.segments_db [None req-3ff6901b-7adf-4dde-ac66-5a85775d6976 b14169f80e504ebebb83ae9e9c79e7ee e7b59c0201624c6a83648ab178708d6c - - default default] Added segment 0b083510-808f-41eb-ba95-da18e339c1e5 of type geneve for network 8635cadd-6c21-4bcc-8897-9767c381d8f7
2026-07-24 18:39:03.632 10 INFO neutron.db.ovn_revision_numbers_db [None req-a6ee56f2-0178-4e4d-8897-b888f27c44b5 a1e0b13a776f498c8a04527add964e19 df144d15c049400eb7f469a510be19c5 - - default default] Successfully bumped revision number for resource 3c939099-f965-4026-a78b-c8d475bb4a93 (type: router_ports) to 1
2026-07-24 18:39:03.635 10 INFO neutron.wsgi [None req-a6ee56f2-0178-4e4d-8897-b888f27c44b5 a1e0b13a776f498c8a04527add964e19 df144d15c049400eb7f469a510be19c5 - - default default] 10.0.0.151 "PUT /v2.0/routers/9b1cf4ac-19b2-499b-b91f-03b587023923/add_router_interface HTTP/1.1" status: 200 len: 503 time: 1.8806419
2026-07-24 18:39:03.852 9 INFO neutron.wsgi [req-d8c0da64-4a6d-4a1e-a4dd-70db80db1b65 req-fd7f4c09-dd92-41ae-9a07-656463268376 20801f50cea649ab82195b2394435876 2635db52de1341a3ac6505c941ca9b37 - - default default] 10.0.0.165 "GET /v2.0/ports?device_id=a0afc9be-1413-473c-8f7f-0af84cf5c9bc HTTP/1.1" status: 200 len: 1174 time: 0.3096247
2026-07-24 18:39:03.878 9 INFO neutron.db.ovn_revision_numbers_db [None req-3ff6901b-7adf-4dde-ac66-5a85775d6976 b14169f80e504ebebb83ae9e9c79e7ee e7b59c0201624c6a83648ab178708d6c - - default default] Successfully bumped revision number for resource 8635cadd-6c21-4bcc-8897-9767c381d8f7 (type: networks) to 1
2026-07-24 18:39:03.904 9 INFO neutron.wsgi [req-d8c0da64-4a6d-4a1e-a4dd-70db80db1b65 req-0e705a9f-eee7-4657-8daf-8b4441aeb11c 20801f50cea649ab82195b2394435876 2635db52de1341a3ac6505c941ca9b37 - - default default] 10.0.0.165 "GET /v2.0/security-groups?id=c2c3ff09-e2bb-43bf-980d-40f3d87d8bb9&fields=id&fields=name HTTP/1.1" status: 200 len: 313 time: 0.0421782
2026-07-24 18:39:03.942 10 WARNING neutron.scheduler.dhcp_agent_scheduler [None req-3f7d935d-2bc7-45c2-8d8f-4585d5f240a2 a1e0b13a776f498c8a04527add964e19 df144d15c049400eb7f469a510be19c5 - - default default] No more DHCP agents
2026-07-24 18:39:03.945 10 WARNING neutron.api.rpc.agentnotifiers.dhcp_rpc_agent_api [None req-3f7d935d-2bc7-45c2-8d8f-4585d5f240a2 a1e0b13a776f498c8a04527add964e19 df144d15c049400eb7f469a510be19c5 - - default default] Unable to schedule network 48c3884c-702d-4a6c-8825-449580edabd7: no agents available; will retry on subsequent port and subnet creation events.
2026-07-24 18:39:04.039 9 INFO neutron.wsgi [req-0bbf7e38-00dd-44fa-9b04-19dbc2c06fcf req-46264ed8-0fe0-4b72-b7e9-81d720429eef 20801f50cea649ab82195b2394435876 2635db52de1341a3ac6505c941ca9b37 - - default default] 10.0.0.165 "GET /v2.0/ports?device_id=a0afc9be-1413-473c-8f7f-0af84cf5c9bc HTTP/1.1" status: 200 len: 1174 time: 0.0784123
2026-07-24 18:39:04.109 9 INFO neutron.wsgi [req-f94efc66-788c-4678-883c-3bf6053a88d3 req-e30430f7-ee84-4e07-b261-d4388eb84dcd 578b44c1bb484aa9bd1701f7d28e4b5c d9bff489ee1947be93b9e6f06016a391 - - default default] 199.204.45.240 "GET /v2.0/networks?id=cd5468ae-8ee5-461c-9c93-c8c38de6db2f HTTP/1.1" status: 200 len: 876 time: 0.1359899
2026-07-24 18:39:04.111 10 INFO neutron.db.ovn_revision_numbers_db [None req-3f7d935d-2bc7-45c2-8d8f-4585d5f240a2 a1e0b13a776f498c8a04527add964e19 df144d15c049400eb7f469a510be19c5 - - default default] Successfully bumped revision number for resource b231d8a1-2551-4e85-97ab-a9351fa688a5 (type: ports) to 1
2026-07-24 18:39:04.134 10 INFO neutron.wsgi [None req-3f7d935d-2bc7-45c2-8d8f-4585d5f240a2 a1e0b13a776f498c8a04527add964e19 df144d15c049400eb7f469a510be19c5 - - default default] 10.0.0.151 "POST /v2.0/ports HTTP/1.1" status: 201 len: 1154 time: 0.4946778 /var/lib/openstack/lib/python3.10/site-packages/pycadf/identifier.py:71: UserWarning: Invalid uuid: neutron. To ensure interoperability, identifiers should be a valid uuid. warnings.warn(('Invalid uuid: %s. To ensure interoperability, '
2026-07-24 18:39:04.153 9 INFO neutron.wsgi [req-0bbf7e38-00dd-44fa-9b04-19dbc2c06fcf req-ca58d7e7-7be5-436e-9434-bd6b09045426 20801f50cea649ab82195b2394435876 2635db52de1341a3ac6505c941ca9b37 - - default default] 10.0.0.165 "GET /v2.0/security-groups?id=c2c3ff09-e2bb-43bf-980d-40f3d87d8bb9&fields=id&fields=name HTTP/1.1" status: 200 len: 313 time: 0.1067324
2026-07-24 18:39:04.162 9 WARNING neutron.scheduler.dhcp_agent_scheduler [None req-3ff6901b-7adf-4dde-ac66-5a85775d6976 b14169f80e504ebebb83ae9e9c79e7ee e7b59c0201624c6a83648ab178708d6c - - default default] No more DHCP agents
2026-07-24 18:39:04.176 9 WARNING neutron.api.rpc.agentnotifiers.dhcp_rpc_agent_api [None req-3ff6901b-7adf-4dde-ac66-5a85775d6976 b14169f80e504ebebb83ae9e9c79e7ee e7b59c0201624c6a83648ab178708d6c - - default default] Unable to schedule network 8635cadd-6c21-4bcc-8897-9767c381d8f7: no agents available; will retry on subsequent port and subnet creation events.
2026-07-24 18:39:04.274 9 INFO neutron.db.ovn_revision_numbers_db [None req-3ff6901b-7adf-4dde-ac66-5a85775d6976 b14169f80e504ebebb83ae9e9c79e7ee e7b59c0201624c6a83648ab178708d6c - - default default] Successfully bumped revision number for resource b1ea8900-a172-4ca3-b5d3-e8ff91d8303a (type: ports) to 1
2026-07-24 18:39:04.307 9 INFO neutron.wsgi [None req-3ff6901b-7adf-4dde-ac66-5a85775d6976 b14169f80e504ebebb83ae9e9c79e7ee e7b59c0201624c6a83648ab178708d6c - - default default] 10.0.0.151 "POST /v2.0/networks HTTP/1.1" status: 201 len: 949 time: 1.2658722
2026-07-24 18:39:04.509 9 INFO neutron.wsgi [req-24efbc55-f715-4e4e-a69f-f4012196955f req-be9034ca-b19e-4a24-81e2-061a03cecfaf 578b44c1bb484aa9bd1701f7d28e4b5c d9bff489ee1947be93b9e6f06016a391 - - default default] 10.0.0.165 "GET /v2.0/ports?device_id=d1474d8a-a65c-41bc-a3a0-507affcf9de6 HTTP/1.1" status: 200 len: 210 time: 0.0512195
2026-07-24 18:39:04.511 10 WARNING neutron.scheduler.dhcp_agent_scheduler [None req-7f40dea2-8ea5-4583-8ffd-1e9a07fef408 a1e0b13a776f498c8a04527add964e19 df144d15c049400eb7f469a510be19c5 - - default default] No more DHCP agents
2026-07-24 18:39:04.512 10 WARNING neutron.api.rpc.agentnotifiers.dhcp_rpc_agent_api [None req-7f40dea2-8ea5-4583-8ffd-1e9a07fef408 a1e0b13a776f498c8a04527add964e19 df144d15c049400eb7f469a510be19c5 - - default default] Unable to schedule network 48c3884c-702d-4a6c-8825-449580edabd7: no agents available; will retry on subsequent port and subnet creation events.
2026-07-24 18:39:04.521 9 INFO neutron.wsgi [req-4c613109-a711-488f-9cb6-4925763167a0 req-16c9240a-490e-4c7f-9b44-ba7630ad578f 20801f50cea649ab82195b2394435876 2635db52de1341a3ac6505c941ca9b37 - - default default] 10.0.0.165 "GET /v2.0/ports?device_id=a0afc9be-1413-473c-8f7f-0af84cf5c9bc HTTP/1.1" status: 200 len: 1174 time: 0.0812006
2026-07-24 18:39:04.545 9 INFO neutron.wsgi [req-d5917c66-a088-44b7-bed8-75fd75248dfe req-357407da-6444-4a59-8eae-adf4a6bf7b81 a13ace7f3ffd4dfbaf096472980059fc b12aeeba212b4852bd69d0e6a8f4a4e2 - - b465198673654156823ad50d5205f89c b465198673654156823ad50d5205f89c] 199.204.45.240 "GET /v2.0/ports?tenant_id=2635db52de1341a3ac6505c941ca9b37&device_id=a0afc9be-1413-473c-8f7f-0af84cf5c9bc HTTP/1.1" status: 200 len: 1413 time: 0.0752339
2026-07-24 18:39:04.613 9 WARNING neutron.scheduler.dhcp_agent_scheduler [None req-3180ab61-d79a-4211-8316-4f182081c7a8 b14169f80e504ebebb83ae9e9c79e7ee e7b59c0201624c6a83648ab178708d6c - - default default] No more DHCP agents
2026-07-24 18:39:04.621 9 WARNING neutron.api.rpc.agentnotifiers.dhcp_rpc_agent_api [None req-3180ab61-d79a-4211-8316-4f182081c7a8 b14169f80e504ebebb83ae9e9c79e7ee e7b59c0201624c6a83648ab178708d6c - - default default] Unable to schedule network 8635cadd-6c21-4bcc-8897-9767c381d8f7: no agents available; will retry on subsequent port and subnet creation events.
2026-07-24 18:39:04.642 9 INFO neutron.wsgi [req-4c613109-a711-488f-9cb6-4925763167a0 req-071e185e-f1bf-436e-b951-30eb92cef99e 20801f50cea649ab82195b2394435876 2635db52de1341a3ac6505c941ca9b37 - - default default] 10.0.0.165 "GET /v2.0/security-groups?id=c2c3ff09-e2bb-43bf-980d-40f3d87d8bb9&fields=id&fields=name HTTP/1.1" status: 200 len: 313 time: 0.1118097
2026-07-24 18:39:04.664 10 INFO neutron.db.ovn_revision_numbers_db [None req-7f40dea2-8ea5-4583-8ffd-1e9a07fef408 a1e0b13a776f498c8a04527add964e19 df144d15c049400eb7f469a510be19c5 - - default default] Successfully bumped revision number for resource 8ca6bea7-34e2-4408-94bf-a06746e86b56 (type: ports) to 1
2026-07-24 18:39:04.675 9 WARNING neutron.scheduler.dhcp_agent_scheduler [req-f94efc66-788c-4678-883c-3bf6053a88d3 req-e48d725e-4884-439e-b668-069dbfe0fd6e 578b44c1bb484aa9bd1701f7d28e4b5c d9bff489ee1947be93b9e6f06016a391 - - default default] No more DHCP agents
2026-07-24 18:39:04.684 9 WARNING neutron.api.rpc.agentnotifiers.dhcp_rpc_agent_api [req-f94efc66-788c-4678-883c-3bf6053a88d3 req-e48d725e-4884-439e-b668-069dbfe0fd6e 578b44c1bb484aa9bd1701f7d28e4b5c d9bff489ee1947be93b9e6f06016a391 - - default default] Unable to schedule network cd5468ae-8ee5-461c-9c93-c8c38de6db2f: no agents available; will retry on subsequent port and subnet creation events.
2026-07-24 18:39:04.686 10 INFO neutron.wsgi [None req-7f40dea2-8ea5-4583-8ffd-1e9a07fef408 a1e0b13a776f498c8a04527add964e19 df144d15c049400eb7f469a510be19c5 - - default default] 10.0.0.151 "POST /v2.0/ports HTTP/1.1" status: 201 len: 1158 time: 0.5383790
2026-07-24 18:39:04.688 9 INFO neutron.wsgi [req-d5917c66-a088-44b7-bed8-75fd75248dfe req-44c3f2f1-bf93-48ef-a4be-ae9d103753ab a13ace7f3ffd4dfbaf096472980059fc b12aeeba212b4852bd69d0e6a8f4a4e2 - - b465198673654156823ad50d5205f89c b465198673654156823ad50d5205f89c] 199.204.45.240 "GET /v2.0/networks?id=28e4f34a-25af-4536-97de-303beb0671b4 HTTP/1.1" status: 200 len: 973 time: 0.1312490 /var/lib/openstack/lib/python3.10/site-packages/pycadf/identifier.py:71: UserWarning: Invalid uuid: neutron. To ensure interoperability, identifiers should be a valid uuid. warnings.warn(('Invalid uuid: %s. To ensure interoperability, ' /var/lib/openstack/lib/python3.10/site-packages/pycadf/identifier.py:71: UserWarning: Invalid uuid: neutron. To ensure interoperability, identifiers should be a valid uuid. warnings.warn(('Invalid uuid: %s. To ensure interoperability, '
2026-07-24 18:39:04.754 9 INFO neutron.wsgi [req-d5917c66-a088-44b7-bed8-75fd75248dfe req-07a71ffd-6f7c-49fc-8316-bc0ee4491d4e a13ace7f3ffd4dfbaf096472980059fc b12aeeba212b4852bd69d0e6a8f4a4e2 - - b465198673654156823ad50d5205f89c b465198673654156823ad50d5205f89c] 199.204.45.240 "GET /v2.0/floatingips?fixed_ip_address=10.100.0.10&port_id=6a504bf2-dbbf-472b-90af-453ceb66fd68 HTTP/1.1" status: 200 len: 1060 time: 0.0578218
2026-07-24 18:39:04.823 9 INFO neutron.wsgi [req-d5917c66-a088-44b7-bed8-75fd75248dfe req-87bc59c1-e3a7-496a-8dcb-8587a1ff1716 a13ace7f3ffd4dfbaf096472980059fc b12aeeba212b4852bd69d0e6a8f4a4e2 - - b465198673654156823ad50d5205f89c b465198673654156823ad50d5205f89c] 199.204.45.240 "GET /v2.0/subnets?id=ddf95f9b-881b-4deb-bc46-0098f3fc494a HTTP/1.1" status: 200 len: 868 time: 0.0538092
2026-07-24 18:39:04.859 9 INFO neutron.wsgi [req-d5917c66-a088-44b7-bed8-75fd75248dfe req-99230163-318a-4947-8a4e-50763f556cd2 a13ace7f3ffd4dfbaf096472980059fc b12aeeba212b4852bd69d0e6a8f4a4e2 - - b465198673654156823ad50d5205f89c b465198673654156823ad50d5205f89c] 199.204.45.240 "GET /v2.0/ports?network_id=28e4f34a-25af-4536-97de-303beb0671b4&device_owner=network%3Adhcp HTTP/1.1" status: 200 len: 210 time: 0.0290232
2026-07-24 18:39:04.953 10 WARNING neutron.scheduler.dhcp_agent_scheduler [None req-ab2e9444-ddb9-417e-9564-cf4900c0813a a1e0b13a776f498c8a04527add964e19 df144d15c049400eb7f469a510be19c5 - - default default] No more DHCP agents
2026-07-24 18:39:04.955 10 WARNING neutron.api.rpc.agentnotifiers.dhcp_rpc_agent_api [None req-ab2e9444-ddb9-417e-9564-cf4900c0813a a1e0b13a776f498c8a04527add964e19 df144d15c049400eb7f469a510be19c5 - - default default] Unable to schedule network b698e4bc-0c33-4947-b580-a326040f7572: no agents available; will retry on subsequent port and subnet creation events.
2026-07-24 18:39:04.973 9 INFO neutron.wsgi [req-d5917c66-a088-44b7-bed8-75fd75248dfe req-cb3a8414-5f39-4fd0-98cf-de2af7e1a0c4 a13ace7f3ffd4dfbaf096472980059fc b12aeeba212b4852bd69d0e6a8f4a4e2 - - b465198673654156823ad50d5205f89c b465198673654156823ad50d5205f89c] 199.204.45.240 "GET /v2.0/networks/28e4f34a-25af-4536-97de-303beb0671b4?fields=segments HTTP/1.1" status: 200 len: 212 time: 0.1060512
2026-07-24 18:39:04.992 9 INFO neutron.db.ovn_revision_numbers_db [req-f94efc66-788c-4678-883c-3bf6053a88d3 req-e48d725e-4884-439e-b668-069dbfe0fd6e 578b44c1bb484aa9bd1701f7d28e4b5c d9bff489ee1947be93b9e6f06016a391 - - default default] Successfully bumped revision number for resource 48a29e90-2923-4e9a-8b6a-e7fb862ceefc (type: ports) to 1
2026-07-24 18:39:05.036 9 INFO neutron.wsgi [req-f94efc66-788c-4678-883c-3bf6053a88d3 req-e48d725e-4884-439e-b668-069dbfe0fd6e 578b44c1bb484aa9bd1701f7d28e4b5c d9bff489ee1947be93b9e6f06016a391 - - default default] 199.204.45.240 "POST /v2.0/ports HTTP/1.1" status: 201 len: 1158 time: 0.9184453
2026-07-24 18:39:05.057 9 INFO neutron.wsgi [req-d5917c66-a088-44b7-bed8-75fd75248dfe req-3e64a190-7ab1-4cd3-850d-25fc2ac843a0 a13ace7f3ffd4dfbaf096472980059fc b12aeeba212b4852bd69d0e6a8f4a4e2 - - b465198673654156823ad50d5205f89c b465198673654156823ad50d5205f89c] 199.204.45.240 "GET /v2.0/networks/28e4f34a-25af-4536-97de-303beb0671b4?fields=provider%3Aphysical_network&fields=provider%3Anetwork_type HTTP/1.1" status: 200 len: 277 time: 0.0788248
2026-07-24 18:39:05.321 9 INFO neutron.wsgi [-] 10.0.0.97 "GET / HTTP/1.1" status: 200 len: 247 time: 0.0013645
2026-07-24 18:39:05.322 9 INFO neutron.wsgi [-] 10.0.0.97 "GET / HTTP/1.1" status: 200 len: 247 time: 0.0009077
2026-07-24 18:39:05.388 9 INFO neutron.db.ovn_revision_numbers_db [None req-3180ab61-d79a-4211-8316-4f182081c7a8 b14169f80e504ebebb83ae9e9c79e7ee e7b59c0201624c6a83648ab178708d6c - - default default] Successfully bumped revision number for resource b1ea8900-a172-4ca3-b5d3-e8ff91d8303a (type: ports) to 2
2026-07-24 18:39:05.403 10 INFO neutron.db.l3_db [None req-ab2e9444-ddb9-417e-9564-cf4900c0813a a1e0b13a776f498c8a04527add964e19 df144d15c049400eb7f469a510be19c5 - - default default] Floating IP f7a52e5d-aef6-49b3-99ca-40154a4d003d associated. External IP: 10.96.250.211, port: 8ca6bea7-34e2-4408-94bf-a06746e86b56.
2026-07-24 18:39:05.447 9 INFO neutron.db.ovn_revision_numbers_db [None req-3180ab61-d79a-4211-8316-4f182081c7a8 b14169f80e504ebebb83ae9e9c79e7ee e7b59c0201624c6a83648ab178708d6c - - default default] Successfully bumped revision number for resource 0b46cc99-843e-417d-8f90-ec50eb36d2bd (type: subnets) to 0
2026-07-24 18:39:05.479 9 INFO neutron.wsgi [None req-3180ab61-d79a-4211-8316-4f182081c7a8 b14169f80e504ebebb83ae9e9c79e7ee e7b59c0201624c6a83648ab178708d6c - - default default] 10.0.0.151 "POST /v2.0/subnets HTTP/1.1" status: 201 len: 869 time: 1.1678233 /var/lib/openstack/lib/python3.10/site-packages/pycadf/identifier.py:71: UserWarning: Invalid uuid: neutron. To ensure interoperability, identifiers should be a valid uuid. warnings.warn(('Invalid uuid: %s. To ensure interoperability, '
2026-07-24 18:39:05.580 9 INFO neutron.db.ovn_revision_numbers_db [req-f94efc66-788c-4678-883c-3bf6053a88d3 req-8ecac6de-24c5-473a-97ce-2f067e6e6cdd a13ace7f3ffd4dfbaf096472980059fc b12aeeba212b4852bd69d0e6a8f4a4e2 - - b465198673654156823ad50d5205f89c b465198673654156823ad50d5205f89c] Successfully bumped revision number for resource 48a29e90-2923-4e9a-8b6a-e7fb862ceefc (type: ports) to 2
2026-07-24 18:39:05.657 9 INFO neutron.wsgi [req-68efe4bc-ff2a-4477-b2d4-6d7f79657e38 req-71ca623e-b6ca-4a1d-a016-8728b9c6f411 578b44c1bb484aa9bd1701f7d28e4b5c d9bff489ee1947be93b9e6f06016a391 - - default default] 10.0.0.165 "GET /v2.0/ports?device_id=d1474d8a-a65c-41bc-a3a0-507affcf9de6 HTTP/1.1" status: 200 len: 1168 time: 0.0662305
2026-07-24 18:39:05.660 10 INFO neutron.db.ovn_revision_numbers_db [None req-ab2e9444-ddb9-417e-9564-cf4900c0813a a1e0b13a776f498c8a04527add964e19 df144d15c049400eb7f469a510be19c5 - - default default] Successfully bumped revision number for resource f7a52e5d-aef6-49b3-99ca-40154a4d003d (type: floatingips) to 0
2026-07-24 18:39:05.799 10 INFO neutron.db.ovn_revision_numbers_db [None req-ab2e9444-ddb9-417e-9564-cf4900c0813a a1e0b13a776f498c8a04527add964e19 df144d15c049400eb7f469a510be19c5 - - default default] Successfully bumped revision number for resource f7a52e5d-aef6-49b3-99ca-40154a4d003d (type: floatingips) to 1
2026-07-24 18:39:05.831 10 INFO neutron.wsgi [None req-ab2e9444-ddb9-417e-9564-cf4900c0813a a1e0b13a776f498c8a04527add964e19 df144d15c049400eb7f469a510be19c5 - - default default] 10.0.0.151 "POST /v2.0/floatingips HTTP/1.1" status: 201 len: 1042 time: 1.1389709
2026-07-24 18:39:05.977 9 INFO neutron.wsgi [req-68efe4bc-ff2a-4477-b2d4-6d7f79657e38 req-cf9937c2-5a6a-43e1-bacb-bc1b7d2f781f 578b44c1bb484aa9bd1701f7d28e4b5c d9bff489ee1947be93b9e6f06016a391 - - default default] 10.0.0.165 "GET /v2.0/security-groups?id=c54fd521-5404-46bd-ae93-72afc833bab1&fields=id&fields=name HTTP/1.1" status: 200 len: 286 time: 0.3135481
2026-07-24 18:39:05.988 10 INFO neutron.db.l3_db [None req-0be08e3e-8e15-429c-b8f3-5dadd97a1cb8 a1e0b13a776f498c8a04527add964e19 df144d15c049400eb7f469a510be19c5 - - default default] Floating IP f7a52e5d-aef6-49b3-99ca-40154a4d003d disassociated. External IP: 10.96.250.211, port: 8ca6bea7-34e2-4408-94bf-a06746e86b56.
2026-07-24 18:39:05.995 9 INFO neutron.wsgi [req-b1b59d8a-3e4c-424f-b9ae-fcaa13bfbd54 req-936413d8-ef53-407f-a4b7-5cd7a8e5001a 20801f50cea649ab82195b2394435876 2635db52de1341a3ac6505c941ca9b37 - - default default] 10.0.0.165 "GET /v2.0/ports?device_id=a0afc9be-1413-473c-8f7f-0af84cf5c9bc HTTP/1.1" status: 200 len: 1174 time: 0.2562616
2026-07-24 18:39:06.030 10 INFO neutron.db.ovn_revision_numbers_db [None req-0be08e3e-8e15-429c-b8f3-5dadd97a1cb8 a1e0b13a776f498c8a04527add964e19 df144d15c049400eb7f469a510be19c5 - - default default] Successfully bumped revision number for resource f7a52e5d-aef6-49b3-99ca-40154a4d003d (type: floatingips) to 2
2026-07-24 18:39:06.106 9 INFO neutron.wsgi [req-b1b59d8a-3e4c-424f-b9ae-fcaa13bfbd54 req-ddd2c81c-4094-4fde-ac43-6796bf1f81f1 20801f50cea649ab82195b2394435876 2635db52de1341a3ac6505c941ca9b37 - - default default] 10.0.0.165 "GET /v2.0/security-groups?id=c2c3ff09-e2bb-43bf-980d-40f3d87d8bb9&fields=id&fields=name HTTP/1.1" status: 200 len: 313 time: 0.1037741
2026-07-24 18:39:06.206 9 INFO neutron.db.ovn_revision_numbers_db [req-f94efc66-788c-4678-883c-3bf6053a88d3 req-8ecac6de-24c5-473a-97ce-2f067e6e6cdd a13ace7f3ffd4dfbaf096472980059fc b12aeeba212b4852bd69d0e6a8f4a4e2 - - b465198673654156823ad50d5205f89c b465198673654156823ad50d5205f89c] Successfully bumped revision number for resource 48a29e90-2923-4e9a-8b6a-e7fb862ceefc (type: ports) to 2
2026-07-24 18:39:06.269 10 INFO neutron.wsgi [None req-0be08e3e-8e15-429c-b8f3-5dadd97a1cb8 a1e0b13a776f498c8a04527add964e19 df144d15c049400eb7f469a510be19c5 - - default default] 10.0.0.151 "PUT /v2.0/floatingips/f7a52e5d-aef6-49b3-99ca-40154a4d003d HTTP/1.1" status: 200 len: 748 time: 0.4309177
2026-07-24 18:39:06.341 10 WARNING neutron.plugins.ml2.drivers.ovn.mech_driver.ovsdb.ovn_client [None req-471dd909-38a0-4c1c-a8f5-fbcdbd1f2722 - - - - - -] No hosting information found for port 07f38f54-ffb3-4450-ae8f-d99df503fdbb: RuntimeError: No hosting information found for port 07f38f54-ffb3-4450-ae8f-d99df503fdbb
2026-07-24 18:39:06.344 9 INFO neutron.wsgi [req-f94efc66-788c-4678-883c-3bf6053a88d3 req-8ecac6de-24c5-473a-97ce-2f067e6e6cdd a13ace7f3ffd4dfbaf096472980059fc b12aeeba212b4852bd69d0e6a8f4a4e2 - - b465198673654156823ad50d5205f89c b465198673654156823ad50d5205f89c] 199.204.45.240 "PUT /v2.0/ports/48a29e90-2923-4e9a-8b6a-e7fb862ceefc HTTP/1.1" status: 200 len: 1376 time: 1.3000262
2026-07-24 18:39:06.351 9 WARNING neutron.plugins.ml2.drivers.ovn.mech_driver.ovsdb.ovn_client [None req-93855813-4388-4242-852d-3b5480ee2b73 - - - - - -] No hosting information found for port 6aef0124-7516-4ea7-b75b-56fc857251eb: RuntimeError: No hosting information found for port 6aef0124-7516-4ea7-b75b-56fc857251eb
2026-07-24 18:39:06.352 9 INFO neutron.plugins.ml2.drivers.ovn.mech_driver.mech_driver [None req-93855813-4388-4242-852d-3b5480ee2b73 - - - - - -] OVN reports status up for port: 3c939099-f965-4026-a78b-c8d475bb4a93
2026-07-24 18:39:06.367 9 INFO neutron.plugins.ml2.plugin [None req-93855813-4388-4242-852d-3b5480ee2b73 - - - - - -] Attempt 1 to provision port 3c939099-f965-4026-a78b-c8d475bb4a93
2026-07-24 18:39:06.390 9 INFO neutron.notifiers.nova [-] Nova event matching ['req-f6c5aaaf-1e2b-4b98-afe7-8282b11ccdf6'] response: {'name': 'network-changed', 'server_uuid': 'd1474d8a-a65c-41bc-a3a0-507affcf9de6', 'tag': '48a29e90-2923-4e9a-8b6a-e7fb862ceefc', 'status': 'completed', 'code': 200} /var/lib/openstack/lib/python3.10/site-packages/pycadf/identifier.py:71: UserWarning: Invalid uuid: neutron. To ensure interoperability, identifiers should be a valid uuid. warnings.warn(('Invalid uuid: %s. To ensure interoperability, '
2026-07-24 18:39:06.449 9 INFO neutron.wsgi [req-f94efc66-788c-4678-883c-3bf6053a88d3 req-7179d010-8434-4e91-b44d-b3c849259570 a13ace7f3ffd4dfbaf096472980059fc b12aeeba212b4852bd69d0e6a8f4a4e2 - - b465198673654156823ad50d5205f89c b465198673654156823ad50d5205f89c] 199.204.45.240 "GET /v2.0/ports?tenant_id=d9bff489ee1947be93b9e6f06016a391&device_id=d1474d8a-a65c-41bc-a3a0-507affcf9de6 HTTP/1.1" status: 200 len: 1407 time: 0.0487339
2026-07-24 18:39:06.484 9 INFO neutron.wsgi [req-f94efc66-788c-4678-883c-3bf6053a88d3 req-cfb78e14-1989-4575-b6a3-411af6542283 a13ace7f3ffd4dfbaf096472980059fc b12aeeba212b4852bd69d0e6a8f4a4e2 - - b465198673654156823ad50d5205f89c b465198673654156823ad50d5205f89c] 199.204.45.240 "GET /v2.0/floatingips?fixed_ip_address=10.100.0.7&port_id=48a29e90-2923-4e9a-8b6a-e7fb862ceefc HTTP/1.1" status: 200 len: 217 time: 0.0253327
2026-07-24 18:39:06.514 9 WARNING neutron.scheduler.dhcp_agent_scheduler [None req-fc9d730c-4c5b-4601-b18a-b1bd64c52349 b14169f80e504ebebb83ae9e9c79e7ee e7b59c0201624c6a83648ab178708d6c - - default default] No more DHCP agents
2026-07-24 18:39:06.520 9 WARNING neutron.api.rpc.agentnotifiers.dhcp_rpc_agent_api [None req-fc9d730c-4c5b-4601-b18a-b1bd64c52349 b14169f80e504ebebb83ae9e9c79e7ee e7b59c0201624c6a83648ab178708d6c - - default default] Unable to schedule network b698e4bc-0c33-4947-b580-a326040f7572: no agents available; will retry on subsequent port and subnet creation events.
2026-07-24 18:39:06.544 9 INFO neutron.wsgi [req-f94efc66-788c-4678-883c-3bf6053a88d3 req-c03b2f18-b3cc-45ed-a8a1-58bdf5cb61d9 a13ace7f3ffd4dfbaf096472980059fc b12aeeba212b4852bd69d0e6a8f4a4e2 - - b465198673654156823ad50d5205f89c b465198673654156823ad50d5205f89c] 199.204.45.240 "GET /v2.0/subnets?id=3e27a2bd-5263-435f-96c7-8cdc58272a0a HTTP/1.1" status: 200 len: 870 time: 0.0531673
2026-07-24 18:39:06.585 9 INFO neutron.wsgi [req-f94efc66-788c-4678-883c-3bf6053a88d3 req-e6e66ccf-ac3c-4b36-8972-0cc8e14abf38 a13ace7f3ffd4dfbaf096472980059fc b12aeeba212b4852bd69d0e6a8f4a4e2 - - b465198673654156823ad50d5205f89c b465198673654156823ad50d5205f89c] 199.204.45.240 "GET /v2.0/ports?network_id=cd5468ae-8ee5-461c-9c93-c8c38de6db2f&device_owner=network%3Adhcp HTTP/1.1" status: 200 len: 210 time: 0.0336955
2026-07-24 18:39:06.640 10 INFO neutron.wsgi [None req-8c01fa73-893e-4391-9112-6ca2af9ba90f a1e0b13a776f498c8a04527add964e19 df144d15c049400eb7f469a510be19c5 - - default default] 10.0.0.151 "DELETE /v2.0/floatingips/f7a52e5d-aef6-49b3-99ca-40154a4d003d HTTP/1.1" status: 204 len: 168 time: 0.3488789 /var/lib/openstack/lib/python3.10/site-packages/pycadf/identifier.py:71: UserWarning: Invalid uuid: neutron. To ensure interoperability, identifiers should be a valid uuid. warnings.warn(('Invalid uuid: %s. To ensure interoperability, '
2026-07-24 18:39:06.714 9 INFO neutron.wsgi [req-f94efc66-788c-4678-883c-3bf6053a88d3 req-52659dac-8788-471a-a1dc-1f3f03ace17a a13ace7f3ffd4dfbaf096472980059fc b12aeeba212b4852bd69d0e6a8f4a4e2 - - b465198673654156823ad50d5205f89c b465198673654156823ad50d5205f89c] 199.204.45.240 "GET /v2.0/networks/cd5468ae-8ee5-461c-9c93-c8c38de6db2f?fields=segments HTTP/1.1" status: 200 len: 212 time: 0.1109545
2026-07-24 18:39:06.821 9 INFO neutron.wsgi [req-f94efc66-788c-4678-883c-3bf6053a88d3 req-321835af-5724-4fcd-8328-a040675dc687 a13ace7f3ffd4dfbaf096472980059fc b12aeeba212b4852bd69d0e6a8f4a4e2 - - b465198673654156823ad50d5205f89c b465198673654156823ad50d5205f89c] 199.204.45.240 "GET /v2.0/networks/cd5468ae-8ee5-461c-9c93-c8c38de6db2f?fields=provider%3Aphysical_network&fields=provider%3Anetwork_type HTTP/1.1" status: 200 len: 277 time: 0.0990543
2026-07-24 18:39:06.827 9 INFO neutron.db.ovn_revision_numbers_db [None req-fc9d730c-4c5b-4601-b18a-b1bd64c52349 b14169f80e504ebebb83ae9e9c79e7ee e7b59c0201624c6a83648ab178708d6c - - default default] Successfully bumped revision number for resource b505bc95-e4e0-4bf3-b6df-9c3fc7ea06b5 (type: ports) to 1
2026-07-24 18:39:06.903 9 INFO neutron.db.ovn_revision_numbers_db [None req-93855813-4388-4242-852d-3b5480ee2b73 - - - - - -] Successfully bumped revision number for resource 3c939099-f965-4026-a78b-c8d475bb4a93 (type: ports) to 2
2026-07-24 18:39:06.968 9 INFO neutron.wsgi [req-56e6c604-b209-4be2-86cc-6af70e9a3a69 req-74bc2281-fe02-4fba-a8bc-e807796effd6 a13ace7f3ffd4dfbaf096472980059fc b12aeeba212b4852bd69d0e6a8f4a4e2 - - b465198673654156823ad50d5205f89c b465198673654156823ad50d5205f89c] 199.204.45.240 "GET /v2.0/ports?tenant_id=d9bff489ee1947be93b9e6f06016a391&device_id=d1474d8a-a65c-41bc-a3a0-507affcf9de6 HTTP/1.1" status: 200 len: 1407 time: 0.0803602
2026-07-24 18:39:06.977 10 WARNING neutron.scheduler.dhcp_agent_scheduler [None req-1367eead-0ce0-4727-96a6-f72906ae208e a1e0b13a776f498c8a04527add964e19 df144d15c049400eb7f469a510be19c5 - - default default] No more DHCP agents
2026-07-24 18:39:06.981 10 WARNING neutron.api.rpc.agentnotifiers.dhcp_rpc_agent_api [None req-1367eead-0ce0-4727-96a6-f72906ae208e a1e0b13a776f498c8a04527add964e19 df144d15c049400eb7f469a510be19c5 - - default default] Unable to schedule network b698e4bc-0c33-4947-b580-a326040f7572: no agents available; will retry on subsequent port and subnet creation events.
2026-07-24 18:39:07.040 10 INFO neutron.plugins.ml2.drivers.ovn.mech_driver.mech_driver [None req-471dd909-38a0-4c1c-a8f5-fbcdbd1f2722 - - - - - -] OVN reports status up for port: 48a29e90-2923-4e9a-8b6a-e7fb862ceefc
2026-07-24 18:39:07.073 10 INFO neutron.plugins.ml2.plugin [None req-471dd909-38a0-4c1c-a8f5-fbcdbd1f2722 - - - - - -] Attempt 1 to provision port 48a29e90-2923-4e9a-8b6a-e7fb862ceefc
2026-07-24 18:39:07.135 9 INFO neutron.wsgi [req-56e6c604-b209-4be2-86cc-6af70e9a3a69 req-77071c46-101f-4a4e-abfd-6ad04c1baeb7 a13ace7f3ffd4dfbaf096472980059fc b12aeeba212b4852bd69d0e6a8f4a4e2 - - b465198673654156823ad50d5205f89c b465198673654156823ad50d5205f89c] 199.204.45.240 "GET /v2.0/networks?id=cd5468ae-8ee5-461c-9c93-c8c38de6db2f HTTP/1.1" status: 200 len: 975 time: 0.1594558
2026-07-24 18:39:07.141 9 INFO neutron.wsgi [req-c6b28228-7a38-4434-98d7-cfa969dab43b req-56dd3190-e5e3-4106-84a5-76575325e6ac 578b44c1bb484aa9bd1701f7d28e4b5c d9bff489ee1947be93b9e6f06016a391 - - default default] 10.0.0.165 "GET /v2.0/ports?device_id=d1474d8a-a65c-41bc-a3a0-507affcf9de6 HTTP/1.1" status: 200 len: 1168 time: 0.0607800
2026-07-24 18:39:07.179 9 INFO neutron.wsgi [req-56e6c604-b209-4be2-86cc-6af70e9a3a69 req-5633c2d9-a596-4416-8146-e479c9cdd833 a13ace7f3ffd4dfbaf096472980059fc b12aeeba212b4852bd69d0e6a8f4a4e2 - - b465198673654156823ad50d5205f89c b465198673654156823ad50d5205f89c] 199.204.45.240 "GET /v2.0/floatingips?fixed_ip_address=10.100.0.7&port_id=48a29e90-2923-4e9a-8b6a-e7fb862ceefc HTTP/1.1" status: 200 len: 217 time: 0.0375473
2026-07-24 18:39:07.267 9 INFO neutron.wsgi [req-ccd44e97-15d9-4224-8852-a2d4241e5256 req-aed28e58-8466-4208-bad0-ed43901e33f7 20801f50cea649ab82195b2394435876 2635db52de1341a3ac6505c941ca9b37 - - default default] 10.0.0.165 "GET /v2.0/ports?device_id=a0afc9be-1413-473c-8f7f-0af84cf5c9bc HTTP/1.1" status: 200 len: 1174 time: 0.0849986
2026-07-24 18:39:07.278 9 INFO neutron.wsgi [req-56e6c604-b209-4be2-86cc-6af70e9a3a69 req-140da4fb-4921-4b91-8953-e47ca986010c a13ace7f3ffd4dfbaf096472980059fc b12aeeba212b4852bd69d0e6a8f4a4e2 - - b465198673654156823ad50d5205f89c b465198673654156823ad50d5205f89c] 199.204.45.240 "GET /v2.0/subnets?id=3e27a2bd-5263-435f-96c7-8cdc58272a0a HTTP/1.1" status: 200 len: 870 time: 0.0922568
2026-07-24 18:39:07.309 9 INFO neutron.db.ovn_revision_numbers_db [None req-93855813-4388-4242-852d-3b5480ee2b73 - - - - - -] Successfully bumped revision number for resource 3c939099-f965-4026-a78b-c8d475bb4a93 (type: router_ports) to 2
2026-07-24 18:39:07.323 9 INFO neutron.wsgi [req-c6b28228-7a38-4434-98d7-cfa969dab43b req-8e6f3a0d-3e3f-4f88-be8c-4c3df147acca 578b44c1bb484aa9bd1701f7d28e4b5c d9bff489ee1947be93b9e6f06016a391 - - default default] 10.0.0.165 "GET /v2.0/security-groups?id=c54fd521-5404-46bd-ae93-72afc833bab1&fields=id&fields=name HTTP/1.1" status: 200 len: 286 time: 0.1759646
2026-07-24 18:39:07.332 9 INFO neutron.wsgi [req-56e6c604-b209-4be2-86cc-6af70e9a3a69 req-9474c3a4-eacf-4547-ba80-ad3b3f98700a a13ace7f3ffd4dfbaf096472980059fc b12aeeba212b4852bd69d0e6a8f4a4e2 - - b465198673654156823ad50d5205f89c b465198673654156823ad50d5205f89c] 199.204.45.240 "GET /v2.0/ports?network_id=cd5468ae-8ee5-461c-9c93-c8c38de6db2f&device_owner=network%3Adhcp HTTP/1.1" status: 200 len: 210 time: 0.0401897
2026-07-24 18:39:07.399 9 INFO neutron.wsgi [req-ccd44e97-15d9-4224-8852-a2d4241e5256 req-242e3830-5c9c-4aee-9ebe-275464a1d79d 20801f50cea649ab82195b2394435876 2635db52de1341a3ac6505c941ca9b37 - - default default] 10.0.0.165 "GET /v2.0/security-groups?id=c2c3ff09-e2bb-43bf-980d-40f3d87d8bb9&fields=id&fields=name HTTP/1.1" status: 200 len: 313 time: 0.1176612
2026-07-24 18:39:07.407 10 INFO neutron.notifiers.nova [-] Nova event matching ['req-d4bde526-c763-4c35-ae6b-e7fdfcb54045'] response: {'server_uuid': 'd1474d8a-a65c-41bc-a3a0-507affcf9de6', 'name': 'network-vif-plugged', 'status': 'completed', 'tag': '48a29e90-2923-4e9a-8b6a-e7fb862ceefc', 'code': 200}
2026-07-24 18:39:07.450 9 INFO neutron.wsgi [req-56e6c604-b209-4be2-86cc-6af70e9a3a69 req-7b8af82e-ca2d-4624-8a64-8fefbeb6489c a13ace7f3ffd4dfbaf096472980059fc b12aeeba212b4852bd69d0e6a8f4a4e2 - - b465198673654156823ad50d5205f89c b465198673654156823ad50d5205f89c] 199.204.45.240 "GET /v2.0/networks/cd5468ae-8ee5-461c-9c93-c8c38de6db2f?fields=segments HTTP/1.1" status: 200 len: 212 time: 0.1117415
2026-07-24 18:39:07.490 10 INFO neutron.db.ovn_revision_numbers_db [None req-471dd909-38a0-4c1c-a8f5-fbcdbd1f2722 - - - - - -] Successfully bumped revision number for resource 48a29e90-2923-4e9a-8b6a-e7fb862ceefc (type: ports) to 4
2026-07-24 18:39:07.533 9 INFO neutron.wsgi [req-56e6c604-b209-4be2-86cc-6af70e9a3a69 req-8bb19f8c-b0b3-45ab-83d9-f64a5aad0b87 a13ace7f3ffd4dfbaf096472980059fc b12aeeba212b4852bd69d0e6a8f4a4e2 - - b465198673654156823ad50d5205f89c b465198673654156823ad50d5205f89c] 199.204.45.240 "GET /v2.0/networks/cd5468ae-8ee5-461c-9c93-c8c38de6db2f?fields=provider%3Aphysical_network&fields=provider%3Anetwork_type HTTP/1.1" status: 200 len: 277 time: 0.0728168
2026-07-24 18:39:07.581 10 INFO neutron.db.l3_db [None req-1367eead-0ce0-4727-96a6-f72906ae208e a1e0b13a776f498c8a04527add964e19 df144d15c049400eb7f469a510be19c5 - - default default] Floating IP dc668ca1-12b3-4dba-bfb4-df85f2f0de20 associated. External IP: 10.96.250.201, port: b231d8a1-2551-4e85-97ab-a9351fa688a5.
2026-07-24 18:39:07.847 10 INFO neutron.db.ovn_revision_numbers_db [None req-1367eead-0ce0-4727-96a6-f72906ae208e a1e0b13a776f498c8a04527add964e19 df144d15c049400eb7f469a510be19c5 - - default default] Successfully bumped revision number for resource dc668ca1-12b3-4dba-bfb4-df85f2f0de20 (type: floatingips) to 0
2026-07-24 18:39:07.974 10 INFO neutron.db.ovn_revision_numbers_db [None req-1367eead-0ce0-4727-96a6-f72906ae208e a1e0b13a776f498c8a04527add964e19 df144d15c049400eb7f469a510be19c5 - - default default] Successfully bumped revision number for resource dc668ca1-12b3-4dba-bfb4-df85f2f0de20 (type: floatingips) to 1
2026-07-24 18:39:08.029 10 INFO neutron.wsgi [None req-1367eead-0ce0-4727-96a6-f72906ae208e a1e0b13a776f498c8a04527add964e19 df144d15c049400eb7f469a510be19c5 - - default default] 10.0.0.151 "POST /v2.0/floatingips HTTP/1.1" status: 201 len: 1041 time: 1.3839309
2026-07-24 18:39:08.029 10 INFO neutron.plugins.ml2.drivers.ovn.mech_driver.mech_driver [None req-471dd909-38a0-4c1c-a8f5-fbcdbd1f2722 - - - - - -] OVN reports status up for port: b505bc95-e4e0-4bf3-b6df-9c3fc7ea06b5
2026-07-24 18:39:08.039 9 INFO neutron.plugins.ml2.drivers.ovn.mech_driver.ovsdb.ovsdb_monitor [None req-fecd349f-0646-4627-a7d6-69a5b36d0f63 - - - - - -] Router c28f838f-9957-4a8f-93e9-3b0eb6753ebe is bound to host instance /var/lib/openstack/lib/python3.10/site-packages/pycadf/identifier.py:71: UserWarning: Invalid uuid: neutron. To ensure interoperability, identifiers should be a valid uuid. warnings.warn(('Invalid uuid: %s. To ensure interoperability, '
2026-07-24 18:39:08.057 9 INFO neutron.db.ovn_revision_numbers_db [None req-fc9d730c-4c5b-4601-b18a-b1bd64c52349 b14169f80e504ebebb83ae9e9c79e7ee e7b59c0201624c6a83648ab178708d6c - - default default] Successfully bumped revision number for resource b505bc95-e4e0-4bf3-b6df-9c3fc7ea06b5 (type: router_ports) to 1
2026-07-24 18:39:08.061 10 INFO neutron.plugins.ml2.plugin [None req-471dd909-38a0-4c1c-a8f5-fbcdbd1f2722 - - - - - -] Attempt 1 to provision port b505bc95-e4e0-4bf3-b6df-9c3fc7ea06b5
