2026-07-24 18:41:28.574 9 INFO neutron.wsgi [req-2470b044-0b55-4cf2-9fcf-8ddf58375328 req-33057608-b590-4e4b-8101-1bebc2658d61 ef09e59875e2446ba6dfa5289ef4d680 9c6c08079c354e00a51ef95a4d025727 - - default default] 199.204.45.240 "GET /v2.0/ports?device_id=9e9fe17a-898c-4815-966c-b05cb55e50fd HTTP/1.1" status: 200 len: 1168 time: 0.0561414
2026-07-24 18:41:28.620 10 INFO neutron.wsgi [None req-71b51576-8c89-4016-b60b-141338dd7a7a 4b6e8481c46c45a3a0aeb54550b3ea01 028f6207512c4d0d89b4d262a9b5a464 - - default default] 10.0.0.151 "PUT /v2.0/trunks/ee151f51-383c-4313-a655-16a7e36e5582/tags HTTP/1.1" status: 200 len: 218 time: 0.0423794
2026-07-24 18:41:28.681 9 INFO neutron.wsgi [None req-a530505b-a0e0-4794-aa70-f186ea56044f 4b6e8481c46c45a3a0aeb54550b3ea01 028f6207512c4d0d89b4d262a9b5a464 - - default default] 10.0.0.151 "PUT /v2.0/trunks/aa226445-53dc-48c3-b397-cb21f5094240/tags HTTP/1.1" status: 200 len: 227 time: 0.0568645
2026-07-24 18:41:28.704 10 INFO neutron.db.ovn_revision_numbers_db [None req-59a062d8-c791-4830-8cbc-9d1d2eb3534d b14169f80e504ebebb83ae9e9c79e7ee e7b59c0201624c6a83648ab178708d6c - - default default] Successfully bumped revision number for resource 06e723ae-5d99-497c-9d0d-7eb0d1640cb6 (type: ports) to 1
2026-07-24 18:41:28.718 10 INFO neutron.wsgi [None req-e8c007b6-c8e3-42dc-ae1c-95924b76c426 4b6e8481c46c45a3a0aeb54550b3ea01 028f6207512c4d0d89b4d262a9b5a464 - - default default] 10.0.0.151 "PUT /v2.0/trunks/395294d0-03dd-4fbb-ad49-ac70b1223621/tags HTTP/1.1" status: 200 len: 212 time: 0.0302041
2026-07-24 18:41:28.736 9 INFO neutron.db.ovn_revision_numbers_db [None req-93855813-4388-4242-852d-3b5480ee2b73 - - - - - -] Successfully bumped revision number for resource da908ea3-2919-4622-a73f-d9b3070a5860 (type: ports) to 5
2026-07-24 18:41:28.774 9 INFO neutron.wsgi [None req-863aaa94-2b0f-4482-85c8-b901eb7744f9 4b6e8481c46c45a3a0aeb54550b3ea01 028f6207512c4d0d89b4d262a9b5a464 - - default default] 10.0.0.151 "GET /v2.0/trunks?tags=red HTTP/1.1" status: 200 len: 1447 time: 0.0452790
2026-07-24 18:41:28.811 10 INFO neutron.wsgi [None req-b7c15c49-9247-4b11-8555-b58ff2f12d15 4b6e8481c46c45a3a0aeb54550b3ea01 028f6207512c4d0d89b4d262a9b5a464 - - default default] 10.0.0.151 "GET /v2.0/trunks?tags=red%2Cblue HTTP/1.1" status: 200 len: 1041 time: 0.0312893
2026-07-24 18:41:28.840 10 INFO neutron.wsgi [None req-0c10a95e-b492-41cb-af3c-9cd0fa37b943 4b6e8481c46c45a3a0aeb54550b3ea01 028f6207512c4d0d89b4d262a9b5a464 - - default default] 10.0.0.151 "GET /v2.0/trunks?tags-any=blue HTTP/1.1" status: 200 len: 1041 time: 0.0243948
2026-07-24 18:41:28.885 10 INFO neutron.wsgi [None req-a34c1f21-c944-448d-9bdb-f258787c5154 4b6e8481c46c45a3a0aeb54550b3ea01 028f6207512c4d0d89b4d262a9b5a464 - - default default] 10.0.0.151 "GET /v2.0/trunks?tags-any=red%2Cblue HTTP/1.1" status: 200 len: 1447 time: 0.0399039
2026-07-24 18:41:28.918 10 INFO neutron.wsgi [None req-fbb24875-a7a2-419d-b5c9-f5fcbc025b83 4b6e8481c46c45a3a0aeb54550b3ea01 028f6207512c4d0d89b4d262a9b5a464 - - default default] 10.0.0.151 "GET /v2.0/trunks?not-tags=red HTTP/1.1" status: 200 len: 1013 time: 0.0265822
2026-07-24 18:41:28.971 9 INFO neutron.db.ovn_revision_numbers_db [None req-fecd349f-0646-4627-a7d6-69a5b36d0f63 - - - - - -] Successfully bumped revision number for resource 13aeeaf2-b94c-4c58-ba30-16ef5557e7d5 (type: ports) to 4
2026-07-24 18:41:28.973 10 INFO neutron.wsgi [None req-ab8ff605-a457-4ee2-bd90-74f1a32801e0 4b6e8481c46c45a3a0aeb54550b3ea01 028f6207512c4d0d89b4d262a9b5a464 - - default default] 10.0.0.151 "GET /v2.0/trunks?not-tags=red%2Cblue HTTP/1.1" status: 200 len: 1419 time: 0.0507121
2026-07-24 18:41:29.019 10 INFO neutron.wsgi [None req-761f4775-9871-459c-8d7f-9577641092dc 4b6e8481c46c45a3a0aeb54550b3ea01 028f6207512c4d0d89b4d262a9b5a464 - - default default] 10.0.0.151 "GET /v2.0/trunks?not-tags-any=blue HTTP/1.1" status: 200 len: 1419 time: 0.0388908
2026-07-24 18:41:29.051 10 INFO neutron.wsgi [None req-a4238e72-04b8-4ec4-ad78-4fa52199ee41 4b6e8481c46c45a3a0aeb54550b3ea01 028f6207512c4d0d89b4d262a9b5a464 - - default default] 10.0.0.151 "GET /v2.0/trunks?not-tags-any=red%2Cblue HTTP/1.1" status: 200 len: 1013 time: 0.0246708
2026-07-24 18:41:29.081 10 INFO neutron.wsgi [None req-fe049db0-38d0-4de8-a526-93abb2f2b955 4b6e8481c46c45a3a0aeb54550b3ea01 028f6207512c4d0d89b4d262a9b5a464 - - default default] 10.0.0.151 "GET /v2.0/trunks/f25a1d8d-48d1-4764-bb23-6da6ee128acd HTTP/1.1" status: 200 len: 608 time: 0.0214329
2026-07-24 18:41:29.183 10 INFO neutron.wsgi [None req-505916af-b630-4cfc-9b78-32bb2e481280 4b6e8481c46c45a3a0aeb54550b3ea01 028f6207512c4d0d89b4d262a9b5a464 - - default default] 10.0.0.151 "GET /v2.0/ports/032fd474-f2b2-4d41-83da-9b744624d4d6 HTTP/1.1" status: 200 len: 1020 time: 0.0973437
2026-07-24 18:41:29.300 10 INFO neutron.wsgi [None req-39159a23-c626-4d2b-97e4-3fe032e415eb 4b6e8481c46c45a3a0aeb54550b3ea01 028f6207512c4d0d89b4d262a9b5a464 - - default default] 10.0.0.151 "DELETE /v2.0/trunks/f25a1d8d-48d1-4764-bb23-6da6ee128acd HTTP/1.1" status: 204 len: 168 time: 0.1101513
2026-07-24 18:41:29.330 9 INFO neutron.db.l3_db [req-2470b044-0b55-4cf2-9fcf-8ddf58375328 req-86a26509-c104-4a23-9613-f964d7ef12b6 ef09e59875e2446ba6dfa5289ef4d680 9c6c08079c354e00a51ef95a4d025727 - - default default] Floating IP 99818183-274d-4438-9e74-fcb020bd7387 disassociated. External IP: 10.96.250.214, port: da908ea3-2919-4622-a73f-d9b3070a5860.
2026-07-24 18:41:29.345 10 INFO neutron.wsgi [None req-b320f702-0f28-41d4-8c9c-b530161ab5d6 4b6e8481c46c45a3a0aeb54550b3ea01 028f6207512c4d0d89b4d262a9b5a464 - - default default] 10.0.0.151 "GET /v2.0/trunks/ee151f51-383c-4313-a655-16a7e36e5582 HTTP/1.1" status: 200 len: 616 time: 0.0388353
2026-07-24 18:41:29.376 10 INFO neutron.db.ovn_revision_numbers_db [None req-59a062d8-c791-4830-8cbc-9d1d2eb3534d b14169f80e504ebebb83ae9e9c79e7ee e7b59c0201624c6a83648ab178708d6c - - default default] Successfully bumped revision number for resource 06e723ae-5d99-497c-9d0d-7eb0d1640cb6 (type: router_ports) to 1
2026-07-24 18:41:29.465 10 INFO neutron.wsgi [None req-24b725be-8bdc-4cf3-b0b8-fc4d88b40302 4b6e8481c46c45a3a0aeb54550b3ea01 028f6207512c4d0d89b4d262a9b5a464 - - default default] 10.0.0.151 "GET /v2.0/ports/a30caf5a-111f-46f1-80ed-625336b731a9 HTTP/1.1" status: 200 len: 1020 time: 0.1147525 /var/lib/openstack/lib/python3.10/site-packages/pycadf/identifier.py:71: UserWarning: Invalid uuid: neutron. To ensure interoperability, identifiers should be a valid uuid. warnings.warn(('Invalid uuid: %s. To ensure interoperability, '
2026-07-24 18:41:29.569 9 INFO neutron.wsgi [req-078e4fd4-8647-4011-9bd0-916119f44640 req-c5ca1375-0388-459e-81ec-d974dca3870a ef09e59875e2446ba6dfa5289ef4d680 9c6c08079c354e00a51ef95a4d025727 - - default default] 10.0.0.165 "GET /v2.0/ports?device_id=9e9fe17a-898c-4815-966c-b05cb55e50fd HTTP/1.1" status: 200 len: 1168 time: 0.0756617
2026-07-24 18:41:29.580 10 INFO neutron.wsgi [None req-5e1efd61-6308-46e4-b327-063ef7bfb64e 4b6e8481c46c45a3a0aeb54550b3ea01 028f6207512c4d0d89b4d262a9b5a464 - - default default] 10.0.0.151 "DELETE /v2.0/trunks/ee151f51-383c-4313-a655-16a7e36e5582 HTTP/1.1" status: 204 len: 168 time: 0.1097457
2026-07-24 18:41:29.583 10 INFO neutron.db.ovn_revision_numbers_db [None req-59a062d8-c791-4830-8cbc-9d1d2eb3534d b14169f80e504ebebb83ae9e9c79e7ee e7b59c0201624c6a83648ab178708d6c - - default default] Successfully bumped revision number for resource 06e723ae-5d99-497c-9d0d-7eb0d1640cb6 (type: ports) to 1
2026-07-24 18:41:29.602 10 INFO neutron.wsgi [None req-a35839f6-9289-4938-84f0-095ea79868ab 4b6e8481c46c45a3a0aeb54550b3ea01 028f6207512c4d0d89b4d262a9b5a464 - - default default] 10.0.0.151 "GET /v2.0/trunks/aa226445-53dc-48c3-b397-cb21f5094240 HTTP/1.1" status: 200 len: 625 time: 0.0169127
2026-07-24 18:41:29.611 9 INFO neutron.wsgi [req-2470b044-0b55-4cf2-9fcf-8ddf58375328 req-86a26509-c104-4a23-9613-f964d7ef12b6 ef09e59875e2446ba6dfa5289ef4d680 9c6c08079c354e00a51ef95a4d025727 - - default default] 199.204.45.240 "DELETE /v2.0/ports/da908ea3-2919-4622-a73f-d9b3070a5860 HTTP/1.1" status: 204 len: 173 time: 1.0318017
2026-07-24 18:41:29.628 9 INFO neutron.wsgi [req-078e4fd4-8647-4011-9bd0-916119f44640 req-e795737c-dc32-425d-a9a1-5165a98ede50 ef09e59875e2446ba6dfa5289ef4d680 9c6c08079c354e00a51ef95a4d025727 - - default default] 10.0.0.165 "GET /v2.0/security-groups?id=5667e57b-141d-4387-85ac-0a3605028269&fields=id&fields=name HTTP/1.1" status: 200 len: 313 time: 0.0492032
2026-07-24 18:41:29.628 9 INFO neutron.db.ovn_revision_numbers_db [None req-fecd349f-0646-4627-a7d6-69a5b36d0f63 - - - - - -] Successfully bumped revision number for resource 13aeeaf2-b94c-4c58-ba30-16ef5557e7d5 (type: router_ports) to 4
2026-07-24 18:41:29.699 10 WARNING neutron.scheduler.dhcp_agent_scheduler [None req-59a062d8-c791-4830-8cbc-9d1d2eb3534d b14169f80e504ebebb83ae9e9c79e7ee e7b59c0201624c6a83648ab178708d6c - - default default] No more DHCP agents
2026-07-24 18:41:29.703 10 WARNING neutron.api.rpc.agentnotifiers.dhcp_rpc_agent_api [None req-59a062d8-c791-4830-8cbc-9d1d2eb3534d b14169f80e504ebebb83ae9e9c79e7ee e7b59c0201624c6a83648ab178708d6c - - default default] Unable to schedule network b15680d2-b02d-4946-8585-444b87599962: no agents available; will retry on subsequent port and subnet creation events.
2026-07-24 18:41:29.709 10 INFO neutron.wsgi [None req-fef7cee5-b491-4fc7-bc56-cbe577a905ab 4b6e8481c46c45a3a0aeb54550b3ea01 028f6207512c4d0d89b4d262a9b5a464 - - default default] 10.0.0.151 "GET /v2.0/ports/951a7dc2-7949-44bd-abec-02eab511a7fc HTTP/1.1" status: 200 len: 1020 time: 0.0991015
2026-07-24 18:41:29.821 9 INFO neutron.wsgi [None req-f9c2f2bb-9fe3-4a95-84a8-374afd269979 4b6e8481c46c45a3a0aeb54550b3ea01 028f6207512c4d0d89b4d262a9b5a464 - - default default] 10.0.0.151 "DELETE /v2.0/trunks/aa226445-53dc-48c3-b397-cb21f5094240 HTTP/1.1" status: 204 len: 168 time: 0.1062255
2026-07-24 18:41:29.838 9 INFO neutron.wsgi [None req-4b80fef7-2d5f-46f6-a45b-30a795b35d45 4b6e8481c46c45a3a0aeb54550b3ea01 028f6207512c4d0d89b4d262a9b5a464 - - default default] 10.0.0.151 "GET /v2.0/trunks/395294d0-03dd-4fbb-ad49-ac70b1223621 HTTP/1.1" status: 200 len: 610 time: 0.0137689
2026-07-24 18:41:29.922 9 INFO neutron.wsgi [None req-94a11abd-5559-4f3c-a397-6c67ad6f733c 4b6e8481c46c45a3a0aeb54550b3ea01 028f6207512c4d0d89b4d262a9b5a464 - - default default] 10.0.0.151 "GET /v2.0/ports/74cfb82c-0610-4aec-9136-395aa1ba0e9a HTTP/1.1" status: 200 len: 1020 time: 0.0804946
2026-07-24 18:41:29.999 9 INFO neutron.wsgi [None req-fafa485f-3dc8-4015-b3b0-1fb78d0ab919 4b6e8481c46c45a3a0aeb54550b3ea01 028f6207512c4d0d89b4d262a9b5a464 - - default default] 10.0.0.151 "DELETE /v2.0/trunks/395294d0-03dd-4fbb-ad49-ac70b1223621 HTTP/1.1" status: 204 len: 168 time: 0.0711312
2026-07-24 18:41:30.020 9 INFO neutron.wsgi [None req-509014e8-b2ca-4c5c-b167-96dac2450166 4b6e8481c46c45a3a0aeb54550b3ea01 028f6207512c4d0d89b4d262a9b5a464 - - default default] 10.0.0.151 "GET /v2.0/trunks/73e6af10-5495-4fef-96a2-eb4e8ee1285b HTTP/1.1" status: 200 len: 603 time: 0.0172303
2026-07-24 18:41:30.102 9 INFO neutron.wsgi [None req-854dbd0c-c97b-46db-93c0-111fdc5a580e 4b6e8481c46c45a3a0aeb54550b3ea01 028f6207512c4d0d89b4d262a9b5a464 - - default default] 10.0.0.151 "GET /v2.0/ports/17e0ae01-2a06-4b29-a8c4-d018409c664d HTTP/1.1" status: 200 len: 1020 time: 0.0769300
2026-07-24 18:41:30.184 9 INFO neutron.wsgi [None req-ce5c5727-b0af-407e-b77e-1551be63321a 4b6e8481c46c45a3a0aeb54550b3ea01 028f6207512c4d0d89b4d262a9b5a464 - - default default] 10.0.0.151 "DELETE /v2.0/trunks/73e6af10-5495-4fef-96a2-eb4e8ee1285b HTTP/1.1" status: 204 len: 168 time: 0.0765817
2026-07-24 18:41:30.237 10 INFO neutron.plugins.ml2.drivers.ovn.mech_driver.mech_driver [None req-471dd909-38a0-4c1c-a8f5-fbcdbd1f2722 - - - - - -] OVN reports status up for port: 06e723ae-5d99-497c-9d0d-7eb0d1640cb6
2026-07-24 18:41:30.252 10 INFO neutron.plugins.ml2.plugin [None req-471dd909-38a0-4c1c-a8f5-fbcdbd1f2722 - - - - - -] Attempt 1 to provision port 06e723ae-5d99-497c-9d0d-7eb0d1640cb6
2026-07-24 18:41:30.309 10 INFO neutron.db.ovn_revision_numbers_db [None req-59a062d8-c791-4830-8cbc-9d1d2eb3534d b14169f80e504ebebb83ae9e9c79e7ee e7b59c0201624c6a83648ab178708d6c - - default default] Successfully bumped revision number for resource 06e723ae-5d99-497c-9d0d-7eb0d1640cb6 (type: router_ports) to 1
2026-07-24 18:41:30.312 10 INFO neutron.wsgi [None req-59a062d8-c791-4830-8cbc-9d1d2eb3534d b14169f80e504ebebb83ae9e9c79e7ee e7b59c0201624c6a83648ab178708d6c - - default default] 10.0.0.151 "PUT /v2.0/routers/72929d0f-da79-40cf-84e5-02c6c83a2748/add_router_interface HTTP/1.1" status: 200 len: 503 time: 2.7644167
2026-07-24 18:41:30.426 9 INFO neutron.wsgi [None req-4bede88a-7b22-49d8-8b4b-f12412020aef 4b6e8481c46c45a3a0aeb54550b3ea01 028f6207512c4d0d89b4d262a9b5a464 - - default default] 10.0.0.151 "DELETE /v2.0/ports/032fd474-f2b2-4d41-83da-9b744624d4d6 HTTP/1.1" status: 204 len: 168 time: 0.2374048
2026-07-24 18:41:30.488 9 INFO neutron.notifiers.nova [-] Nova event matching ['req-a69dd7da-9fbb-46c3-aa45-bc06eb282597'] response: {'server_uuid': '9e9fe17a-898c-4815-966c-b05cb55e50fd', 'name': 'network-vif-plugged', 'status': 'completed', 'tag': 'da908ea3-2919-4622-a73f-d9b3070a5860', 'code': 200}
2026-07-24 18:41:30.489 9 INFO neutron.notifiers.nova [-] Nova event matching ['req-a69dd7da-9fbb-46c3-aa45-bc06eb282597'] response: {'server_uuid': '9e9fe17a-898c-4815-966c-b05cb55e50fd', 'name': 'network-vif-deleted', 'tag': 'da908ea3-2919-4622-a73f-d9b3070a5860', 'status': 'completed', 'code': 200}
2026-07-24 18:41:30.570 10 INFO neutron.db.ovn_revision_numbers_db [None req-471dd909-38a0-4c1c-a8f5-fbcdbd1f2722 - - - - - -] Successfully bumped revision number for resource 06e723ae-5d99-497c-9d0d-7eb0d1640cb6 (type: ports) to 2
2026-07-24 18:41:30.665 9 INFO neutron.wsgi [None req-78472cfe-7d99-497a-a17a-888896016f08 4b6e8481c46c45a3a0aeb54550b3ea01 028f6207512c4d0d89b4d262a9b5a464 - - default default] 10.0.0.151 "DELETE /v2.0/ports/a30caf5a-111f-46f1-80ed-625336b731a9 HTTP/1.1" status: 204 len: 168 time: 0.2334130
2026-07-24 18:41:30.885 9 INFO neutron.wsgi [None req-bad920d4-0c3d-447b-ad7c-a3837682f93d ef09e59875e2446ba6dfa5289ef4d680 9c6c08079c354e00a51ef95a4d025727 - - default default] 10.0.0.151 "DELETE /v2.0/security-groups/5667e57b-141d-4387-85ac-0a3605028269 HTTP/1.1" status: 204 len: 168 time: 0.1935577
2026-07-24 18:41:30.963 9 INFO neutron.wsgi [None req-cfb1d2e5-000d-45e7-957d-a1317afb0c5a 4b6e8481c46c45a3a0aeb54550b3ea01 028f6207512c4d0d89b4d262a9b5a464 - - default default] 10.0.0.151 "DELETE /v2.0/ports/951a7dc2-7949-44bd-abec-02eab511a7fc HTTP/1.1" status: 204 len: 168 time: 0.2915084
2026-07-24 18:41:31.043 10 INFO neutron.db.ovn_revision_numbers_db [None req-471dd909-38a0-4c1c-a8f5-fbcdbd1f2722 - - - - - -] Successfully bumped revision number for resource 06e723ae-5d99-497c-9d0d-7eb0d1640cb6 (type: router_ports) to 2
2026-07-24 18:41:31.278 9 INFO neutron.wsgi [None req-b63e0baf-9c78-4189-a60f-aee1259fcc1b 4b6e8481c46c45a3a0aeb54550b3ea01 028f6207512c4d0d89b4d262a9b5a464 - - default default] 10.0.0.151 "DELETE /v2.0/ports/74cfb82c-0610-4aec-9136-395aa1ba0e9a HTTP/1.1" status: 204 len: 168 time: 0.3040929
2026-07-24 18:41:31.377 9 INFO neutron.wsgi [None req-f3e4dcbb-baae-48db-8e1a-74d7b90ddce8 ef09e59875e2446ba6dfa5289ef4d680 9c6c08079c354e00a51ef95a4d025727 - - default default] 10.0.0.151 "DELETE /v2.0/floatingips/99818183-274d-4438-9e74-fcb020bd7387 HTTP/1.1" status: 204 len: 168 time: 0.4606242
2026-07-24 18:41:31.533 9 INFO neutron.db.ovn_revision_numbers_db [None req-f3626ad8-5e20-4a99-a92b-5b05eb851436 b14169f80e504ebebb83ae9e9c79e7ee e7b59c0201624c6a83648ab178708d6c - - default default] Successfully bumped revision number for resource f4ce9eec-b6e9-4591-a255-4c343cfce9cb (type: security_groups) to 1
2026-07-24 18:41:31.564 9 INFO neutron.plugins.ml2.drivers.ovn.mech_driver.mech_driver [None req-93855813-4388-4242-852d-3b5480ee2b73 - - - - - -] OVN reports status down for port: 268bdf1e-0d35-4085-9627-a31f1d287174
2026-07-24 18:41:31.567 9 INFO neutron.wsgi [None req-f471cfed-da9d-4b21-8d20-cd9d146aa7f5 4b6e8481c46c45a3a0aeb54550b3ea01 028f6207512c4d0d89b4d262a9b5a464 - - default default] 10.0.0.151 "DELETE /v2.0/ports/17e0ae01-2a06-4b29-a8c4-d018409c664d HTTP/1.1" status: 204 len: 168 time: 0.2847137
2026-07-24 18:41:31.568 9 INFO neutron.db.ovn_revision_numbers_db [None req-f3626ad8-5e20-4a99-a92b-5b05eb851436 b14169f80e504ebebb83ae9e9c79e7ee e7b59c0201624c6a83648ab178708d6c - - default default] Successfully bumped revision number for resource 32393772-5d31-4ca1-9213-b03a167eca97 (type: security_group_rules) to 0
2026-07-24 18:41:31.574 9 INFO neutron.wsgi [req-df192210-35e7-40d5-a1cf-ad58d341d3eb req-aa77bf30-c9bb-450b-8883-62cca632b9e1 ef09e59875e2446ba6dfa5289ef4d680 9c6c08079c354e00a51ef95a4d025727 - - default default] 10.0.0.165 "GET /v2.0/ports?device_id=6bd1a771-f997-45cc-9691-6c1f445a7afe HTTP/1.1" status: 200 len: 1170 time: 0.0542326
2026-07-24 18:41:31.610 9 INFO neutron.db.ovn_revision_numbers_db [None req-f3626ad8-5e20-4a99-a92b-5b05eb851436 b14169f80e504ebebb83ae9e9c79e7ee e7b59c0201624c6a83648ab178708d6c - - default default] Successfully bumped revision number for resource 77bbb158-c9cd-4e24-8e7a-2f6d5f212865 (type: security_group_rules) to 0
2026-07-24 18:41:31.635 9 INFO neutron.db.ovn_revision_numbers_db [None req-f3626ad8-5e20-4a99-a92b-5b05eb851436 b14169f80e504ebebb83ae9e9c79e7ee e7b59c0201624c6a83648ab178708d6c - - default default] Successfully bumped revision number for resource b949be7d-e5b3-4887-99d1-bc5a7c33318d (type: security_group_rules) to 0
2026-07-24 18:41:31.658 9 INFO neutron.wsgi [req-df192210-35e7-40d5-a1cf-ad58d341d3eb req-e3bca8ae-5148-4514-a047-1fc72470c39d ef09e59875e2446ba6dfa5289ef4d680 9c6c08079c354e00a51ef95a4d025727 - - default default] 10.0.0.165 "GET /v2.0/security-groups?id=ccb110fa-d7f7-4066-9d0b-77b34523216a&fields=id&fields=name HTTP/1.1" status: 200 len: 312 time: 0.0684392
2026-07-24 18:41:31.664 9 INFO neutron.db.ovn_revision_numbers_db [None req-f3626ad8-5e20-4a99-a92b-5b05eb851436 b14169f80e504ebebb83ae9e9c79e7ee e7b59c0201624c6a83648ab178708d6c - - default default] Successfully bumped revision number for resource cc976610-d437-4bf5-b8c4-3f4923be09aa (type: security_group_rules) to 0
2026-07-24 18:41:31.735 9 INFO neutron.db.segments_db [None req-f3626ad8-5e20-4a99-a92b-5b05eb851436 b14169f80e504ebebb83ae9e9c79e7ee e7b59c0201624c6a83648ab178708d6c - - default default] Added segment d37a421e-03c5-4406-a05a-5bf55c19fbf3 of type geneve for network b20777d8-29e4-481f-8323-7e0982e14f47
2026-07-24 18:41:31.924 9 INFO neutron.wsgi [req-cbf29160-4ba8-4c88-8dcc-453ef3983bb4 req-8108eb75-b25f-47cf-a511-8632dd9f52aa ef09e59875e2446ba6dfa5289ef4d680 9c6c08079c354e00a51ef95a4d025727 - - default default] 199.204.45.240 "GET /v2.0/ports?device_id=6bd1a771-f997-45cc-9691-6c1f445a7afe HTTP/1.1" status: 200 len: 1168 time: 0.0602388
2026-07-24 18:41:31.952 9 INFO neutron.db.ovn_revision_numbers_db [None req-f3626ad8-5e20-4a99-a92b-5b05eb851436 b14169f80e504ebebb83ae9e9c79e7ee e7b59c0201624c6a83648ab178708d6c - - default default] Successfully bumped revision number for resource b20777d8-29e4-481f-8323-7e0982e14f47 (type: networks) to 1
2026-07-24 18:41:31.969 10 INFO neutron.services.segments.plugin [-] Segment c1fcbdd7-706e-428e-afec-8b64bfcf1d12 resource provider aggregate not found
2026-07-24 18:41:31.973 9 INFO neutron.db.ovn_revision_numbers_db [None req-93855813-4388-4242-852d-3b5480ee2b73 - - - - - -] Successfully bumped revision number for resource 268bdf1e-0d35-4085-9627-a31f1d287174 (type: ports) to 5
2026-07-24 18:41:31.974 10 INFO neutron.services.segments.plugin [-] Segment c1fcbdd7-706e-428e-afec-8b64bfcf1d12 resource provider aggregate not found
2026-07-24 18:41:31.991 10 INFO neutron.services.segments.plugin [-] Segment c1fcbdd7-706e-428e-afec-8b64bfcf1d12 resource provider not found; error: Placement Client Error (4xx): {"errors": [{"status": 404, "title": "Not Found", "detail": "The resource could not be found.\n\n No resource provider with uuid c1fcbdd7-706e-428e-afec-8b64bfcf1d12 found for delete ", "request_id": "req-510b5458-ee68-4c41-bc2f-63544d4f5dac"}]}
2026-07-24 18:41:31.992 10 INFO neutron.services.segments.plugin [-] Segment c1fcbdd7-706e-428e-afec-8b64bfcf1d12 resource provider not found; error: Placement Client Error (4xx): {"errors": [{"status": 404, "title": "Not Found", "detail": "The resource could not be found.\n\n No resource provider with uuid c1fcbdd7-706e-428e-afec-8b64bfcf1d12 found for delete ", "request_id": "req-2c442cb8-44f5-4abd-bd1b-85c5aa37f30f"}]}
2026-07-24 18:41:32.031 10 INFO neutron.wsgi [None req-e26ffc6e-15e4-46aa-a289-116aaa689ed3 4b6e8481c46c45a3a0aeb54550b3ea01 028f6207512c4d0d89b4d262a9b5a464 - - default default] 10.0.0.151 "DELETE /v2.0/networks/b0672965-a856-44a8-bec0-4deb289b6a7e HTTP/1.1" status: 204 len: 168 time: 0.4579616
2026-07-24 18:41:32.190 9 WARNING neutron.scheduler.dhcp_agent_scheduler [None req-f3626ad8-5e20-4a99-a92b-5b05eb851436 b14169f80e504ebebb83ae9e9c79e7ee e7b59c0201624c6a83648ab178708d6c - - default default] No more DHCP agents
2026-07-24 18:41:32.193 9 WARNING neutron.api.rpc.agentnotifiers.dhcp_rpc_agent_api [None req-f3626ad8-5e20-4a99-a92b-5b05eb851436 b14169f80e504ebebb83ae9e9c79e7ee e7b59c0201624c6a83648ab178708d6c - - default default] Unable to schedule network b20777d8-29e4-481f-8323-7e0982e14f47: no agents available; will retry on subsequent port and subnet creation events.
2026-07-24 18:41:32.327 9 INFO neutron.db.ovn_revision_numbers_db [None req-f3626ad8-5e20-4a99-a92b-5b05eb851436 b14169f80e504ebebb83ae9e9c79e7ee e7b59c0201624c6a83648ab178708d6c - - default default] Successfully bumped revision number for resource d0f4772d-7451-496d-9d87-7c5823363574 (type: ports) to 1
2026-07-24 18:41:32.351 9 INFO neutron.wsgi [req-cbf29160-4ba8-4c88-8dcc-453ef3983bb4 req-944e8ebd-77a2-436b-916d-592abc1e35b1 ef09e59875e2446ba6dfa5289ef4d680 9c6c08079c354e00a51ef95a4d025727 - - default default] 199.204.45.240 "DELETE /v2.0/ports/268bdf1e-0d35-4085-9627-a31f1d287174 HTTP/1.1" status: 204 len: 173 time: 0.4237158
2026-07-24 18:41:32.354 9 INFO neutron.wsgi [None req-f3626ad8-5e20-4a99-a92b-5b05eb851436 b14169f80e504ebebb83ae9e9c79e7ee e7b59c0201624c6a83648ab178708d6c - - default default] 10.0.0.151 "POST /v2.0/networks HTTP/1.1" status: 201 len: 942 time: 1.0276647 /var/lib/openstack/lib/python3.10/site-packages/pycadf/identifier.py:71: UserWarning: Invalid uuid: neutron. To ensure interoperability, identifiers should be a valid uuid. warnings.warn(('Invalid uuid: %s. To ensure interoperability, '
2026-07-24 18:41:32.468 10 INFO neutron.wsgi [None req-1a905445-f211-403e-b4e6-e859223c02a3 4b6e8481c46c45a3a0aeb54550b3ea01 028f6207512c4d0d89b4d262a9b5a464 - - default default] 10.0.0.151 "DELETE /v2.0/networks/90284c55-b52b-45bb-b527-a17caaabe625 HTTP/1.1" status: 204 len: 168 time: 0.4301391
2026-07-24 18:41:32.543 9 INFO neutron.notifiers.nova [-] Nova event matching ['req-5259dc6a-4e68-4970-bdec-7bffdec7b2a3'] response: {'server_uuid': '6bd1a771-f997-45cc-9691-6c1f445a7afe', 'name': 'network-vif-unplugged', 'status': 'completed', 'tag': '268bdf1e-0d35-4085-9627-a31f1d287174', 'code': 200}
2026-07-24 18:41:32.543 9 INFO neutron.notifiers.nova [-] Nova event matching ['req-5259dc6a-4e68-4970-bdec-7bffdec7b2a3'] response: {'server_uuid': '6bd1a771-f997-45cc-9691-6c1f445a7afe', 'name': 'network-vif-plugged', 'status': 'completed', 'tag': '268bdf1e-0d35-4085-9627-a31f1d287174', 'code': 200}
2026-07-24 18:41:32.544 9 INFO neutron.notifiers.nova [-] Nova event matching ['req-5259dc6a-4e68-4970-bdec-7bffdec7b2a3'] response: {'server_uuid': '6bd1a771-f997-45cc-9691-6c1f445a7afe', 'name': 'network-vif-deleted', 'tag': '268bdf1e-0d35-4085-9627-a31f1d287174', 'status': 'completed', 'code': 200}
2026-07-24 18:41:32.632 9 WARNING neutron.scheduler.dhcp_agent_scheduler [None req-5b2189fd-77b5-4183-a994-b15e09d417bc b14169f80e504ebebb83ae9e9c79e7ee e7b59c0201624c6a83648ab178708d6c - - default default] No more DHCP agents
2026-07-24 18:41:32.643 9 WARNING neutron.api.rpc.agentnotifiers.dhcp_rpc_agent_api [None req-5b2189fd-77b5-4183-a994-b15e09d417bc b14169f80e504ebebb83ae9e9c79e7ee e7b59c0201624c6a83648ab178708d6c - - default default] Unable to schedule network b20777d8-29e4-481f-8323-7e0982e14f47: no agents available; will retry on subsequent port and subnet creation events.
2026-07-24 18:41:32.779 9 INFO neutron.wsgi [req-6e73391e-1be7-4757-8841-0b50aedfe6aa req-320a5c97-3d54-4edb-a56c-453201e59ba4 ef09e59875e2446ba6dfa5289ef4d680 9c6c08079c354e00a51ef95a4d025727 - - default default] 10.0.0.165 "GET /v2.0/ports?device_id=6bd1a771-f997-45cc-9691-6c1f445a7afe HTTP/1.1" status: 200 len: 210 time: 0.0320725
2026-07-24 18:41:33.234 9 INFO neutron.services.segments.plugin [-] Segment c7fab18d-9f45-46c3-91e4-f1b666b9d6b5 resource provider aggregate not found
2026-07-24 18:41:33.243 9 INFO neutron.services.segments.plugin [-] Segment c7fab18d-9f45-46c3-91e4-f1b666b9d6b5 resource provider aggregate not found
2026-07-24 18:41:33.267 9 INFO neutron.services.segments.plugin [-] Segment c7fab18d-9f45-46c3-91e4-f1b666b9d6b5 resource provider not found; error: Placement Client Error (4xx): {"errors": [{"status": 404, "title": "Not Found", "detail": "The resource could not be found.\n\n No resource provider with uuid c7fab18d-9f45-46c3-91e4-f1b666b9d6b5 found for delete ", "request_id": "req-8e031a02-7571-4f60-a7d3-53f51d2047f1"}]}
2026-07-24 18:41:33.270 9 INFO neutron.services.segments.plugin [-] Segment c7fab18d-9f45-46c3-91e4-f1b666b9d6b5 resource provider not found; error: Placement Client Error (4xx): {"errors": [{"status": 404, "title": "Not Found", "detail": "The resource could not be found.\n\n No resource provider with uuid c7fab18d-9f45-46c3-91e4-f1b666b9d6b5 found for delete ", "request_id": "req-b122763a-0430-428f-ba2f-729b6c9348c0"}]}
2026-07-24 18:41:33.337 9 INFO neutron.wsgi [None req-b129d709-e85c-446d-82a4-eed2edadc6c6 4b6e8481c46c45a3a0aeb54550b3ea01 028f6207512c4d0d89b4d262a9b5a464 - - default default] 10.0.0.151 "DELETE /v2.0/networks/046ac7e0-b53c-49ac-bc8d-9859219661e9 HTTP/1.1" status: 204 len: 168 time: 0.8624556
2026-07-24 18:41:33.616 9 INFO neutron.db.ovn_revision_numbers_db [None req-5b2189fd-77b5-4183-a994-b15e09d417bc b14169f80e504ebebb83ae9e9c79e7ee e7b59c0201624c6a83648ab178708d6c - - default default] Successfully bumped revision number for resource d0f4772d-7451-496d-9d87-7c5823363574 (type: ports) to 2
2026-07-24 18:41:33.670 9 INFO neutron.db.ovn_revision_numbers_db [None req-5b2189fd-77b5-4183-a994-b15e09d417bc b14169f80e504ebebb83ae9e9c79e7ee e7b59c0201624c6a83648ab178708d6c - - default default] Successfully bumped revision number for resource 8e1852df-b5a5-4f13-81ba-58d73f7e90fa (type: subnets) to 0
2026-07-24 18:41:33.688 9 INFO neutron.wsgi [None req-5b2189fd-77b5-4183-a994-b15e09d417bc b14169f80e504ebebb83ae9e9c79e7ee e7b59c0201624c6a83648ab178708d6c - - default default] 10.0.0.151 "POST /v2.0/subnets HTTP/1.1" status: 201 len: 863 time: 1.3272903
2026-07-24 18:41:33.778 9 INFO neutron.wsgi [None req-7490c7cd-233c-41f1-872f-26d75e6d5eda 4b6e8481c46c45a3a0aeb54550b3ea01 028f6207512c4d0d89b4d262a9b5a464 - - default default] 10.0.0.151 "DELETE /v2.0/networks/1b40f293-d4e2-41dc-a07b-4cf2c8613e9d HTTP/1.1" status: 204 len: 168 time: 0.4358625
2026-07-24 18:41:34.006 9 INFO neutron.wsgi [None req-5d822b03-ce0f-4a90-86d2-0d0cbf99939a ef09e59875e2446ba6dfa5289ef4d680 9c6c08079c354e00a51ef95a4d025727 - - default default] 10.0.0.151 "DELETE /v2.0/security-groups/ccb110fa-d7f7-4066-9d0b-77b34523216a HTTP/1.1" status: 204 len: 168 time: 0.1679931
2026-07-24 18:41:34.018 10 INFO neutron.services.segments.plugin [-] Segment 7ec6d795-506a-436e-90f3-65af1568f7fe resource provider aggregate not found
2026-07-24 18:41:34.029 10 INFO neutron.services.segments.plugin [-] Segment 7ec6d795-506a-436e-90f3-65af1568f7fe resource provider aggregate not found
2026-07-24 18:41:34.047 10 INFO neutron.services.segments.plugin [-] Segment 7ec6d795-506a-436e-90f3-65af1568f7fe resource provider not found; error: Placement Client Error (4xx): {"errors": [{"status": 404, "title": "Not Found", "detail": "The resource could not be found.\n\n No resource provider with uuid 7ec6d795-506a-436e-90f3-65af1568f7fe found for delete ", "request_id": "req-2783583f-19b3-4b8c-a29d-7c5da2251638"}]}
2026-07-24 18:41:34.055 10 INFO neutron.services.segments.plugin [-] Segment 7ec6d795-506a-436e-90f3-65af1568f7fe resource provider not found; error: Placement Client Error (4xx): {"errors": [{"status": 404, "title": "Not Found", "detail": "The resource could not be found.\n\n No resource provider with uuid 7ec6d795-506a-436e-90f3-65af1568f7fe found for delete ", "request_id": "req-bc52f8ea-bb54-4da8-94f1-eb040ee8885f"}]}
2026-07-24 18:41:34.170 10 WARNING neutron.scheduler.dhcp_agent_scheduler [None req-9084c7c7-0cef-4daf-81d5-0f87bb11ae90 b14169f80e504ebebb83ae9e9c79e7ee e7b59c0201624c6a83648ab178708d6c - - default default] No more DHCP agents
2026-07-24 18:41:34.172 10 WARNING neutron.api.rpc.agentnotifiers.dhcp_rpc_agent_api [None req-9084c7c7-0cef-4daf-81d5-0f87bb11ae90 b14169f80e504ebebb83ae9e9c79e7ee e7b59c0201624c6a83648ab178708d6c - - default default] Unable to schedule network b698e4bc-0c33-4947-b580-a326040f7572: no agents available; will retry on subsequent port and subnet creation events.
2026-07-24 18:41:34.228 9 INFO neutron.wsgi [None req-22369f8b-4fed-4979-8a37-576d688b2bf6 4b6e8481c46c45a3a0aeb54550b3ea01 028f6207512c4d0d89b4d262a9b5a464 - - default default] 10.0.0.151 "DELETE /v2.0/networks/990267b4-1124-451b-955c-711649e52ba1 HTTP/1.1" status: 204 len: 168 time: 0.4443750
2026-07-24 18:41:34.354 10 INFO neutron.db.ovn_revision_numbers_db [None req-9084c7c7-0cef-4daf-81d5-0f87bb11ae90 b14169f80e504ebebb83ae9e9c79e7ee e7b59c0201624c6a83648ab178708d6c - - default default] Successfully bumped revision number for resource 3af553f1-914f-43d0-9271-3593d9c34fac (type: ports) to 1
2026-07-24 18:41:34.972 9 INFO neutron.wsgi [None req-2d18a267-2c01-4cc1-9df0-fbaa55d3c9be ef09e59875e2446ba6dfa5289ef4d680 9c6c08079c354e00a51ef95a4d025727 - - default default] 10.0.0.151 "PUT /v2.0/routers/97dd2085-321f-48e6-acff-8e89cdccaffa/remove_router_interface HTTP/1.1" status: 200 len: 503 time: 0.9237230 /var/lib/openstack/lib/python3.10/site-packages/pycadf/identifier.py:71: UserWarning: Invalid uuid: neutron. To ensure interoperability, identifiers should be a valid uuid. warnings.warn(('Invalid uuid: %s. To ensure interoperability, '
2026-07-24 18:41:35.009 9 INFO neutron.plugins.ml2.drivers.ovn.mech_driver.mech_driver [None req-93855813-4388-4242-852d-3b5480ee2b73 - - - - - -] OVN reports status up for port: 3af553f1-914f-43d0-9271-3593d9c34fac
2026-07-24 18:41:35.014 9 INFO neutron.plugins.ml2.drivers.ovn.mech_driver.ovsdb.ovsdb_monitor [None req-fecd349f-0646-4627-a7d6-69a5b36d0f63 - - - - - -] Router 5ec17e30-e137-4a1a-8d77-091b4b0f5ca3 is bound to host instance
2026-07-24 18:41:35.031 9 INFO neutron.plugins.ml2.plugin [None req-93855813-4388-4242-852d-3b5480ee2b73 - - - - - -] Attempt 1 to provision port 3af553f1-914f-43d0-9271-3593d9c34fac
2026-07-24 18:41:35.040 10 INFO neutron.db.ovn_revision_numbers_db [None req-9084c7c7-0cef-4daf-81d5-0f87bb11ae90 b14169f80e504ebebb83ae9e9c79e7ee e7b59c0201624c6a83648ab178708d6c - - default default] Successfully bumped revision number for resource 3af553f1-914f-43d0-9271-3593d9c34fac (type: router_ports) to 1
2026-07-24 18:41:35.100 10 INFO neutron.db.ovn_revision_numbers_db [None req-9084c7c7-0cef-4daf-81d5-0f87bb11ae90 b14169f80e504ebebb83ae9e9c79e7ee e7b59c0201624c6a83648ab178708d6c - - default default] Successfully bumped revision number for resource 5ec17e30-e137-4a1a-8d77-091b4b0f5ca3 (type: routers) to 2
2026-07-24 18:41:35.116 10 INFO neutron.wsgi [None req-9084c7c7-0cef-4daf-81d5-0f87bb11ae90 b14169f80e504ebebb83ae9e9c79e7ee e7b59c0201624c6a83648ab178708d6c - - default default] 10.0.0.151 "POST /v2.0/routers HTTP/1.1" status: 201 len: 874 time: 1.4215171
2026-07-24 18:41:35.296 9 INFO neutron.services.segments.plugin [-] Segment ed26e345-cf49-4c6f-8d8d-eef2ebc9c18e resource provider aggregate not found
2026-07-24 18:41:35.303 9 INFO neutron.services.segments.plugin [-] Segment ed26e345-cf49-4c6f-8d8d-eef2ebc9c18e resource provider aggregate not found
2026-07-24 18:41:35.311 9 INFO neutron.services.segments.plugin [-] Segment ed26e345-cf49-4c6f-8d8d-eef2ebc9c18e resource provider not found; error: Placement Client Error (4xx): {"errors": [{"status": 404, "title": "Not Found", "detail": "The resource could not be found.\n\n No resource provider with uuid ed26e345-cf49-4c6f-8d8d-eef2ebc9c18e found for delete ", "request_id": "req-db0fe423-6040-42dd-8664-41128fe593fb"}]}
2026-07-24 18:41:35.321 10 INFO neutron.wsgi [-] 10.0.0.97 "GET / HTTP/1.1" status: 200 len: 247 time: 0.0017452
2026-07-24 18:41:35.323 10 INFO neutron.wsgi [-] 10.0.0.97 "GET / HTTP/1.1" status: 200 len: 247 time: 0.0010841
2026-07-24 18:41:35.324 9 INFO neutron.services.segments.plugin [-] Segment ed26e345-cf49-4c6f-8d8d-eef2ebc9c18e resource provider not found; error: Placement Client Error (4xx): {"errors": [{"status": 404, "title": "Not Found", "detail": "The resource could not be found.\n\n No resource provider with uuid ed26e345-cf49-4c6f-8d8d-eef2ebc9c18e found for delete ", "request_id": "req-7e152bcc-3927-4c02-bcc6-2b63e9a6fdef"}]}
2026-07-24 18:41:35.332 9 INFO neutron.services.segments.plugin [-] Segment 6bb03e20-830d-4a6b-8d30-d647e32cd31c resource provider aggregate not found
2026-07-24 18:41:35.349 9 INFO neutron.services.segments.plugin [-] Segment 6bb03e20-830d-4a6b-8d30-d647e32cd31c resource provider aggregate not found
2026-07-24 18:41:35.369 9 INFO neutron.services.segments.plugin [-] Segment 6bb03e20-830d-4a6b-8d30-d647e32cd31c resource provider not found; error: Placement Client Error (4xx): {"errors": [{"status": 404, "title": "Not Found", "detail": "The resource could not be found.\n\n No resource provider with uuid 6bb03e20-830d-4a6b-8d30-d647e32cd31c found for delete ", "request_id": "req-dfe35cc6-0dcf-49b8-ba30-db3f5e3a13d5"}]}
2026-07-24 18:41:35.372 9 INFO neutron.services.segments.plugin [-] Segment 6bb03e20-830d-4a6b-8d30-d647e32cd31c resource provider not found; error: Placement Client Error (4xx): {"errors": [{"status": 404, "title": "Not Found", "detail": "The resource could not be found.\n\n No resource provider with uuid 6bb03e20-830d-4a6b-8d30-d647e32cd31c found for delete ", "request_id": "req-c941bc7b-8621-4ce4-b5c1-39c30ce60f6a"}]}
2026-07-24 18:41:35.394 9 INFO neutron.wsgi [None req-95af0724-0d23-4c74-8cde-e81cc5bc2d02 ef09e59875e2446ba6dfa5289ef4d680 9c6c08079c354e00a51ef95a4d025727 - - default default] 10.0.0.151 "DELETE /v2.0/subnets/92a63090-ff1c-4fdf-a90b-d6c4c0b6f52f HTTP/1.1" status: 204 len: 168 time: 0.4149754
2026-07-24 18:41:35.568 9 INFO neutron.db.ovn_revision_numbers_db [None req-7227026f-eb2e-4d51-b55f-404c50138ad2 b14169f80e504ebebb83ae9e9c79e7ee e7b59c0201624c6a83648ab178708d6c - - default default] Successfully bumped revision number for resource d0336df2-6360-4b37-a682-efc797cec885 (type: security_groups) to 1
2026-07-24 18:41:35.582 9 INFO neutron.db.ovn_revision_numbers_db [None req-7227026f-eb2e-4d51-b55f-404c50138ad2 b14169f80e504ebebb83ae9e9c79e7ee e7b59c0201624c6a83648ab178708d6c - - default default] Successfully bumped revision number for resource 1041e94b-16b9-4d3a-9dca-2eeb23158aff (type: security_group_rules) to 0
2026-07-24 18:41:35.606 9 INFO neutron.db.ovn_revision_numbers_db [None req-7227026f-eb2e-4d51-b55f-404c50138ad2 b14169f80e504ebebb83ae9e9c79e7ee e7b59c0201624c6a83648ab178708d6c - - default default] Successfully bumped revision number for resource 2d89aae4-5b40-4944-8613-258439576fb0 (type: security_group_rules) to 0
2026-07-24 18:41:35.638 9 INFO neutron.db.ovn_revision_numbers_db [None req-7227026f-eb2e-4d51-b55f-404c50138ad2 b14169f80e504ebebb83ae9e9c79e7ee e7b59c0201624c6a83648ab178708d6c - - default default] Successfully bumped revision number for resource 683101f5-a8ec-4761-a8a3-21f7ff0e3b29 (type: security_group_rules) to 0
2026-07-24 18:41:35.652 9 INFO neutron.db.ovn_revision_numbers_db [None req-7227026f-eb2e-4d51-b55f-404c50138ad2 b14169f80e504ebebb83ae9e9c79e7ee e7b59c0201624c6a83648ab178708d6c - - default default] Successfully bumped revision number for resource 880d5bc5-7108-4205-b68f-467cd43b31f1 (type: security_group_rules) to 0
2026-07-24 18:41:35.686 9 INFO neutron.wsgi [None req-7227026f-eb2e-4d51-b55f-404c50138ad2 b14169f80e504ebebb83ae9e9c79e7ee e7b59c0201624c6a83648ab178708d6c - - default default] 10.0.0.151 "GET /v2.0/security-groups?tenant_id=bf4442cc42404cfc980c6c2cac976ec0&name=default HTTP/1.1" status: 200 len: 2996 time: 0.4810925
2026-07-24 18:41:35.767 9 INFO neutron.db.ovn_revision_numbers_db [None req-fecd349f-0646-4627-a7d6-69a5b36d0f63 - - - - - -] Successfully bumped revision number for resource 3af553f1-914f-43d0-9271-3593d9c34fac (type: ports) to 1
2026-07-24 18:41:35.840 10 WARNING neutron.scheduler.dhcp_agent_scheduler [None req-1dc01d51-e0b8-4e1c-8a35-54a81506ff28 b14169f80e504ebebb83ae9e9c79e7ee e7b59c0201624c6a83648ab178708d6c - - default default] No more DHCP agents
2026-07-24 18:41:35.845 10 WARNING neutron.api.rpc.agentnotifiers.dhcp_rpc_agent_api [None req-1dc01d51-e0b8-4e1c-8a35-54a81506ff28 b14169f80e504ebebb83ae9e9c79e7ee e7b59c0201624c6a83648ab178708d6c - - default default] Unable to schedule network b20777d8-29e4-481f-8323-7e0982e14f47: no agents available; will retry on subsequent port and subnet creation events.
2026-07-24 18:41:35.856 10 WARNING neutron.plugins.ml2.drivers.ovn.mech_driver.ovsdb.ovn_client [None req-471dd909-38a0-4c1c-a8f5-fbcdbd1f2722 - - - - - -] No hosting information found for port 06e723ae-5d99-497c-9d0d-7eb0d1640cb6: RuntimeError: No hosting information found for port 06e723ae-5d99-497c-9d0d-7eb0d1640cb6
2026-07-24 18:41:36.009 9 INFO neutron.wsgi [None req-c7730d17-039d-4983-bc0d-ccae6c7d4a49 b14169f80e504ebebb83ae9e9c79e7ee e7b59c0201624c6a83648ab178708d6c - - default default] 10.0.0.151 "DELETE /v2.0/security-groups/d0336df2-6360-4b37-a682-efc797cec885 HTTP/1.1" status: 204 len: 168 time: 0.3137698
2026-07-24 18:41:36.082 9 INFO neutron.db.ovn_revision_numbers_db [None req-fecd349f-0646-4627-a7d6-69a5b36d0f63 - - - - - -] Successfully bumped revision number for resource 3af553f1-914f-43d0-9271-3593d9c34fac (type: router_ports) to 3
2026-07-24 18:41:36.114 10 INFO neutron.db.ovn_revision_numbers_db [None req-1dc01d51-e0b8-4e1c-8a35-54a81506ff28 b14169f80e504ebebb83ae9e9c79e7ee e7b59c0201624c6a83648ab178708d6c - - default default] Successfully bumped revision number for resource 59401353-c3b4-4f37-83b3-35b697dc07d2 (type: ports) to 1
2026-07-24 18:41:36.160 9 INFO neutron.wsgi [None req-6bd502f9-e313-4065-b9bc-e18e12b80570 b14169f80e504ebebb83ae9e9c79e7ee e7b59c0201624c6a83648ab178708d6c - - default default] 10.0.0.151 "GET /v2.0/security-groups?tenant_id=028f6207512c4d0d89b4d262a9b5a464&name=default HTTP/1.1" status: 200 len: 2996 time: 0.0485575
2026-07-24 18:41:36.319 9 INFO neutron.db.ovn_revision_numbers_db [None req-fecd349f-0646-4627-a7d6-69a5b36d0f63 - - - - - -] Successfully bumped revision number for resource 3af553f1-914f-43d0-9271-3593d9c34fac (type: ports) to 2
2026-07-24 18:41:36.444 10 INFO neutron.wsgi [None req-868e959d-f8ea-4179-b122-faf78646c941 ef09e59875e2446ba6dfa5289ef4d680 9c6c08079c354e00a51ef95a4d025727 - - default default] 10.0.0.151 "DELETE /v2.0/routers/97dd2085-321f-48e6-acff-8e89cdccaffa HTTP/1.1" status: 204 len: 168 time: 1.0437126
2026-07-24 18:41:36.514 9 INFO neutron.wsgi [None req-119e1f0b-46d5-462e-9797-ee5d7af0885d b14169f80e504ebebb83ae9e9c79e7ee e7b59c0201624c6a83648ab178708d6c - - default default] 10.0.0.151 "DELETE /v2.0/security-groups/5a990557-e2d0-428c-8d9c-d74ebc3359ce HTTP/1.1" status: 204 len: 168 time: 0.3439727
2026-07-24 18:41:36.618 10 INFO neutron.plugins.ml2.drivers.ovn.mech_driver.mech_driver [None req-471dd909-38a0-4c1c-a8f5-fbcdbd1f2722 - - - - - -] OVN reports status up for port: 59401353-c3b4-4f37-83b3-35b697dc07d2
2026-07-24 18:41:36.633 10 INFO neutron.plugins.ml2.plugin [None req-471dd909-38a0-4c1c-a8f5-fbcdbd1f2722 - - - - - -] Attempt 1 to provision port 59401353-c3b4-4f37-83b3-35b697dc07d2
2026-07-24 18:41:36.647 10 INFO neutron.db.ovn_revision_numbers_db [None req-1dc01d51-e0b8-4e1c-8a35-54a81506ff28 b14169f80e504ebebb83ae9e9c79e7ee e7b59c0201624c6a83648ab178708d6c - - default default] Successfully bumped revision number for resource 59401353-c3b4-4f37-83b3-35b697dc07d2 (type: router_ports) to 1 /var/lib/openstack/lib/python3.10/site-packages/pycadf/identifier.py:71: UserWarning: Invalid uuid: neutron. To ensure interoperability, identifiers should be a valid uuid. warnings.warn(('Invalid uuid: %s. To ensure interoperability, '
2026-07-24 18:41:36.856 10 INFO neutron.db.ovn_revision_numbers_db [None req-1dc01d51-e0b8-4e1c-8a35-54a81506ff28 b14169f80e504ebebb83ae9e9c79e7ee e7b59c0201624c6a83648ab178708d6c - - default default] Successfully bumped revision number for resource 59401353-c3b4-4f37-83b3-35b697dc07d2 (type: ports) to 1
2026-07-24 18:41:36.872 10 INFO neutron.db.ovn_revision_numbers_db [None req-b6053478-9b74-45c8-9279-2f63aae5083f b14169f80e504ebebb83ae9e9c79e7ee e7b59c0201624c6a83648ab178708d6c - - default default] Successfully bumped revision number for resource f375d155-d392-4fe4-b2d5-4b28c65a1135 (type: security_groups) to 1
2026-07-24 18:41:36.899 10 INFO neutron.db.ovn_revision_numbers_db [None req-b6053478-9b74-45c8-9279-2f63aae5083f b14169f80e504ebebb83ae9e9c79e7ee e7b59c0201624c6a83648ab178708d6c - - default default] Successfully bumped revision number for resource 3882e273-2229-4cb5-b03c-92ecc072e50d (type: security_group_rules) to 0
2026-07-24 18:41:36.920 9 INFO neutron.db.ovn_revision_numbers_db [None req-fecd349f-0646-4627-a7d6-69a5b36d0f63 - - - - - -] Successfully bumped revision number for resource 3af553f1-914f-43d0-9271-3593d9c34fac (type: ports) to 4
2026-07-24 18:41:36.924 10 INFO neutron.db.ovn_revision_numbers_db [None req-b6053478-9b74-45c8-9279-2f63aae5083f b14169f80e504ebebb83ae9e9c79e7ee e7b59c0201624c6a83648ab178708d6c - - default default] Successfully bumped revision number for resource 4643ac6e-3edf-40a2-b989-d4f5ea14e540 (type: security_group_rules) to 0
2026-07-24 18:41:36.962 10 INFO neutron.db.ovn_revision_numbers_db [None req-b6053478-9b74-45c8-9279-2f63aae5083f b14169f80e504ebebb83ae9e9c79e7ee e7b59c0201624c6a83648ab178708d6c - - default default] Successfully bumped revision number for resource 81553f86-bf7a-40f4-a858-cf901356388b (type: security_group_rules) to 0
2026-07-24 18:41:36.969 10 WARNING neutron.scheduler.dhcp_agent_scheduler [None req-1dc01d51-e0b8-4e1c-8a35-54a81506ff28 b14169f80e504ebebb83ae9e9c79e7ee e7b59c0201624c6a83648ab178708d6c - - default default] No more DHCP agents
2026-07-24 18:41:36.974 10 WARNING neutron.api.rpc.agentnotifiers.dhcp_rpc_agent_api [None req-1dc01d51-e0b8-4e1c-8a35-54a81506ff28 b14169f80e504ebebb83ae9e9c79e7ee e7b59c0201624c6a83648ab178708d6c - - default default] Unable to schedule network b20777d8-29e4-481f-8323-7e0982e14f47: no agents available; will retry on subsequent port and subnet creation events.
2026-07-24 18:41:36.989 10 INFO neutron.db.ovn_revision_numbers_db [None req-b6053478-9b74-45c8-9279-2f63aae5083f b14169f80e504ebebb83ae9e9c79e7ee e7b59c0201624c6a83648ab178708d6c - - default default] Successfully bumped revision number for resource e424f7ef-e200-45f7-9704-550cd02f293b (type: security_group_rules) to 0
2026-07-24 18:41:37.030 10 INFO neutron.wsgi [None req-b6053478-9b74-45c8-9279-2f63aae5083f b14169f80e504ebebb83ae9e9c79e7ee e7b59c0201624c6a83648ab178708d6c - - default default] 10.0.0.151 "GET /v2.0/security-groups?tenant_id=dbe887e440e04eed8d007604c089d40f&name=default HTTP/1.1" status: 200 len: 2996 time: 0.3518355
2026-07-24 18:41:37.074 10 INFO neutron.db.ovn_revision_numbers_db [None req-471dd909-38a0-4c1c-a8f5-fbcdbd1f2722 - - - - - -] Successfully bumped revision number for resource 59401353-c3b4-4f37-83b3-35b697dc07d2 (type: ports) to 2
2026-07-24 18:41:37.168 9 INFO neutron.wsgi [None req-4b41870d-c302-4126-a637-84b1a75c285c ef09e59875e2446ba6dfa5289ef4d680 9c6c08079c354e00a51ef95a4d025727 - - default default] 10.0.0.151 "DELETE /v2.0/networks/841127fb-1292-44a2-80cf-a15aee28ad83 HTTP/1.1" status: 204 len: 168 time: 0.7156858
2026-07-24 18:41:37.213 9 INFO neutron.db.ovn_revision_numbers_db [None req-fecd349f-0646-4627-a7d6-69a5b36d0f63 - - - - - -] Successfully bumped revision number for resource 3af553f1-914f-43d0-9271-3593d9c34fac (type: router_ports) to 4
2026-07-24 18:41:37.394 9 INFO neutron.services.segments.plugin [-] Segment ef183d8b-291b-42ba-a463-473800310f89 resource provider aggregate not found
2026-07-24 18:41:37.400 9 INFO neutron.services.segments.plugin [-] Segment ef183d8b-291b-42ba-a463-473800310f89 resource provider aggregate not found
2026-07-24 18:41:37.413 9 INFO neutron.services.segments.plugin [-] Segment ef183d8b-291b-42ba-a463-473800310f89 resource provider not found; error: Placement Client Error (4xx): {"errors": [{"status": 404, "title": "Not Found", "detail": "The resource could not be found.\n\n No resource provider with uuid ef183d8b-291b-42ba-a463-473800310f89 found for delete ", "request_id": "req-b615ca2f-a296-4d93-8eab-1e013ce12ed5"}]}
2026-07-24 18:41:37.415 9 INFO neutron.services.segments.plugin [-] Segment ef183d8b-291b-42ba-a463-473800310f89 resource provider not found; error: Placement Client Error (4xx): {"errors": [{"status": 404, "title": "Not Found", "detail": "The resource could not be found.\n\n No resource provider with uuid ef183d8b-291b-42ba-a463-473800310f89 found for delete ", "request_id": "req-cb3ab237-dc73-4cf3-82f0-48960e482de4"}]}
2026-07-24 18:41:37.485 10 INFO neutron.db.ovn_revision_numbers_db [None req-471dd909-38a0-4c1c-a8f5-fbcdbd1f2722 - - - - - -] Successfully bumped revision number for resource 59401353-c3b4-4f37-83b3-35b697dc07d2 (type: router_ports) to 2
2026-07-24 18:41:37.660 10 INFO neutron.wsgi [None req-2b874359-91cd-4dfa-abcb-3dc167ff189d b14169f80e504ebebb83ae9e9c79e7ee e7b59c0201624c6a83648ab178708d6c - - default default] 10.0.0.151 "DELETE /v2.0/security-groups/f375d155-d392-4fe4-b2d5-4b28c65a1135 HTTP/1.1" status: 204 len: 168 time: 0.6211231
2026-07-24 18:41:37.892 10 INFO neutron.db.ovn_revision_numbers_db [None req-1dc01d51-e0b8-4e1c-8a35-54a81506ff28 b14169f80e504ebebb83ae9e9c79e7ee e7b59c0201624c6a83648ab178708d6c - - default default] Successfully bumped revision number for resource 59401353-c3b4-4f37-83b3-35b697dc07d2 (type: router_ports) to 2
2026-07-24 18:41:37.894 10 INFO neutron.wsgi [None req-1dc01d51-e0b8-4e1c-8a35-54a81506ff28 b14169f80e504ebebb83ae9e9c79e7ee e7b59c0201624c6a83648ab178708d6c - - default default] 10.0.0.151 "PUT /v2.0/routers/5ec17e30-e137-4a1a-8d77-091b4b0f5ca3/add_router_interface HTTP/1.1" status: 200 len: 503 time: 2.7725670
2026-07-24 18:41:38.191 10 INFO neutron.db.ovn_revision_numbers_db [None req-646f5b78-8afc-4968-a509-f5f52f64dafa b14169f80e504ebebb83ae9e9c79e7ee e7b59c0201624c6a83648ab178708d6c - - default default] Successfully bumped revision number for resource 47e9988d-d842-4911-a1aa-3ef9e6dddaac (type: security_groups) to 1
2026-07-24 18:41:38.205 10 INFO neutron.db.ovn_revision_numbers_db [None req-646f5b78-8afc-4968-a509-f5f52f64dafa b14169f80e504ebebb83ae9e9c79e7ee e7b59c0201624c6a83648ab178708d6c - - default default] Successfully bumped revision number for resource 57877e7a-f718-49cb-8686-0f6b7efa9bda (type: security_group_rules) to 0
2026-07-24 18:41:38.219 10 INFO neutron.db.ovn_revision_numbers_db [None req-646f5b78-8afc-4968-a509-f5f52f64dafa b14169f80e504ebebb83ae9e9c79e7ee e7b59c0201624c6a83648ab178708d6c - - default default] Successfully bumped revision number for resource 918dc5b0-fe6a-4563-aa7e-7436a7024828 (type: security_group_rules) to 0
2026-07-24 18:41:38.234 10 INFO neutron.db.ovn_revision_numbers_db [None req-646f5b78-8afc-4968-a509-f5f52f64dafa b14169f80e504ebebb83ae9e9c79e7ee e7b59c0201624c6a83648ab178708d6c - - default default] Successfully bumped revision number for resource 9a163777-b48b-4590-92f7-ea9fc7cd96ed (type: security_group_rules) to 0
2026-07-24 18:41:38.250 10 INFO neutron.db.ovn_revision_numbers_db [None req-646f5b78-8afc-4968-a509-f5f52f64dafa b14169f80e504ebebb83ae9e9c79e7ee e7b59c0201624c6a83648ab178708d6c - - default default] Successfully bumped revision number for resource b26eefb6-63d0-403e-8c75-f6182053d843 (type: security_group_rules) to 0
2026-07-24 18:41:38.280 10 INFO neutron.wsgi [None req-646f5b78-8afc-4968-a509-f5f52f64dafa b14169f80e504ebebb83ae9e9c79e7ee e7b59c0201624c6a83648ab178708d6c - - default default] 10.0.0.151 "GET /v2.0/security-groups?tenant_id=c1f3cf6d234c43bda53225df6e481d6e&name=default HTTP/1.1" status: 200 len: 2996 time: 0.3395307
2026-07-24 18:41:38.569 10 INFO neutron.wsgi [None req-4813b860-4f0d-4b04-b267-8159d2b8befc b14169f80e504ebebb83ae9e9c79e7ee e7b59c0201624c6a83648ab178708d6c - - default default] 10.0.0.151 "DELETE /v2.0/security-groups/47e9988d-d842-4911-a1aa-3ef9e6dddaac HTTP/1.1" status: 204 len: 168 time: 0.2819090
2026-07-24 18:41:38.763 10 INFO neutron.db.ovn_revision_numbers_db [None req-e50c4d88-8e06-4c96-952d-fa7729431167 598c12767e474dd992fe2f9b285ffb9e a279a9e5a63d474bafadd4120f1db758 - - default default] Successfully bumped revision number for resource 8a9015bb-1cc8-4437-a1bd-c10ff2b04fff (type: security_groups) to 1
2026-07-24 18:41:38.766 10 INFO neutron.wsgi [None req-0e9a0187-63d7-4e56-9ab0-078c69dfaa7f b14169f80e504ebebb83ae9e9c79e7ee e7b59c0201624c6a83648ab178708d6c - - default default] 10.0.0.151 "GET /v2.0/security-groups?tenant_id=9c6c08079c354e00a51ef95a4d025727&name=default HTTP/1.1" status: 200 len: 2996 time: 0.0413136
