2026-07-24 18:43:16.469 10 INFO neutron.wsgi [None req-2f735720-97de-4757-808b-bf7dc44ab608 b14169f80e504ebebb83ae9e9c79e7ee e7b59c0201624c6a83648ab178708d6c - - default default] 10.0.0.114 "GET /v2.0/ports HTTP/1.1" status: 200 len: 5345 time: 0.0283728
2026-07-24 18:43:16.503 10 INFO neutron.wsgi [None req-35a1aeac-dc97-4002-8959-e73b3b178e12 b14169f80e504ebebb83ae9e9c79e7ee e7b59c0201624c6a83648ab178708d6c - - default default] 10.0.0.114 "GET /v2.0/floatingips HTTP/1.1" status: 200 len: 193 time: 0.0298023
2026-07-24 18:43:16.573 10 INFO neutron.wsgi [None req-42ded603-2fb1-4aae-a257-e3c8c3a25754 b14169f80e504ebebb83ae9e9c79e7ee e7b59c0201624c6a83648ab178708d6c - - default default] 10.0.0.114 "GET /v2.0/networks HTTP/1.1" status: 200 len: 2350 time: 0.0701444
2026-07-24 18:43:16.613 10 INFO neutron.wsgi [None req-3f0e33ac-847a-448d-aed8-0febd13c2ced b14169f80e504ebebb83ae9e9c79e7ee e7b59c0201624c6a83648ab178708d6c - - default default] 10.0.0.114 "GET /v2.0/subnets HTTP/1.1" status: 200 len: 1437 time: 0.0377200
2026-07-24 18:43:16.630 10 INFO neutron.wsgi [None req-83b5cf12-b609-450b-996f-e8de818f084a b14169f80e504ebebb83ae9e9c79e7ee e7b59c0201624c6a83648ab178708d6c - - default default] 10.0.0.114 "GET /v2.0/network-ip-availabilities HTTP/1.1" status: 200 len: 1280 time: 0.0153763
2026-07-24 18:43:20.321 9 INFO neutron.wsgi [-] 10.0.0.97 "GET / HTTP/1.1" status: 200 len: 247 time: 0.0018885
2026-07-24 18:43:20.323 10 INFO neutron.wsgi [-] 10.0.0.97 "GET / HTTP/1.1" status: 200 len: 247 time: 0.0033143
2026-07-24 18:43:35.321 10 INFO neutron.wsgi [-] 10.0.0.97 "GET / HTTP/1.1" status: 200 len: 247 time: 0.0031991
2026-07-24 18:43:35.322 9 INFO neutron.wsgi [-] 10.0.0.97 "GET / HTTP/1.1" status: 200 len: 247 time: 0.0029335
2026-07-24 18:43:50.321 10 INFO neutron.wsgi [-] 10.0.0.97 "GET / HTTP/1.1" status: 200 len: 247 time: 0.0023961
2026-07-24 18:43:50.322 9 INFO neutron.wsgi [-] 10.0.0.97 "GET / HTTP/1.1" status: 200 len: 247 time: 0.0033345
2026-07-24 18:44:05.321 10 INFO neutron.wsgi [-] 10.0.0.97 "GET / HTTP/1.1" status: 200 len: 247 time: 0.0022018
2026-07-24 18:44:05.322 9 INFO neutron.wsgi [-] 10.0.0.97 "GET / HTTP/1.1" status: 200 len: 247 time: 0.0035121
2026-07-24 18:44:16.155 10 INFO neutron.wsgi [None req-76736c84-e9a5-4564-b08c-ab20d050f8e4 b14169f80e504ebebb83ae9e9c79e7ee e7b59c0201624c6a83648ab178708d6c - - default default] 10.0.0.114 "GET /v2.0/network-ip-availabilities HTTP/1.1" status: 200 len: 1280 time: 0.0557866
2026-07-24 18:44:16.174 10 INFO neutron.wsgi [None req-1869e0a7-1a28-4c01-8fd3-7df50fac78f3 b14169f80e504ebebb83ae9e9c79e7ee e7b59c0201624c6a83648ab178708d6c - - default default] 10.0.0.114 "GET /v2.0/floatingips HTTP/1.1" status: 200 len: 193 time: 0.0180807
2026-07-24 18:44:16.207 10 INFO neutron.wsgi [None req-40c6cdb7-20de-470b-97d0-217789072e0d b14169f80e504ebebb83ae9e9c79e7ee e7b59c0201624c6a83648ab178708d6c - - default default] 10.0.0.114 "GET /v2.0/ports HTTP/1.1" status: 200 len: 5345 time: 0.0305452
2026-07-24 18:44:16.305 10 INFO neutron.wsgi [None req-53b99a17-d2e7-4b86-858a-4e430ee0f8c1 b14169f80e504ebebb83ae9e9c79e7ee e7b59c0201624c6a83648ab178708d6c - - default default] 10.0.0.114 "GET /v2.0/networks HTTP/1.1" status: 200 len: 2350 time: 0.0897641
2026-07-24 18:44:16.381 10 INFO neutron.wsgi [None req-52ba95b6-7ce5-4ca7-8af3-6851477a74e8 b14169f80e504ebebb83ae9e9c79e7ee e7b59c0201624c6a83648ab178708d6c - - default default] 10.0.0.114 "GET /v2.0/security-groups HTTP/1.1" status: 200 len: 16799 time: 0.0745752
2026-07-24 18:44:16.413 10 INFO neutron.wsgi [None req-001555d7-da9a-46c2-b44f-1080a911a1cb b14169f80e504ebebb83ae9e9c79e7ee e7b59c0201624c6a83648ab178708d6c - - default default] 10.0.0.114 "GET /v2.0/routers HTTP/1.1" status: 200 len: 189 time: 0.0264208
2026-07-24 18:44:16.452 10 INFO neutron.wsgi [None req-9630720c-f1ab-4848-93d2-11c4d508105a b14169f80e504ebebb83ae9e9c79e7ee e7b59c0201624c6a83648ab178708d6c - - default default] 10.0.0.114 "GET /v2.0/agents?binary=ovn-controller HTTP/1.1" status: 200 len: 591 time: 0.0380614
2026-07-24 18:44:16.480 10 INFO neutron.wsgi [None req-6e78567d-8f08-42c8-9905-15fb0d0c61c1 b14169f80e504ebebb83ae9e9c79e7ee e7b59c0201624c6a83648ab178708d6c - - default default] 10.0.0.114 "GET /v2.0/subnets HTTP/1.1" status: 200 len: 1437 time: 0.0269291
2026-07-24 18:44:16.490 10 INFO neutron.wsgi [None req-e499005d-b800-40c6-9e14-ceec0bab96f5 b14169f80e504ebebb83ae9e9c79e7ee e7b59c0201624c6a83648ab178708d6c - - default default] 10.0.0.114 "GET /v2.0/subnetpools HTTP/1.1" status: 200 len: 193 time: 0.0081165
2026-07-24 18:44:16.518 10 INFO neutron.wsgi [None req-6dbb4c8b-b5fc-4a37-b773-555cfe1fe691 b14169f80e504ebebb83ae9e9c79e7ee e7b59c0201624c6a83648ab178708d6c - - default default] 10.0.0.114 "GET /v2.0/subnets HTTP/1.1" status: 200 len: 1437 time: 0.0282753
2026-07-24 18:44:16.530 10 INFO neutron.wsgi [None req-0ba6f046-4878-4fef-8053-20e581092b6a b14169f80e504ebebb83ae9e9c79e7ee e7b59c0201624c6a83648ab178708d6c - - default default] 10.0.0.114 "GET /v2.0/agents HTTP/1.1" status: 200 len: 997 time: 0.0097189
2026-07-24 18:44:20.320 9 INFO neutron.wsgi [-] 10.0.0.97 "GET / HTTP/1.1" status: 200 len: 247 time: 0.0018713
2026-07-24 18:44:20.323 9 INFO neutron.wsgi [-] 10.0.0.97 "GET / HTTP/1.1" status: 200 len: 247 time: 0.0020406
2026-07-24 18:44:35.322 10 INFO neutron.wsgi [-] 10.0.0.97 "GET / HTTP/1.1" status: 200 len: 247 time: 0.0028348
2026-07-24 18:44:35.322 9 INFO neutron.wsgi [-] 10.0.0.97 "GET / HTTP/1.1" status: 200 len: 247 time: 0.0031059
2026-07-24 18:44:50.320 9 INFO neutron.wsgi [-] 10.0.0.97 "GET / HTTP/1.1" status: 200 len: 247 time: 0.0017974
2026-07-24 18:44:50.320 10 INFO neutron.wsgi [-] 10.0.0.97 "GET / HTTP/1.1" status: 200 len: 247 time: 0.0017781
2026-07-24 18:45:05.322 9 INFO neutron.wsgi [-] 10.0.0.97 "GET / HTTP/1.1" status: 200 len: 247 time: 0.0025256
2026-07-24 18:45:05.324 10 INFO neutron.wsgi [-] 10.0.0.97 "GET / HTTP/1.1" status: 200 len: 247 time: 0.0044746
2026-07-24 18:45:16.208 10 INFO neutron.wsgi [None req-c94d6de1-496c-4374-9321-b46d77df2d3a b14169f80e504ebebb83ae9e9c79e7ee e7b59c0201624c6a83648ab178708d6c - - default default] 10.0.0.114 "GET /v2.0/ports HTTP/1.1" status: 200 len: 5345 time: 0.0761144
2026-07-24 18:45:16.232 10 INFO neutron.wsgi [None req-4d735920-1110-4fd7-a069-9ac650fa3827 b14169f80e504ebebb83ae9e9c79e7ee e7b59c0201624c6a83648ab178708d6c - - default default] 10.0.0.114 "GET /v2.0/routers HTTP/1.1" status: 200 len: 189 time: 0.0207262
2026-07-24 18:45:16.282 10 INFO neutron.wsgi [None req-719cb858-cc76-4199-ae81-25e6f8dbcadd b14169f80e504ebebb83ae9e9c79e7ee e7b59c0201624c6a83648ab178708d6c - - default default] 10.0.0.114 "GET /v2.0/agents?binary=ovn-controller HTTP/1.1" status: 200 len: 591 time: 0.0499697
2026-07-24 18:45:16.293 10 INFO neutron.wsgi [None req-7ec95a4d-445f-4cf9-b18a-347c1c4022f6 b14169f80e504ebebb83ae9e9c79e7ee e7b59c0201624c6a83648ab178708d6c - - default default] 10.0.0.114 "GET /v2.0/network-ip-availabilities HTTP/1.1" status: 200 len: 1280 time: 0.0103996
2026-07-24 18:45:16.316 10 INFO neutron.wsgi [None req-a2a574b1-92d3-4c9d-a295-8f8a47344f91 b14169f80e504ebebb83ae9e9c79e7ee e7b59c0201624c6a83648ab178708d6c - - default default] 10.0.0.114 "GET /v2.0/floatingips HTTP/1.1" status: 200 len: 193 time: 0.0191200
2026-07-24 18:45:16.373 10 INFO neutron.wsgi [None req-aa7d5a06-9c7a-425d-8a50-9857466afd43 b14169f80e504ebebb83ae9e9c79e7ee e7b59c0201624c6a83648ab178708d6c - - default default] 10.0.0.114 "GET /v2.0/networks HTTP/1.1" status: 200 len: 2350 time: 0.0559154
2026-07-24 18:45:16.398 10 INFO neutron.wsgi [None req-4170883b-668f-4a30-a573-842bfcb610c0 b14169f80e504ebebb83ae9e9c79e7ee e7b59c0201624c6a83648ab178708d6c - - default default] 10.0.0.114 "GET /v2.0/subnets HTTP/1.1" status: 200 len: 1437 time: 0.0234401
2026-07-24 18:45:16.407 10 INFO neutron.wsgi [None req-16f38d01-49fb-4225-ab39-8f55021f85f9 b14169f80e504ebebb83ae9e9c79e7ee e7b59c0201624c6a83648ab178708d6c - - default default] 10.0.0.114 "GET /v2.0/subnetpools HTTP/1.1" status: 200 len: 193 time: 0.0074098
2026-07-24 18:45:16.438 10 INFO neutron.wsgi [None req-4db90f2f-71d5-4434-8284-b95690ec89ab b14169f80e504ebebb83ae9e9c79e7ee e7b59c0201624c6a83648ab178708d6c - - default default] 10.0.0.114 "GET /v2.0/subnets HTTP/1.1" status: 200 len: 1437 time: 0.0301845
2026-07-24 18:45:16.448 10 INFO neutron.wsgi [None req-5e497f33-f3ef-41db-b26e-517bfd566ffc b14169f80e504ebebb83ae9e9c79e7ee e7b59c0201624c6a83648ab178708d6c - - default default] 10.0.0.114 "GET /v2.0/agents HTTP/1.1" status: 200 len: 997 time: 0.0085599
2026-07-24 18:45:16.496 10 INFO neutron.wsgi [None req-8ad9e856-30bd-4b71-99fa-7058cab4bca5 b14169f80e504ebebb83ae9e9c79e7ee e7b59c0201624c6a83648ab178708d6c - - default default] 10.0.0.114 "GET /v2.0/security-groups HTTP/1.1" status: 200 len: 16799 time: 0.0456781
2026-07-24 18:45:20.322 9 INFO neutron.wsgi [-] 10.0.0.97 "GET / HTTP/1.1" status: 200 len: 247 time: 0.0024486
2026-07-24 18:45:20.322 10 INFO neutron.wsgi [-] 10.0.0.97 "GET / HTTP/1.1" status: 200 len: 247 time: 0.0029438
2026-07-24 18:45:35.320 9 INFO neutron.wsgi [-] 10.0.0.97 "GET / HTTP/1.1" status: 200 len: 247 time: 0.0018585
2026-07-24 18:45:35.321 10 INFO neutron.wsgi [-] 10.0.0.97 "GET / HTTP/1.1" status: 200 len: 247 time: 0.0026090
2026-07-24 18:45:50.322 9 INFO neutron.wsgi [-] 10.0.0.97 "GET / HTTP/1.1" status: 200 len: 247 time: 0.0026305
2026-07-24 18:45:50.322 10 INFO neutron.wsgi [-] 10.0.0.97 "GET / HTTP/1.1" status: 200 len: 247 time: 0.0024288
2026-07-24 18:46:05.323 10 INFO neutron.wsgi [-] 10.0.0.97 "GET / HTTP/1.1" status: 200 len: 247 time: 0.0034981
2026-07-24 18:46:05.326 10 INFO neutron.wsgi [-] 10.0.0.97 "GET / HTTP/1.1" status: 200 len: 247 time: 0.0020516
2026-07-24 18:46:16.030 15 INFO neutron.plugins.ml2.drivers.ovn.mech_driver.ovsdb.maintenance [None req-60374cc0-c8d7-4c51-ade3-64d2a96b31d6 - - - - - -] Maintenance task: Synchronization finished (took 0.77 seconds)
2026-07-24 18:46:16.178 10 INFO neutron.wsgi [None req-5b51d675-4cbd-4f13-8bc4-fe8da6c4624c b14169f80e504ebebb83ae9e9c79e7ee e7b59c0201624c6a83648ab178708d6c - - default default] 10.0.0.114 "GET /v2.0/routers HTTP/1.1" status: 200 len: 189 time: 0.0721750
2026-07-24 18:46:16.208 10 INFO neutron.wsgi [None req-d9d9938d-93d9-4a64-bdfc-4223bddf61ce b14169f80e504ebebb83ae9e9c79e7ee e7b59c0201624c6a83648ab178708d6c - - default default] 10.0.0.114 "GET /v2.0/agents?binary=ovn-controller HTTP/1.1" status: 200 len: 591 time: 0.0295472
2026-07-24 18:46:16.217 10 INFO neutron.wsgi [None req-ffdafc87-a692-42b1-b714-3f8ea68f7a60 b14169f80e504ebebb83ae9e9c79e7ee e7b59c0201624c6a83648ab178708d6c - - default default] 10.0.0.114 "GET /v2.0/network-ip-availabilities HTTP/1.1" status: 200 len: 1280 time: 0.0083203
2026-07-24 18:46:16.273 10 INFO neutron.wsgi [None req-97ad8400-2840-4a7f-9ee9-a7b24e4a0432 b14169f80e504ebebb83ae9e9c79e7ee e7b59c0201624c6a83648ab178708d6c - - default default] 10.0.0.114 "GET /v2.0/security-groups HTTP/1.1" status: 200 len: 16799 time: 0.0548074
2026-07-24 18:46:16.338 10 INFO neutron.wsgi [None req-0e698be6-e3fc-4b82-9d3f-8126112f532f b14169f80e504ebebb83ae9e9c79e7ee e7b59c0201624c6a83648ab178708d6c - - default default] 10.0.0.114 "GET /v2.0/subnets HTTP/1.1" status: 200 len: 1437 time: 0.0564985
2026-07-24 18:46:16.357 10 INFO neutron.wsgi [None req-0548fe91-a9be-417e-94fb-b51e46b7d34e b14169f80e504ebebb83ae9e9c79e7ee e7b59c0201624c6a83648ab178708d6c - - default default] 10.0.0.114 "GET /v2.0/subnetpools HTTP/1.1" status: 200 len: 193 time: 0.0183091
2026-07-24 18:46:16.377 10 INFO neutron.wsgi [None req-7f811b78-ec5c-4c0f-8fbb-04c92f1e1ec8 b14169f80e504ebebb83ae9e9c79e7ee e7b59c0201624c6a83648ab178708d6c - - default default] 10.0.0.114 "GET /v2.0/floatingips HTTP/1.1" status: 200 len: 193 time: 0.0183382
2026-07-24 18:46:16.439 10 INFO neutron.wsgi [None req-3b04e883-3b45-4242-9aaa-03118f6c5707 b14169f80e504ebebb83ae9e9c79e7ee e7b59c0201624c6a83648ab178708d6c - - default default] 10.0.0.114 "GET /v2.0/networks HTTP/1.1" status: 200 len: 2350 time: 0.0617139
2026-07-24 18:46:16.472 10 INFO neutron.wsgi [None req-7a4abbde-688e-4072-8a45-5df78802f3c1 b14169f80e504ebebb83ae9e9c79e7ee e7b59c0201624c6a83648ab178708d6c - - default default] 10.0.0.114 "GET /v2.0/subnets HTTP/1.1" status: 200 len: 1437 time: 0.0302272
2026-07-24 18:46:16.503 10 INFO neutron.wsgi [None req-3ba055f5-603f-48ea-9976-c352ee0d0cbe b14169f80e504ebebb83ae9e9c79e7ee e7b59c0201624c6a83648ab178708d6c - - default default] 10.0.0.114 "GET /v2.0/ports HTTP/1.1" status: 200 len: 5345 time: 0.0292110
2026-07-24 18:46:16.521 10 INFO neutron.wsgi [None req-77d30667-2bf6-4d1e-9749-aed9cfbffa25 b14169f80e504ebebb83ae9e9c79e7ee e7b59c0201624c6a83648ab178708d6c - - default default] 10.0.0.114 "GET /v2.0/agents HTTP/1.1" status: 200 len: 997 time: 0.0119123
2026-07-24 18:46:20.321 9 INFO neutron.wsgi [-] 10.0.0.97 "GET / HTTP/1.1" status: 200 len: 247 time: 0.0018666
2026-07-24 18:46:20.323 9 INFO neutron.wsgi [-] 10.0.0.97 "GET / HTTP/1.1" status: 200 len: 247 time: 0.0013604
2026-07-24 18:46:35.322 9 INFO neutron.wsgi [-] 10.0.0.97 "GET / HTTP/1.1" status: 200 len: 247 time: 0.0035033
2026-07-24 18:46:35.329 9 INFO neutron.wsgi [-] 10.0.0.97 "GET / HTTP/1.1" status: 200 len: 247 time: 0.0058005
2026-07-24 18:46:50.323 10 INFO neutron.wsgi [-] 10.0.0.97 "GET / HTTP/1.1" status: 200 len: 247 time: 0.0032303
2026-07-24 18:46:50.326 10 INFO neutron.wsgi [-] 10.0.0.97 "GET / HTTP/1.1" status: 200 len: 247 time: 0.0020494
2026-07-24 18:47:05.321 9 INFO neutron.wsgi [-] 10.0.0.97 "GET / HTTP/1.1" status: 200 len: 247 time: 0.0028448
2026-07-24 18:47:05.324 9 INFO neutron.wsgi [-] 10.0.0.97 "GET / HTTP/1.1" status: 200 len: 247 time: 0.0020018
2026-07-24 18:47:16.187 10 INFO neutron.wsgi [None req-ee9d3d0d-8b4b-409d-ac2d-5ec1a9f18307 b14169f80e504ebebb83ae9e9c79e7ee e7b59c0201624c6a83648ab178708d6c - - default default] 10.0.0.114 "GET /v2.0/security-groups HTTP/1.1" status: 200 len: 16799 time: 0.0870631
2026-07-24 18:47:16.226 10 INFO neutron.wsgi [None req-fb1dec6b-dd8b-4f08-867e-5135c9b4b476 b14169f80e504ebebb83ae9e9c79e7ee e7b59c0201624c6a83648ab178708d6c - - default default] 10.0.0.114 "GET /v2.0/subnets HTTP/1.1" status: 200 len: 1437 time: 0.0335655
2026-07-24 18:47:16.254 10 INFO neutron.wsgi [None req-28bbf98a-2c87-4230-a596-a64434b44e09 b14169f80e504ebebb83ae9e9c79e7ee e7b59c0201624c6a83648ab178708d6c - - default default] 10.0.0.114 "GET /v2.0/floatingips HTTP/1.1" status: 200 len: 193 time: 0.0269084
2026-07-24 18:47:16.307 10 INFO neutron.wsgi [None req-177c2e29-549a-4a89-9006-5caa660b95ca b14169f80e504ebebb83ae9e9c79e7ee e7b59c0201624c6a83648ab178708d6c - - default default] 10.0.0.114 "GET /v2.0/ports HTTP/1.1" status: 200 len: 5345 time: 0.0516312
2026-07-24 18:47:16.349 10 INFO neutron.wsgi [None req-fac9b2bc-25e5-4995-9ba2-5da42bcd672d b14169f80e504ebebb83ae9e9c79e7ee e7b59c0201624c6a83648ab178708d6c - - default default] 10.0.0.114 "GET /v2.0/routers HTTP/1.1" status: 200 len: 189 time: 0.0373058
2026-07-24 18:47:16.385 10 INFO neutron.wsgi [None req-04227956-a1c1-473c-913b-8f7f96a08d77 b14169f80e504ebebb83ae9e9c79e7ee e7b59c0201624c6a83648ab178708d6c - - default default] 10.0.0.114 "GET /v2.0/agents?binary=ovn-controller HTTP/1.1" status: 200 len: 591 time: 0.0350001
2026-07-24 18:47:16.396 10 INFO neutron.wsgi [None req-51ece09b-de47-4ad9-9423-bca025956e4e b14169f80e504ebebb83ae9e9c79e7ee e7b59c0201624c6a83648ab178708d6c - - default default] 10.0.0.114 "GET /v2.0/network-ip-availabilities HTTP/1.1" status: 200 len: 1280 time: 0.0109289
2026-07-24 18:47:16.427 10 INFO neutron.wsgi [None req-aa9b86cc-b2af-419c-9da1-61d27d3d3fe4 b14169f80e504ebebb83ae9e9c79e7ee e7b59c0201624c6a83648ab178708d6c - - default default] 10.0.0.114 "GET /v2.0/subnets HTTP/1.1" status: 200 len: 1437 time: 0.0301993
2026-07-24 18:47:16.436 10 INFO neutron.wsgi [None req-db65d1ad-ae7c-4429-af5e-1265c29cc9fd b14169f80e504ebebb83ae9e9c79e7ee e7b59c0201624c6a83648ab178708d6c - - default default] 10.0.0.114 "GET /v2.0/subnetpools HTTP/1.1" status: 200 len: 193 time: 0.0079837
2026-07-24 18:47:16.498 10 INFO neutron.wsgi [None req-de94b2af-1707-45f2-a8b3-5b41ec986bbd b14169f80e504ebebb83ae9e9c79e7ee e7b59c0201624c6a83648ab178708d6c - - default default] 10.0.0.114 "GET /v2.0/networks HTTP/1.1" status: 200 len: 2350 time: 0.0610540
2026-07-24 18:47:16.512 10 INFO neutron.wsgi [None req-7db04098-808a-44f2-97fa-6b63a456fa98 b14169f80e504ebebb83ae9e9c79e7ee e7b59c0201624c6a83648ab178708d6c - - default default] 10.0.0.114 "GET /v2.0/agents HTTP/1.1" status: 200 len: 997 time: 0.0121038
2026-07-24 18:47:20.322 10 INFO neutron.wsgi [-] 10.0.0.97 "GET / HTTP/1.1" status: 200 len: 247 time: 0.0025725
2026-07-24 18:47:20.323 9 INFO neutron.wsgi [-] 10.0.0.97 "GET / HTTP/1.1" status: 200 len: 247 time: 0.0036433
2026-07-24 18:47:35.320 10 INFO neutron.wsgi [-] 10.0.0.97 "GET / HTTP/1.1" status: 200 len: 247 time: 0.0013955
2026-07-24 18:47:35.322 9 INFO neutron.wsgi [-] 10.0.0.97 "GET / HTTP/1.1" status: 200 len: 247 time: 0.0033035
2026-07-24 18:47:50.323 10 INFO neutron.wsgi [-] 10.0.0.97 "GET / HTTP/1.1" status: 200 len: 247 time: 0.0039928
2026-07-24 18:47:50.324 9 INFO neutron.wsgi [-] 10.0.0.97 "GET / HTTP/1.1" status: 200 len: 247 time: 0.0049901
2026-07-24 18:48:05.320 9 INFO neutron.wsgi [-] 10.0.0.97 "GET / HTTP/1.1" status: 200 len: 247 time: 0.0016856
2026-07-24 18:48:05.322 9 INFO neutron.wsgi [-] 10.0.0.97 "GET / HTTP/1.1" status: 200 len: 247 time: 0.0012891
2026-07-24 18:48:16.158 10 INFO neutron.wsgi [None req-c66c94de-3d04-456f-a9ec-a4034ea6ff6f b14169f80e504ebebb83ae9e9c79e7ee e7b59c0201624c6a83648ab178708d6c - - default default] 10.0.0.114 "GET /v2.0/floatingips HTTP/1.1" status: 200 len: 193 time: 0.0632813
2026-07-24 18:48:16.190 10 INFO neutron.wsgi [None req-7e4a1c40-e953-4bb3-93e0-e6bee8b99368 b14169f80e504ebebb83ae9e9c79e7ee e7b59c0201624c6a83648ab178708d6c - - default default] 10.0.0.114 "GET /v2.0/subnets HTTP/1.1" status: 200 len: 1437 time: 0.0310106
2026-07-24 18:48:16.205 10 INFO neutron.wsgi [None req-62ae9bfc-dee0-4d93-8a10-d78ba19ce8c2 b14169f80e504ebebb83ae9e9c79e7ee e7b59c0201624c6a83648ab178708d6c - - default default] 10.0.0.114 "GET /v2.0/subnetpools HTTP/1.1" status: 200 len: 193 time: 0.0136259
2026-07-24 18:48:16.278 10 INFO neutron.wsgi [None req-f044a68d-0d6f-426e-ac3c-51214da1ac2d b14169f80e504ebebb83ae9e9c79e7ee e7b59c0201624c6a83648ab178708d6c - - default default] 10.0.0.114 "GET /v2.0/security-groups HTTP/1.1" status: 200 len: 16799 time: 0.0721338
2026-07-24 18:48:16.313 10 INFO neutron.wsgi [None req-83ae0807-daec-48aa-83af-8369b2e15111 b14169f80e504ebebb83ae9e9c79e7ee e7b59c0201624c6a83648ab178708d6c - - default default] 10.0.0.114 "GET /v2.0/ports HTTP/1.1" status: 200 len: 5345 time: 0.0319667
2026-07-24 18:48:16.366 10 INFO neutron.wsgi [None req-7426e848-4e41-4b7f-9d3e-93c9cf001fdd b14169f80e504ebebb83ae9e9c79e7ee e7b59c0201624c6a83648ab178708d6c - - default default] 10.0.0.114 "GET /v2.0/agents HTTP/1.1" status: 200 len: 997 time: 0.0477753
2026-07-24 18:48:16.381 10 INFO neutron.wsgi [None req-878258e5-1d22-47b3-ae4a-11fc792168d4 b14169f80e504ebebb83ae9e9c79e7ee e7b59c0201624c6a83648ab178708d6c - - default default] 10.0.0.114 "GET /v2.0/network-ip-availabilities HTTP/1.1" status: 200 len: 1280 time: 0.0135555
2026-07-24 18:48:16.442 10 INFO neutron.wsgi [None req-62d61bd0-53cb-473f-8602-3060d8f35904 b14169f80e504ebebb83ae9e9c79e7ee e7b59c0201624c6a83648ab178708d6c - - default default] 10.0.0.114 "GET /v2.0/networks HTTP/1.1" status: 200 len: 2350 time: 0.0594087
2026-07-24 18:48:16.478 10 INFO neutron.wsgi [None req-782340b7-25a6-4c49-a08a-e5bcfbff4f20 b14169f80e504ebebb83ae9e9c79e7ee e7b59c0201624c6a83648ab178708d6c - - default default] 10.0.0.114 "GET /v2.0/subnets HTTP/1.1" status: 200 len: 1437 time: 0.0333769
2026-07-24 18:48:16.496 10 INFO neutron.wsgi [None req-3050d49e-96a1-4bcb-84b7-39de3e3832fa b14169f80e504ebebb83ae9e9c79e7ee e7b59c0201624c6a83648ab178708d6c - - default default] 10.0.0.114 "GET /v2.0/routers HTTP/1.1" status: 200 len: 189 time: 0.0166488
2026-07-24 18:48:16.504 10 INFO neutron.wsgi [None req-4d83fca8-856a-406c-9658-ee19739c5003 b14169f80e504ebebb83ae9e9c79e7ee e7b59c0201624c6a83648ab178708d6c - - default default] 10.0.0.114 "GET /v2.0/agents?binary=ovn-controller HTTP/1.1" status: 200 len: 591 time: 0.0079577
2026-07-24 18:48:20.322 9 INFO neutron.wsgi [-] 10.0.0.97 "GET / HTTP/1.1" status: 200 len: 247 time: 0.0030394
2026-07-24 18:48:20.323 10 INFO neutron.wsgi [-] 10.0.0.97 "GET / HTTP/1.1" status: 200 len: 247 time: 0.0026455
2026-07-24 18:48:35.320 9 INFO neutron.wsgi [-] 10.0.0.97 "GET / HTTP/1.1" status: 200 len: 247 time: 0.0017478
2026-07-24 18:48:35.321 10 INFO neutron.wsgi [-] 10.0.0.97 "GET / HTTP/1.1" status: 200 len: 247 time: 0.0028710
2026-07-24 18:48:50.322 9 INFO neutron.wsgi [-] 10.0.0.97 "GET / HTTP/1.1" status: 200 len: 247 time: 0.0027819
2026-07-24 18:48:50.324 10 INFO neutron.wsgi [-] 10.0.0.97 "GET / HTTP/1.1" status: 200 len: 247 time: 0.0051787
2026-07-24 18:49:05.321 9 INFO neutron.wsgi [-] 10.0.0.97 "GET / HTTP/1.1" status: 200 len: 247 time: 0.0026567
2026-07-24 18:49:05.323 9 INFO neutron.wsgi [-] 10.0.0.97 "GET / HTTP/1.1" status: 200 len: 247 time: 0.0014262
2026-07-24 18:49:16.183 10 INFO neutron.wsgi [None req-aac6f9d6-c6df-4730-87ca-b721d65cdbf6 b14169f80e504ebebb83ae9e9c79e7ee e7b59c0201624c6a83648ab178708d6c - - default default] 10.0.0.114 "GET /v2.0/network-ip-availabilities HTTP/1.1" status: 200 len: 1280 time: 0.0628400
2026-07-24 18:49:16.239 10 INFO neutron.wsgi [None req-262846cd-61d5-40b8-b39b-3bdbdcd41268 b14169f80e504ebebb83ae9e9c79e7ee e7b59c0201624c6a83648ab178708d6c - - default default] 10.0.0.114 "GET /v2.0/security-groups HTTP/1.1" status: 200 len: 16799 time: 0.0540850
2026-07-24 18:49:16.293 10 INFO neutron.wsgi [None req-bbb6d9a3-afb6-403e-b63b-07d2f316acc5 b14169f80e504ebebb83ae9e9c79e7ee e7b59c0201624c6a83648ab178708d6c - - default default] 10.0.0.114 "GET /v2.0/subnets HTTP/1.1" status: 200 len: 1437 time: 0.0461020
2026-07-24 18:49:16.331 10 INFO neutron.wsgi [None req-f3c622ea-927d-49b7-a8b1-b29dd7d7a2b8 b14169f80e504ebebb83ae9e9c79e7ee e7b59c0201624c6a83648ab178708d6c - - default default] 10.0.0.114 "GET /v2.0/ports HTTP/1.1" status: 200 len: 5345 time: 0.0374305
2026-07-24 18:49:16.382 10 INFO neutron.wsgi [None req-d8bf3b07-5985-4784-904c-534bb8158dd9 b14169f80e504ebebb83ae9e9c79e7ee e7b59c0201624c6a83648ab178708d6c - - default default] 10.0.0.114 "GET /v2.0/subnets HTTP/1.1" status: 200 len: 1437 time: 0.0461023
2026-07-24 18:49:16.395 10 INFO neutron.wsgi [None req-56d797d1-f2e2-4a1e-9e2a-71e65d7e0e7b b14169f80e504ebebb83ae9e9c79e7ee e7b59c0201624c6a83648ab178708d6c - - default default] 10.0.0.114 "GET /v2.0/subnetpools HTTP/1.1" status: 200 len: 193 time: 0.0118127
2026-07-24 18:49:16.414 10 INFO neutron.wsgi [None req-ef222aa9-aa6b-4f67-b13a-0dae48358091 b14169f80e504ebebb83ae9e9c79e7ee e7b59c0201624c6a83648ab178708d6c - - default default] 10.0.0.114 "GET /v2.0/floatingips HTTP/1.1" status: 200 len: 193 time: 0.0176957
2026-07-24 18:49:16.473 10 INFO neutron.wsgi [None req-bcf1ed94-40c5-46db-ba2a-06822e107274 b14169f80e504ebebb83ae9e9c79e7ee e7b59c0201624c6a83648ab178708d6c - - default default] 10.0.0.114 "GET /v2.0/networks HTTP/1.1" status: 200 len: 2350 time: 0.0584350
2026-07-24 18:49:16.495 10 INFO neutron.wsgi [None req-c631d4b2-1cb9-4dcf-892f-0088895b61a2 b14169f80e504ebebb83ae9e9c79e7ee e7b59c0201624c6a83648ab178708d6c - - default default] 10.0.0.114 "GET /v2.0/routers HTTP/1.1" status: 200 len: 189 time: 0.0199590
2026-07-24 18:49:16.530 10 INFO neutron.wsgi [None req-9cc74b12-1876-4a7c-bbb2-74316afb6af3 b14169f80e504ebebb83ae9e9c79e7ee e7b59c0201624c6a83648ab178708d6c - - default default] 10.0.0.114 "GET /v2.0/agents?binary=ovn-controller HTTP/1.1" status: 200 len: 591 time: 0.0341353
2026-07-24 18:49:16.551 10 INFO neutron.wsgi [None req-6c79183a-2d14-4cb6-8e90-1e0a2b556a4b b14169f80e504ebebb83ae9e9c79e7ee e7b59c0201624c6a83648ab178708d6c - - default default] 10.0.0.114 "GET /v2.0/agents HTTP/1.1" status: 200 len: 997 time: 0.0185649
2026-07-24 18:49:20.321 10 INFO neutron.wsgi [-] 10.0.0.97 "GET / HTTP/1.1" status: 200 len: 247 time: 0.0025735
2026-07-24 18:49:20.321 9 INFO neutron.wsgi [-] 10.0.0.97 "GET / HTTP/1.1" status: 200 len: 247 time: 0.0033460
2026-07-24 18:49:35.320 10 INFO neutron.wsgi [-] 10.0.0.97 "GET / HTTP/1.1" status: 200 len: 247 time: 0.0017090
2026-07-24 18:49:35.327 9 INFO neutron.wsgi [-] 10.0.0.97 "GET / HTTP/1.1" status: 200 len: 247 time: 0.0085642
2026-07-24 18:49:50.323 10 INFO neutron.wsgi [-] 10.0.0.97 "GET / HTTP/1.1" status: 200 len: 247 time: 0.0032837
2026-07-24 18:49:50.323 9 INFO neutron.wsgi [-] 10.0.0.97 "GET / HTTP/1.1" status: 200 len: 247 time: 0.0048287
2026-07-24 18:50:05.322 9 INFO neutron.wsgi [-] 10.0.0.97 "GET / HTTP/1.1" status: 200 len: 247 time: 0.0029092
2026-07-24 18:50:05.326 9 INFO neutron.wsgi [-] 10.0.0.97 "GET / HTTP/1.1" status: 200 len: 247 time: 0.0022216
2026-07-24 18:50:16.199 10 INFO neutron.wsgi [None req-355adf29-e99d-4915-883e-b8092b001e93 b14169f80e504ebebb83ae9e9c79e7ee e7b59c0201624c6a83648ab178708d6c - - default default] 10.0.0.114 "GET /v2.0/routers HTTP/1.1" status: 200 len: 189 time: 0.0938282
2026-07-24 18:50:16.242 10 INFO neutron.wsgi [None req-47bb063a-4955-482c-b440-471453f51a5e b14169f80e504ebebb83ae9e9c79e7ee e7b59c0201624c6a83648ab178708d6c - - default default] 10.0.0.114 "GET /v2.0/agents?binary=ovn-controller HTTP/1.1" status: 200 len: 591 time: 0.0422916
2026-07-24 18:50:16.253 10 INFO neutron.wsgi [None req-3f787868-522c-43d1-bf34-e557908f63f4 b14169f80e504ebebb83ae9e9c79e7ee e7b59c0201624c6a83648ab178708d6c - - default default] 10.0.0.114 "GET /v2.0/network-ip-availabilities HTTP/1.1" status: 200 len: 1280 time: 0.0107262
2026-07-24 18:50:16.296 10 INFO neutron.wsgi [None req-b2b57960-9081-48e1-9306-9f8cce926531 b14169f80e504ebebb83ae9e9c79e7ee e7b59c0201624c6a83648ab178708d6c - - default default] 10.0.0.114 "GET /v2.0/subnets HTTP/1.1" status: 200 len: 1437 time: 0.0408664
2026-07-24 18:50:16.307 10 INFO neutron.wsgi [None req-89dfbd26-6f1c-4e22-b366-e827f5d5c897 b14169f80e504ebebb83ae9e9c79e7ee e7b59c0201624c6a83648ab178708d6c - - default default] 10.0.0.114 "GET /v2.0/subnetpools HTTP/1.1" status: 200 len: 193 time: 0.0097356
2026-07-24 18:50:16.372 10 INFO neutron.wsgi [None req-f75ff45f-a6af-4711-b487-60531d4f2ca3 b14169f80e504ebebb83ae9e9c79e7ee e7b59c0201624c6a83648ab178708d6c - - default default] 10.0.0.114 "GET /v2.0/networks HTTP/1.1" status: 200 len: 2350 time: 0.0639439
2026-07-24 18:50:16.406 10 INFO neutron.wsgi [None req-5771dd21-2c22-4a68-b355-22e89b99a88b b14169f80e504ebebb83ae9e9c79e7ee e7b59c0201624c6a83648ab178708d6c - - default default] 10.0.0.114 "GET /v2.0/ports HTTP/1.1" status: 200 len: 5345 time: 0.0317273
2026-07-24 18:50:16.431 10 INFO neutron.wsgi [None req-72dcbe88-b881-49cb-a71e-87cb4dedb4e0 b14169f80e504ebebb83ae9e9c79e7ee e7b59c0201624c6a83648ab178708d6c - - default default] 10.0.0.114 "GET /v2.0/floatingips HTTP/1.1" status: 200 len: 193 time: 0.0214598
2026-07-24 18:50:16.448 10 INFO neutron.wsgi [None req-40496086-9831-4461-b1bc-00b8a163cfdc b14169f80e504ebebb83ae9e9c79e7ee e7b59c0201624c6a83648ab178708d6c - - default default] 10.0.0.114 "GET /v2.0/agents HTTP/1.1" status: 200 len: 997 time: 0.0157366
2026-07-24 18:50:16.493 10 INFO neutron.wsgi [None req-08945296-8ebd-48f5-a615-71c50f20ec50 b14169f80e504ebebb83ae9e9c79e7ee e7b59c0201624c6a83648ab178708d6c - - default default] 10.0.0.114 "GET /v2.0/security-groups HTTP/1.1" status: 200 len: 16799 time: 0.0436177
2026-07-24 18:50:16.530 10 INFO neutron.wsgi [None req-de12046e-7252-4bf5-abac-045ec9673b13 b14169f80e504ebebb83ae9e9c79e7ee e7b59c0201624c6a83648ab178708d6c - - default default] 10.0.0.114 "GET /v2.0/subnets HTTP/1.1" status: 200 len: 1437 time: 0.0342038
2026-07-24 18:50:20.321 9 INFO neutron.wsgi [-] 10.0.0.97 "GET / HTTP/1.1" status: 200 len: 247 time: 0.0018742
2026-07-24 18:50:20.322 10 INFO neutron.wsgi [-] 10.0.0.97 "GET / HTTP/1.1" status: 200 len: 247 time: 0.0028896
2026-07-24 18:50:35.321 9 INFO neutron.wsgi [-] 10.0.0.97 "GET / HTTP/1.1" status: 200 len: 247 time: 0.0020046
2026-07-24 18:50:35.322 10 INFO neutron.wsgi [-] 10.0.0.97 "GET / HTTP/1.1" status: 200 len: 247 time: 0.0025640
2026-07-24 18:50:50.320 9 INFO neutron.wsgi [-] 10.0.0.97 "GET / HTTP/1.1" status: 200 len: 247 time: 0.0024738
2026-07-24 18:50:50.325 10 INFO neutron.wsgi [-] 10.0.0.97 "GET / HTTP/1.1" status: 200 len: 247 time: 0.0072005
2026-07-24 18:51:05.320 9 INFO neutron.wsgi [-] 10.0.0.97 "GET / HTTP/1.1" status: 200 len: 247 time: 0.0016990
2026-07-24 18:51:05.322 10 INFO neutron.wsgi [-] 10.0.0.97 "GET / HTTP/1.1" status: 200 len: 247 time: 0.0032618
2026-07-24 18:51:16.200 10 INFO neutron.wsgi [None req-8bac40e4-ba89-4306-8883-61e982c34d3c b14169f80e504ebebb83ae9e9c79e7ee e7b59c0201624c6a83648ab178708d6c - - default default] 10.0.0.114 "GET /v2.0/ports HTTP/1.1" status: 200 len: 5345 time: 0.0847278
2026-07-24 18:51:16.226 10 INFO neutron.wsgi [None req-5a2c6d1b-a6ba-4dbd-b5cc-34abcd3e2bfe b14169f80e504ebebb83ae9e9c79e7ee e7b59c0201624c6a83648ab178708d6c - - default default] 10.0.0.114 "GET /v2.0/routers HTTP/1.1" status: 200 len: 189 time: 0.0213857
2026-07-24 18:51:16.270 10 INFO neutron.wsgi [None req-e245b851-bc4f-40cb-b09f-664a41930678 b14169f80e504ebebb83ae9e9c79e7ee e7b59c0201624c6a83648ab178708d6c - - default default] 10.0.0.114 "GET /v2.0/agents?binary=ovn-controller HTTP/1.1" status: 200 len: 591 time: 0.0438318
2026-07-24 18:51:16.293 10 INFO neutron.wsgi [None req-9932f667-883b-41b5-b630-dd84277645a2 b14169f80e504ebebb83ae9e9c79e7ee e7b59c0201624c6a83648ab178708d6c - - default default] 10.0.0.114 "GET /v2.0/floatingips HTTP/1.1" status: 200 len: 193 time: 0.0213654
2026-07-24 18:51:16.343 10 INFO neutron.wsgi [None req-48cb6d1b-10e1-46ed-805d-d1619d966f8d b14169f80e504ebebb83ae9e9c79e7ee e7b59c0201624c6a83648ab178708d6c - - default default] 10.0.0.114 "GET /v2.0/networks HTTP/1.1" status: 200 len: 2350 time: 0.0494690
2026-07-24 18:51:16.358 10 INFO neutron.wsgi [None req-592a55d7-2446-4328-b75e-54419c9d1acf b14169f80e504ebebb83ae9e9c79e7ee e7b59c0201624c6a83648ab178708d6c - - default default] 10.0.0.114 "GET /v2.0/agents HTTP/1.1" status: 200 len: 997 time: 0.0125363
2026-07-24 18:51:16.405 10 INFO neutron.wsgi [None req-959f9343-c681-4173-a7ef-752dfed1350b b14169f80e504ebebb83ae9e9c79e7ee e7b59c0201624c6a83648ab178708d6c - - default default] 10.0.0.114 "GET /v2.0/security-groups HTTP/1.1" status: 200 len: 16799 time: 0.0459313
2026-07-24 18:51:16.439 10 INFO neutron.wsgi [None req-4da60375-2fbf-47a1-9c64-7687759bfb8d b14169f80e504ebebb83ae9e9c79e7ee e7b59c0201624c6a83648ab178708d6c - - default default] 10.0.0.114 "GET /v2.0/subnets HTTP/1.1" status: 200 len: 1437 time: 0.0286417
2026-07-24 18:51:16.467 10 INFO neutron.wsgi [None req-926e2c4d-caac-4866-9904-21b764026a6c b14169f80e504ebebb83ae9e9c79e7ee e7b59c0201624c6a83648ab178708d6c - - default default] 10.0.0.114 "GET /v2.0/subnets HTTP/1.1" status: 200 len: 1437 time: 0.0271740
2026-07-24 18:51:16.476 10 INFO neutron.wsgi [None req-b4f5cbba-e2e0-4e57-b2e9-1bb1f5044a5b b14169f80e504ebebb83ae9e9c79e7ee e7b59c0201624c6a83648ab178708d6c - - default default] 10.0.0.114 "GET /v2.0/subnetpools HTTP/1.1" status: 200 len: 193 time: 0.0081296
2026-07-24 18:51:16.489 10 INFO neutron.wsgi [None req-45939ddf-f5b2-416b-8fde-3cd2d69ac98f b14169f80e504ebebb83ae9e9c79e7ee e7b59c0201624c6a83648ab178708d6c - - default default] 10.0.0.114 "GET /v2.0/network-ip-availabilities HTTP/1.1" status: 200 len: 1280 time: 0.0115108
2026-07-24 18:51:20.321 10 INFO neutron.wsgi [-] 10.0.0.97 "GET / HTTP/1.1" status: 200 len: 247 time: 0.0019431
2026-07-24 18:51:20.324 9 INFO neutron.wsgi [-] 10.0.0.97 "GET / HTTP/1.1" status: 200 len: 247 time: 0.0045722
2026-07-24 18:51:35.322 9 INFO neutron.wsgi [-] 10.0.0.97 "GET / HTTP/1.1" status: 200 len: 247 time: 0.0025990
2026-07-24 18:51:35.324 9 INFO neutron.wsgi [-] 10.0.0.97 "GET / HTTP/1.1" status: 200 len: 247 time: 0.0021749
2026-07-24 18:51:50.324 9 INFO neutron.wsgi [-] 10.0.0.97 "GET / HTTP/1.1" status: 200 len: 247 time: 0.0057933
2026-07-24 18:51:50.324 10 INFO neutron.wsgi [-] 10.0.0.97 "GET / HTTP/1.1" status: 200 len: 247 time: 0.0021858
2026-07-24 18:52:05.322 10 INFO neutron.wsgi [-] 10.0.0.97 "GET / HTTP/1.1" status: 200 len: 247 time: 0.0029678
2026-07-24 18:52:05.322 9 INFO neutron.wsgi [-] 10.0.0.97 "GET / HTTP/1.1" status: 200 len: 247 time: 0.0034320
2026-07-24 18:52:16.221 10 INFO neutron.wsgi [None req-15a1de9b-3d8f-4742-8e79-cd63413c573f b14169f80e504ebebb83ae9e9c79e7ee e7b59c0201624c6a83648ab178708d6c - - default default] 10.0.0.114 "GET /v2.0/floatingips HTTP/1.1" status: 200 len: 193 time: 0.0736175
2026-07-24 18:52:16.295 10 INFO neutron.wsgi [None req-6c258ffd-ce26-4ac1-bfcd-953a131f3e92 b14169f80e504ebebb83ae9e9c79e7ee e7b59c0201624c6a83648ab178708d6c - - default default] 10.0.0.114 "GET /v2.0/networks HTTP/1.1" status: 200 len: 2350 time: 0.0733683
2026-07-24 18:52:16.358 10 INFO neutron.wsgi [None req-cf4578a7-520b-4980-8030-f860f0bc234a b14169f80e504ebebb83ae9e9c79e7ee e7b59c0201624c6a83648ab178708d6c - - default default] 10.0.0.114 "GET /v2.0/security-groups HTTP/1.1" status: 200 len: 16799 time: 0.0588024
2026-07-24 18:52:16.396 10 INFO neutron.wsgi [None req-04432657-1313-4488-ae8f-dc855524207d b14169f80e504ebebb83ae9e9c79e7ee e7b59c0201624c6a83648ab178708d6c - - default default] 10.0.0.114 "GET /v2.0/ports HTTP/1.1" status: 200 len: 5345 time: 0.0340419
2026-07-24 18:52:16.421 10 INFO neutron.wsgi [None req-6d3cb997-bfa6-48d5-afb2-c8ee20aae923 b14169f80e504ebebb83ae9e9c79e7ee e7b59c0201624c6a83648ab178708d6c - - default default] 10.0.0.114 "GET /v2.0/routers HTTP/1.1" status: 200 len: 189 time: 0.0187080
2026-07-24 18:52:16.452 10 INFO neutron.wsgi [None req-6acf3e89-f39e-4f36-86f1-fcc7da205041 b14169f80e504ebebb83ae9e9c79e7ee e7b59c0201624c6a83648ab178708d6c - - default default] 10.0.0.114 "GET /v2.0/agents?binary=ovn-controller HTTP/1.1" status: 200 len: 591 time: 0.0301332
2026-07-24 18:52:16.461 10 INFO neutron.wsgi [None req-930a4981-691e-4795-aad1-e502a74f35e2 b14169f80e504ebebb83ae9e9c79e7ee e7b59c0201624c6a83648ab178708d6c - - default default] 10.0.0.114 "GET /v2.0/agents HTTP/1.1" status: 200 len: 997 time: 0.0076616
2026-07-24 18:52:16.495 10 INFO neutron.wsgi [None req-ecc309f3-5e14-4d79-8b42-eafb10f7d1b8 b14169f80e504ebebb83ae9e9c79e7ee e7b59c0201624c6a83648ab178708d6c - - default default] 10.0.0.114 "GET /v2.0/subnets HTTP/1.1" status: 200 len: 1437 time: 0.0333641
2026-07-24 18:52:16.506 10 INFO neutron.wsgi [None req-79ce79a8-7e59-4cab-81fc-9dcc084fb735 b14169f80e504ebebb83ae9e9c79e7ee e7b59c0201624c6a83648ab178708d6c - - default default] 10.0.0.114 "GET /v2.0/network-ip-availabilities HTTP/1.1" status: 200 len: 1280 time: 0.0097528
2026-07-24 18:52:16.531 10 INFO neutron.wsgi [None req-b467609b-82b6-441f-b0e7-14d514a2403d b14169f80e504ebebb83ae9e9c79e7ee e7b59c0201624c6a83648ab178708d6c - - default default] 10.0.0.114 "GET /v2.0/subnets HTTP/1.1" status: 200 len: 1437 time: 0.0238125
2026-07-24 18:52:16.539 10 INFO neutron.wsgi [None req-c31953ea-df67-4b0d-a23e-21dc1cbb8d61 b14169f80e504ebebb83ae9e9c79e7ee e7b59c0201624c6a83648ab178708d6c - - default default] 10.0.0.114 "GET /v2.0/subnetpools HTTP/1.1" status: 200 len: 193 time: 0.0074284
2026-07-24 18:52:20.321 9 INFO neutron.wsgi [-] 10.0.0.97 "GET / HTTP/1.1" status: 200 len: 247 time: 0.0018268
2026-07-24 18:52:20.323 9 INFO neutron.wsgi [-] 10.0.0.97 "GET / HTTP/1.1" status: 200 len: 247 time: 0.0012901
2026-07-24 18:52:35.322 10 INFO neutron.wsgi [-] 10.0.0.97 "GET / HTTP/1.1" status: 200 len: 247 time: 0.0027678
2026-07-24 18:52:35.322 9 INFO neutron.wsgi [-] 10.0.0.97 "GET / HTTP/1.1" status: 200 len: 247 time: 0.0031328
2026-07-24 18:52:50.322 9 INFO neutron.wsgi [-] 10.0.0.97 "GET / HTTP/1.1" status: 200 len: 247 time: 0.0034592
2026-07-24 18:52:50.326 9 INFO neutron.wsgi [-] 10.0.0.97 "GET / HTTP/1.1" status: 200 len: 247 time: 0.0019646
2026-07-24 18:53:05.322 9 INFO neutron.wsgi [-] 10.0.0.97 "GET / HTTP/1.1" status: 200 len: 247 time: 0.0035102
2026-07-24 18:53:05.324 10 INFO neutron.wsgi [-] 10.0.0.97 "GET / HTTP/1.1" status: 200 len: 247 time: 0.0049572
2026-07-24 18:53:16.233 10 INFO neutron.wsgi [None req-b90c9a65-14f5-4ba2-b87b-c8e588e56dc2 b14169f80e504ebebb83ae9e9c79e7ee e7b59c0201624c6a83648ab178708d6c - - default default] 10.0.0.114 "GET /v2.0/floatingips HTTP/1.1" status: 200 len: 193 time: 0.0721760
2026-07-24 18:53:16.324 10 INFO neutron.wsgi [None req-1134e946-b5ae-4854-9710-65602a38136f b14169f80e504ebebb83ae9e9c79e7ee e7b59c0201624c6a83648ab178708d6c - - default default] 10.0.0.114 "GET /v2.0/networks HTTP/1.1" status: 200 len: 2350 time: 0.0907686
2026-07-24 18:53:16.370 10 INFO neutron.wsgi [None req-2d20e93e-cc65-46c0-999f-a44ab2f7c595 b14169f80e504ebebb83ae9e9c79e7ee e7b59c0201624c6a83648ab178708d6c - - default default] 10.0.0.114 "GET /v2.0/ports HTTP/1.1" status: 200 len: 5345 time: 0.0439301
2026-07-24 18:53:16.409 10 INFO neutron.wsgi [None req-f51a47c7-0a49-4b9e-9700-a7badebf439b b14169f80e504ebebb83ae9e9c79e7ee e7b59c0201624c6a83648ab178708d6c - - default default] 10.0.0.114 "GET /v2.0/subnets HTTP/1.1" status: 200 len: 1437 time: 0.0305386
2026-07-24 18:53:16.421 10 INFO neutron.wsgi [None req-a3a499f5-7195-44f3-9baa-08b84cb5d5fc b14169f80e504ebebb83ae9e9c79e7ee e7b59c0201624c6a83648ab178708d6c - - default default] 10.0.0.114 "GET /v2.0/subnetpools HTTP/1.1" status: 200 len: 193 time: 0.0117259
2026-07-24 18:53:16.434 10 INFO neutron.wsgi [None req-fcdea93e-8d9a-40d8-b75e-9f146859de67 b14169f80e504ebebb83ae9e9c79e7ee e7b59c0201624c6a83648ab178708d6c - - default default] 10.0.0.114 "GET /v2.0/network-ip-availabilities HTTP/1.1" status: 200 len: 1280 time: 0.0127680
2026-07-24 18:53:16.503 10 INFO neutron.wsgi [None req-42a5399f-30a6-4a62-9208-4e4f46e87aba b14169f80e504ebebb83ae9e9c79e7ee e7b59c0201624c6a83648ab178708d6c - - default default] 10.0.0.114 "GET /v2.0/subnets HTTP/1.1" status: 200 len: 1437 time: 0.0674014
2026-07-24 18:53:16.528 10 INFO neutron.wsgi [None req-8cb810a1-ad9f-417d-a12e-2589285bfd40 b14169f80e504ebebb83ae9e9c79e7ee e7b59c0201624c6a83648ab178708d6c - - default default] 10.0.0.114 "GET /v2.0/routers HTTP/1.1" status: 200 len: 189 time: 0.0236042
2026-07-24 18:53:16.567 10 INFO neutron.wsgi [None req-0af3dcbf-19fd-461a-b163-477c2647fc1f b14169f80e504ebebb83ae9e9c79e7ee e7b59c0201624c6a83648ab178708d6c - - default default] 10.0.0.114 "GET /v2.0/agents?binary=ovn-controller HTTP/1.1" status: 200 len: 591 time: 0.0384812
2026-07-24 18:53:16.578 10 INFO neutron.wsgi [None req-d4a33dca-409b-43a8-817b-9315daf66d5d b14169f80e504ebebb83ae9e9c79e7ee e7b59c0201624c6a83648ab178708d6c - - default default] 10.0.0.114 "GET /v2.0/agents HTTP/1.1" status: 200 len: 997 time: 0.0100439
2026-07-24 18:53:16.622 10 INFO neutron.wsgi [None req-aed37b0f-94fb-46cd-aafc-027f5e346ec7 b14169f80e504ebebb83ae9e9c79e7ee e7b59c0201624c6a83648ab178708d6c - - default default] 10.0.0.114 "GET /v2.0/security-groups HTTP/1.1" status: 200 len: 16799 time: 0.0425625
2026-07-24 18:53:20.319 10 INFO neutron.wsgi [-] 10.0.0.97 "GET / HTTP/1.1" status: 200 len: 247 time: 0.0013273
2026-07-24 18:53:20.320 9 INFO neutron.wsgi [-] 10.0.0.97 "GET / HTTP/1.1" status: 200 len: 247 time: 0.0017087
2026-07-24 18:53:35.320 9 INFO neutron.wsgi [-] 10.0.0.97 "GET / HTTP/1.1" status: 200 len: 247 time: 0.0019069
2026-07-24 18:53:35.322 10 INFO neutron.wsgi [-] 10.0.0.97 "GET / HTTP/1.1" status: 200 len: 247 time: 0.0029519
2026-07-24 18:53:50.321 10 INFO neutron.wsgi [-] 10.0.0.97 "GET / HTTP/1.1" status: 200 len: 247 time: 0.0017934
2026-07-24 18:53:50.323 9 INFO neutron.wsgi [-] 10.0.0.97 "GET / HTTP/1.1" status: 200 len: 247 time: 0.0041623
2026-07-24 18:53:54.329 9 INFO neutron.db.ovn_revision_numbers_db [None req-66bd8954-e72b-4e58-9e23-3682a1579daa b14169f80e504ebebb83ae9e9c79e7ee e7b59c0201624c6a83648ab178708d6c - - default default] Successfully bumped revision number for resource 3eb06d63-f85d-4e58-b793-570103d2f93f (type: security_groups) to 1
2026-07-24 18:53:54.348 9 INFO neutron.db.ovn_revision_numbers_db [None req-66bd8954-e72b-4e58-9e23-3682a1579daa b14169f80e504ebebb83ae9e9c79e7ee e7b59c0201624c6a83648ab178708d6c - - default default] Successfully bumped revision number for resource 468769fe-5b33-4c54-beb4-9b8d41bc46ad (type: security_group_rules) to 0
2026-07-24 18:53:54.365 9 INFO neutron.db.ovn_revision_numbers_db [None req-66bd8954-e72b-4e58-9e23-3682a1579daa b14169f80e504ebebb83ae9e9c79e7ee e7b59c0201624c6a83648ab178708d6c - - default default] Successfully bumped revision number for resource 67f1077a-4c77-410a-901f-aa91c87137e9 (type: security_group_rules) to 0
2026-07-24 18:53:54.381 9 INFO neutron.db.ovn_revision_numbers_db [None req-66bd8954-e72b-4e58-9e23-3682a1579daa b14169f80e504ebebb83ae9e9c79e7ee e7b59c0201624c6a83648ab178708d6c - - default default] Successfully bumped revision number for resource b61f8750-5954-4575-b415-e206b55daa2e (type: security_group_rules) to 0
2026-07-24 18:53:54.397 9 INFO neutron.db.ovn_revision_numbers_db [None req-66bd8954-e72b-4e58-9e23-3682a1579daa b14169f80e504ebebb83ae9e9c79e7ee e7b59c0201624c6a83648ab178708d6c - - default default] Successfully bumped revision number for resource d2a53529-e858-4635-9f90-5e07e66b82b1 (type: security_group_rules) to 0
2026-07-24 18:53:54.419 9 INFO neutron.wsgi [None req-66bd8954-e72b-4e58-9e23-3682a1579daa b14169f80e504ebebb83ae9e9c79e7ee e7b59c0201624c6a83648ab178708d6c - - default default] 10.0.0.151 "GET /v2.0/security-groups?tenant_id=adc32043453640c7ab3ace7428ecfbfc&name=default HTTP/1.1" status: 200 len: 3000 time: 0.3842018
2026-07-24 18:53:54.622 10 INFO neutron.wsgi [None req-97445d94-7ad9-4f29-b26b-5053e884d652 b14169f80e504ebebb83ae9e9c79e7ee e7b59c0201624c6a83648ab178708d6c - - default default] 10.0.0.151 "DELETE /v2.0/security-groups/3eb06d63-f85d-4e58-b793-570103d2f93f HTTP/1.1" status: 204 len: 168 time: 0.1956253
2026-07-24 18:53:54.828 10 INFO neutron.db.ovn_revision_numbers_db [None req-83c7c1bd-e7ad-4401-be0c-24d6dec8489c b14169f80e504ebebb83ae9e9c79e7ee e7b59c0201624c6a83648ab178708d6c - - default default] Successfully bumped revision number for resource 37b59c71-7e87-4afd-83cf-29fdaa3b7e26 (type: security_groups) to 1
2026-07-24 18:53:54.842 10 INFO neutron.db.ovn_revision_numbers_db [None req-83c7c1bd-e7ad-4401-be0c-24d6dec8489c b14169f80e504ebebb83ae9e9c79e7ee e7b59c0201624c6a83648ab178708d6c - - default default] Successfully bumped revision number for resource 059ef312-fc46-451e-a1f6-c4b8dfdf9d49 (type: security_group_rules) to 0
2026-07-24 18:53:54.856 10 INFO neutron.db.ovn_revision_numbers_db [None req-83c7c1bd-e7ad-4401-be0c-24d6dec8489c b14169f80e504ebebb83ae9e9c79e7ee e7b59c0201624c6a83648ab178708d6c - - default default] Successfully bumped revision number for resource 4fbdcd7e-d1a9-4b20-81dd-d2c51efed2a3 (type: security_group_rules) to 0
2026-07-24 18:53:54.870 10 INFO neutron.db.ovn_revision_numbers_db [None req-83c7c1bd-e7ad-4401-be0c-24d6dec8489c b14169f80e504ebebb83ae9e9c79e7ee e7b59c0201624c6a83648ab178708d6c - - default default] Successfully bumped revision number for resource 56afcc91-75a8-4588-9caa-220136e95d56 (type: security_group_rules) to 0
2026-07-24 18:53:54.883 10 INFO neutron.db.ovn_revision_numbers_db [None req-83c7c1bd-e7ad-4401-be0c-24d6dec8489c b14169f80e504ebebb83ae9e9c79e7ee e7b59c0201624c6a83648ab178708d6c - - default default] Successfully bumped revision number for resource 909dbb6e-d401-4fde-8388-745fe8a038bb (type: security_group_rules) to 0
2026-07-24 18:53:54.905 10 INFO neutron.wsgi [None req-83c7c1bd-e7ad-4401-be0c-24d6dec8489c b14169f80e504ebebb83ae9e9c79e7ee e7b59c0201624c6a83648ab178708d6c - - default default] 10.0.0.151 "GET /v2.0/security-groups?tenant_id=49c05a25326a46d9a1864e0255b3aa6c&name=default HTTP/1.1" status: 200 len: 3000 time: 0.1770179
2026-07-24 18:53:55.100 10 INFO neutron.wsgi [None req-cd787d10-11d2-4af9-a319-d730e21aa3cb b14169f80e504ebebb83ae9e9c79e7ee e7b59c0201624c6a83648ab178708d6c - - default default] 10.0.0.151 "DELETE /v2.0/security-groups/37b59c71-7e87-4afd-83cf-29fdaa3b7e26 HTTP/1.1" status: 204 len: 168 time: 0.1884940
2026-07-24 18:53:55.371 10 INFO neutron.db.ovn_revision_numbers_db [None req-7ad8d59d-055b-45ee-9a32-b3747867f542 b14169f80e504ebebb83ae9e9c79e7ee e7b59c0201624c6a83648ab178708d6c - - default default] Successfully bumped revision number for resource be70cf4d-4a20-4ca0-ad19-afc177b3a060 (type: security_groups) to 1
2026-07-24 18:53:55.386 10 INFO neutron.db.ovn_revision_numbers_db [None req-7ad8d59d-055b-45ee-9a32-b3747867f542 b14169f80e504ebebb83ae9e9c79e7ee e7b59c0201624c6a83648ab178708d6c - - default default] Successfully bumped revision number for resource 19f5c07f-6dd3-4f85-8003-2ef059dca678 (type: security_group_rules) to 0
2026-07-24 18:53:55.402 10 INFO neutron.db.ovn_revision_numbers_db [None req-7ad8d59d-055b-45ee-9a32-b3747867f542 b14169f80e504ebebb83ae9e9c79e7ee e7b59c0201624c6a83648ab178708d6c - - default default] Successfully bumped revision number for resource 373469a6-47cf-42dc-883e-99c068fa0d97 (type: security_group_rules) to 0
2026-07-24 18:53:55.420 10 INFO neutron.db.ovn_revision_numbers_db [None req-7ad8d59d-055b-45ee-9a32-b3747867f542 b14169f80e504ebebb83ae9e9c79e7ee e7b59c0201624c6a83648ab178708d6c - - default default] Successfully bumped revision number for resource 6764df92-2f78-432c-bcb1-0a1d0e604c6c (type: security_group_rules) to 0
2026-07-24 18:53:55.436 10 INFO neutron.db.ovn_revision_numbers_db [None req-7ad8d59d-055b-45ee-9a32-b3747867f542 b14169f80e504ebebb83ae9e9c79e7ee e7b59c0201624c6a83648ab178708d6c - - default default] Successfully bumped revision number for resource baacc1c6-799e-4de7-84f8-259036d89114 (type: security_group_rules) to 0
2026-07-24 18:53:55.469 10 INFO neutron.wsgi [None req-7ad8d59d-055b-45ee-9a32-b3747867f542 b14169f80e504ebebb83ae9e9c79e7ee e7b59c0201624c6a83648ab178708d6c - - default default] 10.0.0.151 "GET /v2.0/security-groups?tenant_id=368b0939240647f5b7c06dd7be8b4aa9&name=default HTTP/1.1" status: 200 len: 3000 time: 0.2178621
2026-07-24 18:53:55.667 10 INFO neutron.wsgi [None req-9c1fb035-8c55-4df6-84b8-5d2d0b678ae0 b14169f80e504ebebb83ae9e9c79e7ee e7b59c0201624c6a83648ab178708d6c - - default default] 10.0.0.151 "DELETE /v2.0/security-groups/be70cf4d-4a20-4ca0-ad19-afc177b3a060 HTTP/1.1" status: 204 len: 168 time: 0.1923716
2026-07-24 18:53:55.936 10 INFO neutron.db.ovn_revision_numbers_db [None req-6f84a1d6-7541-4c88-87b1-f67d14b46f80 b14169f80e504ebebb83ae9e9c79e7ee e7b59c0201624c6a83648ab178708d6c - - default default] Successfully bumped revision number for resource 240a3422-cee2-48af-a553-f4f8ddea91e6 (type: security_groups) to 1
2026-07-24 18:53:55.951 10 INFO neutron.db.ovn_revision_numbers_db [None req-6f84a1d6-7541-4c88-87b1-f67d14b46f80 b14169f80e504ebebb83ae9e9c79e7ee e7b59c0201624c6a83648ab178708d6c - - default default] Successfully bumped revision number for resource 407aec61-c2f3-4568-a75a-38b8f2cabf25 (type: security_group_rules) to 0
2026-07-24 18:53:55.964 10 INFO neutron.db.ovn_revision_numbers_db [None req-6f84a1d6-7541-4c88-87b1-f67d14b46f80 b14169f80e504ebebb83ae9e9c79e7ee e7b59c0201624c6a83648ab178708d6c - - default default] Successfully bumped revision number for resource 4cf12788-6725-45f7-b4ed-be340082f033 (type: security_group_rules) to 0
2026-07-24 18:53:55.980 10 INFO neutron.db.ovn_revision_numbers_db [None req-6f84a1d6-7541-4c88-87b1-f67d14b46f80 b14169f80e504ebebb83ae9e9c79e7ee e7b59c0201624c6a83648ab178708d6c - - default default] Successfully bumped revision number for resource 5a4dc4c5-cc02-41b1-9d48-eabc71ab3fa8 (type: security_group_rules) to 0
2026-07-24 18:53:55.994 10 INFO neutron.db.ovn_revision_numbers_db [None req-6f84a1d6-7541-4c88-87b1-f67d14b46f80 b14169f80e504ebebb83ae9e9c79e7ee e7b59c0201624c6a83648ab178708d6c - - default default] Successfully bumped revision number for resource e5137aec-59ca-46fc-8ceb-adbb7eb3ce02 (type: security_group_rules) to 0
2026-07-24 18:53:56.017 10 INFO neutron.wsgi [None req-6f84a1d6-7541-4c88-87b1-f67d14b46f80 b14169f80e504ebebb83ae9e9c79e7ee e7b59c0201624c6a83648ab178708d6c - - default default] 10.0.0.151 "GET /v2.0/security-groups?tenant_id=e2547b0e62054158b714985928c3b0f4&name=default HTTP/1.1" status: 200 len: 3000 time: 0.2004931
2026-07-24 18:53:56.200 10 INFO neutron.wsgi [None req-a0f3706b-92e8-4767-b32e-fbd8af6e9e20 b14169f80e504ebebb83ae9e9c79e7ee e7b59c0201624c6a83648ab178708d6c - - default default] 10.0.0.151 "DELETE /v2.0/security-groups/240a3422-cee2-48af-a553-f4f8ddea91e6 HTTP/1.1" status: 204 len: 168 time: 0.1759531
2026-07-24 18:53:56.480 10 INFO neutron.db.ovn_revision_numbers_db [None req-e5b616b9-225a-4f72-923e-fa9c96772af0 b14169f80e504ebebb83ae9e9c79e7ee e7b59c0201624c6a83648ab178708d6c - - default default] Successfully bumped revision number for resource e08321bb-73bc-48fe-9641-b3d6b75114ec (type: security_groups) to 1
2026-07-24 18:53:56.494 10 INFO neutron.db.ovn_revision_numbers_db [None req-e5b616b9-225a-4f72-923e-fa9c96772af0 b14169f80e504ebebb83ae9e9c79e7ee e7b59c0201624c6a83648ab178708d6c - - default default] Successfully bumped revision number for resource 0f303e05-a73f-40a8-b94d-3ad6ba687503 (type: security_group_rules) to 0
2026-07-24 18:53:56.507 10 INFO neutron.db.ovn_revision_numbers_db [None req-e5b616b9-225a-4f72-923e-fa9c96772af0 b14169f80e504ebebb83ae9e9c79e7ee e7b59c0201624c6a83648ab178708d6c - - default default] Successfully bumped revision number for resource 1a818777-2487-49c4-9835-706f3aaf7c4c (type: security_group_rules) to 0
