2026-07-24 18:40:05.024 9 WARNING neutron.api.rpc.agentnotifiers.dhcp_rpc_agent_api [None req-9d32b03f-8262-4c14-9e5b-af640ad56df6 1061bf2945824206b5ad538848e84f8f 0dbb8e54b71c44b2b0389b291bdb76e4 - - default default] Unable to schedule network b96c6570-9241-45ff-8f7a-067254e8b0d2: no agents available; will retry on subsequent port and subnet creation events.
2026-07-24 18:40:05.154 10 WARNING neutron.scheduler.dhcp_agent_scheduler [None req-5f5314ec-00ff-47c4-b103-185a714c4a6a fe7859668cf44050abba225fbe931238 ec3e421a7b0548f0b3a1a2b124b73620 - - default default] No more DHCP agents
2026-07-24 18:40:05.157 10 WARNING neutron.api.rpc.agentnotifiers.dhcp_rpc_agent_api [None req-5f5314ec-00ff-47c4-b103-185a714c4a6a fe7859668cf44050abba225fbe931238 ec3e421a7b0548f0b3a1a2b124b73620 - - default default] Unable to schedule network 9a77acd2-e163-4ab2-b968-25079d0177fa: no agents available; will retry on subsequent port and subnet creation events.
2026-07-24 18:40:05.189 10 INFO neutron.db.ovn_revision_numbers_db [None req-5f5314ec-00ff-47c4-b103-185a714c4a6a fe7859668cf44050abba225fbe931238 ec3e421a7b0548f0b3a1a2b124b73620 - - default default] Successfully bumped revision number for resource 28eb7ba7-3e8c-4f53-b054-b3e5b0de998e (type: subnets) to 0
2026-07-24 18:40:05.203 10 INFO neutron.wsgi [None req-5f5314ec-00ff-47c4-b103-185a714c4a6a fe7859668cf44050abba225fbe931238 ec3e421a7b0548f0b3a1a2b124b73620 - - default default] 10.0.0.151 "POST /v2.0/subnets HTTP/1.1" status: 201 len: 848 time: 0.2947371
2026-07-24 18:40:05.316 10 INFO neutron.db.segments_db [None req-787e0797-07d0-4395-81f0-59d122268cdd fe7859668cf44050abba225fbe931238 ec3e421a7b0548f0b3a1a2b124b73620 - - default default] Added segment 6ef3a2f2-78b2-4843-a51a-f324e1735ca6 of type geneve for network d13060b0-39ac-42d4-8214-42856e72951b
2026-07-24 18:40:05.320 9 INFO neutron.wsgi [-] 10.0.0.97 "GET / HTTP/1.1" status: 200 len: 247 time: 0.0016372
2026-07-24 18:40:05.321 10 INFO neutron.wsgi [-] 10.0.0.97 "GET / HTTP/1.1" status: 200 len: 247 time: 0.0017049
2026-07-24 18:40:05.467 10 INFO neutron.db.ovn_revision_numbers_db [None req-787e0797-07d0-4395-81f0-59d122268cdd fe7859668cf44050abba225fbe931238 ec3e421a7b0548f0b3a1a2b124b73620 - - default default] Successfully bumped revision number for resource d13060b0-39ac-42d4-8214-42856e72951b (type: networks) to 1
2026-07-24 18:40:05.502 9 INFO neutron.db.ovn_revision_numbers_db [None req-9d32b03f-8262-4c14-9e5b-af640ad56df6 1061bf2945824206b5ad538848e84f8f 0dbb8e54b71c44b2b0389b291bdb76e4 - - default default] Successfully bumped revision number for resource f2841bd5-6d36-4f24-a0d2-6561a5ef3d0d (type: ports) to 2
2026-07-24 18:40:05.538 9 INFO neutron.db.ovn_revision_numbers_db [None req-9d32b03f-8262-4c14-9e5b-af640ad56df6 1061bf2945824206b5ad538848e84f8f 0dbb8e54b71c44b2b0389b291bdb76e4 - - default default] Successfully bumped revision number for resource b40a80ee-51fe-4c0e-94ed-55571f6e6f82 (type: subnets) to 0
2026-07-24 18:40:05.554 9 INFO neutron.wsgi [None req-9d32b03f-8262-4c14-9e5b-af640ad56df6 1061bf2945824206b5ad538848e84f8f 0dbb8e54b71c44b2b0389b291bdb76e4 - - default default] 10.0.0.151 "POST /v2.0/subnets HTTP/1.1" status: 201 len: 816 time: 0.7600672
2026-07-24 18:40:05.591 10 INFO neutron.wsgi [None req-b024a4b3-ad28-41c0-9ac0-ddf1e0fb9355 72f26960fe2b4849b38f4670d38a9872 911362dcb31f4af2b6d365a53c7f194b - - default default] 10.0.0.151 "GET /v2.0/ports/b2082d5b-395f-4c89-b8b8-f8b64c0cc700 HTTP/1.1" status: 200 len: 1135 time: 0.0500653
2026-07-24 18:40:05.652 9 INFO neutron.db.segments_db [None req-9faf142e-e4d0-4b5d-b625-8ebfdb57b1ce 1061bf2945824206b5ad538848e84f8f 0dbb8e54b71c44b2b0389b291bdb76e4 - - default default] Added segment 1218460a-e66f-4b8a-957d-e015f3ba6e64 of type geneve for network 0b7e013b-0801-4d53-9853-a8ff8181cee2
2026-07-24 18:40:05.685 10 WARNING neutron.scheduler.dhcp_agent_scheduler [None req-787e0797-07d0-4395-81f0-59d122268cdd fe7859668cf44050abba225fbe931238 ec3e421a7b0548f0b3a1a2b124b73620 - - default default] No more DHCP agents
2026-07-24 18:40:05.690 10 WARNING neutron.api.rpc.agentnotifiers.dhcp_rpc_agent_api [None req-787e0797-07d0-4395-81f0-59d122268cdd fe7859668cf44050abba225fbe931238 ec3e421a7b0548f0b3a1a2b124b73620 - - default default] Unable to schedule network d13060b0-39ac-42d4-8214-42856e72951b: no agents available; will retry on subsequent port and subnet creation events.
2026-07-24 18:40:05.814 10 INFO neutron.db.ovn_revision_numbers_db [None req-787e0797-07d0-4395-81f0-59d122268cdd fe7859668cf44050abba225fbe931238 ec3e421a7b0548f0b3a1a2b124b73620 - - default default] Successfully bumped revision number for resource f776c6a5-f490-44e6-a3fd-12401757ec7f (type: ports) to 1
2026-07-24 18:40:05.826 9 INFO neutron.db.ovn_revision_numbers_db [None req-9faf142e-e4d0-4b5d-b625-8ebfdb57b1ce 1061bf2945824206b5ad538848e84f8f 0dbb8e54b71c44b2b0389b291bdb76e4 - - default default] Successfully bumped revision number for resource 0b7e013b-0801-4d53-9853-a8ff8181cee2 (type: networks) to 1
2026-07-24 18:40:05.843 10 INFO neutron.wsgi [None req-787e0797-07d0-4395-81f0-59d122268cdd fe7859668cf44050abba225fbe931238 ec3e421a7b0548f0b3a1a2b124b73620 - - default default] 10.0.0.151 "POST /v2.0/networks HTTP/1.1" status: 201 len: 846 time: 0.6334009
2026-07-24 18:40:06.032 9 WARNING neutron.scheduler.dhcp_agent_scheduler [None req-9faf142e-e4d0-4b5d-b625-8ebfdb57b1ce 1061bf2945824206b5ad538848e84f8f 0dbb8e54b71c44b2b0389b291bdb76e4 - - default default] No more DHCP agents
2026-07-24 18:40:06.034 9 WARNING neutron.api.rpc.agentnotifiers.dhcp_rpc_agent_api [None req-9faf142e-e4d0-4b5d-b625-8ebfdb57b1ce 1061bf2945824206b5ad538848e84f8f 0dbb8e54b71c44b2b0389b291bdb76e4 - - default default] Unable to schedule network 0b7e013b-0801-4d53-9853-a8ff8181cee2: no agents available; will retry on subsequent port and subnet creation events.
2026-07-24 18:40:06.055 10 INFO neutron.db.ovn_revision_numbers_db [None req-545ac793-8dc7-4f8d-9e8b-c35b63b78a44 fe7859668cf44050abba225fbe931238 ec3e421a7b0548f0b3a1a2b124b73620 - - default default] Successfully bumped revision number for resource d13060b0-39ac-42d4-8214-42856e72951b (type: networks) to 2
2026-07-24 18:40:06.059 10 INFO neutron.wsgi [None req-545ac793-8dc7-4f8d-9e8b-c35b63b78a44 fe7859668cf44050abba225fbe931238 ec3e421a7b0548f0b3a1a2b124b73620 - - default default] 10.0.0.151 "PUT /v2.0/networks/d13060b0-39ac-42d4-8214-42856e72951b HTTP/1.1" status: 200 len: 792 time: 0.2130723
2026-07-24 18:40:06.139 9 INFO neutron.db.ovn_revision_numbers_db [None req-9faf142e-e4d0-4b5d-b625-8ebfdb57b1ce 1061bf2945824206b5ad538848e84f8f 0dbb8e54b71c44b2b0389b291bdb76e4 - - default default] Successfully bumped revision number for resource b2175558-c6c8-457c-95a6-f9d19694cb11 (type: ports) to 1
2026-07-24 18:40:06.159 9 INFO neutron.wsgi [None req-9faf142e-e4d0-4b5d-b625-8ebfdb57b1ce 1061bf2945824206b5ad538848e84f8f 0dbb8e54b71c44b2b0389b291bdb76e4 - - default default] 10.0.0.151 "POST /v2.0/networks HTTP/1.1" status: 201 len: 842 time: 0.5989974
2026-07-24 18:40:06.213 10 WARNING neutron.plugins.ml2.drivers.ovn.mech_driver.ovsdb.ovn_client [None req-471dd909-38a0-4c1c-a8f5-fbcdbd1f2722 - - - - - -] No hosting information found for port 93b25cda-e068-4bf1-944d-57914dfdb75e: RuntimeError: No hosting information found for port 93b25cda-e068-4bf1-944d-57914dfdb75e
2026-07-24 18:40:06.213 10 INFO neutron.plugins.ml2.drivers.ovn.mech_driver.mech_driver [None req-471dd909-38a0-4c1c-a8f5-fbcdbd1f2722 - - - - - -] OVN reports status up for port: b2082d5b-395f-4c89-b8b8-f8b64c0cc700
2026-07-24 18:40:06.237 10 INFO neutron.plugins.ml2.plugin [None req-471dd909-38a0-4c1c-a8f5-fbcdbd1f2722 - - - - - -] Attempt 1 to provision port b2082d5b-395f-4c89-b8b8-f8b64c0cc700
2026-07-24 18:40:06.454 10 INFO neutron.db.ovn_revision_numbers_db [None req-8c9617e7-fa0d-476d-9fd4-baf5d2f529b4 1061bf2945824206b5ad538848e84f8f 0dbb8e54b71c44b2b0389b291bdb76e4 - - default default] Successfully bumped revision number for resource 0b7e013b-0801-4d53-9853-a8ff8181cee2 (type: networks) to 2
2026-07-24 18:40:06.457 10 INFO neutron.wsgi [None req-8c9617e7-fa0d-476d-9fd4-baf5d2f529b4 1061bf2945824206b5ad538848e84f8f 0dbb8e54b71c44b2b0389b291bdb76e4 - - default default] 10.0.0.151 "PUT /v2.0/networks/0b7e013b-0801-4d53-9853-a8ff8181cee2 HTTP/1.1" status: 200 len: 792 time: 0.2939789
2026-07-24 18:40:06.474 10 WARNING neutron.scheduler.dhcp_agent_scheduler [None req-7c6b4ec5-a281-4f6d-a8e4-d582fa770983 fe7859668cf44050abba225fbe931238 ec3e421a7b0548f0b3a1a2b124b73620 - - default default] No more DHCP agents
2026-07-24 18:40:06.478 10 WARNING neutron.api.rpc.agentnotifiers.dhcp_rpc_agent_api [None req-7c6b4ec5-a281-4f6d-a8e4-d582fa770983 fe7859668cf44050abba225fbe931238 ec3e421a7b0548f0b3a1a2b124b73620 - - default default] Unable to schedule network d13060b0-39ac-42d4-8214-42856e72951b: no agents available; will retry on subsequent port and subnet creation events.
2026-07-24 18:40:06.517 10 INFO neutron.db.ovn_revision_numbers_db [None req-7c6b4ec5-a281-4f6d-a8e4-d582fa770983 fe7859668cf44050abba225fbe931238 ec3e421a7b0548f0b3a1a2b124b73620 - - default default] Successfully bumped revision number for resource f5ffb7df-d5cf-403a-8ee2-7fcd481a71dd (type: subnets) to 0
2026-07-24 18:40:06.538 10 INFO neutron.wsgi [None req-7c6b4ec5-a281-4f6d-a8e4-d582fa770983 fe7859668cf44050abba225fbe931238 ec3e421a7b0548f0b3a1a2b124b73620 - - default default] 10.0.0.151 "POST /v2.0/subnets HTTP/1.1" status: 201 len: 821 time: 0.4725459
2026-07-24 18:40:06.636 9 INFO neutron.wsgi [None req-05e9fbce-c1ad-43e8-afac-03b07cdf8fe2 72f26960fe2b4849b38f4670d38a9872 911362dcb31f4af2b6d365a53c7f194b - - default default] 10.0.0.151 "GET /v2.0/ports/b2082d5b-395f-4c89-b8b8-f8b64c0cc700 HTTP/1.1" status: 200 len: 1137 time: 0.0383141
2026-07-24 18:40:06.653 10 INFO neutron.db.ovn_revision_numbers_db [None req-471dd909-38a0-4c1c-a8f5-fbcdbd1f2722 - - - - - -] Successfully bumped revision number for resource b2082d5b-395f-4c89-b8b8-f8b64c0cc700 (type: ports) to 2
2026-07-24 18:40:06.827 9 WARNING neutron.scheduler.dhcp_agent_scheduler [None req-f19a7c2a-d8dc-41d0-a5aa-597e6fdf9b92 1061bf2945824206b5ad538848e84f8f 0dbb8e54b71c44b2b0389b291bdb76e4 - - default default] No more DHCP agents
2026-07-24 18:40:06.831 9 WARNING neutron.api.rpc.agentnotifiers.dhcp_rpc_agent_api [None req-f19a7c2a-d8dc-41d0-a5aa-597e6fdf9b92 1061bf2945824206b5ad538848e84f8f 0dbb8e54b71c44b2b0389b291bdb76e4 - - default default] Unable to schedule network 0b7e013b-0801-4d53-9853-a8ff8181cee2: no agents available; will retry on subsequent port and subnet creation events.
2026-07-24 18:40:06.844 10 INFO neutron.db.ovn_revision_numbers_db [None req-471dd909-38a0-4c1c-a8f5-fbcdbd1f2722 - - - - - -] Successfully bumped revision number for resource b2082d5b-395f-4c89-b8b8-f8b64c0cc700 (type: router_ports) to 2
2026-07-24 18:40:06.877 9 INFO neutron.db.ovn_revision_numbers_db [None req-260c1d5e-381c-4977-9222-a07e128bf8d2 9e2cbed3eae44a01986ad16b68f925bc 7c8fad7c284646f58ae492fccd5bcd6e - - default default] Successfully bumped revision number for resource 5a5e1ec9-f381-4abb-8c6d-bb4056401705 (type: security_groups) to 1
2026-07-24 18:40:06.908 9 INFO neutron.db.ovn_revision_numbers_db [None req-260c1d5e-381c-4977-9222-a07e128bf8d2 9e2cbed3eae44a01986ad16b68f925bc 7c8fad7c284646f58ae492fccd5bcd6e - - default default] Successfully bumped revision number for resource 07ed4378-c634-48b6-905f-06e0d5ba4b5f (type: security_group_rules) to 0
2026-07-24 18:40:06.936 9 INFO neutron.db.ovn_revision_numbers_db [None req-260c1d5e-381c-4977-9222-a07e128bf8d2 9e2cbed3eae44a01986ad16b68f925bc 7c8fad7c284646f58ae492fccd5bcd6e - - default default] Successfully bumped revision number for resource 95552779-d7a8-4783-a290-53a3989d6f2b (type: security_group_rules) to 0
2026-07-24 18:40:06.966 9 INFO neutron.db.ovn_revision_numbers_db [None req-260c1d5e-381c-4977-9222-a07e128bf8d2 9e2cbed3eae44a01986ad16b68f925bc 7c8fad7c284646f58ae492fccd5bcd6e - - default default] Successfully bumped revision number for resource dee4eb5b-c55c-44c0-9f1a-1f7ce3144f32 (type: security_group_rules) to 0
2026-07-24 18:40:07.021 9 INFO neutron.db.ovn_revision_numbers_db [None req-260c1d5e-381c-4977-9222-a07e128bf8d2 9e2cbed3eae44a01986ad16b68f925bc 7c8fad7c284646f58ae492fccd5bcd6e - - default default] Successfully bumped revision number for resource ef802265-9f8a-4a8d-94d0-13baacecb6de (type: security_group_rules) to 0
2026-07-24 18:40:07.115 9 INFO neutron.db.segments_db [None req-260c1d5e-381c-4977-9222-a07e128bf8d2 9e2cbed3eae44a01986ad16b68f925bc 7c8fad7c284646f58ae492fccd5bcd6e - - default default] Added segment dfad17ac-c22d-492b-ae9d-c91f71c8c256 of type geneve for network 64aea3b9-73b7-47aa-a558-b1acfea12851
2026-07-24 18:40:07.412 10 INFO neutron.db.ovn_revision_numbers_db [None req-d74577b4-9c22-442e-8402-c70d3289941d fe7859668cf44050abba225fbe931238 ec3e421a7b0548f0b3a1a2b124b73620 - - default default] Successfully bumped revision number for resource f776c6a5-f490-44e6-a3fd-12401757ec7f (type: ports) to 2
2026-07-24 18:40:07.448 10 INFO neutron.db.ovn_revision_numbers_db [None req-d74577b4-9c22-442e-8402-c70d3289941d fe7859668cf44050abba225fbe931238 ec3e421a7b0548f0b3a1a2b124b73620 - - default default] Successfully bumped revision number for resource f5ffb7df-d5cf-403a-8ee2-7fcd481a71dd (type: subnets) to 1
2026-07-24 18:40:07.451 10 INFO neutron.wsgi [None req-d74577b4-9c22-442e-8402-c70d3289941d fe7859668cf44050abba225fbe931238 ec3e421a7b0548f0b3a1a2b124b73620 - - default default] 10.0.0.151 "PUT /v2.0/subnets/f5ffb7df-d5cf-403a-8ee2-7fcd481a71dd HTTP/1.1" status: 200 len: 826 time: 0.9069662
2026-07-24 18:40:07.621 9 INFO neutron.db.ovn_revision_numbers_db [None req-260c1d5e-381c-4977-9222-a07e128bf8d2 9e2cbed3eae44a01986ad16b68f925bc 7c8fad7c284646f58ae492fccd5bcd6e - - default default] Successfully bumped revision number for resource 64aea3b9-73b7-47aa-a558-b1acfea12851 (type: networks) to 1
2026-07-24 18:40:07.923 9 WARNING neutron.scheduler.dhcp_agent_scheduler [None req-260c1d5e-381c-4977-9222-a07e128bf8d2 9e2cbed3eae44a01986ad16b68f925bc 7c8fad7c284646f58ae492fccd5bcd6e - - default default] No more DHCP agents
2026-07-24 18:40:07.936 10 INFO neutron.services.segments.plugin [-] Segment 6ef3a2f2-78b2-4843-a51a-f324e1735ca6 resource provider aggregate not found
2026-07-24 18:40:07.939 9 WARNING neutron.api.rpc.agentnotifiers.dhcp_rpc_agent_api [None req-260c1d5e-381c-4977-9222-a07e128bf8d2 9e2cbed3eae44a01986ad16b68f925bc 7c8fad7c284646f58ae492fccd5bcd6e - - default default] Unable to schedule network 64aea3b9-73b7-47aa-a558-b1acfea12851: no agents available; will retry on subsequent port and subnet creation events.
2026-07-24 18:40:07.951 10 INFO neutron.services.segments.plugin [-] Segment 6ef3a2f2-78b2-4843-a51a-f324e1735ca6 resource provider aggregate not found
2026-07-24 18:40:07.957 10 INFO neutron.services.segments.plugin [-] Segment 6ef3a2f2-78b2-4843-a51a-f324e1735ca6 resource provider not found; error: Placement Client Error (4xx): {"errors": [{"status": 404, "title": "Not Found", "detail": "The resource could not be found.\n\n No resource provider with uuid 6ef3a2f2-78b2-4843-a51a-f324e1735ca6 found for delete ", "request_id": "req-8ad783e6-9485-4ddd-a618-4f13e53d2f07"}]}
2026-07-24 18:40:07.989 10 INFO neutron.wsgi [None req-d448e915-edc7-47c5-b417-15285b152b10 fe7859668cf44050abba225fbe931238 ec3e421a7b0548f0b3a1a2b124b73620 - - default default] 10.0.0.151 "DELETE /v2.0/networks/d13060b0-39ac-42d4-8214-42856e72951b HTTP/1.1" status: 204 len: 168 time: 0.5307677
2026-07-24 18:40:07.992 10 INFO neutron.services.segments.plugin [-] Segment 6ef3a2f2-78b2-4843-a51a-f324e1735ca6 resource provider not found; error: Placement Client Error (4xx): {"errors": [{"status": 404, "title": "Not Found", "detail": "The resource could not be found.\n\n No resource provider with uuid 6ef3a2f2-78b2-4843-a51a-f324e1735ca6 found for delete ", "request_id": "req-1445536d-10ef-4d07-a9a4-2f2c39d8e676"}]}
2026-07-24 18:40:08.015 10 INFO neutron.pecan_wsgi.hooks.translation [None req-d606984d-61a3-45e5-baf2-cf1d3d35cb16 fe7859668cf44050abba225fbe931238 ec3e421a7b0548f0b3a1a2b124b73620 - - default default] DELETE failed (client error): The resource could not be found.
2026-07-24 18:40:08.018 10 INFO neutron.wsgi [None req-d606984d-61a3-45e5-baf2-cf1d3d35cb16 fe7859668cf44050abba225fbe931238 ec3e421a7b0548f0b3a1a2b124b73620 - - default default] 10.0.0.151 "DELETE /v2.0/networks/d13060b0-39ac-42d4-8214-42856e72951b HTTP/1.1" status: 404 len: 339 time: 0.0214300
2026-07-24 18:40:08.023 9 INFO neutron.db.ovn_revision_numbers_db [None req-f19a7c2a-d8dc-41d0-a5aa-597e6fdf9b92 1061bf2945824206b5ad538848e84f8f 0dbb8e54b71c44b2b0389b291bdb76e4 - - default default] Successfully bumped revision number for resource b2175558-c6c8-457c-95a6-f9d19694cb11 (type: ports) to 2
2026-07-24 18:40:08.031 9 INFO neutron.wsgi [None req-012ab2fa-10b4-4525-b0b9-f0335d509824 72f26960fe2b4849b38f4670d38a9872 911362dcb31f4af2b6d365a53c7f194b - - default default] 10.0.0.151 "PUT /v2.0/routers/3d68e54c-37a6-4232-8f13-873a15262b7a/remove_router_interface HTTP/1.1" status: 200 len: 503 time: 1.3827810 /var/lib/openstack/lib/python3.10/site-packages/pycadf/identifier.py:71: UserWarning: Invalid uuid: neutron. To ensure interoperability, identifiers should be a valid uuid. warnings.warn(('Invalid uuid: %s. To ensure interoperability, '
2026-07-24 18:40:08.108 9 INFO neutron.db.ovn_revision_numbers_db [None req-f19a7c2a-d8dc-41d0-a5aa-597e6fdf9b92 1061bf2945824206b5ad538848e84f8f 0dbb8e54b71c44b2b0389b291bdb76e4 - - default default] Successfully bumped revision number for resource 35dbac4d-35db-40ca-b39f-13c572a3804b (type: subnets) to 0
2026-07-24 18:40:08.115 9 INFO neutron.db.ovn_revision_numbers_db [None req-260c1d5e-381c-4977-9222-a07e128bf8d2 9e2cbed3eae44a01986ad16b68f925bc 7c8fad7c284646f58ae492fccd5bcd6e - - default default] Successfully bumped revision number for resource 27a96e92-2c4d-47ed-a98d-0d824284c5d3 (type: ports) to 1
2026-07-24 18:40:08.141 9 INFO neutron.wsgi [None req-f19a7c2a-d8dc-41d0-a5aa-597e6fdf9b92 1061bf2945824206b5ad538848e84f8f 0dbb8e54b71c44b2b0389b291bdb76e4 - - default default] 10.0.0.151 "POST /v2.0/subnets HTTP/1.1" status: 201 len: 801 time: 1.6784775
2026-07-24 18:40:08.170 9 INFO neutron.wsgi [None req-260c1d5e-381c-4977-9222-a07e128bf8d2 9e2cbed3eae44a01986ad16b68f925bc 7c8fad7c284646f58ae492fccd5bcd6e - - default default] 10.0.0.151 "POST /v2.0/networks HTTP/1.1" status: 201 len: 828 time: 1.7282953
2026-07-24 18:40:08.188 9 INFO neutron.wsgi [None req-dd7d7c7d-8650-404a-a124-f7b3d0350875 72f26960fe2b4849b38f4670d38a9872 911362dcb31f4af2b6d365a53c7f194b - - default default] 10.0.0.151 "GET /v2.0/ports/93b25cda-e068-4bf1-944d-57914dfdb75e HTTP/1.1" status: 200 len: 1137 time: 0.1515775
2026-07-24 18:40:08.344 10 INFO neutron.wsgi [None req-e01a722b-3023-4922-9b64-4f8b64d46b0d fe7859668cf44050abba225fbe931238 ec3e421a7b0548f0b3a1a2b124b73620 - - default default] 10.0.0.151 "GET /v2.0/networks?router%3Aexternal=True HTTP/1.1" status: 200 len: 845 time: 0.3216057
2026-07-24 18:40:08.414 10 INFO neutron.wsgi [None req-889404a5-531a-4e96-90f6-6caa2d0547b4 fe7859668cf44050abba225fbe931238 ec3e421a7b0548f0b3a1a2b124b73620 - - default default] 10.0.0.151 "GET /v2.0/subnets?network_id=b698e4bc-0c33-4947-b580-a326040f7572 HTTP/1.1" status: 200 len: 820 time: 0.0631859
2026-07-24 18:40:08.426 10 INFO neutron.wsgi [None req-808b5c4a-cdf5-4981-88ee-73c04258250f fe7859668cf44050abba225fbe931238 ec3e421a7b0548f0b3a1a2b124b73620 - - default default] 10.0.0.151 "GET /v2.0/extensions HTTP/1.1" status: 200 len: 16520 time: 0.0066128
2026-07-24 18:40:08.522 10 INFO neutron.wsgi [None req-9ddfdc0a-ace6-4b6b-8498-91ce05551909 fe7859668cf44050abba225fbe931238 ec3e421a7b0548f0b3a1a2b124b73620 - - default default] 10.0.0.151 "GET /v2.0/networks HTTP/1.1" status: 200 len: 1508 time: 0.0898354
2026-07-24 18:40:08.570 10 INFO neutron.wsgi [None req-fbe54c4d-86c4-4831-a911-89fbb137f2df fe7859668cf44050abba225fbe931238 ec3e421a7b0548f0b3a1a2b124b73620 - - default default] 10.0.0.151 "GET /v2.0/subnets HTTP/1.1" status: 200 len: 1460 time: 0.0418496
2026-07-24 18:40:08.593 9 WARNING neutron.scheduler.dhcp_agent_scheduler [None req-87616b27-8fcd-429e-91b1-f3bcee803c12 9e2cbed3eae44a01986ad16b68f925bc 7c8fad7c284646f58ae492fccd5bcd6e - - default default] No more DHCP agents
2026-07-24 18:40:08.598 9 WARNING neutron.api.rpc.agentnotifiers.dhcp_rpc_agent_api [None req-87616b27-8fcd-429e-91b1-f3bcee803c12 9e2cbed3eae44a01986ad16b68f925bc 7c8fad7c284646f58ae492fccd5bcd6e - - default default] Unable to schedule network 64aea3b9-73b7-47aa-a558-b1acfea12851: no agents available; will retry on subsequent port and subnet creation events.
2026-07-24 18:40:08.644 10 INFO neutron.wsgi [None req-9f55adfb-9668-4d0a-b0d8-605b903292d9 fe7859668cf44050abba225fbe931238 ec3e421a7b0548f0b3a1a2b124b73620 - - default default] 10.0.0.151 "GET /v2.0/networks/9a77acd2-e163-4ab2-b968-25079d0177fa HTTP/1.1" status: 200 len: 867 time: 0.0673606
2026-07-24 18:40:08.697 10 INFO neutron.wsgi [None req-8c9e1c6e-59c2-4d49-8de1-498fe9bf3cfd fe7859668cf44050abba225fbe931238 ec3e421a7b0548f0b3a1a2b124b73620 - - default default] 10.0.0.151 "GET /v2.0/subnets/28eb7ba7-3e8c-4f53-b054-b3e5b0de998e HTTP/1.1" status: 200 len: 843 time: 0.0462062
2026-07-24 18:40:08.723 9 INFO neutron.db.ovn_revision_numbers_db [None req-9bb09282-1980-4573-a70b-baaf05be1a79 1061bf2945824206b5ad538848e84f8f 0dbb8e54b71c44b2b0389b291bdb76e4 - - default default] Successfully bumped revision number for resource 35dbac4d-35db-40ca-b39f-13c572a3804b (type: subnets) to 1
2026-07-24 18:40:08.725 9 INFO neutron.wsgi [None req-9bb09282-1980-4573-a70b-baaf05be1a79 1061bf2945824206b5ad538848e84f8f 0dbb8e54b71c44b2b0389b291bdb76e4 - - default default] 10.0.0.151 "PUT /v2.0/subnets/35dbac4d-35db-40ca-b39f-13c572a3804b HTTP/1.1" status: 200 len: 806 time: 0.5749862
2026-07-24 18:40:08.728 10 INFO neutron.pecan_wsgi.hooks.translation [None req-69f329e9-76a8-45cc-ba82-2319ebab0a2c fe7859668cf44050abba225fbe931238 ec3e421a7b0548f0b3a1a2b124b73620 - - default default] DELETE failed (client error): The resource could not be found.
2026-07-24 18:40:08.732 10 INFO neutron.wsgi [None req-69f329e9-76a8-45cc-ba82-2319ebab0a2c fe7859668cf44050abba225fbe931238 ec3e421a7b0548f0b3a1a2b124b73620 - - default default] 10.0.0.151 "DELETE /v2.0/subnets/f5ffb7df-d5cf-403a-8ee2-7fcd481a71dd HTTP/1.1" status: 404 len: 337 time: 0.0261545 /var/lib/openstack/lib/python3.10/site-packages/pycadf/identifier.py:71: UserWarning: Invalid uuid: neutron. To ensure interoperability, identifiers should be a valid uuid. warnings.warn(('Invalid uuid: %s. To ensure interoperability, '
2026-07-24 18:40:08.768 9 INFO neutron.pecan_wsgi.hooks.translation [None req-8767cd83-f383-4601-9de3-23d7c63cc0ad fe7859668cf44050abba225fbe931238 ec3e421a7b0548f0b3a1a2b124b73620 - - default default] DELETE failed (client error): The resource could not be found.
2026-07-24 18:40:08.770 9 INFO neutron.wsgi [None req-8767cd83-f383-4601-9de3-23d7c63cc0ad fe7859668cf44050abba225fbe931238 ec3e421a7b0548f0b3a1a2b124b73620 - - default default] 10.0.0.151 "DELETE /v2.0/networks/d13060b0-39ac-42d4-8214-42856e72951b HTTP/1.1" status: 404 len: 339 time: 0.0331402
2026-07-24 18:40:08.777 9 INFO neutron.db.ovn_revision_numbers_db [None req-87616b27-8fcd-429e-91b1-f3bcee803c12 9e2cbed3eae44a01986ad16b68f925bc 7c8fad7c284646f58ae492fccd5bcd6e - - default default] Successfully bumped revision number for resource 9cf1dff8-eae9-4662-a38b-7d9484a51f12 (type: ports) to 1
2026-07-24 18:40:08.813 9 INFO neutron.wsgi [None req-87616b27-8fcd-429e-91b1-f3bcee803c12 9e2cbed3eae44a01986ad16b68f925bc 7c8fad7c284646f58ae492fccd5bcd6e - - default default] 10.0.0.151 "POST /v2.0/ports HTTP/1.1" status: 201 len: 942 time: 0.6360247
2026-07-24 18:40:08.914 10 INFO neutron.wsgi [None req-e1fdb361-85a9-4efe-b957-729f6cd15cd6 9e2cbed3eae44a01986ad16b68f925bc 7c8fad7c284646f58ae492fccd5bcd6e - - default default] 10.0.0.151 "PUT /v2.0/ports/9cf1dff8-eae9-4662-a38b-7d9484a51f12/tags HTTP/1.1" status: 200 len: 218 time: 0.0933037
2026-07-24 18:40:08.963 9 INFO neutron.wsgi [None req-1dd8f3b1-19f3-4d6c-8c29-1fb11a8d2ed0 9e2cbed3eae44a01986ad16b68f925bc 7c8fad7c284646f58ae492fccd5bcd6e - - default default] 10.0.0.151 "GET /v2.0/ports/9cf1dff8-eae9-4662-a38b-7d9484a51f12/tags HTTP/1.1" status: 200 len: 218 time: 0.0453541
2026-07-24 18:40:09.025 9 INFO neutron.wsgi [None req-45116261-1888-4742-b2de-8fb924e4b3a1 9e2cbed3eae44a01986ad16b68f925bc 7c8fad7c284646f58ae492fccd5bcd6e - - default default] 10.0.0.151 "PUT /v2.0/ports/9cf1dff8-eae9-4662-a38b-7d9484a51f12/tags/green HTTP/1.1" status: 201 len: 201 time: 0.0578771
2026-07-24 18:40:09.061 10 INFO neutron.wsgi [None req-cfb74e0d-af28-4af2-8367-ada68776cef5 9e2cbed3eae44a01986ad16b68f925bc 7c8fad7c284646f58ae492fccd5bcd6e - - default default] 10.0.0.151 "GET /v2.0/ports/9cf1dff8-eae9-4662-a38b-7d9484a51f12/tags HTTP/1.1" status: 200 len: 227 time: 0.0287395
2026-07-24 18:40:09.065 10 INFO neutron.wsgi [None req-503cd516-44b0-4a05-8cae-448b0e25559e fe7859668cf44050abba225fbe931238 ec3e421a7b0548f0b3a1a2b124b73620 - - default default] 10.0.0.151 "DELETE /v2.0/subnets/28eb7ba7-3e8c-4f53-b054-b3e5b0de998e HTTP/1.1" status: 204 len: 168 time: 0.2893522
2026-07-24 18:40:09.122 9 INFO neutron.wsgi [None req-0f956d8e-5c54-4f44-af3a-f8301565b432 9e2cbed3eae44a01986ad16b68f925bc 7c8fad7c284646f58ae492fccd5bcd6e - - default default] 10.0.0.151 "PUT /v2.0/ports/9cf1dff8-eae9-4662-a38b-7d9484a51f12/tags/red HTTP/1.1" status: 201 len: 201 time: 0.0562310
2026-07-24 18:40:09.125 9 INFO neutron.wsgi [None req-520764c6-4f6d-4c02-ad4b-2ed6015ace33 72f26960fe2b4849b38f4670d38a9872 911362dcb31f4af2b6d365a53c7f194b - - default default] 10.0.0.151 "PUT /v2.0/routers/3d68e54c-37a6-4232-8f13-873a15262b7a/remove_router_interface HTTP/1.1" status: 200 len: 503 time: 0.9268000 /var/lib/openstack/lib/python3.10/site-packages/pycadf/identifier.py:71: UserWarning: Invalid uuid: neutron. To ensure interoperability, identifiers should be a valid uuid. warnings.warn(('Invalid uuid: %s. To ensure interoperability, '
2026-07-24 18:40:09.156 9 INFO neutron.wsgi [None req-c84ddfaf-5a27-43c3-8219-3eb63ff66047 72f26960fe2b4849b38f4670d38a9872 911362dcb31f4af2b6d365a53c7f194b - - default default] 10.0.0.151 "GET /v2.0/ports?device_id=3d68e54c-37a6-4232-8f13-873a15262b7a HTTP/1.1" status: 200 len: 205 time: 0.0255880
2026-07-24 18:40:09.173 10 INFO neutron.wsgi [None req-41cba5bd-be0f-40ea-9f6e-6eaca00fea70 9e2cbed3eae44a01986ad16b68f925bc 7c8fad7c284646f58ae492fccd5bcd6e - - default default] 10.0.0.151 "GET /v2.0/ports/9cf1dff8-eae9-4662-a38b-7d9484a51f12/tags HTTP/1.1" status: 200 len: 227 time: 0.0420489
2026-07-24 18:40:09.242 10 INFO neutron.wsgi [None req-f9282edb-2107-4ef2-a1c7-061bbcb9be39 9e2cbed3eae44a01986ad16b68f925bc 7c8fad7c284646f58ae492fccd5bcd6e - - default default] 10.0.0.151 "PUT /v2.0/ports/9cf1dff8-eae9-4662-a38b-7d9484a51f12/tags/black.or.white HTTP/1.1" status: 201 len: 201 time: 0.0627227
2026-07-24 18:40:09.326 10 INFO neutron.wsgi [None req-2e6441cb-e2ff-4035-a1be-052536bccb0b 9e2cbed3eae44a01986ad16b68f925bc 7c8fad7c284646f58ae492fccd5bcd6e - - default default] 10.0.0.151 "GET /v2.0/ports/9cf1dff8-eae9-4662-a38b-7d9484a51f12/tags HTTP/1.1" status: 200 len: 245 time: 0.0759273
2026-07-24 18:40:09.625 10 INFO neutron.wsgi [None req-590b6fe4-3b89-4a7a-b8ff-2ea26dd3a7c6 1061bf2945824206b5ad538848e84f8f 0dbb8e54b71c44b2b0389b291bdb76e4 - - default default] 10.0.0.151 "DELETE /v2.0/networks/0b7e013b-0801-4d53-9853-a8ff8181cee2 HTTP/1.1" status: 204 len: 168 time: 0.8924677
2026-07-24 18:40:09.644 10 INFO neutron.wsgi [None req-21cd54fd-3b49-43dd-a402-89c5bed4c30e fe7859668cf44050abba225fbe931238 ec3e421a7b0548f0b3a1a2b124b73620 - - default default] 10.0.0.151 "DELETE /v2.0/networks/9a77acd2-e163-4ab2-b968-25079d0177fa HTTP/1.1" status: 204 len: 168 time: 0.5735242
2026-07-24 18:40:09.658 9 INFO neutron.pecan_wsgi.hooks.translation [None req-b10a98a2-ddd3-4874-9b4f-7432afd12024 1061bf2945824206b5ad538848e84f8f 0dbb8e54b71c44b2b0389b291bdb76e4 - - default default] DELETE failed (client error): The resource could not be found.
2026-07-24 18:40:09.661 9 INFO neutron.wsgi [None req-b10a98a2-ddd3-4874-9b4f-7432afd12024 1061bf2945824206b5ad538848e84f8f 0dbb8e54b71c44b2b0389b291bdb76e4 - - default default] 10.0.0.151 "DELETE /v2.0/networks/0b7e013b-0801-4d53-9853-a8ff8181cee2 HTTP/1.1" status: 404 len: 339 time: 0.0305178
2026-07-24 18:40:09.669 9 INFO neutron.wsgi [None req-92d14d0d-f437-4834-a59a-7587c2ea8f6f 9e2cbed3eae44a01986ad16b68f925bc 7c8fad7c284646f58ae492fccd5bcd6e - - default default] 10.0.0.151 "PUT /v2.0/ports/9cf1dff8-eae9-4662-a38b-7d9484a51f12/tags HTTP/1.1" status: 200 len: 230 time: 0.3367364
2026-07-24 18:40:09.681 9 INFO neutron.wsgi [None req-8683e642-a94f-4b8b-a0fe-363df3d9fadb 72f26960fe2b4849b38f4670d38a9872 911362dcb31f4af2b6d365a53c7f194b - - default default] 10.0.0.151 "DELETE /v2.0/routers/3d68e54c-37a6-4232-8f13-873a15262b7a HTTP/1.1" status: 204 len: 168 time: 0.5185878
2026-07-24 18:40:09.703 9 INFO neutron.wsgi [None req-a832a745-c1a3-46a3-89ef-1aaa113a7162 9e2cbed3eae44a01986ad16b68f925bc 7c8fad7c284646f58ae492fccd5bcd6e - - default default] 10.0.0.151 "GET /v2.0/ports/9cf1dff8-eae9-4662-a38b-7d9484a51f12/tags HTTP/1.1" status: 200 len: 230 time: 0.0305281
2026-07-24 18:40:09.742 9 INFO neutron.wsgi [None req-9d4efe53-706f-42fc-82b7-cc6b3ff4edf3 9e2cbed3eae44a01986ad16b68f925bc 7c8fad7c284646f58ae492fccd5bcd6e - - default default] 10.0.0.151 "GET /v2.0/ports/9cf1dff8-eae9-4662-a38b-7d9484a51f12/tags/red HTTP/1.1" status: 204 len: 168 time: 0.0331573
2026-07-24 18:40:09.760 10 INFO neutron.wsgi [None req-c3634b50-da92-48d9-995c-cae16866d73a 1061bf2945824206b5ad538848e84f8f 0dbb8e54b71c44b2b0389b291bdb76e4 - - default default] 10.0.0.151 "GET /v2.0/networks?router%3Aexternal=True HTTP/1.1" status: 200 len: 845 time: 0.0912941
2026-07-24 18:40:09.776 9 INFO neutron.api.v2.resource [None req-3285cbb0-3c12-4dbf-8981-e2b3b738bc31 9e2cbed3eae44a01986ad16b68f925bc 7c8fad7c284646f58ae492fccd5bcd6e - - default default] show failed (client error): The resource could not be found.
2026-07-24 18:40:09.777 9 INFO neutron.wsgi [None req-3285cbb0-3c12-4dbf-8981-e2b3b738bc31 9e2cbed3eae44a01986ad16b68f925bc 7c8fad7c284646f58ae492fccd5bcd6e - - default default] 10.0.0.151 "GET /v2.0/ports/9cf1dff8-eae9-4662-a38b-7d9484a51f12/tags/green HTTP/1.1" status: 404 len: 299 time: 0.0306571
2026-07-24 18:40:09.809 10 INFO neutron.wsgi [None req-08e33ee6-2727-4781-8459-d649941c954f 1061bf2945824206b5ad538848e84f8f 0dbb8e54b71c44b2b0389b291bdb76e4 - - default default] 10.0.0.151 "GET /v2.0/subnets?network_id=b698e4bc-0c33-4947-b580-a326040f7572 HTTP/1.1" status: 200 len: 820 time: 0.0446615
2026-07-24 18:40:09.820 9 INFO neutron.wsgi [None req-d04e11ab-4c03-4af0-97d3-7dd81c83dd8d 9e2cbed3eae44a01986ad16b68f925bc 7c8fad7c284646f58ae492fccd5bcd6e - - default default] 10.0.0.151 "DELETE /v2.0/ports/9cf1dff8-eae9-4662-a38b-7d9484a51f12/tags/red HTTP/1.1" status: 204 len: 168 time: 0.0380361
2026-07-24 18:40:09.821 10 INFO neutron.wsgi [None req-af1770d6-bb9d-4c4f-8987-0e9a0ca19321 1061bf2945824206b5ad538848e84f8f 0dbb8e54b71c44b2b0389b291bdb76e4 - - default default] 10.0.0.151 "GET /v2.0/extensions HTTP/1.1" status: 200 len: 16520 time: 0.0058148
2026-07-24 18:40:09.856 10 INFO neutron.wsgi [None req-8f6d90d3-5ac6-475b-9ae8-6581bae1fd64 9e2cbed3eae44a01986ad16b68f925bc 7c8fad7c284646f58ae492fccd5bcd6e - - default default] 10.0.0.151 "GET /v2.0/ports/9cf1dff8-eae9-4662-a38b-7d9484a51f12/tags HTTP/1.1" status: 200 len: 223 time: 0.0327187
2026-07-24 18:40:09.916 9 INFO neutron.wsgi [None req-8fe3b072-fef7-47a0-98c6-11bf4c5695e4 1061bf2945824206b5ad538848e84f8f 0dbb8e54b71c44b2b0389b291bdb76e4 - - default default] 10.0.0.151 "GET /v2.0/networks HTTP/1.1" status: 200 len: 1503 time: 0.0896878
2026-07-24 18:40:09.918 10 INFO neutron.api.v2.resource [None req-9f9fc635-9991-4040-a754-fe6cee489580 9e2cbed3eae44a01986ad16b68f925bc 7c8fad7c284646f58ae492fccd5bcd6e - - default default] delete failed (client error): The resource could not be found.
2026-07-24 18:40:09.919 10 INFO neutron.wsgi [None req-9f9fc635-9991-4040-a754-fe6cee489580 9e2cbed3eae44a01986ad16b68f925bc 7c8fad7c284646f58ae492fccd5bcd6e - - default default] 10.0.0.151 "DELETE /v2.0/ports/9cf1dff8-eae9-4662-a38b-7d9484a51f12/tags/green HTTP/1.1" status: 404 len: 299 time: 0.0584161
2026-07-24 18:40:09.977 9 INFO neutron.wsgi [None req-2cf97ba4-8829-439c-8e54-c54665726868 1061bf2945824206b5ad538848e84f8f 0dbb8e54b71c44b2b0389b291bdb76e4 - - default default] 10.0.0.151 "GET /v2.0/subnets HTTP/1.1" status: 200 len: 1428 time: 0.0509498
2026-07-24 18:40:09.983 10 INFO neutron.services.segments.plugin [-] Segment 1218460a-e66f-4b8a-957d-e015f3ba6e64 resource provider aggregate not found
2026-07-24 18:40:10.005 10 INFO neutron.wsgi [None req-72adcf3c-6314-46c0-84a1-3ca0e525217b 72f26960fe2b4849b38f4670d38a9872 911362dcb31f4af2b6d365a53c7f194b - - default default] 10.0.0.151 "DELETE /v2.0/subnets/249ca577-d094-41b2-a849-7997d9f18ac1 HTTP/1.1" status: 204 len: 168 time: 0.3164854
2026-07-24 18:40:10.009 10 INFO neutron.services.segments.plugin [-] Segment 1218460a-e66f-4b8a-957d-e015f3ba6e64 resource provider aggregate not found
2026-07-24 18:40:10.013 10 INFO neutron.services.segments.plugin [-] Segment 1218460a-e66f-4b8a-957d-e015f3ba6e64 resource provider not found; error: Placement Client Error (4xx): {"errors": [{"status": 404, "title": "Not Found", "detail": "The resource could not be found.\n\n No resource provider with uuid 1218460a-e66f-4b8a-957d-e015f3ba6e64 found for delete ", "request_id": "req-62acadf1-09c6-45cf-90cd-c471fd56f26d"}]}
2026-07-24 18:40:10.018 10 INFO neutron.wsgi [None req-7f66004d-1cd4-42d1-9fc5-bdc084e63cae 9e2cbed3eae44a01986ad16b68f925bc 7c8fad7c284646f58ae492fccd5bcd6e - - default default] 10.0.0.151 "DELETE /v2.0/ports/9cf1dff8-eae9-4662-a38b-7d9484a51f12/tags HTTP/1.1" status: 204 len: 168 time: 0.0941038
2026-07-24 18:40:10.024 10 INFO neutron.services.segments.plugin [-] Segment 1218460a-e66f-4b8a-957d-e015f3ba6e64 resource provider not found; error: Placement Client Error (4xx): {"errors": [{"status": 404, "title": "Not Found", "detail": "The resource could not be found.\n\n No resource provider with uuid 1218460a-e66f-4b8a-957d-e015f3ba6e64 found for delete ", "request_id": "req-939bcae4-c28c-46fa-8a79-0883ee1e1dfa"}]}
2026-07-24 18:40:10.030 10 INFO neutron.services.segments.plugin [-] Segment 3088529c-5172-4d4b-83bf-b00cfcc1975c resource provider aggregate not found
2026-07-24 18:40:10.051 10 INFO neutron.services.segments.plugin [-] Segment 3088529c-5172-4d4b-83bf-b00cfcc1975c resource provider aggregate not found
2026-07-24 18:40:10.057 10 INFO neutron.services.segments.plugin [-] Segment 3088529c-5172-4d4b-83bf-b00cfcc1975c resource provider not found; error: Placement Client Error (4xx): {"errors": [{"status": 404, "title": "Not Found", "detail": "The resource could not be found.\n\n No resource provider with uuid 3088529c-5172-4d4b-83bf-b00cfcc1975c found for delete ", "request_id": "req-6e1508f1-afc6-46a1-9aee-b7fcb67fc4f8"}]}
2026-07-24 18:40:10.066 10 INFO neutron.services.segments.plugin [-] Segment 3088529c-5172-4d4b-83bf-b00cfcc1975c resource provider not found; error: Placement Client Error (4xx): {"errors": [{"status": 404, "title": "Not Found", "detail": "The resource could not be found.\n\n No resource provider with uuid 3088529c-5172-4d4b-83bf-b00cfcc1975c found for delete ", "request_id": "req-7ae8d3ec-d75e-43ab-8a0e-7768fcabd847"}]}
2026-07-24 18:40:10.069 10 INFO neutron.wsgi [None req-2ecba651-142d-4487-959d-adfe360208eb 9e2cbed3eae44a01986ad16b68f925bc 7c8fad7c284646f58ae492fccd5bcd6e - - default default] 10.0.0.151 "GET /v2.0/ports/9cf1dff8-eae9-4662-a38b-7d9484a51f12/tags HTTP/1.1" status: 200 len: 205 time: 0.0463619
2026-07-24 18:40:10.070 9 INFO neutron.wsgi [None req-de3b1a75-51f4-47ac-accf-f69f628f274e 1061bf2945824206b5ad538848e84f8f 0dbb8e54b71c44b2b0389b291bdb76e4 - - default default] 10.0.0.151 "GET /v2.0/networks/b96c6570-9241-45ff-8f7a-067254e8b0d2 HTTP/1.1" status: 200 len: 862 time: 0.0870266
2026-07-24 18:40:10.124 10 INFO neutron.wsgi [None req-6f38d427-09c1-4c7c-9dbc-d81b19396b96 1061bf2945824206b5ad538848e84f8f 0dbb8e54b71c44b2b0389b291bdb76e4 - - default default] 10.0.0.151 "GET /v2.0/subnets/b40a80ee-51fe-4c0e-94ed-55571f6e6f82 HTTP/1.1" status: 200 len: 811 time: 0.0481932
2026-07-24 18:40:10.154 10 INFO neutron.pecan_wsgi.hooks.translation [None req-f8ac18f3-1f34-41da-814e-a6becc858deb 1061bf2945824206b5ad538848e84f8f 0dbb8e54b71c44b2b0389b291bdb76e4 - - default default] DELETE failed (client error): The resource could not be found.
2026-07-24 18:40:10.156 10 INFO neutron.wsgi [None req-f8ac18f3-1f34-41da-814e-a6becc858deb 1061bf2945824206b5ad538848e84f8f 0dbb8e54b71c44b2b0389b291bdb76e4 - - default default] 10.0.0.151 "DELETE /v2.0/subnets/35dbac4d-35db-40ca-b39f-13c572a3804b HTTP/1.1" status: 404 len: 337 time: 0.0268810
2026-07-24 18:40:10.172 10 INFO neutron.pecan_wsgi.hooks.translation [None req-4d13b7ef-df0d-40b0-9ef2-458cbeecf62d 1061bf2945824206b5ad538848e84f8f 0dbb8e54b71c44b2b0389b291bdb76e4 - - default default] DELETE failed (client error): The resource could not be found.
2026-07-24 18:40:10.174 10 INFO neutron.wsgi [None req-4d13b7ef-df0d-40b0-9ef2-458cbeecf62d 1061bf2945824206b5ad538848e84f8f 0dbb8e54b71c44b2b0389b291bdb76e4 - - default default] 10.0.0.151 "DELETE /v2.0/networks/0b7e013b-0801-4d53-9853-a8ff8181cee2 HTTP/1.1" status: 404 len: 339 time: 0.0132117
2026-07-24 18:40:10.322 9 INFO neutron.wsgi [None req-b692e49c-d626-45e6-8580-9c65849c3bb1 72f26960fe2b4849b38f4670d38a9872 911362dcb31f4af2b6d365a53c7f194b - - default default] 10.0.0.151 "DELETE /v2.0/subnets/b41b5dc4-c613-4f0f-99e2-a0938e738f25 HTTP/1.1" status: 204 len: 168 time: 0.3128610
2026-07-24 18:40:10.375 10 INFO neutron.wsgi [None req-95ce90e8-cf1b-4a9d-9833-5915e7ba0d6e 9e2cbed3eae44a01986ad16b68f925bc 7c8fad7c284646f58ae492fccd5bcd6e - - default default] 10.0.0.151 "DELETE /v2.0/ports/9cf1dff8-eae9-4662-a38b-7d9484a51f12 HTTP/1.1" status: 204 len: 168 time: 0.2986000
2026-07-24 18:40:10.392 10 INFO neutron.wsgi [None req-cbf3674c-d307-46d2-bc42-5764a450916a b14169f80e504ebebb83ae9e9c79e7ee e7b59c0201624c6a83648ab178708d6c - - default default] 10.0.0.151 "GET /v2.0/security-groups?tenant_id=ec3e421a7b0548f0b3a1a2b124b73620&name=default HTTP/1.1" status: 200 len: 2996 time: 0.1601331
2026-07-24 18:40:10.453 9 INFO neutron.wsgi [None req-4c5aba04-4593-47c2-8f61-49e5cd214dcf 1061bf2945824206b5ad538848e84f8f 0dbb8e54b71c44b2b0389b291bdb76e4 - - default default] 10.0.0.151 "DELETE /v2.0/subnets/b40a80ee-51fe-4c0e-94ed-55571f6e6f82 HTTP/1.1" status: 204 len: 168 time: 0.2747962
2026-07-24 18:40:10.700 10 INFO neutron.wsgi [None req-23fed7b6-41a2-400d-ac14-7419a08fb062 b14169f80e504ebebb83ae9e9c79e7ee e7b59c0201624c6a83648ab178708d6c - - default default] 10.0.0.151 "DELETE /v2.0/security-groups/4873011f-cb5a-44ce-aefe-c2541d2f50dd HTTP/1.1" status: 204 len: 168 time: 0.3027911
2026-07-24 18:40:10.787 10 INFO neutron.wsgi [None req-e0f3fe35-6a01-4cb4-8b18-e618c46e04fc 72f26960fe2b4849b38f4670d38a9872 911362dcb31f4af2b6d365a53c7f194b - - default default] 10.0.0.151 "DELETE /v2.0/networks/5985ab66-9cce-41cf-bd72-d4373a29e1ef HTTP/1.1" status: 204 len: 168 time: 0.4597809
2026-07-24 18:40:10.835 9 INFO neutron.services.segments.plugin [-] Segment dfad17ac-c22d-492b-ae9d-c91f71c8c256 resource provider aggregate not found
2026-07-24 18:40:10.855 9 INFO neutron.services.segments.plugin [-] Segment dfad17ac-c22d-492b-ae9d-c91f71c8c256 resource provider aggregate not found
2026-07-24 18:40:10.882 9 INFO neutron.services.segments.plugin [-] Segment dfad17ac-c22d-492b-ae9d-c91f71c8c256 resource provider not found; error: Placement Client Error (4xx): {"errors": [{"status": 404, "title": "Not Found", "detail": "The resource could not be found.\n\n No resource provider with uuid dfad17ac-c22d-492b-ae9d-c91f71c8c256 found for delete ", "request_id": "req-f6a7c695-2af6-462e-b5cf-c44027b2cef1"}]}
2026-07-24 18:40:10.884 9 INFO neutron.services.segments.plugin [-] Segment dfad17ac-c22d-492b-ae9d-c91f71c8c256 resource provider not found; error: Placement Client Error (4xx): {"errors": [{"status": 404, "title": "Not Found", "detail": "The resource could not be found.\n\n No resource provider with uuid dfad17ac-c22d-492b-ae9d-c91f71c8c256 found for delete ", "request_id": "req-a5623054-b089-4da8-8dc8-4b68c54f75b6"}]}
2026-07-24 18:40:10.915 9 INFO neutron.wsgi [None req-93d3bbeb-d3f6-4281-895a-8731e4d9e11c 9e2cbed3eae44a01986ad16b68f925bc 7c8fad7c284646f58ae492fccd5bcd6e - - default default] 10.0.0.151 "DELETE /v2.0/networks/64aea3b9-73b7-47aa-a558-b1acfea12851 HTTP/1.1" status: 204 len: 168 time: 0.5318069
2026-07-24 18:40:11.023 9 INFO neutron.wsgi [None req-970105be-8b9a-4f20-a025-f3a0b0d8c7b8 1061bf2945824206b5ad538848e84f8f 0dbb8e54b71c44b2b0389b291bdb76e4 - - default default] 10.0.0.151 "DELETE /v2.0/networks/b96c6570-9241-45ff-8f7a-067254e8b0d2 HTTP/1.1" status: 204 len: 168 time: 0.5635808
2026-07-24 18:40:11.213 9 INFO neutron.wsgi [None req-e56a2e87-78fb-499b-83dd-079a43c23d58 72f26960fe2b4849b38f4670d38a9872 911362dcb31f4af2b6d365a53c7f194b - - default default] 10.0.0.151 "DELETE /v2.0/networks/284ee26c-c263-4483-a3bc-4677edf37d7c HTTP/1.1" status: 204 len: 168 time: 0.4215331
2026-07-24 18:40:11.323 10 INFO neutron.db.segments_db [None req-ee9db846-9430-4e9c-962d-b7c69d9a3471 72f26960fe2b4849b38f4670d38a9872 911362dcb31f4af2b6d365a53c7f194b - - default default] Added segment 8baf7a26-69ee-4e82-9bc6-5c21e24de7a8 of type geneve for network dd979595-6e45-4fa9-9164-fd6248bef8ed
2026-07-24 18:40:11.484 10 INFO neutron.db.ovn_revision_numbers_db [None req-ee9db846-9430-4e9c-962d-b7c69d9a3471 72f26960fe2b4849b38f4670d38a9872 911362dcb31f4af2b6d365a53c7f194b - - default default] Successfully bumped revision number for resource dd979595-6e45-4fa9-9164-fd6248bef8ed (type: networks) to 1
2026-07-24 18:40:11.608 9 INFO neutron.wsgi [None req-80f08467-a2cc-46d7-9bb2-88a0175ed063 b14169f80e504ebebb83ae9e9c79e7ee e7b59c0201624c6a83648ab178708d6c - - default default] 10.0.0.151 "GET /v2.0/security-groups?tenant_id=0dbb8e54b71c44b2b0389b291bdb76e4&name=default HTTP/1.1" status: 200 len: 2996 time: 0.1276443
2026-07-24 18:40:11.673 10 WARNING neutron.scheduler.dhcp_agent_scheduler [None req-ee9db846-9430-4e9c-962d-b7c69d9a3471 72f26960fe2b4849b38f4670d38a9872 911362dcb31f4af2b6d365a53c7f194b - - default default] No more DHCP agents
2026-07-24 18:40:11.676 10 WARNING neutron.api.rpc.agentnotifiers.dhcp_rpc_agent_api [None req-ee9db846-9430-4e9c-962d-b7c69d9a3471 72f26960fe2b4849b38f4670d38a9872 911362dcb31f4af2b6d365a53c7f194b - - default default] Unable to schedule network dd979595-6e45-4fa9-9164-fd6248bef8ed: no agents available; will retry on subsequent port and subnet creation events.
2026-07-24 18:40:11.770 9 INFO neutron.wsgi [None req-aca88e93-adae-49b1-b0de-f5d696269420 b14169f80e504ebebb83ae9e9c79e7ee e7b59c0201624c6a83648ab178708d6c - - default default] 10.0.0.151 "DELETE /v2.0/security-groups/eb1c2667-cf6d-41fc-a620-ef338554eaaa HTTP/1.1" status: 204 len: 168 time: 0.1582935
2026-07-24 18:40:11.782 10 INFO neutron.db.ovn_revision_numbers_db [None req-ee9db846-9430-4e9c-962d-b7c69d9a3471 72f26960fe2b4849b38f4670d38a9872 911362dcb31f4af2b6d365a53c7f194b - - default default] Successfully bumped revision number for resource f43df279-7f18-4df5-b0d7-7011bd4a14b2 (type: ports) to 1
2026-07-24 18:40:11.808 10 INFO neutron.wsgi [None req-ee9db846-9430-4e9c-962d-b7c69d9a3471 72f26960fe2b4849b38f4670d38a9872 911362dcb31f4af2b6d365a53c7f194b - - default default] 10.0.0.151 "POST /v2.0/networks HTTP/1.1" status: 201 len: 828 time: 0.5879812
2026-07-24 18:40:11.874 10 INFO neutron.db.ovn_revision_numbers_db [None req-9d5df076-5bf8-4b2f-ba58-5bcf331e304b b14169f80e504ebebb83ae9e9c79e7ee e7b59c0201624c6a83648ab178708d6c - - default default] Successfully bumped revision number for resource def07324-8393-4a56-adcd-470ddacd8be0 (type: security_groups) to 1
2026-07-24 18:40:11.890 10 INFO neutron.db.ovn_revision_numbers_db [None req-9d5df076-5bf8-4b2f-ba58-5bcf331e304b b14169f80e504ebebb83ae9e9c79e7ee e7b59c0201624c6a83648ab178708d6c - - default default] Successfully bumped revision number for resource 2bc1f0b2-60e9-48d1-8867-d13b258d4807 (type: security_group_rules) to 0
2026-07-24 18:40:11.905 10 INFO neutron.db.ovn_revision_numbers_db [None req-9d5df076-5bf8-4b2f-ba58-5bcf331e304b b14169f80e504ebebb83ae9e9c79e7ee e7b59c0201624c6a83648ab178708d6c - - default default] Successfully bumped revision number for resource 3f5d3bde-bab0-456c-ae1c-f03ced8f1cef (type: security_group_rules) to 0
2026-07-24 18:40:11.922 10 INFO neutron.db.ovn_revision_numbers_db [None req-9d5df076-5bf8-4b2f-ba58-5bcf331e304b b14169f80e504ebebb83ae9e9c79e7ee e7b59c0201624c6a83648ab178708d6c - - default default] Successfully bumped revision number for resource d89bb2d6-1008-4df1-b120-b1fa4446d82c (type: security_group_rules) to 0
2026-07-24 18:40:11.936 10 INFO neutron.db.ovn_revision_numbers_db [None req-9d5df076-5bf8-4b2f-ba58-5bcf331e304b b14169f80e504ebebb83ae9e9c79e7ee e7b59c0201624c6a83648ab178708d6c - - default default] Successfully bumped revision number for resource f56afab6-ebb7-45ad-bf64-dc86b52dca99 (type: security_group_rules) to 0
2026-07-24 18:40:11.966 10 INFO neutron.wsgi [None req-9d5df076-5bf8-4b2f-ba58-5bcf331e304b b14169f80e504ebebb83ae9e9c79e7ee e7b59c0201624c6a83648ab178708d6c - - default default] 10.0.0.151 "GET /v2.0/security-groups?tenant_id=a6a5ca72afd04b43b27aa1ecee5fde4d&name=default HTTP/1.1" status: 200 len: 2996 time: 0.3221912
2026-07-24 18:40:12.001 9 WARNING neutron.scheduler.dhcp_agent_scheduler [None req-71dc4020-616d-432e-934d-d8ff3c19cd32 72f26960fe2b4849b38f4670d38a9872 911362dcb31f4af2b6d365a53c7f194b - - default default] No more DHCP agents
2026-07-24 18:40:12.003 9 WARNING neutron.api.rpc.agentnotifiers.dhcp_rpc_agent_api [None req-71dc4020-616d-432e-934d-d8ff3c19cd32 72f26960fe2b4849b38f4670d38a9872 911362dcb31f4af2b6d365a53c7f194b - - default default] Unable to schedule network dd979595-6e45-4fa9-9164-fd6248bef8ed: no agents available; will retry on subsequent port and subnet creation events.
2026-07-24 18:40:12.091 10 INFO neutron.services.segments.plugin [-] Segment 0e3c6484-62dd-4163-9e10-21545b9a21b9 resource provider aggregate not found
2026-07-24 18:40:12.100 10 INFO neutron.services.segments.plugin [-] Segment 0e3c6484-62dd-4163-9e10-21545b9a21b9 resource provider aggregate not found
2026-07-24 18:40:12.121 10 INFO neutron.services.segments.plugin [-] Segment 0e3c6484-62dd-4163-9e10-21545b9a21b9 resource provider not found; error: Placement Client Error (4xx): {"errors": [{"status": 404, "title": "Not Found", "detail": "The resource could not be found.\n\n No resource provider with uuid 0e3c6484-62dd-4163-9e10-21545b9a21b9 found for delete ", "request_id": "req-20c8f9f9-2285-47c5-b5a1-0dfdb8a2a0f9"}]}
2026-07-24 18:40:12.123 10 INFO neutron.services.segments.plugin [-] Segment 0e3c6484-62dd-4163-9e10-21545b9a21b9 resource provider not found; error: Placement Client Error (4xx): {"errors": [{"status": 404, "title": "Not Found", "detail": "The resource could not be found.\n\n No resource provider with uuid 0e3c6484-62dd-4163-9e10-21545b9a21b9 found for delete ", "request_id": "req-d6db3b98-09a1-463c-995b-5f2e95b82351"}]}
2026-07-24 18:40:12.260 10 INFO neutron.wsgi [None req-aa7d5cbc-f3b7-4fd0-9513-193ab6e5d936 b14169f80e504ebebb83ae9e9c79e7ee e7b59c0201624c6a83648ab178708d6c - - default default] 10.0.0.151 "DELETE /v2.0/security-groups/def07324-8393-4a56-adcd-470ddacd8be0 HTTP/1.1" status: 204 len: 168 time: 0.2895789
2026-07-24 18:40:12.395 10 INFO neutron.wsgi [None req-3d41630c-2919-453a-bcb7-1fc56e13cd4c b14169f80e504ebebb83ae9e9c79e7ee e7b59c0201624c6a83648ab178708d6c - - default default] 10.0.0.151 "GET /v2.0/security-groups?tenant_id=7c8fad7c284646f58ae492fccd5bcd6e&name=default HTTP/1.1" status: 200 len: 2996 time: 0.0342109
2026-07-24 18:40:12.452 10 WARNING neutron.plugins.ml2.drivers.ovn.mech_driver.ovsdb.ovn_client [None req-471dd909-38a0-4c1c-a8f5-fbcdbd1f2722 - - - - - -] No port found with ID b2082d5b-395f-4c89-b8b8-f8b64c0cc700: RuntimeError: No port found with ID b2082d5b-395f-4c89-b8b8-f8b64c0cc700
2026-07-24 18:40:12.492 9 INFO neutron.db.ovn_revision_numbers_db [None req-71dc4020-616d-432e-934d-d8ff3c19cd32 72f26960fe2b4849b38f4670d38a9872 911362dcb31f4af2b6d365a53c7f194b - - default default] Successfully bumped revision number for resource f43df279-7f18-4df5-b0d7-7011bd4a14b2 (type: ports) to 2
2026-07-24 18:40:12.529 9 INFO neutron.db.ovn_revision_numbers_db [None req-71dc4020-616d-432e-934d-d8ff3c19cd32 72f26960fe2b4849b38f4670d38a9872 911362dcb31f4af2b6d365a53c7f194b - - default default] Successfully bumped revision number for resource 72182532-7098-494d-b8ad-e64229b9c8dc (type: subnets) to 0
2026-07-24 18:40:12.545 9 INFO neutron.wsgi [None req-71dc4020-616d-432e-934d-d8ff3c19cd32 72f26960fe2b4849b38f4670d38a9872 911362dcb31f4af2b6d365a53c7f194b - - default default] 10.0.0.151 "POST /v2.0/subnets HTTP/1.1" status: 201 len: 801 time: 0.7324553
2026-07-24 18:40:12.600 10 INFO neutron.wsgi [None req-4de48f6b-52b5-42b6-8aef-0aec368093eb b14169f80e504ebebb83ae9e9c79e7ee e7b59c0201624c6a83648ab178708d6c - - default default] 10.0.0.151 "DELETE /v2.0/security-groups/5a5e1ec9-f381-4abb-8c6d-bb4056401705 HTTP/1.1" status: 204 len: 168 time: 0.2019026
