2026-07-24 18:41:13.472 9 INFO neutron.wsgi [None req-206b304a-f9aa-4a1b-aeff-e9d17807c2e1 80c314896d4a43f6a78519ebecfbbdac e54e7a3e4fac4c84a7e7d79f923ab4ad - - default default] 10.0.0.151 "GET /v2.0/security-groups?tags-any=red%2Cblue HTTP/1.1" status: 200 len: 4813 time: 0.0455053
2026-07-24 18:41:13.524 9 INFO neutron.wsgi [None req-a415c65a-1dba-457d-8996-e55d856b3496 80c314896d4a43f6a78519ebecfbbdac e54e7a3e4fac4c84a7e7d79f923ab4ad - - default default] 10.0.0.151 "GET /v2.0/security-groups?not-tags=red HTTP/1.1" status: 200 len: 6041 time: 0.0478039
2026-07-24 18:41:13.581 10 INFO neutron.wsgi [None req-7c4474c7-937e-4bf0-bbfe-28d1166dcbbf 80c314896d4a43f6a78519ebecfbbdac e54e7a3e4fac4c84a7e7d79f923ab4ad - - default default] 10.0.0.151 "GET /v2.0/security-groups?not-tags=red%2Cblue HTTP/1.1" status: 200 len: 7565 time: 0.0477827
2026-07-24 18:41:13.638 10 INFO neutron.wsgi [None req-76602ece-8458-4605-a023-ab824c4c2d07 80c314896d4a43f6a78519ebecfbbdac e54e7a3e4fac4c84a7e7d79f923ab4ad - - default default] 10.0.0.151 "GET /v2.0/security-groups?not-tags-any=blue HTTP/1.1" status: 200 len: 7565 time: 0.0516977
2026-07-24 18:41:13.685 10 INFO neutron.wsgi [None req-739537c8-ac60-4282-ae31-71bab6b00410 80c314896d4a43f6a78519ebecfbbdac e54e7a3e4fac4c84a7e7d79f923ab4ad - - default default] 10.0.0.151 "GET /v2.0/security-groups?not-tags-any=red%2Cblue HTTP/1.1" status: 200 len: 6041 time: 0.0414562
2026-07-24 18:41:13.822 10 INFO neutron.wsgi [None req-311f8561-5e52-4bf9-952b-2e22cf13b2c8 80c314896d4a43f6a78519ebecfbbdac e54e7a3e4fac4c84a7e7d79f923ab4ad - - default default] 10.0.0.151 "DELETE /v2.0/security-groups/5bb8ce1f-9331-4a5c-ab96-6de0e1f2897e HTTP/1.1" status: 204 len: 168 time: 0.1295931
2026-07-24 18:41:13.967 10 INFO neutron.wsgi [None req-d627b16d-cf44-47b2-94f3-c8bb1f849df7 80c314896d4a43f6a78519ebecfbbdac e54e7a3e4fac4c84a7e7d79f923ab4ad - - default default] 10.0.0.151 "DELETE /v2.0/security-groups/5da932cf-810a-4b09-ae46-01e44386739c HTTP/1.1" status: 204 len: 168 time: 0.1406279
2026-07-24 18:41:14.063 9 INFO neutron.wsgi [req-cf24f1ac-3281-47f5-9148-34404cfb1a03 req-946cd455-c589-4909-80b5-e961b9904959 ef09e59875e2446ba6dfa5289ef4d680 9c6c08079c354e00a51ef95a4d025727 - - default default] 10.0.0.165 "GET /v2.0/ports?device_id=9e9fe17a-898c-4815-966c-b05cb55e50fd HTTP/1.1" status: 200 len: 1170 time: 0.1067159
2026-07-24 18:41:14.111 10 INFO neutron.wsgi [None req-a273ce6b-bf16-4ee0-919b-1907484c0ae8 80c314896d4a43f6a78519ebecfbbdac e54e7a3e4fac4c84a7e7d79f923ab4ad - - default default] 10.0.0.151 "DELETE /v2.0/security-groups/bc16fa8c-712f-4880-9e92-3d0438dfd58b HTTP/1.1" status: 204 len: 168 time: 0.1368022
2026-07-24 18:41:14.149 9 INFO neutron.wsgi [req-cf24f1ac-3281-47f5-9148-34404cfb1a03 req-eda9bbf8-5e57-4598-8720-bb13d63cac52 ef09e59875e2446ba6dfa5289ef4d680 9c6c08079c354e00a51ef95a4d025727 - - default default] 10.0.0.165 "GET /v2.0/security-groups?id=5667e57b-141d-4387-85ac-0a3605028269&fields=id&fields=name HTTP/1.1" status: 200 len: 313 time: 0.0770304
2026-07-24 18:41:14.244 10 INFO neutron.wsgi [None req-6b0d50e6-49b5-40b6-a117-976b41ce70f3 80c314896d4a43f6a78519ebecfbbdac e54e7a3e4fac4c84a7e7d79f923ab4ad - - default default] 10.0.0.151 "DELETE /v2.0/security-groups/a5459cc3-4cb5-408d-aadf-0035f974240a HTTP/1.1" status: 204 len: 168 time: 0.1227067
2026-07-24 18:41:14.274 9 INFO neutron.wsgi [req-ed2f4927-4f71-4638-949d-9d8016fc976f req-f5bc7b31-e698-442e-8f70-c407e32bf3ea ef09e59875e2446ba6dfa5289ef4d680 9c6c08079c354e00a51ef95a4d025727 - - default default] 10.0.0.165 "GET /v2.0/ports?device_id=9e9fe17a-898c-4815-966c-b05cb55e50fd HTTP/1.1" status: 200 len: 1170 time: 0.0381455
2026-07-24 18:41:14.320 9 INFO neutron.wsgi [req-ed2f4927-4f71-4638-949d-9d8016fc976f req-75d1bb9e-41c2-4fa6-ab7d-27ee69438e4c ef09e59875e2446ba6dfa5289ef4d680 9c6c08079c354e00a51ef95a4d025727 - - default default] 10.0.0.165 "GET /v2.0/security-groups?id=5667e57b-141d-4387-85ac-0a3605028269&fields=id&fields=name HTTP/1.1" status: 200 len: 313 time: 0.0346770
2026-07-24 18:41:14.378 10 INFO neutron.wsgi [None req-1339d8ca-00e3-4928-9ce1-979f5eeadc73 d9120cbb3a2640c8be1a3f7463566b0c c1f3cf6d234c43bda53225df6e481d6e - - default default] 10.0.0.151 "GET /v2.0/ports?device_id=9e9fe17a-898c-4815-966c-b05cb55e50fd HTTP/1.1" status: 200 len: 1404 time: 0.0284300
2026-07-24 18:41:14.630 10 INFO neutron.wsgi [None req-9f1413d5-084c-4b8e-b943-32335c19eea9 80c314896d4a43f6a78519ebecfbbdac e54e7a3e4fac4c84a7e7d79f923ab4ad - - default default] 10.0.0.151 "DELETE /v2.0/security-groups/cd832808-726b-4965-b0ff-cb0f37148347 HTTP/1.1" status: 204 len: 168 time: 0.3787768
2026-07-24 18:41:14.818 10 INFO neutron.db.l3_db [None req-83b8528e-53fe-4581-b44e-01d490376f5c ef09e59875e2446ba6dfa5289ef4d680 9c6c08079c354e00a51ef95a4d025727 - - default default] Floating IP 99818183-274d-4438-9e74-fcb020bd7387 associated. External IP: 10.96.250.214, port: da908ea3-2919-4622-a73f-d9b3070a5860.
2026-07-24 18:41:15.044 10 INFO neutron.db.ovn_revision_numbers_db [None req-83b8528e-53fe-4581-b44e-01d490376f5c ef09e59875e2446ba6dfa5289ef4d680 9c6c08079c354e00a51ef95a4d025727 - - default default] Successfully bumped revision number for resource 99818183-274d-4438-9e74-fcb020bd7387 (type: floatingips) to 4
2026-07-24 18:41:15.174 10 INFO neutron.db.ovn_revision_numbers_db [None req-83b8528e-53fe-4581-b44e-01d490376f5c ef09e59875e2446ba6dfa5289ef4d680 9c6c08079c354e00a51ef95a4d025727 - - default default] Successfully bumped revision number for resource 99818183-274d-4438-9e74-fcb020bd7387 (type: floatingips) to 5
2026-07-24 18:41:15.206 10 INFO neutron.wsgi [None req-83b8528e-53fe-4581-b44e-01d490376f5c ef09e59875e2446ba6dfa5289ef4d680 9c6c08079c354e00a51ef95a4d025727 - - default default] 10.0.0.151 "PUT /v2.0/floatingips/99818183-274d-4438-9e74-fcb020bd7387 HTTP/1.1" status: 200 len: 1049 time: 0.8190136
2026-07-24 18:41:15.260 10 INFO neutron.notifiers.nova [-] Nova event matching ['req-f665481e-48b1-45ef-ba4a-16aa6afade15'] response: {'name': 'network-changed', 'server_uuid': '9e9fe17a-898c-4815-966c-b05cb55e50fd', 'tag': 'da908ea3-2919-4622-a73f-d9b3070a5860', 'status': 'completed', 'code': 200}
2026-07-24 18:41:15.291 9 INFO neutron.wsgi [None req-7e5da06f-11ea-4dc6-a98f-36482f9ff73f ef09e59875e2446ba6dfa5289ef4d680 9c6c08079c354e00a51ef95a4d025727 - - default default] 10.0.0.151 "GET /v2.0/floatingips/99818183-274d-4438-9e74-fcb020bd7387 HTTP/1.1" status: 200 len: 1051 time: 0.0769730
2026-07-24 18:41:15.329 9 INFO neutron.wsgi [req-20e9114a-d092-41b2-96b9-9478bf065c17 req-724ed714-9029-402d-80e3-8a90cb45123a a13ace7f3ffd4dfbaf096472980059fc b12aeeba212b4852bd69d0e6a8f4a4e2 - - b465198673654156823ad50d5205f89c b465198673654156823ad50d5205f89c] 199.204.45.240 "GET /v2.0/ports?tenant_id=9c6c08079c354e00a51ef95a4d025727&device_id=9e9fe17a-898c-4815-966c-b05cb55e50fd HTTP/1.1" status: 200 len: 1409 time: 0.0356281
2026-07-24 18:41:15.398 9 INFO neutron.wsgi [req-20e9114a-d092-41b2-96b9-9478bf065c17 req-55acf652-025d-4120-91ee-efb2bf7d98e4 a13ace7f3ffd4dfbaf096472980059fc b12aeeba212b4852bd69d0e6a8f4a4e2 - - b465198673654156823ad50d5205f89c b465198673654156823ad50d5205f89c] 199.204.45.240 "GET /v2.0/networks?id=841127fb-1292-44a2-80cf-a15aee28ad83 HTTP/1.1" status: 200 len: 959 time: 0.0610600
2026-07-24 18:41:15.448 9 INFO neutron.wsgi [req-20e9114a-d092-41b2-96b9-9478bf065c17 req-e2a28e04-9cc1-4b6d-a974-f174bde385da a13ace7f3ffd4dfbaf096472980059fc b12aeeba212b4852bd69d0e6a8f4a4e2 - - b465198673654156823ad50d5205f89c b465198673654156823ad50d5205f89c] 199.204.45.240 "GET /v2.0/floatingips?fixed_ip_address=10.100.0.3&port_id=da908ea3-2919-4622-a73f-d9b3070a5860 HTTP/1.1" status: 200 len: 1059 time: 0.0433269
2026-07-24 18:41:15.497 9 INFO neutron.wsgi [req-20e9114a-d092-41b2-96b9-9478bf065c17 req-af3fdf13-b96c-4ff7-aadf-fad8116f2540 a13ace7f3ffd4dfbaf096472980059fc b12aeeba212b4852bd69d0e6a8f4a4e2 - - b465198673654156823ad50d5205f89c b465198673654156823ad50d5205f89c] 199.204.45.240 "GET /v2.0/subnets?id=92a63090-ff1c-4fdf-a90b-d6c4c0b6f52f HTTP/1.1" status: 200 len: 853 time: 0.0412662
2026-07-24 18:41:15.527 9 INFO neutron.wsgi [req-20e9114a-d092-41b2-96b9-9478bf065c17 req-4ed49da3-9bda-4ca6-a8e7-52ef713b344c a13ace7f3ffd4dfbaf096472980059fc b12aeeba212b4852bd69d0e6a8f4a4e2 - - b465198673654156823ad50d5205f89c b465198673654156823ad50d5205f89c] 199.204.45.240 "GET /v2.0/ports?network_id=841127fb-1292-44a2-80cf-a15aee28ad83&device_owner=network%3Adhcp HTTP/1.1" status: 200 len: 210 time: 0.0225296
2026-07-24 18:41:15.593 9 INFO neutron.wsgi [req-20e9114a-d092-41b2-96b9-9478bf065c17 req-6102600e-1d2a-440b-b5fc-fa0258c74350 a13ace7f3ffd4dfbaf096472980059fc b12aeeba212b4852bd69d0e6a8f4a4e2 - - b465198673654156823ad50d5205f89c b465198673654156823ad50d5205f89c] 199.204.45.240 "GET /v2.0/networks/841127fb-1292-44a2-80cf-a15aee28ad83?fields=segments HTTP/1.1" status: 200 len: 212 time: 0.0600240
2026-07-24 18:41:15.663 9 INFO neutron.wsgi [req-20e9114a-d092-41b2-96b9-9478bf065c17 req-4a2aca0e-f2a4-4154-bc8e-727cfc86f615 a13ace7f3ffd4dfbaf096472980059fc b12aeeba212b4852bd69d0e6a8f4a4e2 - - b465198673654156823ad50d5205f89c b465198673654156823ad50d5205f89c] 199.204.45.240 "GET /v2.0/networks/841127fb-1292-44a2-80cf-a15aee28ad83?fields=provider%3Aphysical_network&fields=provider%3Anetwork_type HTTP/1.1" status: 200 len: 277 time: 0.0630660 /var/lib/openstack/lib/python3.10/site-packages/pycadf/identifier.py:71: UserWarning: Invalid uuid: neutron. To ensure interoperability, identifiers should be a valid uuid. warnings.warn(('Invalid uuid: %s. To ensure interoperability, '
2026-07-24 18:41:15.712 10 INFO neutron.wsgi [None req-83698eb3-b0ac-4366-b799-a8c7f32defed b14169f80e504ebebb83ae9e9c79e7ee e7b59c0201624c6a83648ab178708d6c - - default default] 10.0.0.151 "GET /v2.0/security-groups?tenant_id=e54e7a3e4fac4c84a7e7d79f923ab4ad&name=default HTTP/1.1" status: 200 len: 2996 time: 0.2173350
2026-07-24 18:41:15.934 9 INFO neutron.wsgi [None req-0f0dea48-a133-497d-935a-bc30347952b2 b14169f80e504ebebb83ae9e9c79e7ee e7b59c0201624c6a83648ab178708d6c - - default default] 10.0.0.151 "DELETE /v2.0/security-groups/fc28158b-f17e-4f58-82e1-6f78ca67417e HTTP/1.1" status: 204 len: 168 time: 0.2150280
2026-07-24 18:41:16.189 10 INFO neutron.db.ovn_revision_numbers_db [None req-c35e0387-970a-4b1f-9f6d-29150fa692e0 b14169f80e504ebebb83ae9e9c79e7ee e7b59c0201624c6a83648ab178708d6c - - default default] Successfully bumped revision number for resource 95a5e37c-5d8d-4e85-83cb-f3e70fce49e8 (type: security_groups) to 1
2026-07-24 18:41:16.204 10 INFO neutron.db.ovn_revision_numbers_db [None req-c35e0387-970a-4b1f-9f6d-29150fa692e0 b14169f80e504ebebb83ae9e9c79e7ee e7b59c0201624c6a83648ab178708d6c - - default default] Successfully bumped revision number for resource 3c1f17e6-c7b5-4b4a-a644-eafcf0b80d80 (type: security_group_rules) to 0
2026-07-24 18:41:16.217 10 INFO neutron.db.ovn_revision_numbers_db [None req-c35e0387-970a-4b1f-9f6d-29150fa692e0 b14169f80e504ebebb83ae9e9c79e7ee e7b59c0201624c6a83648ab178708d6c - - default default] Successfully bumped revision number for resource a2b69469-2c40-414d-a7bb-3ffd5f98fc0a (type: security_group_rules) to 0
2026-07-24 18:41:16.264 10 INFO neutron.db.ovn_revision_numbers_db [None req-c35e0387-970a-4b1f-9f6d-29150fa692e0 b14169f80e504ebebb83ae9e9c79e7ee e7b59c0201624c6a83648ab178708d6c - - default default] Successfully bumped revision number for resource af0efe19-35d1-4b30-b886-a2ada0544c07 (type: security_group_rules) to 0
2026-07-24 18:41:16.285 10 INFO neutron.db.ovn_revision_numbers_db [None req-c35e0387-970a-4b1f-9f6d-29150fa692e0 b14169f80e504ebebb83ae9e9c79e7ee e7b59c0201624c6a83648ab178708d6c - - default default] Successfully bumped revision number for resource f78493b9-281e-4dbf-8fe1-65c2975266b8 (type: security_group_rules) to 0
2026-07-24 18:41:16.314 10 INFO neutron.wsgi [None req-c35e0387-970a-4b1f-9f6d-29150fa692e0 b14169f80e504ebebb83ae9e9c79e7ee e7b59c0201624c6a83648ab178708d6c - - default default] 10.0.0.151 "GET /v2.0/security-groups?tenant_id=cb9c3301be634d67afb6d92bbca4e97a&name=default HTTP/1.1" status: 200 len: 2996 time: 0.2431393
2026-07-24 18:41:16.398 10 INFO neutron.wsgi [None req-157dab3c-ab6b-4fba-94e7-137fae03e582 b14169f80e504ebebb83ae9e9c79e7ee e7b59c0201624c6a83648ab178708d6c - - default default] 10.0.0.114 "GET /v2.0/agents HTTP/1.1" status: 200 len: 997 time: 0.1717772
2026-07-24 18:41:16.446 10 INFO neutron.wsgi [None req-63dd62a7-3290-424a-98cd-fbe0b2daeeb7 b14169f80e504ebebb83ae9e9c79e7ee e7b59c0201624c6a83648ab178708d6c - - default default] 10.0.0.114 "GET /v2.0/floatingips HTTP/1.1" status: 200 len: 1035 time: 0.0461566
2026-07-24 18:41:16.481 10 INFO neutron.wsgi [None req-2f4f250d-b117-4159-867f-6bf4a153e027 b14169f80e504ebebb83ae9e9c79e7ee e7b59c0201624c6a83648ab178708d6c - - default default] 10.0.0.114 "GET /v2.0/subnets HTTP/1.1" status: 200 len: 2078 time: 0.0324273
2026-07-24 18:41:16.516 10 INFO neutron.wsgi [None req-2137decf-0bb3-4a3b-bbd6-e3ba82635b33 b14169f80e504ebebb83ae9e9c79e7ee e7b59c0201624c6a83648ab178708d6c - - default default] 10.0.0.114 "GET /v2.0/ports HTTP/1.1" status: 200 len: 11961 time: 0.0318642
2026-07-24 18:41:16.586 10 INFO neutron.wsgi [None req-5b69af72-c86e-4dcc-b2d7-003f374a81b0 b14169f80e504ebebb83ae9e9c79e7ee e7b59c0201624c6a83648ab178708d6c - - default default] 10.0.0.114 "GET /v2.0/networks HTTP/1.1" status: 200 len: 3096 time: 0.0647099
2026-07-24 18:41:16.637 10 INFO neutron.wsgi [None req-52cb4ae0-27a9-40e7-96b5-c6d31f4bb284 b14169f80e504ebebb83ae9e9c79e7ee e7b59c0201624c6a83648ab178708d6c - - default default] 10.0.0.151 "DELETE /v2.0/security-groups/95a5e37c-5d8d-4e85-83cb-f3e70fce49e8 HTTP/1.1" status: 204 len: 168 time: 0.3168459
2026-07-24 18:41:16.662 10 INFO neutron.wsgi [None req-2149ecd6-e941-4b9b-b5c1-70ac3417676d b14169f80e504ebebb83ae9e9c79e7ee e7b59c0201624c6a83648ab178708d6c - - default default] 10.0.0.114 "GET /v2.0/routers HTTP/1.1" status: 200 len: 860 time: 0.0729802
2026-07-24 18:41:16.676 10 INFO neutron.wsgi [None req-c9e0f264-1500-45cc-8d85-532ab53ce1cf b14169f80e504ebebb83ae9e9c79e7ee e7b59c0201624c6a83648ab178708d6c - - default default] 10.0.0.114 "GET /v2.0/agents?binary=ovn-controller HTTP/1.1" status: 200 len: 591 time: 0.0130627
2026-07-24 18:41:16.688 10 INFO neutron.wsgi [None req-bf3b9cc0-3243-4d31-a311-d22c5f3ca7ec b14169f80e504ebebb83ae9e9c79e7ee e7b59c0201624c6a83648ab178708d6c - - default default] 10.0.0.114 "GET /v2.0/network-ip-availabilities HTTP/1.1" status: 200 len: 1727 time: 0.0103035
2026-07-24 18:41:16.755 10 INFO neutron.wsgi [None req-e82baee5-c8b8-4b3c-b05b-f0eb8dfcb053 b14169f80e504ebebb83ae9e9c79e7ee e7b59c0201624c6a83648ab178708d6c - - default default] 10.0.0.114 "GET /v2.0/security-groups HTTP/1.1" status: 200 len: 29765 time: 0.0658197
2026-07-24 18:41:16.795 10 INFO neutron.wsgi [None req-5c5874b5-f97f-4dd9-9d78-cdbb3115988d b14169f80e504ebebb83ae9e9c79e7ee e7b59c0201624c6a83648ab178708d6c - - default default] 10.0.0.114 "GET /v2.0/subnets HTTP/1.1" status: 200 len: 2078 time: 0.0303426
2026-07-24 18:41:16.804 10 INFO neutron.wsgi [None req-5343f33d-b1c2-43a4-ace5-2d90fdf218ac b14169f80e504ebebb83ae9e9c79e7ee e7b59c0201624c6a83648ab178708d6c - - default default] 10.0.0.114 "GET /v2.0/subnetpools HTTP/1.1" status: 200 len: 193 time: 0.0084133
2026-07-24 18:41:16.865 9 INFO neutron.db.ovn_revision_numbers_db [None req-2c22d4be-28d0-41b3-848f-f6aa6569f192 b14169f80e504ebebb83ae9e9c79e7ee e7b59c0201624c6a83648ab178708d6c - - default default] Successfully bumped revision number for resource 2bf6586b-53c4-4253-b236-adb9c0fb48c0 (type: security_groups) to 1
2026-07-24 18:41:16.883 9 INFO neutron.db.ovn_revision_numbers_db [None req-2c22d4be-28d0-41b3-848f-f6aa6569f192 b14169f80e504ebebb83ae9e9c79e7ee e7b59c0201624c6a83648ab178708d6c - - default default] Successfully bumped revision number for resource 73ea17a7-55c2-4be6-b1d5-e996356e1fad (type: security_group_rules) to 0
2026-07-24 18:41:16.898 9 INFO neutron.db.ovn_revision_numbers_db [None req-2c22d4be-28d0-41b3-848f-f6aa6569f192 b14169f80e504ebebb83ae9e9c79e7ee e7b59c0201624c6a83648ab178708d6c - - default default] Successfully bumped revision number for resource 7b455971-b65e-4d01-bb03-07198af10428 (type: security_group_rules) to 0
2026-07-24 18:41:16.913 9 INFO neutron.db.ovn_revision_numbers_db [None req-2c22d4be-28d0-41b3-848f-f6aa6569f192 b14169f80e504ebebb83ae9e9c79e7ee e7b59c0201624c6a83648ab178708d6c - - default default] Successfully bumped revision number for resource 97d20500-7561-48ea-9027-d74b72322629 (type: security_group_rules) to 0
2026-07-24 18:41:16.926 9 INFO neutron.db.ovn_revision_numbers_db [None req-2c22d4be-28d0-41b3-848f-f6aa6569f192 b14169f80e504ebebb83ae9e9c79e7ee e7b59c0201624c6a83648ab178708d6c - - default default] Successfully bumped revision number for resource bbfd3dfc-fdf4-4564-adc1-ba827a317c38 (type: security_group_rules) to 0
2026-07-24 18:41:16.948 9 INFO neutron.wsgi [None req-2c22d4be-28d0-41b3-848f-f6aa6569f192 b14169f80e504ebebb83ae9e9c79e7ee e7b59c0201624c6a83648ab178708d6c - - default default] 10.0.0.151 "GET /v2.0/security-groups?tenant_id=8b041f3392d44985bb5465a575c644bc&name=default HTTP/1.1" status: 200 len: 2996 time: 0.1830313
2026-07-24 18:41:17.136 9 INFO neutron.wsgi [None req-55402349-f8b0-45e1-81e7-9e3b35f9c0fd b14169f80e504ebebb83ae9e9c79e7ee e7b59c0201624c6a83648ab178708d6c - - default default] 10.0.0.151 "DELETE /v2.0/security-groups/2bf6586b-53c4-4253-b236-adb9c0fb48c0 HTTP/1.1" status: 204 len: 168 time: 0.1822004
2026-07-24 18:41:17.145 15 INFO neutron.plugins.ml2.drivers.ovn.mech_driver.ovsdb.maintenance [None req-60374cc0-c8d7-4c51-ade3-64d2a96b31d6 - - - - - -] Maintenance task: Synchronization finished (took 1.89 seconds)
2026-07-24 18:41:20.329 10 INFO neutron.wsgi [-] 10.0.0.97 "GET / HTTP/1.1" status: 200 len: 247 time: 0.0074828
2026-07-24 18:41:20.331 10 INFO neutron.wsgi [-] 10.0.0.97 "GET / HTTP/1.1" status: 200 len: 247 time: 0.0010426
2026-07-24 18:41:21.725 10 INFO neutron.db.ovn_revision_numbers_db [None req-a9ce63b4-be44-4f6f-8872-b18863242dbf 4b6e8481c46c45a3a0aeb54550b3ea01 028f6207512c4d0d89b4d262a9b5a464 - - default default] Successfully bumped revision number for resource 5a990557-e2d0-428c-8d9c-d74ebc3359ce (type: security_groups) to 1
2026-07-24 18:41:21.739 10 INFO neutron.db.ovn_revision_numbers_db [None req-a9ce63b4-be44-4f6f-8872-b18863242dbf 4b6e8481c46c45a3a0aeb54550b3ea01 028f6207512c4d0d89b4d262a9b5a464 - - default default] Successfully bumped revision number for resource 005c9359-12d0-4404-a9ce-4b25e6ec0c41 (type: security_group_rules) to 0
2026-07-24 18:41:21.750 10 INFO neutron.db.ovn_revision_numbers_db [None req-a9ce63b4-be44-4f6f-8872-b18863242dbf 4b6e8481c46c45a3a0aeb54550b3ea01 028f6207512c4d0d89b4d262a9b5a464 - - default default] Successfully bumped revision number for resource 3c66e760-ab18-495c-b116-12d68b002844 (type: security_group_rules) to 0
2026-07-24 18:41:21.765 10 INFO neutron.db.ovn_revision_numbers_db [None req-a9ce63b4-be44-4f6f-8872-b18863242dbf 4b6e8481c46c45a3a0aeb54550b3ea01 028f6207512c4d0d89b4d262a9b5a464 - - default default] Successfully bumped revision number for resource 71e4ba22-d785-4cbb-81d7-a9149bdce77f (type: security_group_rules) to 0
2026-07-24 18:41:21.778 10 INFO neutron.db.ovn_revision_numbers_db [None req-a9ce63b4-be44-4f6f-8872-b18863242dbf 4b6e8481c46c45a3a0aeb54550b3ea01 028f6207512c4d0d89b4d262a9b5a464 - - default default] Successfully bumped revision number for resource d1d2cb39-b15a-4c3e-a959-0845a76cbe23 (type: security_group_rules) to 0
2026-07-24 18:41:21.828 10 INFO neutron.db.segments_db [None req-a9ce63b4-be44-4f6f-8872-b18863242dbf 4b6e8481c46c45a3a0aeb54550b3ea01 028f6207512c4d0d89b4d262a9b5a464 - - default default] Added segment c1fcbdd7-706e-428e-afec-8b64bfcf1d12 of type geneve for network b0672965-a856-44a8-bec0-4deb289b6a7e
2026-07-24 18:41:21.964 10 INFO neutron.db.ovn_revision_numbers_db [None req-a9ce63b4-be44-4f6f-8872-b18863242dbf 4b6e8481c46c45a3a0aeb54550b3ea01 028f6207512c4d0d89b4d262a9b5a464 - - default default] Successfully bumped revision number for resource b0672965-a856-44a8-bec0-4deb289b6a7e (type: networks) to 1
2026-07-24 18:41:22.090 9 INFO neutron.db.ovn_revision_numbers_db [None req-46f5fd3b-25b7-4375-8255-397c242cb55d b14169f80e504ebebb83ae9e9c79e7ee e7b59c0201624c6a83648ab178708d6c - - default default] Successfully bumped revision number for resource 9c09c42a-3549-4724-bf7c-6dae06d6e72d (type: security_groups) to 1
2026-07-24 18:41:22.107 9 INFO neutron.db.ovn_revision_numbers_db [None req-46f5fd3b-25b7-4375-8255-397c242cb55d b14169f80e504ebebb83ae9e9c79e7ee e7b59c0201624c6a83648ab178708d6c - - default default] Successfully bumped revision number for resource 01eb0386-8429-407f-9a4b-04db50862656 (type: security_group_rules) to 0
2026-07-24 18:41:22.121 9 INFO neutron.db.ovn_revision_numbers_db [None req-46f5fd3b-25b7-4375-8255-397c242cb55d b14169f80e504ebebb83ae9e9c79e7ee e7b59c0201624c6a83648ab178708d6c - - default default] Successfully bumped revision number for resource 21500c67-285c-4546-b794-984837552dba (type: security_group_rules) to 0
2026-07-24 18:41:22.126 10 WARNING neutron.scheduler.dhcp_agent_scheduler [None req-a9ce63b4-be44-4f6f-8872-b18863242dbf 4b6e8481c46c45a3a0aeb54550b3ea01 028f6207512c4d0d89b4d262a9b5a464 - - default default] No more DHCP agents
2026-07-24 18:41:22.128 10 WARNING neutron.api.rpc.agentnotifiers.dhcp_rpc_agent_api [None req-a9ce63b4-be44-4f6f-8872-b18863242dbf 4b6e8481c46c45a3a0aeb54550b3ea01 028f6207512c4d0d89b4d262a9b5a464 - - default default] Unable to schedule network b0672965-a856-44a8-bec0-4deb289b6a7e: no agents available; will retry on subsequent port and subnet creation events.
2026-07-24 18:41:22.134 9 INFO neutron.db.ovn_revision_numbers_db [None req-46f5fd3b-25b7-4375-8255-397c242cb55d b14169f80e504ebebb83ae9e9c79e7ee e7b59c0201624c6a83648ab178708d6c - - default default] Successfully bumped revision number for resource 8c724f67-d6c2-481a-88c2-7494dc5d371d (type: security_group_rules) to 0
2026-07-24 18:41:22.147 9 INFO neutron.db.ovn_revision_numbers_db [None req-46f5fd3b-25b7-4375-8255-397c242cb55d b14169f80e504ebebb83ae9e9c79e7ee e7b59c0201624c6a83648ab178708d6c - - default default] Successfully bumped revision number for resource d2419f86-9b15-4e99-9325-0c26561f227f (type: security_group_rules) to 0
2026-07-24 18:41:22.167 9 INFO neutron.wsgi [None req-46f5fd3b-25b7-4375-8255-397c242cb55d b14169f80e504ebebb83ae9e9c79e7ee e7b59c0201624c6a83648ab178708d6c - - default default] 10.0.0.151 "GET /v2.0/security-groups?tenant_id=6aa24e037cd44de99ef6df90c38b148d&name=default HTTP/1.1" status: 200 len: 2996 time: 0.2824786
2026-07-24 18:41:22.210 10 INFO neutron.db.ovn_revision_numbers_db [None req-a9ce63b4-be44-4f6f-8872-b18863242dbf 4b6e8481c46c45a3a0aeb54550b3ea01 028f6207512c4d0d89b4d262a9b5a464 - - default default] Successfully bumped revision number for resource a0600bab-54ba-4b5d-9f5d-95199fb52757 (type: ports) to 1
2026-07-24 18:41:22.232 10 INFO neutron.wsgi [None req-a9ce63b4-be44-4f6f-8872-b18863242dbf 4b6e8481c46c45a3a0aeb54550b3ea01 028f6207512c4d0d89b4d262a9b5a464 - - default default] 10.0.0.151 "POST /v2.0/networks HTTP/1.1" status: 201 len: 831 time: 0.8659325
2026-07-24 18:41:22.424 9 INFO neutron.wsgi [None req-5bb39bf5-a8bf-407e-8857-e373a656aca5 b14169f80e504ebebb83ae9e9c79e7ee e7b59c0201624c6a83648ab178708d6c - - default default] 10.0.0.151 "DELETE /v2.0/security-groups/9c09c42a-3549-4724-bf7c-6dae06d6e72d HTTP/1.1" status: 204 len: 168 time: 0.2488468
2026-07-24 18:41:22.485 10 WARNING neutron.scheduler.dhcp_agent_scheduler [None req-1cefd0c2-5cd4-49bc-9bc5-db52373f8346 4b6e8481c46c45a3a0aeb54550b3ea01 028f6207512c4d0d89b4d262a9b5a464 - - default default] No more DHCP agents
2026-07-24 18:41:22.487 10 WARNING neutron.api.rpc.agentnotifiers.dhcp_rpc_agent_api [None req-1cefd0c2-5cd4-49bc-9bc5-db52373f8346 4b6e8481c46c45a3a0aeb54550b3ea01 028f6207512c4d0d89b4d262a9b5a464 - - default default] Unable to schedule network b0672965-a856-44a8-bec0-4deb289b6a7e: no agents available; will retry on subsequent port and subnet creation events.
2026-07-24 18:41:22.565 10 INFO neutron.db.ovn_revision_numbers_db [None req-1cefd0c2-5cd4-49bc-9bc5-db52373f8346 4b6e8481c46c45a3a0aeb54550b3ea01 028f6207512c4d0d89b4d262a9b5a464 - - default default] Successfully bumped revision number for resource 032fd474-f2b2-4d41-83da-9b744624d4d6 (type: ports) to 1
2026-07-24 18:41:22.589 10 INFO neutron.wsgi [None req-1cefd0c2-5cd4-49bc-9bc5-db52373f8346 4b6e8481c46c45a3a0aeb54550b3ea01 028f6207512c4d0d89b4d262a9b5a464 - - default default] 10.0.0.151 "POST /v2.0/ports HTTP/1.1" status: 201 len: 942 time: 0.3507793 /var/lib/openstack/lib/python3.10/site-packages/pycadf/identifier.py:71: UserWarning: Invalid uuid: neutron. To ensure interoperability, identifiers should be a valid uuid. warnings.warn(('Invalid uuid: %s. To ensure interoperability, '
2026-07-24 18:41:22.839 10 INFO neutron.wsgi [None req-9b700e99-6f75-4205-8d55-95132d57d7ca 4b6e8481c46c45a3a0aeb54550b3ea01 028f6207512c4d0d89b4d262a9b5a464 - - default default] 10.0.0.151 "POST /v2.0/trunks HTTP/1.1" status: 201 len: 608 time: 0.2433491
2026-07-24 18:41:22.934 10 INFO neutron.db.segments_db [None req-1a2c0217-9dd0-4375-b3ee-c089d3a34790 4b6e8481c46c45a3a0aeb54550b3ea01 028f6207512c4d0d89b4d262a9b5a464 - - default default] Added segment 7ec6d795-506a-436e-90f3-65af1568f7fe of type geneve for network 90284c55-b52b-45bb-b527-a17caaabe625
2026-07-24 18:41:23.067 10 INFO neutron.db.ovn_revision_numbers_db [None req-1a2c0217-9dd0-4375-b3ee-c089d3a34790 4b6e8481c46c45a3a0aeb54550b3ea01 028f6207512c4d0d89b4d262a9b5a464 - - default default] Successfully bumped revision number for resource 90284c55-b52b-45bb-b527-a17caaabe625 (type: networks) to 1
2026-07-24 18:41:23.245 10 WARNING neutron.scheduler.dhcp_agent_scheduler [None req-1a2c0217-9dd0-4375-b3ee-c089d3a34790 4b6e8481c46c45a3a0aeb54550b3ea01 028f6207512c4d0d89b4d262a9b5a464 - - default default] No more DHCP agents
2026-07-24 18:41:23.247 10 WARNING neutron.api.rpc.agentnotifiers.dhcp_rpc_agent_api [None req-1a2c0217-9dd0-4375-b3ee-c089d3a34790 4b6e8481c46c45a3a0aeb54550b3ea01 028f6207512c4d0d89b4d262a9b5a464 - - default default] Unable to schedule network 90284c55-b52b-45bb-b527-a17caaabe625: no agents available; will retry on subsequent port and subnet creation events.
2026-07-24 18:41:23.344 10 INFO neutron.db.ovn_revision_numbers_db [None req-1a2c0217-9dd0-4375-b3ee-c089d3a34790 4b6e8481c46c45a3a0aeb54550b3ea01 028f6207512c4d0d89b4d262a9b5a464 - - default default] Successfully bumped revision number for resource 0b8f7c8d-6774-4faf-b2dd-8f69006e916b (type: ports) to 1
2026-07-24 18:41:23.368 10 INFO neutron.wsgi [None req-1a2c0217-9dd0-4375-b3ee-c089d3a34790 4b6e8481c46c45a3a0aeb54550b3ea01 028f6207512c4d0d89b4d262a9b5a464 - - default default] 10.0.0.151 "POST /v2.0/networks HTTP/1.1" status: 201 len: 830 time: 0.5166876
2026-07-24 18:41:23.729 9 WARNING neutron.scheduler.dhcp_agent_scheduler [None req-ab5e1f3a-ba81-46bb-8cd9-86e273b7a1ac 4b6e8481c46c45a3a0aeb54550b3ea01 028f6207512c4d0d89b4d262a9b5a464 - - default default] No more DHCP agents
2026-07-24 18:41:23.732 9 WARNING neutron.api.rpc.agentnotifiers.dhcp_rpc_agent_api [None req-ab5e1f3a-ba81-46bb-8cd9-86e273b7a1ac 4b6e8481c46c45a3a0aeb54550b3ea01 028f6207512c4d0d89b4d262a9b5a464 - - default default] Unable to schedule network 90284c55-b52b-45bb-b527-a17caaabe625: no agents available; will retry on subsequent port and subnet creation events.
2026-07-24 18:41:23.824 9 INFO neutron.db.ovn_revision_numbers_db [None req-ab5e1f3a-ba81-46bb-8cd9-86e273b7a1ac 4b6e8481c46c45a3a0aeb54550b3ea01 028f6207512c4d0d89b4d262a9b5a464 - - default default] Successfully bumped revision number for resource a30caf5a-111f-46f1-80ed-625336b731a9 (type: ports) to 1
2026-07-24 18:41:23.846 9 INFO neutron.wsgi [None req-ab5e1f3a-ba81-46bb-8cd9-86e273b7a1ac 4b6e8481c46c45a3a0aeb54550b3ea01 028f6207512c4d0d89b4d262a9b5a464 - - default default] 10.0.0.151 "POST /v2.0/ports HTTP/1.1" status: 201 len: 942 time: 0.4717438 /var/lib/openstack/lib/python3.10/site-packages/pycadf/identifier.py:71: UserWarning: Invalid uuid: neutron. To ensure interoperability, identifiers should be a valid uuid. warnings.warn(('Invalid uuid: %s. To ensure interoperability, '
2026-07-24 18:41:24.065 9 INFO neutron.wsgi [None req-3222e11c-c5c0-4ad7-8b43-94e8ca71d434 4b6e8481c46c45a3a0aeb54550b3ea01 028f6207512c4d0d89b4d262a9b5a464 - - default default] 10.0.0.151 "POST /v2.0/trunks HTTP/1.1" status: 201 len: 608 time: 0.2123947
2026-07-24 18:41:24.200 10 INFO neutron.db.segments_db [None req-a6e0dd21-e159-4c29-b69e-6f9a4a936c74 4b6e8481c46c45a3a0aeb54550b3ea01 028f6207512c4d0d89b4d262a9b5a464 - - default default] Added segment c7fab18d-9f45-46c3-91e4-f1b666b9d6b5 of type geneve for network 046ac7e0-b53c-49ac-bc8d-9859219661e9
2026-07-24 18:41:24.332 10 INFO neutron.db.ovn_revision_numbers_db [None req-a6e0dd21-e159-4c29-b69e-6f9a4a936c74 4b6e8481c46c45a3a0aeb54550b3ea01 028f6207512c4d0d89b4d262a9b5a464 - - default default] Successfully bumped revision number for resource 046ac7e0-b53c-49ac-bc8d-9859219661e9 (type: networks) to 1
2026-07-24 18:41:24.466 9 INFO neutron.db.ovn_revision_numbers_db [None req-b7ee26e0-fd7c-4be0-958d-0e9ee082fb98 b14169f80e504ebebb83ae9e9c79e7ee e7b59c0201624c6a83648ab178708d6c - - default default] Successfully bumped revision number for resource 7c2c678f-6c98-4964-93b6-a3c13451e342 (type: security_groups) to 1
2026-07-24 18:41:24.489 9 INFO neutron.db.ovn_revision_numbers_db [None req-b7ee26e0-fd7c-4be0-958d-0e9ee082fb98 b14169f80e504ebebb83ae9e9c79e7ee e7b59c0201624c6a83648ab178708d6c - - default default] Successfully bumped revision number for resource 46cfdd73-db99-45ea-b047-f7a3132fd557 (type: security_group_rules) to 0
2026-07-24 18:41:24.525 9 INFO neutron.db.ovn_revision_numbers_db [None req-b7ee26e0-fd7c-4be0-958d-0e9ee082fb98 b14169f80e504ebebb83ae9e9c79e7ee e7b59c0201624c6a83648ab178708d6c - - default default] Successfully bumped revision number for resource 4e6b1ce3-ca00-4516-a602-f9883ecdfa6b (type: security_group_rules) to 0
2026-07-24 18:41:24.540 9 INFO neutron.db.ovn_revision_numbers_db [None req-b7ee26e0-fd7c-4be0-958d-0e9ee082fb98 b14169f80e504ebebb83ae9e9c79e7ee e7b59c0201624c6a83648ab178708d6c - - default default] Successfully bumped revision number for resource a02e9d71-9d64-4abc-9d0a-e23c2e15f561 (type: security_group_rules) to 0
2026-07-24 18:41:24.544 10 WARNING neutron.scheduler.dhcp_agent_scheduler [None req-a6e0dd21-e159-4c29-b69e-6f9a4a936c74 4b6e8481c46c45a3a0aeb54550b3ea01 028f6207512c4d0d89b4d262a9b5a464 - - default default] No more DHCP agents
2026-07-24 18:41:24.547 10 WARNING neutron.api.rpc.agentnotifiers.dhcp_rpc_agent_api [None req-a6e0dd21-e159-4c29-b69e-6f9a4a936c74 4b6e8481c46c45a3a0aeb54550b3ea01 028f6207512c4d0d89b4d262a9b5a464 - - default default] Unable to schedule network 046ac7e0-b53c-49ac-bc8d-9859219661e9: no agents available; will retry on subsequent port and subnet creation events.
2026-07-24 18:41:24.555 9 INFO neutron.db.ovn_revision_numbers_db [None req-b7ee26e0-fd7c-4be0-958d-0e9ee082fb98 b14169f80e504ebebb83ae9e9c79e7ee e7b59c0201624c6a83648ab178708d6c - - default default] Successfully bumped revision number for resource ae7fff47-8db9-4e72-ad61-d484366ef524 (type: security_group_rules) to 0
2026-07-24 18:41:24.615 9 INFO neutron.db.segments_db [None req-b7ee26e0-fd7c-4be0-958d-0e9ee082fb98 b14169f80e504ebebb83ae9e9c79e7ee e7b59c0201624c6a83648ab178708d6c - - default default] Added segment baa33778-f20c-46e5-b891-898811d6e04f of type geneve for network b15680d2-b02d-4946-8585-444b87599962
2026-07-24 18:41:24.635 10 INFO neutron.db.ovn_revision_numbers_db [None req-a6e0dd21-e159-4c29-b69e-6f9a4a936c74 4b6e8481c46c45a3a0aeb54550b3ea01 028f6207512c4d0d89b4d262a9b5a464 - - default default] Successfully bumped revision number for resource 2c45458c-d9d5-4928-989e-5ffc01a6d750 (type: ports) to 1
2026-07-24 18:41:24.659 10 INFO neutron.wsgi [None req-a6e0dd21-e159-4c29-b69e-6f9a4a936c74 4b6e8481c46c45a3a0aeb54550b3ea01 028f6207512c4d0d89b4d262a9b5a464 - - default default] 10.0.0.151 "POST /v2.0/networks HTTP/1.1" status: 201 len: 831 time: 0.5703344
2026-07-24 18:41:24.766 9 INFO neutron.db.ovn_revision_numbers_db [None req-b7ee26e0-fd7c-4be0-958d-0e9ee082fb98 b14169f80e504ebebb83ae9e9c79e7ee e7b59c0201624c6a83648ab178708d6c - - default default] Successfully bumped revision number for resource b15680d2-b02d-4946-8585-444b87599962 (type: networks) to 1
2026-07-24 18:41:24.881 10 WARNING neutron.scheduler.dhcp_agent_scheduler [None req-d96575be-1170-4617-8675-0b9cf997ff16 4b6e8481c46c45a3a0aeb54550b3ea01 028f6207512c4d0d89b4d262a9b5a464 - - default default] No more DHCP agents
2026-07-24 18:41:24.884 10 WARNING neutron.api.rpc.agentnotifiers.dhcp_rpc_agent_api [None req-d96575be-1170-4617-8675-0b9cf997ff16 4b6e8481c46c45a3a0aeb54550b3ea01 028f6207512c4d0d89b4d262a9b5a464 - - default default] Unable to schedule network 046ac7e0-b53c-49ac-bc8d-9859219661e9: no agents available; will retry on subsequent port and subnet creation events.
2026-07-24 18:41:24.939 9 WARNING neutron.scheduler.dhcp_agent_scheduler [None req-b7ee26e0-fd7c-4be0-958d-0e9ee082fb98 b14169f80e504ebebb83ae9e9c79e7ee e7b59c0201624c6a83648ab178708d6c - - default default] No more DHCP agents
2026-07-24 18:41:24.943 9 WARNING neutron.api.rpc.agentnotifiers.dhcp_rpc_agent_api [None req-b7ee26e0-fd7c-4be0-958d-0e9ee082fb98 b14169f80e504ebebb83ae9e9c79e7ee e7b59c0201624c6a83648ab178708d6c - - default default] Unable to schedule network b15680d2-b02d-4946-8585-444b87599962: no agents available; will retry on subsequent port and subnet creation events.
2026-07-24 18:41:24.962 10 INFO neutron.db.ovn_revision_numbers_db [None req-d96575be-1170-4617-8675-0b9cf997ff16 4b6e8481c46c45a3a0aeb54550b3ea01 028f6207512c4d0d89b4d262a9b5a464 - - default default] Successfully bumped revision number for resource 951a7dc2-7949-44bd-abec-02eab511a7fc (type: ports) to 1
2026-07-24 18:41:24.986 10 INFO neutron.wsgi [None req-d96575be-1170-4617-8675-0b9cf997ff16 4b6e8481c46c45a3a0aeb54550b3ea01 028f6207512c4d0d89b4d262a9b5a464 - - default default] 10.0.0.151 "POST /v2.0/ports HTTP/1.1" status: 201 len: 942 time: 0.3209486 /var/lib/openstack/lib/python3.10/site-packages/pycadf/identifier.py:71: UserWarning: Invalid uuid: neutron. To ensure interoperability, identifiers should be a valid uuid. warnings.warn(('Invalid uuid: %s. To ensure interoperability, '
2026-07-24 18:41:25.027 9 INFO neutron.db.ovn_revision_numbers_db [None req-b7ee26e0-fd7c-4be0-958d-0e9ee082fb98 b14169f80e504ebebb83ae9e9c79e7ee e7b59c0201624c6a83648ab178708d6c - - default default] Successfully bumped revision number for resource f5d9569f-c456-4105-a052-a628daa8d340 (type: ports) to 1
2026-07-24 18:41:25.050 9 INFO neutron.wsgi [req-e4f2ca67-ace2-463d-b55e-2aba6c61ba9d req-0976afdc-8645-4b2e-a06c-ac8d28803fdc a13ace7f3ffd4dfbaf096472980059fc b12aeeba212b4852bd69d0e6a8f4a4e2 - - b465198673654156823ad50d5205f89c b465198673654156823ad50d5205f89c] 10.0.0.240 "GET /v2.0/ports?device_id=9e9fe17a-898c-4815-966c-b05cb55e50fd HTTP/1.1" status: 200 len: 1409 time: 0.0312643
2026-07-24 18:41:25.053 9 INFO neutron.wsgi [None req-b7ee26e0-fd7c-4be0-958d-0e9ee082fb98 b14169f80e504ebebb83ae9e9c79e7ee e7b59c0201624c6a83648ab178708d6c - - default default] 10.0.0.151 "POST /v2.0/networks HTTP/1.1" status: 201 len: 942 time: 0.8962748
2026-07-24 18:41:25.107 9 INFO neutron.wsgi [req-e4f2ca67-ace2-463d-b55e-2aba6c61ba9d req-b0e845a0-b407-419f-9693-07f0343c352a a13ace7f3ffd4dfbaf096472980059fc b12aeeba212b4852bd69d0e6a8f4a4e2 - - b465198673654156823ad50d5205f89c b465198673654156823ad50d5205f89c] 10.0.0.240 "GET /v2.0/security-groups?id=5667e57b-141d-4387-85ac-0a3605028269&fields=id&fields=name HTTP/1.1" status: 200 len: 313 time: 0.0505798
2026-07-24 18:41:25.195 10 INFO neutron.wsgi [None req-c52c694c-8dc4-4512-8f3f-ee7639005747 4b6e8481c46c45a3a0aeb54550b3ea01 028f6207512c4d0d89b4d262a9b5a464 - - default default] 10.0.0.151 "POST /v2.0/trunks HTTP/1.1" status: 201 len: 608 time: 0.2035902
2026-07-24 18:41:25.215 9 WARNING neutron.scheduler.dhcp_agent_scheduler [None req-fe75855e-d96d-4f4c-b760-d688d6367461 b14169f80e504ebebb83ae9e9c79e7ee e7b59c0201624c6a83648ab178708d6c - - default default] No more DHCP agents
2026-07-24 18:41:25.218 9 WARNING neutron.api.rpc.agentnotifiers.dhcp_rpc_agent_api [None req-fe75855e-d96d-4f4c-b760-d688d6367461 b14169f80e504ebebb83ae9e9c79e7ee e7b59c0201624c6a83648ab178708d6c - - default default] Unable to schedule network b15680d2-b02d-4946-8585-444b87599962: no agents available; will retry on subsequent port and subnet creation events.
2026-07-24 18:41:25.308 10 INFO neutron.db.segments_db [None req-5e282563-1f8d-4aeb-8e02-75ddb64857be 4b6e8481c46c45a3a0aeb54550b3ea01 028f6207512c4d0d89b4d262a9b5a464 - - default default] Added segment ed26e345-cf49-4c6f-8d8d-eef2ebc9c18e of type geneve for network 1b40f293-d4e2-41dc-a07b-4cf2c8613e9d
2026-07-24 18:41:25.488 10 INFO neutron.db.ovn_revision_numbers_db [None req-5e282563-1f8d-4aeb-8e02-75ddb64857be 4b6e8481c46c45a3a0aeb54550b3ea01 028f6207512c4d0d89b4d262a9b5a464 - - default default] Successfully bumped revision number for resource 1b40f293-d4e2-41dc-a07b-4cf2c8613e9d (type: networks) to 1
2026-07-24 18:41:25.679 10 WARNING neutron.scheduler.dhcp_agent_scheduler [None req-5e282563-1f8d-4aeb-8e02-75ddb64857be 4b6e8481c46c45a3a0aeb54550b3ea01 028f6207512c4d0d89b4d262a9b5a464 - - default default] No more DHCP agents
2026-07-24 18:41:25.683 10 WARNING neutron.api.rpc.agentnotifiers.dhcp_rpc_agent_api [None req-5e282563-1f8d-4aeb-8e02-75ddb64857be 4b6e8481c46c45a3a0aeb54550b3ea01 028f6207512c4d0d89b4d262a9b5a464 - - default default] Unable to schedule network 1b40f293-d4e2-41dc-a07b-4cf2c8613e9d: no agents available; will retry on subsequent port and subnet creation events.
2026-07-24 18:41:25.719 9 INFO neutron.db.ovn_revision_numbers_db [None req-fe75855e-d96d-4f4c-b760-d688d6367461 b14169f80e504ebebb83ae9e9c79e7ee e7b59c0201624c6a83648ab178708d6c - - default default] Successfully bumped revision number for resource f5d9569f-c456-4105-a052-a628daa8d340 (type: ports) to 2
2026-07-24 18:41:25.756 9 INFO neutron.db.ovn_revision_numbers_db [None req-fe75855e-d96d-4f4c-b760-d688d6367461 b14169f80e504ebebb83ae9e9c79e7ee e7b59c0201624c6a83648ab178708d6c - - default default] Successfully bumped revision number for resource 282c6dd0-7270-4d49-9dda-9c9a096e0513 (type: subnets) to 0
2026-07-24 18:41:25.759 10 INFO neutron.db.ovn_revision_numbers_db [None req-5e282563-1f8d-4aeb-8e02-75ddb64857be 4b6e8481c46c45a3a0aeb54550b3ea01 028f6207512c4d0d89b4d262a9b5a464 - - default default] Successfully bumped revision number for resource 5582a571-827f-455d-985b-8aab387fbda9 (type: ports) to 1
2026-07-24 18:41:25.773 9 INFO neutron.wsgi [None req-fe75855e-d96d-4f4c-b760-d688d6367461 b14169f80e504ebebb83ae9e9c79e7ee e7b59c0201624c6a83648ab178708d6c - - default default] 10.0.0.151 "POST /v2.0/subnets HTTP/1.1" status: 201 len: 862 time: 0.7155497
2026-07-24 18:41:25.787 10 INFO neutron.wsgi [None req-5e282563-1f8d-4aeb-8e02-75ddb64857be 4b6e8481c46c45a3a0aeb54550b3ea01 028f6207512c4d0d89b4d262a9b5a464 - - default default] 10.0.0.151 "POST /v2.0/networks HTTP/1.1" status: 201 len: 830 time: 0.5862050
2026-07-24 18:41:26.168 9 WARNING neutron.scheduler.dhcp_agent_scheduler [None req-94a1c380-6693-4622-ac6f-d54bfda10548 4b6e8481c46c45a3a0aeb54550b3ea01 028f6207512c4d0d89b4d262a9b5a464 - - default default] No more DHCP agents
2026-07-24 18:41:26.171 9 WARNING neutron.api.rpc.agentnotifiers.dhcp_rpc_agent_api [None req-94a1c380-6693-4622-ac6f-d54bfda10548 4b6e8481c46c45a3a0aeb54550b3ea01 028f6207512c4d0d89b4d262a9b5a464 - - default default] Unable to schedule network 1b40f293-d4e2-41dc-a07b-4cf2c8613e9d: no agents available; will retry on subsequent port and subnet creation events.
2026-07-24 18:41:26.533 9 INFO neutron.db.ovn_revision_numbers_db [None req-94a1c380-6693-4622-ac6f-d54bfda10548 4b6e8481c46c45a3a0aeb54550b3ea01 028f6207512c4d0d89b4d262a9b5a464 - - default default] Successfully bumped revision number for resource 74cfb82c-0610-4aec-9136-395aa1ba0e9a (type: ports) to 1
2026-07-24 18:41:26.578 9 INFO neutron.wsgi [None req-94a1c380-6693-4622-ac6f-d54bfda10548 4b6e8481c46c45a3a0aeb54550b3ea01 028f6207512c4d0d89b4d262a9b5a464 - - default default] 10.0.0.151 "POST /v2.0/ports HTTP/1.1" status: 201 len: 942 time: 0.7857912
2026-07-24 18:41:26.653 9 WARNING neutron.scheduler.dhcp_agent_scheduler [None req-1fdc6f7b-5ef0-4f4f-a30f-bae286cc187f b14169f80e504ebebb83ae9e9c79e7ee e7b59c0201624c6a83648ab178708d6c - - default default] No more DHCP agents
2026-07-24 18:41:26.655 9 WARNING neutron.api.rpc.agentnotifiers.dhcp_rpc_agent_api [None req-1fdc6f7b-5ef0-4f4f-a30f-bae286cc187f b14169f80e504ebebb83ae9e9c79e7ee e7b59c0201624c6a83648ab178708d6c - - default default] Unable to schedule network b698e4bc-0c33-4947-b580-a326040f7572: no agents available; will retry on subsequent port and subnet creation events.
2026-07-24 18:41:26.800 10 INFO neutron.wsgi [None req-66918533-3c65-4e78-8db1-9c473209c306 4b6e8481c46c45a3a0aeb54550b3ea01 028f6207512c4d0d89b4d262a9b5a464 - - default default] 10.0.0.151 "POST /v2.0/trunks HTTP/1.1" status: 201 len: 608 time: 0.2153180
2026-07-24 18:41:26.803 9 INFO neutron.db.ovn_revision_numbers_db [None req-1fdc6f7b-5ef0-4f4f-a30f-bae286cc187f b14169f80e504ebebb83ae9e9c79e7ee e7b59c0201624c6a83648ab178708d6c - - default default] Successfully bumped revision number for resource 13aeeaf2-b94c-4c58-ba30-16ef5557e7d5 (type: ports) to 1
2026-07-24 18:41:26.895 10 INFO neutron.db.segments_db [None req-2ea27c25-a49d-434b-af68-0ee3090badea 4b6e8481c46c45a3a0aeb54550b3ea01 028f6207512c4d0d89b4d262a9b5a464 - - default default] Added segment 6bb03e20-830d-4a6b-8d30-d647e32cd31c of type geneve for network 990267b4-1124-451b-955c-711649e52ba1
2026-07-24 18:41:27.044 10 INFO neutron.db.ovn_revision_numbers_db [None req-2ea27c25-a49d-434b-af68-0ee3090badea 4b6e8481c46c45a3a0aeb54550b3ea01 028f6207512c4d0d89b4d262a9b5a464 - - default default] Successfully bumped revision number for resource 990267b4-1124-451b-955c-711649e52ba1 (type: networks) to 1
2026-07-24 18:41:27.214 10 WARNING neutron.scheduler.dhcp_agent_scheduler [None req-2ea27c25-a49d-434b-af68-0ee3090badea 4b6e8481c46c45a3a0aeb54550b3ea01 028f6207512c4d0d89b4d262a9b5a464 - - default default] No more DHCP agents
2026-07-24 18:41:27.215 10 WARNING neutron.api.rpc.agentnotifiers.dhcp_rpc_agent_api [None req-2ea27c25-a49d-434b-af68-0ee3090badea 4b6e8481c46c45a3a0aeb54550b3ea01 028f6207512c4d0d89b4d262a9b5a464 - - default default] Unable to schedule network 990267b4-1124-451b-955c-711649e52ba1: no agents available; will retry on subsequent port and subnet creation events.
2026-07-24 18:41:27.304 10 INFO neutron.db.ovn_revision_numbers_db [None req-2ea27c25-a49d-434b-af68-0ee3090badea 4b6e8481c46c45a3a0aeb54550b3ea01 028f6207512c4d0d89b4d262a9b5a464 - - default default] Successfully bumped revision number for resource 151e8841-6358-4726-a488-69fc061827d1 (type: ports) to 1
2026-07-24 18:41:27.329 10 INFO neutron.wsgi [None req-2ea27c25-a49d-434b-af68-0ee3090badea 4b6e8481c46c45a3a0aeb54550b3ea01 028f6207512c4d0d89b4d262a9b5a464 - - default default] 10.0.0.151 "POST /v2.0/networks HTTP/1.1" status: 201 len: 830 time: 0.5226221
2026-07-24 18:41:27.372 10 INFO neutron.plugins.ml2.drivers.ovn.mech_driver.mech_driver [None req-471dd909-38a0-4c1c-a8f5-fbcdbd1f2722 - - - - - -] OVN reports status up for port: 13aeeaf2-b94c-4c58-ba30-16ef5557e7d5
2026-07-24 18:41:27.374 9 INFO neutron.plugins.ml2.drivers.ovn.mech_driver.ovsdb.ovsdb_monitor [None req-fecd349f-0646-4627-a7d6-69a5b36d0f63 - - - - - -] Router 72929d0f-da79-40cf-84e5-02c6c83a2748 is bound to host instance
2026-07-24 18:41:27.396 10 INFO neutron.plugins.ml2.plugin [None req-471dd909-38a0-4c1c-a8f5-fbcdbd1f2722 - - - - - -] Attempt 1 to provision port 13aeeaf2-b94c-4c58-ba30-16ef5557e7d5
2026-07-24 18:41:27.418 9 INFO neutron.db.ovn_revision_numbers_db [None req-1fdc6f7b-5ef0-4f4f-a30f-bae286cc187f b14169f80e504ebebb83ae9e9c79e7ee e7b59c0201624c6a83648ab178708d6c - - default default] Successfully bumped revision number for resource 13aeeaf2-b94c-4c58-ba30-16ef5557e7d5 (type: router_ports) to 1
2026-07-24 18:41:27.527 9 INFO neutron.db.ovn_revision_numbers_db [None req-1fdc6f7b-5ef0-4f4f-a30f-bae286cc187f b14169f80e504ebebb83ae9e9c79e7ee e7b59c0201624c6a83648ab178708d6c - - default default] Successfully bumped revision number for resource 72929d0f-da79-40cf-84e5-02c6c83a2748 (type: routers) to 2
2026-07-24 18:41:27.543 9 INFO neutron.wsgi [None req-1fdc6f7b-5ef0-4f4f-a30f-bae286cc187f b14169f80e504ebebb83ae9e9c79e7ee e7b59c0201624c6a83648ab178708d6c - - default default] 10.0.0.151 "POST /v2.0/routers HTTP/1.1" status: 201 len: 873 time: 1.7649209
2026-07-24 18:41:27.664 10 WARNING neutron.scheduler.dhcp_agent_scheduler [None req-f2f8da79-48d3-4fb4-be02-7b252c5e7a43 4b6e8481c46c45a3a0aeb54550b3ea01 028f6207512c4d0d89b4d262a9b5a464 - - default default] No more DHCP agents
2026-07-24 18:41:27.675 10 WARNING neutron.api.rpc.agentnotifiers.dhcp_rpc_agent_api [None req-f2f8da79-48d3-4fb4-be02-7b252c5e7a43 4b6e8481c46c45a3a0aeb54550b3ea01 028f6207512c4d0d89b4d262a9b5a464 - - default default] Unable to schedule network 990267b4-1124-451b-955c-711649e52ba1: no agents available; will retry on subsequent port and subnet creation events.
2026-07-24 18:41:27.946 9 INFO neutron.db.ovn_revision_numbers_db [None req-fecd349f-0646-4627-a7d6-69a5b36d0f63 - - - - - -] Successfully bumped revision number for resource 13aeeaf2-b94c-4c58-ba30-16ef5557e7d5 (type: ports) to 1
2026-07-24 18:41:28.156 10 INFO neutron.db.ovn_revision_numbers_db [None req-f2f8da79-48d3-4fb4-be02-7b252c5e7a43 4b6e8481c46c45a3a0aeb54550b3ea01 028f6207512c4d0d89b4d262a9b5a464 - - default default] Successfully bumped revision number for resource 17e0ae01-2a06-4b29-a8c4-d018409c664d (type: ports) to 1 /var/lib/openstack/lib/python3.10/site-packages/pycadf/identifier.py:71: UserWarning: Invalid uuid: neutron. To ensure interoperability, identifiers should be a valid uuid. warnings.warn(('Invalid uuid: %s. To ensure interoperability, '
2026-07-24 18:41:28.188 10 INFO neutron.wsgi [None req-f2f8da79-48d3-4fb4-be02-7b252c5e7a43 4b6e8481c46c45a3a0aeb54550b3ea01 028f6207512c4d0d89b4d262a9b5a464 - - default default] 10.0.0.151 "POST /v2.0/ports HTTP/1.1" status: 201 len: 942 time: 0.8535545 /var/lib/openstack/lib/python3.10/site-packages/pycadf/identifier.py:71: UserWarning: Invalid uuid: neutron. To ensure interoperability, identifiers should be a valid uuid. warnings.warn(('Invalid uuid: %s. To ensure interoperability, '
2026-07-24 18:41:28.224 9 INFO neutron.plugins.ml2.drivers.ovn.mech_driver.mech_driver [None req-93855813-4388-4242-852d-3b5480ee2b73 - - - - - -] OVN reports status down for port: da908ea3-2919-4622-a73f-d9b3070a5860
2026-07-24 18:41:28.264 9 INFO neutron.db.ovn_revision_numbers_db [None req-fecd349f-0646-4627-a7d6-69a5b36d0f63 - - - - - -] Successfully bumped revision number for resource 13aeeaf2-b94c-4c58-ba30-16ef5557e7d5 (type: router_ports) to 3
2026-07-24 18:41:28.338 9 INFO neutron.wsgi [req-098bcb2e-3981-4d7e-b93d-5558cf2f541c req-3871b836-b270-49b0-bc2e-37294ab12231 ef09e59875e2446ba6dfa5289ef4d680 9c6c08079c354e00a51ef95a4d025727 - - default default] 10.0.0.165 "GET /v2.0/ports?device_id=9e9fe17a-898c-4815-966c-b05cb55e50fd HTTP/1.1" status: 200 len: 1170 time: 0.1607726
2026-07-24 18:41:28.417 9 INFO neutron.wsgi [req-098bcb2e-3981-4d7e-b93d-5558cf2f541c req-7f89a194-973e-4115-b18c-0a9e6a66c2d5 ef09e59875e2446ba6dfa5289ef4d680 9c6c08079c354e00a51ef95a4d025727 - - default default] 10.0.0.165 "GET /v2.0/security-groups?id=5667e57b-141d-4387-85ac-0a3605028269&fields=id&fields=name HTTP/1.1" status: 200 len: 313 time: 0.0660057
2026-07-24 18:41:28.435 9 INFO neutron.notifiers.nova [-] Nova event matching ['req-8f928d61-d52d-4e33-8679-4078e13e8f9c'] response: {'server_uuid': '9e9fe17a-898c-4815-966c-b05cb55e50fd', 'name': 'network-vif-unplugged', 'status': 'completed', 'tag': 'da908ea3-2919-4622-a73f-d9b3070a5860', 'code': 200}
2026-07-24 18:41:28.497 10 WARNING neutron.scheduler.dhcp_agent_scheduler [None req-59a062d8-c791-4830-8cbc-9d1d2eb3534d b14169f80e504ebebb83ae9e9c79e7ee e7b59c0201624c6a83648ab178708d6c - - default default] No more DHCP agents
2026-07-24 18:41:28.500 10 INFO neutron.wsgi [None req-c767164e-ba48-4c4f-a6aa-a1d16f5ed805 4b6e8481c46c45a3a0aeb54550b3ea01 028f6207512c4d0d89b4d262a9b5a464 - - default default] 10.0.0.151 "POST /v2.0/trunks HTTP/1.1" status: 201 len: 608 time: 0.3070090
2026-07-24 18:41:28.503 10 WARNING neutron.api.rpc.agentnotifiers.dhcp_rpc_agent_api [None req-59a062d8-c791-4830-8cbc-9d1d2eb3534d b14169f80e504ebebb83ae9e9c79e7ee e7b59c0201624c6a83648ab178708d6c - - default default] Unable to schedule network b15680d2-b02d-4946-8585-444b87599962: no agents available; will retry on subsequent port and subnet creation events.
2026-07-24 18:41:28.531 9 INFO neutron.db.ovn_revision_numbers_db [None req-fecd349f-0646-4627-a7d6-69a5b36d0f63 - - - - - -] Successfully bumped revision number for resource 13aeeaf2-b94c-4c58-ba30-16ef5557e7d5 (type: ports) to 2
2026-07-24 18:41:28.573 10 INFO neutron.wsgi [None req-c2a1f6bd-6600-4c8d-ad5c-c46a8d2529e5 4b6e8481c46c45a3a0aeb54550b3ea01 028f6207512c4d0d89b4d262a9b5a464 - - default default] 10.0.0.151 "PUT /v2.0/trunks/f25a1d8d-48d1-4764-bb23-6da6ee128acd/tags HTTP/1.1" status: 200 len: 210 time: 0.0663183
