2026-07-24 18:41:38.794 10 INFO neutron.db.ovn_revision_numbers_db [None req-e50c4d88-8e06-4c96-952d-fa7729431167 598c12767e474dd992fe2f9b285ffb9e a279a9e5a63d474bafadd4120f1db758 - - default default] Successfully bumped revision number for resource c11b413a-d58d-45b1-9de6-405017e9e5be (type: security_group_rules) to 0
2026-07-24 18:41:38.812 10 INFO neutron.db.ovn_revision_numbers_db [None req-e50c4d88-8e06-4c96-952d-fa7729431167 598c12767e474dd992fe2f9b285ffb9e a279a9e5a63d474bafadd4120f1db758 - - default default] Successfully bumped revision number for resource faabf843-6b1c-421b-84d7-1f65b6cea917 (type: security_group_rules) to 0
2026-07-24 18:41:38.838 10 INFO neutron.wsgi [None req-e50c4d88-8e06-4c96-952d-fa7729431167 598c12767e474dd992fe2f9b285ffb9e a279a9e5a63d474bafadd4120f1db758 - - default default] 10.0.0.151 "POST /v2.0/security-groups HTTP/1.1" status: 201 len: 1809 time: 0.1834669
2026-07-24 18:41:38.968 9 INFO neutron.db.ovn_revision_numbers_db [None req-3ee0c37d-395c-4625-966d-63c8de6b89b3 598c12767e474dd992fe2f9b285ffb9e a279a9e5a63d474bafadd4120f1db758 - - default default] Successfully bumped revision number for resource d19ea268-aeaf-4ba0-9329-e52ac389b9d1 (type: security_group_rules) to 0
2026-07-24 18:41:38.979 10 INFO neutron.wsgi [None req-c6e4043e-e7bd-4a82-9fcc-bae68bb50b31 b14169f80e504ebebb83ae9e9c79e7ee e7b59c0201624c6a83648ab178708d6c - - default default] 10.0.0.151 "DELETE /v2.0/security-groups/7ae46bc2-0982-4ea4-a230-2fd50e2de157 HTTP/1.1" status: 204 len: 168 time: 0.2067783
2026-07-24 18:41:38.994 9 INFO neutron.wsgi [None req-3ee0c37d-395c-4625-966d-63c8de6b89b3 598c12767e474dd992fe2f9b285ffb9e a279a9e5a63d474bafadd4120f1db758 - - default default] 10.0.0.151 "POST /v2.0/security-group-rules HTTP/1.1" status: 201 len: 764 time: 0.1506233
2026-07-24 18:41:39.114 9 INFO neutron.db.ovn_revision_numbers_db [None req-13451171-2aa8-4cde-a7ec-471856194474 598c12767e474dd992fe2f9b285ffb9e a279a9e5a63d474bafadd4120f1db758 - - default default] Successfully bumped revision number for resource 34630113-43f0-4206-a72a-bd436a0b29c0 (type: security_group_rules) to 0
2026-07-24 18:41:39.139 9 INFO neutron.wsgi [None req-13451171-2aa8-4cde-a7ec-471856194474 598c12767e474dd992fe2f9b285ffb9e a279a9e5a63d474bafadd4120f1db758 - - default default] 10.0.0.151 "POST /v2.0/security-group-rules HTTP/1.1" status: 201 len: 763 time: 0.1400001
2026-07-24 18:41:39.265 9 INFO neutron.db.ovn_revision_numbers_db [None req-873a386e-24d2-46a1-8066-1ad2f4738196 598c12767e474dd992fe2f9b285ffb9e a279a9e5a63d474bafadd4120f1db758 - - default default] Successfully bumped revision number for resource db07a325-7ad3-4365-8c29-5db818014b2e (type: security_group_rules) to 0
2026-07-24 18:41:39.300 9 INFO neutron.wsgi [None req-873a386e-24d2-46a1-8066-1ad2f4738196 598c12767e474dd992fe2f9b285ffb9e a279a9e5a63d474bafadd4120f1db758 - - default default] 10.0.0.151 "POST /v2.0/security-group-rules HTTP/1.1" status: 201 len: 769 time: 0.1497970
2026-07-24 18:41:39.434 9 INFO neutron.db.ovn_revision_numbers_db [None req-c349de0a-220d-41a8-989f-af55b3943b41 598c12767e474dd992fe2f9b285ffb9e a279a9e5a63d474bafadd4120f1db758 - - default default] Successfully bumped revision number for resource 663128ec-a708-4aa5-a953-822f095552b9 (type: security_group_rules) to 0
2026-07-24 18:41:39.465 9 INFO neutron.wsgi [None req-c349de0a-220d-41a8-989f-af55b3943b41 598c12767e474dd992fe2f9b285ffb9e a279a9e5a63d474bafadd4120f1db758 - - default default] 10.0.0.151 "POST /v2.0/security-group-rules HTTP/1.1" status: 201 len: 768 time: 0.1594794
2026-07-24 18:41:39.490 9 INFO neutron.db.securitygroups_db [None req-0518f623-d5fc-4ad1-be6a-e3fa3eb80b5f 598c12767e474dd992fe2f9b285ffb9e a279a9e5a63d474bafadd4120f1db758 - - default default] Project a279a9e5a63d474bafadd4120f1db758 added a security group rule with legacy IPv6 ICMP protocol name icmp, ipv6-icmp should be used instead. It was automatically converted.
2026-07-24 18:41:39.589 9 INFO neutron.db.ovn_revision_numbers_db [None req-0518f623-d5fc-4ad1-be6a-e3fa3eb80b5f 598c12767e474dd992fe2f9b285ffb9e a279a9e5a63d474bafadd4120f1db758 - - default default] Successfully bumped revision number for resource d27018c3-ada1-4ce3-a644-12f48c8bd646 (type: security_group_rules) to 0
2026-07-24 18:41:39.630 9 INFO neutron.wsgi [None req-0518f623-d5fc-4ad1-be6a-e3fa3eb80b5f 598c12767e474dd992fe2f9b285ffb9e a279a9e5a63d474bafadd4120f1db758 - - default default] 10.0.0.151 "POST /v2.0/security-group-rules HTTP/1.1" status: 201 len: 774 time: 0.1608996
2026-07-24 18:41:39.657 10 INFO neutron.db.securitygroups_db [None req-e48812dc-cbe8-4297-84eb-79d871a10f33 598c12767e474dd992fe2f9b285ffb9e a279a9e5a63d474bafadd4120f1db758 - - default default] Project a279a9e5a63d474bafadd4120f1db758 added a security group rule with legacy IPv6 ICMP protocol name icmp, ipv6-icmp should be used instead. It was automatically converted.
2026-07-24 18:41:39.752 10 INFO neutron.db.ovn_revision_numbers_db [None req-e48812dc-cbe8-4297-84eb-79d871a10f33 598c12767e474dd992fe2f9b285ffb9e a279a9e5a63d474bafadd4120f1db758 - - default default] Successfully bumped revision number for resource ba9c64f8-309a-4fe4-87c6-d67bb45c4ea6 (type: security_group_rules) to 0
2026-07-24 18:41:39.778 10 INFO neutron.wsgi [None req-e48812dc-cbe8-4297-84eb-79d871a10f33 598c12767e474dd992fe2f9b285ffb9e a279a9e5a63d474bafadd4120f1db758 - - default default] 10.0.0.151 "POST /v2.0/security-group-rules HTTP/1.1" status: 201 len: 773 time: 0.1432428
2026-07-24 18:41:40.336 10 INFO neutron.db.ovn_revision_numbers_db [None req-ced73c51-95d6-4d02-b402-ca88a3e21aa8 598c12767e474dd992fe2f9b285ffb9e a279a9e5a63d474bafadd4120f1db758 - - default default] Successfully bumped revision number for resource 34d7bd96-4a95-4ed8-9f38-c605c8f3e658 (type: security_groups) to 1
2026-07-24 18:41:40.358 10 INFO neutron.db.ovn_revision_numbers_db [None req-ced73c51-95d6-4d02-b402-ca88a3e21aa8 598c12767e474dd992fe2f9b285ffb9e a279a9e5a63d474bafadd4120f1db758 - - default default] Successfully bumped revision number for resource 6167e03b-920d-4602-b512-f86fdc910744 (type: security_group_rules) to 0
2026-07-24 18:41:40.380 10 INFO neutron.db.ovn_revision_numbers_db [None req-ced73c51-95d6-4d02-b402-ca88a3e21aa8 598c12767e474dd992fe2f9b285ffb9e a279a9e5a63d474bafadd4120f1db758 - - default default] Successfully bumped revision number for resource ecd0d42d-3166-4131-aad1-f39e3e3109ea (type: security_group_rules) to 0
2026-07-24 18:41:40.406 10 INFO neutron.wsgi [None req-ced73c51-95d6-4d02-b402-ca88a3e21aa8 598c12767e474dd992fe2f9b285ffb9e a279a9e5a63d474bafadd4120f1db758 - - default default] 10.0.0.151 "POST /v2.0/security-groups HTTP/1.1" status: 201 len: 1794 time: 0.1935029
2026-07-24 18:41:40.543 10 INFO neutron.db.ovn_revision_numbers_db [None req-4f603a27-8404-4e88-8663-487ebbd9ae0a 598c12767e474dd992fe2f9b285ffb9e a279a9e5a63d474bafadd4120f1db758 - - default default] Successfully bumped revision number for resource 449d20f0-2fbf-47cc-bc8d-f6e8511ec9ea (type: security_group_rules) to 0
2026-07-24 18:41:40.568 10 INFO neutron.wsgi [None req-4f603a27-8404-4e88-8663-487ebbd9ae0a 598c12767e474dd992fe2f9b285ffb9e a279a9e5a63d474bafadd4120f1db758 - - default default] 10.0.0.151 "POST /v2.0/security-group-rules HTTP/1.1" status: 201 len: 764 time: 0.1551759
2026-07-24 18:41:40.689 10 INFO neutron.db.ovn_revision_numbers_db [None req-d74e7704-04e5-464f-8622-6c95addd3ab5 598c12767e474dd992fe2f9b285ffb9e a279a9e5a63d474bafadd4120f1db758 - - default default] Successfully bumped revision number for resource 4ae5e617-8abc-402b-a413-d41a9627e86c (type: security_group_rules) to 0
2026-07-24 18:41:40.714 10 INFO neutron.wsgi [None req-d74e7704-04e5-464f-8622-6c95addd3ab5 598c12767e474dd992fe2f9b285ffb9e a279a9e5a63d474bafadd4120f1db758 - - default default] 10.0.0.151 "POST /v2.0/security-group-rules HTTP/1.1" status: 201 len: 769 time: 0.1407216
2026-07-24 18:41:41.005 10 WARNING neutron.scheduler.dhcp_agent_scheduler [None req-8375b2b9-2b31-4406-9593-a35819807485 598c12767e474dd992fe2f9b285ffb9e a279a9e5a63d474bafadd4120f1db758 - - default default] No more DHCP agents
2026-07-24 18:41:41.009 10 WARNING neutron.api.rpc.agentnotifiers.dhcp_rpc_agent_api [None req-8375b2b9-2b31-4406-9593-a35819807485 598c12767e474dd992fe2f9b285ffb9e a279a9e5a63d474bafadd4120f1db758 - - default default] Unable to schedule network b698e4bc-0c33-4947-b580-a326040f7572: no agents available; will retry on subsequent port and subnet creation events.
2026-07-24 18:41:41.376 10 INFO neutron.db.ovn_revision_numbers_db [None req-8375b2b9-2b31-4406-9593-a35819807485 598c12767e474dd992fe2f9b285ffb9e a279a9e5a63d474bafadd4120f1db758 - - default default] Successfully bumped revision number for resource 7033d1af-aa5c-4604-8490-68b3e0cf16e3 (type: floatingips) to 0
2026-07-24 18:41:41.393 10 INFO neutron.wsgi [None req-8375b2b9-2b31-4406-9593-a35819807485 598c12767e474dd992fe2f9b285ffb9e a279a9e5a63d474bafadd4120f1db758 - - default default] 10.0.0.151 "POST /v2.0/floatingips HTTP/1.1" status: 201 len: 751 time: 0.6730731
2026-07-24 18:41:41.522 9 INFO neutron.wsgi [req-e416ea92-1954-48b8-a9ed-2916130feadf req-23638c34-09de-476f-ba95-e6ed39d4c199 598c12767e474dd992fe2f9b285ffb9e a279a9e5a63d474bafadd4120f1db758 - - default default] 10.0.0.165 "GET /v2.0/security-groups?name=tempest-secgroup-smoke-254410702&fields=id&tenant_id=a279a9e5a63d474bafadd4120f1db758 HTTP/1.1" status: 200 len: 267 time: 0.0495343
2026-07-24 18:41:41.543 9 INFO neutron.db.ovn_revision_numbers_db [None req-2cf3e188-dff8-41e4-81ff-ebef1be16fc5 b14169f80e504ebebb83ae9e9c79e7ee e7b59c0201624c6a83648ab178708d6c - - default default] Successfully bumped revision number for resource 1ce759cf-a774-42fb-a360-521aec262d8c (type: security_groups) to 1
2026-07-24 18:41:41.560 9 INFO neutron.db.ovn_revision_numbers_db [None req-2cf3e188-dff8-41e4-81ff-ebef1be16fc5 b14169f80e504ebebb83ae9e9c79e7ee e7b59c0201624c6a83648ab178708d6c - - default default] Successfully bumped revision number for resource 41fce12d-3d6e-4828-a42d-897426a67ac3 (type: security_group_rules) to 0
2026-07-24 18:41:41.568 9 INFO neutron.wsgi [req-e416ea92-1954-48b8-a9ed-2916130feadf req-16eb1908-1713-47a2-9e1a-bfd870863974 598c12767e474dd992fe2f9b285ffb9e a279a9e5a63d474bafadd4120f1db758 - - default default] 10.0.0.165 "GET /v2.0/security-groups?name=tempest-securitygroup--74856495&fields=id&tenant_id=a279a9e5a63d474bafadd4120f1db758 HTTP/1.1" status: 200 len: 267 time: 0.0364556
2026-07-24 18:41:41.581 9 INFO neutron.db.ovn_revision_numbers_db [None req-2cf3e188-dff8-41e4-81ff-ebef1be16fc5 b14169f80e504ebebb83ae9e9c79e7ee e7b59c0201624c6a83648ab178708d6c - - default default] Successfully bumped revision number for resource 72d69cee-fe50-4952-aae9-8cfb2a4bd307 (type: security_group_rules) to 0
2026-07-24 18:41:41.610 9 INFO neutron.db.ovn_revision_numbers_db [None req-2cf3e188-dff8-41e4-81ff-ebef1be16fc5 b14169f80e504ebebb83ae9e9c79e7ee e7b59c0201624c6a83648ab178708d6c - - default default] Successfully bumped revision number for resource bc1d8600-636e-4a3e-848f-7e3715a9acff (type: security_group_rules) to 0
2026-07-24 18:41:41.629 9 INFO neutron.db.ovn_revision_numbers_db [None req-2cf3e188-dff8-41e4-81ff-ebef1be16fc5 b14169f80e504ebebb83ae9e9c79e7ee e7b59c0201624c6a83648ab178708d6c - - default default] Successfully bumped revision number for resource e62d683a-2030-4b15-8405-49a7d26f1e8c (type: security_group_rules) to 0
2026-07-24 18:41:41.658 9 INFO neutron.wsgi [req-e416ea92-1954-48b8-a9ed-2916130feadf req-996fd84e-7826-4440-9efd-2eb17d342545 598c12767e474dd992fe2f9b285ffb9e a279a9e5a63d474bafadd4120f1db758 - - default default] 10.0.0.165 "GET /v2.0/networks?id=b15680d2-b02d-4946-8585-444b87599962 HTTP/1.1" status: 200 len: 871 time: 0.0853348
2026-07-24 18:41:41.670 9 INFO neutron.wsgi [None req-2cf3e188-dff8-41e4-81ff-ebef1be16fc5 b14169f80e504ebebb83ae9e9c79e7ee e7b59c0201624c6a83648ab178708d6c - - default default] 10.0.0.151 "GET /v2.0/security-groups?tenant_id=838190125e004a3f959a232b47269758&name=default HTTP/1.1" status: 200 len: 2996 time: 0.5150142
2026-07-24 18:41:41.681 9 INFO neutron.wsgi [req-e416ea92-1954-48b8-a9ed-2916130feadf req-7462c3fe-370b-4c40-920f-ae370bd56c77 598c12767e474dd992fe2f9b285ffb9e a279a9e5a63d474bafadd4120f1db758 - - default default] 10.0.0.165 "GET /v2.0/quotas/a279a9e5a63d474bafadd4120f1db758 HTTP/1.1" status: 200 len: 386 time: 0.0152531
2026-07-24 18:41:41.779 9 INFO neutron.wsgi [req-e416ea92-1954-48b8-a9ed-2916130feadf req-60bd04b0-3d4e-493a-9d81-3e45ab1a7056 598c12767e474dd992fe2f9b285ffb9e a279a9e5a63d474bafadd4120f1db758 - - default default] 10.0.0.165 "GET /v2.0/ports?tenant_id=a279a9e5a63d474bafadd4120f1db758&fields=id HTTP/1.1" status: 200 len: 302 time: 0.0896211
2026-07-24 18:41:41.848 10 INFO neutron.wsgi [None req-f64eea01-30b9-4d3f-a601-c7a16c8ca91e b14169f80e504ebebb83ae9e9c79e7ee e7b59c0201624c6a83648ab178708d6c - - default default] 10.0.0.151 "DELETE /v2.0/security-groups/1ce759cf-a774-42fb-a360-521aec262d8c HTTP/1.1" status: 204 len: 168 time: 0.1727049
2026-07-24 18:41:41.852 9 INFO neutron.wsgi [req-e416ea92-1954-48b8-a9ed-2916130feadf req-77735167-a4a0-412d-9397-1301b68e3a14 a13ace7f3ffd4dfbaf096472980059fc b12aeeba212b4852bd69d0e6a8f4a4e2 - - b465198673654156823ad50d5205f89c b465198673654156823ad50d5205f89c] 10.0.0.165 "GET /v2.0/networks/b15680d2-b02d-4946-8585-444b87599962?fields=segments HTTP/1.1" status: 200 len: 212 time: 0.0599062
2026-07-24 18:41:41.922 9 INFO neutron.wsgi [req-e416ea92-1954-48b8-a9ed-2916130feadf req-7cce4fef-991a-4f35-b4a1-fd46123b699a a13ace7f3ffd4dfbaf096472980059fc b12aeeba212b4852bd69d0e6a8f4a4e2 - - b465198673654156823ad50d5205f89c b465198673654156823ad50d5205f89c] 10.0.0.165 "GET /v2.0/networks/b15680d2-b02d-4946-8585-444b87599962?fields=provider%3Aphysical_network&fields=provider%3Anetwork_type HTTP/1.1" status: 200 len: 277 time: 0.0614083
2026-07-24 18:41:42.068 9 INFO neutron.wsgi [req-1eb8119a-dc8c-4e00-babf-785a9a42b62d req-2c5ca520-dbe7-42a7-acff-9b6e36cd19e5 598c12767e474dd992fe2f9b285ffb9e a279a9e5a63d474bafadd4120f1db758 - - default default] 10.0.0.165 "GET /v2.0/ports?device_id=6535af4a-1688-4fee-b6cf-7f27d0371527 HTTP/1.1" status: 200 len: 210 time: 0.0219834
2026-07-24 18:41:42.070 9 INFO neutron.db.ovn_revision_numbers_db [None req-06c1eda1-1e6d-4d74-92b6-3fe23c814928 b14169f80e504ebebb83ae9e9c79e7ee e7b59c0201624c6a83648ab178708d6c - - default default] Successfully bumped revision number for resource ce818748-3360-4f8d-9aec-30c581dcf4c2 (type: security_groups) to 1
2026-07-24 18:41:42.083 9 INFO neutron.db.ovn_revision_numbers_db [None req-06c1eda1-1e6d-4d74-92b6-3fe23c814928 b14169f80e504ebebb83ae9e9c79e7ee e7b59c0201624c6a83648ab178708d6c - - default default] Successfully bumped revision number for resource 09663035-2330-4f65-9109-90172c940365 (type: security_group_rules) to 0
2026-07-24 18:41:42.098 9 INFO neutron.db.ovn_revision_numbers_db [None req-06c1eda1-1e6d-4d74-92b6-3fe23c814928 b14169f80e504ebebb83ae9e9c79e7ee e7b59c0201624c6a83648ab178708d6c - - default default] Successfully bumped revision number for resource 93f6025e-8420-40fe-a298-7936eabfaa3f (type: security_group_rules) to 0
2026-07-24 18:41:42.118 9 INFO neutron.db.ovn_revision_numbers_db [None req-06c1eda1-1e6d-4d74-92b6-3fe23c814928 b14169f80e504ebebb83ae9e9c79e7ee e7b59c0201624c6a83648ab178708d6c - - default default] Successfully bumped revision number for resource abdd2026-f678-41da-95e1-5d89849f4b9b (type: security_group_rules) to 0
2026-07-24 18:41:42.134 9 INFO neutron.db.ovn_revision_numbers_db [None req-06c1eda1-1e6d-4d74-92b6-3fe23c814928 b14169f80e504ebebb83ae9e9c79e7ee e7b59c0201624c6a83648ab178708d6c - - default default] Successfully bumped revision number for resource bd5a1eff-b567-459f-9e3a-47dfc3b42b8d (type: security_group_rules) to 0
2026-07-24 18:41:42.155 9 INFO neutron.wsgi [None req-06c1eda1-1e6d-4d74-92b6-3fe23c814928 b14169f80e504ebebb83ae9e9c79e7ee e7b59c0201624c6a83648ab178708d6c - - default default] 10.0.0.151 "GET /v2.0/security-groups?tenant_id=e0c18379796747939e2903cd184f95d4&name=default HTTP/1.1" status: 200 len: 2996 time: 0.2083123
2026-07-24 18:41:42.377 9 INFO neutron.wsgi [None req-ae724a79-1dd7-44b6-8926-2e5aa4777c53 b14169f80e504ebebb83ae9e9c79e7ee e7b59c0201624c6a83648ab178708d6c - - default default] 10.0.0.151 "DELETE /v2.0/security-groups/ce818748-3360-4f8d-9aec-30c581dcf4c2 HTTP/1.1" status: 204 len: 168 time: 0.2182531
2026-07-24 18:41:42.408 10 WARNING neutron.plugins.ml2.drivers.ovn.mech_driver.ovsdb.ovn_client [None req-471dd909-38a0-4c1c-a8f5-fbcdbd1f2722 - - - - - -] No hosting information found for port 59401353-c3b4-4f37-83b3-35b697dc07d2: RuntimeError: No hosting information found for port 59401353-c3b4-4f37-83b3-35b697dc07d2
2026-07-24 18:41:42.751 9 INFO neutron.wsgi [req-e416ea92-1954-48b8-a9ed-2916130feadf req-5e2428bc-56ad-483f-b0af-2a760fd04d80 598c12767e474dd992fe2f9b285ffb9e a279a9e5a63d474bafadd4120f1db758 - - default default] 199.204.45.240 "GET /v2.0/networks?id=b15680d2-b02d-4946-8585-444b87599962 HTTP/1.1" status: 200 len: 871 time: 0.0716248
2026-07-24 18:41:42.808 9 INFO neutron.wsgi [req-e416ea92-1954-48b8-a9ed-2916130feadf req-65e2bdac-08c9-49c5-a62f-0b96f52db437 598c12767e474dd992fe2f9b285ffb9e a279a9e5a63d474bafadd4120f1db758 - - default default] 199.204.45.240 "GET /v2.0/security-groups?fields=id&fields=name&tenant_id=a279a9e5a63d474bafadd4120f1db758 HTTP/1.1" status: 200 len: 470 time: 0.0436893 /var/lib/openstack/lib/python3.10/site-packages/pycadf/identifier.py:71: UserWarning: Invalid uuid: neutron. To ensure interoperability, identifiers should be a valid uuid. warnings.warn(('Invalid uuid: %s. To ensure interoperability, '
2026-07-24 18:41:43.151 9 WARNING neutron.scheduler.dhcp_agent_scheduler [req-e416ea92-1954-48b8-a9ed-2916130feadf req-5ca99587-50fe-473e-baf7-41a88a4d431c 598c12767e474dd992fe2f9b285ffb9e a279a9e5a63d474bafadd4120f1db758 - - default default] No more DHCP agents
2026-07-24 18:41:43.154 9 WARNING neutron.api.rpc.agentnotifiers.dhcp_rpc_agent_api [req-e416ea92-1954-48b8-a9ed-2916130feadf req-5ca99587-50fe-473e-baf7-41a88a4d431c 598c12767e474dd992fe2f9b285ffb9e a279a9e5a63d474bafadd4120f1db758 - - default default] Unable to schedule network b15680d2-b02d-4946-8585-444b87599962: no agents available; will retry on subsequent port and subnet creation events.
2026-07-24 18:41:43.181 9 INFO neutron.wsgi [req-9d1f31c1-23ac-4172-9b24-a1e93d3d4b45 req-cc2cf50c-17df-4907-8508-e0a0a099e4bc 598c12767e474dd992fe2f9b285ffb9e a279a9e5a63d474bafadd4120f1db758 - - default default] 10.0.0.165 "GET /v2.0/ports?device_id=6535af4a-1688-4fee-b6cf-7f27d0371527 HTTP/1.1" status: 200 len: 1195 time: 0.0433245 /var/lib/openstack/lib/python3.10/site-packages/pycadf/identifier.py:71: UserWarning: Invalid uuid: neutron. To ensure interoperability, identifiers should be a valid uuid. warnings.warn(('Invalid uuid: %s. To ensure interoperability, '
2026-07-24 18:41:43.242 9 INFO neutron.wsgi [req-9d1f31c1-23ac-4172-9b24-a1e93d3d4b45 req-8a2cb4d4-a665-4402-aa53-69adb082a452 598c12767e474dd992fe2f9b285ffb9e a279a9e5a63d474bafadd4120f1db758 - - default default] 10.0.0.165 "GET /v2.0/security-groups?id=8a9015bb-1cc8-4437-a1bd-c10ff2b04fff&id=34d7bd96-4a95-4ed8-9f38-c605c8f3e658&fields=id&fields=name HTTP/1.1" status: 200 len: 403 time: 0.0531557
2026-07-24 18:41:43.327 10 INFO neutron.db.ovn_revision_numbers_db [None req-6a123f60-adf4-47ee-8fd0-3870cb2589ef cb65f78625a34732927d17e385349d92 940b67ae7b11429e9b9658ba772d2b7a - - default default] Successfully bumped revision number for resource 22019d3e-616f-423a-b683-e0e6b8938219 (type: security_groups) to 1
2026-07-24 18:41:43.335 9 INFO neutron.db.ovn_revision_numbers_db [req-e416ea92-1954-48b8-a9ed-2916130feadf req-5ca99587-50fe-473e-baf7-41a88a4d431c 598c12767e474dd992fe2f9b285ffb9e a279a9e5a63d474bafadd4120f1db758 - - default default] Successfully bumped revision number for resource cd25d885-f2c3-4b78-b6f2-4831560ec578 (type: ports) to 1
2026-07-24 18:41:43.344 10 INFO neutron.db.ovn_revision_numbers_db [None req-6a123f60-adf4-47ee-8fd0-3870cb2589ef cb65f78625a34732927d17e385349d92 940b67ae7b11429e9b9658ba772d2b7a - - default default] Successfully bumped revision number for resource 4e69fcbd-9701-47ba-b75a-ed6b7b41cd02 (type: security_group_rules) to 0
2026-07-24 18:41:43.358 9 INFO neutron.wsgi [req-e416ea92-1954-48b8-a9ed-2916130feadf req-5ca99587-50fe-473e-baf7-41a88a4d431c 598c12767e474dd992fe2f9b285ffb9e a279a9e5a63d474bafadd4120f1db758 - - default default] 199.204.45.240 "POST /v2.0/ports HTTP/1.1" status: 201 len: 1197 time: 0.5458302
2026-07-24 18:41:43.363 10 INFO neutron.db.ovn_revision_numbers_db [None req-6a123f60-adf4-47ee-8fd0-3870cb2589ef cb65f78625a34732927d17e385349d92 940b67ae7b11429e9b9658ba772d2b7a - - default default] Successfully bumped revision number for resource 5cb4d3e3-6597-494c-ae0b-69c0fcb94352 (type: security_group_rules) to 0
2026-07-24 18:41:43.380 10 INFO neutron.db.ovn_revision_numbers_db [None req-6a123f60-adf4-47ee-8fd0-3870cb2589ef cb65f78625a34732927d17e385349d92 940b67ae7b11429e9b9658ba772d2b7a - - default default] Successfully bumped revision number for resource 9e4dc647-ea44-45e8-9d14-9ca15690679f (type: security_group_rules) to 0
2026-07-24 18:41:43.395 10 INFO neutron.db.ovn_revision_numbers_db [None req-6a123f60-adf4-47ee-8fd0-3870cb2589ef cb65f78625a34732927d17e385349d92 940b67ae7b11429e9b9658ba772d2b7a - - default default] Successfully bumped revision number for resource 9f94d514-bcd0-4b09-93bb-8d108f6f477f (type: security_group_rules) to 0
2026-07-24 18:41:43.460 10 INFO neutron.db.segments_db [None req-6a123f60-adf4-47ee-8fd0-3870cb2589ef cb65f78625a34732927d17e385349d92 940b67ae7b11429e9b9658ba772d2b7a - - default default] Added segment 87e5571e-da62-4e93-92a7-fa8e36cff1f9 of type geneve for network 61618291-81eb-48bd-aa6b-cc0239706f70
2026-07-24 18:41:43.614 10 INFO neutron.db.ovn_revision_numbers_db [None req-6a123f60-adf4-47ee-8fd0-3870cb2589ef cb65f78625a34732927d17e385349d92 940b67ae7b11429e9b9658ba772d2b7a - - default default] Successfully bumped revision number for resource 61618291-81eb-48bd-aa6b-cc0239706f70 (type: networks) to 1
2026-07-24 18:41:43.762 9 INFO neutron.db.ovn_revision_numbers_db [req-e416ea92-1954-48b8-a9ed-2916130feadf req-6a6ce342-8d09-47f4-8685-1f7baa032d18 a13ace7f3ffd4dfbaf096472980059fc b12aeeba212b4852bd69d0e6a8f4a4e2 - - b465198673654156823ad50d5205f89c b465198673654156823ad50d5205f89c] Successfully bumped revision number for resource cd25d885-f2c3-4b78-b6f2-4831560ec578 (type: ports) to 2
2026-07-24 18:41:43.810 10 WARNING neutron.scheduler.dhcp_agent_scheduler [None req-6a123f60-adf4-47ee-8fd0-3870cb2589ef cb65f78625a34732927d17e385349d92 940b67ae7b11429e9b9658ba772d2b7a - - default default] No more DHCP agents
2026-07-24 18:41:43.815 10 WARNING neutron.api.rpc.agentnotifiers.dhcp_rpc_agent_api [None req-6a123f60-adf4-47ee-8fd0-3870cb2589ef cb65f78625a34732927d17e385349d92 940b67ae7b11429e9b9658ba772d2b7a - - default default] Unable to schedule network 61618291-81eb-48bd-aa6b-cc0239706f70: no agents available; will retry on subsequent port and subnet creation events.
2026-07-24 18:41:43.924 10 INFO neutron.db.ovn_revision_numbers_db [None req-6a123f60-adf4-47ee-8fd0-3870cb2589ef cb65f78625a34732927d17e385349d92 940b67ae7b11429e9b9658ba772d2b7a - - default default] Successfully bumped revision number for resource 99d94de4-b4e9-47b2-b8be-b1bf739a299a (type: ports) to 1
2026-07-24 18:41:43.944 10 INFO neutron.wsgi [None req-6a123f60-adf4-47ee-8fd0-3870cb2589ef cb65f78625a34732927d17e385349d92 940b67ae7b11429e9b9658ba772d2b7a - - default default] 10.0.0.151 "POST /v2.0/networks HTTP/1.1" status: 201 len: 929 time: 0.9637399
2026-07-24 18:41:44.007 9 INFO neutron.db.ovn_revision_numbers_db [req-e416ea92-1954-48b8-a9ed-2916130feadf req-6a6ce342-8d09-47f4-8685-1f7baa032d18 a13ace7f3ffd4dfbaf096472980059fc b12aeeba212b4852bd69d0e6a8f4a4e2 - - b465198673654156823ad50d5205f89c b465198673654156823ad50d5205f89c] Successfully bumped revision number for resource cd25d885-f2c3-4b78-b6f2-4831560ec578 (type: ports) to 2
2026-07-24 18:41:44.029 9 INFO neutron.wsgi [req-e416ea92-1954-48b8-a9ed-2916130feadf req-6a6ce342-8d09-47f4-8685-1f7baa032d18 a13ace7f3ffd4dfbaf096472980059fc b12aeeba212b4852bd69d0e6a8f4a4e2 - - b465198673654156823ad50d5205f89c b465198673654156823ad50d5205f89c] 199.204.45.240 "PUT /v2.0/ports/cd25d885-f2c3-4b78-b6f2-4831560ec578 HTTP/1.1" status: 200 len: 1415 time: 0.6636024
2026-07-24 18:41:44.063 9 INFO neutron.notifiers.nova [-] Nova event matching ['req-d7aa7bdc-33d4-445b-8159-ff26a40c2c34'] response: {'name': 'network-changed', 'server_uuid': '6535af4a-1688-4fee-b6cf-7f27d0371527', 'tag': 'cd25d885-f2c3-4b78-b6f2-4831560ec578', 'status': 'completed', 'code': 200} /var/lib/openstack/lib/python3.10/site-packages/pycadf/identifier.py:71: UserWarning: Invalid uuid: neutron. To ensure interoperability, identifiers should be a valid uuid. warnings.warn(('Invalid uuid: %s. To ensure interoperability, '
2026-07-24 18:41:44.091 9 INFO neutron.wsgi [req-e416ea92-1954-48b8-a9ed-2916130feadf req-a5d5724b-471b-452d-993d-d91761f015fe a13ace7f3ffd4dfbaf096472980059fc b12aeeba212b4852bd69d0e6a8f4a4e2 - - b465198673654156823ad50d5205f89c b465198673654156823ad50d5205f89c] 199.204.45.240 "GET /v2.0/ports?tenant_id=a279a9e5a63d474bafadd4120f1db758&device_id=6535af4a-1688-4fee-b6cf-7f27d0371527 HTTP/1.1" status: 200 len: 1446 time: 0.0322199
2026-07-24 18:41:44.122 10 WARNING neutron.scheduler.dhcp_agent_scheduler [None req-5740005d-12f1-4885-9ee5-39f3a3ed1bbf cb65f78625a34732927d17e385349d92 940b67ae7b11429e9b9658ba772d2b7a - - default default] No more DHCP agents
2026-07-24 18:41:44.123 10 WARNING neutron.api.rpc.agentnotifiers.dhcp_rpc_agent_api [None req-5740005d-12f1-4885-9ee5-39f3a3ed1bbf cb65f78625a34732927d17e385349d92 940b67ae7b11429e9b9658ba772d2b7a - - default default] Unable to schedule network 61618291-81eb-48bd-aa6b-cc0239706f70: no agents available; will retry on subsequent port and subnet creation events.
2026-07-24 18:41:44.127 9 INFO neutron.wsgi [req-e416ea92-1954-48b8-a9ed-2916130feadf req-11c0af9e-90f4-4f40-99d1-916a421dc843 a13ace7f3ffd4dfbaf096472980059fc b12aeeba212b4852bd69d0e6a8f4a4e2 - - b465198673654156823ad50d5205f89c b465198673654156823ad50d5205f89c] 199.204.45.240 "GET /v2.0/floatingips?fixed_ip_address=10.100.0.4&port_id=cd25d885-f2c3-4b78-b6f2-4831560ec578 HTTP/1.1" status: 200 len: 217 time: 0.0271800
2026-07-24 18:41:44.171 9 INFO neutron.wsgi [req-e416ea92-1954-48b8-a9ed-2916130feadf req-abac52b6-f31a-4b9a-a57b-55101d66a8d9 a13ace7f3ffd4dfbaf096472980059fc b12aeeba212b4852bd69d0e6a8f4a4e2 - - b465198673654156823ad50d5205f89c b465198673654156823ad50d5205f89c] 199.204.45.240 "GET /v2.0/subnets?id=282c6dd0-7270-4d49-9dda-9c9a096e0513 HTTP/1.1" status: 200 len: 865 time: 0.0345645
2026-07-24 18:41:44.199 9 INFO neutron.wsgi [req-e416ea92-1954-48b8-a9ed-2916130feadf req-cc34365f-d786-495a-99f7-cb259f824ff0 a13ace7f3ffd4dfbaf096472980059fc b12aeeba212b4852bd69d0e6a8f4a4e2 - - b465198673654156823ad50d5205f89c b465198673654156823ad50d5205f89c] 199.204.45.240 "GET /v2.0/ports?network_id=b15680d2-b02d-4946-8585-444b87599962&device_owner=network%3Adhcp HTTP/1.1" status: 200 len: 210 time: 0.0195117
2026-07-24 18:41:44.292 9 INFO neutron.wsgi [req-e416ea92-1954-48b8-a9ed-2916130feadf req-592cc7c8-2a5c-4211-b4e0-4379c3ae528e a13ace7f3ffd4dfbaf096472980059fc b12aeeba212b4852bd69d0e6a8f4a4e2 - - b465198673654156823ad50d5205f89c b465198673654156823ad50d5205f89c] 199.204.45.240 "GET /v2.0/networks/b15680d2-b02d-4946-8585-444b87599962?fields=segments HTTP/1.1" status: 200 len: 212 time: 0.0844276
2026-07-24 18:41:44.384 9 INFO neutron.wsgi [req-97313e4b-078c-45fe-bc62-9ef89b18a8b9 req-e823c1db-2b8c-4ea8-a2da-cc0624f5e85f 598c12767e474dd992fe2f9b285ffb9e a279a9e5a63d474bafadd4120f1db758 - - default default] 10.0.0.165 "GET /v2.0/ports?device_id=6535af4a-1688-4fee-b6cf-7f27d0371527 HTTP/1.1" status: 200 len: 1208 time: 0.0480070
2026-07-24 18:41:44.402 9 INFO neutron.wsgi [req-e416ea92-1954-48b8-a9ed-2916130feadf req-8ccf0962-4644-4c1d-ad00-8b656db0b894 a13ace7f3ffd4dfbaf096472980059fc b12aeeba212b4852bd69d0e6a8f4a4e2 - - b465198673654156823ad50d5205f89c b465198673654156823ad50d5205f89c] 199.204.45.240 "GET /v2.0/networks/b15680d2-b02d-4946-8585-444b87599962?fields=provider%3Aphysical_network&fields=provider%3Anetwork_type HTTP/1.1" status: 200 len: 277 time: 0.1036167
2026-07-24 18:41:44.431 9 INFO neutron.wsgi [req-97313e4b-078c-45fe-bc62-9ef89b18a8b9 req-f890e661-5f25-47b1-be98-88bcb8179062 598c12767e474dd992fe2f9b285ffb9e a279a9e5a63d474bafadd4120f1db758 - - default default] 10.0.0.165 "GET /v2.0/security-groups?id=8a9015bb-1cc8-4437-a1bd-c10ff2b04fff&id=34d7bd96-4a95-4ed8-9f38-c605c8f3e658&fields=id&fields=name HTTP/1.1" status: 200 len: 403 time: 0.0389602
2026-07-24 18:41:44.474 9 INFO neutron.wsgi [req-d77fe374-7a1e-4a69-b905-4a191f6d1442 req-d053f1bd-50d9-4b47-9055-ba6af45132d8 a13ace7f3ffd4dfbaf096472980059fc b12aeeba212b4852bd69d0e6a8f4a4e2 - - b465198673654156823ad50d5205f89c b465198673654156823ad50d5205f89c] 199.204.45.240 "GET /v2.0/ports?tenant_id=a279a9e5a63d474bafadd4120f1db758&device_id=6535af4a-1688-4fee-b6cf-7f27d0371527 HTTP/1.1" status: 200 len: 1446 time: 0.0361283
2026-07-24 18:41:44.557 9 INFO neutron.wsgi [req-d77fe374-7a1e-4a69-b905-4a191f6d1442 req-00e6c8d1-1eb9-470c-bf59-d9ef6bce3a52 a13ace7f3ffd4dfbaf096472980059fc b12aeeba212b4852bd69d0e6a8f4a4e2 - - b465198673654156823ad50d5205f89c b465198673654156823ad50d5205f89c] 199.204.45.240 "GET /v2.0/networks?id=b15680d2-b02d-4946-8585-444b87599962 HTTP/1.1" status: 200 len: 970 time: 0.0766370
2026-07-24 18:41:44.602 9 INFO neutron.wsgi [req-d77fe374-7a1e-4a69-b905-4a191f6d1442 req-e3204f98-fa16-4c7d-863a-4d85f1bd67d1 a13ace7f3ffd4dfbaf096472980059fc b12aeeba212b4852bd69d0e6a8f4a4e2 - - b465198673654156823ad50d5205f89c b465198673654156823ad50d5205f89c] 199.204.45.240 "GET /v2.0/floatingips?fixed_ip_address=10.100.0.4&port_id=cd25d885-f2c3-4b78-b6f2-4831560ec578 HTTP/1.1" status: 200 len: 217 time: 0.0368829
2026-07-24 18:41:44.624 9 INFO neutron.wsgi [req-a70d9d87-3efa-4b70-b23f-642ae89614f4 req-d7166d01-35b1-46b3-8694-ae8d11042dd7 a13ace7f3ffd4dfbaf096472980059fc b12aeeba212b4852bd69d0e6a8f4a4e2 - - b465198673654156823ad50d5205f89c b465198673654156823ad50d5205f89c] 199.204.45.240 "GET /v2.0/ports?device_id=6535af4a-1688-4fee-b6cf-7f27d0371527 HTTP/1.1" status: 200 len: 1446 time: 0.0590765
2026-07-24 18:41:44.637 10 INFO neutron.db.ovn_revision_numbers_db [None req-5740005d-12f1-4885-9ee5-39f3a3ed1bbf cb65f78625a34732927d17e385349d92 940b67ae7b11429e9b9658ba772d2b7a - - default default] Successfully bumped revision number for resource 99d94de4-b4e9-47b2-b8be-b1bf739a299a (type: ports) to 2
2026-07-24 18:41:44.655 9 INFO neutron.wsgi [req-d77fe374-7a1e-4a69-b905-4a191f6d1442 req-5b7ed659-ad7b-47d9-81b2-0f2aba7b71de a13ace7f3ffd4dfbaf096472980059fc b12aeeba212b4852bd69d0e6a8f4a4e2 - - b465198673654156823ad50d5205f89c b465198673654156823ad50d5205f89c] 199.204.45.240 "GET /v2.0/subnets?id=282c6dd0-7270-4d49-9dda-9c9a096e0513 HTTP/1.1" status: 200 len: 865 time: 0.0448954
2026-07-24 18:41:44.673 10 INFO neutron.db.ovn_revision_numbers_db [None req-5740005d-12f1-4885-9ee5-39f3a3ed1bbf cb65f78625a34732927d17e385349d92 940b67ae7b11429e9b9658ba772d2b7a - - default default] Successfully bumped revision number for resource ef7d8ce5-8db4-4e1a-9f7e-bae8c43050d8 (type: subnets) to 0
2026-07-24 18:41:44.685 9 INFO neutron.wsgi [req-d77fe374-7a1e-4a69-b905-4a191f6d1442 req-75d1bc88-d6e0-4f12-8bbf-4ace52e99320 a13ace7f3ffd4dfbaf096472980059fc b12aeeba212b4852bd69d0e6a8f4a4e2 - - b465198673654156823ad50d5205f89c b465198673654156823ad50d5205f89c] 199.204.45.240 "GET /v2.0/ports?network_id=b15680d2-b02d-4946-8585-444b87599962&device_owner=network%3Adhcp HTTP/1.1" status: 200 len: 210 time: 0.0251937
2026-07-24 18:41:44.688 10 INFO neutron.wsgi [None req-5740005d-12f1-4885-9ee5-39f3a3ed1bbf cb65f78625a34732927d17e385349d92 940b67ae7b11429e9b9658ba772d2b7a - - default default] 10.0.0.151 "POST /v2.0/subnets HTTP/1.1" status: 201 len: 819 time: 0.7370963
2026-07-24 18:41:44.690 9 INFO neutron.wsgi [req-a70d9d87-3efa-4b70-b23f-642ae89614f4 req-4bc1ecb2-514c-42df-9fff-8bc6dd327657 a13ace7f3ffd4dfbaf096472980059fc b12aeeba212b4852bd69d0e6a8f4a4e2 - - b465198673654156823ad50d5205f89c b465198673654156823ad50d5205f89c] 199.204.45.240 "GET /v2.0/security-groups?id=34d7bd96-4a95-4ed8-9f38-c605c8f3e658&id=8a9015bb-1cc8-4437-a1bd-c10ff2b04fff&fields=id&fields=name HTTP/1.1" status: 200 len: 403 time: 0.0574074
2026-07-24 18:41:44.699 9 WARNING neutron.api.v2.base [None req-0c80c118-b162-48fe-9a9b-10d006071557 cb65f78625a34732927d17e385349d92 940b67ae7b11429e9b9658ba772d2b7a - - default default] An exception happened while processing the request body. The exception message is [Invalid input for target_tenant. Reason: 'None' is not a valid string.].: webob.exc.HTTPBadRequest: Invalid input for target_tenant. Reason: 'None' is not a valid string.
2026-07-24 18:41:44.700 9 INFO neutron.api.v2.resource [None req-0c80c118-b162-48fe-9a9b-10d006071557 cb65f78625a34732927d17e385349d92 940b67ae7b11429e9b9658ba772d2b7a - - default default] create failed (client error): Invalid input for target_tenant. Reason: 'None' is not a valid string.
2026-07-24 18:41:44.701 9 INFO neutron.wsgi [None req-0c80c118-b162-48fe-9a9b-10d006071557 cb65f78625a34732927d17e385349d92 940b67ae7b11429e9b9658ba772d2b7a - - default default] 10.0.0.151 "POST /v2.0/rbac-policies HTTP/1.1" status: 400 len: 346 time: 0.0071819
2026-07-24 18:41:44.802 9 INFO neutron.plugins.ml2.drivers.ovn.mech_driver.mech_driver [None req-93855813-4388-4242-852d-3b5480ee2b73 - - - - - -] OVN reports status up for port: cd25d885-f2c3-4b78-b6f2-4831560ec578
2026-07-24 18:41:44.817 9 INFO neutron.wsgi [req-d77fe374-7a1e-4a69-b905-4a191f6d1442 req-d0ac6e14-91e7-4d0f-9a9c-975710f619bb a13ace7f3ffd4dfbaf096472980059fc b12aeeba212b4852bd69d0e6a8f4a4e2 - - b465198673654156823ad50d5205f89c b465198673654156823ad50d5205f89c] 199.204.45.240 "GET /v2.0/networks/b15680d2-b02d-4946-8585-444b87599962?fields=segments HTTP/1.1" status: 200 len: 212 time: 0.0965867
2026-07-24 18:41:44.829 9 INFO neutron.plugins.ml2.plugin [None req-93855813-4388-4242-852d-3b5480ee2b73 - - - - - -] Attempt 1 to provision port cd25d885-f2c3-4b78-b6f2-4831560ec578
2026-07-24 18:41:44.946 9 INFO neutron.wsgi [req-d77fe374-7a1e-4a69-b905-4a191f6d1442 req-051b1d4f-faf5-4a08-8d3f-031d1be5f30c a13ace7f3ffd4dfbaf096472980059fc b12aeeba212b4852bd69d0e6a8f4a4e2 - - b465198673654156823ad50d5205f89c b465198673654156823ad50d5205f89c] 199.204.45.240 "GET /v2.0/networks/b15680d2-b02d-4946-8585-444b87599962?fields=provider%3Aphysical_network&fields=provider%3Anetwork_type HTTP/1.1" status: 200 len: 277 time: 0.1175070
2026-07-24 18:41:45.239 9 INFO neutron.db.ovn_revision_numbers_db [None req-93855813-4388-4242-852d-3b5480ee2b73 - - - - - -] Successfully bumped revision number for resource cd25d885-f2c3-4b78-b6f2-4831560ec578 (type: ports) to 4
2026-07-24 18:41:45.434 9 INFO neutron.services.segments.plugin [-] Segment 87e5571e-da62-4e93-92a7-fa8e36cff1f9 resource provider aggregate not found
2026-07-24 18:41:45.439 9 INFO neutron.services.segments.plugin [-] Segment 87e5571e-da62-4e93-92a7-fa8e36cff1f9 resource provider aggregate not found
2026-07-24 18:41:45.451 9 INFO neutron.services.segments.plugin [-] Segment 87e5571e-da62-4e93-92a7-fa8e36cff1f9 resource provider not found; error: Placement Client Error (4xx): {"errors": [{"status": 404, "title": "Not Found", "detail": "The resource could not be found.\n\n No resource provider with uuid 87e5571e-da62-4e93-92a7-fa8e36cff1f9 found for delete ", "request_id": "req-c09ecbe7-6ee7-4cd4-9d59-c882ec723e6c"}]}
2026-07-24 18:41:45.453 9 INFO neutron.services.segments.plugin [-] Segment 87e5571e-da62-4e93-92a7-fa8e36cff1f9 resource provider not found; error: Placement Client Error (4xx): {"errors": [{"status": 404, "title": "Not Found", "detail": "The resource could not be found.\n\n No resource provider with uuid 87e5571e-da62-4e93-92a7-fa8e36cff1f9 found for delete ", "request_id": "req-6d0f6325-4df5-494e-acfa-014be381a14b"}]}
2026-07-24 18:41:45.478 9 INFO neutron.wsgi [None req-92219e8d-e85e-45c2-9240-62a5a334d211 cb65f78625a34732927d17e385349d92 940b67ae7b11429e9b9658ba772d2b7a - - default default] 10.0.0.151 "DELETE /v2.0/networks/61618291-81eb-48bd-aa6b-cc0239706f70 HTTP/1.1" status: 204 len: 168 time: 0.7714355 /var/lib/openstack/lib/python3.10/site-packages/pycadf/identifier.py:71: UserWarning: Invalid uuid: neutron. To ensure interoperability, identifiers should be a valid uuid. warnings.warn(('Invalid uuid: %s. To ensure interoperability, '
2026-07-24 18:41:45.528 9 INFO neutron.wsgi [req-ade39cf7-2906-4846-a775-83b04cea9576 req-0e735f89-f2e4-4913-81a4-bc671bb2dc7a 598c12767e474dd992fe2f9b285ffb9e a279a9e5a63d474bafadd4120f1db758 - - default default] 10.0.0.165 "GET /v2.0/ports?device_id=6535af4a-1688-4fee-b6cf-7f27d0371527 HTTP/1.1" status: 200 len: 1210 time: 0.0349786
2026-07-24 18:41:45.567 10 INFO neutron.db.segments_db [None req-76d34a4d-56f5-4ea8-9caf-77466f547a54 cb65f78625a34732927d17e385349d92 940b67ae7b11429e9b9658ba772d2b7a - - default default] Added segment 293d2737-216c-4360-a61b-7d4162cd73b2 of type geneve for network 418b305e-fe21-4cf7-a0e0-9e1a157c8df1
2026-07-24 18:41:45.579 9 INFO neutron.wsgi [req-ade39cf7-2906-4846-a775-83b04cea9576 req-86ba2011-1dfb-4dc1-abf0-2d8671386c2a 598c12767e474dd992fe2f9b285ffb9e a279a9e5a63d474bafadd4120f1db758 - - default default] 10.0.0.165 "GET /v2.0/security-groups?id=8a9015bb-1cc8-4437-a1bd-c10ff2b04fff&id=34d7bd96-4a95-4ed8-9f38-c605c8f3e658&fields=id&fields=name HTTP/1.1" status: 200 len: 403 time: 0.0420594
2026-07-24 18:41:45.701 10 INFO neutron.db.ovn_revision_numbers_db [None req-76d34a4d-56f5-4ea8-9caf-77466f547a54 cb65f78625a34732927d17e385349d92 940b67ae7b11429e9b9658ba772d2b7a - - default default] Successfully bumped revision number for resource 418b305e-fe21-4cf7-a0e0-9e1a157c8df1 (type: networks) to 1
2026-07-24 18:41:45.842 10 WARNING neutron.scheduler.dhcp_agent_scheduler [None req-76d34a4d-56f5-4ea8-9caf-77466f547a54 cb65f78625a34732927d17e385349d92 940b67ae7b11429e9b9658ba772d2b7a - - default default] No more DHCP agents
2026-07-24 18:41:45.847 10 WARNING neutron.api.rpc.agentnotifiers.dhcp_rpc_agent_api [None req-76d34a4d-56f5-4ea8-9caf-77466f547a54 cb65f78625a34732927d17e385349d92 940b67ae7b11429e9b9658ba772d2b7a - - default default] Unable to schedule network 418b305e-fe21-4cf7-a0e0-9e1a157c8df1: no agents available; will retry on subsequent port and subnet creation events.
2026-07-24 18:41:45.919 10 INFO neutron.db.ovn_revision_numbers_db [None req-76d34a4d-56f5-4ea8-9caf-77466f547a54 cb65f78625a34732927d17e385349d92 940b67ae7b11429e9b9658ba772d2b7a - - default default] Successfully bumped revision number for resource da7fa8a3-dc45-42c0-9060-060fd72e405a (type: ports) to 1
2026-07-24 18:41:45.937 10 INFO neutron.wsgi [None req-76d34a4d-56f5-4ea8-9caf-77466f547a54 cb65f78625a34732927d17e385349d92 940b67ae7b11429e9b9658ba772d2b7a - - default default] 10.0.0.151 "POST /v2.0/networks HTTP/1.1" status: 201 len: 929 time: 0.4528649
2026-07-24 18:41:46.103 10 WARNING neutron.scheduler.dhcp_agent_scheduler [None req-47e2c3b5-a85c-495e-8b28-12534710e0b8 cb65f78625a34732927d17e385349d92 940b67ae7b11429e9b9658ba772d2b7a - - default default] No more DHCP agents
2026-07-24 18:41:46.106 10 WARNING neutron.api.rpc.agentnotifiers.dhcp_rpc_agent_api [None req-47e2c3b5-a85c-495e-8b28-12534710e0b8 cb65f78625a34732927d17e385349d92 940b67ae7b11429e9b9658ba772d2b7a - - default default] Unable to schedule network 418b305e-fe21-4cf7-a0e0-9e1a157c8df1: no agents available; will retry on subsequent port and subnet creation events.
2026-07-24 18:41:46.112 9 INFO neutron.notifiers.nova [-] Nova event matching ['req-72b6bf24-961b-4e28-b0a9-58bfdb60d7ac'] response: {'server_uuid': '6535af4a-1688-4fee-b6cf-7f27d0371527', 'name': 'network-vif-plugged', 'status': 'completed', 'tag': 'cd25d885-f2c3-4b78-b6f2-4831560ec578', 'code': 200}
2026-07-24 18:41:46.112 9 INFO neutron.notifiers.nova [-] Nova event matching ['req-72b6bf24-961b-4e28-b0a9-58bfdb60d7ac'] response: {'server_uuid': '6535af4a-1688-4fee-b6cf-7f27d0371527', 'name': 'network-vif-plugged', 'status': 'completed', 'tag': 'cd25d885-f2c3-4b78-b6f2-4831560ec578', 'code': 200}
2026-07-24 18:41:46.682 9 INFO neutron.wsgi [req-b22b0995-650b-4fa0-8357-722aceed4d55 req-6216b3d2-0996-4fe8-99fb-6fc7c0742d4d 598c12767e474dd992fe2f9b285ffb9e a279a9e5a63d474bafadd4120f1db758 - - default default] 10.0.0.165 "GET /v2.0/ports?device_id=6535af4a-1688-4fee-b6cf-7f27d0371527 HTTP/1.1" status: 200 len: 1210 time: 0.0395129
2026-07-24 18:41:46.721 10 INFO neutron.db.ovn_revision_numbers_db [None req-47e2c3b5-a85c-495e-8b28-12534710e0b8 cb65f78625a34732927d17e385349d92 940b67ae7b11429e9b9658ba772d2b7a - - default default] Successfully bumped revision number for resource da7fa8a3-dc45-42c0-9060-060fd72e405a (type: ports) to 2
2026-07-24 18:41:46.728 9 INFO neutron.wsgi [req-b22b0995-650b-4fa0-8357-722aceed4d55 req-fd6e71de-0dc4-4193-abe8-f75a32caf367 598c12767e474dd992fe2f9b285ffb9e a279a9e5a63d474bafadd4120f1db758 - - default default] 10.0.0.165 "GET /v2.0/security-groups?id=8a9015bb-1cc8-4437-a1bd-c10ff2b04fff&id=34d7bd96-4a95-4ed8-9f38-c605c8f3e658&fields=id&fields=name HTTP/1.1" status: 200 len: 403 time: 0.0408325
2026-07-24 18:41:46.754 10 INFO neutron.db.ovn_revision_numbers_db [None req-47e2c3b5-a85c-495e-8b28-12534710e0b8 cb65f78625a34732927d17e385349d92 940b67ae7b11429e9b9658ba772d2b7a - - default default] Successfully bumped revision number for resource b387c2a3-7c45-40e9-b5f9-24a2475f145a (type: subnets) to 0
2026-07-24 18:41:46.770 10 INFO neutron.wsgi [None req-47e2c3b5-a85c-495e-8b28-12534710e0b8 cb65f78625a34732927d17e385349d92 940b67ae7b11429e9b9658ba772d2b7a - - default default] 10.0.0.151 "POST /v2.0/subnets HTTP/1.1" status: 201 len: 822 time: 0.8286779
2026-07-24 18:41:46.781 10 WARNING neutron.api.v2.base [None req-9047a57e-811a-4cef-b9e2-cb2fc1f30992 cb65f78625a34732927d17e385349d92 940b67ae7b11429e9b9658ba772d2b7a - - default default] An exception happened while processing the request body. The exception message is [Invalid input for target_tenant. Reason: '1234123412341234123412341234123412341234123412341234123412341234123412341234123412341234123412341234123412341234123412341234123412341234123412341234123412341234123412341234123412341234123412341234123412341234123412341234123412341234123412341234123412341234123412341234123412341234123412341234123412341234123412341234123412341234123412341234123412341234123412341234123412341234123412341234123412341234' exceeds maximum length of 255.].: webob.exc.HTTPBadRequest: Invalid input for target_tenant. Reason: '1234123412341234123412341234123412341234123412341234123412341234123412341234123412341234123412341234123412341234123412341234123412341234123412341234123412341234123412341234123412341234123412341234123412341234123412341234123412341234123412341234123412341234123412341234123412341234123412341234123412341234123412341234123412341234123412341234123412341234123412341234123412341234123412341234123412341234' exceeds maximum length of 255.
2026-07-24 18:41:46.782 10 INFO neutron.api.v2.resource [None req-9047a57e-811a-4cef-b9e2-cb2fc1f30992 cb65f78625a34732927d17e385349d92 940b67ae7b11429e9b9658ba772d2b7a - - default default] create failed (client error): Invalid input for target_tenant. Reason: '1234123412341234123412341234123412341234123412341234123412341234123412341234123412341234123412341234123412341234123412341234123412341234123412341234123412341234123412341234123412341234123412341234123412341234123412341234123412341234123412341234123412341234123412341234123412341234123412341234123412341234123412341234123412341234123412341234123412341234123412341234123412341234123412341234123412341234' exceeds maximum length of 255.
2026-07-24 18:41:46.783 10 INFO neutron.wsgi [None req-9047a57e-811a-4cef-b9e2-cb2fc1f30992 cb65f78625a34732927d17e385349d92 940b67ae7b11429e9b9658ba772d2b7a - - default default] 10.0.0.151 "POST /v2.0/rbac-policies HTTP/1.1" status: 400 len: 750 time: 0.0061760
2026-07-24 18:41:46.889 9 INFO neutron.wsgi [req-cdf1566d-8a57-4192-854d-82da0879023c req-b42b7e50-c910-4867-83cd-60e8e2c0508f 598c12767e474dd992fe2f9b285ffb9e a279a9e5a63d474bafadd4120f1db758 - - default default] 10.0.0.165 "GET /v2.0/ports?device_id=6535af4a-1688-4fee-b6cf-7f27d0371527 HTTP/1.1" status: 200 len: 1210 time: 0.0912490
2026-07-24 18:41:47.267 10 INFO neutron.services.segments.plugin [-] Segment 293d2737-216c-4360-a61b-7d4162cd73b2 resource provider aggregate not found
2026-07-24 18:41:47.272 10 INFO neutron.services.segments.plugin [-] Segment 293d2737-216c-4360-a61b-7d4162cd73b2 resource provider aggregate not found
2026-07-24 18:41:47.295 10 INFO neutron.services.segments.plugin [-] Segment 293d2737-216c-4360-a61b-7d4162cd73b2 resource provider not found; error: Placement Client Error (4xx): {"errors": [{"status": 404, "title": "Not Found", "detail": "The resource could not be found.\n\n No resource provider with uuid 293d2737-216c-4360-a61b-7d4162cd73b2 found for delete ", "request_id": "req-6695e673-a4e1-4e2f-9472-88f1b9f92de9"}]}
2026-07-24 18:41:47.302 10 INFO neutron.services.segments.plugin [-] Segment 293d2737-216c-4360-a61b-7d4162cd73b2 resource provider not found; error: Placement Client Error (4xx): {"errors": [{"status": 404, "title": "Not Found", "detail": "The resource could not be found.\n\n No resource provider with uuid 293d2737-216c-4360-a61b-7d4162cd73b2 found for delete ", "request_id": "req-a46f28df-2fe6-43af-936b-063b99d10484"}]}
2026-07-24 18:41:47.311 10 INFO neutron.wsgi [None req-2a446372-f15e-4142-81bb-12399d25f87b cb65f78625a34732927d17e385349d92 940b67ae7b11429e9b9658ba772d2b7a - - default default] 10.0.0.151 "DELETE /v2.0/networks/418b305e-fe21-4cf7-a0e0-9e1a157c8df1 HTTP/1.1" status: 204 len: 168 time: 0.5209351
2026-07-24 18:41:47.406 10 INFO neutron.db.segments_db [None req-30400aac-3d9c-44d9-92cb-d0c8c1a2f4da cb65f78625a34732927d17e385349d92 940b67ae7b11429e9b9658ba772d2b7a - - default default] Added segment f61f7434-d08e-440c-9e53-997577b90c88 of type geneve for network a9fcdd77-7e50-480e-8d89-2bef29c0ecea
2026-07-24 18:41:47.553 10 INFO neutron.db.ovn_revision_numbers_db [None req-30400aac-3d9c-44d9-92cb-d0c8c1a2f4da cb65f78625a34732927d17e385349d92 940b67ae7b11429e9b9658ba772d2b7a - - default default] Successfully bumped revision number for resource a9fcdd77-7e50-480e-8d89-2bef29c0ecea (type: networks) to 1
2026-07-24 18:41:47.684 9 INFO neutron.db.l3_db [None req-6500a25b-d77d-4dbe-9bb0-ce913b87b4bd 598c12767e474dd992fe2f9b285ffb9e a279a9e5a63d474bafadd4120f1db758 - - default default] Floating IP 7033d1af-aa5c-4604-8490-68b3e0cf16e3 associated. External IP: 10.96.250.202, port: cd25d885-f2c3-4b78-b6f2-4831560ec578.
2026-07-24 18:41:47.721 10 WARNING neutron.scheduler.dhcp_agent_scheduler [None req-30400aac-3d9c-44d9-92cb-d0c8c1a2f4da cb65f78625a34732927d17e385349d92 940b67ae7b11429e9b9658ba772d2b7a - - default default] No more DHCP agents
2026-07-24 18:41:47.724 10 WARNING neutron.api.rpc.agentnotifiers.dhcp_rpc_agent_api [None req-30400aac-3d9c-44d9-92cb-d0c8c1a2f4da cb65f78625a34732927d17e385349d92 940b67ae7b11429e9b9658ba772d2b7a - - default default] Unable to schedule network a9fcdd77-7e50-480e-8d89-2bef29c0ecea: no agents available; will retry on subsequent port and subnet creation events.
2026-07-24 18:41:47.818 10 INFO neutron.db.ovn_revision_numbers_db [None req-30400aac-3d9c-44d9-92cb-d0c8c1a2f4da cb65f78625a34732927d17e385349d92 940b67ae7b11429e9b9658ba772d2b7a - - default default] Successfully bumped revision number for resource a1ee220f-ac2c-471b-b7ba-be918025bb8a (type: ports) to 1
2026-07-24 18:41:47.860 10 INFO neutron.wsgi [None req-30400aac-3d9c-44d9-92cb-d0c8c1a2f4da cb65f78625a34732927d17e385349d92 940b67ae7b11429e9b9658ba772d2b7a - - default default] 10.0.0.151 "POST /v2.0/networks HTTP/1.1" status: 201 len: 929 time: 0.5403156
2026-07-24 18:41:47.986 9 INFO neutron.db.ovn_revision_numbers_db [None req-6500a25b-d77d-4dbe-9bb0-ce913b87b4bd 598c12767e474dd992fe2f9b285ffb9e a279a9e5a63d474bafadd4120f1db758 - - default default] Successfully bumped revision number for resource 7033d1af-aa5c-4604-8490-68b3e0cf16e3 (type: floatingips) to 1
2026-07-24 18:41:48.130 10 WARNING neutron.scheduler.dhcp_agent_scheduler [None req-1f00edf0-1491-4ca9-ac84-2baa1d442d32 cb65f78625a34732927d17e385349d92 940b67ae7b11429e9b9658ba772d2b7a - - default default] No more DHCP agents
2026-07-24 18:41:48.134 10 WARNING neutron.api.rpc.agentnotifiers.dhcp_rpc_agent_api [None req-1f00edf0-1491-4ca9-ac84-2baa1d442d32 cb65f78625a34732927d17e385349d92 940b67ae7b11429e9b9658ba772d2b7a - - default default] Unable to schedule network a9fcdd77-7e50-480e-8d89-2bef29c0ecea: no agents available; will retry on subsequent port and subnet creation events.
2026-07-24 18:41:48.182 9 INFO neutron.db.ovn_revision_numbers_db [None req-6500a25b-d77d-4dbe-9bb0-ce913b87b4bd 598c12767e474dd992fe2f9b285ffb9e a279a9e5a63d474bafadd4120f1db758 - - default default] Successfully bumped revision number for resource 7033d1af-aa5c-4604-8490-68b3e0cf16e3 (type: floatingips) to 2
2026-07-24 18:41:48.255 9 INFO neutron.wsgi [None req-6500a25b-d77d-4dbe-9bb0-ce913b87b4bd 598c12767e474dd992fe2f9b285ffb9e a279a9e5a63d474bafadd4120f1db758 - - default default] 10.0.0.151 "PUT /v2.0/floatingips/7033d1af-aa5c-4604-8490-68b3e0cf16e3 HTTP/1.1" status: 200 len: 1049 time: 1.3535085
