2026-07-24 18:39:29.389 10 INFO neutron.db.ovn_revision_numbers_db [None req-fd17fe29-1714-40c3-b115-9836456339b2 b14169f80e504ebebb83ae9e9c79e7ee e7b59c0201624c6a83648ab178708d6c - - default default] Successfully bumped revision number for resource 48bd5cab-683e-4e0c-a678-852515ee9657 (type: security_groups) to 1
2026-07-24 18:39:29.402 10 INFO neutron.db.ovn_revision_numbers_db [None req-fd17fe29-1714-40c3-b115-9836456339b2 b14169f80e504ebebb83ae9e9c79e7ee e7b59c0201624c6a83648ab178708d6c - - default default] Successfully bumped revision number for resource 26aa27ee-60d0-48a7-bb9d-3a180572b801 (type: security_group_rules) to 0
2026-07-24 18:39:29.409 9 INFO neutron.db.ovn_revision_numbers_db [None req-41a98a05-5f6b-404f-b415-7149ca858b04 7f44c18a7f27483caf7caec226fa8e63 d10fe19d31d549c2a35c6944b26a1349 - - default default] Successfully bumped revision number for resource f69aecdb-b425-46ad-9fa7-2e4d8aee35f6 (type: security_group_rules) to 0
2026-07-24 18:39:29.416 10 INFO neutron.db.ovn_revision_numbers_db [None req-fd17fe29-1714-40c3-b115-9836456339b2 b14169f80e504ebebb83ae9e9c79e7ee e7b59c0201624c6a83648ab178708d6c - - default default] Successfully bumped revision number for resource 62fe76b1-9759-44a6-a7d1-c8a1edb05ec3 (type: security_group_rules) to 0
2026-07-24 18:39:29.429 10 INFO neutron.db.ovn_revision_numbers_db [None req-fd17fe29-1714-40c3-b115-9836456339b2 b14169f80e504ebebb83ae9e9c79e7ee e7b59c0201624c6a83648ab178708d6c - - default default] Successfully bumped revision number for resource 677c1dd6-235b-48ba-8c9a-cc32ea56b10f (type: security_group_rules) to 0
2026-07-24 18:39:29.441 10 INFO neutron.db.ovn_revision_numbers_db [None req-fd17fe29-1714-40c3-b115-9836456339b2 b14169f80e504ebebb83ae9e9c79e7ee e7b59c0201624c6a83648ab178708d6c - - default default] Successfully bumped revision number for resource e9b12488-95f7-4ed7-8392-707c06036e4a (type: security_group_rules) to 0
2026-07-24 18:39:29.462 10 INFO neutron.wsgi [None req-fd17fe29-1714-40c3-b115-9836456339b2 b14169f80e504ebebb83ae9e9c79e7ee e7b59c0201624c6a83648ab178708d6c - - default default] 10.0.0.151 "GET /v2.0/security-groups?tenant_id=e74135e566bf4288b13e91a3504578dc&name=default HTTP/1.1" status: 200 len: 2996 time: 0.5150795
2026-07-24 18:39:29.525 9 INFO neutron.db.ovn_revision_numbers_db [None req-41a98a05-5f6b-404f-b415-7149ca858b04 7f44c18a7f27483caf7caec226fa8e63 d10fe19d31d549c2a35c6944b26a1349 - - default default] Successfully bumped revision number for resource 5e7429a1-3e37-41e5-a7b5-e456d863aa89 (type: security_groups) to 1
2026-07-24 18:39:29.544 9 INFO neutron.db.ovn_revision_numbers_db [None req-41a98a05-5f6b-404f-b415-7149ca858b04 7f44c18a7f27483caf7caec226fa8e63 d10fe19d31d549c2a35c6944b26a1349 - - default default] Successfully bumped revision number for resource 9bf34810-6c43-47c7-9bac-8e43d42c963d (type: security_group_rules) to 0
2026-07-24 18:39:29.554 9 INFO neutron.wsgi [None req-c7be78a6-8f06-48f3-93c5-a5b5aba38f39 80f381dfb0194c5e8ffc646df6f4b280 5f8578c98a8b409f9fdc2dc2efb511df - - default default] 10.0.0.151 "DELETE /v2.0/security-groups/f1cb7b3f-740c-4425-bf1a-7d43ceea7975 HTTP/1.1" status: 204 len: 168 time: 0.1797590
2026-07-24 18:39:29.565 9 INFO neutron.db.ovn_revision_numbers_db [None req-41a98a05-5f6b-404f-b415-7149ca858b04 7f44c18a7f27483caf7caec226fa8e63 d10fe19d31d549c2a35c6944b26a1349 - - default default] Successfully bumped revision number for resource f17f1e68-68a0-47b4-9573-b005b9db7370 (type: security_group_rules) to 0
2026-07-24 18:39:29.569 9 INFO neutron.api.v2.resource [None req-13abb2d4-bcb2-4663-b5f0-c66fae8cecd7 80f381dfb0194c5e8ffc646df6f4b280 5f8578c98a8b409f9fdc2dc2efb511df - - default default] show failed (client error): The resource could not be found.
2026-07-24 18:39:29.570 9 INFO neutron.wsgi [None req-13abb2d4-bcb2-4663-b5f0-c66fae8cecd7 80f381dfb0194c5e8ffc646df6f4b280 5f8578c98a8b409f9fdc2dc2efb511df - - default default] 10.0.0.151 "GET /v2.0/security-groups/f1cb7b3f-740c-4425-bf1a-7d43ceea7975 HTTP/1.1" status: 404 len: 347 time: 0.0102921
2026-07-24 18:39:29.583 9 INFO neutron.wsgi [None req-41a98a05-5f6b-404f-b415-7149ca858b04 7f44c18a7f27483caf7caec226fa8e63 d10fe19d31d549c2a35c6944b26a1349 - - default default] 10.0.0.151 "POST /v2.0/security-groups HTTP/1.1" status: 201 len: 1761 time: 0.6524069
2026-07-24 18:39:29.626 9 INFO neutron.wsgi [None req-68c15d8c-d65a-42f2-97ef-7cc4ebb08a21 7f44c18a7f27483caf7caec226fa8e63 d10fe19d31d549c2a35c6944b26a1349 - - default default] 10.0.0.151 "GET /v2.0/security-groups HTTP/1.1" status: 200 len: 4539 time: 0.0363331
2026-07-24 18:39:29.706 9 INFO neutron.db.ovn_revision_numbers_db [None req-8337188c-4525-4528-8e46-a609495ed36a 7f44c18a7f27483caf7caec226fa8e63 d10fe19d31d549c2a35c6944b26a1349 - - default default] Successfully bumped revision number for resource 5e7429a1-3e37-41e5-a7b5-e456d863aa89 (type: security_groups) to 2
2026-07-24 18:39:29.709 9 INFO neutron.wsgi [None req-8337188c-4525-4528-8e46-a609495ed36a 7f44c18a7f27483caf7caec226fa8e63 d10fe19d31d549c2a35c6944b26a1349 - - default default] 10.0.0.151 "PUT /v2.0/security-groups/5e7429a1-3e37-41e5-a7b5-e456d863aa89 HTTP/1.1" status: 200 len: 1794 time: 0.0772028
2026-07-24 18:39:29.721 10 INFO neutron.wsgi [None req-a6414f23-4323-4249-ab4d-cfc44320753b b14169f80e504ebebb83ae9e9c79e7ee e7b59c0201624c6a83648ab178708d6c - - default default] 10.0.0.151 "DELETE /v2.0/security-groups/48bd5cab-683e-4e0c-a678-852515ee9657 HTTP/1.1" status: 204 len: 168 time: 0.2534609
2026-07-24 18:39:29.746 9 INFO neutron.wsgi [None req-7e48265c-f07b-46df-92e8-d637d02c0762 7f44c18a7f27483caf7caec226fa8e63 d10fe19d31d549c2a35c6944b26a1349 - - default default] 10.0.0.151 "GET /v2.0/security-groups/5e7429a1-3e37-41e5-a7b5-e456d863aa89 HTTP/1.1" status: 200 len: 1794 time: 0.0316408
2026-07-24 18:39:29.863 9 INFO neutron.wsgi [None req-47461f88-fa47-4bdb-b637-72dd9b65b3ce 7f44c18a7f27483caf7caec226fa8e63 d10fe19d31d549c2a35c6944b26a1349 - - default default] 10.0.0.151 "DELETE /v2.0/security-groups/5e7429a1-3e37-41e5-a7b5-e456d863aa89 HTTP/1.1" status: 204 len: 168 time: 0.1136765
2026-07-24 18:39:29.902 9 INFO neutron.wsgi [None req-f5a0b4b4-351c-4b3e-b1aa-26053512c95c 7f44c18a7f27483caf7caec226fa8e63 d10fe19d31d549c2a35c6944b26a1349 - - default default] 10.0.0.151 "GET /v2.0/security-groups HTTP/1.1" status: 200 len: 2996 time: 0.0327957
2026-07-24 18:39:29.915 9 INFO neutron.api.v2.resource [None req-3747c622-9bc6-4447-b0d8-0f0de859b28d 7f44c18a7f27483caf7caec226fa8e63 d10fe19d31d549c2a35c6944b26a1349 - - default default] delete failed (client error): The resource could not be found.
2026-07-24 18:39:29.917 9 INFO neutron.wsgi [None req-3747c622-9bc6-4447-b0d8-0f0de859b28d 7f44c18a7f27483caf7caec226fa8e63 d10fe19d31d549c2a35c6944b26a1349 - - default default] 10.0.0.151 "DELETE /v2.0/security-groups/5e7429a1-3e37-41e5-a7b5-e456d863aa89 HTTP/1.1" status: 404 len: 347 time: 0.0107894
2026-07-24 18:39:29.960 10 INFO neutron.wsgi [None req-0715e073-eefd-413b-a054-d0410a0bc578 80f381dfb0194c5e8ffc646df6f4b280 5f8578c98a8b409f9fdc2dc2efb511df - - default default] 10.0.0.151 "DELETE /v2.0/floatingips/29689866-274d-448b-bf48-7ce5d01212bb HTTP/1.1" status: 204 len: 168 time: 0.3832219
2026-07-24 18:39:30.048 10 INFO neutron.db.ovn_revision_numbers_db [None req-77587ab5-ee8d-4406-ad3f-01d292f7ae08 b14169f80e504ebebb83ae9e9c79e7ee e7b59c0201624c6a83648ab178708d6c - - default default] Successfully bumped revision number for resource 8c654193-e867-4dd8-932e-0723a1618d3e (type: security_groups) to 1
2026-07-24 18:39:30.056 9 INFO neutron.db.ovn_revision_numbers_db [None req-46c63542-bbc5-4080-9488-a87778728ecd 7f44c18a7f27483caf7caec226fa8e63 d10fe19d31d549c2a35c6944b26a1349 - - default default] Successfully bumped revision number for resource ea520ee8-f581-4214-a081-c0f37e003e73 (type: security_groups) to 1
2026-07-24 18:39:30.071 9 INFO neutron.db.ovn_revision_numbers_db [None req-46c63542-bbc5-4080-9488-a87778728ecd 7f44c18a7f27483caf7caec226fa8e63 d10fe19d31d549c2a35c6944b26a1349 - - default default] Successfully bumped revision number for resource 29c94c80-c0e0-439c-8dfa-2f9dbb970b25 (type: security_group_rules) to 0
2026-07-24 18:39:30.086 9 INFO neutron.db.ovn_revision_numbers_db [None req-46c63542-bbc5-4080-9488-a87778728ecd 7f44c18a7f27483caf7caec226fa8e63 d10fe19d31d549c2a35c6944b26a1349 - - default default] Successfully bumped revision number for resource 7d9bd957-4eb5-4a53-b383-66b48b674561 (type: security_group_rules) to 0
2026-07-24 18:39:30.112 9 INFO neutron.wsgi [None req-46c63542-bbc5-4080-9488-a87778728ecd 7f44c18a7f27483caf7caec226fa8e63 d10fe19d31d549c2a35c6944b26a1349 - - default default] 10.0.0.151 "POST /v2.0/security-groups HTTP/1.1" status: 201 len: 1761 time: 0.1873913
2026-07-24 18:39:30.233 9 INFO neutron.db.ovn_revision_numbers_db [None req-81cd2814-e180-45a5-8791-455017316524 7f44c18a7f27483caf7caec226fa8e63 d10fe19d31d549c2a35c6944b26a1349 - - default default] Successfully bumped revision number for resource 84b2c80a-aea0-4286-898d-48748f4cac39 (type: security_group_rules) to 0
2026-07-24 18:39:30.256 10 INFO neutron.db.ovn_revision_numbers_db [None req-77587ab5-ee8d-4406-ad3f-01d292f7ae08 b14169f80e504ebebb83ae9e9c79e7ee e7b59c0201624c6a83648ab178708d6c - - default default] Successfully bumped revision number for resource 20cd72b4-631d-4111-a84b-756a198f2f68 (type: security_group_rules) to 0
2026-07-24 18:39:30.263 9 INFO neutron.wsgi [None req-81cd2814-e180-45a5-8791-455017316524 7f44c18a7f27483caf7caec226fa8e63 d10fe19d31d549c2a35c6944b26a1349 - - default default] 10.0.0.151 "POST /v2.0/security-group-rules HTTP/1.1" status: 201 len: 768 time: 0.1463954
2026-07-24 18:39:30.277 10 INFO neutron.db.ovn_revision_numbers_db [None req-77587ab5-ee8d-4406-ad3f-01d292f7ae08 b14169f80e504ebebb83ae9e9c79e7ee e7b59c0201624c6a83648ab178708d6c - - default default] Successfully bumped revision number for resource 2641e682-a7a3-4cdb-b793-a499aa2e0045 (type: security_group_rules) to 0
2026-07-24 18:39:30.292 9 INFO neutron.wsgi [None req-9be18ff8-6dac-4a08-983e-95932d11883e 7f44c18a7f27483caf7caec226fa8e63 d10fe19d31d549c2a35c6944b26a1349 - - default default] 10.0.0.151 "GET /v2.0/security-group-rules/84b2c80a-aea0-4286-898d-48748f4cac39 HTTP/1.1" status: 200 len: 763 time: 0.0220225
2026-07-24 18:39:30.305 10 INFO neutron.db.ovn_revision_numbers_db [None req-77587ab5-ee8d-4406-ad3f-01d292f7ae08 b14169f80e504ebebb83ae9e9c79e7ee e7b59c0201624c6a83648ab178708d6c - - default default] Successfully bumped revision number for resource 8e018172-be6e-4bfe-8f85-ffb69b079fbc (type: security_group_rules) to 0
2026-07-24 18:39:30.335 10 INFO neutron.db.ovn_revision_numbers_db [None req-77587ab5-ee8d-4406-ad3f-01d292f7ae08 b14169f80e504ebebb83ae9e9c79e7ee e7b59c0201624c6a83648ab178708d6c - - default default] Successfully bumped revision number for resource b3aa90a2-59bd-4760-8ee4-df9bab5034f1 (type: security_group_rules) to 0
2026-07-24 18:39:30.344 9 INFO neutron.wsgi [None req-fd6a6e5e-4be1-49e2-aa37-e3615b302991 7f44c18a7f27483caf7caec226fa8e63 d10fe19d31d549c2a35c6944b26a1349 - - default default] 10.0.0.151 "GET /v2.0/security-group-rules HTTP/1.1" status: 200 len: 4113 time: 0.0448463
2026-07-24 18:39:30.365 10 INFO neutron.wsgi [None req-77587ab5-ee8d-4406-ad3f-01d292f7ae08 b14169f80e504ebebb83ae9e9c79e7ee e7b59c0201624c6a83648ab178708d6c - - default default] 10.0.0.151 "GET /v2.0/security-groups?tenant_id=94a019fd2acf42499e107f912d3dc6cb&name=default HTTP/1.1" status: 200 len: 2996 time: 0.4790282
2026-07-24 18:39:30.521 9 INFO neutron.wsgi [None req-642656c6-d284-4960-b2c7-b8e52044fcf7 7f44c18a7f27483caf7caec226fa8e63 d10fe19d31d549c2a35c6944b26a1349 - - default default] 10.0.0.151 "DELETE /v2.0/security-group-rules/84b2c80a-aea0-4286-898d-48748f4cac39 HTTP/1.1" status: 204 len: 168 time: 0.1676943
2026-07-24 18:39:30.581 10 INFO neutron.wsgi [None req-3b8cfaa9-dfc5-48fc-8692-de9303347168 7f44c18a7f27483caf7caec226fa8e63 d10fe19d31d549c2a35c6944b26a1349 - - default default] 10.0.0.151 "GET /v2.0/security-group-rules HTTP/1.1" status: 200 len: 3567 time: 0.0449755
2026-07-24 18:39:30.591 9 INFO neutron.wsgi [None req-83754572-7e0a-419c-b774-78373db85fce b14169f80e504ebebb83ae9e9c79e7ee e7b59c0201624c6a83648ab178708d6c - - default default] 10.0.0.151 "DELETE /v2.0/security-groups/8c654193-e867-4dd8-932e-0723a1618d3e HTTP/1.1" status: 204 len: 168 time: 0.2211359
2026-07-24 18:39:30.702 9 INFO neutron.db.ovn_revision_numbers_db [None req-2c8d0cba-8066-4179-9009-2ced468f32dd 7f44c18a7f27483caf7caec226fa8e63 d10fe19d31d549c2a35c6944b26a1349 - - default default] Successfully bumped revision number for resource 361cc3b6-3a80-47f3-a9d4-1f9fe25d4caa (type: security_group_rules) to 0
2026-07-24 18:39:30.726 9 INFO neutron.wsgi [None req-2c8d0cba-8066-4179-9009-2ced468f32dd 7f44c18a7f27483caf7caec226fa8e63 d10fe19d31d549c2a35c6944b26a1349 - - default default] 10.0.0.151 "POST /v2.0/security-group-rules HTTP/1.1" status: 201 len: 768 time: 0.1313670
2026-07-24 18:39:30.751 10 INFO neutron.wsgi [None req-7da408a4-ede6-4429-95c2-6fd202d2b35f 7f44c18a7f27483caf7caec226fa8e63 d10fe19d31d549c2a35c6944b26a1349 - - default default] 10.0.0.151 "GET /v2.0/security-group-rules/361cc3b6-3a80-47f3-a9d4-1f9fe25d4caa HTTP/1.1" status: 200 len: 763 time: 0.0205374
2026-07-24 18:39:30.799 9 INFO neutron.wsgi [None req-84e7a89f-2a28-4005-accd-fef8f60dc18b 7f44c18a7f27483caf7caec226fa8e63 d10fe19d31d549c2a35c6944b26a1349 - - default default] 10.0.0.151 "GET /v2.0/security-group-rules HTTP/1.1" status: 200 len: 4113 time: 0.0425274
2026-07-24 18:39:30.932 9 INFO neutron.wsgi [None req-13ba96d1-87e1-40bc-a99e-23316491e4fa 7f44c18a7f27483caf7caec226fa8e63 d10fe19d31d549c2a35c6944b26a1349 - - default default] 10.0.0.151 "DELETE /v2.0/security-group-rules/361cc3b6-3a80-47f3-a9d4-1f9fe25d4caa HTTP/1.1" status: 204 len: 168 time: 0.1289635
2026-07-24 18:39:30.979 9 INFO neutron.wsgi [None req-871fd221-a648-40d2-a1c8-f261692eda2d 7f44c18a7f27483caf7caec226fa8e63 d10fe19d31d549c2a35c6944b26a1349 - - default default] 10.0.0.151 "GET /v2.0/security-group-rules HTTP/1.1" status: 200 len: 3567 time: 0.0409331
2026-07-24 18:39:31.013 9 INFO neutron.db.securitygroups_db [None req-af712b1c-e198-4e43-8c94-f181d5dad3cd 7f44c18a7f27483caf7caec226fa8e63 d10fe19d31d549c2a35c6944b26a1349 - - default default] Project d10fe19d31d549c2a35c6944b26a1349 added a security group rule with legacy IPv6 ICMP protocol name icmp, ipv6-icmp should be used instead. It was automatically converted.
2026-07-24 18:39:31.049 10 INFO neutron.wsgi [None req-bbf79dbc-23ff-4e1d-acac-f74fa8d6b135 b14169f80e504ebebb83ae9e9c79e7ee e7b59c0201624c6a83648ab178708d6c - - default default] 10.0.0.151 "PUT /v2.0/routers/c28f838f-9957-4a8f-93e9-3b0eb6753ebe/remove_router_interface HTTP/1.1" status: 200 len: 503 time: 1.0839748 /var/lib/openstack/lib/python3.10/site-packages/pycadf/identifier.py:71: UserWarning: Invalid uuid: neutron. To ensure interoperability, identifiers should be a valid uuid. warnings.warn(('Invalid uuid: %s. To ensure interoperability, '
2026-07-24 18:39:31.139 9 INFO neutron.db.ovn_revision_numbers_db [None req-af712b1c-e198-4e43-8c94-f181d5dad3cd 7f44c18a7f27483caf7caec226fa8e63 d10fe19d31d549c2a35c6944b26a1349 - - default default] Successfully bumped revision number for resource d9720810-d2d2-4195-8b05-90e5f3cfd108 (type: security_group_rules) to 0
2026-07-24 18:39:31.162 9 INFO neutron.wsgi [None req-af712b1c-e198-4e43-8c94-f181d5dad3cd 7f44c18a7f27483caf7caec226fa8e63 d10fe19d31d549c2a35c6944b26a1349 - - default default] 10.0.0.151 "POST /v2.0/security-group-rules HTTP/1.1" status: 201 len: 774 time: 0.1794286
2026-07-24 18:39:31.207 9 INFO neutron.wsgi [None req-71472af5-ca91-486d-b6f8-db9dffae3fe4 7f44c18a7f27483caf7caec226fa8e63 d10fe19d31d549c2a35c6944b26a1349 - - default default] 10.0.0.151 "GET /v2.0/security-group-rules/d9720810-d2d2-4195-8b05-90e5f3cfd108 HTTP/1.1" status: 200 len: 769 time: 0.0397365
2026-07-24 18:39:31.264 9 INFO neutron.wsgi [None req-4b5c9510-2ae8-40b2-b63e-63e10a2c0f52 7f44c18a7f27483caf7caec226fa8e63 d10fe19d31d549c2a35c6944b26a1349 - - default default] 10.0.0.151 "GET /v2.0/security-group-rules HTTP/1.1" status: 200 len: 4119 time: 0.0510581
2026-07-24 18:39:31.416 9 INFO neutron.wsgi [None req-47ee21d8-6c91-4f8e-b0ca-9e8b321f4358 7f44c18a7f27483caf7caec226fa8e63 d10fe19d31d549c2a35c6944b26a1349 - - default default] 10.0.0.151 "DELETE /v2.0/security-group-rules/d9720810-d2d2-4195-8b05-90e5f3cfd108 HTTP/1.1" status: 204 len: 168 time: 0.1453493
2026-07-24 18:39:31.470 9 INFO neutron.wsgi [None req-70dfb2c9-6bdf-400c-9d57-981f809a784c 7f44c18a7f27483caf7caec226fa8e63 d10fe19d31d549c2a35c6944b26a1349 - - default default] 10.0.0.151 "GET /v2.0/security-group-rules HTTP/1.1" status: 200 len: 3567 time: 0.0479550
2026-07-24 18:39:31.582 9 INFO neutron.wsgi [None req-d5e4d6e9-1a96-47fe-a02c-3ea4b321116d 7f44c18a7f27483caf7caec226fa8e63 d10fe19d31d549c2a35c6944b26a1349 - - default default] 10.0.0.151 "DELETE /v2.0/security-groups/ea520ee8-f581-4214-a081-c0f37e003e73 HTTP/1.1" status: 204 len: 168 time: 0.1065979
2026-07-24 18:39:31.628 9 INFO neutron.wsgi [None req-20784488-6cf1-4e64-9c69-4adf4927da1c 7f44c18a7f27483caf7caec226fa8e63 d10fe19d31d549c2a35c6944b26a1349 - - default default] 10.0.0.151 "GET /v2.0/security-groups HTTP/1.1" status: 200 len: 2996 time: 0.0409765
2026-07-24 18:39:31.672 9 INFO neutron.wsgi [None req-6bfbf586-89bd-474b-8bb3-ac722a4e528e 7f44c18a7f27483caf7caec226fa8e63 d10fe19d31d549c2a35c6944b26a1349 - - default default] 10.0.0.151 "GET /v2.0/security-groups HTTP/1.1" status: 200 len: 2996 time: 0.0345612
2026-07-24 18:39:31.693 10 INFO neutron.wsgi [None req-bce10231-0c9f-4377-87fb-d507acda5960 b14169f80e504ebebb83ae9e9c79e7ee e7b59c0201624c6a83648ab178708d6c - - default default] 10.0.0.151 "DELETE /v2.0/routers/c28f838f-9957-4a8f-93e9-3b0eb6753ebe HTTP/1.1" status: 204 len: 168 time: 0.6171653
2026-07-24 18:39:31.852 9 INFO neutron.wsgi [None req-05f61bb7-d829-4123-b124-19537b9059d6 b14169f80e504ebebb83ae9e9c79e7ee e7b59c0201624c6a83648ab178708d6c - - default default] 10.0.0.151 "DELETE /v2.0/subnets/0b46cc99-843e-417d-8f90-ec50eb36d2bd HTTP/1.1" status: 204 len: 168 time: 0.1533844
2026-07-24 18:39:32.225 9 INFO neutron.services.segments.plugin [-] Segment 0b083510-808f-41eb-ba95-da18e339c1e5 resource provider aggregate not found
2026-07-24 18:39:32.229 9 INFO neutron.services.segments.plugin [-] Segment 0b083510-808f-41eb-ba95-da18e339c1e5 resource provider aggregate not found
2026-07-24 18:39:32.244 9 INFO neutron.services.segments.plugin [-] Segment 0b083510-808f-41eb-ba95-da18e339c1e5 resource provider not found; error: Placement Client Error (4xx): {"errors": [{"status": 404, "title": "Not Found", "detail": "The resource could not be found.\n\n No resource provider with uuid 0b083510-808f-41eb-ba95-da18e339c1e5 found for delete ", "request_id": "req-c6505485-ebef-4cf8-ae6f-a995bab29b9e"}]}
2026-07-24 18:39:32.248 9 INFO neutron.services.segments.plugin [-] Segment 0b083510-808f-41eb-ba95-da18e339c1e5 resource provider not found; error: Placement Client Error (4xx): {"errors": [{"status": 404, "title": "Not Found", "detail": "The resource could not be found.\n\n No resource provider with uuid 0b083510-808f-41eb-ba95-da18e339c1e5 found for delete ", "request_id": "req-333317b7-65da-48ae-9795-aa5cbdba9a46"}]}
2026-07-24 18:39:32.268 9 INFO neutron.wsgi [None req-7f73300b-64cc-4cf2-a17b-67aa16c948ff b14169f80e504ebebb83ae9e9c79e7ee e7b59c0201624c6a83648ab178708d6c - - default default] 10.0.0.151 "DELETE /v2.0/networks/8635cadd-6c21-4bcc-8897-9767c381d8f7 HTTP/1.1" status: 204 len: 168 time: 0.4089575
2026-07-24 18:39:32.362 10 INFO neutron.wsgi [None req-b894eaf2-e921-4d56-8c15-9260df0aa49f b14169f80e504ebebb83ae9e9c79e7ee e7b59c0201624c6a83648ab178708d6c - - default default] 10.0.0.151 "GET /v2.0/security-groups?tenant_id=d10fe19d31d549c2a35c6944b26a1349&name=default HTTP/1.1" status: 200 len: 2996 time: 0.2539632
2026-07-24 18:39:32.493 9 INFO neutron.wsgi [None req-6c47fc77-2c51-4693-86a5-69fd71896082 b14169f80e504ebebb83ae9e9c79e7ee e7b59c0201624c6a83648ab178708d6c - - default default] 10.0.0.151 "GET /v2.0/security-groups?tenant_id=5f8578c98a8b409f9fdc2dc2efb511df&name=default HTTP/1.1" status: 200 len: 2996 time: 0.0384483
2026-07-24 18:39:32.560 9 INFO neutron.db.ovn_revision_numbers_db [None req-4222867e-1975-414d-92b9-540609f022e2 b14169f80e504ebebb83ae9e9c79e7ee e7b59c0201624c6a83648ab178708d6c - - default default] Successfully bumped revision number for resource a7c68b43-3f46-4c80-8e48-7f813f0cb6d3 (type: security_groups) to 1
2026-07-24 18:39:32.562 10 INFO neutron.wsgi [None req-d6e9ea9f-8bf8-49e5-91b6-9653efc58b1f b14169f80e504ebebb83ae9e9c79e7ee e7b59c0201624c6a83648ab178708d6c - - default default] 10.0.0.151 "DELETE /v2.0/security-groups/b399d0bb-cbb9-425c-96f8-9995d42bd4ac HTTP/1.1" status: 204 len: 168 time: 0.1956015
2026-07-24 18:39:32.577 9 INFO neutron.db.ovn_revision_numbers_db [None req-4222867e-1975-414d-92b9-540609f022e2 b14169f80e504ebebb83ae9e9c79e7ee e7b59c0201624c6a83648ab178708d6c - - default default] Successfully bumped revision number for resource 0f61f186-b4e1-4372-94cf-063e96c969bb (type: security_group_rules) to 0
2026-07-24 18:39:32.597 9 INFO neutron.db.ovn_revision_numbers_db [None req-4222867e-1975-414d-92b9-540609f022e2 b14169f80e504ebebb83ae9e9c79e7ee e7b59c0201624c6a83648ab178708d6c - - default default] Successfully bumped revision number for resource 7658fdb6-338b-4e75-81e2-a54a7cb1199e (type: security_group_rules) to 0
2026-07-24 18:39:32.615 9 INFO neutron.db.ovn_revision_numbers_db [None req-4222867e-1975-414d-92b9-540609f022e2 b14169f80e504ebebb83ae9e9c79e7ee e7b59c0201624c6a83648ab178708d6c - - default default] Successfully bumped revision number for resource 863f87e2-1e22-4fcb-83e8-1ccafd5e5b45 (type: security_group_rules) to 0
2026-07-24 18:39:32.635 9 INFO neutron.db.ovn_revision_numbers_db [None req-4222867e-1975-414d-92b9-540609f022e2 b14169f80e504ebebb83ae9e9c79e7ee e7b59c0201624c6a83648ab178708d6c - - default default] Successfully bumped revision number for resource a7bef7e9-f130-47e6-b210-664b9a00c3f2 (type: security_group_rules) to 0
2026-07-24 18:39:32.666 9 INFO neutron.wsgi [None req-4222867e-1975-414d-92b9-540609f022e2 b14169f80e504ebebb83ae9e9c79e7ee e7b59c0201624c6a83648ab178708d6c - - default default] 10.0.0.151 "GET /v2.0/security-groups?tenant_id=0f74a3e7fa2d4cada7f1662723a596b3&name=default HTTP/1.1" status: 200 len: 2996 time: 0.3061697
2026-07-24 18:39:32.749 9 INFO neutron.wsgi [None req-383918ff-a20e-443a-b1b7-8bebac123f2f b14169f80e504ebebb83ae9e9c79e7ee e7b59c0201624c6a83648ab178708d6c - - default default] 10.0.0.151 "DELETE /v2.0/security-groups/7dd7e0a4-1910-4c05-a02f-4dad35e4d5eb HTTP/1.1" status: 204 len: 168 time: 0.2515852
2026-07-24 18:39:32.847 9 INFO neutron.wsgi [None req-df56444f-c08d-4065-98f8-402999dcdded b14169f80e504ebebb83ae9e9c79e7ee e7b59c0201624c6a83648ab178708d6c - - default default] 10.0.0.151 "DELETE /v2.0/security-groups/a7c68b43-3f46-4c80-8e48-7f813f0cb6d3 HTTP/1.1" status: 204 len: 168 time: 0.1761198
2026-07-24 18:39:35.320 10 INFO neutron.wsgi [-] 10.0.0.97 "GET / HTTP/1.1" status: 200 len: 247 time: 0.0018878
2026-07-24 18:39:35.323 10 INFO neutron.wsgi [-] 10.0.0.97 "GET / HTTP/1.1" status: 200 len: 247 time: 0.0012999
2026-07-24 18:39:37.617 10 INFO neutron.db.ovn_revision_numbers_db [None req-34baa480-7824-4940-82a9-80b1f654855a b14169f80e504ebebb83ae9e9c79e7ee e7b59c0201624c6a83648ab178708d6c - - default default] Successfully bumped revision number for resource 31d4fb7a-a3a4-421a-a78f-2c31fac19b2d (type: security_groups) to 1
2026-07-24 18:39:37.632 10 INFO neutron.db.ovn_revision_numbers_db [None req-34baa480-7824-4940-82a9-80b1f654855a b14169f80e504ebebb83ae9e9c79e7ee e7b59c0201624c6a83648ab178708d6c - - default default] Successfully bumped revision number for resource 45ce93c6-a013-4186-9963-750b638e656a (type: security_group_rules) to 0
2026-07-24 18:39:37.650 10 INFO neutron.db.ovn_revision_numbers_db [None req-34baa480-7824-4940-82a9-80b1f654855a b14169f80e504ebebb83ae9e9c79e7ee e7b59c0201624c6a83648ab178708d6c - - default default] Successfully bumped revision number for resource 9978498d-b42b-421e-b9b0-a9ee89ed4ebf (type: security_group_rules) to 0
2026-07-24 18:39:37.666 10 INFO neutron.db.ovn_revision_numbers_db [None req-34baa480-7824-4940-82a9-80b1f654855a b14169f80e504ebebb83ae9e9c79e7ee e7b59c0201624c6a83648ab178708d6c - - default default] Successfully bumped revision number for resource a064398a-c456-4764-af2a-5bc6f8ab5cf1 (type: security_group_rules) to 0
2026-07-24 18:39:37.680 10 INFO neutron.db.ovn_revision_numbers_db [None req-34baa480-7824-4940-82a9-80b1f654855a b14169f80e504ebebb83ae9e9c79e7ee e7b59c0201624c6a83648ab178708d6c - - default default] Successfully bumped revision number for resource ee3112a1-304c-4f7b-acfa-11e129e8236e (type: security_group_rules) to 0
2026-07-24 18:39:37.703 10 INFO neutron.wsgi [None req-34baa480-7824-4940-82a9-80b1f654855a b14169f80e504ebebb83ae9e9c79e7ee e7b59c0201624c6a83648ab178708d6c - - default default] 10.0.0.151 "GET /v2.0/security-groups?tenant_id=81d220a7d6f84a9194241bc3f85316ee&name=default HTTP/1.1" status: 200 len: 2996 time: 0.4978063
2026-07-24 18:39:37.932 10 INFO neutron.wsgi [None req-88b3a0a8-4eb9-4643-95a9-f9a7a2526394 b14169f80e504ebebb83ae9e9c79e7ee e7b59c0201624c6a83648ab178708d6c - - default default] 10.0.0.151 "DELETE /v2.0/security-groups/31d4fb7a-a3a4-421a-a78f-2c31fac19b2d HTTP/1.1" status: 204 len: 168 time: 0.2235675
2026-07-24 18:39:38.178 9 INFO neutron.db.ovn_revision_numbers_db [None req-fdb25767-6b58-4928-bf73-0fab2937ddb6 b14169f80e504ebebb83ae9e9c79e7ee e7b59c0201624c6a83648ab178708d6c - - default default] Successfully bumped revision number for resource 391e68dd-8291-4218-918e-165fe4754cf0 (type: security_groups) to 1
2026-07-24 18:39:38.194 9 INFO neutron.db.ovn_revision_numbers_db [None req-fdb25767-6b58-4928-bf73-0fab2937ddb6 b14169f80e504ebebb83ae9e9c79e7ee e7b59c0201624c6a83648ab178708d6c - - default default] Successfully bumped revision number for resource 2ab8b8ff-a940-4fde-a0c1-87af35cb9a9e (type: security_group_rules) to 0
2026-07-24 18:39:38.209 9 INFO neutron.db.ovn_revision_numbers_db [None req-fdb25767-6b58-4928-bf73-0fab2937ddb6 b14169f80e504ebebb83ae9e9c79e7ee e7b59c0201624c6a83648ab178708d6c - - default default] Successfully bumped revision number for resource 6e4e19fb-369e-476e-a514-efae201f71fd (type: security_group_rules) to 0
2026-07-24 18:39:38.225 9 INFO neutron.db.ovn_revision_numbers_db [None req-fdb25767-6b58-4928-bf73-0fab2937ddb6 b14169f80e504ebebb83ae9e9c79e7ee e7b59c0201624c6a83648ab178708d6c - - default default] Successfully bumped revision number for resource 829c8eee-21da-418f-9fa1-d6cd08a051c8 (type: security_group_rules) to 0
2026-07-24 18:39:38.245 9 INFO neutron.db.ovn_revision_numbers_db [None req-fdb25767-6b58-4928-bf73-0fab2937ddb6 b14169f80e504ebebb83ae9e9c79e7ee e7b59c0201624c6a83648ab178708d6c - - default default] Successfully bumped revision number for resource 83083b21-3247-4514-adc6-da17b3237045 (type: security_group_rules) to 0
2026-07-24 18:39:38.269 9 INFO neutron.wsgi [None req-fdb25767-6b58-4928-bf73-0fab2937ddb6 b14169f80e504ebebb83ae9e9c79e7ee e7b59c0201624c6a83648ab178708d6c - - default default] 10.0.0.151 "GET /v2.0/security-groups?tenant_id=9b31ca3828504c488ba246bd82cb42ad&name=default HTTP/1.1" status: 200 len: 2996 time: 0.1978660
2026-07-24 18:39:38.488 9 INFO neutron.wsgi [None req-b7dc5270-9755-480a-adea-0a82715c05fb b14169f80e504ebebb83ae9e9c79e7ee e7b59c0201624c6a83648ab178708d6c - - default default] 10.0.0.151 "DELETE /v2.0/security-groups/391e68dd-8291-4218-918e-165fe4754cf0 HTTP/1.1" status: 204 len: 168 time: 0.2103958
2026-07-24 18:39:38.863 9 INFO neutron.db.ovn_revision_numbers_db [None req-4167f084-6cc4-4985-84d3-1281bb02f79d b14169f80e504ebebb83ae9e9c79e7ee e7b59c0201624c6a83648ab178708d6c - - default default] Successfully bumped revision number for resource bc7eb3cb-3b8a-4b5c-849e-51c7e2a68116 (type: security_groups) to 1
2026-07-24 18:39:38.879 9 INFO neutron.db.ovn_revision_numbers_db [None req-4167f084-6cc4-4985-84d3-1281bb02f79d b14169f80e504ebebb83ae9e9c79e7ee e7b59c0201624c6a83648ab178708d6c - - default default] Successfully bumped revision number for resource 0753514e-86e3-40be-aa95-32bbb1143a59 (type: security_group_rules) to 0
2026-07-24 18:39:38.894 9 INFO neutron.db.ovn_revision_numbers_db [None req-4167f084-6cc4-4985-84d3-1281bb02f79d b14169f80e504ebebb83ae9e9c79e7ee e7b59c0201624c6a83648ab178708d6c - - default default] Successfully bumped revision number for resource 3a15e91d-bd00-4218-b4fc-b83ea2aa7098 (type: security_group_rules) to 0
2026-07-24 18:39:38.900 10 INFO neutron.db.ovn_revision_numbers_db [None req-a21c2cd3-0830-4821-b34d-b29999222581 b14169f80e504ebebb83ae9e9c79e7ee e7b59c0201624c6a83648ab178708d6c - - default default] Successfully bumped revision number for resource 559f0376-5ff4-4a12-a32b-60ee1c4f7338 (type: security_groups) to 1
2026-07-24 18:39:38.905 9 INFO neutron.db.ovn_revision_numbers_db [None req-4167f084-6cc4-4985-84d3-1281bb02f79d b14169f80e504ebebb83ae9e9c79e7ee e7b59c0201624c6a83648ab178708d6c - - default default] Successfully bumped revision number for resource 3ee830c3-75b3-4242-80c7-b54d7a1b51aa (type: security_group_rules) to 0
2026-07-24 18:39:38.911 10 INFO neutron.db.ovn_revision_numbers_db [None req-3d9f23ce-77b2-4a26-b587-fab41f360103 b14169f80e504ebebb83ae9e9c79e7ee e7b59c0201624c6a83648ab178708d6c - - default default] Successfully bumped revision number for resource 022e92f7-820f-46a2-a42d-1c9b5958ad22 (type: security_groups) to 1
2026-07-24 18:39:38.920 9 INFO neutron.db.ovn_revision_numbers_db [None req-4167f084-6cc4-4985-84d3-1281bb02f79d b14169f80e504ebebb83ae9e9c79e7ee e7b59c0201624c6a83648ab178708d6c - - default default] Successfully bumped revision number for resource ac214e1b-0059-4823-ada8-1214b2845497 (type: security_group_rules) to 0
2026-07-24 18:39:38.922 10 INFO neutron.db.ovn_revision_numbers_db [None req-a21c2cd3-0830-4821-b34d-b29999222581 b14169f80e504ebebb83ae9e9c79e7ee e7b59c0201624c6a83648ab178708d6c - - default default] Successfully bumped revision number for resource 0e271a67-e1e1-45f1-8150-cca06490e56f (type: security_group_rules) to 0
2026-07-24 18:39:38.933 10 INFO neutron.db.ovn_revision_numbers_db [None req-3d9f23ce-77b2-4a26-b587-fab41f360103 b14169f80e504ebebb83ae9e9c79e7ee e7b59c0201624c6a83648ab178708d6c - - default default] Successfully bumped revision number for resource 05588307-c520-427f-b863-952dccb3013a (type: security_group_rules) to 0
2026-07-24 18:39:38.940 9 INFO neutron.wsgi [None req-4167f084-6cc4-4985-84d3-1281bb02f79d b14169f80e504ebebb83ae9e9c79e7ee e7b59c0201624c6a83648ab178708d6c - - default default] 10.0.0.151 "GET /v2.0/security-groups?tenant_id=01e2742a72b34423aca7a9ae0e47c884&name=default HTTP/1.1" status: 200 len: 2996 time: 0.2221756
2026-07-24 18:39:38.949 10 INFO neutron.db.ovn_revision_numbers_db [None req-a21c2cd3-0830-4821-b34d-b29999222581 b14169f80e504ebebb83ae9e9c79e7ee e7b59c0201624c6a83648ab178708d6c - - default default] Successfully bumped revision number for resource 263b2b23-57cb-4e9d-859c-50bc4f92a686 (type: security_group_rules) to 0
2026-07-24 18:39:38.952 10 INFO neutron.db.ovn_revision_numbers_db [None req-3d9f23ce-77b2-4a26-b587-fab41f360103 b14169f80e504ebebb83ae9e9c79e7ee e7b59c0201624c6a83648ab178708d6c - - default default] Successfully bumped revision number for resource c2603c0a-2101-48c9-af17-2103ea506afc (type: security_group_rules) to 0
2026-07-24 18:39:38.965 10 INFO neutron.db.ovn_revision_numbers_db [None req-a21c2cd3-0830-4821-b34d-b29999222581 b14169f80e504ebebb83ae9e9c79e7ee e7b59c0201624c6a83648ab178708d6c - - default default] Successfully bumped revision number for resource 7a7fc081-6f7e-4ffc-aa7d-cc9c319793a5 (type: security_group_rules) to 0
2026-07-24 18:39:38.968 10 INFO neutron.db.ovn_revision_numbers_db [None req-3d9f23ce-77b2-4a26-b587-fab41f360103 b14169f80e504ebebb83ae9e9c79e7ee e7b59c0201624c6a83648ab178708d6c - - default default] Successfully bumped revision number for resource e3cd2e35-ed3e-41e4-bc5f-5d386ed7c6a1 (type: security_group_rules) to 0
2026-07-24 18:39:38.981 10 INFO neutron.db.ovn_revision_numbers_db [None req-a21c2cd3-0830-4821-b34d-b29999222581 b14169f80e504ebebb83ae9e9c79e7ee e7b59c0201624c6a83648ab178708d6c - - default default] Successfully bumped revision number for resource a93dc669-5a75-489e-9767-e6d22d48f738 (type: security_group_rules) to 0
2026-07-24 18:39:38.985 10 INFO neutron.db.ovn_revision_numbers_db [None req-3d9f23ce-77b2-4a26-b587-fab41f360103 b14169f80e504ebebb83ae9e9c79e7ee e7b59c0201624c6a83648ab178708d6c - - default default] Successfully bumped revision number for resource ecb705ea-10ba-4658-a4c2-ec55970962ee (type: security_group_rules) to 0
2026-07-24 18:39:39.006 10 INFO neutron.wsgi [None req-a21c2cd3-0830-4821-b34d-b29999222581 b14169f80e504ebebb83ae9e9c79e7ee e7b59c0201624c6a83648ab178708d6c - - default default] 10.0.0.151 "GET /v2.0/security-groups?tenant_id=3e9ecf4a8d184e9f9154f745474ce8ee&name=default HTTP/1.1" status: 200 len: 2996 time: 0.4929767
2026-07-24 18:39:39.012 10 INFO neutron.wsgi [None req-3d9f23ce-77b2-4a26-b587-fab41f360103 b14169f80e504ebebb83ae9e9c79e7ee e7b59c0201624c6a83648ab178708d6c - - default default] 10.0.0.151 "GET /v2.0/security-groups?tenant_id=33f5803318fa4eb2899c6c64dc079514&name=default HTTP/1.1" status: 200 len: 2996 time: 0.4630635
2026-07-24 18:39:39.164 9 INFO neutron.wsgi [None req-230031e0-c278-4335-ab79-f17282eaf060 b14169f80e504ebebb83ae9e9c79e7ee e7b59c0201624c6a83648ab178708d6c - - default default] 10.0.0.151 "DELETE /v2.0/security-groups/bc7eb3cb-3b8a-4b5c-849e-51c7e2a68116 HTTP/1.1" status: 204 len: 168 time: 0.2191398
2026-07-24 18:39:39.210 10 INFO neutron.wsgi [None req-19ee66ba-af2e-4451-91a3-2f086cd90c13 b14169f80e504ebebb83ae9e9c79e7ee e7b59c0201624c6a83648ab178708d6c - - default default] 10.0.0.151 "DELETE /v2.0/security-groups/559f0376-5ff4-4a12-a32b-60ee1c4f7338 HTTP/1.1" status: 204 len: 168 time: 0.1962223
2026-07-24 18:39:39.211 9 INFO neutron.wsgi [None req-95a15ffb-3831-4bf1-95bf-fb3d1c4ac9aa b14169f80e504ebebb83ae9e9c79e7ee e7b59c0201624c6a83648ab178708d6c - - default default] 10.0.0.151 "DELETE /v2.0/security-groups/022e92f7-820f-46a2-a42d-1c9b5958ad22 HTTP/1.1" status: 204 len: 168 time: 0.1907437
2026-07-24 18:39:39.383 10 INFO neutron.db.ovn_revision_numbers_db [None req-5aaa64b6-8318-49a2-9dc3-ce5d17a39ef7 b14169f80e504ebebb83ae9e9c79e7ee e7b59c0201624c6a83648ab178708d6c - - default default] Successfully bumped revision number for resource 3a84c5e8-3611-4e18-97c3-b851a2bdb241 (type: security_groups) to 1
2026-07-24 18:39:39.402 10 INFO neutron.db.ovn_revision_numbers_db [None req-5aaa64b6-8318-49a2-9dc3-ce5d17a39ef7 b14169f80e504ebebb83ae9e9c79e7ee e7b59c0201624c6a83648ab178708d6c - - default default] Successfully bumped revision number for resource 2eac3250-3b3d-42f4-8c62-42037ffa2a23 (type: security_group_rules) to 0
2026-07-24 18:39:39.417 10 INFO neutron.db.ovn_revision_numbers_db [None req-5aaa64b6-8318-49a2-9dc3-ce5d17a39ef7 b14169f80e504ebebb83ae9e9c79e7ee e7b59c0201624c6a83648ab178708d6c - - default default] Successfully bumped revision number for resource cb736123-bd70-4a1b-84d4-5e14fc385448 (type: security_group_rules) to 0
2026-07-24 18:39:39.432 10 INFO neutron.db.ovn_revision_numbers_db [None req-5aaa64b6-8318-49a2-9dc3-ce5d17a39ef7 b14169f80e504ebebb83ae9e9c79e7ee e7b59c0201624c6a83648ab178708d6c - - default default] Successfully bumped revision number for resource d29e9daf-0b5e-42e5-a138-c9944d862507 (type: security_group_rules) to 0
2026-07-24 18:39:39.447 10 INFO neutron.db.ovn_revision_numbers_db [None req-5aaa64b6-8318-49a2-9dc3-ce5d17a39ef7 b14169f80e504ebebb83ae9e9c79e7ee e7b59c0201624c6a83648ab178708d6c - - default default] Successfully bumped revision number for resource f5430a6c-1f1c-4bc6-9e2f-cb4a021c8f75 (type: security_group_rules) to 0
2026-07-24 18:39:39.475 10 INFO neutron.wsgi [None req-5aaa64b6-8318-49a2-9dc3-ce5d17a39ef7 b14169f80e504ebebb83ae9e9c79e7ee e7b59c0201624c6a83648ab178708d6c - - default default] 10.0.0.151 "GET /v2.0/security-groups?tenant_id=60442dba8cee4d8dbfcf32ef3a0b42d7&name=default HTTP/1.1" status: 200 len: 2996 time: 0.2125812
2026-07-24 18:39:39.539 10 INFO neutron.db.ovn_revision_numbers_db [None req-58cec14f-1ed5-4c69-83f4-023c5a9d2642 b14169f80e504ebebb83ae9e9c79e7ee e7b59c0201624c6a83648ab178708d6c - - default default] Successfully bumped revision number for resource 0370beb9-67c9-409b-a59c-4b3546b38fd3 (type: security_groups) to 1
2026-07-24 18:39:39.543 9 INFO neutron.db.ovn_revision_numbers_db [None req-aa5ab333-896b-4904-9ac1-da195dcec0f6 b14169f80e504ebebb83ae9e9c79e7ee e7b59c0201624c6a83648ab178708d6c - - default default] Successfully bumped revision number for resource 1579b897-a3ce-4998-8669-b8a056d98100 (type: security_groups) to 1
2026-07-24 18:39:39.557 10 INFO neutron.db.ovn_revision_numbers_db [None req-58cec14f-1ed5-4c69-83f4-023c5a9d2642 b14169f80e504ebebb83ae9e9c79e7ee e7b59c0201624c6a83648ab178708d6c - - default default] Successfully bumped revision number for resource 5762cb04-81fe-4fa6-963c-a76db20302be (type: security_group_rules) to 0
2026-07-24 18:39:39.558 9 INFO neutron.db.ovn_revision_numbers_db [None req-aa5ab333-896b-4904-9ac1-da195dcec0f6 b14169f80e504ebebb83ae9e9c79e7ee e7b59c0201624c6a83648ab178708d6c - - default default] Successfully bumped revision number for resource 176aa88b-df05-4429-afd8-4314c8f72eb7 (type: security_group_rules) to 0
2026-07-24 18:39:39.568 9 INFO neutron.db.ovn_revision_numbers_db [None req-aa5ab333-896b-4904-9ac1-da195dcec0f6 b14169f80e504ebebb83ae9e9c79e7ee e7b59c0201624c6a83648ab178708d6c - - default default] Successfully bumped revision number for resource 58644d4d-08bc-442d-b0d8-617e97894908 (type: security_group_rules) to 0
2026-07-24 18:39:39.572 10 INFO neutron.db.ovn_revision_numbers_db [None req-58cec14f-1ed5-4c69-83f4-023c5a9d2642 b14169f80e504ebebb83ae9e9c79e7ee e7b59c0201624c6a83648ab178708d6c - - default default] Successfully bumped revision number for resource 63fdeb51-6d8b-4419-a216-af9b7f49ba56 (type: security_group_rules) to 0
2026-07-24 18:39:39.582 9 INFO neutron.db.ovn_revision_numbers_db [None req-aa5ab333-896b-4904-9ac1-da195dcec0f6 b14169f80e504ebebb83ae9e9c79e7ee e7b59c0201624c6a83648ab178708d6c - - default default] Successfully bumped revision number for resource 7ceb6c02-f411-497e-a44e-8162a55be09f (type: security_group_rules) to 0
2026-07-24 18:39:39.585 10 INFO neutron.db.ovn_revision_numbers_db [None req-58cec14f-1ed5-4c69-83f4-023c5a9d2642 b14169f80e504ebebb83ae9e9c79e7ee e7b59c0201624c6a83648ab178708d6c - - default default] Successfully bumped revision number for resource b49a1dc8-c81c-48d6-b3d3-4d1c82cfced6 (type: security_group_rules) to 0
2026-07-24 18:39:39.596 9 INFO neutron.db.ovn_revision_numbers_db [None req-aa5ab333-896b-4904-9ac1-da195dcec0f6 b14169f80e504ebebb83ae9e9c79e7ee e7b59c0201624c6a83648ab178708d6c - - default default] Successfully bumped revision number for resource a1ec7e87-8597-4d4c-9c70-6d21fb1275ea (type: security_group_rules) to 0
2026-07-24 18:39:39.601 10 INFO neutron.db.ovn_revision_numbers_db [None req-58cec14f-1ed5-4c69-83f4-023c5a9d2642 b14169f80e504ebebb83ae9e9c79e7ee e7b59c0201624c6a83648ab178708d6c - - default default] Successfully bumped revision number for resource d4b14d30-3dd0-49a4-9acb-feb8f98bcc15 (type: security_group_rules) to 0
2026-07-24 18:39:39.621 9 INFO neutron.wsgi [None req-aa5ab333-896b-4904-9ac1-da195dcec0f6 b14169f80e504ebebb83ae9e9c79e7ee e7b59c0201624c6a83648ab178708d6c - - default default] 10.0.0.151 "GET /v2.0/security-groups?tenant_id=652bed63b3cd45de85fea6b602d76790&name=default HTTP/1.1" status: 200 len: 2996 time: 0.2086692
2026-07-24 18:39:39.626 10 INFO neutron.wsgi [None req-58cec14f-1ed5-4c69-83f4-023c5a9d2642 b14169f80e504ebebb83ae9e9c79e7ee e7b59c0201624c6a83648ab178708d6c - - default default] 10.0.0.151 "GET /v2.0/security-groups?tenant_id=6ae34ebb91da4f67ac3a2164b148d73d&name=default HTTP/1.1" status: 200 len: 2996 time: 0.2307706
2026-07-24 18:39:39.705 10 INFO neutron.wsgi [None req-f62c5ceb-e64f-4af1-8ee0-5a4a17adc288 b14169f80e504ebebb83ae9e9c79e7ee e7b59c0201624c6a83648ab178708d6c - - default default] 10.0.0.151 "DELETE /v2.0/security-groups/3a84c5e8-3611-4e18-97c3-b851a2bdb241 HTTP/1.1" status: 204 len: 168 time: 0.2244799
2026-07-24 18:39:39.821 9 INFO neutron.wsgi [None req-01733a60-d674-4c27-b05c-c155afbad43e b14169f80e504ebebb83ae9e9c79e7ee e7b59c0201624c6a83648ab178708d6c - - default default] 10.0.0.151 "DELETE /v2.0/security-groups/1579b897-a3ce-4998-8669-b8a056d98100 HTTP/1.1" status: 204 len: 168 time: 0.1923888
2026-07-24 18:39:39.821 10 INFO neutron.wsgi [None req-04df9175-81c3-40c0-8394-156330048d85 b14169f80e504ebebb83ae9e9c79e7ee e7b59c0201624c6a83648ab178708d6c - - default default] 10.0.0.151 "DELETE /v2.0/security-groups/0370beb9-67c9-409b-a59c-4b3546b38fd3 HTTP/1.1" status: 204 len: 168 time: 0.1894679
2026-07-24 18:39:41.047 10 INFO neutron.db.ovn_revision_numbers_db [None req-231c4b13-d1a3-4675-83a2-bb3a491fb893 b14169f80e504ebebb83ae9e9c79e7ee e7b59c0201624c6a83648ab178708d6c - - default default] Successfully bumped revision number for resource 4ec07052-9e9b-4452-bef2-055f7de02f9d (type: security_groups) to 1
2026-07-24 18:39:41.061 10 INFO neutron.db.ovn_revision_numbers_db [None req-231c4b13-d1a3-4675-83a2-bb3a491fb893 b14169f80e504ebebb83ae9e9c79e7ee e7b59c0201624c6a83648ab178708d6c - - default default] Successfully bumped revision number for resource 1dcdd4a4-8b35-460d-bd91-b459a31f9f44 (type: security_group_rules) to 0
2026-07-24 18:39:41.078 10 INFO neutron.db.ovn_revision_numbers_db [None req-231c4b13-d1a3-4675-83a2-bb3a491fb893 b14169f80e504ebebb83ae9e9c79e7ee e7b59c0201624c6a83648ab178708d6c - - default default] Successfully bumped revision number for resource d544460f-ba8d-4050-ab2f-ef835c4dba23 (type: security_group_rules) to 0
2026-07-24 18:39:41.093 10 INFO neutron.db.ovn_revision_numbers_db [None req-231c4b13-d1a3-4675-83a2-bb3a491fb893 b14169f80e504ebebb83ae9e9c79e7ee e7b59c0201624c6a83648ab178708d6c - - default default] Successfully bumped revision number for resource dabc94fa-1932-4c98-8592-0863a1bfdbdf (type: security_group_rules) to 0
2026-07-24 18:39:41.108 10 INFO neutron.db.ovn_revision_numbers_db [None req-231c4b13-d1a3-4675-83a2-bb3a491fb893 b14169f80e504ebebb83ae9e9c79e7ee e7b59c0201624c6a83648ab178708d6c - - default default] Successfully bumped revision number for resource eb37d966-8d26-4e90-ad32-c94aa5b609e1 (type: security_group_rules) to 0
2026-07-24 18:39:41.131 10 INFO neutron.wsgi [None req-231c4b13-d1a3-4675-83a2-bb3a491fb893 b14169f80e504ebebb83ae9e9c79e7ee e7b59c0201624c6a83648ab178708d6c - - default default] 10.0.0.151 "GET /v2.0/security-groups?tenant_id=01633e0d3b8b48d7a1843b3c9e2d3dec&name=default HTTP/1.1" status: 200 len: 2996 time: 0.2825601
2026-07-24 18:39:41.316 10 INFO neutron.wsgi [None req-53657ce1-9216-412d-b706-055a590d7afa b14169f80e504ebebb83ae9e9c79e7ee e7b59c0201624c6a83648ab178708d6c - - default default] 10.0.0.151 "DELETE /v2.0/security-groups/4ec07052-9e9b-4452-bef2-055f7de02f9d HTTP/1.1" status: 204 len: 168 time: 0.1815593
2026-07-24 18:39:43.233 9 INFO neutron.db.ovn_revision_numbers_db [None req-64eab5fb-e1dc-4972-9a27-b3df230a67b8 b14169f80e504ebebb83ae9e9c79e7ee e7b59c0201624c6a83648ab178708d6c - - default default] Successfully bumped revision number for resource 4af9495d-4f40-4cba-b6a2-b7cef5535a24 (type: security_groups) to 1
2026-07-24 18:39:43.257 9 INFO neutron.db.ovn_revision_numbers_db [None req-64eab5fb-e1dc-4972-9a27-b3df230a67b8 b14169f80e504ebebb83ae9e9c79e7ee e7b59c0201624c6a83648ab178708d6c - - default default] Successfully bumped revision number for resource 29e52320-f5f4-4a4c-969e-6d5e358ff5e1 (type: security_group_rules) to 0
2026-07-24 18:39:43.272 9 INFO neutron.db.ovn_revision_numbers_db [None req-64eab5fb-e1dc-4972-9a27-b3df230a67b8 b14169f80e504ebebb83ae9e9c79e7ee e7b59c0201624c6a83648ab178708d6c - - default default] Successfully bumped revision number for resource 49febf2d-0138-41ae-bdd9-928ca417e2f3 (type: security_group_rules) to 0
2026-07-24 18:39:43.287 9 INFO neutron.db.ovn_revision_numbers_db [None req-64eab5fb-e1dc-4972-9a27-b3df230a67b8 b14169f80e504ebebb83ae9e9c79e7ee e7b59c0201624c6a83648ab178708d6c - - default default] Successfully bumped revision number for resource d49d7e28-ce91-4c12-b0b4-77a4fd9e5e35 (type: security_group_rules) to 0
2026-07-24 18:39:43.305 9 INFO neutron.db.ovn_revision_numbers_db [None req-64eab5fb-e1dc-4972-9a27-b3df230a67b8 b14169f80e504ebebb83ae9e9c79e7ee e7b59c0201624c6a83648ab178708d6c - - default default] Successfully bumped revision number for resource dcdefa83-5655-47f7-b379-7e5a5ae6184a (type: security_group_rules) to 0
2026-07-24 18:39:43.344 9 INFO neutron.wsgi [None req-64eab5fb-e1dc-4972-9a27-b3df230a67b8 b14169f80e504ebebb83ae9e9c79e7ee e7b59c0201624c6a83648ab178708d6c - - default default] 10.0.0.151 "GET /v2.0/security-groups?tenant_id=7ac5d5ea41ac498d9d3ee3b2e1cceb3b&name=default HTTP/1.1" status: 200 len: 2996 time: 0.4629586
2026-07-24 18:39:43.545 10 INFO neutron.wsgi [None req-e30baff8-f360-4730-bd22-296f87fab01f c111a7fb43ee45bfa7c81ac932707863 81a5334885d6492ebf6cb1defd1a35e4 - - default default] 10.0.0.151 "GET /v2.0/extensions HTTP/1.1" status: 200 len: 16520 time: 0.2296472
2026-07-24 18:39:43.550 9 INFO neutron.wsgi [None req-ace00751-07e6-41e4-bc7e-08bcab2586a4 b14169f80e504ebebb83ae9e9c79e7ee e7b59c0201624c6a83648ab178708d6c - - default default] 10.0.0.151 "DELETE /v2.0/security-groups/4af9495d-4f40-4cba-b6a2-b7cef5535a24 HTTP/1.1" status: 204 len: 168 time: 0.2019713
2026-07-24 18:39:43.559 10 INFO neutron.wsgi [None req-17e60b2a-62ac-4cd2-951f-7d41244296f0 c111a7fb43ee45bfa7c81ac932707863 81a5334885d6492ebf6cb1defd1a35e4 - - default default] 10.0.0.151 "GET /v2.0/extensions/address-group HTTP/1.1" status: 200 len: 353 time: 0.0037146
2026-07-24 18:39:43.567 9 INFO neutron.wsgi [None req-134816f8-e910-4dd3-942f-27aa9a4fc1e1 c111a7fb43ee45bfa7c81ac932707863 81a5334885d6492ebf6cb1defd1a35e4 - - default default] 10.0.0.151 "GET /v2.0/extensions/address-scope HTTP/1.1" status: 200 len: 357 time: 0.0047507
2026-07-24 18:39:43.574 9 INFO neutron.wsgi [None req-cd02d465-fc45-4c56-8c9b-2417cd168af5 c111a7fb43ee45bfa7c81ac932707863 81a5334885d6492ebf6cb1defd1a35e4 - - default default] 10.0.0.151 "GET /v2.0/extensions/agent HTTP/1.1" status: 200 len: 347 time: 0.0040662
2026-07-24 18:39:43.586 9 INFO neutron.wsgi [None req-ac37775b-5ed5-40eb-bb6d-6ad6c54583e9 c111a7fb43ee45bfa7c81ac932707863 81a5334885d6492ebf6cb1defd1a35e4 - - default default] 10.0.0.151 "GET /v2.0/extensions/allowed-address-pairs HTTP/1.1" status: 200 len: 378 time: 0.0085886
2026-07-24 18:39:43.594 9 INFO neutron.wsgi [None req-ecd8df5e-98af-4eae-8e02-f8246fd86994 c111a7fb43ee45bfa7c81ac932707863 81a5334885d6492ebf6cb1defd1a35e4 - - default default] 10.0.0.151 "GET /v2.0/extensions/auto-allocated-topology HTTP/1.1" status: 200 len: 394 time: 0.0039334
2026-07-24 18:39:43.603 9 INFO neutron.wsgi [None req-60b748ef-7b42-4ee5-a675-e779fe6a453e c111a7fb43ee45bfa7c81ac932707863 81a5334885d6492ebf6cb1defd1a35e4 - - default default] 10.0.0.151 "GET /v2.0/extensions/availability_zone HTTP/1.1" status: 200 len: 372 time: 0.0047507
2026-07-24 18:39:43.611 9 INFO neutron.wsgi [None req-cc7bc8d0-4cb8-471c-97af-1781b4efdc0e c111a7fb43ee45bfa7c81ac932707863 81a5334885d6492ebf6cb1defd1a35e4 - - default default] 10.0.0.151 "GET /v2.0/extensions/default-subnetpools HTTP/1.1" status: 200 len: 405 time: 0.0049062
2026-07-24 18:39:43.619 9 INFO neutron.wsgi [None req-d9b87a07-cdc3-40c5-8f1e-64bc981d54ca c111a7fb43ee45bfa7c81ac932707863 81a5334885d6492ebf6cb1defd1a35e4 - - default default] 10.0.0.151 "GET /v2.0/extensions/dhcp_agent_scheduler HTTP/1.1" status: 200 len: 381 time: 0.0044990
2026-07-24 18:39:43.627 9 INFO neutron.wsgi [None req-37d5cd46-0ab4-453b-ae28-6abb34db9064 c111a7fb43ee45bfa7c81ac932707863 81a5334885d6492ebf6cb1defd1a35e4 - - default default] 10.0.0.151 "GET /v2.0/extensions/dns-integration HTTP/1.1" status: 200 len: 366 time: 0.0047734
2026-07-24 18:39:43.633 9 INFO neutron.wsgi [None req-71bc48cd-d4fb-4024-aaea-fb85980029b1 c111a7fb43ee45bfa7c81ac932707863 81a5334885d6492ebf6cb1defd1a35e4 - - default default] 10.0.0.151 "GET /v2.0/extensions/dns-domain-ports HTTP/1.1" status: 200 len: 399 time: 0.0034890
2026-07-24 18:39:43.639 9 INFO neutron.wsgi [None req-560efd16-0aef-4e2e-863e-cea7be74ec53 c111a7fb43ee45bfa7c81ac932707863 81a5334885d6492ebf6cb1defd1a35e4 - - default default] 10.0.0.151 "GET /v2.0/extensions/dns-integration-domain-keywords HTTP/1.1" status: 200 len: 477 time: 0.0029643
2026-07-24 18:39:43.646 9 INFO neutron.wsgi [None req-4b94f394-85fb-4bd5-a40d-08c48ca793a4 c111a7fb43ee45bfa7c81ac932707863 81a5334885d6492ebf6cb1defd1a35e4 - - default default] 10.0.0.151 "GET /v2.0/extensions/external-net HTTP/1.1" status: 200 len: 394 time: 0.0043349
2026-07-24 18:39:43.656 9 INFO neutron.wsgi [None req-87a5b471-c9af-413b-9d9b-4a6c7e6efaae c111a7fb43ee45bfa7c81ac932707863 81a5334885d6492ebf6cb1defd1a35e4 - - default default] 10.0.0.151 "GET /v2.0/extensions/extra_dhcp_opt HTTP/1.1" status: 200 len: 498 time: 0.0062630
2026-07-24 18:39:43.665 9 INFO neutron.wsgi [None req-b6d49598-9082-4a98-9654-6f6f634f4d0c c111a7fb43ee45bfa7c81ac932707863 81a5334885d6492ebf6cb1defd1a35e4 - - default default] 10.0.0.151 "GET /v2.0/extensions/extraroute HTTP/1.1" status: 200 len: 375 time: 0.0047138
2026-07-24 18:39:43.673 9 INFO neutron.wsgi [None req-187e83ae-7b04-4f3d-a823-c7237748baf3 c111a7fb43ee45bfa7c81ac932707863 81a5334885d6492ebf6cb1defd1a35e4 - - default default] 10.0.0.151 "GET /v2.0/extensions/filter-validation HTTP/1.1" status: 200 len: 392 time: 0.0041780
