2026-07-24 18:40:12.705 9 INFO neutron.db.ovn_revision_numbers_db [None req-d17b9a53-b15e-4006-afe6-bb986f4a590e 72f26960fe2b4849b38f4670d38a9872 911362dcb31f4af2b6d365a53c7f194b - - default default] Successfully bumped revision number for resource 3d585990-e579-4c8e-829a-043dda29ad8f (type: routers) to 1
2026-07-24 18:40:12.716 9 INFO neutron.wsgi [None req-d17b9a53-b15e-4006-afe6-bb986f4a590e 72f26960fe2b4849b38f4670d38a9872 911362dcb31f4af2b6d365a53c7f194b - - default default] 10.0.0.151 "POST /v2.0/routers HTTP/1.1" status: 201 len: 687 time: 0.1654215
2026-07-24 18:40:12.784 10 INFO neutron.db.ovn_revision_numbers_db [None req-e84b4190-e4c4-43c9-b7a0-f308c0b68ed8 04bb88f70f564f0598dd0072bf060faa e9bec71f1405486ebe3082afb275696e - - default default] Successfully bumped revision number for resource dfd8165d-f8cf-4eae-8fcd-c69871bd4b2a (type: security_groups) to 1
2026-07-24 18:40:12.801 10 INFO neutron.db.ovn_revision_numbers_db [None req-e84b4190-e4c4-43c9-b7a0-f308c0b68ed8 04bb88f70f564f0598dd0072bf060faa e9bec71f1405486ebe3082afb275696e - - default default] Successfully bumped revision number for resource 02b5ed02-e698-4402-b9f1-8270bf57f678 (type: security_group_rules) to 0
2026-07-24 18:40:12.814 10 INFO neutron.db.ovn_revision_numbers_db [None req-e84b4190-e4c4-43c9-b7a0-f308c0b68ed8 04bb88f70f564f0598dd0072bf060faa e9bec71f1405486ebe3082afb275696e - - default default] Successfully bumped revision number for resource 0c66c202-8f4d-4d83-9b8e-5dde2657278a (type: security_group_rules) to 0
2026-07-24 18:40:12.838 10 INFO neutron.db.ovn_revision_numbers_db [None req-e84b4190-e4c4-43c9-b7a0-f308c0b68ed8 04bb88f70f564f0598dd0072bf060faa e9bec71f1405486ebe3082afb275696e - - default default] Successfully bumped revision number for resource 6f3d80f8-6ace-4728-8606-ea98d5088370 (type: security_group_rules) to 0
2026-07-24 18:40:12.865 10 INFO neutron.db.ovn_revision_numbers_db [None req-e84b4190-e4c4-43c9-b7a0-f308c0b68ed8 04bb88f70f564f0598dd0072bf060faa e9bec71f1405486ebe3082afb275696e - - default default] Successfully bumped revision number for resource d6aa5d07-0972-4bd3-a86d-7c769fbb05ae (type: security_group_rules) to 0
2026-07-24 18:40:12.906 9 INFO neutron.services.segments.plugin [-] Segment 61233481-9508-4d54-894c-618eff5a034e resource provider aggregate not found
2026-07-24 18:40:12.913 9 INFO neutron.services.segments.plugin [-] Segment 61233481-9508-4d54-894c-618eff5a034e resource provider aggregate not found
2026-07-24 18:40:12.919 10 INFO neutron.db.segments_db [None req-e84b4190-e4c4-43c9-b7a0-f308c0b68ed8 04bb88f70f564f0598dd0072bf060faa e9bec71f1405486ebe3082afb275696e - - default default] Added segment 8f75296e-f101-4fd2-94bb-4e437eeac011 of type geneve for network 448824eb-e2c3-4eb5-8d57-07ac0b47682d
2026-07-24 18:40:12.935 9 INFO neutron.services.segments.plugin [-] Segment 61233481-9508-4d54-894c-618eff5a034e resource provider not found; error: Placement Client Error (4xx): {"errors": [{"status": 404, "title": "Not Found", "detail": "The resource could not be found.\n\n No resource provider with uuid 61233481-9508-4d54-894c-618eff5a034e found for delete ", "request_id": "req-b98292fb-2a51-4656-84e3-18c29ff5c7fc"}]}
2026-07-24 18:40:12.940 9 INFO neutron.services.segments.plugin [-] Segment 61233481-9508-4d54-894c-618eff5a034e resource provider not found; error: Placement Client Error (4xx): {"errors": [{"status": 404, "title": "Not Found", "detail": "The resource could not be found.\n\n No resource provider with uuid 61233481-9508-4d54-894c-618eff5a034e found for delete ", "request_id": "req-36314c6b-fe5d-44e7-b21f-8a338f73b230"}]}
2026-07-24 18:40:12.967 9 INFO neutron.services.segments.plugin [-] Segment 25c15735-86c1-49e4-a1ec-b28ca7f0daaa resource provider aggregate not found
2026-07-24 18:40:12.973 9 INFO neutron.services.segments.plugin [-] Segment 25c15735-86c1-49e4-a1ec-b28ca7f0daaa resource provider aggregate not found
2026-07-24 18:40:12.991 9 INFO neutron.services.segments.plugin [-] Segment 25c15735-86c1-49e4-a1ec-b28ca7f0daaa resource provider not found; error: Placement Client Error (4xx): {"errors": [{"status": 404, "title": "Not Found", "detail": "The resource could not be found.\n\n No resource provider with uuid 25c15735-86c1-49e4-a1ec-b28ca7f0daaa found for delete ", "request_id": "req-dfc6b7db-acc9-4d1c-b35d-1827ea2bf6e7"}]}
2026-07-24 18:40:13.004 9 INFO neutron.services.segments.plugin [-] Segment 25c15735-86c1-49e4-a1ec-b28ca7f0daaa resource provider not found; error: Placement Client Error (4xx): {"errors": [{"status": 404, "title": "Not Found", "detail": "The resource could not be found.\n\n No resource provider with uuid 25c15735-86c1-49e4-a1ec-b28ca7f0daaa found for delete ", "request_id": "req-23a10e81-a48f-454a-80d1-2c55abaa70de"}]}
2026-07-24 18:40:13.092 10 INFO neutron.db.ovn_revision_numbers_db [None req-e84b4190-e4c4-43c9-b7a0-f308c0b68ed8 04bb88f70f564f0598dd0072bf060faa e9bec71f1405486ebe3082afb275696e - - default default] Successfully bumped revision number for resource 448824eb-e2c3-4eb5-8d57-07ac0b47682d (type: networks) to 1
2026-07-24 18:40:13.174 9 WARNING neutron.scheduler.dhcp_agent_scheduler [None req-fe5e5754-78b5-4073-b482-5707f3329ecd 72f26960fe2b4849b38f4670d38a9872 911362dcb31f4af2b6d365a53c7f194b - - default default] No more DHCP agents
2026-07-24 18:40:13.177 9 WARNING neutron.api.rpc.agentnotifiers.dhcp_rpc_agent_api [None req-fe5e5754-78b5-4073-b482-5707f3329ecd 72f26960fe2b4849b38f4670d38a9872 911362dcb31f4af2b6d365a53c7f194b - - default default] Unable to schedule network dd979595-6e45-4fa9-9164-fd6248bef8ed: no agents available; will retry on subsequent port and subnet creation events.
2026-07-24 18:40:13.325 10 WARNING neutron.scheduler.dhcp_agent_scheduler [None req-e84b4190-e4c4-43c9-b7a0-f308c0b68ed8 04bb88f70f564f0598dd0072bf060faa e9bec71f1405486ebe3082afb275696e - - default default] No more DHCP agents
2026-07-24 18:40:13.329 10 WARNING neutron.api.rpc.agentnotifiers.dhcp_rpc_agent_api [None req-e84b4190-e4c4-43c9-b7a0-f308c0b68ed8 04bb88f70f564f0598dd0072bf060faa e9bec71f1405486ebe3082afb275696e - - default default] Unable to schedule network 448824eb-e2c3-4eb5-8d57-07ac0b47682d: no agents available; will retry on subsequent port and subnet creation events.
2026-07-24 18:40:13.354 9 INFO neutron.db.ovn_revision_numbers_db [None req-fe5e5754-78b5-4073-b482-5707f3329ecd 72f26960fe2b4849b38f4670d38a9872 911362dcb31f4af2b6d365a53c7f194b - - default default] Successfully bumped revision number for resource 54e10827-5123-4809-b72c-fdb6fc7dfc9a (type: ports) to 1
2026-07-24 18:40:13.377 9 INFO neutron.wsgi [None req-fe5e5754-78b5-4073-b482-5707f3329ecd 72f26960fe2b4849b38f4670d38a9872 911362dcb31f4af2b6d365a53c7f194b - - default default] 10.0.0.151 "POST /v2.0/ports HTTP/1.1" status: 201 len: 1146 time: 0.6560709 /var/lib/openstack/lib/python3.10/site-packages/pycadf/identifier.py:71: UserWarning: Invalid uuid: neutron. To ensure interoperability, identifiers should be a valid uuid. warnings.warn(('Invalid uuid: %s. To ensure interoperability, '
2026-07-24 18:40:13.414 10 INFO neutron.db.ovn_revision_numbers_db [None req-e84b4190-e4c4-43c9-b7a0-f308c0b68ed8 04bb88f70f564f0598dd0072bf060faa e9bec71f1405486ebe3082afb275696e - - default default] Successfully bumped revision number for resource 8e2a7d05-0e76-4d88-a1a1-5dc9812a4435 (type: ports) to 1
2026-07-24 18:40:13.438 10 INFO neutron.wsgi [None req-e84b4190-e4c4-43c9-b7a0-f308c0b68ed8 04bb88f70f564f0598dd0072bf060faa e9bec71f1405486ebe3082afb275696e - - default default] 10.0.0.151 "POST /v2.0/networks HTTP/1.1" status: 201 len: 844 time: 0.9402206
2026-07-24 18:40:13.697 10 WARNING neutron.scheduler.dhcp_agent_scheduler [None req-08f5ce2e-ffe6-47ed-959b-3e40ab335b98 04bb88f70f564f0598dd0072bf060faa e9bec71f1405486ebe3082afb275696e - - default default] No more DHCP agents
2026-07-24 18:40:13.699 10 WARNING neutron.api.rpc.agentnotifiers.dhcp_rpc_agent_api [None req-08f5ce2e-ffe6-47ed-959b-3e40ab335b98 04bb88f70f564f0598dd0072bf060faa e9bec71f1405486ebe3082afb275696e - - default default] Unable to schedule network 448824eb-e2c3-4eb5-8d57-07ac0b47682d: no agents available; will retry on subsequent port and subnet creation events.
2026-07-24 18:40:13.783 10 INFO neutron.db.ovn_revision_numbers_db [None req-08f5ce2e-ffe6-47ed-959b-3e40ab335b98 04bb88f70f564f0598dd0072bf060faa e9bec71f1405486ebe3082afb275696e - - default default] Successfully bumped revision number for resource 0ca47c00-8231-4506-bb37-263b2159d1bf (type: ports) to 1
2026-07-24 18:40:13.805 10 INFO neutron.wsgi [None req-08f5ce2e-ffe6-47ed-959b-3e40ab335b98 04bb88f70f564f0598dd0072bf060faa e9bec71f1405486ebe3082afb275696e - - default default] 10.0.0.151 "POST /v2.0/ports HTTP/1.1" status: 201 len: 973 time: 0.3590171 /var/lib/openstack/lib/python3.10/site-packages/pycadf/identifier.py:71: UserWarning: Invalid uuid: neutron. To ensure interoperability, identifiers should be a valid uuid. warnings.warn(('Invalid uuid: %s. To ensure interoperability, '
2026-07-24 18:40:13.822 10 INFO neutron.plugins.ml2.drivers.ovn.mech_driver.mech_driver [None req-471dd909-38a0-4c1c-a8f5-fbcdbd1f2722 - - - - - -] OVN reports status up for port: 54e10827-5123-4809-b72c-fdb6fc7dfc9a
2026-07-24 18:40:13.837 9 INFO neutron.db.ovn_revision_numbers_db [None req-2cde8b15-f822-4f3d-bc54-23a003d92912 72f26960fe2b4849b38f4670d38a9872 911362dcb31f4af2b6d365a53c7f194b - - default default] Successfully bumped revision number for resource 54e10827-5123-4809-b72c-fdb6fc7dfc9a (type: router_ports) to 2
2026-07-24 18:40:13.837 10 INFO neutron.plugins.ml2.plugin [None req-471dd909-38a0-4c1c-a8f5-fbcdbd1f2722 - - - - - -] Attempt 1 to provision port 54e10827-5123-4809-b72c-fdb6fc7dfc9a
2026-07-24 18:40:14.094 9 INFO neutron.db.ovn_revision_numbers_db [None req-2cde8b15-f822-4f3d-bc54-23a003d92912 72f26960fe2b4849b38f4670d38a9872 911362dcb31f4af2b6d365a53c7f194b - - default default] Successfully bumped revision number for resource 54e10827-5123-4809-b72c-fdb6fc7dfc9a (type: ports) to 2
2026-07-24 18:40:14.109 10 INFO neutron.db.segments_db [None req-6345eb8a-e1db-4793-b13b-8d09cd1f1944 04bb88f70f564f0598dd0072bf060faa e9bec71f1405486ebe3082afb275696e - - default default] Added segment 0f86b916-3ede-4829-a2fa-d440f09f8da9 of type geneve for network 1ebf09e8-b10d-4a2e-9e94-9b804236c378
2026-07-24 18:40:14.230 10 INFO neutron.db.ovn_revision_numbers_db [None req-11b62ec3-f594-475a-9343-a1f3e65181f8 707c7b5e8e0c4a73b242092092d6c46f 46eaba7ee87f4559b412454496ab1940 - - default default] Successfully bumped revision number for resource 13216083-73c4-43a5-b68d-2a5a24ef1b13 (type: security_groups) to 1
2026-07-24 18:40:14.275 10 INFO neutron.db.ovn_revision_numbers_db [None req-11b62ec3-f594-475a-9343-a1f3e65181f8 707c7b5e8e0c4a73b242092092d6c46f 46eaba7ee87f4559b412454496ab1940 - - default default] Successfully bumped revision number for resource 67d46b79-2573-452a-a2c2-6155080188c0 (type: security_group_rules) to 0
2026-07-24 18:40:14.311 10 INFO neutron.db.ovn_revision_numbers_db [None req-11b62ec3-f594-475a-9343-a1f3e65181f8 707c7b5e8e0c4a73b242092092d6c46f 46eaba7ee87f4559b412454496ab1940 - - default default] Successfully bumped revision number for resource c5af3715-89c1-4a90-9ec5-bbc477bd7444 (type: security_group_rules) to 0
2026-07-24 18:40:14.327 10 INFO neutron.db.ovn_revision_numbers_db [None req-6345eb8a-e1db-4793-b13b-8d09cd1f1944 04bb88f70f564f0598dd0072bf060faa e9bec71f1405486ebe3082afb275696e - - default default] Successfully bumped revision number for resource 1ebf09e8-b10d-4a2e-9e94-9b804236c378 (type: networks) to 1
2026-07-24 18:40:14.343 10 INFO neutron.db.ovn_revision_numbers_db [None req-11b62ec3-f594-475a-9343-a1f3e65181f8 707c7b5e8e0c4a73b242092092d6c46f 46eaba7ee87f4559b412454496ab1940 - - default default] Successfully bumped revision number for resource c952ebea-216d-416f-9459-461e54fd6493 (type: security_group_rules) to 0
2026-07-24 18:40:14.387 10 INFO neutron.db.ovn_revision_numbers_db [None req-11b62ec3-f594-475a-9343-a1f3e65181f8 707c7b5e8e0c4a73b242092092d6c46f 46eaba7ee87f4559b412454496ab1940 - - default default] Successfully bumped revision number for resource ecadd5bf-2add-4fd4-87a2-2d88a230de87 (type: security_group_rules) to 0
2026-07-24 18:40:14.453 10 INFO neutron.db.segments_db [None req-11b62ec3-f594-475a-9343-a1f3e65181f8 707c7b5e8e0c4a73b242092092d6c46f 46eaba7ee87f4559b412454496ab1940 - - default default] Added segment 6ec264dd-0d12-45c7-ab07-f042e823d0a3 of type geneve for network 6af4e57a-a077-44f0-9e0e-2bf4397ab598
2026-07-24 18:40:14.490 10 INFO neutron.db.ovn_revision_numbers_db [None req-471dd909-38a0-4c1c-a8f5-fbcdbd1f2722 - - - - - -] Successfully bumped revision number for resource 54e10827-5123-4809-b72c-fdb6fc7dfc9a (type: ports) to 3
2026-07-24 18:40:14.619 9 INFO neutron.db.ovn_revision_numbers_db [None req-2cde8b15-f822-4f3d-bc54-23a003d92912 72f26960fe2b4849b38f4670d38a9872 911362dcb31f4af2b6d365a53c7f194b - - default default] Successfully bumped revision number for resource 54e10827-5123-4809-b72c-fdb6fc7dfc9a (type: router_ports) to 3
2026-07-24 18:40:14.654 10 WARNING neutron.scheduler.dhcp_agent_scheduler [None req-6345eb8a-e1db-4793-b13b-8d09cd1f1944 04bb88f70f564f0598dd0072bf060faa e9bec71f1405486ebe3082afb275696e - - default default] No more DHCP agents
2026-07-24 18:40:14.667 10 WARNING neutron.api.rpc.agentnotifiers.dhcp_rpc_agent_api [None req-6345eb8a-e1db-4793-b13b-8d09cd1f1944 04bb88f70f564f0598dd0072bf060faa e9bec71f1405486ebe3082afb275696e - - default default] Unable to schedule network 1ebf09e8-b10d-4a2e-9e94-9b804236c378: no agents available; will retry on subsequent port and subnet creation events.
2026-07-24 18:40:14.691 10 INFO neutron.db.ovn_revision_numbers_db [None req-11b62ec3-f594-475a-9343-a1f3e65181f8 707c7b5e8e0c4a73b242092092d6c46f 46eaba7ee87f4559b412454496ab1940 - - default default] Successfully bumped revision number for resource 6af4e57a-a077-44f0-9e0e-2bf4397ab598 (type: networks) to 1
2026-07-24 18:40:14.780 9 INFO neutron.db.ovn_revision_numbers_db [None req-2cde8b15-f822-4f3d-bc54-23a003d92912 72f26960fe2b4849b38f4670d38a9872 911362dcb31f4af2b6d365a53c7f194b - - default default] Successfully bumped revision number for resource 54e10827-5123-4809-b72c-fdb6fc7dfc9a (type: ports) to 3
2026-07-24 18:40:14.806 10 INFO neutron.db.ovn_revision_numbers_db [None req-6345eb8a-e1db-4793-b13b-8d09cd1f1944 04bb88f70f564f0598dd0072bf060faa e9bec71f1405486ebe3082afb275696e - - default default] Successfully bumped revision number for resource fa596fec-8fad-4fbc-be95-ba49b56b55f8 (type: ports) to 1
2026-07-24 18:40:14.836 10 INFO neutron.wsgi [None req-6345eb8a-e1db-4793-b13b-8d09cd1f1944 04bb88f70f564f0598dd0072bf060faa e9bec71f1405486ebe3082afb275696e - - default default] 10.0.0.151 "POST /v2.0/networks HTTP/1.1" status: 201 len: 831 time: 1.0248599
2026-07-24 18:40:14.840 9 WARNING neutron.scheduler.dhcp_agent_scheduler [None req-2cde8b15-f822-4f3d-bc54-23a003d92912 72f26960fe2b4849b38f4670d38a9872 911362dcb31f4af2b6d365a53c7f194b - - default default] No more DHCP agents
2026-07-24 18:40:14.842 9 WARNING neutron.api.rpc.agentnotifiers.dhcp_rpc_agent_api [None req-2cde8b15-f822-4f3d-bc54-23a003d92912 72f26960fe2b4849b38f4670d38a9872 911362dcb31f4af2b6d365a53c7f194b - - default default] Unable to schedule network dd979595-6e45-4fa9-9164-fd6248bef8ed: no agents available; will retry on subsequent port and subnet creation events. /var/lib/openstack/lib/python3.10/site-packages/pycadf/identifier.py:71: UserWarning: Invalid uuid: neutron. To ensure interoperability, identifiers should be a valid uuid. warnings.warn(('Invalid uuid: %s. To ensure interoperability, '
2026-07-24 18:40:14.892 10 WARNING neutron.scheduler.dhcp_agent_scheduler [None req-11b62ec3-f594-475a-9343-a1f3e65181f8 707c7b5e8e0c4a73b242092092d6c46f 46eaba7ee87f4559b412454496ab1940 - - default default] No more DHCP agents
2026-07-24 18:40:14.895 10 WARNING neutron.api.rpc.agentnotifiers.dhcp_rpc_agent_api [None req-11b62ec3-f594-475a-9343-a1f3e65181f8 707c7b5e8e0c4a73b242092092d6c46f 46eaba7ee87f4559b412454496ab1940 - - default default] Unable to schedule network 6af4e57a-a077-44f0-9e0e-2bf4397ab598: no agents available; will retry on subsequent port and subnet creation events.
2026-07-24 18:40:14.969 10 INFO neutron.db.ovn_revision_numbers_db [None req-11b62ec3-f594-475a-9343-a1f3e65181f8 707c7b5e8e0c4a73b242092092d6c46f 46eaba7ee87f4559b412454496ab1940 - - default default] Successfully bumped revision number for resource 1b53734b-0e32-4c5c-86d5-9ff4381e210e (type: ports) to 1
2026-07-24 18:40:14.989 10 INFO neutron.wsgi [None req-11b62ec3-f594-475a-9343-a1f3e65181f8 707c7b5e8e0c4a73b242092092d6c46f 46eaba7ee87f4559b412454496ab1940 - - default default] 10.0.0.151 "POST /v2.0/networks HTTP/1.1" status: 201 len: 833 time: 1.4548447 /var/lib/openstack/lib/python3.10/site-packages/pycadf/identifier.py:71: UserWarning: Invalid uuid: neutron. To ensure interoperability, identifiers should be a valid uuid. warnings.warn(('Invalid uuid: %s. To ensure interoperability, '
2026-07-24 18:40:15.105 10 INFO neutron.db.segments_db [None req-513faef2-db2e-47e5-aee6-6757e33c5507 707c7b5e8e0c4a73b242092092d6c46f 46eaba7ee87f4559b412454496ab1940 - - default default] Added segment 2443d906-5394-49d1-aad5-a232bee36ef9 of type geneve for network f4bc0671-629d-44f9-af97-118c75a0ab3a
2026-07-24 18:40:15.266 10 INFO neutron.db.ovn_revision_numbers_db [None req-513faef2-db2e-47e5-aee6-6757e33c5507 707c7b5e8e0c4a73b242092092d6c46f 46eaba7ee87f4559b412454496ab1940 - - default default] Successfully bumped revision number for resource f4bc0671-629d-44f9-af97-118c75a0ab3a (type: networks) to 1
2026-07-24 18:40:15.317 9 INFO neutron.db.ovn_revision_numbers_db [None req-2cde8b15-f822-4f3d-bc54-23a003d92912 72f26960fe2b4849b38f4670d38a9872 911362dcb31f4af2b6d365a53c7f194b - - default default] Successfully bumped revision number for resource 54e10827-5123-4809-b72c-fdb6fc7dfc9a (type: router_ports) to 3
2026-07-24 18:40:15.319 9 INFO neutron.wsgi [None req-2cde8b15-f822-4f3d-bc54-23a003d92912 72f26960fe2b4849b38f4670d38a9872 911362dcb31f4af2b6d365a53c7f194b - - default default] 10.0.0.151 "PUT /v2.0/routers/3d585990-e579-4c8e-829a-043dda29ad8f/add_router_interface HTTP/1.1" status: 200 len: 503 time: 1.9296181
2026-07-24 18:40:15.367 9 INFO neutron.wsgi [None req-572936ff-e18d-49e0-b4a0-7a61999e0f34 72f26960fe2b4849b38f4670d38a9872 911362dcb31f4af2b6d365a53c7f194b - - default default] 10.0.0.151 "GET /v2.0/ports/54e10827-5123-4809-b72c-fdb6fc7dfc9a HTTP/1.1" status: 200 len: 1204 time: 0.0420008
2026-07-24 18:40:15.417 9 WARNING neutron.scheduler.dhcp_agent_scheduler [None req-fc1a5a67-0818-45ed-95ea-0afd9ee0ccea 04bb88f70f564f0598dd0072bf060faa e9bec71f1405486ebe3082afb275696e - - default default] No more DHCP agents
2026-07-24 18:40:15.432 9 WARNING neutron.api.rpc.agentnotifiers.dhcp_rpc_agent_api [None req-fc1a5a67-0818-45ed-95ea-0afd9ee0ccea 04bb88f70f564f0598dd0072bf060faa e9bec71f1405486ebe3082afb275696e - - default default] Unable to schedule network 1ebf09e8-b10d-4a2e-9e94-9b804236c378: no agents available; will retry on subsequent port and subnet creation events.
2026-07-24 18:40:15.470 10 WARNING neutron.scheduler.dhcp_agent_scheduler [None req-513faef2-db2e-47e5-aee6-6757e33c5507 707c7b5e8e0c4a73b242092092d6c46f 46eaba7ee87f4559b412454496ab1940 - - default default] No more DHCP agents
2026-07-24 18:40:15.473 10 WARNING neutron.api.rpc.agentnotifiers.dhcp_rpc_agent_api [None req-513faef2-db2e-47e5-aee6-6757e33c5507 707c7b5e8e0c4a73b242092092d6c46f 46eaba7ee87f4559b412454496ab1940 - - default default] Unable to schedule network f4bc0671-629d-44f9-af97-118c75a0ab3a: no agents available; will retry on subsequent port and subnet creation events.
2026-07-24 18:40:15.553 10 INFO neutron.db.ovn_revision_numbers_db [None req-513faef2-db2e-47e5-aee6-6757e33c5507 707c7b5e8e0c4a73b242092092d6c46f 46eaba7ee87f4559b412454496ab1940 - - default default] Successfully bumped revision number for resource 9a64c0a2-eb70-4067-ad93-84dc033069be (type: ports) to 1
2026-07-24 18:40:15.575 10 INFO neutron.wsgi [None req-513faef2-db2e-47e5-aee6-6757e33c5507 707c7b5e8e0c4a73b242092092d6c46f 46eaba7ee87f4559b412454496ab1940 - - default default] 10.0.0.151 "POST /v2.0/networks HTTP/1.1" status: 201 len: 833 time: 0.5788949
2026-07-24 18:40:15.889 10 WARNING neutron.scheduler.dhcp_agent_scheduler [None req-ff306d75-e432-4588-989c-4615325b1478 707c7b5e8e0c4a73b242092092d6c46f 46eaba7ee87f4559b412454496ab1940 - - default default] No more DHCP agents
2026-07-24 18:40:15.891 10 WARNING neutron.api.rpc.agentnotifiers.dhcp_rpc_agent_api [None req-ff306d75-e432-4588-989c-4615325b1478 707c7b5e8e0c4a73b242092092d6c46f 46eaba7ee87f4559b412454496ab1940 - - default default] Unable to schedule network 6af4e57a-a077-44f0-9e0e-2bf4397ab598: no agents available; will retry on subsequent port and subnet creation events.
2026-07-24 18:40:15.936 10 INFO neutron.db.ovn_revision_numbers_db [None req-ff306d75-e432-4588-989c-4615325b1478 707c7b5e8e0c4a73b242092092d6c46f 46eaba7ee87f4559b412454496ab1940 - - default default] Successfully bumped revision number for resource 820bd059-0bee-405e-8c76-a803223a8163 (type: subnets) to 0
2026-07-24 18:40:15.953 10 INFO neutron.wsgi [None req-ff306d75-e432-4588-989c-4615325b1478 707c7b5e8e0c4a73b242092092d6c46f 46eaba7ee87f4559b412454496ab1940 - - default default] 10.0.0.151 "POST /v2.0/subnets HTTP/1.1" status: 201 len: 821 time: 0.3717391
2026-07-24 18:40:16.040 9 INFO neutron.db.ovn_revision_numbers_db [None req-fc1a5a67-0818-45ed-95ea-0afd9ee0ccea 04bb88f70f564f0598dd0072bf060faa e9bec71f1405486ebe3082afb275696e - - default default] Successfully bumped revision number for resource fa596fec-8fad-4fbc-be95-ba49b56b55f8 (type: ports) to 2
2026-07-24 18:40:16.093 9 INFO neutron.db.ovn_revision_numbers_db [None req-fc1a5a67-0818-45ed-95ea-0afd9ee0ccea 04bb88f70f564f0598dd0072bf060faa e9bec71f1405486ebe3082afb275696e - - default default] Successfully bumped revision number for resource d07bedd3-5cd6-468c-98b2-91fcde99de94 (type: subnets) to 0
2026-07-24 18:40:16.101 10 INFO neutron.wsgi [None req-58976190-3c39-41cb-8bf5-f9c26b05f8e2 4ac795b7f52a4be2974e987991ce7c6e 5dfb4e3cab0c48aea92550bb4cf59477 - - default default] 10.0.0.151 "POST /v2.0/qos/policies HTTP/1.1" status: 201 len: 558 time: 0.1914456
2026-07-24 18:40:16.115 9 INFO neutron.wsgi [None req-fc1a5a67-0818-45ed-95ea-0afd9ee0ccea 04bb88f70f564f0598dd0072bf060faa e9bec71f1405486ebe3082afb275696e - - default default] 10.0.0.151 "POST /v2.0/subnets HTTP/1.1" status: 201 len: 801 time: 1.2721305 /var/lib/openstack/lib/python3.10/site-packages/pycadf/identifier.py:71: UserWarning: Invalid uuid: neutron. To ensure interoperability, identifiers should be a valid uuid. warnings.warn(('Invalid uuid: %s. To ensure interoperability, '
2026-07-24 18:40:16.149 10 INFO neutron.wsgi [None req-cba29777-6afa-495e-8e82-6fc2376d8c35 4ac795b7f52a4be2974e987991ce7c6e 5dfb4e3cab0c48aea92550bb4cf59477 - - default default] 10.0.0.151 "PUT /v2.0/policies/92466cb9-eb14-47c9-9c43-42173770d4b7/tags HTTP/1.1" status: 200 len: 218 time: 0.0405107
2026-07-24 18:40:16.175 9 INFO neutron.wsgi [None req-857eacfc-ff26-4bc9-af98-a66ca6f90c37 72f26960fe2b4849b38f4670d38a9872 911362dcb31f4af2b6d365a53c7f194b - - default default] 10.0.0.151 "PUT /v2.0/routers/3d585990-e579-4c8e-829a-043dda29ad8f/remove_router_interface HTTP/1.1" status: 200 len: 503 time: 0.7900767 /var/lib/openstack/lib/python3.10/site-packages/pycadf/identifier.py:71: UserWarning: Invalid uuid: neutron. To ensure interoperability, identifiers should be a valid uuid. warnings.warn(('Invalid uuid: %s. To ensure interoperability, '
2026-07-24 18:40:16.185 10 INFO neutron.wsgi [None req-7f806972-7567-4c97-af7e-d6ffed9f19b8 4ac795b7f52a4be2974e987991ce7c6e 5dfb4e3cab0c48aea92550bb4cf59477 - - default default] 10.0.0.151 "GET /v2.0/policies/92466cb9-eb14-47c9-9c43-42173770d4b7/tags HTTP/1.1" status: 200 len: 218 time: 0.0282044
2026-07-24 18:40:16.224 10 INFO neutron.wsgi [None req-c2014fe3-6564-47f3-9d5a-6118776186e0 4ac795b7f52a4be2974e987991ce7c6e 5dfb4e3cab0c48aea92550bb4cf59477 - - default default] 10.0.0.151 "PUT /v2.0/policies/92466cb9-eb14-47c9-9c43-42173770d4b7/tags/green HTTP/1.1" status: 201 len: 201 time: 0.0355465
2026-07-24 18:40:16.250 9 INFO neutron.api.v2.resource [None req-5ab12b69-9db2-4bde-a68a-86f1764bd515 72f26960fe2b4849b38f4670d38a9872 911362dcb31f4af2b6d365a53c7f194b - - default default] remove_router_interface failed (client error): The resource could not be found.
2026-07-24 18:40:16.252 9 INFO neutron.wsgi [None req-5ab12b69-9db2-4bde-a68a-86f1764bd515 72f26960fe2b4849b38f4670d38a9872 911362dcb31f4af2b6d365a53c7f194b - - default default] 10.0.0.151 "PUT /v2.0/routers/3d585990-e579-4c8e-829a-043dda29ad8f/remove_router_interface HTTP/1.1" status: 404 len: 398 time: 0.0717666
2026-07-24 18:40:16.279 9 INFO neutron.wsgi [None req-18e15935-9fdb-4a73-80ef-09d60676e394 72f26960fe2b4849b38f4670d38a9872 911362dcb31f4af2b6d365a53c7f194b - - default default] 10.0.0.151 "GET /v2.0/ports?device_id=3d585990-e579-4c8e-829a-043dda29ad8f HTTP/1.1" status: 200 len: 205 time: 0.0219846
2026-07-24 18:40:16.279 10 INFO neutron.wsgi [None req-5ced99b3-93e6-4669-8fc2-ddb1682ecdc5 b14169f80e504ebebb83ae9e9c79e7ee e7b59c0201624c6a83648ab178708d6c - - default default] 10.0.0.114 "GET /v2.0/floatingips HTTP/1.1" status: 200 len: 193 time: 0.1061819
2026-07-24 18:40:16.310 10 WARNING neutron.scheduler.dhcp_agent_scheduler [None req-68a97ced-347a-42ac-8d45-f2b0b8dd2be1 707c7b5e8e0c4a73b242092092d6c46f 46eaba7ee87f4559b412454496ab1940 - - default default] No more DHCP agents
2026-07-24 18:40:16.315 10 WARNING neutron.api.rpc.agentnotifiers.dhcp_rpc_agent_api [None req-68a97ced-347a-42ac-8d45-f2b0b8dd2be1 707c7b5e8e0c4a73b242092092d6c46f 46eaba7ee87f4559b412454496ab1940 - - default default] Unable to schedule network f4bc0671-629d-44f9-af97-118c75a0ab3a: no agents available; will retry on subsequent port and subnet creation events.
2026-07-24 18:40:16.322 10 INFO neutron.wsgi [None req-d9383850-a258-48b3-9b40-e62452e32e43 4ac795b7f52a4be2974e987991ce7c6e 5dfb4e3cab0c48aea92550bb4cf59477 - - default default] 10.0.0.151 "GET /v2.0/policies/92466cb9-eb14-47c9-9c43-42173770d4b7/tags HTTP/1.1" status: 200 len: 227 time: 0.0928617
2026-07-24 18:40:16.363 9 INFO neutron.wsgi [None req-9cf596e1-2099-4239-8fe8-58a70885ab2c 4ac795b7f52a4be2974e987991ce7c6e 5dfb4e3cab0c48aea92550bb4cf59477 - - default default] 10.0.0.151 "PUT /v2.0/policies/92466cb9-eb14-47c9-9c43-42173770d4b7/tags/red HTTP/1.1" status: 201 len: 201 time: 0.0360649
2026-07-24 18:40:16.363 10 INFO neutron.wsgi [None req-0edbf0ea-dbf7-4506-b70c-053ee18f9bcd b14169f80e504ebebb83ae9e9c79e7ee e7b59c0201624c6a83648ab178708d6c - - default default] 10.0.0.114 "GET /v2.0/security-groups HTTP/1.1" status: 200 len: 25139 time: 0.0804071
2026-07-24 18:40:16.364 10 INFO neutron.db.ovn_revision_numbers_db [None req-68a97ced-347a-42ac-8d45-f2b0b8dd2be1 707c7b5e8e0c4a73b242092092d6c46f 46eaba7ee87f4559b412454496ab1940 - - default default] Successfully bumped revision number for resource e1fb18f3-3120-468d-863c-b0c163d34115 (type: subnets) to 0
2026-07-24 18:40:16.388 10 INFO neutron.wsgi [None req-e99acd64-59f2-42d7-aaf1-2721cdea14a3 4ac795b7f52a4be2974e987991ce7c6e 5dfb4e3cab0c48aea92550bb4cf59477 - - default default] 10.0.0.151 "GET /v2.0/policies/92466cb9-eb14-47c9-9c43-42173770d4b7/tags HTTP/1.1" status: 200 len: 227 time: 0.0195575
2026-07-24 18:40:16.396 10 INFO neutron.wsgi [None req-68a97ced-347a-42ac-8d45-f2b0b8dd2be1 707c7b5e8e0c4a73b242092092d6c46f 46eaba7ee87f4559b412454496ab1940 - - default default] 10.0.0.151 "POST /v2.0/subnets HTTP/1.1" status: 201 len: 830 time: 0.4386308
2026-07-24 18:40:16.416 10 INFO neutron.wsgi [None req-d40851fe-df98-4b26-b339-335f297030ac b14169f80e504ebebb83ae9e9c79e7ee e7b59c0201624c6a83648ab178708d6c - - default default] 10.0.0.114 "GET /v2.0/ports HTTP/1.1" status: 200 len: 10962 time: 0.0387433
2026-07-24 18:40:16.430 10 INFO neutron.wsgi [None req-1484240e-1d7f-4e39-a33f-45cf9087712a 4ac795b7f52a4be2974e987991ce7c6e 5dfb4e3cab0c48aea92550bb4cf59477 - - default default] 10.0.0.151 "PUT /v2.0/policies/92466cb9-eb14-47c9-9c43-42173770d4b7/tags/black.or.white HTTP/1.1" status: 201 len: 201 time: 0.0330508
2026-07-24 18:40:16.435 10 INFO neutron.wsgi [None req-f4ea1762-3f6f-47b5-8135-4d5ac94536a6 b14169f80e504ebebb83ae9e9c79e7ee e7b59c0201624c6a83648ab178708d6c - - default default] 10.0.0.114 "GET /v2.0/agents HTTP/1.1" status: 200 len: 997 time: 0.0115609
2026-07-24 18:40:16.460 10 INFO neutron.wsgi [None req-64c593db-2c4f-4f4a-a447-15cfc85cb65a 4ac795b7f52a4be2974e987991ce7c6e 5dfb4e3cab0c48aea92550bb4cf59477 - - default default] 10.0.0.151 "GET /v2.0/policies/92466cb9-eb14-47c9-9c43-42173770d4b7/tags HTTP/1.1" status: 200 len: 245 time: 0.0238976
2026-07-24 18:40:16.473 10 INFO neutron.wsgi [None req-da7bf78c-02fc-4e5a-91e5-b55d064fffb9 b14169f80e504ebebb83ae9e9c79e7ee e7b59c0201624c6a83648ab178708d6c - - default default] 10.0.0.114 "GET /v2.0/subnets HTTP/1.1" status: 200 len: 3926 time: 0.0366724
2026-07-24 18:40:16.491 10 INFO neutron.wsgi [None req-d8b8d0cf-0e31-4cc2-a826-790c52e87182 b14169f80e504ebebb83ae9e9c79e7ee e7b59c0201624c6a83648ab178708d6c - - default default] 10.0.0.114 "GET /v2.0/subnetpools HTTP/1.1" status: 200 len: 193 time: 0.0145700
2026-07-24 18:40:16.505 10 INFO neutron.wsgi [None req-dce971bf-1214-4c33-a94f-c2fb681e89dd 4ac795b7f52a4be2974e987991ce7c6e 5dfb4e3cab0c48aea92550bb4cf59477 - - default default] 10.0.0.151 "PUT /v2.0/policies/92466cb9-eb14-47c9-9c43-42173770d4b7/tags HTTP/1.1" status: 200 len: 230 time: 0.0382469
2026-07-24 18:40:16.530 10 INFO neutron.wsgi [None req-a039c6e7-b5cf-486a-9015-4e34bddb1918 4ac795b7f52a4be2974e987991ce7c6e 5dfb4e3cab0c48aea92550bb4cf59477 - - default default] 10.0.0.151 "GET /v2.0/policies/92466cb9-eb14-47c9-9c43-42173770d4b7/tags HTTP/1.1" status: 200 len: 230 time: 0.0194111
2026-07-24 18:40:16.553 10 INFO neutron.wsgi [None req-88fd30d5-755f-4e22-aff6-983255704ee5 4ac795b7f52a4be2974e987991ce7c6e 5dfb4e3cab0c48aea92550bb4cf59477 - - default default] 10.0.0.151 "GET /v2.0/policies/92466cb9-eb14-47c9-9c43-42173770d4b7/tags/red HTTP/1.1" status: 204 len: 168 time: 0.0179996
2026-07-24 18:40:16.557 10 INFO neutron.wsgi [None req-026113c2-85fa-4a56-a6ba-935b0dd05784 b14169f80e504ebebb83ae9e9c79e7ee e7b59c0201624c6a83648ab178708d6c - - default default] 10.0.0.114 "GET /v2.0/networks HTTP/1.1" status: 200 len: 6049 time: 0.0653467
2026-07-24 18:40:16.567 9 INFO neutron.wsgi [None req-3630ac51-270e-4789-a9a7-a5c14a47f95d 72f26960fe2b4849b38f4670d38a9872 911362dcb31f4af2b6d365a53c7f194b - - default default] 10.0.0.151 "DELETE /v2.0/routers/3d585990-e579-4c8e-829a-043dda29ad8f HTTP/1.1" status: 204 len: 168 time: 0.2834482
2026-07-24 18:40:16.576 10 INFO neutron.api.v2.resource [None req-afc3fa60-10a9-4cc1-bd5d-1c983fdb10ef 4ac795b7f52a4be2974e987991ce7c6e 5dfb4e3cab0c48aea92550bb4cf59477 - - default default] show failed (client error): The resource could not be found.
2026-07-24 18:40:16.577 10 INFO neutron.wsgi [None req-afc3fa60-10a9-4cc1-bd5d-1c983fdb10ef 4ac795b7f52a4be2974e987991ce7c6e 5dfb4e3cab0c48aea92550bb4cf59477 - - default default] 10.0.0.151 "GET /v2.0/policies/92466cb9-eb14-47c9-9c43-42173770d4b7/tags/green HTTP/1.1" status: 404 len: 299 time: 0.0189281
2026-07-24 18:40:16.594 10 INFO neutron.wsgi [None req-36f60f48-e686-40b6-a1f8-5386016887cd b14169f80e504ebebb83ae9e9c79e7ee e7b59c0201624c6a83648ab178708d6c - - default default] 10.0.0.114 "GET /v2.0/subnets HTTP/1.1" status: 200 len: 3926 time: 0.0318387
2026-07-24 18:40:16.634 10 INFO neutron.wsgi [None req-02ad0b11-c2e1-4134-bfbe-fe13902ba882 4ac795b7f52a4be2974e987991ce7c6e 5dfb4e3cab0c48aea92550bb4cf59477 - - default default] 10.0.0.151 "DELETE /v2.0/policies/92466cb9-eb14-47c9-9c43-42173770d4b7/tags/red HTTP/1.1" status: 204 len: 168 time: 0.0508246
2026-07-24 18:40:16.637 10 INFO neutron.wsgi [None req-faa5149e-a70b-4489-bfad-9a3632f94b24 b14169f80e504ebebb83ae9e9c79e7ee e7b59c0201624c6a83648ab178708d6c - - default default] 10.0.0.114 "GET /v2.0/routers HTTP/1.1" status: 200 len: 671 time: 0.0405037
2026-07-24 18:40:16.649 10 INFO neutron.wsgi [None req-3db7ea12-08e6-471b-b1e2-fb9617c89b80 b14169f80e504ebebb83ae9e9c79e7ee e7b59c0201624c6a83648ab178708d6c - - default default] 10.0.0.114 "GET /v2.0/agents?binary=ovn-controller HTTP/1.1" status: 200 len: 591 time: 0.0106585
2026-07-24 18:40:16.656 10 INFO neutron.wsgi [None req-c73104d0-e3cd-4f3f-9505-bc067e60ecc9 4ac795b7f52a4be2974e987991ce7c6e 5dfb4e3cab0c48aea92550bb4cf59477 - - default default] 10.0.0.151 "GET /v2.0/policies/92466cb9-eb14-47c9-9c43-42173770d4b7/tags HTTP/1.1" status: 200 len: 223 time: 0.0143104
2026-07-24 18:40:16.661 10 INFO neutron.wsgi [None req-de0d84e1-2520-419a-b5c7-6e3226590dc7 b14169f80e504ebebb83ae9e9c79e7ee e7b59c0201624c6a83648ab178708d6c - - default default] 10.0.0.114 "GET /v2.0/network-ip-availabilities HTTP/1.1" status: 200 len: 3296 time: 0.0106308
2026-07-24 18:40:16.678 9 INFO neutron.db.ovn_revision_numbers_db [None req-4eafde53-2df5-4788-9426-b2a52d5392e0 707c7b5e8e0c4a73b242092092d6c46f 46eaba7ee87f4559b412454496ab1940 - - default default] Successfully bumped revision number for resource 01e71250-317e-4d6d-9a49-d791a98addfe (type: routers) to 1
2026-07-24 18:40:16.682 10 INFO neutron.api.v2.resource [None req-1ad66b10-1d64-4d76-9ee5-653035d07360 4ac795b7f52a4be2974e987991ce7c6e 5dfb4e3cab0c48aea92550bb4cf59477 - - default default] delete failed (client error): The resource could not be found.
2026-07-24 18:40:16.684 10 INFO neutron.wsgi [None req-1ad66b10-1d64-4d76-9ee5-653035d07360 4ac795b7f52a4be2974e987991ce7c6e 5dfb4e3cab0c48aea92550bb4cf59477 - - default default] 10.0.0.151 "DELETE /v2.0/policies/92466cb9-eb14-47c9-9c43-42173770d4b7/tags/green HTTP/1.1" status: 404 len: 299 time: 0.0164139
2026-07-24 18:40:16.710 9 INFO neutron.wsgi [None req-4eafde53-2df5-4788-9426-b2a52d5392e0 707c7b5e8e0c4a73b242092092d6c46f 46eaba7ee87f4559b412454496ab1940 - - default default] 10.0.0.151 "POST /v2.0/routers HTTP/1.1" status: 201 len: 686 time: 0.3084755
2026-07-24 18:40:16.722 10 INFO neutron.wsgi [None req-baa35b1e-8b3c-4937-b390-7f880b3d98ab 4ac795b7f52a4be2974e987991ce7c6e 5dfb4e3cab0c48aea92550bb4cf59477 - - default default] 10.0.0.151 "DELETE /v2.0/policies/92466cb9-eb14-47c9-9c43-42173770d4b7/tags HTTP/1.1" status: 204 len: 168 time: 0.0351782 /var/lib/openstack/lib/python3.10/site-packages/pycadf/identifier.py:71: UserWarning: Invalid uuid: neutron. To ensure interoperability, identifiers should be a valid uuid. warnings.warn(('Invalid uuid: %s. To ensure interoperability, '
2026-07-24 18:40:16.756 9 INFO neutron.wsgi [None req-338226b8-f0ab-41b7-92b5-289b031910ee 4ac795b7f52a4be2974e987991ce7c6e 5dfb4e3cab0c48aea92550bb4cf59477 - - default default] 10.0.0.151 "GET /v2.0/policies/92466cb9-eb14-47c9-9c43-42173770d4b7/tags HTTP/1.1" status: 200 len: 205 time: 0.0281370
2026-07-24 18:40:16.767 9 WARNING neutron.scheduler.dhcp_agent_scheduler [None req-347520c7-3f18-466a-9243-6a7f5263a4cc 04bb88f70f564f0598dd0072bf060faa e9bec71f1405486ebe3082afb275696e - - default default] No more DHCP agents
2026-07-24 18:40:16.770 9 WARNING neutron.api.rpc.agentnotifiers.dhcp_rpc_agent_api [None req-347520c7-3f18-466a-9243-6a7f5263a4cc 04bb88f70f564f0598dd0072bf060faa e9bec71f1405486ebe3082afb275696e - - default default] Unable to schedule network 1ebf09e8-b10d-4a2e-9e94-9b804236c378: no agents available; will retry on subsequent port and subnet creation events.
2026-07-24 18:40:16.848 10 INFO neutron.wsgi [None req-d51ca9d8-49c1-4623-bfa4-3b001c67396d 4ac795b7f52a4be2974e987991ce7c6e 5dfb4e3cab0c48aea92550bb4cf59477 - - default default] 10.0.0.151 "DELETE /v2.0/qos/policies/92466cb9-eb14-47c9-9c43-42173770d4b7 HTTP/1.1" status: 204 len: 168 time: 0.0844479
2026-07-24 18:40:17.099 9 INFO neutron.wsgi [None req-1caae35e-5569-453f-ab51-42ae99ade42a 72f26960fe2b4849b38f4670d38a9872 911362dcb31f4af2b6d365a53c7f194b - - default default] 10.0.0.151 "DELETE /v2.0/subnets/72182532-7098-494d-b8ad-e64229b9c8dc HTTP/1.1" status: 204 len: 168 time: 0.5251279
2026-07-24 18:40:17.190 10 WARNING neutron.scheduler.dhcp_agent_scheduler [None req-ec3761f3-537a-45bb-9c7a-e29b82d661e4 707c7b5e8e0c4a73b242092092d6c46f 46eaba7ee87f4559b412454496ab1940 - - default default] No more DHCP agents
2026-07-24 18:40:17.198 10 WARNING neutron.api.rpc.agentnotifiers.dhcp_rpc_agent_api [None req-ec3761f3-537a-45bb-9c7a-e29b82d661e4 707c7b5e8e0c4a73b242092092d6c46f 46eaba7ee87f4559b412454496ab1940 - - default default] Unable to schedule network 6af4e57a-a077-44f0-9e0e-2bf4397ab598: no agents available; will retry on subsequent port and subnet creation events.
2026-07-24 18:40:17.199 9 INFO neutron.db.ovn_revision_numbers_db [None req-347520c7-3f18-466a-9243-6a7f5263a4cc 04bb88f70f564f0598dd0072bf060faa e9bec71f1405486ebe3082afb275696e - - default default] Successfully bumped revision number for resource 1817fa43-99d3-476b-8367-e7591f5ed1de (type: ports) to 1
2026-07-24 18:40:17.220 9 INFO neutron.wsgi [None req-347520c7-3f18-466a-9243-6a7f5263a4cc 04bb88f70f564f0598dd0072bf060faa e9bec71f1405486ebe3082afb275696e - - default default] 10.0.0.151 "POST /v2.0/ports HTTP/1.1" status: 201 len: 1153 time: 1.0914204 /var/lib/openstack/lib/python3.10/site-packages/pycadf/identifier.py:71: UserWarning: Invalid uuid: neutron. To ensure interoperability, identifiers should be a valid uuid. warnings.warn(('Invalid uuid: %s. To ensure interoperability, '
2026-07-24 18:40:17.375 10 INFO neutron.db.ovn_revision_numbers_db [None req-ec3761f3-537a-45bb-9c7a-e29b82d661e4 707c7b5e8e0c4a73b242092092d6c46f 46eaba7ee87f4559b412454496ab1940 - - default default] Successfully bumped revision number for resource e62d8639-eca9-4351-a0fb-de582dfb699e (type: ports) to 1
2026-07-24 18:40:17.551 9 INFO neutron.wsgi [None req-e9b7e905-92a7-476b-8ec8-32fa240e633e 04bb88f70f564f0598dd0072bf060faa e9bec71f1405486ebe3082afb275696e - - default default] 10.0.0.151 "DELETE /v2.0/ports/1817fa43-99d3-476b-8367-e7591f5ed1de HTTP/1.1" status: 204 len: 168 time: 0.3245065
2026-07-24 18:40:17.573 9 INFO neutron.pecan_wsgi.hooks.translation [None req-c15c5879-2fa2-49cd-ba98-7db7fae4af96 04bb88f70f564f0598dd0072bf060faa e9bec71f1405486ebe3082afb275696e - - default default] DELETE failed (client error): The resource could not be found.
2026-07-24 18:40:17.575 9 INFO neutron.wsgi [None req-c15c5879-2fa2-49cd-ba98-7db7fae4af96 04bb88f70f564f0598dd0072bf060faa e9bec71f1405486ebe3082afb275696e - - default default] 10.0.0.151 "DELETE /v2.0/ports/1817fa43-99d3-476b-8367-e7591f5ed1de HTTP/1.1" status: 404 len: 333 time: 0.0191472
2026-07-24 18:40:17.595 10 INFO neutron.services.segments.plugin [-] Segment 8baf7a26-69ee-4e82-9bc6-5c21e24de7a8 resource provider aggregate not found
2026-07-24 18:40:17.601 10 INFO neutron.services.segments.plugin [-] Segment 8baf7a26-69ee-4e82-9bc6-5c21e24de7a8 resource provider aggregate not found
2026-07-24 18:40:17.608 9 INFO neutron.pecan_wsgi.hooks.translation [None req-86e2be60-3f9b-4a50-b617-4880185bc8e1 04bb88f70f564f0598dd0072bf060faa e9bec71f1405486ebe3082afb275696e - - default default] GET failed (client error): The resource could not be found.
2026-07-24 18:40:17.609 9 INFO neutron.wsgi [None req-86e2be60-3f9b-4a50-b617-4880185bc8e1 04bb88f70f564f0598dd0072bf060faa e9bec71f1405486ebe3082afb275696e - - default default] 10.0.0.151 "GET /v2.0/ports/1817fa43-99d3-476b-8367-e7591f5ed1de HTTP/1.1" status: 404 len: 333 time: 0.0211015
2026-07-24 18:40:17.800 9 INFO neutron.wsgi [None req-485b7154-1193-4bfc-86c8-2b89e9201cfd 04bb88f70f564f0598dd0072bf060faa e9bec71f1405486ebe3082afb275696e - - default default] 10.0.0.151 "DELETE /v2.0/subnets/d07bedd3-5cd6-468c-98b2-91fcde99de94 HTTP/1.1" status: 204 len: 168 time: 0.1785734
2026-07-24 18:40:17.852 10 INFO neutron.services.segments.plugin [-] Segment 8baf7a26-69ee-4e82-9bc6-5c21e24de7a8 resource provider not found; error: Placement Client Error (4xx): {"errors": [{"status": 404, "title": "Not Found", "detail": "The resource could not be found.\n\n No resource provider with uuid 8baf7a26-69ee-4e82-9bc6-5c21e24de7a8 found for delete ", "request_id": "req-b35f0873-313d-4928-bcea-e0c91460b682"}]}
2026-07-24 18:40:17.853 10 INFO neutron.services.segments.plugin [-] Segment 8baf7a26-69ee-4e82-9bc6-5c21e24de7a8 resource provider not found; error: Placement Client Error (4xx): {"errors": [{"status": 404, "title": "Not Found", "detail": "The resource could not be found.\n\n No resource provider with uuid 8baf7a26-69ee-4e82-9bc6-5c21e24de7a8 found for delete ", "request_id": "req-bb37873c-b087-4e8a-aedc-eb26fe23f756"}]}
2026-07-24 18:40:17.888 10 INFO neutron.wsgi [None req-73151af3-4951-4d3f-a40c-c27efb5951ca 72f26960fe2b4849b38f4670d38a9872 911362dcb31f4af2b6d365a53c7f194b - - default default] 10.0.0.151 "DELETE /v2.0/networks/dd979595-6e45-4fa9-9164-fd6248bef8ed HTTP/1.1" status: 204 len: 168 time: 0.7835486
2026-07-24 18:40:18.008 9 INFO neutron.db.segments_db [None req-1335208b-ea3d-414d-9032-4aacb4f7c9d5 72f26960fe2b4849b38f4670d38a9872 911362dcb31f4af2b6d365a53c7f194b - - default default] Added segment 4978cfbd-b900-4eb5-a0aa-a2be17773ea6 of type geneve for network 25e67c7d-bf91-4cf9-a1a9-ffdc6fc78d07
2026-07-24 18:40:18.032 10 INFO neutron.db.ovn_revision_numbers_db [None req-f4787a00-8056-4960-9f5b-33936f6a1cbc b14169f80e504ebebb83ae9e9c79e7ee e7b59c0201624c6a83648ab178708d6c - - default default] Successfully bumped revision number for resource 3360b287-6b2b-4739-9aaf-c3f9e184309b (type: security_groups) to 1
2026-07-24 18:40:18.054 10 INFO neutron.db.ovn_revision_numbers_db [None req-f4787a00-8056-4960-9f5b-33936f6a1cbc b14169f80e504ebebb83ae9e9c79e7ee e7b59c0201624c6a83648ab178708d6c - - default default] Successfully bumped revision number for resource 0c7b00d1-87a9-4264-af21-e0520334d252 (type: security_group_rules) to 0
2026-07-24 18:40:18.066 10 INFO neutron.db.ovn_revision_numbers_db [None req-f4787a00-8056-4960-9f5b-33936f6a1cbc b14169f80e504ebebb83ae9e9c79e7ee e7b59c0201624c6a83648ab178708d6c - - default default] Successfully bumped revision number for resource 7399aec9-01ba-4e9f-b1ad-2a18931e1c4c (type: security_group_rules) to 0
2026-07-24 18:40:18.082 10 INFO neutron.db.ovn_revision_numbers_db [None req-f4787a00-8056-4960-9f5b-33936f6a1cbc b14169f80e504ebebb83ae9e9c79e7ee e7b59c0201624c6a83648ab178708d6c - - default default] Successfully bumped revision number for resource c562c872-01a4-4295-962d-13ce0f12fc19 (type: security_group_rules) to 0
2026-07-24 18:40:18.110 10 INFO neutron.db.ovn_revision_numbers_db [None req-f4787a00-8056-4960-9f5b-33936f6a1cbc b14169f80e504ebebb83ae9e9c79e7ee e7b59c0201624c6a83648ab178708d6c - - default default] Successfully bumped revision number for resource da918013-c8c0-4387-b038-f2adb9f4ccd9 (type: security_group_rules) to 0
2026-07-24 18:40:18.147 10 INFO neutron.wsgi [None req-f4787a00-8056-4960-9f5b-33936f6a1cbc b14169f80e504ebebb83ae9e9c79e7ee e7b59c0201624c6a83648ab178708d6c - - default default] 10.0.0.151 "GET /v2.0/security-groups?tenant_id=5dfb4e3cab0c48aea92550bb4cf59477&name=default HTTP/1.1" status: 200 len: 2996 time: 0.6662133
2026-07-24 18:40:18.165 10 INFO neutron.db.ovn_revision_numbers_db [None req-ec3761f3-537a-45bb-9c7a-e29b82d661e4 707c7b5e8e0c4a73b242092092d6c46f 46eaba7ee87f4559b412454496ab1940 - - default default] Successfully bumped revision number for resource e62d8639-eca9-4351-a0fb-de582dfb699e (type: router_ports) to 1
2026-07-24 18:40:18.177 9 INFO neutron.db.ovn_revision_numbers_db [None req-1335208b-ea3d-414d-9032-4aacb4f7c9d5 72f26960fe2b4849b38f4670d38a9872 911362dcb31f4af2b6d365a53c7f194b - - default default] Successfully bumped revision number for resource 25e67c7d-bf91-4cf9-a1a9-ffdc6fc78d07 (type: networks) to 1
2026-07-24 18:40:18.287 10 INFO neutron.db.ovn_revision_numbers_db [None req-ec3761f3-537a-45bb-9c7a-e29b82d661e4 707c7b5e8e0c4a73b242092092d6c46f 46eaba7ee87f4559b412454496ab1940 - - default default] Successfully bumped revision number for resource e62d8639-eca9-4351-a0fb-de582dfb699e (type: ports) to 1
2026-07-24 18:40:18.303 9 INFO neutron.services.segments.plugin [-] Segment 0f86b916-3ede-4829-a2fa-d440f09f8da9 resource provider aggregate not found
2026-07-24 18:40:18.310 9 INFO neutron.services.segments.plugin [-] Segment 0f86b916-3ede-4829-a2fa-d440f09f8da9 resource provider aggregate not found
2026-07-24 18:40:18.327 9 INFO neutron.services.segments.plugin [-] Segment 0f86b916-3ede-4829-a2fa-d440f09f8da9 resource provider not found; error: Placement Client Error (4xx): {"errors": [{"status": 404, "title": "Not Found", "detail": "The resource could not be found.\n\n No resource provider with uuid 0f86b916-3ede-4829-a2fa-d440f09f8da9 found for delete ", "request_id": "req-d7a25fa1-27df-4717-9c52-d01cb2e9c3d7"}]}
2026-07-24 18:40:18.328 9 INFO neutron.services.segments.plugin [-] Segment 0f86b916-3ede-4829-a2fa-d440f09f8da9 resource provider not found; error: Placement Client Error (4xx): {"errors": [{"status": 404, "title": "Not Found", "detail": "The resource could not be found.\n\n No resource provider with uuid 0f86b916-3ede-4829-a2fa-d440f09f8da9 found for delete ", "request_id": "req-307268c8-2f55-476e-ad1b-7c0951877e76"}]}
2026-07-24 18:40:18.370 9 INFO neutron.wsgi [None req-cfd4c622-72cc-4f40-b255-a1f06f4be43f 04bb88f70f564f0598dd0072bf060faa e9bec71f1405486ebe3082afb275696e - - default default] 10.0.0.151 "DELETE /v2.0/networks/1ebf09e8-b10d-4a2e-9e94-9b804236c378 HTTP/1.1" status: 204 len: 168 time: 0.5662308
2026-07-24 18:40:18.373 10 WARNING neutron.scheduler.dhcp_agent_scheduler [None req-ec3761f3-537a-45bb-9c7a-e29b82d661e4 707c7b5e8e0c4a73b242092092d6c46f 46eaba7ee87f4559b412454496ab1940 - - default default] No more DHCP agents
2026-07-24 18:40:18.374 10 WARNING neutron.api.rpc.agentnotifiers.dhcp_rpc_agent_api [None req-ec3761f3-537a-45bb-9c7a-e29b82d661e4 707c7b5e8e0c4a73b242092092d6c46f 46eaba7ee87f4559b412454496ab1940 - - default default] Unable to schedule network 6af4e57a-a077-44f0-9e0e-2bf4397ab598: no agents available; will retry on subsequent port and subnet creation events.
2026-07-24 18:40:18.431 9 WARNING neutron.scheduler.dhcp_agent_scheduler [None req-1335208b-ea3d-414d-9032-4aacb4f7c9d5 72f26960fe2b4849b38f4670d38a9872 911362dcb31f4af2b6d365a53c7f194b - - default default] No more DHCP agents
2026-07-24 18:40:18.433 9 WARNING neutron.api.rpc.agentnotifiers.dhcp_rpc_agent_api [None req-1335208b-ea3d-414d-9032-4aacb4f7c9d5 72f26960fe2b4849b38f4670d38a9872 911362dcb31f4af2b6d365a53c7f194b - - default default] Unable to schedule network 25e67c7d-bf91-4cf9-a1a9-ffdc6fc78d07: no agents available; will retry on subsequent port and subnet creation events.
2026-07-24 18:40:18.473 10 INFO neutron.wsgi [None req-36fd74d4-3ecc-496a-a31c-61ab002bb061 b14169f80e504ebebb83ae9e9c79e7ee e7b59c0201624c6a83648ab178708d6c - - default default] 10.0.0.151 "DELETE /v2.0/security-groups/3360b287-6b2b-4739-9aaf-c3f9e184309b HTTP/1.1" status: 204 len: 168 time: 0.3181624
2026-07-24 18:40:18.510 10 INFO neutron.db.segments_db [None req-88308639-736e-450e-bd47-6b26810f7046 04bb88f70f564f0598dd0072bf060faa e9bec71f1405486ebe3082afb275696e - - default default] Added segment 2ad2cbc5-dd92-4e00-9513-4049866d0231 of type geneve for network 7f163bca-9779-4bc1-8791-8ab61c4952e2
2026-07-24 18:40:18.532 9 INFO neutron.db.ovn_revision_numbers_db [None req-1335208b-ea3d-414d-9032-4aacb4f7c9d5 72f26960fe2b4849b38f4670d38a9872 911362dcb31f4af2b6d365a53c7f194b - - default default] Successfully bumped revision number for resource a8cefc65-7370-4381-b436-48642bbbf4be (type: ports) to 1
2026-07-24 18:40:18.556 9 INFO neutron.wsgi [None req-1335208b-ea3d-414d-9032-4aacb4f7c9d5 72f26960fe2b4849b38f4670d38a9872 911362dcb31f4af2b6d365a53c7f194b - - default default] 10.0.0.151 "POST /v2.0/networks HTTP/1.1" status: 201 len: 828 time: 0.6587193
2026-07-24 18:40:18.625 10 INFO neutron.db.ovn_revision_numbers_db [None req-ec3761f3-537a-45bb-9c7a-e29b82d661e4 707c7b5e8e0c4a73b242092092d6c46f 46eaba7ee87f4559b412454496ab1940 - - default default] Successfully bumped revision number for resource e62d8639-eca9-4351-a0fb-de582dfb699e (type: router_ports) to 1
2026-07-24 18:40:18.627 10 INFO neutron.wsgi [None req-ec3761f3-537a-45bb-9c7a-e29b82d661e4 707c7b5e8e0c4a73b242092092d6c46f 46eaba7ee87f4559b412454496ab1940 - - default default] 10.0.0.151 "PUT /v2.0/routers/01e71250-317e-4d6d-9a49-d791a98addfe/add_router_interface HTTP/1.1" status: 200 len: 503 time: 1.9075279
2026-07-24 18:40:18.683 10 INFO neutron.db.ovn_revision_numbers_db [None req-88308639-736e-450e-bd47-6b26810f7046 04bb88f70f564f0598dd0072bf060faa e9bec71f1405486ebe3082afb275696e - - default default] Successfully bumped revision number for resource 7f163bca-9779-4bc1-8791-8ab61c4952e2 (type: networks) to 1
2026-07-24 18:40:18.764 9 INFO neutron.wsgi [None req-e9d5c78b-5bb1-4533-9213-6f2c7b845203 707c7b5e8e0c4a73b242092092d6c46f 46eaba7ee87f4559b412454496ab1940 - - default default] 10.0.0.151 "GET /v2.0/ports/e62d8639-eca9-4351-a0fb-de582dfb699e HTTP/1.1" status: 200 len: 1139 time: 0.1323395
2026-07-24 18:40:18.845 9 INFO neutron.db.ovn_revision_numbers_db [None req-be080b18-8143-46fb-a86d-338049d96047 b14169f80e504ebebb83ae9e9c79e7ee e7b59c0201624c6a83648ab178708d6c - - default default] Successfully bumped revision number for resource a96164bd-5274-4fc9-9a13-e1a13512005d (type: security_groups) to 1
2026-07-24 18:40:18.877 10 WARNING neutron.scheduler.dhcp_agent_scheduler [None req-88308639-736e-450e-bd47-6b26810f7046 04bb88f70f564f0598dd0072bf060faa e9bec71f1405486ebe3082afb275696e - - default default] No more DHCP agents
