2026-07-24 18:40:33.665 10 INFO neutron.db.ovn_revision_numbers_db [None req-fb4b20a3-eb90-4c28-98d7-cbe47d5b84d9 b14169f80e504ebebb83ae9e9c79e7ee e7b59c0201624c6a83648ab178708d6c - - default default] Successfully bumped revision number for resource 5b01db68-f020-4396-b313-a4aca8190e1e (type: security_group_rules) to 0
2026-07-24 18:40:33.713 10 INFO neutron.db.ovn_revision_numbers_db [None req-fb4b20a3-eb90-4c28-98d7-cbe47d5b84d9 b14169f80e504ebebb83ae9e9c79e7ee e7b59c0201624c6a83648ab178708d6c - - default default] Successfully bumped revision number for resource 85d4aa2d-0f61-4c43-870b-7d7c1e4c48f3 (type: security_group_rules) to 0
2026-07-24 18:40:33.739 10 INFO neutron.db.ovn_revision_numbers_db [None req-fb4b20a3-eb90-4c28-98d7-cbe47d5b84d9 b14169f80e504ebebb83ae9e9c79e7ee e7b59c0201624c6a83648ab178708d6c - - default default] Successfully bumped revision number for resource 9fc1c1ae-1b31-42ea-a580-bef08e265f69 (type: security_group_rules) to 0
2026-07-24 18:40:33.784 10 INFO neutron.db.ovn_revision_numbers_db [None req-fb4b20a3-eb90-4c28-98d7-cbe47d5b84d9 b14169f80e504ebebb83ae9e9c79e7ee e7b59c0201624c6a83648ab178708d6c - - default default] Successfully bumped revision number for resource a2b41ba9-f011-4d6a-9705-49c4c0963e3b (type: security_group_rules) to 0
2026-07-24 18:40:33.815 10 INFO neutron.wsgi [None req-007c767e-6b3e-483b-9c99-b95e5404abd7 b14169f80e504ebebb83ae9e9c79e7ee e7b59c0201624c6a83648ab178708d6c - - default default] 10.0.0.151 "GET /v2.0/security-groups?tenant_id=ffde45dc6c1347348d8ea3f261107348&name=default HTTP/1.1" status: 200 len: 2996 time: 0.1757758
2026-07-24 18:40:33.827 10 INFO neutron.wsgi [None req-fb4b20a3-eb90-4c28-98d7-cbe47d5b84d9 b14169f80e504ebebb83ae9e9c79e7ee e7b59c0201624c6a83648ab178708d6c - - default default] 10.0.0.151 "GET /v2.0/security-groups?tenant_id=240d80393b4e415fa2a8d25434e0443b&name=default HTTP/1.1" status: 200 len: 2996 time: 0.4469507
2026-07-24 18:40:33.883 10 INFO neutron.wsgi [None req-bfd7ded2-c73a-4a67-8f00-db4b5a8628ab 707c7b5e8e0c4a73b242092092d6c46f 46eaba7ee87f4559b412454496ab1940 - - default default] 10.0.0.151 "DELETE /v2.0/routers/90e76547-2602-4d1d-8b7d-e66f6851c8b0 HTTP/1.1" status: 204 len: 168 time: 0.2245584
2026-07-24 18:40:34.073 10 INFO neutron.wsgi [None req-1d0e27f2-d75d-41bd-818e-c9c75bbcf4ef 707c7b5e8e0c4a73b242092092d6c46f 46eaba7ee87f4559b412454496ab1940 - - default default] 10.0.0.151 "DELETE /v2.0/subnets/b763fa5d-d2cc-4637-8400-f51b3d4c33a1 HTTP/1.1" status: 204 len: 168 time: 0.1861703
2026-07-24 18:40:34.075 9 INFO neutron.wsgi [None req-e4c75638-8461-48ae-a9ae-ec5208c5c768 b14169f80e504ebebb83ae9e9c79e7ee e7b59c0201624c6a83648ab178708d6c - - default default] 10.0.0.151 "DELETE /v2.0/security-groups/a268000d-4475-41da-984a-f7b9d9a98767 HTTP/1.1" status: 204 len: 168 time: 0.2554646
2026-07-24 18:40:34.104 9 INFO neutron.wsgi [None req-54a2fd87-6b9c-4512-9c21-f3e0faceb0f9 b14169f80e504ebebb83ae9e9c79e7ee e7b59c0201624c6a83648ab178708d6c - - default default] 10.0.0.151 "DELETE /v2.0/security-groups/0c8767fe-c51f-404b-acba-6aba82a1caf2 HTTP/1.1" status: 204 len: 168 time: 0.2727585
2026-07-24 18:40:34.249 9 INFO neutron.wsgi [None req-9b3f4136-a0b3-4bb0-8181-887ef3830de5 b14169f80e504ebebb83ae9e9c79e7ee e7b59c0201624c6a83648ab178708d6c - - default default] 10.0.0.151 "GET /v2.0/security-groups?tenant_id=6f7963ba00ea4acf970e9760d4a827e7&name=default HTTP/1.1" status: 200 len: 2996 time: 0.0447206
2026-07-24 18:40:34.430 10 INFO neutron.services.segments.plugin [-] Segment 0a6156f2-d209-4a13-8ec4-0d68098afa02 resource provider aggregate not found
2026-07-24 18:40:34.435 10 INFO neutron.services.segments.plugin [-] Segment 0a6156f2-d209-4a13-8ec4-0d68098afa02 resource provider aggregate not found
2026-07-24 18:40:34.447 10 INFO neutron.services.segments.plugin [-] Segment 0a6156f2-d209-4a13-8ec4-0d68098afa02 resource provider not found; error: Placement Client Error (4xx): {"errors": [{"status": 404, "title": "Not Found", "detail": "The resource could not be found.\n\n No resource provider with uuid 0a6156f2-d209-4a13-8ec4-0d68098afa02 found for delete ", "request_id": "req-fbb0ebd0-9d72-43cb-bd2a-4d8ea54a894e"}]}
2026-07-24 18:40:34.454 10 INFO neutron.services.segments.plugin [-] Segment 0a6156f2-d209-4a13-8ec4-0d68098afa02 resource provider not found; error: Placement Client Error (4xx): {"errors": [{"status": 404, "title": "Not Found", "detail": "The resource could not be found.\n\n No resource provider with uuid 0a6156f2-d209-4a13-8ec4-0d68098afa02 found for delete ", "request_id": "req-422402cc-c484-49fd-a0f6-c94f84957688"}]}
2026-07-24 18:40:34.473 9 INFO neutron.wsgi [None req-be10b92a-49c5-412d-9836-adae2d3cfedb b14169f80e504ebebb83ae9e9c79e7ee e7b59c0201624c6a83648ab178708d6c - - default default] 10.0.0.151 "DELETE /v2.0/security-groups/adf69b5e-b3da-4e1d-96f1-cc6cccae93a9 HTTP/1.1" status: 204 len: 168 time: 0.2187514
2026-07-24 18:40:34.474 10 INFO neutron.wsgi [None req-fe007fc6-0c38-415d-a9ea-ec50e6d643a7 707c7b5e8e0c4a73b242092092d6c46f 46eaba7ee87f4559b412454496ab1940 - - default default] 10.0.0.151 "DELETE /v2.0/networks/514ce0e5-d564-43d4-8f9e-2261ea34ad0d HTTP/1.1" status: 204 len: 168 time: 0.3944550
2026-07-24 18:40:34.563 10 INFO neutron.db.segments_db [None req-4bf7c577-ee4d-4ac4-8459-697826fbb92d 707c7b5e8e0c4a73b242092092d6c46f 46eaba7ee87f4559b412454496ab1940 - - default default] Added segment d57e13dc-a730-4934-ba59-dbf48ac47a84 of type geneve for network c2d95ad8-ee1e-4218-9e7f-44243f2da649
2026-07-24 18:40:34.695 10 INFO neutron.db.ovn_revision_numbers_db [None req-4bf7c577-ee4d-4ac4-8459-697826fbb92d 707c7b5e8e0c4a73b242092092d6c46f 46eaba7ee87f4559b412454496ab1940 - - default default] Successfully bumped revision number for resource c2d95ad8-ee1e-4218-9e7f-44243f2da649 (type: networks) to 1
2026-07-24 18:40:34.863 10 WARNING neutron.scheduler.dhcp_agent_scheduler [None req-4bf7c577-ee4d-4ac4-8459-697826fbb92d 707c7b5e8e0c4a73b242092092d6c46f 46eaba7ee87f4559b412454496ab1940 - - default default] No more DHCP agents
2026-07-24 18:40:34.865 10 WARNING neutron.api.rpc.agentnotifiers.dhcp_rpc_agent_api [None req-4bf7c577-ee4d-4ac4-8459-697826fbb92d 707c7b5e8e0c4a73b242092092d6c46f 46eaba7ee87f4559b412454496ab1940 - - default default] Unable to schedule network c2d95ad8-ee1e-4218-9e7f-44243f2da649: no agents available; will retry on subsequent port and subnet creation events.
2026-07-24 18:40:34.955 10 INFO neutron.db.ovn_revision_numbers_db [None req-4bf7c577-ee4d-4ac4-8459-697826fbb92d 707c7b5e8e0c4a73b242092092d6c46f 46eaba7ee87f4559b412454496ab1940 - - default default] Successfully bumped revision number for resource 3626e449-3762-48c9-90c8-69f20b358048 (type: ports) to 1
2026-07-24 18:40:34.978 10 INFO neutron.wsgi [None req-4bf7c577-ee4d-4ac4-8459-697826fbb92d 707c7b5e8e0c4a73b242092092d6c46f 46eaba7ee87f4559b412454496ab1940 - - default default] 10.0.0.151 "POST /v2.0/networks HTTP/1.1" status: 201 len: 832 time: 0.4946082
2026-07-24 18:40:35.212 10 WARNING neutron.scheduler.dhcp_agent_scheduler [None req-ea326f59-100e-465b-82a2-7e543b2eaeec 707c7b5e8e0c4a73b242092092d6c46f 46eaba7ee87f4559b412454496ab1940 - - default default] No more DHCP agents
2026-07-24 18:40:35.214 10 WARNING neutron.api.rpc.agentnotifiers.dhcp_rpc_agent_api [None req-ea326f59-100e-465b-82a2-7e543b2eaeec 707c7b5e8e0c4a73b242092092d6c46f 46eaba7ee87f4559b412454496ab1940 - - default default] Unable to schedule network c2d95ad8-ee1e-4218-9e7f-44243f2da649: no agents available; will retry on subsequent port and subnet creation events.
2026-07-24 18:40:35.248 10 INFO neutron.db.ovn_revision_numbers_db [None req-ea326f59-100e-465b-82a2-7e543b2eaeec 707c7b5e8e0c4a73b242092092d6c46f 46eaba7ee87f4559b412454496ab1940 - - default default] Successfully bumped revision number for resource e292a0a7-02ba-49a9-8764-9da2006ba82a (type: subnets) to 0
2026-07-24 18:40:35.263 10 INFO neutron.wsgi [None req-ea326f59-100e-465b-82a2-7e543b2eaeec 707c7b5e8e0c4a73b242092092d6c46f 46eaba7ee87f4559b412454496ab1940 - - default default] 10.0.0.151 "POST /v2.0/subnets HTTP/1.1" status: 201 len: 821 time: 0.2797818
2026-07-24 18:40:35.321 9 INFO neutron.wsgi [-] 10.0.0.97 "GET / HTTP/1.1" status: 200 len: 247 time: 0.0018795
2026-07-24 18:40:35.324 9 INFO neutron.wsgi [-] 10.0.0.97 "GET / HTTP/1.1" status: 200 len: 247 time: 0.0020206
2026-07-24 18:40:35.485 10 INFO neutron.db.ovn_revision_numbers_db [None req-32496ad5-1fb4-409e-8462-55db15fa1429 707c7b5e8e0c4a73b242092092d6c46f 46eaba7ee87f4559b412454496ab1940 - - default default] Successfully bumped revision number for resource 32e5581c-aad5-4541-9965-1734539f6513 (type: routers) to 1
2026-07-24 18:40:35.500 10 INFO neutron.wsgi [None req-32496ad5-1fb4-409e-8462-55db15fa1429 707c7b5e8e0c4a73b242092092d6c46f 46eaba7ee87f4559b412454496ab1940 - - default default] 10.0.0.151 "POST /v2.0/routers HTTP/1.1" status: 201 len: 690 time: 0.2336640
2026-07-24 18:40:35.935 10 WARNING neutron.scheduler.dhcp_agent_scheduler [None req-417dc457-bc4b-4072-8bbc-415e78a75129 707c7b5e8e0c4a73b242092092d6c46f 46eaba7ee87f4559b412454496ab1940 - - default default] No more DHCP agents
2026-07-24 18:40:35.938 10 WARNING neutron.api.rpc.agentnotifiers.dhcp_rpc_agent_api [None req-417dc457-bc4b-4072-8bbc-415e78a75129 707c7b5e8e0c4a73b242092092d6c46f 46eaba7ee87f4559b412454496ab1940 - - default default] Unable to schedule network c2d95ad8-ee1e-4218-9e7f-44243f2da649: no agents available; will retry on subsequent port and subnet creation events.
2026-07-24 18:40:36.050 10 INFO neutron.db.ovn_revision_numbers_db [None req-417dc457-bc4b-4072-8bbc-415e78a75129 707c7b5e8e0c4a73b242092092d6c46f 46eaba7ee87f4559b412454496ab1940 - - default default] Successfully bumped revision number for resource c0ab4089-a8cc-493b-a499-dc93878c1b22 (type: ports) to 1
2026-07-24 18:40:36.089 9 INFO neutron.wsgi [None req-e549da19-2c96-4c6b-ba47-de2728033d44 44772d9a33f5475aaf0c6c6530e5cb62 f1dc5f4dae234513ab56901273a8e952 - - default default] 10.0.0.151 "POST /v2.0/subnetpools HTTP/1.1" status: 201 len: 747 time: 0.2776091
2026-07-24 18:40:36.118 9 INFO neutron.wsgi [None req-3c82526a-0d63-4664-958b-fe1e66f6ea72 44772d9a33f5475aaf0c6c6530e5cb62 f1dc5f4dae234513ab56901273a8e952 - - default default] 10.0.0.151 "GET /v2.0/subnetpools/c91918c3-2cdf-49f5-a1b2-f00f5b6460de HTTP/1.1" status: 200 len: 742 time: 0.0250056
2026-07-24 18:40:36.245 10 INFO neutron.wsgi [None req-e4755822-a3ad-4dc8-981b-8f087e4c1c0c 44772d9a33f5475aaf0c6c6530e5cb62 f1dc5f4dae234513ab56901273a8e952 - - default default] 10.0.0.151 "PUT /v2.0/subnetpools/c91918c3-2cdf-49f5-a1b2-f00f5b6460de HTTP/1.1" status: 200 len: 694 time: 0.1239066
2026-07-24 18:40:36.326 9 INFO neutron.wsgi [None req-05df3688-ba4b-4745-aa73-0f5cd4fcbdc9 44772d9a33f5475aaf0c6c6530e5cb62 f1dc5f4dae234513ab56901273a8e952 - - default default] 10.0.0.151 "DELETE /v2.0/subnetpools/c91918c3-2cdf-49f5-a1b2-f00f5b6460de HTTP/1.1" status: 204 len: 168 time: 0.0736401
2026-07-24 18:40:36.342 9 INFO neutron.api.v2.resource [None req-7be5bfa6-60c8-4d16-9119-85429e91daa0 44772d9a33f5475aaf0c6c6530e5cb62 f1dc5f4dae234513ab56901273a8e952 - - default default] show failed (client error): The resource could not be found.
2026-07-24 18:40:36.344 9 INFO neutron.wsgi [None req-7be5bfa6-60c8-4d16-9119-85429e91daa0 44772d9a33f5475aaf0c6c6530e5cb62 f1dc5f4dae234513ab56901273a8e952 - - default default] 10.0.0.151 "GET /v2.0/subnetpools/c91918c3-2cdf-49f5-a1b2-f00f5b6460de HTTP/1.1" status: 404 len: 346 time: 0.0127609
2026-07-24 18:40:36.364 10 INFO neutron.api.v2.resource [None req-1fdc12e9-1865-4800-9343-e583ea602f34 44772d9a33f5475aaf0c6c6530e5cb62 f1dc5f4dae234513ab56901273a8e952 - - default default] delete failed (client error): The resource could not be found.
2026-07-24 18:40:36.365 10 INFO neutron.wsgi [None req-1fdc12e9-1865-4800-9343-e583ea602f34 44772d9a33f5475aaf0c6c6530e5cb62 f1dc5f4dae234513ab56901273a8e952 - - default default] 10.0.0.151 "DELETE /v2.0/subnetpools/c91918c3-2cdf-49f5-a1b2-f00f5b6460de HTTP/1.1" status: 404 len: 346 time: 0.0163522
2026-07-24 18:40:36.470 10 INFO neutron.plugins.ml2.drivers.ovn.mech_driver.mech_driver [None req-471dd909-38a0-4c1c-a8f5-fbcdbd1f2722 - - - - - -] OVN reports status up for port: c0ab4089-a8cc-493b-a499-dc93878c1b22
2026-07-24 18:40:36.492 9 INFO neutron.db.ovn_revision_numbers_db [None req-13a4ca93-b07d-4ee2-8ae5-61080562c711 ef09e59875e2446ba6dfa5289ef4d680 9c6c08079c354e00a51ef95a4d025727 - - default default] Successfully bumped revision number for resource 7ae46bc2-0982-4ea4-a230-2fd50e2de157 (type: security_groups) to 1
2026-07-24 18:40:36.492 10 INFO neutron.plugins.ml2.plugin [None req-471dd909-38a0-4c1c-a8f5-fbcdbd1f2722 - - - - - -] Attempt 1 to provision port c0ab4089-a8cc-493b-a499-dc93878c1b22
2026-07-24 18:40:36.502 10 INFO neutron.db.ovn_revision_numbers_db [None req-417dc457-bc4b-4072-8bbc-415e78a75129 707c7b5e8e0c4a73b242092092d6c46f 46eaba7ee87f4559b412454496ab1940 - - default default] Successfully bumped revision number for resource c0ab4089-a8cc-493b-a499-dc93878c1b22 (type: router_ports) to 1
2026-07-24 18:40:36.522 9 INFO neutron.db.ovn_revision_numbers_db [None req-13a4ca93-b07d-4ee2-8ae5-61080562c711 ef09e59875e2446ba6dfa5289ef4d680 9c6c08079c354e00a51ef95a4d025727 - - default default] Successfully bumped revision number for resource 1f07d440-04c8-4e88-b29e-b9aaaa225d0f (type: security_group_rules) to 0
2026-07-24 18:40:36.540 9 INFO neutron.db.ovn_revision_numbers_db [None req-13a4ca93-b07d-4ee2-8ae5-61080562c711 ef09e59875e2446ba6dfa5289ef4d680 9c6c08079c354e00a51ef95a4d025727 - - default default] Successfully bumped revision number for resource 401cccfe-a598-4f80-98f7-8d363bff22d2 (type: security_group_rules) to 0
2026-07-24 18:40:36.558 9 INFO neutron.db.ovn_revision_numbers_db [None req-13a4ca93-b07d-4ee2-8ae5-61080562c711 ef09e59875e2446ba6dfa5289ef4d680 9c6c08079c354e00a51ef95a4d025727 - - default default] Successfully bumped revision number for resource 47fceff7-73c0-4b6f-ab15-fda86f91661a (type: security_group_rules) to 0
2026-07-24 18:40:36.571 9 INFO neutron.db.ovn_revision_numbers_db [None req-13a4ca93-b07d-4ee2-8ae5-61080562c711 ef09e59875e2446ba6dfa5289ef4d680 9c6c08079c354e00a51ef95a4d025727 - - default default] Successfully bumped revision number for resource a58ee784-9582-4dbb-98b9-cac09e66d909 (type: security_group_rules) to 0
2026-07-24 18:40:36.619 10 INFO neutron.db.ovn_revision_numbers_db [None req-417dc457-bc4b-4072-8bbc-415e78a75129 707c7b5e8e0c4a73b242092092d6c46f 46eaba7ee87f4559b412454496ab1940 - - default default] Successfully bumped revision number for resource c0ab4089-a8cc-493b-a499-dc93878c1b22 (type: ports) to 1
2026-07-24 18:40:36.624 9 INFO neutron.db.segments_db [None req-13a4ca93-b07d-4ee2-8ae5-61080562c711 ef09e59875e2446ba6dfa5289ef4d680 9c6c08079c354e00a51ef95a4d025727 - - default default] Added segment ef183d8b-291b-42ba-a463-473800310f89 of type geneve for network 841127fb-1292-44a2-80cf-a15aee28ad83
2026-07-24 18:40:36.707 10 WARNING neutron.scheduler.dhcp_agent_scheduler [None req-417dc457-bc4b-4072-8bbc-415e78a75129 707c7b5e8e0c4a73b242092092d6c46f 46eaba7ee87f4559b412454496ab1940 - - default default] No more DHCP agents
2026-07-24 18:40:36.709 10 WARNING neutron.api.rpc.agentnotifiers.dhcp_rpc_agent_api [None req-417dc457-bc4b-4072-8bbc-415e78a75129 707c7b5e8e0c4a73b242092092d6c46f 46eaba7ee87f4559b412454496ab1940 - - default default] Unable to schedule network c2d95ad8-ee1e-4218-9e7f-44243f2da649: no agents available; will retry on subsequent port and subnet creation events.
2026-07-24 18:40:36.785 9 INFO neutron.db.ovn_revision_numbers_db [None req-13a4ca93-b07d-4ee2-8ae5-61080562c711 ef09e59875e2446ba6dfa5289ef4d680 9c6c08079c354e00a51ef95a4d025727 - - default default] Successfully bumped revision number for resource 841127fb-1292-44a2-80cf-a15aee28ad83 (type: networks) to 1
2026-07-24 18:40:36.862 10 INFO neutron.db.ovn_revision_numbers_db [None req-471dd909-38a0-4c1c-a8f5-fbcdbd1f2722 - - - - - -] Successfully bumped revision number for resource c0ab4089-a8cc-493b-a499-dc93878c1b22 (type: ports) to 2
2026-07-24 18:40:36.942 10 INFO neutron.db.ovn_revision_numbers_db [None req-417dc457-bc4b-4072-8bbc-415e78a75129 707c7b5e8e0c4a73b242092092d6c46f 46eaba7ee87f4559b412454496ab1940 - - default default] Successfully bumped revision number for resource c0ab4089-a8cc-493b-a499-dc93878c1b22 (type: router_ports) to 2
2026-07-24 18:40:36.944 10 INFO neutron.wsgi [None req-417dc457-bc4b-4072-8bbc-415e78a75129 707c7b5e8e0c4a73b242092092d6c46f 46eaba7ee87f4559b412454496ab1940 - - default default] 10.0.0.151 "PUT /v2.0/routers/32e5581c-aad5-4541-9965-1734539f6513/add_router_interface HTTP/1.1" status: 200 len: 503 time: 1.4360707
2026-07-24 18:40:36.982 9 WARNING neutron.scheduler.dhcp_agent_scheduler [None req-13a4ca93-b07d-4ee2-8ae5-61080562c711 ef09e59875e2446ba6dfa5289ef4d680 9c6c08079c354e00a51ef95a4d025727 - - default default] No more DHCP agents
2026-07-24 18:40:36.983 9 WARNING neutron.api.rpc.agentnotifiers.dhcp_rpc_agent_api [None req-13a4ca93-b07d-4ee2-8ae5-61080562c711 ef09e59875e2446ba6dfa5289ef4d680 9c6c08079c354e00a51ef95a4d025727 - - default default] Unable to schedule network 841127fb-1292-44a2-80cf-a15aee28ad83: no agents available; will retry on subsequent port and subnet creation events.
2026-07-24 18:40:36.984 10 INFO neutron.wsgi [None req-a1f2746e-2f64-46c1-b0c4-160cfbaf4bc1 707c7b5e8e0c4a73b242092092d6c46f 46eaba7ee87f4559b412454496ab1940 - - default default] 10.0.0.151 "GET /v2.0/ports/c0ab4089-a8cc-493b-a499-dc93878c1b22 HTTP/1.1" status: 200 len: 1141 time: 0.0342429
2026-07-24 18:40:37.099 9 INFO neutron.db.ovn_revision_numbers_db [None req-13a4ca93-b07d-4ee2-8ae5-61080562c711 ef09e59875e2446ba6dfa5289ef4d680 9c6c08079c354e00a51ef95a4d025727 - - default default] Successfully bumped revision number for resource fb51fba6-2504-444c-9a77-8dacbbe3348a (type: ports) to 1
2026-07-24 18:40:37.121 9 INFO neutron.wsgi [None req-13a4ca93-b07d-4ee2-8ae5-61080562c711 ef09e59875e2446ba6dfa5289ef4d680 9c6c08079c354e00a51ef95a4d025727 - - default default] 10.0.0.151 "POST /v2.0/networks HTTP/1.1" status: 201 len: 832 time: 0.8996603
2026-07-24 18:40:37.124 9 INFO neutron.wsgi [None req-c3d7516a-d42c-40a5-b8b3-e43f18e8db0c 707c7b5e8e0c4a73b242092092d6c46f 46eaba7ee87f4559b412454496ab1940 - - default default] 10.0.0.151 "GET /v2.0/ports/c0ab4089-a8cc-493b-a499-dc93878c1b22 HTTP/1.1" status: 200 len: 1141 time: 0.1342018
2026-07-24 18:40:37.446 10 INFO neutron.db.ovn_revision_numbers_db [None req-903a14b9-8f55-42e7-a023-bba8d8730407 b14169f80e504ebebb83ae9e9c79e7ee e7b59c0201624c6a83648ab178708d6c - - default default] Successfully bumped revision number for resource a3df51f8-58a2-4629-a401-e07062dfe515 (type: security_groups) to 1
2026-07-24 18:40:37.459 9 WARNING neutron.plugins.ml2.drivers.ovn.mech_driver.ovsdb.ovn_client [None req-93855813-4388-4242-852d-3b5480ee2b73 - - - - - -] No port found with ID e40b5cca-2ee3-400d-aa35-6536589a5f99: RuntimeError: No port found with ID e40b5cca-2ee3-400d-aa35-6536589a5f99
2026-07-24 18:40:37.479 10 INFO neutron.db.ovn_revision_numbers_db [None req-903a14b9-8f55-42e7-a023-bba8d8730407 b14169f80e504ebebb83ae9e9c79e7ee e7b59c0201624c6a83648ab178708d6c - - default default] Successfully bumped revision number for resource 1fb17d7e-420b-47cd-a54c-02d41eeecdee (type: security_group_rules) to 0
2026-07-24 18:40:37.499 10 INFO neutron.db.ovn_revision_numbers_db [None req-903a14b9-8f55-42e7-a023-bba8d8730407 b14169f80e504ebebb83ae9e9c79e7ee e7b59c0201624c6a83648ab178708d6c - - default default] Successfully bumped revision number for resource 2efafbf6-237b-4896-addc-d48aef2a8861 (type: security_group_rules) to 0
2026-07-24 18:40:37.527 10 INFO neutron.db.ovn_revision_numbers_db [None req-903a14b9-8f55-42e7-a023-bba8d8730407 b14169f80e504ebebb83ae9e9c79e7ee e7b59c0201624c6a83648ab178708d6c - - default default] Successfully bumped revision number for resource 7801cfa3-c087-477a-873b-0c8204b78df1 (type: security_group_rules) to 0
2026-07-24 18:40:37.549 10 INFO neutron.db.ovn_revision_numbers_db [None req-903a14b9-8f55-42e7-a023-bba8d8730407 b14169f80e504ebebb83ae9e9c79e7ee e7b59c0201624c6a83648ab178708d6c - - default default] Successfully bumped revision number for resource b8832054-f8f5-42b1-ae87-9b3bb90dc6b2 (type: security_group_rules) to 0
2026-07-24 18:40:37.577 10 INFO neutron.wsgi [None req-903a14b9-8f55-42e7-a023-bba8d8730407 b14169f80e504ebebb83ae9e9c79e7ee e7b59c0201624c6a83648ab178708d6c - - default default] 10.0.0.151 "GET /v2.0/security-groups?tenant_id=f1dc5f4dae234513ab56901273a8e952&name=default HTTP/1.1" status: 200 len: 2996 time: 0.7121375
2026-07-24 18:40:37.734 9 WARNING neutron.scheduler.dhcp_agent_scheduler [None req-686e2977-adc0-49bf-ae22-13301d1b9be4 ef09e59875e2446ba6dfa5289ef4d680 9c6c08079c354e00a51ef95a4d025727 - - default default] No more DHCP agents
2026-07-24 18:40:37.736 9 WARNING neutron.api.rpc.agentnotifiers.dhcp_rpc_agent_api [None req-686e2977-adc0-49bf-ae22-13301d1b9be4 ef09e59875e2446ba6dfa5289ef4d680 9c6c08079c354e00a51ef95a4d025727 - - default default] Unable to schedule network b698e4bc-0c33-4947-b580-a326040f7572: no agents available; will retry on subsequent port and subnet creation events.
2026-07-24 18:40:37.845 10 INFO neutron.wsgi [None req-db4152a4-97f7-43d2-9ae3-fe64a20fddc4 b14169f80e504ebebb83ae9e9c79e7ee e7b59c0201624c6a83648ab178708d6c - - default default] 10.0.0.151 "DELETE /v2.0/security-groups/a3df51f8-58a2-4629-a401-e07062dfe515 HTTP/1.1" status: 204 len: 168 time: 0.2612286
2026-07-24 18:40:37.938 9 INFO neutron.db.ovn_revision_numbers_db [None req-686e2977-adc0-49bf-ae22-13301d1b9be4 ef09e59875e2446ba6dfa5289ef4d680 9c6c08079c354e00a51ef95a4d025727 - - default default] Successfully bumped revision number for resource eb283163-d6c3-4980-8cc6-0e6030c06c42 (type: ports) to 1
2026-07-24 18:40:37.979 10 INFO neutron.wsgi [None req-656da28d-04ac-4ced-bef1-f19c48e341d5 707c7b5e8e0c4a73b242092092d6c46f 46eaba7ee87f4559b412454496ab1940 - - default default] 10.0.0.151 "PUT /v2.0/routers/32e5581c-aad5-4541-9965-1734539f6513/remove_router_interface HTTP/1.1" status: 200 len: 503 time: 0.8490112 /var/lib/openstack/lib/python3.10/site-packages/pycadf/identifier.py:71: UserWarning: Invalid uuid: neutron. To ensure interoperability, identifiers should be a valid uuid. warnings.warn(('Invalid uuid: %s. To ensure interoperability, '
2026-07-24 18:40:38.008 10 INFO neutron.wsgi [None req-f194b7e9-d05d-42a2-b288-39af55769dbb 707c7b5e8e0c4a73b242092092d6c46f 46eaba7ee87f4559b412454496ab1940 - - default default] 10.0.0.151 "GET /v2.0/ports?device_id=32e5581c-aad5-4541-9965-1734539f6513 HTTP/1.1" status: 200 len: 205 time: 0.0236981
2026-07-24 18:40:38.071 9 INFO neutron.wsgi [None req-bb066b32-83d0-456c-9633-e33c83440b77 e2891661112a4cc3a7717d6316d424b3 40a1c6098d43462daafa030bf80704bc - - default default] 10.0.0.151 "POST /v2.0/subnetpools HTTP/1.1" status: 201 len: 715 time: 0.2258227
2026-07-24 18:40:38.156 10 INFO neutron.wsgi [None req-fe833229-cd1e-42f3-9c3c-da3595465955 e2891661112a4cc3a7717d6316d424b3 40a1c6098d43462daafa030bf80704bc - - default default] 10.0.0.151 "PUT /v2.0/subnetpools/d6e6da99-d1f8-4f01-b6ce-fd887f3776d1/tags HTTP/1.1" status: 200 len: 218 time: 0.0729361
2026-07-24 18:40:38.208 10 INFO neutron.wsgi [None req-ff62ade4-1f5e-4cdb-bbe2-5296137ceb55 e2891661112a4cc3a7717d6316d424b3 40a1c6098d43462daafa030bf80704bc - - default default] 10.0.0.151 "GET /v2.0/subnetpools/d6e6da99-d1f8-4f01-b6ce-fd887f3776d1/tags HTTP/1.1" status: 200 len: 218 time: 0.0461440
2026-07-24 18:40:38.253 9 INFO neutron.wsgi [None req-5d031def-64b2-46b3-9f7c-4ab3688bc0de e2891661112a4cc3a7717d6316d424b3 40a1c6098d43462daafa030bf80704bc - - default default] 10.0.0.151 "PUT /v2.0/subnetpools/d6e6da99-d1f8-4f01-b6ce-fd887f3776d1/tags/green HTTP/1.1" status: 201 len: 201 time: 0.0413880
2026-07-24 18:40:38.256 10 INFO neutron.wsgi [None req-2579b2e8-6ee5-400f-b6bc-5461893a3c99 707c7b5e8e0c4a73b242092092d6c46f 46eaba7ee87f4559b412454496ab1940 - - default default] 10.0.0.151 "DELETE /v2.0/routers/32e5581c-aad5-4541-9965-1734539f6513 HTTP/1.1" status: 204 len: 168 time: 0.2424171
2026-07-24 18:40:38.279 10 INFO neutron.wsgi [None req-2fa76cc1-0e94-48e9-ac3d-b4c02f5337c7 e2891661112a4cc3a7717d6316d424b3 40a1c6098d43462daafa030bf80704bc - - default default] 10.0.0.151 "GET /v2.0/subnetpools/d6e6da99-d1f8-4f01-b6ce-fd887f3776d1/tags HTTP/1.1" status: 200 len: 227 time: 0.0196278
2026-07-24 18:40:38.304 10 INFO neutron.wsgi [None req-858dfca4-5dfa-4de9-9954-e4803e672a85 e2891661112a4cc3a7717d6316d424b3 40a1c6098d43462daafa030bf80704bc - - default default] 10.0.0.151 "PUT /v2.0/subnetpools/d6e6da99-d1f8-4f01-b6ce-fd887f3776d1/tags/red HTTP/1.1" status: 201 len: 201 time: 0.0209327
2026-07-24 18:40:38.340 10 INFO neutron.wsgi [None req-6e1cfb38-b200-4bc5-82f7-93171bcfe555 e2891661112a4cc3a7717d6316d424b3 40a1c6098d43462daafa030bf80704bc - - default default] 10.0.0.151 "GET /v2.0/subnetpools/d6e6da99-d1f8-4f01-b6ce-fd887f3776d1/tags HTTP/1.1" status: 200 len: 227 time: 0.0226035
2026-07-24 18:40:38.389 10 INFO neutron.wsgi [None req-10e5ca24-403b-4119-b782-232e6e170f48 e2891661112a4cc3a7717d6316d424b3 40a1c6098d43462daafa030bf80704bc - - default default] 10.0.0.151 "PUT /v2.0/subnetpools/d6e6da99-d1f8-4f01-b6ce-fd887f3776d1/tags/black.or.white HTTP/1.1" status: 201 len: 201 time: 0.0369093
2026-07-24 18:40:38.414 10 INFO neutron.wsgi [None req-0b26885e-d86e-4fc8-8f89-9a377f4d76ee e2891661112a4cc3a7717d6316d424b3 40a1c6098d43462daafa030bf80704bc - - default default] 10.0.0.151 "GET /v2.0/subnetpools/d6e6da99-d1f8-4f01-b6ce-fd887f3776d1/tags HTTP/1.1" status: 200 len: 245 time: 0.0179343
2026-07-24 18:40:38.449 10 INFO neutron.wsgi [None req-2d60814b-37c3-46fa-bcf6-33c65ba88eaf e2891661112a4cc3a7717d6316d424b3 40a1c6098d43462daafa030bf80704bc - - default default] 10.0.0.151 "PUT /v2.0/subnetpools/d6e6da99-d1f8-4f01-b6ce-fd887f3776d1/tags HTTP/1.1" status: 200 len: 230 time: 0.0296037
2026-07-24 18:40:38.471 10 INFO neutron.wsgi [None req-243825fa-b0a9-4fc7-be64-bd638601ea24 e2891661112a4cc3a7717d6316d424b3 40a1c6098d43462daafa030bf80704bc - - default default] 10.0.0.151 "GET /v2.0/subnetpools/d6e6da99-d1f8-4f01-b6ce-fd887f3776d1/tags HTTP/1.1" status: 200 len: 230 time: 0.0178430
2026-07-24 18:40:38.494 10 INFO neutron.wsgi [None req-ba2a0bec-5b76-461b-ba6c-5948419b9e35 e2891661112a4cc3a7717d6316d424b3 40a1c6098d43462daafa030bf80704bc - - default default] 10.0.0.151 "GET /v2.0/subnetpools/d6e6da99-d1f8-4f01-b6ce-fd887f3776d1/tags/red HTTP/1.1" status: 204 len: 168 time: 0.0166013
2026-07-24 18:40:38.514 10 INFO neutron.api.v2.resource [None req-77d6110f-6c84-4445-8127-adfa12926848 e2891661112a4cc3a7717d6316d424b3 40a1c6098d43462daafa030bf80704bc - - default default] show failed (client error): The resource could not be found.
2026-07-24 18:40:38.515 10 INFO neutron.wsgi [None req-77d6110f-6c84-4445-8127-adfa12926848 e2891661112a4cc3a7717d6316d424b3 40a1c6098d43462daafa030bf80704bc - - default default] 10.0.0.151 "GET /v2.0/subnetpools/d6e6da99-d1f8-4f01-b6ce-fd887f3776d1/tags/green HTTP/1.1" status: 404 len: 299 time: 0.0165813
2026-07-24 18:40:38.550 10 INFO neutron.wsgi [None req-f72ba957-dcda-49f1-87bb-c9ecc0cd4d1f e2891661112a4cc3a7717d6316d424b3 40a1c6098d43462daafa030bf80704bc - - default default] 10.0.0.151 "DELETE /v2.0/subnetpools/d6e6da99-d1f8-4f01-b6ce-fd887f3776d1/tags/red HTTP/1.1" status: 204 len: 168 time: 0.0295236
2026-07-24 18:40:38.572 10 INFO neutron.wsgi [None req-c898bd3d-c3c3-4bbd-b211-a7774d6bd5ab e2891661112a4cc3a7717d6316d424b3 40a1c6098d43462daafa030bf80704bc - - default default] 10.0.0.151 "GET /v2.0/subnetpools/d6e6da99-d1f8-4f01-b6ce-fd887f3776d1/tags HTTP/1.1" status: 200 len: 223 time: 0.0169349
2026-07-24 18:40:38.594 10 INFO neutron.api.v2.resource [None req-88e1a00c-4d80-4a7e-93cb-7b71964cb398 e2891661112a4cc3a7717d6316d424b3 40a1c6098d43462daafa030bf80704bc - - default default] delete failed (client error): The resource could not be found.
2026-07-24 18:40:38.596 10 INFO neutron.wsgi [None req-88e1a00c-4d80-4a7e-93cb-7b71964cb398 e2891661112a4cc3a7717d6316d424b3 40a1c6098d43462daafa030bf80704bc - - default default] 10.0.0.151 "DELETE /v2.0/subnetpools/d6e6da99-d1f8-4f01-b6ce-fd887f3776d1/tags/green HTTP/1.1" status: 404 len: 299 time: 0.0187280
2026-07-24 18:40:38.628 10 INFO neutron.wsgi [None req-a4a369b9-8c09-4622-9d46-ba2fd369c266 e2891661112a4cc3a7717d6316d424b3 40a1c6098d43462daafa030bf80704bc - - default default] 10.0.0.151 "DELETE /v2.0/subnetpools/d6e6da99-d1f8-4f01-b6ce-fd887f3776d1/tags HTTP/1.1" status: 204 len: 168 time: 0.0284288
2026-07-24 18:40:38.647 10 INFO neutron.wsgi [None req-744b4957-b8f1-424a-bd4e-fb218f4c4fed e2891661112a4cc3a7717d6316d424b3 40a1c6098d43462daafa030bf80704bc - - default default] 10.0.0.151 "GET /v2.0/subnetpools/d6e6da99-d1f8-4f01-b6ce-fd887f3776d1/tags HTTP/1.1" status: 200 len: 205 time: 0.0140600
2026-07-24 18:40:38.689 9 INFO neutron.wsgi [None req-a138b580-43c1-470a-b854-8df46d9802e5 707c7b5e8e0c4a73b242092092d6c46f 46eaba7ee87f4559b412454496ab1940 - - default default] 10.0.0.151 "DELETE /v2.0/subnets/e292a0a7-02ba-49a9-8764-9da2006ba82a HTTP/1.1" status: 204 len: 168 time: 0.4290338
2026-07-24 18:40:38.709 10 INFO neutron.wsgi [None req-2a45b861-7c0b-48c6-be9f-ea100740f758 e2891661112a4cc3a7717d6316d424b3 40a1c6098d43462daafa030bf80704bc - - default default] 10.0.0.151 "DELETE /v2.0/subnetpools/d6e6da99-d1f8-4f01-b6ce-fd887f3776d1 HTTP/1.1" status: 204 len: 168 time: 0.0571263
2026-07-24 18:40:38.810 9 INFO neutron.plugins.ml2.drivers.ovn.mech_driver.mech_driver [None req-93855813-4388-4242-852d-3b5480ee2b73 - - - - - -] OVN reports status up for port: eb283163-d6c3-4980-8cc6-0e6030c06c42
2026-07-24 18:40:38.831 9 INFO neutron.plugins.ml2.plugin [None req-93855813-4388-4242-852d-3b5480ee2b73 - - - - - -] Attempt 1 to provision port eb283163-d6c3-4980-8cc6-0e6030c06c42
2026-07-24 18:40:38.832 10 INFO neutron.plugins.ml2.drivers.ovn.mech_driver.ovsdb.ovsdb_monitor [None req-cda9d2b3-b4f2-44d4-8100-c4097987ac13 - - - - - -] Router 97dd2085-321f-48e6-acff-8e89cdccaffa is bound to host instance
2026-07-24 18:40:38.866 9 INFO neutron.db.ovn_revision_numbers_db [None req-686e2977-adc0-49bf-ae22-13301d1b9be4 ef09e59875e2446ba6dfa5289ef4d680 9c6c08079c354e00a51ef95a4d025727 - - default default] Successfully bumped revision number for resource eb283163-d6c3-4980-8cc6-0e6030c06c42 (type: router_ports) to 1
2026-07-24 18:40:38.976 9 INFO neutron.db.ovn_revision_numbers_db [None req-686e2977-adc0-49bf-ae22-13301d1b9be4 ef09e59875e2446ba6dfa5289ef4d680 9c6c08079c354e00a51ef95a4d025727 - - default default] Successfully bumped revision number for resource 97dd2085-321f-48e6-acff-8e89cdccaffa (type: routers) to 2
2026-07-24 18:40:38.992 9 INFO neutron.wsgi [None req-686e2977-adc0-49bf-ae22-13301d1b9be4 ef09e59875e2446ba6dfa5289ef4d680 9c6c08079c354e00a51ef95a4d025727 - - default default] 10.0.0.151 "POST /v2.0/routers HTTP/1.1" status: 201 len: 875 time: 1.8665388
2026-07-24 18:40:39.165 9 INFO neutron.services.segments.plugin [-] Segment d57e13dc-a730-4934-ba59-dbf48ac47a84 resource provider aggregate not found
2026-07-24 18:40:39.174 9 INFO neutron.services.segments.plugin [-] Segment d57e13dc-a730-4934-ba59-dbf48ac47a84 resource provider aggregate not found
2026-07-24 18:40:39.192 9 INFO neutron.services.segments.plugin [-] Segment d57e13dc-a730-4934-ba59-dbf48ac47a84 resource provider not found; error: Placement Client Error (4xx): {"errors": [{"status": 404, "title": "Not Found", "detail": "The resource could not be found.\n\n No resource provider with uuid d57e13dc-a730-4934-ba59-dbf48ac47a84 found for delete ", "request_id": "req-f189db8a-3255-4e11-8c24-d539e5266e07"}]}
2026-07-24 18:40:39.194 9 INFO neutron.services.segments.plugin [-] Segment d57e13dc-a730-4934-ba59-dbf48ac47a84 resource provider not found; error: Placement Client Error (4xx): {"errors": [{"status": 404, "title": "Not Found", "detail": "The resource could not be found.\n\n No resource provider with uuid d57e13dc-a730-4934-ba59-dbf48ac47a84 found for delete ", "request_id": "req-8db1352e-79c2-4957-84e5-682a3fba4e85"}]}
2026-07-24 18:40:39.216 9 INFO neutron.wsgi [None req-cdd0faf6-33d3-44b5-953b-cde67ac49411 707c7b5e8e0c4a73b242092092d6c46f 46eaba7ee87f4559b412454496ab1940 - - default default] 10.0.0.151 "DELETE /v2.0/networks/c2d95ad8-ee1e-4218-9e7f-44243f2da649 HTTP/1.1" status: 204 len: 168 time: 0.5221744
2026-07-24 18:40:39.319 9 INFO neutron.wsgi [None req-b6c256a0-4e85-4f26-93e0-55fc4bc0a1d9 d9120cbb3a2640c8be1a3f7463566b0c c1f3cf6d234c43bda53225df6e481d6e - - default default] 10.0.0.151 "GET /v2.0/subnets?project_id=9c6c08079c354e00a51ef95a4d025727&cidr=10.100.0.0%2F28 HTTP/1.1" status: 200 len: 207 time: 0.3208833
2026-07-24 18:40:39.472 10 INFO neutron.wsgi [None req-c3d16ad7-ff71-477e-9d51-5b3c53d96a05 d9120cbb3a2640c8be1a3f7463566b0c c1f3cf6d234c43bda53225df6e481d6e - - default default] 10.0.0.151 "GET /v2.0/networks?router%3Aexternal=True HTTP/1.1" status: 200 len: 947 time: 0.1448474
2026-07-24 18:40:39.509 9 INFO neutron.wsgi [None req-812f2294-8752-4cc7-9b33-2595ac2dd573 d9120cbb3a2640c8be1a3f7463566b0c c1f3cf6d234c43bda53225df6e481d6e - - default default] 10.0.0.151 "GET /v2.0/subnets?network_id=b698e4bc-0c33-4947-b580-a326040f7572&cidr=10.100.0.0%2F28 HTTP/1.1" status: 200 len: 207 time: 0.0327148
2026-07-24 18:40:39.634 9 INFO neutron.db.ovn_revision_numbers_db [None req-fb86077a-b720-4ed1-a1f5-653fe39a8878 b14169f80e504ebebb83ae9e9c79e7ee e7b59c0201624c6a83648ab178708d6c - - default default] Successfully bumped revision number for resource ec16cc5a-6f18-4ca4-a9eb-dd8b4bfe9751 (type: security_groups) to 1
2026-07-24 18:40:39.653 9 INFO neutron.db.ovn_revision_numbers_db [None req-fb86077a-b720-4ed1-a1f5-653fe39a8878 b14169f80e504ebebb83ae9e9c79e7ee e7b59c0201624c6a83648ab178708d6c - - default default] Successfully bumped revision number for resource 44ff4fdf-e221-40d8-8ed6-7d725338ec6c (type: security_group_rules) to 0
2026-07-24 18:40:39.669 9 INFO neutron.db.ovn_revision_numbers_db [None req-fb86077a-b720-4ed1-a1f5-653fe39a8878 b14169f80e504ebebb83ae9e9c79e7ee e7b59c0201624c6a83648ab178708d6c - - default default] Successfully bumped revision number for resource 9dc122cd-85d6-490c-86b2-eb09889a3e49 (type: security_group_rules) to 0
2026-07-24 18:40:39.673 10 INFO neutron.db.ovn_revision_numbers_db [None req-cda9d2b3-b4f2-44d4-8100-c4097987ac13 - - - - - -] Successfully bumped revision number for resource eb283163-d6c3-4980-8cc6-0e6030c06c42 (type: ports) to 1
2026-07-24 18:40:39.687 9 INFO neutron.db.ovn_revision_numbers_db [None req-fb86077a-b720-4ed1-a1f5-653fe39a8878 b14169f80e504ebebb83ae9e9c79e7ee e7b59c0201624c6a83648ab178708d6c - - default default] Successfully bumped revision number for resource cf1363e4-784f-4e47-ac51-61def341de5a (type: security_group_rules) to 0
2026-07-24 18:40:39.702 9 INFO neutron.db.ovn_revision_numbers_db [None req-fb86077a-b720-4ed1-a1f5-653fe39a8878 b14169f80e504ebebb83ae9e9c79e7ee e7b59c0201624c6a83648ab178708d6c - - default default] Successfully bumped revision number for resource e7421295-e933-45c1-9ccf-5ffb22bfe0ec (type: security_group_rules) to 0
2026-07-24 18:40:39.725 9 INFO neutron.wsgi [-] 10.0.0.151 "GET / HTTP/1.1" status: 200 len: 279 time: 0.0014980
2026-07-24 18:40:39.733 9 INFO neutron.wsgi [None req-fb86077a-b720-4ed1-a1f5-653fe39a8878 b14169f80e504ebebb83ae9e9c79e7ee e7b59c0201624c6a83648ab178708d6c - - default default] 10.0.0.151 "GET /v2.0/security-groups?tenant_id=32cb91070d1d47cabd4c3e0efba698b0&name=default HTTP/1.1" status: 200 len: 2996 time: 0.3043783
2026-07-24 18:40:39.775 9 INFO neutron.wsgi [None req-b29901a2-acac-4dbe-aab0-3ee87e781c76 9c5ae414713a48b0ba1da15c26567656 9d79350e9e2e4073adbf3b921a340c6b - - default default] 10.0.0.151 "GET /v2.0/ HTTP/1.1" status: 200 len: 826 time: 0.0445178
2026-07-24 18:40:39.922 9 INFO neutron.wsgi [None req-617dfbf9-d5a5-4650-ab6f-1c12c4016660 b14169f80e504ebebb83ae9e9c79e7ee e7b59c0201624c6a83648ab178708d6c - - default default] 10.0.0.151 "DELETE /v2.0/security-groups/ec16cc5a-6f18-4ca4-a9eb-dd8b4bfe9751 HTTP/1.1" status: 204 len: 168 time: 0.1856704
2026-07-24 18:40:39.934 10 WARNING neutron.scheduler.dhcp_agent_scheduler [None req-5e28a459-dcab-41f9-9753-04b14f6d9404 ef09e59875e2446ba6dfa5289ef4d680 9c6c08079c354e00a51ef95a4d025727 - - default default] No more DHCP agents
2026-07-24 18:40:39.939 10 WARNING neutron.api.rpc.agentnotifiers.dhcp_rpc_agent_api [None req-5e28a459-dcab-41f9-9753-04b14f6d9404 ef09e59875e2446ba6dfa5289ef4d680 9c6c08079c354e00a51ef95a4d025727 - - default default] Unable to schedule network 841127fb-1292-44a2-80cf-a15aee28ad83: no agents available; will retry on subsequent port and subnet creation events.
2026-07-24 18:40:40.192 9 INFO neutron.db.ovn_revision_numbers_db [None req-d5a5c845-97f4-492e-b5e1-330f606fdff3 b14169f80e504ebebb83ae9e9c79e7ee e7b59c0201624c6a83648ab178708d6c - - default default] Successfully bumped revision number for resource 5328d730-03d2-46e1-b76e-ca7a36e30abd (type: security_groups) to 1
2026-07-24 18:40:40.205 9 INFO neutron.db.ovn_revision_numbers_db [None req-d5a5c845-97f4-492e-b5e1-330f606fdff3 b14169f80e504ebebb83ae9e9c79e7ee e7b59c0201624c6a83648ab178708d6c - - default default] Successfully bumped revision number for resource a00d5eaf-e39b-4178-b070-618484e21f20 (type: security_group_rules) to 0
2026-07-24 18:40:40.218 9 INFO neutron.db.ovn_revision_numbers_db [None req-d5a5c845-97f4-492e-b5e1-330f606fdff3 b14169f80e504ebebb83ae9e9c79e7ee e7b59c0201624c6a83648ab178708d6c - - default default] Successfully bumped revision number for resource cf193094-2dbb-4175-b17b-ea14b78afcf0 (type: security_group_rules) to 0
2026-07-24 18:40:40.229 10 WARNING neutron.scheduler.dhcp_agent_scheduler [None req-7a28b7de-c227-4df4-a1bb-649afe770f1a 707c7b5e8e0c4a73b242092092d6c46f 46eaba7ee87f4559b412454496ab1940 - - default default] No more DHCP agents
2026-07-24 18:40:40.234 9 INFO neutron.db.ovn_revision_numbers_db [None req-d5a5c845-97f4-492e-b5e1-330f606fdff3 b14169f80e504ebebb83ae9e9c79e7ee e7b59c0201624c6a83648ab178708d6c - - default default] Successfully bumped revision number for resource e2b49b9a-93d7-4988-9b4c-a13e006f370b (type: security_group_rules) to 0
2026-07-24 18:40:40.242 10 WARNING neutron.api.rpc.agentnotifiers.dhcp_rpc_agent_api [None req-7a28b7de-c227-4df4-a1bb-649afe770f1a 707c7b5e8e0c4a73b242092092d6c46f 46eaba7ee87f4559b412454496ab1940 - - default default] Unable to schedule network b698e4bc-0c33-4947-b580-a326040f7572: no agents available; will retry on subsequent port and subnet creation events.
2026-07-24 18:40:40.257 9 INFO neutron.db.ovn_revision_numbers_db [None req-d5a5c845-97f4-492e-b5e1-330f606fdff3 b14169f80e504ebebb83ae9e9c79e7ee e7b59c0201624c6a83648ab178708d6c - - default default] Successfully bumped revision number for resource e48c0ed4-9aa7-4207-87c9-b387a473187f (type: security_group_rules) to 0
2026-07-24 18:40:40.284 9 INFO neutron.wsgi [None req-d5a5c845-97f4-492e-b5e1-330f606fdff3 b14169f80e504ebebb83ae9e9c79e7ee e7b59c0201624c6a83648ab178708d6c - - default default] 10.0.0.151 "GET /v2.0/security-groups?tenant_id=40a1c6098d43462daafa030bf80704bc&name=default HTTP/1.1" status: 200 len: 2996 time: 0.1961048
2026-07-24 18:40:40.379 10 INFO neutron.db.ovn_revision_numbers_db [None req-cda9d2b3-b4f2-44d4-8100-c4097987ac13 - - - - - -] Successfully bumped revision number for resource eb283163-d6c3-4980-8cc6-0e6030c06c42 (type: router_ports) to 3
2026-07-24 18:40:40.489 9 INFO neutron.db.ovn_revision_numbers_db [None req-135411fa-7e22-45d4-a249-d0932b102512 b14169f80e504ebebb83ae9e9c79e7ee e7b59c0201624c6a83648ab178708d6c - - default default] Successfully bumped revision number for resource 1a1376e4-22f9-400f-8d0f-de653918dc78 (type: security_groups) to 1
2026-07-24 18:40:40.515 9 INFO neutron.db.ovn_revision_numbers_db [None req-135411fa-7e22-45d4-a249-d0932b102512 b14169f80e504ebebb83ae9e9c79e7ee e7b59c0201624c6a83648ab178708d6c - - default default] Successfully bumped revision number for resource 18e6394c-d58c-4f3a-bf8b-64b04f9736b4 (type: security_group_rules) to 0
2026-07-24 18:40:40.529 9 INFO neutron.wsgi [None req-06cb5b2d-7c96-4261-9ace-465e7e5f9708 b14169f80e504ebebb83ae9e9c79e7ee e7b59c0201624c6a83648ab178708d6c - - default default] 10.0.0.151 "DELETE /v2.0/security-groups/5328d730-03d2-46e1-b76e-ca7a36e30abd HTTP/1.1" status: 204 len: 168 time: 0.2407296
2026-07-24 18:40:40.534 9 INFO neutron.db.ovn_revision_numbers_db [None req-135411fa-7e22-45d4-a249-d0932b102512 b14169f80e504ebebb83ae9e9c79e7ee e7b59c0201624c6a83648ab178708d6c - - default default] Successfully bumped revision number for resource 2f22bf44-e860-4515-b3bf-a1f114cca624 (type: security_group_rules) to 0
2026-07-24 18:40:40.549 9 INFO neutron.db.ovn_revision_numbers_db [None req-135411fa-7e22-45d4-a249-d0932b102512 b14169f80e504ebebb83ae9e9c79e7ee e7b59c0201624c6a83648ab178708d6c - - default default] Successfully bumped revision number for resource bff3b93d-0530-488a-bd94-fbe6dac3eab3 (type: security_group_rules) to 0
2026-07-24 18:40:40.557 10 INFO neutron.db.ovn_revision_numbers_db [None req-7a28b7de-c227-4df4-a1bb-649afe770f1a 707c7b5e8e0c4a73b242092092d6c46f 46eaba7ee87f4559b412454496ab1940 - - default default] Successfully bumped revision number for resource fa8ea9d3-1f9d-4174-8166-3dd98d0d3711 (type: ports) to 1
2026-07-24 18:40:40.564 9 INFO neutron.db.ovn_revision_numbers_db [None req-135411fa-7e22-45d4-a249-d0932b102512 b14169f80e504ebebb83ae9e9c79e7ee e7b59c0201624c6a83648ab178708d6c - - default default] Successfully bumped revision number for resource e68c964e-67cc-4587-b8f0-7eb84721b05e (type: security_group_rules) to 0
2026-07-24 18:40:40.587 9 INFO neutron.wsgi [None req-135411fa-7e22-45d4-a249-d0932b102512 b14169f80e504ebebb83ae9e9c79e7ee e7b59c0201624c6a83648ab178708d6c - - default default] 10.0.0.151 "GET /v2.0/security-groups?tenant_id=9d79350e9e2e4073adbf3b921a340c6b&name=default HTTP/1.1" status: 200 len: 2996 time: 0.3418753
2026-07-24 18:40:40.650 10 INFO neutron.db.ovn_revision_numbers_db [None req-cda9d2b3-b4f2-44d4-8100-c4097987ac13 - - - - - -] Successfully bumped revision number for resource eb283163-d6c3-4980-8cc6-0e6030c06c42 (type: ports) to 2
2026-07-24 18:40:40.791 9 INFO neutron.wsgi [None req-d276fea3-5da3-441c-98d9-0c946dae80e0 b14169f80e504ebebb83ae9e9c79e7ee e7b59c0201624c6a83648ab178708d6c - - default default] 10.0.0.151 "DELETE /v2.0/security-groups/1a1376e4-22f9-400f-8d0f-de653918dc78 HTTP/1.1" status: 204 len: 168 time: 0.1958833
2026-07-24 18:40:41.013 10 INFO neutron.db.ovn_revision_numbers_db [None req-5e28a459-dcab-41f9-9753-04b14f6d9404 ef09e59875e2446ba6dfa5289ef4d680 9c6c08079c354e00a51ef95a4d025727 - - default default] Successfully bumped revision number for resource fb51fba6-2504-444c-9a77-8dacbbe3348a (type: ports) to 2
2026-07-24 18:40:41.067 10 INFO neutron.db.ovn_revision_numbers_db [None req-5e28a459-dcab-41f9-9753-04b14f6d9404 ef09e59875e2446ba6dfa5289ef4d680 9c6c08079c354e00a51ef95a4d025727 - - default default] Successfully bumped revision number for resource 92a63090-ff1c-4fdf-a90b-d6c4c0b6f52f (type: subnets) to 0
2026-07-24 18:40:41.089 10 INFO neutron.wsgi [None req-5e28a459-dcab-41f9-9753-04b14f6d9404 ef09e59875e2446ba6dfa5289ef4d680 9c6c08079c354e00a51ef95a4d025727 - - default default] 10.0.0.151 "POST /v2.0/subnets HTTP/1.1" status: 201 len: 832 time: 1.5750179
2026-07-24 18:40:41.100 10 INFO neutron.db.ovn_revision_numbers_db [None req-cda9d2b3-b4f2-44d4-8100-c4097987ac13 - - - - - -] Successfully bumped revision number for resource eb283163-d6c3-4980-8cc6-0e6030c06c42 (type: ports) to 4
2026-07-24 18:40:41.499 10 INFO neutron.db.ovn_revision_numbers_db [None req-cda9d2b3-b4f2-44d4-8100-c4097987ac13 - - - - - -] Successfully bumped revision number for resource eb283163-d6c3-4980-8cc6-0e6030c06c42 (type: router_ports) to 4
2026-07-24 18:40:41.774 10 INFO neutron.db.ovn_revision_numbers_db [None req-7a28b7de-c227-4df4-a1bb-649afe770f1a 707c7b5e8e0c4a73b242092092d6c46f 46eaba7ee87f4559b412454496ab1940 - - default default] Successfully bumped revision number for resource fa8ea9d3-1f9d-4174-8166-3dd98d0d3711 (type: router_ports) to 1
2026-07-24 18:40:41.856 10 INFO neutron.db.ovn_revision_numbers_db [None req-7a28b7de-c227-4df4-a1bb-649afe770f1a 707c7b5e8e0c4a73b242092092d6c46f 46eaba7ee87f4559b412454496ab1940 - - default default] Successfully bumped revision number for resource d79cdebb-44e0-485f-bc2f-ca9c009b1584 (type: routers) to 2
2026-07-24 18:40:41.875 10 INFO neutron.wsgi [None req-7a28b7de-c227-4df4-a1bb-649afe770f1a 707c7b5e8e0c4a73b242092092d6c46f 46eaba7ee87f4559b412454496ab1940 - - default default] 10.0.0.151 "POST /v2.0/routers HTTP/1.1" status: 201 len: 871 time: 2.6530814
2026-07-24 18:40:41.944 9 INFO neutron.wsgi [None req-8ce2d9d9-aa54-4b7f-aa06-3f4d2933357c 707c7b5e8e0c4a73b242092092d6c46f 46eaba7ee87f4559b412454496ab1940 - - default default] 10.0.0.151 "GET /v2.0/routers/d79cdebb-44e0-485f-bc2f-ca9c009b1584 HTTP/1.1" status: 200 len: 872 time: 0.0631294
2026-07-24 18:40:42.021 9 INFO neutron.wsgi [None req-16743b7e-1283-409c-bf67-c86bf303d749 707c7b5e8e0c4a73b242092092d6c46f 46eaba7ee87f4559b412454496ab1940 - - default default] 10.0.0.151 "GET /v2.0/routers HTTP/1.1" status: 200 len: 875 time: 0.0723414
2026-07-24 18:40:42.044 10 WARNING neutron.scheduler.dhcp_agent_scheduler [None req-adab0389-23ab-48de-94d5-ca1299d444b4 ef09e59875e2446ba6dfa5289ef4d680 9c6c08079c354e00a51ef95a4d025727 - - default default] No more DHCP agents
2026-07-24 18:40:42.047 10 WARNING neutron.api.rpc.agentnotifiers.dhcp_rpc_agent_api [None req-adab0389-23ab-48de-94d5-ca1299d444b4 ef09e59875e2446ba6dfa5289ef4d680 9c6c08079c354e00a51ef95a4d025727 - - default default] Unable to schedule network 841127fb-1292-44a2-80cf-a15aee28ad83: no agents available; will retry on subsequent port and subnet creation events.
2026-07-24 18:40:42.197 10 INFO neutron.db.ovn_revision_numbers_db [None req-adab0389-23ab-48de-94d5-ca1299d444b4 ef09e59875e2446ba6dfa5289ef4d680 9c6c08079c354e00a51ef95a4d025727 - - default default] Successfully bumped revision number for resource 5b6d2ed2-cccc-4c9e-9714-137fb1175b9d (type: ports) to 1
2026-07-24 18:40:42.260 10 WARNING neutron.plugins.ml2.drivers.ovn.mech_driver.ovsdb.ovn_client [None req-471dd909-38a0-4c1c-a8f5-fbcdbd1f2722 - - - - - -] No port found with ID c0ab4089-a8cc-493b-a499-dc93878c1b22: RuntimeError: No port found with ID c0ab4089-a8cc-493b-a499-dc93878c1b22
2026-07-24 18:40:42.260 10 INFO neutron.plugins.ml2.drivers.ovn.mech_driver.mech_driver [None req-471dd909-38a0-4c1c-a8f5-fbcdbd1f2722 - - - - - -] OVN reports status up for port: fa8ea9d3-1f9d-4174-8166-3dd98d0d3711
2026-07-24 18:40:42.269 10 INFO neutron.plugins.ml2.plugin [None req-471dd909-38a0-4c1c-a8f5-fbcdbd1f2722 - - - - - -] Attempt 1 to provision port fa8ea9d3-1f9d-4174-8166-3dd98d0d3711
2026-07-24 18:40:42.468 9 INFO neutron.db.ovn_revision_numbers_db [None req-52838480-67bf-4ff8-a676-41c87aa7dd3a 707c7b5e8e0c4a73b242092092d6c46f 46eaba7ee87f4559b412454496ab1940 - - default default] Successfully bumped revision number for resource d79cdebb-44e0-485f-bc2f-ca9c009b1584 (type: routers) to 3
2026-07-24 18:40:42.473 9 INFO neutron.wsgi [None req-52838480-67bf-4ff8-a676-41c87aa7dd3a 707c7b5e8e0c4a73b242092092d6c46f 46eaba7ee87f4559b412454496ab1940 - - default default] 10.0.0.151 "PUT /v2.0/routers/d79cdebb-44e0-485f-bc2f-ca9c009b1584 HTTP/1.1" status: 200 len: 879 time: 0.4466190
2026-07-24 18:40:42.563 10 INFO neutron.wsgi [None req-4fcd0d15-991c-4aef-9601-79541917ce3f 707c7b5e8e0c4a73b242092092d6c46f 46eaba7ee87f4559b412454496ab1940 - - default default] 10.0.0.151 "GET /v2.0/routers/d79cdebb-44e0-485f-bc2f-ca9c009b1584 HTTP/1.1" status: 200 len: 879 time: 0.0842791
2026-07-24 18:40:42.588 9 INFO neutron.wsgi [None req-3e5daaaa-9ac4-4054-8aa8-a7849fe5a5d2 707c7b5e8e0c4a73b242092092d6c46f 46eaba7ee87f4559b412454496ab1940 - - default default] 10.0.0.151 "GET /v2.0/ports?device_id=d79cdebb-44e0-485f-bc2f-ca9c009b1584 HTTP/1.1" status: 200 len: 205 time: 0.0207341
2026-07-24 18:40:42.763 9 INFO neutron.plugins.ml2.drivers.ovn.mech_driver.mech_driver [None req-93855813-4388-4242-852d-3b5480ee2b73 - - - - - -] OVN reports status up for port: 5b6d2ed2-cccc-4c9e-9714-137fb1175b9d
2026-07-24 18:40:42.772 9 INFO neutron.plugins.ml2.plugin [None req-93855813-4388-4242-852d-3b5480ee2b73 - - - - - -] Attempt 1 to provision port 5b6d2ed2-cccc-4c9e-9714-137fb1175b9d
2026-07-24 18:40:42.776 10 INFO neutron.db.ovn_revision_numbers_db [None req-adab0389-23ab-48de-94d5-ca1299d444b4 ef09e59875e2446ba6dfa5289ef4d680 9c6c08079c354e00a51ef95a4d025727 - - default default] Successfully bumped revision number for resource 5b6d2ed2-cccc-4c9e-9714-137fb1175b9d (type: router_ports) to 1
2026-07-24 18:40:42.943 10 INFO neutron.db.ovn_revision_numbers_db [None req-adab0389-23ab-48de-94d5-ca1299d444b4 ef09e59875e2446ba6dfa5289ef4d680 9c6c08079c354e00a51ef95a4d025727 - - default default] Successfully bumped revision number for resource 5b6d2ed2-cccc-4c9e-9714-137fb1175b9d (type: ports) to 1
2026-07-24 18:40:43.012 10 WARNING neutron.scheduler.dhcp_agent_scheduler [None req-adab0389-23ab-48de-94d5-ca1299d444b4 ef09e59875e2446ba6dfa5289ef4d680 9c6c08079c354e00a51ef95a4d025727 - - default default] No more DHCP agents
2026-07-24 18:40:43.013 10 WARNING neutron.api.rpc.agentnotifiers.dhcp_rpc_agent_api [None req-adab0389-23ab-48de-94d5-ca1299d444b4 ef09e59875e2446ba6dfa5289ef4d680 9c6c08079c354e00a51ef95a4d025727 - - default default] Unable to schedule network 841127fb-1292-44a2-80cf-a15aee28ad83: no agents available; will retry on subsequent port and subnet creation events.
