2026-07-15 12:28:25.583 7 INFO placement.requestlog [req-49a21174-03bf-482c-b9b8-980b6516699f req-b4af230b-feff-4d0c-b81f-28c75526775b dd052d7b72cb458b974a42000175b04b 1f0c2fc7be4042afa522e3c29bd0691c - - e7e7c10a4bb44964848a4b26017bb821 e7e7c10a4bb44964848a4b26017bb821] 199.204.45.4 "GET /resource_providers/15358465-208c-46a2-8f0f-17c4a17790a4/allocations" status: 200 len: 54 microversion: 1.0 [pid: 7|app: 0|req: 290/580] 199.204.45.4 () {32 vars in 855 bytes} [Wed Jul 15 12:28:25 2026] GET /resource_providers/15358465-208c-46a2-8f0f-17c4a17790a4/allocations => generated 54 bytes in 133 msecs (HTTP/1.1 200) 6 headers in 223 bytes (1 switches on core 0)
2026-07-15 12:28:25.612 8 INFO placement.requestlog [req-49a21174-03bf-482c-b9b8-980b6516699f req-ee7889de-3d2d-4f1a-9ac3-267519e97544 dd052d7b72cb458b974a42000175b04b 1f0c2fc7be4042afa522e3c29bd0691c - - e7e7c10a4bb44964848a4b26017bb821 e7e7c10a4bb44964848a4b26017bb821] 199.204.45.4 "GET /resource_providers?in_tree=15358465-208c-46a2-8f0f-17c4a17790a4" status: 200 len: 797 microversion: 1.14 [pid: 8|app: 0|req: 291/581] 199.204.45.4 () {34 vars in 890 bytes} [Wed Jul 15 12:28:25 2026] GET /resource_providers?in_tree=15358465-208c-46a2-8f0f-17c4a17790a4 => generated 797 bytes in 22 msecs (HTTP/1.1 200) 6 headers in 225 bytes (1 switches on core 0)
2026-07-15 12:28:25.635 7 INFO placement.requestlog [req-49a21174-03bf-482c-b9b8-980b6516699f req-e1ab303d-76cc-460a-a65e-cb46d83aa1c9 dd052d7b72cb458b974a42000175b04b 1f0c2fc7be4042afa522e3c29bd0691c - - e7e7c10a4bb44964848a4b26017bb821 e7e7c10a4bb44964848a4b26017bb821] 199.204.45.4 "GET /resource_providers/15358465-208c-46a2-8f0f-17c4a17790a4/inventories" status: 200 len: 400 microversion: 1.0 [pid: 7|app: 0|req: 291/582] 199.204.45.4 () {32 vars in 855 bytes} [Wed Jul 15 12:28:25 2026] GET /resource_providers/15358465-208c-46a2-8f0f-17c4a17790a4/inventories => generated 400 bytes in 16 msecs (HTTP/1.1 200) 6 headers in 224 bytes (1 switches on core 0)
2026-07-15 12:28:25.649 8 INFO placement.requestlog [req-49a21174-03bf-482c-b9b8-980b6516699f req-2a26c5d6-4980-4f0d-b2bb-91142648bafa dd052d7b72cb458b974a42000175b04b 1f0c2fc7be4042afa522e3c29bd0691c - - e7e7c10a4bb44964848a4b26017bb821 e7e7c10a4bb44964848a4b26017bb821] 199.204.45.4 "GET /resource_providers/15358465-208c-46a2-8f0f-17c4a17790a4/aggregates" status: 200 len: 53 microversion: 1.19 [pid: 8|app: 0|req: 292/583] 199.204.45.4 () {34 vars in 897 bytes} [Wed Jul 15 12:28:25 2026] GET /resource_providers/15358465-208c-46a2-8f0f-17c4a17790a4/aggregates => generated 53 bytes in 7 msecs (HTTP/1.1 200) 8 headers in 295 bytes (1 switches on core 0)
2026-07-15 12:28:25.670 7 INFO placement.requestlog [req-49a21174-03bf-482c-b9b8-980b6516699f req-094afab4-e65b-4a93-94dc-94d2397f41fe dd052d7b72cb458b974a42000175b04b 1f0c2fc7be4042afa522e3c29bd0691c - - e7e7c10a4bb44964848a4b26017bb821 e7e7c10a4bb44964848a4b26017bb821] 199.204.45.4 "GET /resource_providers/15358465-208c-46a2-8f0f-17c4a17790a4/traits" status: 200 len: 2316 microversion: 1.6 [pid: 7|app: 0|req: 292/584] 199.204.45.4 () {34 vars in 888 bytes} [Wed Jul 15 12:28:25 2026] GET /resource_providers/15358465-208c-46a2-8f0f-17c4a17790a4/traits => generated 2316 bytes in 14 msecs (HTTP/1.1 200) 6 headers in 225 bytes (1 switches on core 0)
2026-07-15 12:28:25.689 8 INFO placement.requestlog [req-49a21174-03bf-482c-b9b8-980b6516699f req-24dfcba3-243d-4572-9d59-732c2369796b dd052d7b72cb458b974a42000175b04b 1f0c2fc7be4042afa522e3c29bd0691c - - e7e7c10a4bb44964848a4b26017bb821 e7e7c10a4bb44964848a4b26017bb821] 199.204.45.4 "GET /resource_providers/15358465-208c-46a2-8f0f-17c4a17790a4/allocations" status: 200 len: 54 microversion: 1.0 [pid: 8|app: 0|req: 293/585] 199.204.45.4 () {32 vars in 855 bytes} [Wed Jul 15 12:28:25 2026] GET /resource_providers/15358465-208c-46a2-8f0f-17c4a17790a4/allocations => generated 54 bytes in 15 msecs (HTTP/1.1 200) 6 headers in 223 bytes (1 switches on core 0)
2026-07-15 12:28:34.524 7 INFO placement.requestlog [None req-9020a4a8-96fb-41c1-a06a-a922be91d234 - - - - - -] 10.0.0.134 "GET /" status: 200 len: 136 microversion: 1.0
2026-07-15 12:28:34.524 8 INFO placement.requestlog [None req-dd22fc7c-cedb-42aa-9467-d7bd6811c7f8 - - - - - -] 10.0.0.134 "GET /" status: 200 len: 136 microversion: 1.0
2026-07-15 12:28:44.524 8 INFO placement.requestlog [None req-c0947d56-4cf3-41b4-a7c7-a4937dd579fe - - - - - -] 10.0.0.134 "GET /" status: 200 len: 136 microversion: 1.0
2026-07-15 12:28:44.524 7 INFO placement.requestlog [None req-2c7946b3-ec1d-4aac-930c-89d674ecdbf8 - - - - - -] 10.0.0.134 "GET /" status: 200 len: 136 microversion: 1.0
2026-07-15 12:28:54.523 7 INFO placement.requestlog [None req-0cc722c1-3336-4510-a325-81a371239ca6 - - - - - -] 10.0.0.134 "GET /" status: 200 len: 136 microversion: 1.0
2026-07-15 12:28:54.523 8 INFO placement.requestlog [None req-c84a0316-deb7-4b7a-80ef-93a6b1a84c25 - - - - - -] 10.0.0.134 "GET /" status: 200 len: 136 microversion: 1.0
2026-07-15 12:29:04.524 7 INFO placement.requestlog [None req-feb8f16d-7d19-49bb-80ae-8b652b3b3b54 - - - - - -] 10.0.0.134 "GET /" status: 200 len: 136 microversion: 1.0
2026-07-15 12:29:04.525 8 INFO placement.requestlog [None req-4f6f0e25-6472-4278-93a1-9727879cbe9a - - - - - -] 10.0.0.134 "GET /" status: 200 len: 136 microversion: 1.0
2026-07-15 12:29:14.525 8 INFO placement.requestlog [None req-c33c72f5-d02f-4135-871a-5aa4b694be12 - - - - - -] 10.0.0.134 "GET /" status: 200 len: 136 microversion: 1.0
2026-07-15 12:29:14.526 7 INFO placement.requestlog [None req-f4aa5839-5d60-4f1c-a3b0-19f723f663bd - - - - - -] 10.0.0.134 "GET /" status: 200 len: 136 microversion: 1.0
2026-07-15 12:29:24.524 8 INFO placement.requestlog [None req-6435b4ec-142c-4bfd-aba1-25ca4b8d97bb - - - - - -] 10.0.0.134 "GET /" status: 200 len: 136 microversion: 1.0
2026-07-15 12:29:24.526 7 INFO placement.requestlog [None req-d9098a35-c535-46e9-815f-d8e87db9e06a - - - - - -] 10.0.0.134 "GET /" status: 200 len: 136 microversion: 1.0
2026-07-15 12:29:27.507 8 INFO placement.requestlog [req-0be12610-0b93-4ea8-98ee-8b0e7f61d436 req-f995cac7-35cb-4356-9e51-b8792b003f06 dd052d7b72cb458b974a42000175b04b 1f0c2fc7be4042afa522e3c29bd0691c - - e7e7c10a4bb44964848a4b26017bb821 e7e7c10a4bb44964848a4b26017bb821] 199.204.45.4 "GET /resource_providers/15358465-208c-46a2-8f0f-17c4a17790a4/allocations" status: 200 len: 54 microversion: 1.0 [pid: 8|app: 0|req: 300/598] 199.204.45.4 () {32 vars in 855 bytes} [Wed Jul 15 12:29:27 2026] GET /resource_providers/15358465-208c-46a2-8f0f-17c4a17790a4/allocations => generated 54 bytes in 15 msecs (HTTP/1.1 200) 6 headers in 223 bytes (1 switches on core 0)
2026-07-15 12:29:27.528 7 INFO placement.requestlog [req-0be12610-0b93-4ea8-98ee-8b0e7f61d436 req-02cb77c0-7a85-424c-bf43-4d234e473068 dd052d7b72cb458b974a42000175b04b 1f0c2fc7be4042afa522e3c29bd0691c - - e7e7c10a4bb44964848a4b26017bb821 e7e7c10a4bb44964848a4b26017bb821] 199.204.45.4 "GET /resource_providers/15358465-208c-46a2-8f0f-17c4a17790a4/allocations" status: 200 len: 54 microversion: 1.0 [pid: 7|app: 0|req: 299/599] 199.204.45.4 () {32 vars in 855 bytes} [Wed Jul 15 12:29:27 2026] GET /resource_providers/15358465-208c-46a2-8f0f-17c4a17790a4/allocations => generated 54 bytes in 16 msecs (HTTP/1.1 200) 6 headers in 223 bytes (1 switches on core 0)
2026-07-15 12:29:34.523 8 INFO placement.requestlog [None req-cd88e574-0cb4-47bf-95cf-ee28621d09c4 - - - - - -] 10.0.0.134 "GET /" status: 200 len: 136 microversion: 1.0
2026-07-15 12:29:34.524 7 INFO placement.requestlog [None req-323ca881-ad24-4b0f-90d1-7d352566f6f5 - - - - - -] 10.0.0.134 "GET /" status: 200 len: 136 microversion: 1.0
2026-07-15 12:29:44.526 8 INFO placement.requestlog [None req-208fc0b8-10fd-43e1-9e0d-f205c3c88e52 - - - - - -] 10.0.0.134 "GET /" status: 200 len: 136 microversion: 1.0
2026-07-15 12:29:44.527 7 INFO placement.requestlog [None req-6de3920d-fef6-40ea-bd79-21b586e6643e - - - - - -] 10.0.0.134 "GET /" status: 200 len: 136 microversion: 1.0
2026-07-15 12:29:54.524 7 INFO placement.requestlog [None req-94954536-fc61-4c79-a611-9a25b56c4a85 - - - - - -] 10.0.0.134 "GET /" status: 200 len: 136 microversion: 1.0
2026-07-15 12:29:54.524 8 INFO placement.requestlog [None req-273c3f2b-2d13-4afd-b23a-834ca00bc083 - - - - - -] 10.0.0.134 "GET /" status: 200 len: 136 microversion: 1.0
2026-07-15 12:30:04.523 7 INFO placement.requestlog [None req-c095c122-c446-4aca-ac01-12d886e86040 - - - - - -] 10.0.0.134 "GET /" status: 200 len: 136 microversion: 1.0
2026-07-15 12:30:04.524 8 INFO placement.requestlog [None req-475154ce-323b-4ab7-94d8-ce11234d5d8e - - - - - -] 10.0.0.134 "GET /" status: 200 len: 136 microversion: 1.0
2026-07-15 12:30:14.525 8 INFO placement.requestlog [None req-664b846a-c591-4217-88e6-ce4363ae30f1 - - - - - -] 10.0.0.134 "GET /" status: 200 len: 136 microversion: 1.0
2026-07-15 12:30:14.525 7 INFO placement.requestlog [None req-6d2467f4-051e-4adc-8526-63ef0c44f02a - - - - - -] 10.0.0.134 "GET /" status: 200 len: 136 microversion: 1.0
2026-07-15 12:30:24.523 8 INFO placement.requestlog [None req-e09d941a-e5d6-4f06-9ddd-b0c9a4eec518 - - - - - -] 10.0.0.134 "GET /" status: 200 len: 136 microversion: 1.0
2026-07-15 12:30:24.524 7 INFO placement.requestlog [None req-dc50ea1f-fe04-44e3-b3a8-df5bfd5f6315 - - - - - -] 10.0.0.134 "GET /" status: 200 len: 136 microversion: 1.0
2026-07-15 12:30:27.602 8 INFO placement.requestlog [req-2bc21e53-0996-46cf-a1a0-f7846d92510e req-2ef70772-d2ed-4680-bbac-6ce1742552ed dd052d7b72cb458b974a42000175b04b 1f0c2fc7be4042afa522e3c29bd0691c - - e7e7c10a4bb44964848a4b26017bb821 e7e7c10a4bb44964848a4b26017bb821] 199.204.45.4 "GET /resource_providers/15358465-208c-46a2-8f0f-17c4a17790a4/allocations" status: 200 len: 54 microversion: 1.0 [pid: 8|app: 0|req: 307/612] 199.204.45.4 () {32 vars in 855 bytes} [Wed Jul 15 12:30:27 2026] GET /resource_providers/15358465-208c-46a2-8f0f-17c4a17790a4/allocations => generated 54 bytes in 17 msecs (HTTP/1.1 200) 6 headers in 223 bytes (1 switches on core 0)
2026-07-15 12:30:27.631 7 INFO placement.requestlog [req-2bc21e53-0996-46cf-a1a0-f7846d92510e req-07e05f2d-cbd5-4185-9950-605a48be32ac dd052d7b72cb458b974a42000175b04b 1f0c2fc7be4042afa522e3c29bd0691c - - e7e7c10a4bb44964848a4b26017bb821 e7e7c10a4bb44964848a4b26017bb821] 199.204.45.4 "GET /resource_providers/15358465-208c-46a2-8f0f-17c4a17790a4/allocations" status: 200 len: 54 microversion: 1.0 [pid: 7|app: 0|req: 306/613] 199.204.45.4 () {32 vars in 855 bytes} [Wed Jul 15 12:30:27 2026] GET /resource_providers/15358465-208c-46a2-8f0f-17c4a17790a4/allocations => generated 54 bytes in 20 msecs (HTTP/1.1 200) 6 headers in 223 bytes (1 switches on core 0)
2026-07-15 12:30:34.524 8 INFO placement.requestlog [None req-7d7f9a43-84bc-40e2-8aad-d486f03c4fc2 - - - - - -] 10.0.0.134 "GET /" status: 200 len: 136 microversion: 1.0
2026-07-15 12:30:34.524 7 INFO placement.requestlog [None req-a0ef0315-3572-4066-a20a-9696078347a1 - - - - - -] 10.0.0.134 "GET /" status: 200 len: 136 microversion: 1.0
2026-07-15 12:30:44.523 8 INFO placement.requestlog [None req-828a086f-9c70-4263-8d62-a2c65caefb3c - - - - - -] 10.0.0.134 "GET /" status: 200 len: 136 microversion: 1.0
2026-07-15 12:30:44.523 7 INFO placement.requestlog [None req-c5c973bf-8fdb-4cef-8406-07f3573a05e6 - - - - - -] 10.0.0.134 "GET /" status: 200 len: 136 microversion: 1.0
2026-07-15 12:30:54.523 8 INFO placement.requestlog [None req-03fdffd2-2ca7-4165-b954-7dee55bdd651 - - - - - -] 10.0.0.134 "GET /" status: 200 len: 136 microversion: 1.0
2026-07-15 12:30:54.524 7 INFO placement.requestlog [None req-152edd75-fd43-4cf2-87c9-547549ae89e0 - - - - - -] 10.0.0.134 "GET /" status: 200 len: 136 microversion: 1.0
2026-07-15 12:31:04.524 8 INFO placement.requestlog [None req-c4801dbe-5754-43d2-a775-3bd2944f24ed - - - - - -] 10.0.0.134 "GET /" status: 200 len: 136 microversion: 1.0
2026-07-15 12:31:04.524 7 INFO placement.requestlog [None req-64541df7-03e1-4aa8-ba77-34556b20cab5 - - - - - -] 10.0.0.134 "GET /" status: 200 len: 136 microversion: 1.0
2026-07-15 12:31:14.524 7 INFO placement.requestlog [None req-aaca1661-6a75-4823-b133-4b195e5348e5 - - - - - -] 10.0.0.134 "GET /" status: 200 len: 136 microversion: 1.0
2026-07-15 12:31:14.524 8 INFO placement.requestlog [None req-a703afb6-2a52-4f0f-a43e-06e48196ff4b - - - - - -] 10.0.0.134 "GET /" status: 200 len: 136 microversion: 1.0
2026-07-15 12:31:24.524 7 INFO placement.requestlog [None req-2eb0a35a-3d27-4ad6-ba3d-e23894669d74 - - - - - -] 10.0.0.134 "GET /" status: 200 len: 136 microversion: 1.0
2026-07-15 12:31:24.524 8 INFO placement.requestlog [None req-2fc46550-0312-4784-a967-ed7faf6d5ff4 - - - - - -] 10.0.0.134 "GET /" status: 200 len: 136 microversion: 1.0
2026-07-15 12:31:29.552 7 INFO placement.requestlog [req-1ca29aba-aaeb-46d4-9aea-fc160d1e30c6 req-af639b39-79db-4293-bd62-bc2354f8c637 dd052d7b72cb458b974a42000175b04b 1f0c2fc7be4042afa522e3c29bd0691c - - e7e7c10a4bb44964848a4b26017bb821 e7e7c10a4bb44964848a4b26017bb821] 199.204.45.4 "GET /resource_providers/15358465-208c-46a2-8f0f-17c4a17790a4/allocations" status: 200 len: 54 microversion: 1.0 [pid: 7|app: 0|req: 313/626] 199.204.45.4 () {32 vars in 855 bytes} [Wed Jul 15 12:31:29 2026] GET /resource_providers/15358465-208c-46a2-8f0f-17c4a17790a4/allocations => generated 54 bytes in 23 msecs (HTTP/1.1 200) 6 headers in 223 bytes (1 switches on core 0)
2026-07-15 12:31:29.578 8 INFO placement.requestlog [req-1ca29aba-aaeb-46d4-9aea-fc160d1e30c6 req-e0471bdb-37db-4255-b4bc-f99f364b908e dd052d7b72cb458b974a42000175b04b 1f0c2fc7be4042afa522e3c29bd0691c - - e7e7c10a4bb44964848a4b26017bb821 e7e7c10a4bb44964848a4b26017bb821] 199.204.45.4 "GET /resource_providers/15358465-208c-46a2-8f0f-17c4a17790a4/allocations" status: 200 len: 54 microversion: 1.0 [pid: 8|app: 0|req: 314/627] 199.204.45.4 () {32 vars in 855 bytes} [Wed Jul 15 12:31:29 2026] GET /resource_providers/15358465-208c-46a2-8f0f-17c4a17790a4/allocations => generated 54 bytes in 19 msecs (HTTP/1.1 200) 6 headers in 223 bytes (1 switches on core 0)
2026-07-15 12:31:34.523 7 INFO placement.requestlog [None req-206ac3a6-27d2-485c-b1b9-d27586686b47 - - - - - -] 10.0.0.134 "GET /" status: 200 len: 136 microversion: 1.0
2026-07-15 12:31:34.524 8 INFO placement.requestlog [None req-288ad11c-0c9a-400d-8ba4-ba23bbe92507 - - - - - -] 10.0.0.134 "GET /" status: 200 len: 136 microversion: 1.0
2026-07-15 12:31:44.524 7 INFO placement.requestlog [None req-81d8bf01-a609-48c3-8053-127fd444113b - - - - - -] 10.0.0.134 "GET /" status: 200 len: 136 microversion: 1.0
2026-07-15 12:31:44.524 8 INFO placement.requestlog [None req-ddd9bae4-6987-45bd-8493-f36f005b36ab - - - - - -] 10.0.0.134 "GET /" status: 200 len: 136 microversion: 1.0
2026-07-15 12:31:54.524 8 INFO placement.requestlog [None req-6c054876-f8dd-4237-9726-86fe6bbdcf5d - - - - - -] 10.0.0.134 "GET /" status: 200 len: 136 microversion: 1.0
2026-07-15 12:31:54.524 7 INFO placement.requestlog [None req-246e925a-73dc-4621-a11e-417c2200e36f - - - - - -] 10.0.0.134 "GET /" status: 200 len: 136 microversion: 1.0
2026-07-15 12:32:04.524 8 INFO placement.requestlog [None req-1c12d4ff-ada7-4544-8ef2-f9c6b3e04319 - - - - - -] 10.0.0.134 "GET /" status: 200 len: 136 microversion: 1.0
2026-07-15 12:32:04.525 7 INFO placement.requestlog [None req-d84704f3-5f55-4395-afcc-aeb5ce6cd744 - - - - - -] 10.0.0.134 "GET /" status: 200 len: 136 microversion: 1.0
2026-07-15 12:32:14.524 7 INFO placement.requestlog [None req-defdd583-72e4-4f4f-b535-74d084d04683 - - - - - -] 10.0.0.134 "GET /" status: 200 len: 136 microversion: 1.0
2026-07-15 12:32:14.524 8 INFO placement.requestlog [None req-427a6a2d-316b-49bd-a4c9-cdba51daab2a - - - - - -] 10.0.0.134 "GET /" status: 200 len: 136 microversion: 1.0
2026-07-15 12:32:24.524 7 INFO placement.requestlog [None req-cdd60875-fda7-4d36-8067-f9bf86d7afc6 - - - - - -] 10.0.0.134 "GET /" status: 200 len: 136 microversion: 1.0
2026-07-15 12:32:24.524 8 INFO placement.requestlog [None req-003a923d-5ed8-4137-864e-bae404944728 - - - - - -] 10.0.0.134 "GET /" status: 200 len: 136 microversion: 1.0
2026-07-15 12:32:31.507 7 INFO placement.requestlog [req-5c0a7204-31f6-4030-8ba5-c85b9d8dd174 req-946dfa12-60d9-46c0-a8d7-5b913dbcc0aa dd052d7b72cb458b974a42000175b04b 1f0c2fc7be4042afa522e3c29bd0691c - - e7e7c10a4bb44964848a4b26017bb821 e7e7c10a4bb44964848a4b26017bb821] 199.204.45.4 "GET /resource_providers/15358465-208c-46a2-8f0f-17c4a17790a4/allocations" status: 200 len: 54 microversion: 1.0 [pid: 7|app: 0|req: 320/640] 199.204.45.4 () {32 vars in 855 bytes} [Wed Jul 15 12:32:31 2026] GET /resource_providers/15358465-208c-46a2-8f0f-17c4a17790a4/allocations => generated 54 bytes in 22 msecs (HTTP/1.1 200) 6 headers in 223 bytes (1 switches on core 0)
2026-07-15 12:32:31.530 8 INFO placement.requestlog [req-5c0a7204-31f6-4030-8ba5-c85b9d8dd174 req-5bb313f0-ac10-469b-98dc-d3f4883d16c3 dd052d7b72cb458b974a42000175b04b 1f0c2fc7be4042afa522e3c29bd0691c - - e7e7c10a4bb44964848a4b26017bb821 e7e7c10a4bb44964848a4b26017bb821] 199.204.45.4 "GET /resource_providers/15358465-208c-46a2-8f0f-17c4a17790a4/allocations" status: 200 len: 54 microversion: 1.0 [pid: 8|app: 0|req: 321/641] 199.204.45.4 () {32 vars in 855 bytes} [Wed Jul 15 12:32:31 2026] GET /resource_providers/15358465-208c-46a2-8f0f-17c4a17790a4/allocations => generated 54 bytes in 16 msecs (HTTP/1.1 200) 6 headers in 223 bytes (1 switches on core 0)
2026-07-15 12:32:34.524 8 INFO placement.requestlog [None req-9c6c7370-22f5-4e6e-afc7-6e044347407b - - - - - -] 10.0.0.134 "GET /" status: 200 len: 136 microversion: 1.0
2026-07-15 12:32:34.525 7 INFO placement.requestlog [None req-629f9b65-95e8-470d-8856-aa65529e5f04 - - - - - -] 10.0.0.134 "GET /" status: 200 len: 136 microversion: 1.0
2026-07-15 12:32:44.524 7 INFO placement.requestlog [None req-4f71e624-6f9f-4bb7-a8e1-3b20522173c8 - - - - - -] 10.0.0.134 "GET /" status: 200 len: 136 microversion: 1.0
2026-07-15 12:32:44.524 8 INFO placement.requestlog [None req-ac39ffc2-7218-4c2e-a114-8163b816cb9c - - - - - -] 10.0.0.134 "GET /" status: 200 len: 136 microversion: 1.0
2026-07-15 12:32:49.032 8 INFO placement.requestlog [req-31157f93-6a89-454f-9bd0-26888b34d1e7 req-24a3c0a9-4f4a-4523-87d3-5ef4877bbcf2 dd052d7b72cb458b974a42000175b04b 1f0c2fc7be4042afa522e3c29bd0691c - - e7e7c10a4bb44964848a4b26017bb821 e7e7c10a4bb44964848a4b26017bb821] 10.0.0.93 "GET /allocation_candidates?limit=1000&resources=DISK_GB%3A1%2CMEMORY_MB%3A512%2CVCPU%3A1&root_required=%21COMPUTE_STATUS_DISABLED" status: 200 len: 2781 microversion: 1.36 [pid: 8|app: 0|req: 324/646] 10.0.0.93 () {34 vars in 1011 bytes} [Wed Jul 15 12:32:48 2026] GET /allocation_candidates?limit=1000&resources=DISK_GB%3A1%2CMEMORY_MB%3A512%2CVCPU%3A1&root_required=%21COMPUTE_STATUS_DISABLED => generated 2781 bytes in 189 msecs (HTTP/1.1 200) 8 headers in 297 bytes (1 switches on core 0)
2026-07-15 12:32:49.075 7 INFO placement.requestlog [req-31157f93-6a89-454f-9bd0-26888b34d1e7 req-88ee9a6b-70b9-40ff-8cbf-4c8cba9d9220 dd052d7b72cb458b974a42000175b04b 1f0c2fc7be4042afa522e3c29bd0691c - - e7e7c10a4bb44964848a4b26017bb821 e7e7c10a4bb44964848a4b26017bb821] 10.0.0.93 "GET /allocations/a2d9b139-5548-400c-bfa6-2416ca6bc67f" status: 200 len: 19 microversion: 1.28 [pid: 7|app: 0|req: 323/647] 10.0.0.93 () {34 vars in 860 bytes} [Wed Jul 15 12:32:49 2026] GET /allocations/a2d9b139-5548-400c-bfa6-2416ca6bc67f => generated 19 bytes in 14 msecs (HTTP/1.1 200) 8 headers in 295 bytes (1 switches on core 0)
2026-07-15 12:32:49.174 8 INFO placement.requestlog [req-31157f93-6a89-454f-9bd0-26888b34d1e7 req-ac8f794b-6c95-4a9b-8af9-bcbb6aa92ad7 dd052d7b72cb458b974a42000175b04b 1f0c2fc7be4042afa522e3c29bd0691c - - e7e7c10a4bb44964848a4b26017bb821 e7e7c10a4bb44964848a4b26017bb821] 10.0.0.93 "PUT /allocations/a2d9b139-5548-400c-bfa6-2416ca6bc67f" status: 204 len: 0 microversion: 1.36 [pid: 8|app: 0|req: 325/648] 10.0.0.93 () {38 vars in 913 bytes} [Wed Jul 15 12:32:49 2026] PUT /allocations/a2d9b139-5548-400c-bfa6-2416ca6bc67f => generated 0 bytes in 92 msecs (HTTP/1.1 204) 5 headers in 199 bytes (1 switches on core 0)
2026-07-15 12:32:50.661 7 INFO placement.requestlog [req-31157f93-6a89-454f-9bd0-26888b34d1e7 req-127ea5c6-0de4-4b1a-b424-3d5c6e9a7f03 dd052d7b72cb458b974a42000175b04b 1f0c2fc7be4042afa522e3c29bd0691c - - e7e7c10a4bb44964848a4b26017bb821 e7e7c10a4bb44964848a4b26017bb821] 199.204.45.4 "GET /allocations/a2d9b139-5548-400c-bfa6-2416ca6bc67f" status: 200 len: 257 microversion: 1.28 [pid: 7|app: 0|req: 324/649] 199.204.45.4 () {34 vars in 861 bytes} [Wed Jul 15 12:32:50 2026] GET /allocations/a2d9b139-5548-400c-bfa6-2416ca6bc67f => generated 257 bytes in 11 msecs (HTTP/1.1 200) 8 headers in 296 bytes (1 switches on core 0)
2026-07-15 12:32:51.704 8 INFO placement.requestlog [req-31157f93-6a89-454f-9bd0-26888b34d1e7 req-ce802c46-464c-4fee-9f08-d340d5941fcf dd052d7b72cb458b974a42000175b04b 1f0c2fc7be4042afa522e3c29bd0691c - - e7e7c10a4bb44964848a4b26017bb821 e7e7c10a4bb44964848a4b26017bb821] 199.204.45.4 "GET /resource_providers/15358465-208c-46a2-8f0f-17c4a17790a4/allocations" status: 200 len: 152 microversion: 1.0 [pid: 8|app: 0|req: 326/650] 199.204.45.4 () {32 vars in 855 bytes} [Wed Jul 15 12:32:51 2026] GET /resource_providers/15358465-208c-46a2-8f0f-17c4a17790a4/allocations => generated 152 bytes in 21 msecs (HTTP/1.1 200) 6 headers in 224 bytes (1 switches on core 0)
2026-07-15 12:32:51.719 7 INFO placement.requestlog [req-31157f93-6a89-454f-9bd0-26888b34d1e7 req-392ae104-ef95-47b4-b648-88c3895bc8bf dd052d7b72cb458b974a42000175b04b 1f0c2fc7be4042afa522e3c29bd0691c - - e7e7c10a4bb44964848a4b26017bb821 e7e7c10a4bb44964848a4b26017bb821] 199.204.45.4 "GET /allocations/a2d9b139-5548-400c-bfa6-2416ca6bc67f" status: 200 len: 257 microversion: 1.28 [pid: 7|app: 0|req: 325/651] 199.204.45.4 () {34 vars in 861 bytes} [Wed Jul 15 12:32:51 2026] GET /allocations/a2d9b139-5548-400c-bfa6-2416ca6bc67f => generated 257 bytes in 10 msecs (HTTP/1.1 200) 8 headers in 296 bytes (1 switches on core 0)
2026-07-15 12:32:52.212 8 INFO placement.requestlog [None req-0057775b-062b-46b8-b603-d97c0b5c1048 88b3036d3c3348b68c2eba6293cedeea 1f0c2fc7be4042afa522e3c29bd0691c - - e7e7c10a4bb44964848a4b26017bb821 e7e7c10a4bb44964848a4b26017bb821] 10.0.0.208 "GET /resource_providers/1d5bcc44-bb82-44ad-b70a-9bb783882e20/aggregates" status: 404 len: 235 microversion: 1.1 [pid: 8|app: 0|req: 327/652] 10.0.0.208 () {32 vars in 816 bytes} [Wed Jul 15 12:32:52 2026] GET /resource_providers/1d5bcc44-bb82-44ad-b70a-9bb783882e20/aggregates => generated 235 bytes in 58 msecs (HTTP/1.1 404) 5 headers in 202 bytes (1 switches on core 0)
2026-07-15 12:32:52.225 7 INFO placement.requestlog [None req-66650658-8afe-4c16-98a8-1da8cb6568c0 88b3036d3c3348b68c2eba6293cedeea 1f0c2fc7be4042afa522e3c29bd0691c - - e7e7c10a4bb44964848a4b26017bb821 e7e7c10a4bb44964848a4b26017bb821] 10.0.0.208 "GET /resource_providers/1d5bcc44-bb82-44ad-b70a-9bb783882e20/aggregates" status: 404 len: 235 microversion: 1.1 [pid: 7|app: 0|req: 326/653] 10.0.0.208 () {32 vars in 816 bytes} [Wed Jul 15 12:32:52 2026] GET /resource_providers/1d5bcc44-bb82-44ad-b70a-9bb783882e20/aggregates => generated 235 bytes in 71 msecs (HTTP/1.1 404) 5 headers in 202 bytes (1 switches on core 0)
2026-07-15 12:32:52.239 8 INFO placement.requestlog [None req-914c492e-5a98-4b67-83b9-a433fbb1bc80 88b3036d3c3348b68c2eba6293cedeea 1f0c2fc7be4042afa522e3c29bd0691c - - e7e7c10a4bb44964848a4b26017bb821 e7e7c10a4bb44964848a4b26017bb821] 10.0.0.208 "DELETE /resource_providers/1d5bcc44-bb82-44ad-b70a-9bb783882e20" status: 404 len: 246 microversion: 1.1 [pid: 8|app: 0|req: 328/654] 10.0.0.208 () {34 vars in 816 bytes} [Wed Jul 15 12:32:52 2026] DELETE /resource_providers/1d5bcc44-bb82-44ad-b70a-9bb783882e20 => generated 246 bytes in 18 msecs (HTTP/1.1 404) 6 headers in 231 bytes (1 switches on core 0)
2026-07-15 12:32:52.252 7 INFO placement.requestlog [None req-e7b10e59-2678-435c-a841-49d4645a21b4 88b3036d3c3348b68c2eba6293cedeea 1f0c2fc7be4042afa522e3c29bd0691c - - e7e7c10a4bb44964848a4b26017bb821 e7e7c10a4bb44964848a4b26017bb821] 10.0.0.208 "DELETE /resource_providers/1d5bcc44-bb82-44ad-b70a-9bb783882e20" status: 404 len: 246 microversion: 1.1 [pid: 7|app: 0|req: 327/655] 10.0.0.208 () {34 vars in 816 bytes} [Wed Jul 15 12:32:52 2026] DELETE /resource_providers/1d5bcc44-bb82-44ad-b70a-9bb783882e20 => generated 246 bytes in 9 msecs (HTTP/1.1 404) 6 headers in 231 bytes (1 switches on core 0)
2026-07-15 12:32:53.336 7 INFO placement.requestlog [None req-cdb87f07-f70d-4538-ae4d-74e96f260dcd 88b3036d3c3348b68c2eba6293cedeea 1f0c2fc7be4042afa522e3c29bd0691c - - e7e7c10a4bb44964848a4b26017bb821 e7e7c10a4bb44964848a4b26017bb821] 10.0.0.208 "GET /resource_providers/c10f8a90-d37c-4b67-bfc1-d4fb8a75494e/aggregates" status: 404 len: 235 microversion: 1.1 [pid: 7|app: 0|req: 328/656] 10.0.0.208 () {32 vars in 816 bytes} [Wed Jul 15 12:32:53 2026] GET /resource_providers/c10f8a90-d37c-4b67-bfc1-d4fb8a75494e/aggregates => generated 235 bytes in 125 msecs (HTTP/1.1 404) 5 headers in 202 bytes (1 switches on core 0)
2026-07-15 12:32:53.341 8 INFO placement.requestlog [None req-35515c7e-6576-4510-84ff-689387626a00 88b3036d3c3348b68c2eba6293cedeea 1f0c2fc7be4042afa522e3c29bd0691c - - e7e7c10a4bb44964848a4b26017bb821 e7e7c10a4bb44964848a4b26017bb821] 10.0.0.208 "GET /resource_providers/c10f8a90-d37c-4b67-bfc1-d4fb8a75494e/aggregates" status: 404 len: 235 microversion: 1.1 [pid: 8|app: 0|req: 329/657] 10.0.0.208 () {32 vars in 816 bytes} [Wed Jul 15 12:32:53 2026] GET /resource_providers/c10f8a90-d37c-4b67-bfc1-d4fb8a75494e/aggregates => generated 235 bytes in 130 msecs (HTTP/1.1 404) 5 headers in 202 bytes (1 switches on core 0)
2026-07-15 12:32:53.355 7 INFO placement.requestlog [None req-e9ff3260-a0e7-4b5f-a70e-6277dbc8a2b1 88b3036d3c3348b68c2eba6293cedeea 1f0c2fc7be4042afa522e3c29bd0691c - - e7e7c10a4bb44964848a4b26017bb821 e7e7c10a4bb44964848a4b26017bb821] 10.0.0.208 "DELETE /resource_providers/c10f8a90-d37c-4b67-bfc1-d4fb8a75494e" status: 404 len: 246 microversion: 1.1 [pid: 7|app: 0|req: 329/658] 10.0.0.208 () {34 vars in 816 bytes} [Wed Jul 15 12:32:53 2026] DELETE /resource_providers/c10f8a90-d37c-4b67-bfc1-d4fb8a75494e => generated 246 bytes in 7 msecs (HTTP/1.1 404) 6 headers in 231 bytes (1 switches on core 0)
2026-07-15 12:32:53.360 8 INFO placement.requestlog [None req-da3a77a4-425e-430d-a800-d5e8fdebd903 88b3036d3c3348b68c2eba6293cedeea 1f0c2fc7be4042afa522e3c29bd0691c - - e7e7c10a4bb44964848a4b26017bb821 e7e7c10a4bb44964848a4b26017bb821] 10.0.0.208 "DELETE /resource_providers/c10f8a90-d37c-4b67-bfc1-d4fb8a75494e" status: 404 len: 246 microversion: 1.1 [pid: 8|app: 0|req: 330/659] 10.0.0.208 () {34 vars in 816 bytes} [Wed Jul 15 12:32:53 2026] DELETE /resource_providers/c10f8a90-d37c-4b67-bfc1-d4fb8a75494e => generated 246 bytes in 11 msecs (HTTP/1.1 404) 6 headers in 231 bytes (1 switches on core 0)
2026-07-15 12:32:54.260 7 INFO placement.requestlog [None req-2f85ea9e-cb05-4e02-bc49-f47a7d410394 88b3036d3c3348b68c2eba6293cedeea 1f0c2fc7be4042afa522e3c29bd0691c - - e7e7c10a4bb44964848a4b26017bb821 e7e7c10a4bb44964848a4b26017bb821] 10.0.0.208 "GET /resource_providers/a3596bf2-6aae-4eef-8723-a2d28b4fb72e/aggregates" status: 404 len: 235 microversion: 1.1 [pid: 7|app: 0|req: 330/660] 10.0.0.208 () {32 vars in 816 bytes} [Wed Jul 15 12:32:54 2026] GET /resource_providers/a3596bf2-6aae-4eef-8723-a2d28b4fb72e/aggregates => generated 235 bytes in 8 msecs (HTTP/1.1 404) 5 headers in 202 bytes (1 switches on core 0)
2026-07-15 12:32:54.286 8 INFO placement.requestlog [None req-456969bf-0fc8-4fef-a9bf-74063e312a1f 88b3036d3c3348b68c2eba6293cedeea 1f0c2fc7be4042afa522e3c29bd0691c - - e7e7c10a4bb44964848a4b26017bb821 e7e7c10a4bb44964848a4b26017bb821] 10.0.0.208 "GET /resource_providers/a3596bf2-6aae-4eef-8723-a2d28b4fb72e/aggregates" status: 404 len: 235 microversion: 1.1
2026-07-15 12:32:54.286 7 INFO placement.requestlog [None req-69b91a46-5bbf-4934-9c42-624ef21047a5 88b3036d3c3348b68c2eba6293cedeea 1f0c2fc7be4042afa522e3c29bd0691c - - e7e7c10a4bb44964848a4b26017bb821 e7e7c10a4bb44964848a4b26017bb821] 10.0.0.208 "DELETE /resource_providers/a3596bf2-6aae-4eef-8723-a2d28b4fb72e" status: 404 len: 246 microversion: 1.1 [pid: 8|app: 0|req: 331/661] 10.0.0.208 () {32 vars in 816 bytes} [Wed Jul 15 12:32:54 2026] GET /resource_providers/a3596bf2-6aae-4eef-8723-a2d28b4fb72e/aggregates => generated 235 bytes in 23 msecs (HTTP/1.1 404) 5 headers in 202 bytes (1 switches on core 0) [pid: 7|app: 0|req: 331/662] 10.0.0.208 () {34 vars in 816 bytes} [Wed Jul 15 12:32:54 2026] DELETE /resource_providers/a3596bf2-6aae-4eef-8723-a2d28b4fb72e => generated 246 bytes in 12 msecs (HTTP/1.1 404) 6 headers in 231 bytes (1 switches on core 0)
2026-07-15 12:32:54.314 8 INFO placement.requestlog [None req-778498eb-735b-4362-9614-a0ebe0cac8e0 88b3036d3c3348b68c2eba6293cedeea 1f0c2fc7be4042afa522e3c29bd0691c - - e7e7c10a4bb44964848a4b26017bb821 e7e7c10a4bb44964848a4b26017bb821] 10.0.0.208 "GET /resource_providers/9db437a7-1dfd-4f57-a4be-8fff00bb5e22/aggregates" status: 404 len: 235 microversion: 1.1 [pid: 8|app: 0|req: 332/663] 10.0.0.208 () {32 vars in 816 bytes} [Wed Jul 15 12:32:54 2026] GET /resource_providers/9db437a7-1dfd-4f57-a4be-8fff00bb5e22/aggregates => generated 235 bytes in 10 msecs (HTTP/1.1 404) 5 headers in 202 bytes (1 switches on core 0)
2026-07-15 12:32:54.317 7 INFO placement.requestlog [None req-786b65d0-d4ac-47d6-8eaf-10d12c962d4b 88b3036d3c3348b68c2eba6293cedeea 1f0c2fc7be4042afa522e3c29bd0691c - - e7e7c10a4bb44964848a4b26017bb821 e7e7c10a4bb44964848a4b26017bb821] 10.0.0.208 "DELETE /resource_providers/a3596bf2-6aae-4eef-8723-a2d28b4fb72e" status: 404 len: 246 microversion: 1.1 [pid: 7|app: 0|req: 332/664] 10.0.0.208 () {34 vars in 816 bytes} [Wed Jul 15 12:32:54 2026] DELETE /resource_providers/a3596bf2-6aae-4eef-8723-a2d28b4fb72e => generated 246 bytes in 12 msecs (HTTP/1.1 404) 6 headers in 231 bytes (1 switches on core 0)
2026-07-15 12:32:54.335 8 INFO placement.requestlog [None req-09c3fff8-3431-48a6-a135-c1e3592ef63c 88b3036d3c3348b68c2eba6293cedeea 1f0c2fc7be4042afa522e3c29bd0691c - - e7e7c10a4bb44964848a4b26017bb821 e7e7c10a4bb44964848a4b26017bb821] 10.0.0.208 "DELETE /resource_providers/9db437a7-1dfd-4f57-a4be-8fff00bb5e22" status: 404 len: 246 microversion: 1.1 [pid: 8|app: 0|req: 333/665] 10.0.0.208 () {34 vars in 816 bytes} [Wed Jul 15 12:32:54 2026] DELETE /resource_providers/9db437a7-1dfd-4f57-a4be-8fff00bb5e22 => generated 246 bytes in 6 msecs (HTTP/1.1 404) 6 headers in 231 bytes (1 switches on core 0)
2026-07-15 12:32:54.344 7 INFO placement.requestlog [None req-e01f9695-724b-401b-b713-fb7d8e15555a 88b3036d3c3348b68c2eba6293cedeea 1f0c2fc7be4042afa522e3c29bd0691c - - e7e7c10a4bb44964848a4b26017bb821 e7e7c10a4bb44964848a4b26017bb821] 10.0.0.208 "GET /resource_providers/9db437a7-1dfd-4f57-a4be-8fff00bb5e22/aggregates" status: 404 len: 235 microversion: 1.1 [pid: 7|app: 0|req: 333/666] 10.0.0.208 () {32 vars in 816 bytes} [Wed Jul 15 12:32:54 2026] GET /resource_providers/9db437a7-1dfd-4f57-a4be-8fff00bb5e22/aggregates => generated 235 bytes in 9 msecs (HTTP/1.1 404) 5 headers in 202 bytes (1 switches on core 0)
2026-07-15 12:32:54.393 8 INFO placement.requestlog [None req-8d21fe4d-2a6a-49af-8246-24dd0bac595a 88b3036d3c3348b68c2eba6293cedeea 1f0c2fc7be4042afa522e3c29bd0691c - - e7e7c10a4bb44964848a4b26017bb821 e7e7c10a4bb44964848a4b26017bb821] 10.0.0.208 "DELETE /resource_providers/9db437a7-1dfd-4f57-a4be-8fff00bb5e22" status: 404 len: 246 microversion: 1.1 [pid: 8|app: 0|req: 334/667] 10.0.0.208 () {34 vars in 816 bytes} [Wed Jul 15 12:32:54 2026] DELETE /resource_providers/9db437a7-1dfd-4f57-a4be-8fff00bb5e22 => generated 246 bytes in 10 msecs (HTTP/1.1 404) 6 headers in 231 bytes (1 switches on core 0)
2026-07-15 12:32:54.524 8 INFO placement.requestlog [None req-332e6c48-0a7d-4f45-9bfa-edd4d7934817 - - - - - -] 10.0.0.134 "GET /" status: 200 len: 136 microversion: 1.0
2026-07-15 12:32:54.524 7 INFO placement.requestlog [None req-844a87da-2b62-4b92-89c9-99653b68c5a2 - - - - - -] 10.0.0.134 "GET /" status: 200 len: 136 microversion: 1.0
2026-07-15 12:32:54.758 8 INFO placement.requestlog [req-0a3b4ab8-9f8e-4e6d-9bbf-be31df2160da req-8cbbce02-0e40-4818-84af-7c061cba690b dd052d7b72cb458b974a42000175b04b 1f0c2fc7be4042afa522e3c29bd0691c - - e7e7c10a4bb44964848a4b26017bb821 e7e7c10a4bb44964848a4b26017bb821] 10.0.0.93 "GET /allocation_candidates?limit=1000&resources=DISK_GB%3A1%2CMEMORY_MB%3A512%2CVCPU%3A1&root_required=%21COMPUTE_STATUS_DISABLED" status: 200 len: 2783 microversion: 1.36 [pid: 8|app: 0|req: 336/670] 10.0.0.93 () {34 vars in 1011 bytes} [Wed Jul 15 12:32:54 2026] GET /allocation_candidates?limit=1000&resources=DISK_GB%3A1%2CMEMORY_MB%3A512%2CVCPU%3A1&root_required=%21COMPUTE_STATUS_DISABLED => generated 2783 bytes in 35 msecs (HTTP/1.1 200) 8 headers in 297 bytes (1 switches on core 0)
2026-07-15 12:32:54.804 7 INFO placement.requestlog [req-0a3b4ab8-9f8e-4e6d-9bbf-be31df2160da req-8b7e5ff0-08dd-463b-8cd5-39807e703e30 dd052d7b72cb458b974a42000175b04b 1f0c2fc7be4042afa522e3c29bd0691c - - e7e7c10a4bb44964848a4b26017bb821 e7e7c10a4bb44964848a4b26017bb821] 10.0.0.93 "GET /allocations/3f45842a-f75d-475d-b743-40c975a63369" status: 200 len: 19 microversion: 1.28 [pid: 7|app: 0|req: 335/671] 10.0.0.93 () {34 vars in 860 bytes} [Wed Jul 15 12:32:54 2026] GET /allocations/3f45842a-f75d-475d-b743-40c975a63369 => generated 19 bytes in 13 msecs (HTTP/1.1 200) 8 headers in 295 bytes (1 switches on core 0)
2026-07-15 12:32:55.489 8 INFO placement.requestlog [req-0a3b4ab8-9f8e-4e6d-9bbf-be31df2160da req-0852d6cf-9b8b-44c4-9f0e-c5cfb832f59e dd052d7b72cb458b974a42000175b04b 1f0c2fc7be4042afa522e3c29bd0691c - - e7e7c10a4bb44964848a4b26017bb821 e7e7c10a4bb44964848a4b26017bb821] 10.0.0.93 "PUT /allocations/3f45842a-f75d-475d-b743-40c975a63369" status: 204 len: 0 microversion: 1.36 [pid: 8|app: 0|req: 337/672] 10.0.0.93 () {38 vars in 913 bytes} [Wed Jul 15 12:32:54 2026] PUT /allocations/3f45842a-f75d-475d-b743-40c975a63369 => generated 0 bytes in 675 msecs (HTTP/1.1 204) 5 headers in 199 bytes (1 switches on core 0)
2026-07-15 12:32:57.230 7 INFO placement.requestlog [req-0a3b4ab8-9f8e-4e6d-9bbf-be31df2160da req-f6b1a5d1-601e-49b2-8249-e5954e962f0e dd052d7b72cb458b974a42000175b04b 1f0c2fc7be4042afa522e3c29bd0691c - - e7e7c10a4bb44964848a4b26017bb821 e7e7c10a4bb44964848a4b26017bb821] 199.204.45.4 "GET /allocations/3f45842a-f75d-475d-b743-40c975a63369" status: 200 len: 257 microversion: 1.28 [pid: 7|app: 0|req: 336/673] 199.204.45.4 () {34 vars in 861 bytes} [Wed Jul 15 12:32:57 2026] GET /allocations/3f45842a-f75d-475d-b743-40c975a63369 => generated 257 bytes in 16 msecs (HTTP/1.1 200) 8 headers in 296 bytes (1 switches on core 0)
2026-07-15 12:32:58.274 8 INFO placement.requestlog [req-0a3b4ab8-9f8e-4e6d-9bbf-be31df2160da req-c6b88219-5d5f-4a87-87e7-db63a7d4e511 dd052d7b72cb458b974a42000175b04b 1f0c2fc7be4042afa522e3c29bd0691c - - e7e7c10a4bb44964848a4b26017bb821 e7e7c10a4bb44964848a4b26017bb821] 199.204.45.4 "GET /resource_providers/15358465-208c-46a2-8f0f-17c4a17790a4/allocations" status: 200 len: 252 microversion: 1.0 [pid: 8|app: 0|req: 338/674] 199.204.45.4 () {32 vars in 855 bytes} [Wed Jul 15 12:32:58 2026] GET /resource_providers/15358465-208c-46a2-8f0f-17c4a17790a4/allocations => generated 252 bytes in 22 msecs (HTTP/1.1 200) 6 headers in 224 bytes (1 switches on core 0)
2026-07-15 12:32:58.293 7 INFO placement.requestlog [req-0a3b4ab8-9f8e-4e6d-9bbf-be31df2160da req-0e13a511-9145-4e35-8879-ceeb844f2588 dd052d7b72cb458b974a42000175b04b 1f0c2fc7be4042afa522e3c29bd0691c - - e7e7c10a4bb44964848a4b26017bb821 e7e7c10a4bb44964848a4b26017bb821] 199.204.45.4 "GET /allocations/3f45842a-f75d-475d-b743-40c975a63369" status: 200 len: 257 microversion: 1.28 [pid: 7|app: 0|req: 337/675] 199.204.45.4 () {34 vars in 861 bytes} [Wed Jul 15 12:32:58 2026] GET /allocations/3f45842a-f75d-475d-b743-40c975a63369 => generated 257 bytes in 13 msecs (HTTP/1.1 200) 8 headers in 296 bytes (1 switches on core 0)
2026-07-15 12:32:58.316 8 INFO placement.requestlog [req-0a3b4ab8-9f8e-4e6d-9bbf-be31df2160da req-5ba8b29c-67e3-4263-8cf0-504d78d1831c dd052d7b72cb458b974a42000175b04b 1f0c2fc7be4042afa522e3c29bd0691c - - e7e7c10a4bb44964848a4b26017bb821 e7e7c10a4bb44964848a4b26017bb821] 199.204.45.4 "GET /allocations/a2d9b139-5548-400c-bfa6-2416ca6bc67f" status: 200 len: 257 microversion: 1.28 [pid: 8|app: 0|req: 339/676] 199.204.45.4 () {34 vars in 861 bytes} [Wed Jul 15 12:32:58 2026] GET /allocations/a2d9b139-5548-400c-bfa6-2416ca6bc67f => generated 257 bytes in 17 msecs (HTTP/1.1 200) 8 headers in 296 bytes (1 switches on core 0)
2026-07-15 12:33:04.526 7 INFO placement.requestlog [None req-8b8169cc-4030-4fc8-851d-e708f0bb74e7 - - - - - -] 10.0.0.134 "GET /" status: 200 len: 136 microversion: 1.0
2026-07-15 12:33:04.529 8 INFO placement.requestlog [None req-caf9e25e-600a-4837-baf7-8eaf02d99585 - - - - - -] 10.0.0.134 "GET /" status: 200 len: 136 microversion: 1.0
2026-07-15 12:33:09.742 7 INFO placement.requestlog [req-fe7d0003-8a12-421b-98bc-61898e1b293a req-d81ae6b0-edda-48f1-b076-12f7fb92bb4c dd052d7b72cb458b974a42000175b04b 1f0c2fc7be4042afa522e3c29bd0691c - - e7e7c10a4bb44964848a4b26017bb821 e7e7c10a4bb44964848a4b26017bb821] 10.0.0.93 "GET /allocation_candidates?limit=1000&resources=MEMORY_MB%3A512%2CVCPU%3A1&root_required=%21COMPUTE_STATUS_DISABLED" status: 200 len: 2770 microversion: 1.36 [pid: 7|app: 0|req: 339/679] 10.0.0.93 () {34 vars in 983 bytes} [Wed Jul 15 12:33:09 2026] GET /allocation_candidates?limit=1000&resources=MEMORY_MB%3A512%2CVCPU%3A1&root_required=%21COMPUTE_STATUS_DISABLED => generated 2770 bytes in 81 msecs (HTTP/1.1 200) 8 headers in 297 bytes (1 switches on core 0)
2026-07-15 12:33:09.784 8 INFO placement.requestlog [req-fe7d0003-8a12-421b-98bc-61898e1b293a req-9260996a-5a6d-411b-b693-8bd60fb5852f dd052d7b72cb458b974a42000175b04b 1f0c2fc7be4042afa522e3c29bd0691c - - e7e7c10a4bb44964848a4b26017bb821 e7e7c10a4bb44964848a4b26017bb821] 10.0.0.93 "GET /allocations/46c4f7ed-fba7-441d-9523-a5a83ced5c80" status: 200 len: 19 microversion: 1.28 [pid: 8|app: 0|req: 341/680] 10.0.0.93 () {34 vars in 860 bytes} [Wed Jul 15 12:33:09 2026] GET /allocations/46c4f7ed-fba7-441d-9523-a5a83ced5c80 => generated 19 bytes in 11 msecs (HTTP/1.1 200) 8 headers in 295 bytes (1 switches on core 0)
2026-07-15 12:33:09.875 7 INFO placement.requestlog [req-fe7d0003-8a12-421b-98bc-61898e1b293a req-82fb9047-0405-4598-8b08-c4eaf5964584 dd052d7b72cb458b974a42000175b04b 1f0c2fc7be4042afa522e3c29bd0691c - - e7e7c10a4bb44964848a4b26017bb821 e7e7c10a4bb44964848a4b26017bb821] 10.0.0.93 "PUT /allocations/46c4f7ed-fba7-441d-9523-a5a83ced5c80" status: 204 len: 0 microversion: 1.36 [pid: 7|app: 0|req: 340/681] 10.0.0.93 () {38 vars in 913 bytes} [Wed Jul 15 12:33:09 2026] PUT /allocations/46c4f7ed-fba7-441d-9523-a5a83ced5c80 => generated 0 bytes in 77 msecs (HTTP/1.1 204) 5 headers in 199 bytes (1 switches on core 0)
2026-07-15 12:33:11.837 8 INFO placement.requestlog [req-fe7d0003-8a12-421b-98bc-61898e1b293a req-129c0583-666d-44f7-9287-b2ae9abc3f12 dd052d7b72cb458b974a42000175b04b 1f0c2fc7be4042afa522e3c29bd0691c - - e7e7c10a4bb44964848a4b26017bb821 e7e7c10a4bb44964848a4b26017bb821] 199.204.45.4 "GET /allocations/46c4f7ed-fba7-441d-9523-a5a83ced5c80" status: 200 len: 243 microversion: 1.28 [pid: 8|app: 0|req: 342/682] 199.204.45.4 () {34 vars in 861 bytes} [Wed Jul 15 12:33:11 2026] GET /allocations/46c4f7ed-fba7-441d-9523-a5a83ced5c80 => generated 243 bytes in 11 msecs (HTTP/1.1 200) 8 headers in 296 bytes (1 switches on core 0)
2026-07-15 12:33:12.904 7 INFO placement.requestlog [req-fe7d0003-8a12-421b-98bc-61898e1b293a req-bba0d49e-5eee-4932-8ac9-54a00c4e2b6d dd052d7b72cb458b974a42000175b04b 1f0c2fc7be4042afa522e3c29bd0691c - - e7e7c10a4bb44964848a4b26017bb821 e7e7c10a4bb44964848a4b26017bb821] 199.204.45.4 "GET /resource_providers/15358465-208c-46a2-8f0f-17c4a17790a4/allocations" status: 200 len: 338 microversion: 1.0 [pid: 7|app: 0|req: 341/683] 199.204.45.4 () {32 vars in 855 bytes} [Wed Jul 15 12:33:12 2026] GET /resource_providers/15358465-208c-46a2-8f0f-17c4a17790a4/allocations => generated 338 bytes in 17 msecs (HTTP/1.1 200) 6 headers in 224 bytes (1 switches on core 0)
2026-07-15 12:33:12.924 8 INFO placement.requestlog [req-fe7d0003-8a12-421b-98bc-61898e1b293a req-a98ffe8e-5738-4fe5-bfd6-4fdaafad4c28 dd052d7b72cb458b974a42000175b04b 1f0c2fc7be4042afa522e3c29bd0691c - - e7e7c10a4bb44964848a4b26017bb821 e7e7c10a4bb44964848a4b26017bb821] 199.204.45.4 "GET /allocations/3f45842a-f75d-475d-b743-40c975a63369" status: 200 len: 257 microversion: 1.28 [pid: 8|app: 0|req: 343/684] 199.204.45.4 () {34 vars in 861 bytes} [Wed Jul 15 12:33:12 2026] GET /allocations/3f45842a-f75d-475d-b743-40c975a63369 => generated 257 bytes in 12 msecs (HTTP/1.1 200) 8 headers in 296 bytes (1 switches on core 0)
2026-07-15 12:33:12.938 7 INFO placement.requestlog [req-fe7d0003-8a12-421b-98bc-61898e1b293a req-02e000da-cd3e-4fcd-8b79-9145c214910f dd052d7b72cb458b974a42000175b04b 1f0c2fc7be4042afa522e3c29bd0691c - - e7e7c10a4bb44964848a4b26017bb821 e7e7c10a4bb44964848a4b26017bb821] 199.204.45.4 "GET /allocations/46c4f7ed-fba7-441d-9523-a5a83ced5c80" status: 200 len: 243 microversion: 1.28 [pid: 7|app: 0|req: 342/685] 199.204.45.4 () {34 vars in 861 bytes} [Wed Jul 15 12:33:12 2026] GET /allocations/46c4f7ed-fba7-441d-9523-a5a83ced5c80 => generated 243 bytes in 12 msecs (HTTP/1.1 200) 8 headers in 296 bytes (1 switches on core 0)
2026-07-15 12:33:12.959 8 INFO placement.requestlog [req-fe7d0003-8a12-421b-98bc-61898e1b293a req-f2600e2a-24bc-42b8-be48-a87ad2a5372b dd052d7b72cb458b974a42000175b04b 1f0c2fc7be4042afa522e3c29bd0691c - - e7e7c10a4bb44964848a4b26017bb821 e7e7c10a4bb44964848a4b26017bb821] 199.204.45.4 "GET /allocations/a2d9b139-5548-400c-bfa6-2416ca6bc67f" status: 200 len: 257 microversion: 1.28 [pid: 8|app: 0|req: 344/686] 199.204.45.4 () {34 vars in 861 bytes} [Wed Jul 15 12:33:12 2026] GET /allocations/a2d9b139-5548-400c-bfa6-2416ca6bc67f => generated 257 bytes in 12 msecs (HTTP/1.1 200) 8 headers in 296 bytes (1 switches on core 0)
2026-07-15 12:33:14.523 8 INFO placement.requestlog [None req-3da694f3-f872-42ac-84f9-1f8f286d9b50 - - - - - -] 10.0.0.134 "GET /" status: 200 len: 136 microversion: 1.0
2026-07-15 12:33:14.523 7 INFO placement.requestlog [None req-70e58205-6e81-4982-956a-7e054734f0bb - - - - - -] 10.0.0.134 "GET /" status: 200 len: 136 microversion: 1.0
2026-07-15 12:33:15.438 8 INFO placement.requestlog [req-8406a2e2-6954-46df-9bc3-a015a9cd1ee3 req-10ddc8c7-b774-4e93-9846-7c13c29b038c dd052d7b72cb458b974a42000175b04b 1f0c2fc7be4042afa522e3c29bd0691c - - e7e7c10a4bb44964848a4b26017bb821 e7e7c10a4bb44964848a4b26017bb821] 199.204.45.4 "GET /resource_providers/15358465-208c-46a2-8f0f-17c4a17790a4/allocations" status: 200 len: 338 microversion: 1.0 [pid: 8|app: 0|req: 346/689] 199.204.45.4 () {32 vars in 855 bytes} [Wed Jul 15 12:33:15 2026] GET /resource_providers/15358465-208c-46a2-8f0f-17c4a17790a4/allocations => generated 338 bytes in 16 msecs (HTTP/1.1 200) 6 headers in 224 bytes (1 switches on core 0)
2026-07-15 12:33:15.467 7 INFO placement.requestlog [req-8406a2e2-6954-46df-9bc3-a015a9cd1ee3 req-bdd47ad2-cbd7-4bdf-909c-1161bbcf3cae dd052d7b72cb458b974a42000175b04b 1f0c2fc7be4042afa522e3c29bd0691c - - e7e7c10a4bb44964848a4b26017bb821 e7e7c10a4bb44964848a4b26017bb821] 199.204.45.4 "GET /allocations/3f45842a-f75d-475d-b743-40c975a63369" status: 200 len: 257 microversion: 1.28 [pid: 7|app: 0|req: 344/690] 199.204.45.4 () {34 vars in 861 bytes} [Wed Jul 15 12:33:15 2026] GET /allocations/3f45842a-f75d-475d-b743-40c975a63369 => generated 257 bytes in 22 msecs (HTTP/1.1 200) 8 headers in 296 bytes (1 switches on core 0)
2026-07-15 12:33:15.498 8 INFO placement.requestlog [req-8406a2e2-6954-46df-9bc3-a015a9cd1ee3 req-d8fdd30c-9a8b-4ac2-955d-b2c8f18085c1 dd052d7b72cb458b974a42000175b04b 1f0c2fc7be4042afa522e3c29bd0691c - - e7e7c10a4bb44964848a4b26017bb821 e7e7c10a4bb44964848a4b26017bb821] 199.204.45.4 "GET /allocations/46c4f7ed-fba7-441d-9523-a5a83ced5c80" status: 200 len: 243 microversion: 1.28 [pid: 8|app: 0|req: 347/691] 199.204.45.4 () {34 vars in 861 bytes} [Wed Jul 15 12:33:15 2026] GET /allocations/46c4f7ed-fba7-441d-9523-a5a83ced5c80 => generated 243 bytes in 17 msecs (HTTP/1.1 200) 8 headers in 296 bytes (1 switches on core 0)
2026-07-15 12:33:15.528 7 INFO placement.requestlog [req-8406a2e2-6954-46df-9bc3-a015a9cd1ee3 req-a7301f08-31fd-4d41-bfa8-cf8efd2a9bf6 dd052d7b72cb458b974a42000175b04b 1f0c2fc7be4042afa522e3c29bd0691c - - e7e7c10a4bb44964848a4b26017bb821 e7e7c10a4bb44964848a4b26017bb821] 199.204.45.4 "GET /allocations/a2d9b139-5548-400c-bfa6-2416ca6bc67f" status: 200 len: 257 microversion: 1.28 [pid: 7|app: 0|req: 345/692] 199.204.45.4 () {34 vars in 861 bytes} [Wed Jul 15 12:33:15 2026] GET /allocations/a2d9b139-5548-400c-bfa6-2416ca6bc67f => generated 257 bytes in 16 msecs (HTTP/1.1 200) 8 headers in 296 bytes (1 switches on core 0)
2026-07-15 12:33:16.625 8 INFO placement.requestlog [req-8406a2e2-6954-46df-9bc3-a015a9cd1ee3 req-035c2787-cbac-41a2-81e6-48f0d0b3cbf9 dd052d7b72cb458b974a42000175b04b 1f0c2fc7be4042afa522e3c29bd0691c - - e7e7c10a4bb44964848a4b26017bb821 e7e7c10a4bb44964848a4b26017bb821] 199.204.45.4 "DELETE /allocations/3f45842a-f75d-475d-b743-40c975a63369" status: 204 len: 0 microversion: 1.0 [pid: 8|app: 0|req: 348/693] 199.204.45.4 () {34 vars in 839 bytes} [Wed Jul 15 12:33:16 2026] DELETE /allocations/3f45842a-f75d-475d-b743-40c975a63369 => generated 0 bytes in 43 msecs (HTTP/1.1 204) 5 headers in 198 bytes (1 switches on core 0)
2026-07-15 12:33:16.738 7 INFO placement.requestlog [None req-678d0964-1fe9-4871-904b-364e8fa0d37c 88b3036d3c3348b68c2eba6293cedeea 1f0c2fc7be4042afa522e3c29bd0691c - - e7e7c10a4bb44964848a4b26017bb821 e7e7c10a4bb44964848a4b26017bb821] 10.0.0.208 "GET /resource_providers/d6751afe-42d8-4a00-8991-e5b9db611331/aggregates" status: 404 len: 235 microversion: 1.1 [pid: 7|app: 0|req: 346/694] 10.0.0.208 () {32 vars in 816 bytes} [Wed Jul 15 12:33:16 2026] GET /resource_providers/d6751afe-42d8-4a00-8991-e5b9db611331/aggregates => generated 235 bytes in 15 msecs (HTTP/1.1 404) 5 headers in 202 bytes (1 switches on core 0)
2026-07-15 12:33:16.753 8 INFO placement.requestlog [None req-5245e21e-115d-4bda-996d-53a6b86712c3 88b3036d3c3348b68c2eba6293cedeea 1f0c2fc7be4042afa522e3c29bd0691c - - e7e7c10a4bb44964848a4b26017bb821 e7e7c10a4bb44964848a4b26017bb821] 10.0.0.208 "GET /resource_providers/d6751afe-42d8-4a00-8991-e5b9db611331/aggregates" status: 404 len: 235 microversion: 1.1 [pid: 8|app: 0|req: 349/695] 10.0.0.208 () {32 vars in 816 bytes} [Wed Jul 15 12:33:16 2026] GET /resource_providers/d6751afe-42d8-4a00-8991-e5b9db611331/aggregates => generated 235 bytes in 16 msecs (HTTP/1.1 404) 5 headers in 202 bytes (1 switches on core 0)
2026-07-15 12:33:16.761 7 INFO placement.requestlog [None req-a488981a-4c31-4853-b7fc-db8c51462b5e 88b3036d3c3348b68c2eba6293cedeea 1f0c2fc7be4042afa522e3c29bd0691c - - e7e7c10a4bb44964848a4b26017bb821 e7e7c10a4bb44964848a4b26017bb821] 10.0.0.208 "DELETE /resource_providers/d6751afe-42d8-4a00-8991-e5b9db611331" status: 404 len: 246 microversion: 1.1 [pid: 7|app: 0|req: 347/696] 10.0.0.208 () {34 vars in 816 bytes} [Wed Jul 15 12:33:16 2026] DELETE /resource_providers/d6751afe-42d8-4a00-8991-e5b9db611331 => generated 246 bytes in 14 msecs (HTTP/1.1 404) 6 headers in 231 bytes (1 switches on core 0)
2026-07-15 12:33:16.790 8 INFO placement.requestlog [None req-9f3858ee-159d-4fe2-95c7-5106eaa492bc 88b3036d3c3348b68c2eba6293cedeea 1f0c2fc7be4042afa522e3c29bd0691c - - e7e7c10a4bb44964848a4b26017bb821 e7e7c10a4bb44964848a4b26017bb821] 10.0.0.208 "DELETE /resource_providers/d6751afe-42d8-4a00-8991-e5b9db611331" status: 404 len: 246 microversion: 1.1 [pid: 8|app: 0|req: 350/697] 10.0.0.208 () {34 vars in 816 bytes} [Wed Jul 15 12:33:16 2026] DELETE /resource_providers/d6751afe-42d8-4a00-8991-e5b9db611331 => generated 246 bytes in 8 msecs (HTTP/1.1 404) 6 headers in 231 bytes (1 switches on core 0)
2026-07-15 12:33:18.767 7 INFO placement.requestlog [None req-9d29c62e-ccd9-4d51-ac83-f5c9b981191e 88b3036d3c3348b68c2eba6293cedeea 1f0c2fc7be4042afa522e3c29bd0691c - - e7e7c10a4bb44964848a4b26017bb821 e7e7c10a4bb44964848a4b26017bb821] 10.0.0.208 "GET /resource_providers/363a2066-88cb-46fb-8cca-ebac1959cacc/aggregates" status: 404 len: 235 microversion: 1.1 [pid: 7|app: 0|req: 348/698] 10.0.0.208 () {32 vars in 816 bytes} [Wed Jul 15 12:33:18 2026] GET /resource_providers/363a2066-88cb-46fb-8cca-ebac1959cacc/aggregates => generated 235 bytes in 20 msecs (HTTP/1.1 404) 5 headers in 202 bytes (1 switches on core 0)
2026-07-15 12:33:18.769 8 INFO placement.requestlog [None req-ace6be66-2a56-4a87-a2ba-90a5bc5a6fbc 88b3036d3c3348b68c2eba6293cedeea 1f0c2fc7be4042afa522e3c29bd0691c - - e7e7c10a4bb44964848a4b26017bb821 e7e7c10a4bb44964848a4b26017bb821] 10.0.0.208 "GET /resource_providers/363a2066-88cb-46fb-8cca-ebac1959cacc/aggregates" status: 404 len: 235 microversion: 1.1 [pid: 8|app: 0|req: 351/699] 10.0.0.208 () {32 vars in 816 bytes} [Wed Jul 15 12:33:18 2026] GET /resource_providers/363a2066-88cb-46fb-8cca-ebac1959cacc/aggregates => generated 235 bytes in 16 msecs (HTTP/1.1 404) 5 headers in 202 bytes (1 switches on core 0)
2026-07-15 12:33:18.796 7 INFO placement.requestlog [None req-349bc721-cc4b-426e-acad-bd194fe5b7e1 88b3036d3c3348b68c2eba6293cedeea 1f0c2fc7be4042afa522e3c29bd0691c - - e7e7c10a4bb44964848a4b26017bb821 e7e7c10a4bb44964848a4b26017bb821] 10.0.0.208 "DELETE /resource_providers/363a2066-88cb-46fb-8cca-ebac1959cacc" status: 404 len: 246 microversion: 1.1 [pid: 7|app: 0|req: 349/700] 10.0.0.208 () {34 vars in 816 bytes} [Wed Jul 15 12:33:18 2026] DELETE /resource_providers/363a2066-88cb-46fb-8cca-ebac1959cacc => generated 246 bytes in 15 msecs (HTTP/1.1 404) 6 headers in 231 bytes (1 switches on core 0)
