2026-05-25 01:53:43.375 9 INFO neutron.wsgi [req-40a07dcd-f053-492b-b42c-17eea50d6daf req-464626b9-96fe-4f68-afd5-0ae0e47d8a63 2af45385c8c54074a1be8669ec1f53c0 10730293bca14780ad94eb382d592dfc - - 7b06d5d001a940d48d280bf8624ee0a4 7b06d5d001a940d48d280bf8624ee0a4] 199.204.45.3 "GET /v2.0/floatingips?fixed_ip_address=10.2.2.85&port_id=f08fe151-026b-4540-aede-e8e6b785a4ad HTTP/1.1" status: 200 len: 217 time: 0.0524158
2026-05-25 01:53:43.376 9 INFO neutron.plugins.ml2.plugin [None req-de48258b-1c33-4551-945e-10074b2bfeab - - - - - -] Attempt 1 to provision port f08fe151-026b-4540-aede-e8e6b785a4ad
2026-05-25 01:53:43.417 9 INFO neutron.wsgi [req-40a07dcd-f053-492b-b42c-17eea50d6daf req-f8ff423f-3f27-459e-888e-fa446cb441f7 2af45385c8c54074a1be8669ec1f53c0 10730293bca14780ad94eb382d592dfc - - 7b06d5d001a940d48d280bf8624ee0a4 7b06d5d001a940d48d280bf8624ee0a4] 199.204.45.3 "GET /v2.0/floatingips?fixed_ip_address=fd77%3A1457%3A4cf0%3A26a8%3A%3A25a&port_id=f08fe151-026b-4540-aede-e8e6b785a4ad HTTP/1.1" status: 200 len: 217 time: 0.0287945
2026-05-25 01:53:43.459 9 INFO neutron.wsgi [req-40a07dcd-f053-492b-b42c-17eea50d6daf req-958c90b0-5c8e-40e9-8c82-4c8c52a8b31a 2af45385c8c54074a1be8669ec1f53c0 10730293bca14780ad94eb382d592dfc - - 7b06d5d001a940d48d280bf8624ee0a4 7b06d5d001a940d48d280bf8624ee0a4] 199.204.45.3 "GET /v2.0/subnets?id=9e4efa32-0d89-4843-bd58-347f04593970&id=d28b99a4-d8fc-4ca3-a89e-205104061e53 HTTP/1.1" status: 200 len: 1566 time: 0.0375559
2026-05-25 01:53:43.491 9 INFO neutron.wsgi [req-40a07dcd-f053-492b-b42c-17eea50d6daf req-cb813b53-3faf-4da0-a866-e2881b248145 2af45385c8c54074a1be8669ec1f53c0 10730293bca14780ad94eb382d592dfc - - 7b06d5d001a940d48d280bf8624ee0a4 7b06d5d001a940d48d280bf8624ee0a4] 199.204.45.3 "GET /v2.0/ports?network_id=3b77e807-bf0d-424b-be20-03fdae48417d&device_owner=network%3Adhcp HTTP/1.1" status: 200 len: 210 time: 0.0234914
2026-05-25 01:53:43.530 9 INFO neutron.wsgi [req-40a07dcd-f053-492b-b42c-17eea50d6daf req-31b6798b-f53b-46b5-a8e4-65a81a90fff2 2af45385c8c54074a1be8669ec1f53c0 10730293bca14780ad94eb382d592dfc - - 7b06d5d001a940d48d280bf8624ee0a4 7b06d5d001a940d48d280bf8624ee0a4] 199.204.45.3 "GET /v2.0/ports?network_id=3b77e807-bf0d-424b-be20-03fdae48417d&device_owner=network%3Adhcp HTTP/1.1" status: 200 len: 210 time: 0.0282421
2026-05-25 01:53:43.611 9 INFO neutron.wsgi [req-40a07dcd-f053-492b-b42c-17eea50d6daf req-05e24d0a-77ad-45d8-9955-6bf2aac09fd6 2af45385c8c54074a1be8669ec1f53c0 10730293bca14780ad94eb382d592dfc - - 7b06d5d001a940d48d280bf8624ee0a4 7b06d5d001a940d48d280bf8624ee0a4] 199.204.45.3 "GET /v2.0/networks/3b77e807-bf0d-424b-be20-03fdae48417d?fields=segments HTTP/1.1" status: 200 len: 212 time: 0.0720704
2026-05-25 01:53:43.741 9 INFO neutron.wsgi [req-40a07dcd-f053-492b-b42c-17eea50d6daf req-4232bb14-a55d-4f63-8ff8-751ef1712b46 2af45385c8c54074a1be8669ec1f53c0 10730293bca14780ad94eb382d592dfc - - 7b06d5d001a940d48d280bf8624ee0a4 7b06d5d001a940d48d280bf8624ee0a4] 199.204.45.3 "GET /v2.0/networks/3b77e807-bf0d-424b-be20-03fdae48417d?fields=provider%3Aphysical_network&fields=provider%3Anetwork_type HTTP/1.1" status: 200 len: 277 time: 0.1088247
2026-05-25 01:53:43.778 9 INFO neutron.db.ovn_revision_numbers_db [None req-de48258b-1c33-4551-945e-10074b2bfeab - - - - - -] Successfully bumped revision number for resource f08fe151-026b-4540-aede-e8e6b785a4ad (type: ports) to 4
2026-05-25 01:53:44.848 9 INFO neutron.notifiers.nova [-] Nova event matching ['req-b1ac1c14-9033-41f2-b7d9-a921b39bdef2'] response: {'server_uuid': 'a3c2d6a0-e130-4a44-8c09-621928f87465', 'name': 'network-vif-plugged', 'status': 'completed', 'tag': 'f08fe151-026b-4540-aede-e8e6b785a4ad', 'code': 200}
2026-05-25 01:53:44.849 9 INFO neutron.notifiers.nova [-] Nova event matching ['req-b1ac1c14-9033-41f2-b7d9-a921b39bdef2'] response: {'server_uuid': 'a3c2d6a0-e130-4a44-8c09-621928f87465', 'name': 'network-vif-plugged', 'status': 'completed', 'tag': 'f08fe151-026b-4540-aede-e8e6b785a4ad', 'code': 200} /var/lib/openstack/lib/python3.10/site-packages/pycadf/identifier.py:71: UserWarning: Invalid uuid: neutron. To ensure interoperability, identifiers should be a valid uuid. warnings.warn(('Invalid uuid: %s. To ensure interoperability, '
2026-05-25 01:53:45.789 9 INFO neutron.wsgi [req-c3872f86-3af3-4bf9-99c8-c98509b060f9 req-514d20a4-05eb-4e59-9256-4b8bb14ff7ac 8263ba51c0474bb4bb47788bab6610d2 09885b15536a49ad8dc30fd1f9003987 - - default default] 10.0.0.56 "GET /v2.0/ports?device_id=a3c2d6a0-e130-4a44-8c09-621928f87465 HTTP/1.1" status: 200 len: 1400 time: 0.0931034
2026-05-25 01:53:45.846 9 INFO neutron.wsgi [req-c3872f86-3af3-4bf9-99c8-c98509b060f9 req-271a02a5-0fca-447e-b906-b342d3a99178 8263ba51c0474bb4bb47788bab6610d2 09885b15536a49ad8dc30fd1f9003987 - - default default] 10.0.0.56 "GET /v2.0/security-groups?id=8d073abb-5c3a-4ace-8e18-20214d25cbd3&fields=id&fields=name HTTP/1.1" status: 200 len: 310 time: 0.0485730
2026-05-25 01:53:45.984 10 INFO neutron.wsgi [None req-304521a0-d343-43e8-a824-f731eb227dfd 8263ba51c0474bb4bb47788bab6610d2 09885b15536a49ad8dc30fd1f9003987 - - default default] 10.0.0.86 "GET /v2.0/ports?network_id=3b77e807-bf0d-424b-be20-03fdae48417d&mac_address=fa%3A16%3A3e%3A96%3Acd%3A38 HTTP/1.1" status: 200 len: 1395 time: 0.1066046
2026-05-25 01:53:45.994 10 WARNING neutron_lib.context [None req-1432e7aa-2df0-4b1b-ae6b-152fa9f8b8b4 8263ba51c0474bb4bb47788bab6610d2 09885b15536a49ad8dc30fd1f9003987 - - default default] Method 'is_advsvc' is deprecated since 2023.2 release (neutron-lib 3.8.0) and will be removed once support for the old RBAC API policies will be removed from Neutron. Please use method 'is_service_role' instead.
2026-05-25 01:53:46.256 10 WARNING neutron.scheduler.dhcp_agent_scheduler [None req-1432e7aa-2df0-4b1b-ae6b-152fa9f8b8b4 8263ba51c0474bb4bb47788bab6610d2 09885b15536a49ad8dc30fd1f9003987 - - default default] No more DHCP agents
2026-05-25 01:53:46.258 10 WARNING neutron.api.rpc.agentnotifiers.dhcp_rpc_agent_api [None req-1432e7aa-2df0-4b1b-ae6b-152fa9f8b8b4 8263ba51c0474bb4bb47788bab6610d2 09885b15536a49ad8dc30fd1f9003987 - - default default] Unable to schedule network cfc7aae0-a83b-45ab-ac0f-fce7ceafa9f4: no agents available; will retry on subsequent port and subnet creation events.
2026-05-25 01:53:47.038 10 INFO neutron.db.ovn_revision_numbers_db [None req-1432e7aa-2df0-4b1b-ae6b-152fa9f8b8b4 8263ba51c0474bb4bb47788bab6610d2 09885b15536a49ad8dc30fd1f9003987 - - default default] Successfully bumped revision number for resource 5aed3aee-c9d2-490c-a97f-ceb403d67923 (type: floatingips) to -1
2026-05-25 01:53:47.166 10 INFO neutron.db.ovn_revision_numbers_db [None req-1432e7aa-2df0-4b1b-ae6b-152fa9f8b8b4 8263ba51c0474bb4bb47788bab6610d2 09885b15536a49ad8dc30fd1f9003987 - - default default] Successfully bumped revision number for resource 5aed3aee-c9d2-490c-a97f-ceb403d67923 (type: floatingips) to 1
2026-05-25 01:53:47.166 10 INFO neutron.db.l3_db [None req-1432e7aa-2df0-4b1b-ae6b-152fa9f8b8b4 8263ba51c0474bb4bb47788bab6610d2 09885b15536a49ad8dc30fd1f9003987 - - default default] Floating IP 5aed3aee-c9d2-490c-a97f-ceb403d67923 associated. External IP: 10.96.250.205, port: f08fe151-026b-4540-aede-e8e6b785a4ad.
2026-05-25 01:53:47.217 10 INFO neutron.wsgi [None req-1432e7aa-2df0-4b1b-ae6b-152fa9f8b8b4 8263ba51c0474bb4bb47788bab6610d2 09885b15536a49ad8dc30fd1f9003987 - - default default] 10.0.0.86 "POST /v2.0/floatingips HTTP/1.1" status: 201 len: 1053 time: 1.2268331
2026-05-25 01:53:47.261 10 INFO neutron.notifiers.nova [-] Nova event matching ['req-1bfa6f59-75ed-48f6-91d4-24b7ed780074'] response: {'name': 'network-changed', 'server_uuid': 'a3c2d6a0-e130-4a44-8c09-621928f87465', 'tag': 'f08fe151-026b-4540-aede-e8e6b785a4ad', 'status': 'completed', 'code': 200}
2026-05-25 01:53:47.318 9 INFO neutron.wsgi [req-093c02c3-1f52-425c-81ab-0fede28f9f24 req-b479c918-059b-48fc-9f5e-3f2de177c18e 2af45385c8c54074a1be8669ec1f53c0 10730293bca14780ad94eb382d592dfc - - 7b06d5d001a940d48d280bf8624ee0a4 7b06d5d001a940d48d280bf8624ee0a4] 199.204.45.3 "GET /v2.0/ports?tenant_id=09885b15536a49ad8dc30fd1f9003987&device_id=a3c2d6a0-e130-4a44-8c09-621928f87465 HTTP/1.1" status: 200 len: 1638 time: 0.0392332
2026-05-25 01:53:47.388 9 INFO neutron.wsgi [req-093c02c3-1f52-425c-81ab-0fede28f9f24 req-4ba8bae6-8fd4-49ad-8489-dd4f0eb02cc3 2af45385c8c54074a1be8669ec1f53c0 10730293bca14780ad94eb382d592dfc - - 7b06d5d001a940d48d280bf8624ee0a4 7b06d5d001a940d48d280bf8624ee0a4] 199.204.45.3 "GET /v2.0/networks?id=3b77e807-bf0d-424b-be20-03fdae48417d HTTP/1.1" status: 200 len: 1003 time: 0.0664532
2026-05-25 01:53:47.441 9 INFO neutron.wsgi [req-093c02c3-1f52-425c-81ab-0fede28f9f24 req-72aec83b-9773-459b-9226-dce88ec34a28 2af45385c8c54074a1be8669ec1f53c0 10730293bca14780ad94eb382d592dfc - - 7b06d5d001a940d48d280bf8624ee0a4 7b06d5d001a940d48d280bf8624ee0a4] 199.204.45.3 "GET /v2.0/floatingips?fixed_ip_address=10.2.2.85&port_id=f08fe151-026b-4540-aede-e8e6b785a4ad HTTP/1.1" status: 200 len: 1058 time: 0.0471089
2026-05-25 01:53:47.474 9 INFO neutron.wsgi [req-093c02c3-1f52-425c-81ab-0fede28f9f24 req-c1f76575-704c-4144-85aa-75f08bc9e7b8 2af45385c8c54074a1be8669ec1f53c0 10730293bca14780ad94eb382d592dfc - - 7b06d5d001a940d48d280bf8624ee0a4 7b06d5d001a940d48d280bf8624ee0a4] 199.204.45.3 "GET /v2.0/floatingips?fixed_ip_address=fd77%3A1457%3A4cf0%3A26a8%3A%3A25a&port_id=f08fe151-026b-4540-aede-e8e6b785a4ad HTTP/1.1" status: 200 len: 217 time: 0.0252850
2026-05-25 01:53:47.513 9 INFO neutron.wsgi [req-093c02c3-1f52-425c-81ab-0fede28f9f24 req-04cd2c4f-654e-40ae-b622-3587b437dc47 2af45385c8c54074a1be8669ec1f53c0 10730293bca14780ad94eb382d592dfc - - 7b06d5d001a940d48d280bf8624ee0a4 7b06d5d001a940d48d280bf8624ee0a4] 199.204.45.3 "GET /v2.0/subnets?id=9e4efa32-0d89-4843-bd58-347f04593970&id=d28b99a4-d8fc-4ca3-a89e-205104061e53 HTTP/1.1" status: 200 len: 1566 time: 0.0314226
2026-05-25 01:53:47.539 9 INFO neutron.wsgi [req-093c02c3-1f52-425c-81ab-0fede28f9f24 req-f66c9265-f1da-4428-9933-3a9895f5d4ad 2af45385c8c54074a1be8669ec1f53c0 10730293bca14780ad94eb382d592dfc - - 7b06d5d001a940d48d280bf8624ee0a4 7b06d5d001a940d48d280bf8624ee0a4] 199.204.45.3 "GET /v2.0/ports?network_id=3b77e807-bf0d-424b-be20-03fdae48417d&device_owner=network%3Adhcp HTTP/1.1" status: 200 len: 210 time: 0.0216162 /var/lib/openstack/lib/python3.10/site-packages/pycadf/identifier.py:71: UserWarning: Invalid uuid: neutron. To ensure interoperability, identifiers should be a valid uuid. warnings.warn(('Invalid uuid: %s. To ensure interoperability, '
2026-05-25 01:53:47.548 10 WARNING neutron_lib.context [None req-763f6737-8aa0-49d4-8313-ecb776e749e3 b61903e172bf493dbabf95fe7b77cc39 5b401b12534342e38ac9e6250596128d - - default default] Method 'is_advsvc' is deprecated since 2023.2 release (neutron-lib 3.8.0) and will be removed once support for the old RBAC API policies will be removed from Neutron. Please use method 'is_service_role' instead.
2026-05-25 01:53:47.568 9 INFO neutron.wsgi [req-093c02c3-1f52-425c-81ab-0fede28f9f24 req-eff2084a-5652-4dfa-85f5-413d7500522f 2af45385c8c54074a1be8669ec1f53c0 10730293bca14780ad94eb382d592dfc - - 7b06d5d001a940d48d280bf8624ee0a4 7b06d5d001a940d48d280bf8624ee0a4] 199.204.45.3 "GET /v2.0/ports?network_id=3b77e807-bf0d-424b-be20-03fdae48417d&device_owner=network%3Adhcp HTTP/1.1" status: 200 len: 210 time: 0.0244131
2026-05-25 01:53:47.642 9 INFO neutron.wsgi [req-093c02c3-1f52-425c-81ab-0fede28f9f24 req-3ff85f8e-e318-42c3-ab99-2da6602c4496 2af45385c8c54074a1be8669ec1f53c0 10730293bca14780ad94eb382d592dfc - - 7b06d5d001a940d48d280bf8624ee0a4 7b06d5d001a940d48d280bf8624ee0a4] 199.204.45.3 "GET /v2.0/networks/3b77e807-bf0d-424b-be20-03fdae48417d?fields=segments HTTP/1.1" status: 200 len: 212 time: 0.0692096
2026-05-25 01:53:47.702 9 INFO neutron.wsgi [req-093c02c3-1f52-425c-81ab-0fede28f9f24 req-944d6940-2ffa-43d9-a31b-ca1d3097edc6 2af45385c8c54074a1be8669ec1f53c0 10730293bca14780ad94eb382d592dfc - - 7b06d5d001a940d48d280bf8624ee0a4 7b06d5d001a940d48d280bf8624ee0a4] 199.204.45.3 "GET /v2.0/networks/3b77e807-bf0d-424b-be20-03fdae48417d?fields=provider%3Aphysical_network&fields=provider%3Anetwork_type HTTP/1.1" status: 200 len: 277 time: 0.0560484
2026-05-25 01:53:47.715 10 INFO neutron.db.ovn_revision_numbers_db [None req-763f6737-8aa0-49d4-8313-ecb776e749e3 b61903e172bf493dbabf95fe7b77cc39 5b401b12534342e38ac9e6250596128d - - default default] Successfully bumped revision number for resource 94ec32e3-cb53-4a66-ac39-f1d63ed53eae (type: routers) to 1
2026-05-25 01:53:47.732 10 INFO neutron.wsgi [None req-763f6737-8aa0-49d4-8313-ecb776e749e3 b61903e172bf493dbabf95fe7b77cc39 5b401b12534342e38ac9e6250596128d - - default default] 10.0.0.86 "POST /v2.0/routers HTTP/1.1" status: 201 len: 769 time: 0.3623712
2026-05-25 01:53:47.742 10 WARNING neutron_lib.context [None req-a51909d9-36d6-4918-affe-91b3f81b4380 b61903e172bf493dbabf95fe7b77cc39 5b401b12534342e38ac9e6250596128d - - default default] Method 'is_advsvc' is deprecated since 2023.2 release (neutron-lib 3.8.0) and will be removed once support for the old RBAC API policies will be removed from Neutron. Please use method 'is_service_role' instead.
2026-05-25 01:53:47.871 10 INFO neutron.db.ovn_revision_numbers_db [None req-a51909d9-36d6-4918-affe-91b3f81b4380 b61903e172bf493dbabf95fe7b77cc39 5b401b12534342e38ac9e6250596128d - - default default] Successfully bumped revision number for resource 0f0c89e1-b3a2-475e-b2ac-646c01c234f6 (type: routers) to 1
2026-05-25 01:53:47.890 10 INFO neutron.wsgi [None req-a51909d9-36d6-4918-affe-91b3f81b4380 b61903e172bf493dbabf95fe7b77cc39 5b401b12534342e38ac9e6250596128d - - default default] 10.0.0.86 "POST /v2.0/routers HTTP/1.1" status: 201 len: 769 time: 0.1525614
2026-05-25 01:53:47.898 10 WARNING neutron_lib.context [None req-2cfd8028-7ba3-4844-9b8f-d699102be1b7 b61903e172bf493dbabf95fe7b77cc39 5b401b12534342e38ac9e6250596128d - - default default] Method 'is_advsvc' is deprecated since 2023.2 release (neutron-lib 3.8.0) and will be removed once support for the old RBAC API policies will be removed from Neutron. Please use method 'is_service_role' instead.
2026-05-25 01:53:48.009 10 INFO neutron.db.ovn_revision_numbers_db [None req-2cfd8028-7ba3-4844-9b8f-d699102be1b7 b61903e172bf493dbabf95fe7b77cc39 5b401b12534342e38ac9e6250596128d - - default default] Successfully bumped revision number for resource 9848c121-ab7c-470e-a411-714d1705dbbc (type: routers) to 1
2026-05-25 01:53:48.023 10 INFO neutron.wsgi [None req-2cfd8028-7ba3-4844-9b8f-d699102be1b7 b61903e172bf493dbabf95fe7b77cc39 5b401b12534342e38ac9e6250596128d - - default default] 10.0.0.86 "POST /v2.0/routers HTTP/1.1" status: 201 len: 769 time: 0.1289654
2026-05-25 01:53:48.034 10 WARNING neutron_lib.context [None req-42feb3a7-28b4-4a99-982f-212db48ca1a9 b61903e172bf493dbabf95fe7b77cc39 5b401b12534342e38ac9e6250596128d - - default default] Method 'is_advsvc' is deprecated since 2023.2 release (neutron-lib 3.8.0) and will be removed once support for the old RBAC API policies will be removed from Neutron. Please use method 'is_service_role' instead.
2026-05-25 01:53:48.313 9 INFO neutron.wsgi [req-f783bcb5-92fb-47bc-873b-b9d46b06540b req-6c0c222e-b453-49c8-9e85-edfa0fb6e87e 2af45385c8c54074a1be8669ec1f53c0 10730293bca14780ad94eb382d592dfc - - 7b06d5d001a940d48d280bf8624ee0a4 7b06d5d001a940d48d280bf8624ee0a4] 10.0.0.68 "GET /v2.0/ports?device_id=026885b7-c4d2-4fcf-90ea-4ff990c56fcd HTTP/1.1" status: 200 len: 1634 time: 0.0560575
2026-05-25 01:53:48.368 9 INFO neutron.wsgi [req-f783bcb5-92fb-47bc-873b-b9d46b06540b req-4bd27a0d-8014-4c4c-92fd-dce7c9072d41 2af45385c8c54074a1be8669ec1f53c0 10730293bca14780ad94eb382d592dfc - - 7b06d5d001a940d48d280bf8624ee0a4 7b06d5d001a940d48d280bf8624ee0a4] 10.0.0.68 "GET /v2.0/security-groups?id=8d073abb-5c3a-4ace-8e18-20214d25cbd3&fields=id&fields=name HTTP/1.1" status: 200 len: 310 time: 0.0463428
2026-05-25 01:53:48.464 10 INFO neutron.db.ovn_revision_numbers_db [None req-42feb3a7-28b4-4a99-982f-212db48ca1a9 b61903e172bf493dbabf95fe7b77cc39 5b401b12534342e38ac9e6250596128d - - default default] Successfully bumped revision number for resource ac6a8114-273b-46ca-8244-bca80021ce7f (type: routers) to 1
2026-05-25 01:53:48.479 10 INFO neutron.wsgi [None req-42feb3a7-28b4-4a99-982f-212db48ca1a9 b61903e172bf493dbabf95fe7b77cc39 5b401b12534342e38ac9e6250596128d - - default default] 10.0.0.86 "POST /v2.0/routers HTTP/1.1" status: 201 len: 769 time: 0.4505014
2026-05-25 01:53:48.489 10 WARNING neutron_lib.context [None req-afdf2a38-8c88-42fa-9e7e-35f8f2ddd2d2 b61903e172bf493dbabf95fe7b77cc39 5b401b12534342e38ac9e6250596128d - - default default] Method 'is_advsvc' is deprecated since 2023.2 release (neutron-lib 3.8.0) and will be removed once support for the old RBAC API policies will be removed from Neutron. Please use method 'is_service_role' instead.
2026-05-25 01:53:48.602 10 INFO neutron.db.ovn_revision_numbers_db [None req-afdf2a38-8c88-42fa-9e7e-35f8f2ddd2d2 b61903e172bf493dbabf95fe7b77cc39 5b401b12534342e38ac9e6250596128d - - default default] Successfully bumped revision number for resource f97db534-d409-43c9-bce8-fe122f1e2b74 (type: routers) to 1
2026-05-25 01:53:48.613 10 INFO neutron.wsgi [None req-afdf2a38-8c88-42fa-9e7e-35f8f2ddd2d2 b61903e172bf493dbabf95fe7b77cc39 5b401b12534342e38ac9e6250596128d - - default default] 10.0.0.86 "POST /v2.0/routers HTTP/1.1" status: 201 len: 769 time: 0.1294529
2026-05-25 01:53:48.707 10 INFO neutron.wsgi [None req-1999e325-f8c9-4545-a2c0-6266a5823398 b61903e172bf493dbabf95fe7b77cc39 5b401b12534342e38ac9e6250596128d - - default default] 10.0.0.86 "PUT /v2.0/routers/94ec32e3-cb53-4a66-ac39-f1d63ed53eae/tags HTTP/1.1" status: 200 len: 210 time: 0.0846891
2026-05-25 01:53:48.766 10 INFO neutron.wsgi [None req-4e9c4772-bdea-46f1-9eae-f8309558e0f7 b61903e172bf493dbabf95fe7b77cc39 5b401b12534342e38ac9e6250596128d - - default default] 10.0.0.86 "PUT /v2.0/routers/0f0c89e1-b3a2-475e-b2ac-646c01c234f6/tags HTTP/1.1" status: 200 len: 218 time: 0.0546992
2026-05-25 01:53:48.838 10 INFO neutron.wsgi [None req-7ce63ec8-64b5-4885-9e02-e0bd316e382c b61903e172bf493dbabf95fe7b77cc39 5b401b12534342e38ac9e6250596128d - - default default] 10.0.0.86 "PUT /v2.0/routers/9848c121-ab7c-470e-a411-714d1705dbbc/tags HTTP/1.1" status: 200 len: 227 time: 0.0663574
2026-05-25 01:53:48.910 10 INFO neutron.wsgi [None req-60533e46-a77b-4f0c-b462-9095b5eca2f5 b61903e172bf493dbabf95fe7b77cc39 5b401b12534342e38ac9e6250596128d - - default default] 10.0.0.86 "PUT /v2.0/routers/ac6a8114-273b-46ca-8244-bca80021ce7f/tags HTTP/1.1" status: 200 len: 212 time: 0.0641248
2026-05-25 01:53:48.985 10 INFO neutron.wsgi [None req-6000f40b-3164-42ba-a84e-cf4907e1ebb9 b61903e172bf493dbabf95fe7b77cc39 5b401b12534342e38ac9e6250596128d - - default default] 10.0.0.86 "GET /v2.0/routers?tags=red HTTP/1.1" status: 200 len: 1946 time: 0.0694492
2026-05-25 01:53:49.062 10 INFO neutron.wsgi [None req-19cbec29-cad1-4918-9890-093ce4f37321 b61903e172bf493dbabf95fe7b77cc39 5b401b12534342e38ac9e6250596128d - - default default] 10.0.0.86 "GET /v2.0/routers?tags=red%2Cblue HTTP/1.1" status: 200 len: 1375 time: 0.0738125
2026-05-25 01:53:49.146 10 INFO neutron.wsgi [None req-77010966-9ff1-4feb-9b99-0a48bd8deb20 b61903e172bf493dbabf95fe7b77cc39 5b401b12534342e38ac9e6250596128d - - default default] 10.0.0.86 "GET /v2.0/routers?tags-any=blue HTTP/1.1" status: 200 len: 1375 time: 0.0781980
2026-05-25 01:53:49.204 10 INFO neutron.wsgi [None req-e4d5738a-1bce-49d4-aeae-b577f434c26f b61903e172bf493dbabf95fe7b77cc39 5b401b12534342e38ac9e6250596128d - - default default] 10.0.0.86 "GET /v2.0/routers?tags-any=red%2Cblue HTTP/1.1" status: 200 len: 1946 time: 0.0538607
2026-05-25 01:53:49.278 10 INFO neutron.wsgi [None req-2b8fc3ce-ba73-40aa-bd34-04fb63a2b1e9 b61903e172bf493dbabf95fe7b77cc39 5b401b12534342e38ac9e6250596128d - - default default] 10.0.0.86 "GET /v2.0/routers?not-tags=red HTTP/1.1" status: 200 len: 1347 time: 0.0672779
2026-05-25 01:53:49.359 10 INFO neutron.wsgi [None req-0682a0ba-523c-40f6-ae20-79a37150a7e1 b61903e172bf493dbabf95fe7b77cc39 5b401b12534342e38ac9e6250596128d - - default default] 10.0.0.86 "GET /v2.0/routers?not-tags=red%2Cblue HTTP/1.1" status: 200 len: 1918 time: 0.0770669
2026-05-25 01:53:49.660 10 INFO neutron.wsgi [None req-b23d0cb6-a21d-4ca7-a453-263382dbbf4f b61903e172bf493dbabf95fe7b77cc39 5b401b12534342e38ac9e6250596128d - - default default] 10.0.0.86 "GET /v2.0/routers?not-tags-any=blue HTTP/1.1" status: 200 len: 1918 time: 0.2944708
2026-05-25 01:53:49.724 10 INFO neutron.wsgi [None req-029f0ede-312c-4477-9d15-534f01a50748 b61903e172bf493dbabf95fe7b77cc39 5b401b12534342e38ac9e6250596128d - - default default] 10.0.0.86 "GET /v2.0/routers?not-tags-any=red%2Cblue HTTP/1.1" status: 200 len: 1347 time: 0.0593040
2026-05-25 01:53:49.775 10 INFO neutron.wsgi [None req-b5d80816-928e-41cb-a1e8-c2bdc49e2d4a b61903e172bf493dbabf95fe7b77cc39 5b401b12534342e38ac9e6250596128d - - default default] 10.0.0.86 "GET /v2.0/routers/94ec32e3-cb53-4a66-ac39-f1d63ed53eae HTTP/1.1" status: 200 len: 775 time: 0.0438657
2026-05-25 01:53:50.257 10 INFO neutron.db.ovn_revision_numbers_db [None req-ff39cde9-3e70-4cb3-bf22-15b73454d9f1 b61903e172bf493dbabf95fe7b77cc39 5b401b12534342e38ac9e6250596128d - - default default] Successfully bumped revision number for resource 94ec32e3-cb53-4a66-ac39-f1d63ed53eae (type: routers) to 2
2026-05-25 01:53:50.264 10 INFO neutron.wsgi [None req-ff39cde9-3e70-4cb3-bf22-15b73454d9f1 b61903e172bf493dbabf95fe7b77cc39 5b401b12534342e38ac9e6250596128d - - default default] 10.0.0.86 "PUT /v2.0/routers/94ec32e3-cb53-4a66-ac39-f1d63ed53eae HTTP/1.1" status: 200 len: 775 time: 0.4848382
2026-05-25 01:53:50.288 10 INFO neutron.wsgi [None req-5610cffa-4d00-4230-ba49-467e8e8c6bff b61903e172bf493dbabf95fe7b77cc39 5b401b12534342e38ac9e6250596128d - - default default] 10.0.0.86 "GET /v2.0/ports?device_id=94ec32e3-cb53-4a66-ac39-f1d63ed53eae HTTP/1.1" status: 200 len: 205 time: 0.0188582
2026-05-25 01:53:50.536 10 INFO neutron.wsgi [None req-ce5a8f77-d87c-4c1a-af41-4ce438f76b7c b61903e172bf493dbabf95fe7b77cc39 5b401b12534342e38ac9e6250596128d - - default default] 10.0.0.86 "DELETE /v2.0/routers/94ec32e3-cb53-4a66-ac39-f1d63ed53eae HTTP/1.1" status: 204 len: 168 time: 0.2445536
2026-05-25 01:53:50.606 9 INFO neutron.wsgi [None req-360df7ab-f0f0-475d-a255-96308e5fbdf5 b61903e172bf493dbabf95fe7b77cc39 5b401b12534342e38ac9e6250596128d - - default default] 10.0.0.86 "GET /v2.0/routers/0f0c89e1-b3a2-475e-b2ac-646c01c234f6 HTTP/1.1" status: 200 len: 783 time: 0.0530477
2026-05-25 01:53:51.268 9 INFO neutron.db.ovn_revision_numbers_db [None req-3705ddb5-59f6-48d2-9f04-b2e7777f4cc9 b61903e172bf493dbabf95fe7b77cc39 5b401b12534342e38ac9e6250596128d - - default default] Successfully bumped revision number for resource 0f0c89e1-b3a2-475e-b2ac-646c01c234f6 (type: routers) to 2
2026-05-25 01:53:51.274 9 INFO neutron.wsgi [None req-3705ddb5-59f6-48d2-9f04-b2e7777f4cc9 b61903e172bf493dbabf95fe7b77cc39 5b401b12534342e38ac9e6250596128d - - default default] 10.0.0.86 "PUT /v2.0/routers/0f0c89e1-b3a2-475e-b2ac-646c01c234f6 HTTP/1.1" status: 200 len: 783 time: 0.6629779
2026-05-25 01:53:51.312 10 INFO neutron.wsgi [None req-5e317e71-3212-4369-bbe7-0305d61a2641 b61903e172bf493dbabf95fe7b77cc39 5b401b12534342e38ac9e6250596128d - - default default] 10.0.0.86 "GET /v2.0/ports?device_id=0f0c89e1-b3a2-475e-b2ac-646c01c234f6 HTTP/1.1" status: 200 len: 205 time: 0.0227280
2026-05-25 01:53:51.793 10 INFO neutron.wsgi [None req-5bf84bb0-a19b-41f8-bd14-6b5c22fb8c5e b61903e172bf493dbabf95fe7b77cc39 5b401b12534342e38ac9e6250596128d - - default default] 10.0.0.86 "DELETE /v2.0/routers/0f0c89e1-b3a2-475e-b2ac-646c01c234f6 HTTP/1.1" status: 204 len: 168 time: 0.4767497
2026-05-25 01:53:51.848 10 INFO neutron.wsgi [None req-b1a3a844-3b72-4334-a06e-2daf7e2824a4 b61903e172bf493dbabf95fe7b77cc39 5b401b12534342e38ac9e6250596128d - - default default] 10.0.0.86 "GET /v2.0/routers/9848c121-ab7c-470e-a411-714d1705dbbc HTTP/1.1" status: 200 len: 792 time: 0.0501471
2026-05-25 01:53:52.294 10 INFO neutron.db.ovn_revision_numbers_db [None req-d02ce177-2f87-4d51-97d5-48671bca8186 b61903e172bf493dbabf95fe7b77cc39 5b401b12534342e38ac9e6250596128d - - default default] Successfully bumped revision number for resource 9848c121-ab7c-470e-a411-714d1705dbbc (type: routers) to 2
2026-05-25 01:53:52.299 10 INFO neutron.wsgi [None req-d02ce177-2f87-4d51-97d5-48671bca8186 b61903e172bf493dbabf95fe7b77cc39 5b401b12534342e38ac9e6250596128d - - default default] 10.0.0.86 "PUT /v2.0/routers/9848c121-ab7c-470e-a411-714d1705dbbc HTTP/1.1" status: 200 len: 792 time: 0.4467010
2026-05-25 01:53:52.325 10 INFO neutron.wsgi [None req-9c2fd4f3-06c4-461b-99cb-a9c050419102 b61903e172bf493dbabf95fe7b77cc39 5b401b12534342e38ac9e6250596128d - - default default] 10.0.0.86 "GET /v2.0/ports?device_id=9848c121-ab7c-470e-a411-714d1705dbbc HTTP/1.1" status: 200 len: 205 time: 0.0201445
2026-05-25 01:53:52.557 10 INFO neutron.wsgi [None req-90c532eb-19b6-489d-8e99-56b64a9ea26f b61903e172bf493dbabf95fe7b77cc39 5b401b12534342e38ac9e6250596128d - - default default] 10.0.0.86 "DELETE /v2.0/routers/9848c121-ab7c-470e-a411-714d1705dbbc HTTP/1.1" status: 204 len: 168 time: 0.2267447
2026-05-25 01:53:52.608 9 INFO neutron.wsgi [None req-054ee4de-673b-409d-9401-300cd3bce0bc b61903e172bf493dbabf95fe7b77cc39 5b401b12534342e38ac9e6250596128d - - default default] 10.0.0.86 "GET /v2.0/routers/ac6a8114-273b-46ca-8244-bca80021ce7f HTTP/1.1" status: 200 len: 777 time: 0.0461175
2026-05-25 01:53:53.000 9 INFO neutron.db.ovn_revision_numbers_db [None req-54c86859-d06d-4b98-b2f4-dc775fb247aa b61903e172bf493dbabf95fe7b77cc39 5b401b12534342e38ac9e6250596128d - - default default] Successfully bumped revision number for resource ac6a8114-273b-46ca-8244-bca80021ce7f (type: routers) to 2
2026-05-25 01:53:53.007 9 INFO neutron.wsgi [None req-54c86859-d06d-4b98-b2f4-dc775fb247aa b61903e172bf493dbabf95fe7b77cc39 5b401b12534342e38ac9e6250596128d - - default default] 10.0.0.86 "PUT /v2.0/routers/ac6a8114-273b-46ca-8244-bca80021ce7f HTTP/1.1" status: 200 len: 777 time: 0.3959546
2026-05-25 01:53:53.039 9 INFO neutron.wsgi [None req-a3a5fa9d-d347-44b2-8ce5-eb76c483f165 b61903e172bf493dbabf95fe7b77cc39 5b401b12534342e38ac9e6250596128d - - default default] 10.0.0.86 "GET /v2.0/ports?device_id=ac6a8114-273b-46ca-8244-bca80021ce7f HTTP/1.1" status: 200 len: 205 time: 0.0250261
2026-05-25 01:53:53.333 10 INFO neutron.wsgi [None req-a869d294-5ad2-4020-8455-a9dce0829086 b61903e172bf493dbabf95fe7b77cc39 5b401b12534342e38ac9e6250596128d - - default default] 10.0.0.86 "DELETE /v2.0/routers/ac6a8114-273b-46ca-8244-bca80021ce7f HTTP/1.1" status: 204 len: 168 time: 0.2881768
2026-05-25 01:53:53.391 10 INFO neutron.wsgi [None req-87bfba7a-c9ad-404b-a3e6-07b611b20526 b61903e172bf493dbabf95fe7b77cc39 5b401b12534342e38ac9e6250596128d - - default default] 10.0.0.86 "GET /v2.0/routers/f97db534-d409-43c9-bce8-fe122f1e2b74 HTTP/1.1" status: 200 len: 770 time: 0.0512464
2026-05-25 01:53:53.767 10 INFO neutron.wsgi [None req-1a3aed0a-9bf9-4178-81b8-065d0c900b1a b61903e172bf493dbabf95fe7b77cc39 5b401b12534342e38ac9e6250596128d - - default default] 10.0.0.86 "PUT /v2.0/routers/f97db534-d409-43c9-bce8-fe122f1e2b74 HTTP/1.1" status: 200 len: 770 time: 0.3701677
2026-05-25 01:53:53.791 10 INFO neutron.wsgi [None req-d5a0b393-5bd5-49b8-90b9-8d193965b035 b61903e172bf493dbabf95fe7b77cc39 5b401b12534342e38ac9e6250596128d - - default default] 10.0.0.86 "GET /v2.0/ports?device_id=f97db534-d409-43c9-bce8-fe122f1e2b74 HTTP/1.1" status: 200 len: 205 time: 0.0194340
2026-05-25 01:53:54.264 10 INFO neutron.wsgi [None req-c146781b-2921-49a7-afb7-505fb27c4704 b61903e172bf493dbabf95fe7b77cc39 5b401b12534342e38ac9e6250596128d - - default default] 10.0.0.86 "DELETE /v2.0/routers/f97db534-d409-43c9-bce8-fe122f1e2b74 HTTP/1.1" status: 204 len: 168 time: 0.4694531
2026-05-25 01:53:55.274 9 INFO neutron.wsgi [req-7e4dd551-bfa5-46f7-834d-4826ae31e277 req-198d985e-dc44-47f1-adda-8fc07b2e7f01 2af45385c8c54074a1be8669ec1f53c0 10730293bca14780ad94eb382d592dfc - - 7b06d5d001a940d48d280bf8624ee0a4 7b06d5d001a940d48d280bf8624ee0a4] 10.0.0.68 "GET /v2.0/ports?device_id=a3c2d6a0-e130-4a44-8c09-621928f87465 HTTP/1.1" status: 200 len: 1638 time: 0.0400131
2026-05-25 01:53:55.339 9 INFO neutron.wsgi [req-7e4dd551-bfa5-46f7-834d-4826ae31e277 req-1e3c025b-da80-4fd3-ab07-ce8a937136f8 2af45385c8c54074a1be8669ec1f53c0 10730293bca14780ad94eb382d592dfc - - 7b06d5d001a940d48d280bf8624ee0a4 7b06d5d001a940d48d280bf8624ee0a4] 10.0.0.68 "GET /v2.0/security-groups?id=8d073abb-5c3a-4ace-8e18-20214d25cbd3&fields=id&fields=name HTTP/1.1" status: 200 len: 310 time: 0.0561247
2026-05-25 01:53:55.341 10 INFO neutron.db.ovn_revision_numbers_db [None req-85a16f63-996a-41b4-85d9-34d20ce15145 7e300b396db94b24b25968d039d9cabe 6ef05087d76e44928760242c774eb022 - - default default] Successfully bumped revision number for resource ae736ab8-f46e-4003-b4a6-1280dc0725ae (type: security_groups) to 1
2026-05-25 01:53:55.354 10 INFO neutron.db.ovn_revision_numbers_db [None req-85a16f63-996a-41b4-85d9-34d20ce15145 7e300b396db94b24b25968d039d9cabe 6ef05087d76e44928760242c774eb022 - - default default] Successfully bumped revision number for resource 2b6f739b-2518-46f9-976f-027317ef9674 (type: security_group_rules) to 0
2026-05-25 01:53:55.369 10 INFO neutron.db.ovn_revision_numbers_db [None req-85a16f63-996a-41b4-85d9-34d20ce15145 7e300b396db94b24b25968d039d9cabe 6ef05087d76e44928760242c774eb022 - - default default] Successfully bumped revision number for resource 9023d848-7d0a-4f40-a537-d55f9d2ec80b (type: security_group_rules) to 0
2026-05-25 01:53:55.388 10 INFO neutron.db.ovn_revision_numbers_db [None req-85a16f63-996a-41b4-85d9-34d20ce15145 7e300b396db94b24b25968d039d9cabe 6ef05087d76e44928760242c774eb022 - - default default] Successfully bumped revision number for resource b7ce87fe-b6ad-43d8-a195-0eaf75427fc0 (type: security_group_rules) to 0
2026-05-25 01:53:55.405 10 INFO neutron.db.ovn_revision_numbers_db [None req-85a16f63-996a-41b4-85d9-34d20ce15145 7e300b396db94b24b25968d039d9cabe 6ef05087d76e44928760242c774eb022 - - default default] Successfully bumped revision number for resource ea7280ab-96bd-48fd-87ea-00b9d2677816 (type: security_group_rules) to 0
2026-05-25 01:53:55.427 10 INFO neutron.wsgi [None req-85a16f63-996a-41b4-85d9-34d20ce15145 7e300b396db94b24b25968d039d9cabe 6ef05087d76e44928760242c774eb022 - - default default] 10.0.0.86 "GET /v2.0/security-groups?tenant_id=b8126c460769499b91dbafffc0338cec&name=default HTTP/1.1" status: 200 len: 3124 time: 0.3671665
2026-05-25 01:53:55.636 10 INFO neutron.wsgi [None req-beda7320-f97c-4314-93d6-fe2d53c1d9a6 7e300b396db94b24b25968d039d9cabe 6ef05087d76e44928760242c774eb022 - - default default] 10.0.0.86 "DELETE /v2.0/security-groups/ae736ab8-f46e-4003-b4a6-1280dc0725ae HTTP/1.1" status: 204 len: 168 time: 0.2037916
2026-05-25 01:53:55.847 9 INFO neutron.db.ovn_revision_numbers_db [None req-46a6dd3d-5887-4024-a03d-b71361a22989 7e300b396db94b24b25968d039d9cabe 6ef05087d76e44928760242c774eb022 - - default default] Successfully bumped revision number for resource 5623562e-e9b8-40ae-a857-5cd4efa8d78c (type: security_groups) to 1
2026-05-25 01:53:55.860 9 INFO neutron.db.ovn_revision_numbers_db [None req-46a6dd3d-5887-4024-a03d-b71361a22989 7e300b396db94b24b25968d039d9cabe 6ef05087d76e44928760242c774eb022 - - default default] Successfully bumped revision number for resource 051b560a-216f-4d05-8ae4-7e327a53b829 (type: security_group_rules) to 0
2026-05-25 01:53:55.874 9 INFO neutron.db.ovn_revision_numbers_db [None req-46a6dd3d-5887-4024-a03d-b71361a22989 7e300b396db94b24b25968d039d9cabe 6ef05087d76e44928760242c774eb022 - - default default] Successfully bumped revision number for resource 2b1d2b53-4e36-4af1-a4e1-62ce41e95878 (type: security_group_rules) to 0
2026-05-25 01:53:55.890 9 INFO neutron.db.ovn_revision_numbers_db [None req-46a6dd3d-5887-4024-a03d-b71361a22989 7e300b396db94b24b25968d039d9cabe 6ef05087d76e44928760242c774eb022 - - default default] Successfully bumped revision number for resource 98aaaea0-77d6-4027-aa98-2b31891106b0 (type: security_group_rules) to 0
2026-05-25 01:53:55.903 9 INFO neutron.db.ovn_revision_numbers_db [None req-46a6dd3d-5887-4024-a03d-b71361a22989 7e300b396db94b24b25968d039d9cabe 6ef05087d76e44928760242c774eb022 - - default default] Successfully bumped revision number for resource f5d23803-8ac2-41bd-8926-790cbc54d3ed (type: security_group_rules) to 0
2026-05-25 01:53:55.923 9 INFO neutron.wsgi [None req-46a6dd3d-5887-4024-a03d-b71361a22989 7e300b396db94b24b25968d039d9cabe 6ef05087d76e44928760242c774eb022 - - default default] 10.0.0.86 "GET /v2.0/security-groups?tenant_id=5b401b12534342e38ac9e6250596128d&name=default HTTP/1.1" status: 200 len: 3124 time: 0.1826942
2026-05-25 01:53:56.156 9 INFO neutron.wsgi [None req-cb5f0ec0-72d9-42e7-a01a-79addb093995 7e300b396db94b24b25968d039d9cabe 6ef05087d76e44928760242c774eb022 - - default default] 10.0.0.86 "DELETE /v2.0/security-groups/5623562e-e9b8-40ae-a857-5cd4efa8d78c HTTP/1.1" status: 204 len: 168 time: 0.2280791
2026-05-25 01:53:56.443 10 INFO neutron.db.ovn_revision_numbers_db [None req-0a16d444-efdd-4af0-aad9-d42c40e52d5d 7e300b396db94b24b25968d039d9cabe 6ef05087d76e44928760242c774eb022 - - default default] Successfully bumped revision number for resource 249f4cae-f3a0-4696-b982-212381bc4c08 (type: security_groups) to 1
2026-05-25 01:53:56.459 10 INFO neutron.db.ovn_revision_numbers_db [None req-0a16d444-efdd-4af0-aad9-d42c40e52d5d 7e300b396db94b24b25968d039d9cabe 6ef05087d76e44928760242c774eb022 - - default default] Successfully bumped revision number for resource 160f2514-8539-4f16-9a69-52736bc3dbe0 (type: security_group_rules) to 0
2026-05-25 01:53:56.470 10 INFO neutron.db.ovn_revision_numbers_db [None req-0a16d444-efdd-4af0-aad9-d42c40e52d5d 7e300b396db94b24b25968d039d9cabe 6ef05087d76e44928760242c774eb022 - - default default] Successfully bumped revision number for resource 1f448059-3a6d-455f-9fd9-0eeccc292c71 (type: security_group_rules) to 0
2026-05-25 01:53:56.482 10 INFO neutron.db.ovn_revision_numbers_db [None req-0a16d444-efdd-4af0-aad9-d42c40e52d5d 7e300b396db94b24b25968d039d9cabe 6ef05087d76e44928760242c774eb022 - - default default] Successfully bumped revision number for resource 89ab21e6-77ba-4194-964d-89fb4ec60619 (type: security_group_rules) to 0
2026-05-25 01:53:56.494 10 INFO neutron.db.ovn_revision_numbers_db [None req-0a16d444-efdd-4af0-aad9-d42c40e52d5d 7e300b396db94b24b25968d039d9cabe 6ef05087d76e44928760242c774eb022 - - default default] Successfully bumped revision number for resource e2ead3e1-6093-4891-a957-19f82614d820 (type: security_group_rules) to 0
2026-05-25 01:53:56.511 10 INFO neutron.wsgi [None req-0a16d444-efdd-4af0-aad9-d42c40e52d5d 7e300b396db94b24b25968d039d9cabe 6ef05087d76e44928760242c774eb022 - - default default] 10.0.0.86 "GET /v2.0/security-groups?tenant_id=5ae34e9aa8914b32b53ce583e4a68628&name=default HTTP/1.1" status: 200 len: 3124 time: 0.2077599
2026-05-25 01:53:56.725 9 INFO neutron.wsgi [None req-d9f43980-83ff-4337-9c83-9557ef73bbed 7e300b396db94b24b25968d039d9cabe 6ef05087d76e44928760242c774eb022 - - default default] 10.0.0.86 "DELETE /v2.0/security-groups/249f4cae-f3a0-4696-b982-212381bc4c08 HTTP/1.1" status: 204 len: 168 time: 0.2086122
2026-05-25 01:53:58.327 10 INFO neutron.wsgi [-] 10.0.0.25 "GET / HTTP/1.1" status: 200 len: 247 time: 0.0037665
2026-05-25 01:53:58.331 9 INFO neutron.wsgi [-] 10.0.0.25 "GET / HTTP/1.1" status: 200 len: 247 time: 0.0037329
2026-05-25 01:53:59.802 9 INFO neutron.wsgi [None req-41868e27-af7d-4550-815e-b8481f5eab65 0c37613d84364350b47aca9110423d1c 71ce6763c2364d10bffc20ada21f6db9 - - default default] 10.0.0.86 "GET /v2.0/subnets/c2ee7ccc-c5f6-4a23-b34c-654b8e9c6123 HTTP/1.1" status: 200 len: 846 time: 0.0330198
2026-05-25 01:54:00.977 9 INFO neutron.wsgi [None req-dd917ce6-a7a2-4fd6-a670-0ee953098f20 7e300b396db94b24b25968d039d9cabe 6ef05087d76e44928760242c774eb022 - - default default] 10.0.0.38 "GET /v2.0/extensions/security-group HTTP/1.1" status: 200 len: 369 time: 0.2654259
2026-05-25 01:54:00.988 9 INFO neutron.wsgi [None req-78b1170c-6e87-4c1c-84bf-aaee79e3f7ec 7e300b396db94b24b25968d039d9cabe 6ef05087d76e44928760242c774eb022 - - default default] 10.0.0.38 "GET /v2.0/extensions/dns-integration HTTP/1.1" status: 200 len: 371 time: 0.0049217
2026-05-25 01:54:01.002 9 INFO neutron.wsgi [None req-9c97d28f-3155-435e-a959-62d357d5dc6f 7e300b396db94b24b25968d039d9cabe 6ef05087d76e44928760242c774eb022 - - default default] 10.0.0.38 "GET /v2.0/extensions/qos HTTP/1.1" status: 200 len: 365 time: 0.0052459
2026-05-25 01:54:01.013 9 INFO neutron.wsgi [None req-69c01ae7-b1b0-4a9c-8283-0521dce13ac2 7e300b396db94b24b25968d039d9cabe 6ef05087d76e44928760242c774eb022 - - default default] 10.0.0.38 "GET /v2.0/extensions/allowed-address-pairs HTTP/1.1" status: 200 len: 383 time: 0.0059531
2026-05-25 01:54:01.207 10 WARNING neutron_lib.context [None req-e4424bda-bcb9-4554-80e6-b69d7a6cb8c3 c8c2d80085bc4a0e8a859a654be59bd3 d96fc9a41a70413cbb3569bcc4e50b0b - - default default] Method 'is_advsvc' is deprecated since 2023.2 release (neutron-lib 3.8.0) and will be removed once support for the old RBAC API policies will be removed from Neutron. Please use method 'is_service_role' instead.
2026-05-25 01:54:01.360 10 INFO neutron.db.ovn_revision_numbers_db [None req-e4424bda-bcb9-4554-80e6-b69d7a6cb8c3 c8c2d80085bc4a0e8a859a654be59bd3 d96fc9a41a70413cbb3569bcc4e50b0b - - default default] Successfully bumped revision number for resource 45c50869-6779-4d95-a2aa-9d4bf99fc533 (type: security_groups) to 1
2026-05-25 01:54:01.376 10 INFO neutron.db.ovn_revision_numbers_db [None req-e4424bda-bcb9-4554-80e6-b69d7a6cb8c3 c8c2d80085bc4a0e8a859a654be59bd3 d96fc9a41a70413cbb3569bcc4e50b0b - - default default] Successfully bumped revision number for resource 113c3305-7cf9-42b4-b757-97b1d237c7ac (type: security_group_rules) to 0
2026-05-25 01:54:01.413 10 INFO neutron.db.ovn_revision_numbers_db [None req-e4424bda-bcb9-4554-80e6-b69d7a6cb8c3 c8c2d80085bc4a0e8a859a654be59bd3 d96fc9a41a70413cbb3569bcc4e50b0b - - default default] Successfully bumped revision number for resource 322ea46f-f159-4726-9c5d-d0a38b3aa746 (type: security_group_rules) to 0
2026-05-25 01:54:01.429 10 INFO neutron.db.ovn_revision_numbers_db [None req-e4424bda-bcb9-4554-80e6-b69d7a6cb8c3 c8c2d80085bc4a0e8a859a654be59bd3 d96fc9a41a70413cbb3569bcc4e50b0b - - default default] Successfully bumped revision number for resource 41ef56e0-6753-4194-935d-abffe3e08863 (type: security_group_rules) to 0
2026-05-25 01:54:01.441 10 INFO neutron.db.ovn_revision_numbers_db [None req-e4424bda-bcb9-4554-80e6-b69d7a6cb8c3 c8c2d80085bc4a0e8a859a654be59bd3 d96fc9a41a70413cbb3569bcc4e50b0b - - default default] Successfully bumped revision number for resource eda2e6cd-d372-40de-95c8-1183a7c9cfc7 (type: security_group_rules) to 0
2026-05-25 01:54:01.547 10 INFO neutron.db.ovn_revision_numbers_db [None req-e4424bda-bcb9-4554-80e6-b69d7a6cb8c3 c8c2d80085bc4a0e8a859a654be59bd3 d96fc9a41a70413cbb3569bcc4e50b0b - - default default] Successfully bumped revision number for resource 8a1dc8be-b1ce-45df-8fe8-9441f2015613 (type: security_groups) to 1
2026-05-25 01:54:01.561 10 INFO neutron.db.ovn_revision_numbers_db [None req-e4424bda-bcb9-4554-80e6-b69d7a6cb8c3 c8c2d80085bc4a0e8a859a654be59bd3 d96fc9a41a70413cbb3569bcc4e50b0b - - default default] Successfully bumped revision number for resource 4346e7dd-cdef-45bf-b82d-618fe0a91c88 (type: security_group_rules) to 0
2026-05-25 01:54:01.575 10 INFO neutron.db.ovn_revision_numbers_db [None req-e4424bda-bcb9-4554-80e6-b69d7a6cb8c3 c8c2d80085bc4a0e8a859a654be59bd3 d96fc9a41a70413cbb3569bcc4e50b0b - - default default] Successfully bumped revision number for resource 44db8853-f86f-4846-a83f-a6698b7c9431 (type: security_group_rules) to 0
2026-05-25 01:54:01.597 10 INFO neutron.wsgi [-] 10.0.0.38 "GET / HTTP/1.1" status: 200 len: 284 time: 0.0022683
2026-05-25 01:54:01.604 10 INFO neutron.wsgi [None req-e4424bda-bcb9-4554-80e6-b69d7a6cb8c3 c8c2d80085bc4a0e8a859a654be59bd3 d96fc9a41a70413cbb3569bcc4e50b0b - - default default] 10.0.0.86 "POST /v2.0/security-groups HTTP/1.1" status: 201 len: 1803 time: 0.4555273
2026-05-25 01:54:01.621 9 WARNING neutron_lib.context [None req-484eabcd-f6b3-4f8e-b37c-962dc748b1a1 c8c2d80085bc4a0e8a859a654be59bd3 d96fc9a41a70413cbb3569bcc4e50b0b - - default default] Method 'is_advsvc' is deprecated since 2023.2 release (neutron-lib 3.8.0) and will be removed once support for the old RBAC API policies will be removed from Neutron. Please use method 'is_service_role' instead.
2026-05-25 01:54:01.649 10 INFO neutron.wsgi [None req-3df9df78-8177-4283-85de-f71c3701eb40 8263ba51c0474bb4bb47788bab6610d2 09885b15536a49ad8dc30fd1f9003987 - - default default] 10.0.0.38 "GET /v2.0/subnets/c2ee7ccc-c5f6-4a23-b34c-654b8e9c6123 HTTP/1.1" status: 200 len: 833 time: 0.0341151
2026-05-25 01:54:01.661 9 INFO neutron.wsgi [None req-4145080b-c05b-40e4-9603-4575d0057db6 7e300b396db94b24b25968d039d9cabe 6ef05087d76e44928760242c774eb022 - - default default] 10.0.0.38 "GET /v2.0/extensions/security-group HTTP/1.1" status: 200 len: 369 time: 0.0052989
2026-05-25 01:54:01.676 9 INFO neutron.wsgi [None req-abba9789-454c-4629-9f27-48767f431735 7e300b396db94b24b25968d039d9cabe 6ef05087d76e44928760242c774eb022 - - default default] 10.0.0.38 "GET /v2.0/extensions/dns-integration HTTP/1.1" status: 200 len: 371 time: 0.0073540
2026-05-25 01:54:01.688 9 INFO neutron.wsgi [None req-b8a5c7e4-4829-4869-803d-2ddfda13320b 7e300b396db94b24b25968d039d9cabe 6ef05087d76e44928760242c774eb022 - - default default] 10.0.0.38 "GET /v2.0/extensions/qos HTTP/1.1" status: 200 len: 365 time: 0.0053341
2026-05-25 01:54:01.702 9 INFO neutron.wsgi [None req-3a090a7c-0303-43be-923a-d43ecc16230f 7e300b396db94b24b25968d039d9cabe 6ef05087d76e44928760242c774eb022 - - default default] 10.0.0.38 "GET /v2.0/extensions/allowed-address-pairs HTTP/1.1" status: 200 len: 383 time: 0.0066376
2026-05-25 01:54:01.747 9 INFO neutron.wsgi [None req-8ca30392-720d-46ea-be58-e4237ca9489d 7e300b396db94b24b25968d039d9cabe 6ef05087d76e44928760242c774eb022 - - default default] 10.0.0.38 "GET /v2.0/subnets/c2ee7ccc-c5f6-4a23-b34c-654b8e9c6123 HTTP/1.1" status: 200 len: 851 time: 0.0344675
2026-05-25 01:54:01.799 9 INFO neutron.db.ovn_revision_numbers_db [None req-484eabcd-f6b3-4f8e-b37c-962dc748b1a1 c8c2d80085bc4a0e8a859a654be59bd3 d96fc9a41a70413cbb3569bcc4e50b0b - - default default] Successfully bumped revision number for resource d3ca6e70-c59d-491e-a0c5-5b9981507d79 (type: security_groups) to 1
2026-05-25 01:54:01.813 9 INFO neutron.db.ovn_revision_numbers_db [None req-484eabcd-f6b3-4f8e-b37c-962dc748b1a1 c8c2d80085bc4a0e8a859a654be59bd3 d96fc9a41a70413cbb3569bcc4e50b0b - - default default] Successfully bumped revision number for resource 1d33091e-4076-494b-9726-a23e8af42d6f (type: security_group_rules) to 0
2026-05-25 01:54:01.828 9 INFO neutron.db.ovn_revision_numbers_db [None req-484eabcd-f6b3-4f8e-b37c-962dc748b1a1 c8c2d80085bc4a0e8a859a654be59bd3 d96fc9a41a70413cbb3569bcc4e50b0b - - default default] Successfully bumped revision number for resource 91bee51e-0a3b-471d-808f-ded7cc1e7074 (type: security_group_rules) to 0
2026-05-25 01:54:01.846 9 INFO neutron.wsgi [None req-d854b9b4-634a-4ea5-8d40-86249c009870 7e300b396db94b24b25968d039d9cabe 6ef05087d76e44928760242c774eb022 - - default default] 10.0.0.38 "GET /v2.0/extensions/security-group HTTP/1.1" status: 200 len: 369 time: 0.0053985
2026-05-25 01:54:01.851 9 INFO neutron.wsgi [None req-484eabcd-f6b3-4f8e-b37c-962dc748b1a1 c8c2d80085bc4a0e8a859a654be59bd3 d96fc9a41a70413cbb3569bcc4e50b0b - - default default] 10.0.0.86 "POST /v2.0/security-groups HTTP/1.1" status: 201 len: 1803 time: 0.2369516
2026-05-25 01:54:01.856 9 INFO neutron.wsgi [None req-578b7cfd-f68c-4348-aa63-80296dfc271b 7e300b396db94b24b25968d039d9cabe 6ef05087d76e44928760242c774eb022 - - default default] 10.0.0.38 "GET /v2.0/extensions/dns-integration HTTP/1.1" status: 200 len: 371 time: 0.0038276
2026-05-25 01:54:01.862 10 WARNING neutron_lib.context [None req-7cd08d5f-9dc3-45ce-914f-0f01685fa609 c8c2d80085bc4a0e8a859a654be59bd3 d96fc9a41a70413cbb3569bcc4e50b0b - - default default] Method 'is_advsvc' is deprecated since 2023.2 release (neutron-lib 3.8.0) and will be removed once support for the old RBAC API policies will be removed from Neutron. Please use method 'is_service_role' instead.
2026-05-25 01:54:01.865 9 INFO neutron.wsgi [None req-d20dfa17-8d52-4b47-a17f-da51ba74810a 7e300b396db94b24b25968d039d9cabe 6ef05087d76e44928760242c774eb022 - - default default] 10.0.0.38 "GET /v2.0/extensions/qos HTTP/1.1" status: 200 len: 365 time: 0.0036793
2026-05-25 01:54:01.873 9 INFO neutron.wsgi [None req-1912f7b8-cf81-4859-9254-9a1322d70bd8 7e300b396db94b24b25968d039d9cabe 6ef05087d76e44928760242c774eb022 - - default default] 10.0.0.38 "GET /v2.0/extensions/allowed-address-pairs HTTP/1.1" status: 200 len: 383 time: 0.0030935
2026-05-25 01:54:01.937 9 INFO neutron.wsgi [None req-e35436f3-5879-48a0-8df6-ca646e1d35c3 7e300b396db94b24b25968d039d9cabe 6ef05087d76e44928760242c774eb022 - - default default] 10.0.0.38 "GET /v2.0/networks/89c987a4-277d-4cf5-ba66-69822d318ea5 HTTP/1.1" status: 200 len: 1001 time: 0.0579798
2026-05-25 01:54:01.953 9 INFO neutron.wsgi [None req-48ac778a-bcc1-41db-8b61-20fb3c425016 7e300b396db94b24b25968d039d9cabe 6ef05087d76e44928760242c774eb022 - - default default] 10.0.0.38 "GET /v2.0/extensions/project-id HTTP/1.1" status: 200 len: 403 time: 0.0071197
2026-05-25 01:54:01.989 10 INFO neutron.db.ovn_revision_numbers_db [None req-7cd08d5f-9dc3-45ce-914f-0f01685fa609 c8c2d80085bc4a0e8a859a654be59bd3 d96fc9a41a70413cbb3569bcc4e50b0b - - default default] Successfully bumped revision number for resource 190d2fc1-72bf-45f2-95ce-508016ec9f9f (type: security_groups) to 1
2026-05-25 01:54:02.007 10 INFO neutron.db.ovn_revision_numbers_db [None req-7cd08d5f-9dc3-45ce-914f-0f01685fa609 c8c2d80085bc4a0e8a859a654be59bd3 d96fc9a41a70413cbb3569bcc4e50b0b - - default default] Successfully bumped revision number for resource 5f69c882-ed05-4924-97b0-01093ae40173 (type: security_group_rules) to 0
2026-05-25 01:54:02.020 10 INFO neutron.db.ovn_revision_numbers_db [None req-7cd08d5f-9dc3-45ce-914f-0f01685fa609 c8c2d80085bc4a0e8a859a654be59bd3 d96fc9a41a70413cbb3569bcc4e50b0b - - default default] Successfully bumped revision number for resource 95386dfb-30fd-4149-9d28-7a8399f2230a (type: security_group_rules) to 0
2026-05-25 01:54:02.040 10 INFO neutron.wsgi [None req-7cd08d5f-9dc3-45ce-914f-0f01685fa609 c8c2d80085bc4a0e8a859a654be59bd3 d96fc9a41a70413cbb3569bcc4e50b0b - - default default] 10.0.0.86 "POST /v2.0/security-groups HTTP/1.1" status: 201 len: 1803 time: 0.1843743
2026-05-25 01:54:02.052 10 WARNING neutron_lib.context [None req-4b917964-d793-47c3-962d-009abf7ec8bc c8c2d80085bc4a0e8a859a654be59bd3 d96fc9a41a70413cbb3569bcc4e50b0b - - default default] Method 'is_advsvc' is deprecated since 2023.2 release (neutron-lib 3.8.0) and will be removed once support for the old RBAC API policies will be removed from Neutron. Please use method 'is_service_role' instead.
2026-05-25 01:54:02.185 10 INFO neutron.db.ovn_revision_numbers_db [None req-4b917964-d793-47c3-962d-009abf7ec8bc c8c2d80085bc4a0e8a859a654be59bd3 d96fc9a41a70413cbb3569bcc4e50b0b - - default default] Successfully bumped revision number for resource 89248a06-0630-4dac-a66f-7da084b765a9 (type: security_groups) to 1
2026-05-25 01:54:02.197 10 INFO neutron.db.ovn_revision_numbers_db [None req-4b917964-d793-47c3-962d-009abf7ec8bc c8c2d80085bc4a0e8a859a654be59bd3 d96fc9a41a70413cbb3569bcc4e50b0b - - default default] Successfully bumped revision number for resource 884f25d9-b57b-4221-95ac-611d6c820fa8 (type: security_group_rules) to 0
2026-05-25 01:54:02.210 10 INFO neutron.db.ovn_revision_numbers_db [None req-4b917964-d793-47c3-962d-009abf7ec8bc c8c2d80085bc4a0e8a859a654be59bd3 d96fc9a41a70413cbb3569bcc4e50b0b - - default default] Successfully bumped revision number for resource f965b14a-f062-4ab1-8fdd-fce337045657 (type: security_group_rules) to 0
2026-05-25 01:54:02.228 10 INFO neutron.wsgi [None req-4b917964-d793-47c3-962d-009abf7ec8bc c8c2d80085bc4a0e8a859a654be59bd3 d96fc9a41a70413cbb3569bcc4e50b0b - - default default] 10.0.0.86 "POST /v2.0/security-groups HTTP/1.1" status: 201 len: 1803 time: 0.1819627
2026-05-25 01:54:02.239 9 WARNING neutron_lib.context [None req-378a9aeb-13a3-48fd-94f9-9ae17b80ccca c8c2d80085bc4a0e8a859a654be59bd3 d96fc9a41a70413cbb3569bcc4e50b0b - - default default] Method 'is_advsvc' is deprecated since 2023.2 release (neutron-lib 3.8.0) and will be removed once support for the old RBAC API policies will be removed from Neutron. Please use method 'is_service_role' instead.
2026-05-25 01:54:02.295 9 WARNING neutron.scheduler.dhcp_agent_scheduler [None req-a2fa44db-2143-4887-9b3e-9ecd07e5e8c4 7e300b396db94b24b25968d039d9cabe 6ef05087d76e44928760242c774eb022 - - default default] No more DHCP agents
2026-05-25 01:54:02.298 9 WARNING neutron.api.rpc.agentnotifiers.dhcp_rpc_agent_api [None req-a2fa44db-2143-4887-9b3e-9ecd07e5e8c4 7e300b396db94b24b25968d039d9cabe 6ef05087d76e44928760242c774eb022 - - default default] Unable to schedule network 89c987a4-277d-4cf5-ba66-69822d318ea5: no agents available; will retry on subsequent port and subnet creation events.
2026-05-25 01:54:02.401 9 INFO neutron.db.ovn_revision_numbers_db [None req-378a9aeb-13a3-48fd-94f9-9ae17b80ccca c8c2d80085bc4a0e8a859a654be59bd3 d96fc9a41a70413cbb3569bcc4e50b0b - - default default] Successfully bumped revision number for resource 224b74b1-4b88-4da0-9681-9e9e9e871f51 (type: security_groups) to 1
