2026-05-25 01:53:04.905 10 INFO neutron.db.ovn_revision_numbers_db [None req-f2acede2-4f71-4b23-93e5-c064254c90ae 7e300b396db94b24b25968d039d9cabe 6ef05087d76e44928760242c774eb022 - - default default] Successfully bumped revision number for resource 06aca1f7-fd0a-48a1-9801-940ba90b45f8 (type: security_group_rules) to 0
2026-05-25 01:53:04.915 10 INFO neutron.db.ovn_revision_numbers_db [None req-f2acede2-4f71-4b23-93e5-c064254c90ae 7e300b396db94b24b25968d039d9cabe 6ef05087d76e44928760242c774eb022 - - default default] Successfully bumped revision number for resource 9a7f6047-a712-49ca-b800-84d1971d8ccf (type: security_group_rules) to 0
2026-05-25 01:53:04.924 10 INFO neutron.db.ovn_revision_numbers_db [None req-f2acede2-4f71-4b23-93e5-c064254c90ae 7e300b396db94b24b25968d039d9cabe 6ef05087d76e44928760242c774eb022 - - default default] Successfully bumped revision number for resource e6a2ad5d-80bc-4610-a21e-42ae15512531 (type: security_group_rules) to 0
2026-05-25 01:53:04.946 10 INFO neutron.wsgi [None req-f2acede2-4f71-4b23-93e5-c064254c90ae 7e300b396db94b24b25968d039d9cabe 6ef05087d76e44928760242c774eb022 - - default default] 10.0.0.86 "GET /v2.0/security-groups?tenant_id=63c79afe5e474ebe9afdc874786cc1eb&name=default HTTP/1.1" status: 200 len: 3120 time: 0.2395935
2026-05-25 01:53:04.954 9 INFO neutron.db.ovn_revision_numbers_db [None req-ed07da05-2307-4a83-b261-1cf9d581232b 610567179ae142609b4b87377e8beff6 9bdbf2d932a64691b406b025dfcb7089 - - default default] Successfully bumped revision number for resource 15c4ba5f-2973-46e6-bcfc-9c20c7b9f1b0 (type: floatingips) to 5
2026-05-25 01:53:04.954 9 INFO neutron.db.l3_db [None req-ed07da05-2307-4a83-b261-1cf9d581232b 610567179ae142609b4b87377e8beff6 9bdbf2d932a64691b406b025dfcb7089 - - default default] Floating IP 15c4ba5f-2973-46e6-bcfc-9c20c7b9f1b0 associated. External IP: 10.96.250.211, port: ff30bf7a-7191-4d3c-be85-958672f64cab.
2026-05-25 01:53:05.004 9 INFO neutron.wsgi [None req-ed07da05-2307-4a83-b261-1cf9d581232b 610567179ae142609b4b87377e8beff6 9bdbf2d932a64691b406b025dfcb7089 - - default default] 10.0.0.86 "PUT /v2.0/floatingips/15c4ba5f-2973-46e6-bcfc-9c20c7b9f1b0 HTTP/1.1" status: 200 len: 1050 time: 1.1901786
2026-05-25 01:53:05.054 10 INFO neutron.wsgi [None req-b7cb0cd3-01a6-4f24-9c96-70dfa255feb3 610567179ae142609b4b87377e8beff6 9bdbf2d932a64691b406b025dfcb7089 - - default default] 10.0.0.86 "GET /v2.0/floatingips/15c4ba5f-2973-46e6-bcfc-9c20c7b9f1b0 HTTP/1.1" status: 200 len: 1052 time: 0.0458918
2026-05-25 01:53:05.058 9 INFO neutron.notifiers.nova [-] Nova event matching ['req-d964920f-84e8-4960-99e1-01b58d1b5390'] response: {'name': 'network-changed', 'server_uuid': 'abf39212-79d1-4155-8862-41f4a273f1f8', 'tag': 'ff30bf7a-7191-4d3c-be85-958672f64cab', 'status': 'completed', 'code': 200}
2026-05-25 01:53:05.136 9 INFO neutron.wsgi [req-528439d4-a05b-4d53-b6d7-48bf0de6c9ac req-476221b5-6ce5-45d1-9950-a5972d38504a 2af45385c8c54074a1be8669ec1f53c0 10730293bca14780ad94eb382d592dfc - - 7b06d5d001a940d48d280bf8624ee0a4 7b06d5d001a940d48d280bf8624ee0a4] 199.204.45.3 "GET /v2.0/ports?tenant_id=9bdbf2d932a64691b406b025dfcb7089&device_id=abf39212-79d1-4155-8862-41f4a273f1f8 HTTP/1.1" status: 200 len: 1413 time: 0.0478790
2026-05-25 01:53:05.195 9 INFO neutron.wsgi [None req-144c1094-f1b9-41d9-a4fc-fd833edbe474 b111f6539174413698d1c8abee6598b6 e9d79661cde5486fa2d3c584432d7b6d - - default default] 10.0.0.86 "DELETE /v2.0/routers/c4dd9174-772b-45b5-a64f-8dc2dfa2eced HTTP/1.1" status: 204 len: 168 time: 0.3347273
2026-05-25 01:53:05.214 10 INFO neutron.wsgi [None req-f536a246-abcf-4444-b1f0-2bf1954f6d48 7e300b396db94b24b25968d039d9cabe 6ef05087d76e44928760242c774eb022 - - default default] 10.0.0.86 "DELETE /v2.0/security-groups/338571aa-042a-4138-8ebf-35df804735ef HTTP/1.1" status: 204 len: 168 time: 0.2638655
2026-05-25 01:53:05.228 9 INFO neutron.wsgi [req-528439d4-a05b-4d53-b6d7-48bf0de6c9ac req-4bf067dc-ba1b-46eb-ab31-8a82b91d3db4 2af45385c8c54074a1be8669ec1f53c0 10730293bca14780ad94eb382d592dfc - - 7b06d5d001a940d48d280bf8624ee0a4 7b06d5d001a940d48d280bf8624ee0a4] 199.204.45.3 "GET /v2.0/networks?id=dbc8efb9-8986-42ad-ae53-64446d5b50d5 HTTP/1.1" status: 200 len: 958 time: 0.0806036
2026-05-25 01:53:05.284 9 INFO neutron.wsgi [req-528439d4-a05b-4d53-b6d7-48bf0de6c9ac req-644fe10b-88dc-4b70-9242-742cdfbb8eb2 2af45385c8c54074a1be8669ec1f53c0 10730293bca14780ad94eb382d592dfc - - 7b06d5d001a940d48d280bf8624ee0a4 7b06d5d001a940d48d280bf8624ee0a4] 199.204.45.3 "GET /v2.0/floatingips?fixed_ip_address=10.100.0.11&port_id=ff30bf7a-7191-4d3c-be85-958672f64cab HTTP/1.1" status: 200 len: 1060 time: 0.0506268
2026-05-25 01:53:05.322 9 INFO neutron.wsgi [req-528439d4-a05b-4d53-b6d7-48bf0de6c9ac req-4347c31d-1099-48f6-af96-fd08c5883c7a 2af45385c8c54074a1be8669ec1f53c0 10730293bca14780ad94eb382d592dfc - - 7b06d5d001a940d48d280bf8624ee0a4 7b06d5d001a940d48d280bf8624ee0a4] 199.204.45.3 "GET /v2.0/subnets?id=e3fb390a-71a5-4f7c-82c4-4e6b482e13ee HTTP/1.1" status: 200 len: 852 time: 0.0338719
2026-05-25 01:53:05.346 9 INFO neutron.wsgi [req-528439d4-a05b-4d53-b6d7-48bf0de6c9ac req-6fc97f5d-0d11-4724-ba87-b0ac7a36612b 2af45385c8c54074a1be8669ec1f53c0 10730293bca14780ad94eb382d592dfc - - 7b06d5d001a940d48d280bf8624ee0a4 7b06d5d001a940d48d280bf8624ee0a4] 199.204.45.3 "GET /v2.0/ports?network_id=dbc8efb9-8986-42ad-ae53-64446d5b50d5&device_owner=network%3Adhcp HTTP/1.1" status: 200 len: 210 time: 0.0190432
2026-05-25 01:53:05.416 9 INFO neutron.wsgi [req-528439d4-a05b-4d53-b6d7-48bf0de6c9ac req-1f086641-d279-4d9e-99a7-8029a1e51ee1 2af45385c8c54074a1be8669ec1f53c0 10730293bca14780ad94eb382d592dfc - - 7b06d5d001a940d48d280bf8624ee0a4 7b06d5d001a940d48d280bf8624ee0a4] 199.204.45.3 "GET /v2.0/networks/dbc8efb9-8986-42ad-ae53-64446d5b50d5?fields=segments HTTP/1.1" status: 200 len: 212 time: 0.0651395
2026-05-25 01:53:05.486 9 INFO neutron.wsgi [req-528439d4-a05b-4d53-b6d7-48bf0de6c9ac req-d6a72209-f8ee-41dc-85c2-221570a7fb13 2af45385c8c54074a1be8669ec1f53c0 10730293bca14780ad94eb382d592dfc - - 7b06d5d001a940d48d280bf8624ee0a4 7b06d5d001a940d48d280bf8624ee0a4] 199.204.45.3 "GET /v2.0/networks/dbc8efb9-8986-42ad-ae53-64446d5b50d5?fields=provider%3Aphysical_network&fields=provider%3Anetwork_type HTTP/1.1" status: 200 len: 277 time: 0.0625262
2026-05-25 01:53:06.060 10 INFO neutron.db.ovn_revision_numbers_db [None req-701496d5-085e-4013-b4f0-05f449068dc4 7e300b396db94b24b25968d039d9cabe 6ef05087d76e44928760242c774eb022 - - default default] Successfully bumped revision number for resource f577a983-6977-4d02-bcef-c6b5ea2aceee (type: security_groups) to 1
2026-05-25 01:53:06.078 10 INFO neutron.db.ovn_revision_numbers_db [None req-701496d5-085e-4013-b4f0-05f449068dc4 7e300b396db94b24b25968d039d9cabe 6ef05087d76e44928760242c774eb022 - - default default] Successfully bumped revision number for resource 344f334a-841b-4273-a6e3-8c767509000e (type: security_group_rules) to 0
2026-05-25 01:53:06.096 10 INFO neutron.db.ovn_revision_numbers_db [None req-701496d5-085e-4013-b4f0-05f449068dc4 7e300b396db94b24b25968d039d9cabe 6ef05087d76e44928760242c774eb022 - - default default] Successfully bumped revision number for resource 4e06a33c-8d95-4937-9662-4d8a215eb542 (type: security_group_rules) to 0
2026-05-25 01:53:06.110 10 INFO neutron.db.ovn_revision_numbers_db [None req-701496d5-085e-4013-b4f0-05f449068dc4 7e300b396db94b24b25968d039d9cabe 6ef05087d76e44928760242c774eb022 - - default default] Successfully bumped revision number for resource bc2891d5-c02c-49ef-9880-afb1555d2db2 (type: security_group_rules) to 0
2026-05-25 01:53:06.123 10 INFO neutron.db.ovn_revision_numbers_db [None req-701496d5-085e-4013-b4f0-05f449068dc4 7e300b396db94b24b25968d039d9cabe 6ef05087d76e44928760242c774eb022 - - default default] Successfully bumped revision number for resource c99aeb19-af0a-4cf1-869a-bdcc01e42d56 (type: security_group_rules) to 0
2026-05-25 01:53:06.140 10 INFO neutron.wsgi [None req-701496d5-085e-4013-b4f0-05f449068dc4 7e300b396db94b24b25968d039d9cabe 6ef05087d76e44928760242c774eb022 - - default default] 10.0.0.86 "GET /v2.0/security-groups?tenant_id=e9d79661cde5486fa2d3c584432d7b6d&name=default HTTP/1.1" status: 200 len: 3120 time: 0.3194747
2026-05-25 01:53:06.375 10 INFO neutron.wsgi [None req-6d53cdbd-bd9c-41e9-bd28-ba82163d81be 7e300b396db94b24b25968d039d9cabe 6ef05087d76e44928760242c774eb022 - - default default] 10.0.0.86 "DELETE /v2.0/security-groups/f577a983-6977-4d02-bcef-c6b5ea2aceee HTTP/1.1" status: 204 len: 168 time: 0.2289920
2026-05-25 01:53:06.625 9 INFO neutron.db.ovn_revision_numbers_db [None req-aed7d3a1-9d9c-413e-9897-dff6b5e31296 7e300b396db94b24b25968d039d9cabe 6ef05087d76e44928760242c774eb022 - - default default] Successfully bumped revision number for resource dc3db32b-2520-4bfd-a9be-014ab5e0faee (type: security_groups) to 1
2026-05-25 01:53:06.639 9 INFO neutron.db.ovn_revision_numbers_db [None req-aed7d3a1-9d9c-413e-9897-dff6b5e31296 7e300b396db94b24b25968d039d9cabe 6ef05087d76e44928760242c774eb022 - - default default] Successfully bumped revision number for resource 0f189891-c0f3-4d30-87d7-61cd98912966 (type: security_group_rules) to 0
2026-05-25 01:53:06.656 9 INFO neutron.db.ovn_revision_numbers_db [None req-aed7d3a1-9d9c-413e-9897-dff6b5e31296 7e300b396db94b24b25968d039d9cabe 6ef05087d76e44928760242c774eb022 - - default default] Successfully bumped revision number for resource 2f2d4352-6bbd-4b15-9347-a337f88deea9 (type: security_group_rules) to 0
2026-05-25 01:53:06.672 9 INFO neutron.db.ovn_revision_numbers_db [None req-aed7d3a1-9d9c-413e-9897-dff6b5e31296 7e300b396db94b24b25968d039d9cabe 6ef05087d76e44928760242c774eb022 - - default default] Successfully bumped revision number for resource 315c05a5-10eb-4c8c-8395-c756d63fb569 (type: security_group_rules) to 0
2026-05-25 01:53:06.686 9 INFO neutron.db.ovn_revision_numbers_db [None req-aed7d3a1-9d9c-413e-9897-dff6b5e31296 7e300b396db94b24b25968d039d9cabe 6ef05087d76e44928760242c774eb022 - - default default] Successfully bumped revision number for resource 997c4606-163b-410d-a1c3-54c32b74ab27 (type: security_group_rules) to 0
2026-05-25 01:53:06.707 9 INFO neutron.wsgi [None req-aed7d3a1-9d9c-413e-9897-dff6b5e31296 7e300b396db94b24b25968d039d9cabe 6ef05087d76e44928760242c774eb022 - - default default] 10.0.0.86 "GET /v2.0/security-groups?tenant_id=c8e6bdbc532b45e4ab71927b0162eb2c&name=default HTTP/1.1" status: 200 len: 3120 time: 0.2104928
2026-05-25 01:53:06.934 9 INFO neutron.wsgi [None req-4acd9a2e-0609-459d-b2be-cde3948f7f5b 7e300b396db94b24b25968d039d9cabe 6ef05087d76e44928760242c774eb022 - - default default] 10.0.0.86 "DELETE /v2.0/security-groups/dc3db32b-2520-4bfd-a9be-014ab5e0faee HTTP/1.1" status: 204 len: 168 time: 0.2228594
2026-05-25 01:53:08.782 9 WARNING neutron_lib.context [None req-ddfb7b0a-da0f-4973-849b-c71b3165a122 fdb35a1787e44faf88561fc853681d3f dc1caff28b1d46f9b1075bc2f1e4274b - - default default] Method 'is_advsvc' is deprecated since 2023.2 release (neutron-lib 3.8.0) and will be removed once support for the old RBAC API policies will be removed from Neutron. Please use method 'is_service_role' instead.
2026-05-25 01:53:08.915 9 INFO neutron.db.ovn_revision_numbers_db [None req-ddfb7b0a-da0f-4973-849b-c71b3165a122 fdb35a1787e44faf88561fc853681d3f dc1caff28b1d46f9b1075bc2f1e4274b - - default default] Successfully bumped revision number for resource ba7c7533-0a9c-494f-8be2-07bfb3c5c094 (type: security_groups) to 1
2026-05-25 01:53:08.929 9 INFO neutron.db.ovn_revision_numbers_db [None req-ddfb7b0a-da0f-4973-849b-c71b3165a122 fdb35a1787e44faf88561fc853681d3f dc1caff28b1d46f9b1075bc2f1e4274b - - default default] Successfully bumped revision number for resource 05c77923-db3a-4228-b7ac-535830916fb0 (type: security_group_rules) to 0
2026-05-25 01:53:08.943 9 INFO neutron.db.ovn_revision_numbers_db [None req-ddfb7b0a-da0f-4973-849b-c71b3165a122 fdb35a1787e44faf88561fc853681d3f dc1caff28b1d46f9b1075bc2f1e4274b - - default default] Successfully bumped revision number for resource 0b615c75-1863-4f79-a50a-7ca69a565d1d (type: security_group_rules) to 0
2026-05-25 01:53:08.961 9 INFO neutron.db.ovn_revision_numbers_db [None req-ddfb7b0a-da0f-4973-849b-c71b3165a122 fdb35a1787e44faf88561fc853681d3f dc1caff28b1d46f9b1075bc2f1e4274b - - default default] Successfully bumped revision number for resource 1ab2f20e-4308-4ca7-afc9-ccf558906777 (type: security_group_rules) to 0
2026-05-25 01:53:08.974 9 INFO neutron.db.ovn_revision_numbers_db [None req-ddfb7b0a-da0f-4973-849b-c71b3165a122 fdb35a1787e44faf88561fc853681d3f dc1caff28b1d46f9b1075bc2f1e4274b - - default default] Successfully bumped revision number for resource cf02fa2b-b3fe-4602-b709-65f219819c3c (type: security_group_rules) to 0
2026-05-25 01:53:09.026 9 INFO neutron.db.segments_db [None req-ddfb7b0a-da0f-4973-849b-c71b3165a122 fdb35a1787e44faf88561fc853681d3f dc1caff28b1d46f9b1075bc2f1e4274b - - default default] Added segment 27584ee0-8d5d-4c0f-abc5-e336720c921e of type geneve for network e53c5bf0-8e2c-47ee-9710-9f124d5fd279
2026-05-25 01:53:09.177 9 INFO neutron.db.ovn_revision_numbers_db [None req-ddfb7b0a-da0f-4973-849b-c71b3165a122 fdb35a1787e44faf88561fc853681d3f dc1caff28b1d46f9b1075bc2f1e4274b - - default default] Successfully bumped revision number for resource e53c5bf0-8e2c-47ee-9710-9f124d5fd279 (type: networks) to 1
2026-05-25 01:53:09.358 9 WARNING neutron.scheduler.dhcp_agent_scheduler [None req-ddfb7b0a-da0f-4973-849b-c71b3165a122 fdb35a1787e44faf88561fc853681d3f dc1caff28b1d46f9b1075bc2f1e4274b - - default default] No more DHCP agents
2026-05-25 01:53:09.360 9 WARNING neutron.api.rpc.agentnotifiers.dhcp_rpc_agent_api [None req-ddfb7b0a-da0f-4973-849b-c71b3165a122 fdb35a1787e44faf88561fc853681d3f dc1caff28b1d46f9b1075bc2f1e4274b - - default default] Unable to schedule network e53c5bf0-8e2c-47ee-9710-9f124d5fd279: no agents available; will retry on subsequent port and subnet creation events.
2026-05-25 01:53:09.664 9 INFO neutron.db.ovn_revision_numbers_db [None req-ddfb7b0a-da0f-4973-849b-c71b3165a122 fdb35a1787e44faf88561fc853681d3f dc1caff28b1d46f9b1075bc2f1e4274b - - default default] Successfully bumped revision number for resource dbeba333-2aae-45ed-8e8c-dcd292f3f3ca (type: ports) to 1
2026-05-25 01:53:09.690 9 INFO neutron.wsgi [None req-ddfb7b0a-da0f-4973-849b-c71b3165a122 fdb35a1787e44faf88561fc853681d3f dc1caff28b1d46f9b1075bc2f1e4274b - - default default] 10.0.0.86 "POST /v2.0/networks HTTP/1.1" status: 201 len: 831 time: 1.1153738
2026-05-25 01:53:09.701 9 WARNING neutron_lib.context [None req-af01e7cf-eb31-4ff8-933c-279ec6b92f95 fdb35a1787e44faf88561fc853681d3f dc1caff28b1d46f9b1075bc2f1e4274b - - default default] Method 'is_advsvc' is deprecated since 2023.2 release (neutron-lib 3.8.0) and will be removed once support for the old RBAC API policies will be removed from Neutron. Please use method 'is_service_role' instead.
2026-05-25 01:53:09.950 9 WARNING neutron.scheduler.dhcp_agent_scheduler [None req-af01e7cf-eb31-4ff8-933c-279ec6b92f95 fdb35a1787e44faf88561fc853681d3f dc1caff28b1d46f9b1075bc2f1e4274b - - default default] No more DHCP agents
2026-05-25 01:53:09.951 9 WARNING neutron.api.rpc.agentnotifiers.dhcp_rpc_agent_api [None req-af01e7cf-eb31-4ff8-933c-279ec6b92f95 fdb35a1787e44faf88561fc853681d3f dc1caff28b1d46f9b1075bc2f1e4274b - - default default] Unable to schedule network e53c5bf0-8e2c-47ee-9710-9f124d5fd279: no agents available; will retry on subsequent port and subnet creation events.
2026-05-25 01:53:10.041 9 INFO neutron.db.ovn_revision_numbers_db [None req-af01e7cf-eb31-4ff8-933c-279ec6b92f95 fdb35a1787e44faf88561fc853681d3f dc1caff28b1d46f9b1075bc2f1e4274b - - default default] Successfully bumped revision number for resource cb513ed6-06c9-4d3b-8a93-a9e27ac14ab1 (type: ports) to 1
2026-05-25 01:53:10.064 9 INFO neutron.wsgi [None req-af01e7cf-eb31-4ff8-933c-279ec6b92f95 fdb35a1787e44faf88561fc853681d3f dc1caff28b1d46f9b1075bc2f1e4274b - - default default] 10.0.0.86 "POST /v2.0/ports HTTP/1.1" status: 201 len: 942 time: 0.3681734 /var/lib/openstack/lib/python3.10/site-packages/pycadf/identifier.py:71: UserWarning: Invalid uuid: neutron. To ensure interoperability, identifiers should be a valid uuid. warnings.warn(('Invalid uuid: %s. To ensure interoperability, '
2026-05-25 01:53:10.074 9 WARNING neutron_lib.context [None req-c6095102-2536-40f5-87c1-73ff68eace91 fdb35a1787e44faf88561fc853681d3f dc1caff28b1d46f9b1075bc2f1e4274b - - default default] Method 'is_advsvc' is deprecated since 2023.2 release (neutron-lib 3.8.0) and will be removed once support for the old RBAC API policies will be removed from Neutron. Please use method 'is_service_role' instead.
2026-05-25 01:53:10.131 9 WARNING neutron_lib.context [None req-79173acf-ca12-49ea-8f3e-89031ed4e523 8263ba51c0474bb4bb47788bab6610d2 09885b15536a49ad8dc30fd1f9003987 - - default default] Method 'is_advsvc' is deprecated since 2023.2 release (neutron-lib 3.8.0) and will be removed once support for the old RBAC API policies will be removed from Neutron. Please use method 'is_service_role' instead.
2026-05-25 01:53:10.335 9 INFO neutron.wsgi [None req-c6095102-2536-40f5-87c1-73ff68eace91 fdb35a1787e44faf88561fc853681d3f dc1caff28b1d46f9b1075bc2f1e4274b - - default default] 10.0.0.86 "POST /v2.0/trunks HTTP/1.1" status: 201 len: 608 time: 0.2654989
2026-05-25 01:53:10.344 9 INFO neutron.db.ovn_revision_numbers_db [None req-79173acf-ca12-49ea-8f3e-89031ed4e523 8263ba51c0474bb4bb47788bab6610d2 09885b15536a49ad8dc30fd1f9003987 - - default default] Successfully bumped revision number for resource 2fa0aa0d-8942-49ce-857d-b31aa729127e (type: security_groups) to 1
2026-05-25 01:53:10.355 10 WARNING neutron_lib.context [None req-f15b3e68-9e02-47bd-be90-23c3996d2d0c 99a62840d03e4fa8934d355ddbb21a24 7966a4baa8a04f55a3889b56887753a0 - - default default] Method 'is_advsvc' is deprecated since 2023.2 release (neutron-lib 3.8.0) and will be removed once support for the old RBAC API policies will be removed from Neutron. Please use method 'is_service_role' instead.
2026-05-25 01:53:10.362 9 INFO neutron.db.ovn_revision_numbers_db [None req-79173acf-ca12-49ea-8f3e-89031ed4e523 8263ba51c0474bb4bb47788bab6610d2 09885b15536a49ad8dc30fd1f9003987 - - default default] Successfully bumped revision number for resource 0cf2ee35-d97f-4208-b2fc-112505006047 (type: security_group_rules) to 0
2026-05-25 01:53:10.376 9 INFO neutron.db.ovn_revision_numbers_db [None req-79173acf-ca12-49ea-8f3e-89031ed4e523 8263ba51c0474bb4bb47788bab6610d2 09885b15536a49ad8dc30fd1f9003987 - - default default] Successfully bumped revision number for resource 1fb643ab-1eb8-4e9d-b22b-53c46718fe45 (type: security_group_rules) to 0
2026-05-25 01:53:10.387 10 INFO neutron.wsgi [None req-719b4667-0003-45c0-867d-5428115b6335 fdb35a1787e44faf88561fc853681d3f dc1caff28b1d46f9b1075bc2f1e4274b - - default default] 10.0.0.86 "PUT /v2.0/trunks/e5863dcf-afda-4a21-80c3-7a36bbadebec/tags HTTP/1.1" status: 200 len: 218 time: 0.0459859
2026-05-25 01:53:10.399 9 INFO neutron.db.ovn_revision_numbers_db [None req-79173acf-ca12-49ea-8f3e-89031ed4e523 8263ba51c0474bb4bb47788bab6610d2 09885b15536a49ad8dc30fd1f9003987 - - default default] Successfully bumped revision number for resource 43e2fd20-03b2-470b-bd03-bebc03a1f3de (type: security_group_rules) to 0
2026-05-25 01:53:10.424 9 INFO neutron.wsgi [None req-96f9a63a-2474-47eb-a3db-6dd817953440 fdb35a1787e44faf88561fc853681d3f dc1caff28b1d46f9b1075bc2f1e4274b - - default default] 10.0.0.86 "GET /v2.0/trunks/e5863dcf-afda-4a21-80c3-7a36bbadebec/tags HTTP/1.1" status: 200 len: 218 time: 0.0310781
2026-05-25 01:53:10.425 9 INFO neutron.db.ovn_revision_numbers_db [None req-79173acf-ca12-49ea-8f3e-89031ed4e523 8263ba51c0474bb4bb47788bab6610d2 09885b15536a49ad8dc30fd1f9003987 - - default default] Successfully bumped revision number for resource e8c08ca3-6c6a-45b7-ab6b-57415ac52ca8 (type: security_group_rules) to 0
2026-05-25 01:53:10.484 9 INFO neutron.db.segments_db [None req-79173acf-ca12-49ea-8f3e-89031ed4e523 8263ba51c0474bb4bb47788bab6610d2 09885b15536a49ad8dc30fd1f9003987 - - default default] Added segment 0f6fe746-fa1a-433d-9034-dd7c1ab2f7c5 of type geneve for network 89c987a4-277d-4cf5-ba66-69822d318ea5
2026-05-25 01:53:10.486 10 INFO neutron.wsgi [None req-39884d11-a051-46c2-b35d-e6e55f3c9b1d fdb35a1787e44faf88561fc853681d3f dc1caff28b1d46f9b1075bc2f1e4274b - - default default] 10.0.0.86 "PUT /v2.0/trunks/e5863dcf-afda-4a21-80c3-7a36bbadebec/tags/green HTTP/1.1" status: 201 len: 201 time: 0.0565350
2026-05-25 01:53:10.513 10 INFO neutron.wsgi [None req-23233bb1-9a1c-4c5d-8665-52e3f3a255fb fdb35a1787e44faf88561fc853681d3f dc1caff28b1d46f9b1075bc2f1e4274b - - default default] 10.0.0.86 "GET /v2.0/trunks/e5863dcf-afda-4a21-80c3-7a36bbadebec/tags HTTP/1.1" status: 200 len: 227 time: 0.0218549
2026-05-25 01:53:10.537 10 INFO neutron.db.ovn_revision_numbers_db [None req-f15b3e68-9e02-47bd-be90-23c3996d2d0c 99a62840d03e4fa8934d355ddbb21a24 7966a4baa8a04f55a3889b56887753a0 - - default default] Successfully bumped revision number for resource 5f6a4ca1-d824-4cec-adfe-1ec86316113b (type: security_groups) to 1
2026-05-25 01:53:10.540 10 INFO neutron.wsgi [None req-ad36175a-20da-4286-bde2-3fa849a7acfc fdb35a1787e44faf88561fc853681d3f dc1caff28b1d46f9b1075bc2f1e4274b - - default default] 10.0.0.86 "PUT /v2.0/trunks/e5863dcf-afda-4a21-80c3-7a36bbadebec/tags/red HTTP/1.1" status: 201 len: 201 time: 0.0238893
2026-05-25 01:53:10.560 10 INFO neutron.wsgi [None req-a1be8e81-7e3c-4963-9072-247c6277b64e fdb35a1787e44faf88561fc853681d3f dc1caff28b1d46f9b1075bc2f1e4274b - - default default] 10.0.0.86 "GET /v2.0/trunks/e5863dcf-afda-4a21-80c3-7a36bbadebec/tags HTTP/1.1" status: 200 len: 227 time: 0.0168841
2026-05-25 01:53:10.561 10 INFO neutron.db.ovn_revision_numbers_db [None req-f15b3e68-9e02-47bd-be90-23c3996d2d0c 99a62840d03e4fa8934d355ddbb21a24 7966a4baa8a04f55a3889b56887753a0 - - default default] Successfully bumped revision number for resource 1d338248-a0e3-4315-b85b-3144ed985b32 (type: security_group_rules) to 0
2026-05-25 01:53:10.580 10 INFO neutron.db.ovn_revision_numbers_db [None req-f15b3e68-9e02-47bd-be90-23c3996d2d0c 99a62840d03e4fa8934d355ddbb21a24 7966a4baa8a04f55a3889b56887753a0 - - default default] Successfully bumped revision number for resource 29ee904f-86ac-4975-8f7a-92aa33389733 (type: security_group_rules) to 0
2026-05-25 01:53:10.602 10 INFO neutron.db.ovn_revision_numbers_db [None req-f15b3e68-9e02-47bd-be90-23c3996d2d0c 99a62840d03e4fa8934d355ddbb21a24 7966a4baa8a04f55a3889b56887753a0 - - default default] Successfully bumped revision number for resource 48abc231-b8c3-4152-8a1d-8a9f4327c585 (type: security_group_rules) to 0
2026-05-25 01:53:10.610 10 INFO neutron.wsgi [None req-a6c69e7b-9bd9-4655-93a5-1cffe0edaf7a fdb35a1787e44faf88561fc853681d3f dc1caff28b1d46f9b1075bc2f1e4274b - - default default] 10.0.0.86 "PUT /v2.0/trunks/e5863dcf-afda-4a21-80c3-7a36bbadebec/tags/black.or.white HTTP/1.1" status: 201 len: 201 time: 0.0427942
2026-05-25 01:53:10.620 10 INFO neutron.db.ovn_revision_numbers_db [None req-f15b3e68-9e02-47bd-be90-23c3996d2d0c 99a62840d03e4fa8934d355ddbb21a24 7966a4baa8a04f55a3889b56887753a0 - - default default] Successfully bumped revision number for resource ff7756cd-4eac-4872-a635-4d0392c62154 (type: security_group_rules) to 0
2026-05-25 01:53:10.625 9 INFO neutron.db.ovn_revision_numbers_db [None req-79173acf-ca12-49ea-8f3e-89031ed4e523 8263ba51c0474bb4bb47788bab6610d2 09885b15536a49ad8dc30fd1f9003987 - - default default] Successfully bumped revision number for resource 89c987a4-277d-4cf5-ba66-69822d318ea5 (type: networks) to 1
2026-05-25 01:53:10.646 10 INFO neutron.wsgi [None req-74771adf-f02a-40aa-b3e5-43b4078cf29b fdb35a1787e44faf88561fc853681d3f dc1caff28b1d46f9b1075bc2f1e4274b - - default default] 10.0.0.86 "GET /v2.0/trunks/e5863dcf-afda-4a21-80c3-7a36bbadebec/tags HTTP/1.1" status: 200 len: 245 time: 0.0307496
2026-05-25 01:53:10.674 10 INFO neutron.db.segments_db [None req-f15b3e68-9e02-47bd-be90-23c3996d2d0c 99a62840d03e4fa8934d355ddbb21a24 7966a4baa8a04f55a3889b56887753a0 - - default default] Added segment 960ba723-89ec-457e-8929-d794a5b49d02 of type geneve for network 12ecf150-e563-4bf5-bd75-0d71092599d4
2026-05-25 01:53:10.685 10 INFO neutron.wsgi [None req-9a1c2164-cd14-4e7f-b2b5-de66b7d9e7e6 fdb35a1787e44faf88561fc853681d3f dc1caff28b1d46f9b1075bc2f1e4274b - - default default] 10.0.0.86 "PUT /v2.0/trunks/e5863dcf-afda-4a21-80c3-7a36bbadebec/tags HTTP/1.1" status: 200 len: 230 time: 0.0344372
2026-05-25 01:53:10.729 9 INFO neutron.wsgi [None req-19498441-9b72-47ea-a347-dd9a38c951c1 fdb35a1787e44faf88561fc853681d3f dc1caff28b1d46f9b1075bc2f1e4274b - - default default] 10.0.0.86 "GET /v2.0/trunks/e5863dcf-afda-4a21-80c3-7a36bbadebec/tags HTTP/1.1" status: 200 len: 230 time: 0.0389795
2026-05-25 01:53:10.772 9 INFO neutron.wsgi [None req-71e92d24-967d-4841-b3ea-80b7d03dd65c fdb35a1787e44faf88561fc853681d3f dc1caff28b1d46f9b1075bc2f1e4274b - - default default] 10.0.0.86 "GET /v2.0/trunks/e5863dcf-afda-4a21-80c3-7a36bbadebec/tags/red HTTP/1.1" status: 204 len: 168 time: 0.0365465
2026-05-25 01:53:10.819 10 INFO neutron.api.v2.resource [None req-224aa49f-bdc5-443d-9df3-b6a2b5eaea53 fdb35a1787e44faf88561fc853681d3f dc1caff28b1d46f9b1075bc2f1e4274b - - default default] show failed (client error): The resource could not be found.
2026-05-25 01:53:10.820 10 INFO neutron.wsgi [None req-224aa49f-bdc5-443d-9df3-b6a2b5eaea53 fdb35a1787e44faf88561fc853681d3f dc1caff28b1d46f9b1075bc2f1e4274b - - default default] 10.0.0.86 "GET /v2.0/trunks/e5863dcf-afda-4a21-80c3-7a36bbadebec/tags/green HTTP/1.1" status: 404 len: 299 time: 0.0390303
2026-05-25 01:53:10.836 9 WARNING neutron.scheduler.dhcp_agent_scheduler [None req-79173acf-ca12-49ea-8f3e-89031ed4e523 8263ba51c0474bb4bb47788bab6610d2 09885b15536a49ad8dc30fd1f9003987 - - default default] No more DHCP agents
2026-05-25 01:53:10.839 9 WARNING neutron.api.rpc.agentnotifiers.dhcp_rpc_agent_api [None req-79173acf-ca12-49ea-8f3e-89031ed4e523 8263ba51c0474bb4bb47788bab6610d2 09885b15536a49ad8dc30fd1f9003987 - - default default] Unable to schedule network 89c987a4-277d-4cf5-ba66-69822d318ea5: no agents available; will retry on subsequent port and subnet creation events.
2026-05-25 01:53:10.850 10 INFO neutron.db.ovn_revision_numbers_db [None req-f15b3e68-9e02-47bd-be90-23c3996d2d0c 99a62840d03e4fa8934d355ddbb21a24 7966a4baa8a04f55a3889b56887753a0 - - default default] Successfully bumped revision number for resource 12ecf150-e563-4bf5-bd75-0d71092599d4 (type: networks) to 1
2026-05-25 01:53:10.884 9 INFO neutron.wsgi [None req-a92611e5-b955-4c27-ae24-718ff745597c fdb35a1787e44faf88561fc853681d3f dc1caff28b1d46f9b1075bc2f1e4274b - - default default] 10.0.0.86 "DELETE /v2.0/trunks/e5863dcf-afda-4a21-80c3-7a36bbadebec/tags/red HTTP/1.1" status: 204 len: 168 time: 0.0573540
2026-05-25 01:53:10.930 9 INFO neutron.wsgi [None req-a4446feb-23d1-4120-9796-b6153e6b5b2a fdb35a1787e44faf88561fc853681d3f dc1caff28b1d46f9b1075bc2f1e4274b - - default default] 10.0.0.86 "GET /v2.0/trunks/e5863dcf-afda-4a21-80c3-7a36bbadebec/tags HTTP/1.1" status: 200 len: 223 time: 0.0403850
2026-05-25 01:53:10.945 9 INFO neutron.db.ovn_revision_numbers_db [None req-79173acf-ca12-49ea-8f3e-89031ed4e523 8263ba51c0474bb4bb47788bab6610d2 09885b15536a49ad8dc30fd1f9003987 - - default default] Successfully bumped revision number for resource 79e048a5-e9ee-46a9-9e52-2bdca232aebb (type: ports) to 1
2026-05-25 01:53:10.967 9 INFO neutron.wsgi [None req-79173acf-ca12-49ea-8f3e-89031ed4e523 8263ba51c0474bb4bb47788bab6610d2 09885b15536a49ad8dc30fd1f9003987 - - default default] 10.0.0.86 "POST /v2.0/networks HTTP/1.1" status: 201 len: 839 time: 1.0109503
2026-05-25 01:53:10.976 9 WARNING neutron_lib.context [None req-9e094a20-460c-4c84-abeb-2b6ed720ea44 8263ba51c0474bb4bb47788bab6610d2 09885b15536a49ad8dc30fd1f9003987 - - default default] Method 'is_advsvc' is deprecated since 2023.2 release (neutron-lib 3.8.0) and will be removed once support for the old RBAC API policies will be removed from Neutron. Please use method 'is_service_role' instead.
2026-05-25 01:53:10.990 10 INFO neutron.api.v2.resource [None req-f360878b-28e0-4f39-901e-0e12594ce9ba fdb35a1787e44faf88561fc853681d3f dc1caff28b1d46f9b1075bc2f1e4274b - - default default] delete failed (client error): The resource could not be found.
2026-05-25 01:53:10.992 10 INFO neutron.wsgi [None req-f360878b-28e0-4f39-901e-0e12594ce9ba fdb35a1787e44faf88561fc853681d3f dc1caff28b1d46f9b1075bc2f1e4274b - - default default] 10.0.0.86 "DELETE /v2.0/trunks/e5863dcf-afda-4a21-80c3-7a36bbadebec/tags/green HTTP/1.1" status: 404 len: 299 time: 0.0552270
2026-05-25 01:53:11.073 9 INFO neutron.wsgi [None req-ee7075dd-76ad-4185-9c50-143bcb095bde fdb35a1787e44faf88561fc853681d3f dc1caff28b1d46f9b1075bc2f1e4274b - - default default] 10.0.0.86 "DELETE /v2.0/trunks/e5863dcf-afda-4a21-80c3-7a36bbadebec/tags HTTP/1.1" status: 204 len: 168 time: 0.0763464
2026-05-25 01:53:11.094 10 WARNING neutron.scheduler.dhcp_agent_scheduler [None req-f15b3e68-9e02-47bd-be90-23c3996d2d0c 99a62840d03e4fa8934d355ddbb21a24 7966a4baa8a04f55a3889b56887753a0 - - default default] No more DHCP agents
2026-05-25 01:53:11.097 10 WARNING neutron.api.rpc.agentnotifiers.dhcp_rpc_agent_api [None req-f15b3e68-9e02-47bd-be90-23c3996d2d0c 99a62840d03e4fa8934d355ddbb21a24 7966a4baa8a04f55a3889b56887753a0 - - default default] Unable to schedule network 12ecf150-e563-4bf5-bd75-0d71092599d4: no agents available; will retry on subsequent port and subnet creation events.
2026-05-25 01:53:11.123 10 INFO neutron.wsgi [None req-11929459-d20a-493e-8854-d860a5a12136 fdb35a1787e44faf88561fc853681d3f dc1caff28b1d46f9b1075bc2f1e4274b - - default default] 10.0.0.86 "GET /v2.0/trunks/e5863dcf-afda-4a21-80c3-7a36bbadebec/tags HTTP/1.1" status: 200 len: 205 time: 0.0429482
2026-05-25 01:53:11.157 9 INFO neutron.wsgi [None req-8432794a-9d49-4a01-8b62-609930dbc8c0 fdb35a1787e44faf88561fc853681d3f dc1caff28b1d46f9b1075bc2f1e4274b - - default default] 10.0.0.86 "GET /v2.0/trunks/e5863dcf-afda-4a21-80c3-7a36bbadebec HTTP/1.1" status: 200 len: 603 time: 0.0272214
2026-05-25 01:53:11.316 9 INFO neutron.wsgi [None req-6ff0478f-77e1-4b9e-9a23-16fb4c4665d5 fdb35a1787e44faf88561fc853681d3f dc1caff28b1d46f9b1075bc2f1e4274b - - default default] 10.0.0.86 "GET /v2.0/ports/cb513ed6-06c9-4d3b-8a93-a9e27ac14ab1 HTTP/1.1" status: 200 len: 1020 time: 0.1538203
2026-05-25 01:53:11.347 9 WARNING neutron.scheduler.dhcp_agent_scheduler [None req-9e094a20-460c-4c84-abeb-2b6ed720ea44 8263ba51c0474bb4bb47788bab6610d2 09885b15536a49ad8dc30fd1f9003987 - - default default] No more DHCP agents
2026-05-25 01:53:11.350 9 WARNING neutron.api.rpc.agentnotifiers.dhcp_rpc_agent_api [None req-9e094a20-460c-4c84-abeb-2b6ed720ea44 8263ba51c0474bb4bb47788bab6610d2 09885b15536a49ad8dc30fd1f9003987 - - default default] Unable to schedule network 89c987a4-277d-4cf5-ba66-69822d318ea5: no agents available; will retry on subsequent port and subnet creation events.
2026-05-25 01:53:11.446 9 INFO neutron.wsgi [None req-70437dd7-801b-49f7-bf2c-1b88cc29bd64 fdb35a1787e44faf88561fc853681d3f dc1caff28b1d46f9b1075bc2f1e4274b - - default default] 10.0.0.86 "DELETE /v2.0/trunks/e5863dcf-afda-4a21-80c3-7a36bbadebec HTTP/1.1" status: 204 len: 168 time: 0.1229680
2026-05-25 01:53:11.452 10 INFO neutron.db.ovn_revision_numbers_db [None req-f15b3e68-9e02-47bd-be90-23c3996d2d0c 99a62840d03e4fa8934d355ddbb21a24 7966a4baa8a04f55a3889b56887753a0 - - default default] Successfully bumped revision number for resource b22359fe-d48a-43d7-a45a-a174ca640eeb (type: ports) to 1
2026-05-25 01:53:11.476 10 INFO neutron.wsgi [None req-f15b3e68-9e02-47bd-be90-23c3996d2d0c 99a62840d03e4fa8934d355ddbb21a24 7966a4baa8a04f55a3889b56887753a0 - - default default] 10.0.0.86 "POST /v2.0/networks HTTP/1.1" status: 201 len: 830 time: 1.1711922
2026-05-25 01:53:11.486 10 WARNING neutron_lib.context [None req-c1b0ccd5-8ea3-4971-bf1e-fb4e4ca6fc28 99a62840d03e4fa8934d355ddbb21a24 7966a4baa8a04f55a3889b56887753a0 - - default default] Method 'is_advsvc' is deprecated since 2023.2 release (neutron-lib 3.8.0) and will be removed once support for the old RBAC API policies will be removed from Neutron. Please use method 'is_service_role' instead.
2026-05-25 01:53:11.737 10 WARNING neutron.scheduler.dhcp_agent_scheduler [None req-c1b0ccd5-8ea3-4971-bf1e-fb4e4ca6fc28 99a62840d03e4fa8934d355ddbb21a24 7966a4baa8a04f55a3889b56887753a0 - - default default] No more DHCP agents
2026-05-25 01:53:11.741 10 WARNING neutron.api.rpc.agentnotifiers.dhcp_rpc_agent_api [None req-c1b0ccd5-8ea3-4971-bf1e-fb4e4ca6fc28 99a62840d03e4fa8934d355ddbb21a24 7966a4baa8a04f55a3889b56887753a0 - - default default] Unable to schedule network 12ecf150-e563-4bf5-bd75-0d71092599d4: no agents available; will retry on subsequent port and subnet creation events.
2026-05-25 01:53:11.813 9 INFO neutron.wsgi [None req-bedd4101-37d9-49ed-89fa-313d9aff0250 fdb35a1787e44faf88561fc853681d3f dc1caff28b1d46f9b1075bc2f1e4274b - - default default] 10.0.0.86 "DELETE /v2.0/ports/cb513ed6-06c9-4d3b-8a93-a9e27ac14ab1 HTTP/1.1" status: 204 len: 168 time: 0.3617487
2026-05-25 01:53:11.994 9 INFO neutron.db.ovn_revision_numbers_db [None req-9e094a20-460c-4c84-abeb-2b6ed720ea44 8263ba51c0474bb4bb47788bab6610d2 09885b15536a49ad8dc30fd1f9003987 - - default default] Successfully bumped revision number for resource 79e048a5-e9ee-46a9-9e52-2bdca232aebb (type: ports) to 2
2026-05-25 01:53:12.043 9 INFO neutron.db.ovn_revision_numbers_db [None req-9e094a20-460c-4c84-abeb-2b6ed720ea44 8263ba51c0474bb4bb47788bab6610d2 09885b15536a49ad8dc30fd1f9003987 - - default default] Successfully bumped revision number for resource c2ee7ccc-c5f6-4a23-b34c-654b8e9c6123 (type: subnets) to 0
2026-05-25 01:53:12.064 9 INFO neutron.wsgi [None req-9e094a20-460c-4c84-abeb-2b6ed720ea44 8263ba51c0474bb4bb47788bab6610d2 09885b15536a49ad8dc30fd1f9003987 - - default default] 10.0.0.86 "POST /v2.0/subnets HTTP/1.1" status: 201 len: 833 time: 1.0924599
2026-05-25 01:53:12.112 9 INFO neutron.wsgi [None req-9f55721a-d67e-43fe-918d-ffdf81fae173 0c37613d84364350b47aca9110423d1c 71ce6763c2364d10bffc20ada21f6db9 - - default default] 10.0.0.86 "GET /v2.0/subnetpools?name=shared-default-subnetpool-v6 HTTP/1.1" status: 200 len: 212 time: 0.0403023
2026-05-25 01:53:12.123 9 WARNING neutron_lib.context [None req-e691f996-ab36-49e8-b2a0-da48e214662d 8263ba51c0474bb4bb47788bab6610d2 09885b15536a49ad8dc30fd1f9003987 - - default default] Method 'is_advsvc' is deprecated since 2023.2 release (neutron-lib 3.8.0) and will be removed once support for the old RBAC API policies will be removed from Neutron. Please use method 'is_service_role' instead.
2026-05-25 01:53:12.340 10 INFO neutron.services.segments.plugin [-] Segment 27584ee0-8d5d-4c0f-abc5-e336720c921e resource provider aggregate not found
2026-05-25 01:53:12.346 10 INFO neutron.services.segments.plugin [-] Segment 27584ee0-8d5d-4c0f-abc5-e336720c921e resource provider aggregate not found
2026-05-25 01:53:12.360 10 INFO neutron.services.segments.plugin [-] Segment 27584ee0-8d5d-4c0f-abc5-e336720c921e resource provider not found; error: Placement Client Error (4xx): {"errors": [{"status": 404, "title": "Not Found", "detail": "The resource could not be found.\n\n No resource provider with uuid 27584ee0-8d5d-4c0f-abc5-e336720c921e found for delete ", "request_id": "req-6362f4a3-e0ce-4732-b88c-d7ca1d50099c"}]}
2026-05-25 01:53:12.366 10 INFO neutron.services.segments.plugin [-] Segment 27584ee0-8d5d-4c0f-abc5-e336720c921e resource provider not found; error: Placement Client Error (4xx): {"errors": [{"status": 404, "title": "Not Found", "detail": "The resource could not be found.\n\n No resource provider with uuid 27584ee0-8d5d-4c0f-abc5-e336720c921e found for delete ", "request_id": "req-4dcd256b-dc4a-4068-a787-a380213e6705"}]}
2026-05-25 01:53:12.403 10 INFO neutron.wsgi [None req-9bd708b3-42bf-414e-b3d2-09990c579887 fdb35a1787e44faf88561fc853681d3f dc1caff28b1d46f9b1075bc2f1e4274b - - default default] 10.0.0.86 "DELETE /v2.0/networks/e53c5bf0-8e2c-47ee-9710-9f124d5fd279 HTTP/1.1" status: 204 len: 168 time: 0.5822515
2026-05-25 01:53:12.406 9 WARNING neutron.scheduler.dhcp_agent_scheduler [None req-e691f996-ab36-49e8-b2a0-da48e214662d 8263ba51c0474bb4bb47788bab6610d2 09885b15536a49ad8dc30fd1f9003987 - - default default] No more DHCP agents
2026-05-25 01:53:12.408 9 WARNING neutron.api.rpc.agentnotifiers.dhcp_rpc_agent_api [None req-e691f996-ab36-49e8-b2a0-da48e214662d 8263ba51c0474bb4bb47788bab6610d2 09885b15536a49ad8dc30fd1f9003987 - - default default] Unable to schedule network 89c987a4-277d-4cf5-ba66-69822d318ea5: no agents available; will retry on subsequent port and subnet creation events.
2026-05-25 01:53:12.452 9 INFO neutron.db.ovn_revision_numbers_db [None req-e691f996-ab36-49e8-b2a0-da48e214662d 8263ba51c0474bb4bb47788bab6610d2 09885b15536a49ad8dc30fd1f9003987 - - default default] Successfully bumped revision number for resource f0555dc8-6c28-4367-bad7-7088937ec75d (type: subnets) to 0
2026-05-25 01:53:12.469 10 INFO neutron.db.ovn_revision_numbers_db [None req-c1b0ccd5-8ea3-4971-bf1e-fb4e4ca6fc28 99a62840d03e4fa8934d355ddbb21a24 7966a4baa8a04f55a3889b56887753a0 - - default default] Successfully bumped revision number for resource b22359fe-d48a-43d7-a45a-a174ca640eeb (type: ports) to 2
2026-05-25 01:53:12.472 9 INFO neutron.wsgi [None req-e691f996-ab36-49e8-b2a0-da48e214662d 8263ba51c0474bb4bb47788bab6610d2 09885b15536a49ad8dc30fd1f9003987 - - default default] 10.0.0.86 "POST /v2.0/subnets HTTP/1.1" status: 201 len: 907 time: 0.3537135
2026-05-25 01:53:12.483 9 WARNING neutron_lib.context [None req-9a9a1557-5b54-47ab-921b-a08ac787ad1d 8263ba51c0474bb4bb47788bab6610d2 09885b15536a49ad8dc30fd1f9003987 - - default default] Method 'is_advsvc' is deprecated since 2023.2 release (neutron-lib 3.8.0) and will be removed once support for the old RBAC API policies will be removed from Neutron. Please use method 'is_service_role' instead.
2026-05-25 01:53:12.526 10 INFO neutron.db.ovn_revision_numbers_db [None req-c1b0ccd5-8ea3-4971-bf1e-fb4e4ca6fc28 99a62840d03e4fa8934d355ddbb21a24 7966a4baa8a04f55a3889b56887753a0 - - default default] Successfully bumped revision number for resource 12664dc7-ba47-4dc3-a440-c9857f30b3a7 (type: subnets) to 0
2026-05-25 01:53:12.543 10 INFO neutron.wsgi [None req-c1b0ccd5-8ea3-4971-bf1e-fb4e4ca6fc28 99a62840d03e4fa8934d355ddbb21a24 7966a4baa8a04f55a3889b56887753a0 - - default default] 10.0.0.86 "POST /v2.0/subnets HTTP/1.1" status: 201 len: 801 time: 1.0612934
2026-05-25 01:53:12.577 9 INFO neutron.db.segments_db [None req-9a9a1557-5b54-47ab-921b-a08ac787ad1d 8263ba51c0474bb4bb47788bab6610d2 09885b15536a49ad8dc30fd1f9003987 - - default default] Added segment b41404bd-73b6-4a21-b6f9-3cfff13056f4 of type geneve for network 518b2c7b-96d6-4980-9625-e8f288867a72
2026-05-25 01:53:12.656 10 INFO neutron.wsgi [None req-7170d84f-c948-4acb-aa19-64287d4479bc 99a62840d03e4fa8934d355ddbb21a24 7966a4baa8a04f55a3889b56887753a0 - - default default] 10.0.0.86 "PUT /v2.0/subnets/12664dc7-ba47-4dc3-a440-c9857f30b3a7/tags HTTP/1.1" status: 200 len: 218 time: 0.0922956
2026-05-25 01:53:12.710 10 INFO neutron.wsgi [None req-daec72f1-cd7c-4471-8798-38b516702905 99a62840d03e4fa8934d355ddbb21a24 7966a4baa8a04f55a3889b56887753a0 - - default default] 10.0.0.86 "GET /v2.0/subnets/12664dc7-ba47-4dc3-a440-c9857f30b3a7/tags HTTP/1.1" status: 200 len: 218 time: 0.0472538
2026-05-25 01:53:12.737 9 INFO neutron.db.ovn_revision_numbers_db [None req-9a9a1557-5b54-47ab-921b-a08ac787ad1d 8263ba51c0474bb4bb47788bab6610d2 09885b15536a49ad8dc30fd1f9003987 - - default default] Successfully bumped revision number for resource 518b2c7b-96d6-4980-9625-e8f288867a72 (type: networks) to 1
2026-05-25 01:53:12.782 10 INFO neutron.wsgi [None req-064c7bcd-28fe-4bec-8df9-aa6ba2647cbb 99a62840d03e4fa8934d355ddbb21a24 7966a4baa8a04f55a3889b56887753a0 - - default default] 10.0.0.86 "PUT /v2.0/subnets/12664dc7-ba47-4dc3-a440-c9857f30b3a7/tags/green HTTP/1.1" status: 201 len: 201 time: 0.0660949
2026-05-25 01:53:12.819 10 INFO neutron.wsgi [None req-c26c7ed6-51f5-4d5c-8504-2972695a91db 99a62840d03e4fa8934d355ddbb21a24 7966a4baa8a04f55a3889b56887753a0 - - default default] 10.0.0.86 "GET /v2.0/subnets/12664dc7-ba47-4dc3-a440-c9857f30b3a7/tags HTTP/1.1" status: 200 len: 227 time: 0.0328128
2026-05-25 01:53:12.867 10 INFO neutron.wsgi [None req-1f747ecf-f501-472c-964b-39a274b51ec4 99a62840d03e4fa8934d355ddbb21a24 7966a4baa8a04f55a3889b56887753a0 - - default default] 10.0.0.86 "PUT /v2.0/subnets/12664dc7-ba47-4dc3-a440-c9857f30b3a7/tags/red HTTP/1.1" status: 201 len: 201 time: 0.0429120
2026-05-25 01:53:12.903 10 INFO neutron.wsgi [None req-4491fabb-ffe1-4160-83c8-a2736fc61467 99a62840d03e4fa8934d355ddbb21a24 7966a4baa8a04f55a3889b56887753a0 - - default default] 10.0.0.86 "GET /v2.0/subnets/12664dc7-ba47-4dc3-a440-c9857f30b3a7/tags HTTP/1.1" status: 200 len: 227 time: 0.0315948
2026-05-25 01:53:12.938 9 WARNING neutron.scheduler.dhcp_agent_scheduler [None req-9a9a1557-5b54-47ab-921b-a08ac787ad1d 8263ba51c0474bb4bb47788bab6610d2 09885b15536a49ad8dc30fd1f9003987 - - default default] No more DHCP agents
2026-05-25 01:53:12.942 9 WARNING neutron.api.rpc.agentnotifiers.dhcp_rpc_agent_api [None req-9a9a1557-5b54-47ab-921b-a08ac787ad1d 8263ba51c0474bb4bb47788bab6610d2 09885b15536a49ad8dc30fd1f9003987 - - default default] Unable to schedule network 518b2c7b-96d6-4980-9625-e8f288867a72: no agents available; will retry on subsequent port and subnet creation events.
2026-05-25 01:53:12.997 10 INFO neutron.wsgi [None req-f2e29e02-983c-4b86-96ca-56f8cb3f1d10 99a62840d03e4fa8934d355ddbb21a24 7966a4baa8a04f55a3889b56887753a0 - - default default] 10.0.0.86 "PUT /v2.0/subnets/12664dc7-ba47-4dc3-a440-c9857f30b3a7/tags/black.or.white HTTP/1.1" status: 201 len: 201 time: 0.0889847
2026-05-25 01:53:13.036 10 INFO neutron.wsgi [None req-0364f629-86d7-483d-a540-18adef3939de 99a62840d03e4fa8934d355ddbb21a24 7966a4baa8a04f55a3889b56887753a0 - - default default] 10.0.0.86 "GET /v2.0/subnets/12664dc7-ba47-4dc3-a440-c9857f30b3a7/tags HTTP/1.1" status: 200 len: 245 time: 0.0332384
2026-05-25 01:53:13.039 9 INFO neutron.db.ovn_revision_numbers_db [None req-9a9a1557-5b54-47ab-921b-a08ac787ad1d 8263ba51c0474bb4bb47788bab6610d2 09885b15536a49ad8dc30fd1f9003987 - - default default] Successfully bumped revision number for resource 8790fdfd-ba12-4cfb-b363-20907f6b9dee (type: ports) to 1
2026-05-25 01:53:13.072 9 INFO neutron.wsgi [None req-9a9a1557-5b54-47ab-921b-a08ac787ad1d 8263ba51c0474bb4bb47788bab6610d2 09885b15536a49ad8dc30fd1f9003987 - - default default] 10.0.0.86 "POST /v2.0/networks HTTP/1.1" status: 201 len: 836 time: 0.5942333
2026-05-25 01:53:13.088 9 WARNING neutron_lib.context [None req-3edbf4ca-c767-4324-87d0-879bc13835eb 8263ba51c0474bb4bb47788bab6610d2 09885b15536a49ad8dc30fd1f9003987 - - default default] Method 'is_advsvc' is deprecated since 2023.2 release (neutron-lib 3.8.0) and will be removed once support for the old RBAC API policies will be removed from Neutron. Please use method 'is_service_role' instead.
2026-05-25 01:53:13.111 10 INFO neutron.wsgi [None req-088175cd-b83e-46fa-b7af-9697febcb9f8 99a62840d03e4fa8934d355ddbb21a24 7966a4baa8a04f55a3889b56887753a0 - - default default] 10.0.0.86 "PUT /v2.0/subnets/12664dc7-ba47-4dc3-a440-c9857f30b3a7/tags HTTP/1.1" status: 200 len: 230 time: 0.0694544
2026-05-25 01:53:13.164 10 INFO neutron.wsgi [None req-c137a222-1054-4b3b-a1f1-32697cdd468e 99a62840d03e4fa8934d355ddbb21a24 7966a4baa8a04f55a3889b56887753a0 - - default default] 10.0.0.86 "GET /v2.0/subnets/12664dc7-ba47-4dc3-a440-c9857f30b3a7/tags HTTP/1.1" status: 200 len: 230 time: 0.0468585
2026-05-25 01:53:13.208 10 INFO neutron.wsgi [None req-17592619-e286-4e81-a847-0d41fce9f670 99a62840d03e4fa8934d355ddbb21a24 7966a4baa8a04f55a3889b56887753a0 - - default default] 10.0.0.86 "GET /v2.0/subnets/12664dc7-ba47-4dc3-a440-c9857f30b3a7/tags/red HTTP/1.1" status: 204 len: 168 time: 0.0386841
2026-05-25 01:53:13.259 10 INFO neutron.api.v2.resource [None req-3b80f405-fd3d-4086-84bc-9e8a8ec2ca08 99a62840d03e4fa8934d355ddbb21a24 7966a4baa8a04f55a3889b56887753a0 - - default default] show failed (client error): The resource could not be found.
2026-05-25 01:53:13.261 10 INFO neutron.wsgi [None req-3b80f405-fd3d-4086-84bc-9e8a8ec2ca08 99a62840d03e4fa8934d355ddbb21a24 7966a4baa8a04f55a3889b56887753a0 - - default default] 10.0.0.86 "GET /v2.0/subnets/12664dc7-ba47-4dc3-a440-c9857f30b3a7/tags/green HTTP/1.1" status: 404 len: 299 time: 0.0467083
2026-05-25 01:53:13.325 10 INFO neutron.wsgi [-] 10.0.0.25 "GET / HTTP/1.1" status: 200 len: 247 time: 0.0019119
2026-05-25 01:53:13.327 10 INFO neutron.wsgi [-] 10.0.0.25 "GET / HTTP/1.1" status: 200 len: 247 time: 0.0009542
2026-05-25 01:53:13.336 10 INFO neutron.wsgi [None req-8b719fbe-63fc-481c-86af-a19db5711012 99a62840d03e4fa8934d355ddbb21a24 7966a4baa8a04f55a3889b56887753a0 - - default default] 10.0.0.86 "DELETE /v2.0/subnets/12664dc7-ba47-4dc3-a440-c9857f30b3a7/tags/red HTTP/1.1" status: 204 len: 168 time: 0.0687749
2026-05-25 01:53:13.366 9 INFO neutron.wsgi [None req-14c0cab0-dd27-4ec0-bf10-4e46e7bb478d 7e300b396db94b24b25968d039d9cabe 6ef05087d76e44928760242c774eb022 - - default default] 10.0.0.86 "GET /v2.0/security-groups?tenant_id=dc1caff28b1d46f9b1075bc2f1e4274b&name=default HTTP/1.1" status: 200 len: 3120 time: 0.1765914
2026-05-25 01:53:13.371 9 WARNING neutron.scheduler.dhcp_agent_scheduler [None req-3edbf4ca-c767-4324-87d0-879bc13835eb 8263ba51c0474bb4bb47788bab6610d2 09885b15536a49ad8dc30fd1f9003987 - - default default] No more DHCP agents
2026-05-25 01:53:13.378 9 WARNING neutron.api.rpc.agentnotifiers.dhcp_rpc_agent_api [None req-3edbf4ca-c767-4324-87d0-879bc13835eb 8263ba51c0474bb4bb47788bab6610d2 09885b15536a49ad8dc30fd1f9003987 - - default default] Unable to schedule network 518b2c7b-96d6-4980-9625-e8f288867a72: no agents available; will retry on subsequent port and subnet creation events.
2026-05-25 01:53:13.379 10 INFO neutron.wsgi [None req-a30466d8-9f75-411c-a14f-c606a9d89127 99a62840d03e4fa8934d355ddbb21a24 7966a4baa8a04f55a3889b56887753a0 - - default default] 10.0.0.86 "GET /v2.0/subnets/12664dc7-ba47-4dc3-a440-c9857f30b3a7/tags HTTP/1.1" status: 200 len: 223 time: 0.0365191
2026-05-25 01:53:13.435 10 INFO neutron.api.v2.resource [None req-490e69ea-c8a1-42cd-b7a9-01baa16ac0e6 99a62840d03e4fa8934d355ddbb21a24 7966a4baa8a04f55a3889b56887753a0 - - default default] delete failed (client error): The resource could not be found.
2026-05-25 01:53:13.437 10 INFO neutron.wsgi [None req-490e69ea-c8a1-42cd-b7a9-01baa16ac0e6 99a62840d03e4fa8934d355ddbb21a24 7966a4baa8a04f55a3889b56887753a0 - - default default] 10.0.0.86 "DELETE /v2.0/subnets/12664dc7-ba47-4dc3-a440-c9857f30b3a7/tags/green HTTP/1.1" status: 404 len: 299 time: 0.0493665
2026-05-25 01:53:13.507 10 INFO neutron.wsgi [None req-13f8061a-befe-4296-a878-58a64f8d6cc3 99a62840d03e4fa8934d355ddbb21a24 7966a4baa8a04f55a3889b56887753a0 - - default default] 10.0.0.86 "DELETE /v2.0/subnets/12664dc7-ba47-4dc3-a440-c9857f30b3a7/tags HTTP/1.1" status: 204 len: 168 time: 0.0654061
2026-05-25 01:53:13.545 10 INFO neutron.wsgi [None req-7449b907-7252-4db9-b054-0920647fcd35 99a62840d03e4fa8934d355ddbb21a24 7966a4baa8a04f55a3889b56887753a0 - - default default] 10.0.0.86 "GET /v2.0/subnets/12664dc7-ba47-4dc3-a440-c9857f30b3a7/tags HTTP/1.1" status: 200 len: 205 time: 0.0346696
2026-05-25 01:53:13.807 10 INFO neutron.wsgi [None req-4a1f5761-2fb9-48fd-960b-c55c2ea4d1d0 99a62840d03e4fa8934d355ddbb21a24 7966a4baa8a04f55a3889b56887753a0 - - default default] 10.0.0.86 "DELETE /v2.0/subnets/12664dc7-ba47-4dc3-a440-c9857f30b3a7 HTTP/1.1" status: 204 len: 168 time: 0.2409809
2026-05-25 01:53:13.964 9 INFO neutron.wsgi [None req-7b574bd1-be6a-4243-a596-094d2eeaa38f 7e300b396db94b24b25968d039d9cabe 6ef05087d76e44928760242c774eb022 - - default default] 10.0.0.86 "DELETE /v2.0/security-groups/ba7c7533-0a9c-494f-8be2-07bfb3c5c094 HTTP/1.1" status: 204 len: 168 time: 0.5923579
2026-05-25 01:53:14.239 9 INFO neutron.db.ovn_revision_numbers_db [None req-3edbf4ca-c767-4324-87d0-879bc13835eb 8263ba51c0474bb4bb47788bab6610d2 09885b15536a49ad8dc30fd1f9003987 - - default default] Successfully bumped revision number for resource 8790fdfd-ba12-4cfb-b363-20907f6b9dee (type: ports) to 2
2026-05-25 01:53:14.258 10 INFO neutron.db.ovn_revision_numbers_db [None req-591972c2-ee2e-4b9b-aabb-4a5d2f2fdacb 7e300b396db94b24b25968d039d9cabe 6ef05087d76e44928760242c774eb022 - - default default] Successfully bumped revision number for resource 79b67a2e-ebd3-4150-bf63-35d81361efff (type: security_groups) to 1
2026-05-25 01:53:14.271 10 INFO neutron.db.ovn_revision_numbers_db [None req-591972c2-ee2e-4b9b-aabb-4a5d2f2fdacb 7e300b396db94b24b25968d039d9cabe 6ef05087d76e44928760242c774eb022 - - default default] Successfully bumped revision number for resource 4274244c-5322-4b8c-8f8d-b7ee73a04cba (type: security_group_rules) to 0
2026-05-25 01:53:14.282 9 INFO neutron.db.ovn_revision_numbers_db [None req-3edbf4ca-c767-4324-87d0-879bc13835eb 8263ba51c0474bb4bb47788bab6610d2 09885b15536a49ad8dc30fd1f9003987 - - default default] Successfully bumped revision number for resource 162979fc-30e4-42cb-8462-2c3a99f60613 (type: subnets) to 0
2026-05-25 01:53:14.287 10 INFO neutron.wsgi [None req-752ca2f2-a31d-478e-80f1-7abed6952716 99a62840d03e4fa8934d355ddbb21a24 7966a4baa8a04f55a3889b56887753a0 - - default default] 10.0.0.86 "DELETE /v2.0/networks/12ecf150-e563-4bf5-bd75-0d71092599d4 HTTP/1.1" status: 204 len: 168 time: 0.4747105
2026-05-25 01:53:14.289 10 INFO neutron.db.ovn_revision_numbers_db [None req-591972c2-ee2e-4b9b-aabb-4a5d2f2fdacb 7e300b396db94b24b25968d039d9cabe 6ef05087d76e44928760242c774eb022 - - default default] Successfully bumped revision number for resource 8e21255b-8609-43d9-aaa5-38ecece295e0 (type: security_group_rules) to 0
