2026-05-25 01:49:47.542 9 WARNING neutron_lib.context [req-a3dc5bea-7587-4b6a-b1e5-6a5a848fbb90 req-34946651-9b70-49bf-b654-b473e3366de1 25db7e0b86ee4f8d962815255a4568a0 e5b327a639b040dc98d21293c483f1d5 - - default default] Method 'is_advsvc' is deprecated since 2023.2 release (neutron-lib 3.8.0) and will be removed once support for the old RBAC API policies will be removed from Neutron. Please use method 'is_service_role' instead.
2026-05-25 01:49:47.702 9 INFO neutron.wsgi [req-bccd8f2b-b40f-4712-9eb3-3e92fa99437c req-469eb8b4-e503-45d1-b121-e3275a826649 25db7e0b86ee4f8d962815255a4568a0 e5b327a639b040dc98d21293c483f1d5 - - default default] 10.0.0.56 "GET /v2.0/ports?device_id=c93fbf7a-e90d-4aab-b168-bceec1829534 HTTP/1.1" status: 200 len: 210 time: 0.0381691
2026-05-25 01:49:47.871 9 INFO neutron.db.ovn_revision_numbers_db [None req-09469ec3-d1d8-4b09-a230-8264eda9d6fd - - - - - -] Successfully bumped revision number for resource 6b6cfe3c-9354-4164-a92a-f84e3cb80400 (type: ports) to 4
2026-05-25 01:49:47.971 10 WARNING neutron_lib.context [req-d95a16a2-5aeb-4b02-9c80-b620032638af req-86bb27b0-5a23-41af-bcf0-4383f5af2f7b 64231f7412f748a4b6e91941409467e0 b2635f612c224c8c82544242a57a3e1c - - default default] Method 'is_advsvc' is deprecated since 2023.2 release (neutron-lib 3.8.0) and will be removed once support for the old RBAC API policies will be removed from Neutron. Please use method 'is_service_role' instead.
2026-05-25 01:49:48.287 10 INFO neutron.db.ovn_revision_numbers_db [req-d95a16a2-5aeb-4b02-9c80-b620032638af req-86bb27b0-5a23-41af-bcf0-4383f5af2f7b 64231f7412f748a4b6e91941409467e0 b2635f612c224c8c82544242a57a3e1c - - default default] Successfully bumped revision number for resource 58d22048-7263-4034-853d-1888ffa2aec9 (type: security_groups) to 1
2026-05-25 01:49:48.315 10 INFO neutron.db.ovn_revision_numbers_db [req-d95a16a2-5aeb-4b02-9c80-b620032638af req-86bb27b0-5a23-41af-bcf0-4383f5af2f7b 64231f7412f748a4b6e91941409467e0 b2635f612c224c8c82544242a57a3e1c - - default default] Successfully bumped revision number for resource 44b2b7b7-8fde-4259-bd98-e7493b7b7873 (type: security_group_rules) to 0
2026-05-25 01:49:48.338 10 INFO neutron.db.ovn_revision_numbers_db [req-d95a16a2-5aeb-4b02-9c80-b620032638af req-86bb27b0-5a23-41af-bcf0-4383f5af2f7b 64231f7412f748a4b6e91941409467e0 b2635f612c224c8c82544242a57a3e1c - - default default] Successfully bumped revision number for resource c1291074-f727-4b9c-8ebc-4605373cd9a8 (type: security_group_rules) to 0
2026-05-25 01:49:48.369 10 INFO neutron.wsgi [req-d95a16a2-5aeb-4b02-9c80-b620032638af req-86bb27b0-5a23-41af-bcf0-4383f5af2f7b 64231f7412f748a4b6e91941409467e0 b2635f612c224c8c82544242a57a3e1c - - default default] 10.0.0.56 "POST /v2.0/security-groups HTTP/1.1" status: 201 len: 1890 time: 0.4064627
2026-05-25 01:49:48.397 9 WARNING neutron.scheduler.dhcp_agent_scheduler [req-a3dc5bea-7587-4b6a-b1e5-6a5a848fbb90 req-34946651-9b70-49bf-b654-b473e3366de1 25db7e0b86ee4f8d962815255a4568a0 e5b327a639b040dc98d21293c483f1d5 - - default default] No more DHCP agents
2026-05-25 01:49:48.402 9 WARNING neutron.api.rpc.agentnotifiers.dhcp_rpc_agent_api [req-a3dc5bea-7587-4b6a-b1e5-6a5a848fbb90 req-34946651-9b70-49bf-b654-b473e3366de1 25db7e0b86ee4f8d962815255a4568a0 e5b327a639b040dc98d21293c483f1d5 - - default default] Unable to schedule network 957e2400-f472-4cd7-a870-e19f5bd4cc04: no agents available; will retry on subsequent port and subnet creation events. /var/lib/openstack/lib/python3.10/site-packages/pycadf/identifier.py:71: UserWarning: Invalid uuid: neutron. To ensure interoperability, identifiers should be a valid uuid. warnings.warn(('Invalid uuid: %s. To ensure interoperability, '
2026-05-25 01:49:48.466 9 INFO neutron.wsgi [req-e806ba69-c067-4147-813f-b1ea0a55fad8 req-8d730ea5-bc7e-46da-8d26-44aba7ae0d19 64231f7412f748a4b6e91941409467e0 b2635f612c224c8c82544242a57a3e1c - - default default] 10.0.0.56 "GET /v2.0/security-groups/58d22048-7263-4034-853d-1888ffa2aec9 HTTP/1.1" status: 200 len: 1885 time: 0.0652056
2026-05-25 01:49:48.470 10 WARNING neutron.plugins.ml2.drivers.ovn.mech_driver.ovsdb.ovn_client [None req-20e38c5f-0b1c-4311-b6e7-51c4eefd35b3 - - - - - -] No port found with ID 2f15dfb8-0126-4dbc-b5fa-13856f4fb1a0: RuntimeError: No port found with ID 2f15dfb8-0126-4dbc-b5fa-13856f4fb1a0
2026-05-25 01:49:48.471 10 INFO neutron.plugins.ml2.drivers.ovn.mech_driver.mech_driver [None req-20e38c5f-0b1c-4311-b6e7-51c4eefd35b3 - - - - - -] OVN reports status up for port: 1bd8b14e-fec4-4837-a3e1-d528ab414d02 /var/lib/openstack/lib/python3.10/site-packages/pycadf/identifier.py:71: UserWarning: Invalid uuid: neutron. To ensure interoperability, identifiers should be a valid uuid. warnings.warn(('Invalid uuid: %s. To ensure interoperability, '
2026-05-25 01:49:48.486 9 WARNING neutron_lib.context [req-e806ba69-c067-4147-813f-b1ea0a55fad8 req-a786b60b-a471-4672-9ea5-6fb29968f2c3 64231f7412f748a4b6e91941409467e0 b2635f612c224c8c82544242a57a3e1c - - default default] Method 'is_advsvc' is deprecated since 2023.2 release (neutron-lib 3.8.0) and will be removed once support for the old RBAC API policies will be removed from Neutron. Please use method 'is_service_role' instead.
2026-05-25 01:49:48.487 10 INFO neutron.plugins.ml2.plugin [None req-20e38c5f-0b1c-4311-b6e7-51c4eefd35b3 - - - - - -] Attempt 1 to provision port 1bd8b14e-fec4-4837-a3e1-d528ab414d02
2026-05-25 01:49:48.577 9 INFO neutron.db.ovn_revision_numbers_db [None req-09469ec3-d1d8-4b09-a230-8264eda9d6fd - - - - - -] Successfully bumped revision number for resource 6b6cfe3c-9354-4164-a92a-f84e3cb80400 (type: router_ports) to 4
2026-05-25 01:49:48.629 9 INFO neutron.db.ovn_revision_numbers_db [req-a3dc5bea-7587-4b6a-b1e5-6a5a848fbb90 req-34946651-9b70-49bf-b654-b473e3366de1 25db7e0b86ee4f8d962815255a4568a0 e5b327a639b040dc98d21293c483f1d5 - - default default] Successfully bumped revision number for resource 20eadec4-6ae6-47cc-9fd9-17a26a170b28 (type: ports) to 1
2026-05-25 01:49:48.665 9 INFO neutron.wsgi [req-a3dc5bea-7587-4b6a-b1e5-6a5a848fbb90 req-34946651-9b70-49bf-b654-b473e3366de1 25db7e0b86ee4f8d962815255a4568a0 e5b327a639b040dc98d21293c483f1d5 - - default default] 199.204.45.3 "POST /v2.0/ports HTTP/1.1" status: 201 len: 1158 time: 1.1281774
2026-05-25 01:49:48.677 9 INFO neutron.wsgi [req-a3dc5bea-7587-4b6a-b1e5-6a5a848fbb90 req-714a83bb-3cc4-4996-a452-a00d0d5432f3 25db7e0b86ee4f8d962815255a4568a0 e5b327a639b040dc98d21293c483f1d5 - - default default] 199.204.45.3 "GET /v2.0/extensions HTTP/1.1" status: 200 len: 18683 time: 0.0089097
2026-05-25 01:49:48.706 9 INFO neutron.db.ovn_revision_numbers_db [req-e806ba69-c067-4147-813f-b1ea0a55fad8 req-a786b60b-a471-4672-9ea5-6fb29968f2c3 64231f7412f748a4b6e91941409467e0 b2635f612c224c8c82544242a57a3e1c - - default default] Successfully bumped revision number for resource 16c9ae3d-1034-4ff1-8438-a431bf6d0d8a (type: security_group_rules) to 0
2026-05-25 01:49:48.733 9 INFO neutron.wsgi [req-e806ba69-c067-4147-813f-b1ea0a55fad8 req-a786b60b-a471-4672-9ea5-6fb29968f2c3 64231f7412f748a4b6e91941409467e0 b2635f612c224c8c82544242a57a3e1c - - default default] 10.0.0.56 "POST /v2.0/security-group-rules HTTP/1.1" status: 201 len: 818 time: 0.2577546
2026-05-25 01:49:48.765 10 INFO neutron.wsgi [None req-eb86d0fc-9738-47d6-8f89-dd0eaa238dbc 7e300b396db94b24b25968d039d9cabe 6ef05087d76e44928760242c774eb022 - - default default] 10.0.0.86 "PUT /v2.0/routers/ecd5037b-042d-4d55-a7ee-0d07955cac01/remove_router_interface HTTP/1.1" status: 200 len: 503 time: 2.1794980
2026-05-25 01:49:48.771 9 WARNING neutron_lib.context [req-bab832f7-f8a4-4c22-a2ab-066591564d8f req-35e309b4-55a6-4199-90ec-599880f59632 64231f7412f748a4b6e91941409467e0 b2635f612c224c8c82544242a57a3e1c - - default default] Method 'is_advsvc' is deprecated since 2023.2 release (neutron-lib 3.8.0) and will be removed once support for the old RBAC API policies will be removed from Neutron. Please use method 'is_service_role' instead. /var/lib/openstack/lib/python3.10/site-packages/pycadf/identifier.py:71: UserWarning: Invalid uuid: neutron. To ensure interoperability, identifiers should be a valid uuid. warnings.warn(('Invalid uuid: %s. To ensure interoperability, '
2026-05-25 01:49:48.843 10 INFO neutron.wsgi [req-ca25e4a7-b5f8-492a-9e21-89e00a632425 req-d6afd351-fe92-431e-a9df-b13f80a43d34 25db7e0b86ee4f8d962815255a4568a0 e5b327a639b040dc98d21293c483f1d5 - - default default] 10.0.0.56 "GET /v2.0/ports?device_id=c93fbf7a-e90d-4aab-b168-bceec1829534 HTTP/1.1" status: 200 len: 1156 time: 0.0666127
2026-05-25 01:49:48.888 9 INFO neutron.db.ovn_revision_numbers_db [req-bab832f7-f8a4-4c22-a2ab-066591564d8f req-35e309b4-55a6-4199-90ec-599880f59632 64231f7412f748a4b6e91941409467e0 b2635f612c224c8c82544242a57a3e1c - - default default] Successfully bumped revision number for resource c8d6a402-0585-4907-a3cc-a60f2f565edf (type: security_groups) to 1
2026-05-25 01:49:48.903 9 INFO neutron.db.ovn_revision_numbers_db [req-bab832f7-f8a4-4c22-a2ab-066591564d8f req-35e309b4-55a6-4199-90ec-599880f59632 64231f7412f748a4b6e91941409467e0 b2635f612c224c8c82544242a57a3e1c - - default default] Successfully bumped revision number for resource 25402226-4ab3-45c5-a8db-d2d423dd1cda (type: security_group_rules) to 0
2026-05-25 01:49:48.909 10 INFO neutron.wsgi [req-ca25e4a7-b5f8-492a-9e21-89e00a632425 req-7eb978ea-b1b6-44b5-bebf-d1e926918741 25db7e0b86ee4f8d962815255a4568a0 e5b327a639b040dc98d21293c483f1d5 - - default default] 10.0.0.56 "GET /v2.0/security-groups?id=8f3a27a2-f4d4-49f3-b987-fd2e3384d605&fields=id&fields=name HTTP/1.1" status: 200 len: 312 time: 0.0579526
2026-05-25 01:49:48.918 9 INFO neutron.db.ovn_revision_numbers_db [req-bab832f7-f8a4-4c22-a2ab-066591564d8f req-35e309b4-55a6-4199-90ec-599880f59632 64231f7412f748a4b6e91941409467e0 b2635f612c224c8c82544242a57a3e1c - - default default] Successfully bumped revision number for resource be7f402f-99bd-4677-a3af-a17b6e05ab54 (type: security_group_rules) to 0
2026-05-25 01:49:48.936 9 INFO neutron.wsgi [req-bab832f7-f8a4-4c22-a2ab-066591564d8f req-35e309b4-55a6-4199-90ec-599880f59632 64231f7412f748a4b6e91941409467e0 b2635f612c224c8c82544242a57a3e1c - - default default] 10.0.0.56 "POST /v2.0/security-groups HTTP/1.1" status: 201 len: 1891 time: 0.1744461
2026-05-25 01:49:49.002 10 INFO neutron.wsgi [req-d572f762-b096-4c42-881b-0b1b6de76693 req-e47b8d72-955f-4838-bb34-3d38c21de8b1 64231f7412f748a4b6e91941409467e0 b2635f612c224c8c82544242a57a3e1c - - default default] 10.0.0.56 "GET /v2.0/security-groups/c8d6a402-0585-4907-a3cc-a60f2f565edf HTTP/1.1" status: 200 len: 1886 time: 0.0356469
2026-05-25 01:49:49.018 10 WARNING neutron_lib.context [req-d572f762-b096-4c42-881b-0b1b6de76693 req-c30fdbc8-c89b-4a52-ba6d-d1cd1bbce7f5 64231f7412f748a4b6e91941409467e0 b2635f612c224c8c82544242a57a3e1c - - default default] Method 'is_advsvc' is deprecated since 2023.2 release (neutron-lib 3.8.0) and will be removed once support for the old RBAC API policies will be removed from Neutron. Please use method 'is_service_role' instead.
2026-05-25 01:49:49.387 10 INFO neutron.db.ovn_revision_numbers_db [req-d572f762-b096-4c42-881b-0b1b6de76693 req-c30fdbc8-c89b-4a52-ba6d-d1cd1bbce7f5 64231f7412f748a4b6e91941409467e0 b2635f612c224c8c82544242a57a3e1c - - default default] Successfully bumped revision number for resource 6c54ecc7-1368-46c0-8a60-21a19810db05 (type: security_group_rules) to 0
2026-05-25 01:49:49.422 10 INFO neutron.wsgi [req-d572f762-b096-4c42-881b-0b1b6de76693 req-c30fdbc8-c89b-4a52-ba6d-d1cd1bbce7f5 64231f7412f748a4b6e91941409467e0 b2635f612c224c8c82544242a57a3e1c - - default default] 10.0.0.56 "POST /v2.0/security-group-rules HTTP/1.1" status: 201 len: 818 time: 0.4100032
2026-05-25 01:49:49.441 9 INFO neutron.db.ovn_revision_numbers_db [req-a3dc5bea-7587-4b6a-b1e5-6a5a848fbb90 req-bd1fd064-dd1a-40f6-b3b9-1bce34dddb0a 2af45385c8c54074a1be8669ec1f53c0 10730293bca14780ad94eb382d592dfc - - 7b06d5d001a940d48d280bf8624ee0a4 7b06d5d001a940d48d280bf8624ee0a4] Successfully bumped revision number for resource 20eadec4-6ae6-47cc-9fd9-17a26a170b28 (type: ports) to 2 /var/lib/openstack/lib/python3.10/site-packages/pycadf/identifier.py:71: UserWarning: Invalid uuid: neutron. To ensure interoperability, identifiers should be a valid uuid. warnings.warn(('Invalid uuid: %s. To ensure interoperability, '
2026-05-25 01:49:49.477 9 INFO neutron.wsgi [req-5ae68762-ab49-4a38-ad39-7417eab1babd req-24cc031b-d565-42ab-9705-de77a92c14b1 64231f7412f748a4b6e91941409467e0 b2635f612c224c8c82544242a57a3e1c - - default default] 10.0.0.56 "GET /v2.0/security-groups/c8d6a402-0585-4907-a3cc-a60f2f565edf HTTP/1.1" status: 200 len: 2511 time: 0.0308638
2026-05-25 01:49:49.490 9 WARNING neutron_lib.context [req-5ae68762-ab49-4a38-ad39-7417eab1babd req-7370b0e6-4856-45d8-b421-d8599914d93c 64231f7412f748a4b6e91941409467e0 b2635f612c224c8c82544242a57a3e1c - - default default] Method 'is_advsvc' is deprecated since 2023.2 release (neutron-lib 3.8.0) and will be removed once support for the old RBAC API policies will be removed from Neutron. Please use method 'is_service_role' instead.
2026-05-25 01:49:49.696 9 INFO neutron.db.ovn_revision_numbers_db [req-5ae68762-ab49-4a38-ad39-7417eab1babd req-7370b0e6-4856-45d8-b421-d8599914d93c 64231f7412f748a4b6e91941409467e0 b2635f612c224c8c82544242a57a3e1c - - default default] Successfully bumped revision number for resource c4973219-270e-413d-9694-02e09a0f643a (type: security_group_rules) to 0
2026-05-25 01:49:49.715 9 INFO neutron.db.ovn_revision_numbers_db [req-a3dc5bea-7587-4b6a-b1e5-6a5a848fbb90 req-bd1fd064-dd1a-40f6-b3b9-1bce34dddb0a 2af45385c8c54074a1be8669ec1f53c0 10730293bca14780ad94eb382d592dfc - - 7b06d5d001a940d48d280bf8624ee0a4 7b06d5d001a940d48d280bf8624ee0a4] Successfully bumped revision number for resource 20eadec4-6ae6-47cc-9fd9-17a26a170b28 (type: ports) to 2
2026-05-25 01:49:49.728 9 INFO neutron.wsgi [req-5ae68762-ab49-4a38-ad39-7417eab1babd req-7370b0e6-4856-45d8-b421-d8599914d93c 64231f7412f748a4b6e91941409467e0 b2635f612c224c8c82544242a57a3e1c - - default default] 10.0.0.56 "POST /v2.0/security-group-rules HTTP/1.1" status: 201 len: 823 time: 0.2458103
2026-05-25 01:49:49.744 9 INFO neutron.wsgi [req-a3dc5bea-7587-4b6a-b1e5-6a5a848fbb90 req-bd1fd064-dd1a-40f6-b3b9-1bce34dddb0a 2af45385c8c54074a1be8669ec1f53c0 10730293bca14780ad94eb382d592dfc - - 7b06d5d001a940d48d280bf8624ee0a4 7b06d5d001a940d48d280bf8624ee0a4] 199.204.45.3 "PUT /v2.0/ports/20eadec4-6ae6-47cc-9fd9-17a26a170b28 HTTP/1.1" status: 200 len: 1376 time: 0.7475791
2026-05-25 01:49:49.830 10 INFO neutron.wsgi [req-ab9d8347-c444-4ec2-bac6-132d61e9f210 req-04f5bd56-544a-4dbe-878d-c2812e583d2e 64231f7412f748a4b6e91941409467e0 b2635f612c224c8c82544242a57a3e1c - - default default] 10.0.0.56 "GET /v2.0/security-groups/c8d6a402-0585-4907-a3cc-a60f2f565edf HTTP/1.1" status: 200 len: 3141 time: 0.0586681 /var/lib/openstack/lib/python3.10/site-packages/pycadf/identifier.py:71: UserWarning: Invalid uuid: neutron. To ensure interoperability, identifiers should be a valid uuid. warnings.warn(('Invalid uuid: %s. To ensure interoperability, '
2026-05-25 01:49:49.847 10 INFO neutron.wsgi [None req-a018e794-1d2d-4bd6-856b-6f97889eff0b 7e300b396db94b24b25968d039d9cabe 6ef05087d76e44928760242c774eb022 - - default default] 10.0.0.86 "DELETE /v2.0/routers/ecd5037b-042d-4d55-a7ee-0d07955cac01 HTTP/1.1" status: 204 len: 168 time: 1.0773671
2026-05-25 01:49:49.881 9 INFO neutron.wsgi [req-8d79a946-1ea6-4bab-b3c3-bb5cfe667ba2 req-b56f6290-97b7-4fc7-b831-60770fff5c64 64231f7412f748a4b6e91941409467e0 b2635f612c224c8c82544242a57a3e1c - - default default] 10.0.0.56 "GET /v2.0/security-group-rules/c4973219-270e-413d-9694-02e09a0f643a HTTP/1.1" status: 200 len: 815 time: 0.0244656
2026-05-25 01:49:49.936 9 INFO neutron.wsgi [req-a3dc5bea-7587-4b6a-b1e5-6a5a848fbb90 req-6dbed375-4ead-4d26-8283-87cd8855a498 2af45385c8c54074a1be8669ec1f53c0 10730293bca14780ad94eb382d592dfc - - 7b06d5d001a940d48d280bf8624ee0a4 7b06d5d001a940d48d280bf8624ee0a4] 199.204.45.3 "GET /v2.0/ports?tenant_id=e5b327a639b040dc98d21293c483f1d5&device_id=c93fbf7a-e90d-4aab-b168-bceec1829534 HTTP/1.1" status: 200 len: 1407 time: 0.1007159
2026-05-25 01:49:49.940 9 INFO neutron.wsgi [req-8d79a946-1ea6-4bab-b3c3-bb5cfe667ba2 req-760240b0-7dca-41ca-9619-589987c9430e 64231f7412f748a4b6e91941409467e0 b2635f612c224c8c82544242a57a3e1c - - default default] 10.0.0.56 "GET /v2.0/security-groups/c8d6a402-0585-4907-a3cc-a60f2f565edf HTTP/1.1" status: 200 len: 3141 time: 0.0497684
2026-05-25 01:49:49.981 9 INFO neutron.wsgi [req-a3dc5bea-7587-4b6a-b1e5-6a5a848fbb90 req-08ba48c3-4319-46dc-9e54-fc0ca288b6d1 2af45385c8c54074a1be8669ec1f53c0 10730293bca14780ad94eb382d592dfc - - 7b06d5d001a940d48d280bf8624ee0a4 7b06d5d001a940d48d280bf8624ee0a4] 199.204.45.3 "GET /v2.0/floatingips?fixed_ip_address=10.100.0.4&port_id=20eadec4-6ae6-47cc-9fd9-17a26a170b28 HTTP/1.1" status: 200 len: 217 time: 0.0376110
2026-05-25 01:49:50.027 9 INFO neutron.wsgi [req-a3dc5bea-7587-4b6a-b1e5-6a5a848fbb90 req-f5a27e11-fb1d-4ffc-8a80-a5d7d9bac08e 2af45385c8c54074a1be8669ec1f53c0 10730293bca14780ad94eb382d592dfc - - 7b06d5d001a940d48d280bf8624ee0a4 7b06d5d001a940d48d280bf8624ee0a4] 199.204.45.3 "GET /v2.0/subnets?id=10022d5d-0348-419c-bae6-39e148237d8f HTTP/1.1" status: 200 len: 877 time: 0.0362918
2026-05-25 01:49:50.078 9 INFO neutron.wsgi [req-a3dc5bea-7587-4b6a-b1e5-6a5a848fbb90 req-4d2722d4-742d-4b6a-aaca-3dbbc6eae816 2af45385c8c54074a1be8669ec1f53c0 10730293bca14780ad94eb382d592dfc - - 7b06d5d001a940d48d280bf8624ee0a4 7b06d5d001a940d48d280bf8624ee0a4] 199.204.45.3 "GET /v2.0/ports?network_id=957e2400-f472-4cd7-a870-e19f5bd4cc04&device_owner=network%3Adhcp HTTP/1.1" status: 200 len: 210 time: 0.0396183
2026-05-25 01:49:50.091 10 INFO neutron.wsgi [req-a176dc26-e33a-4fdf-9471-fe9572d73ab5 req-68c212ce-fdc9-4aab-8358-7a42df393e31 25db7e0b86ee4f8d962815255a4568a0 e5b327a639b040dc98d21293c483f1d5 - - default default] 10.0.0.56 "GET /v2.0/ports?device_id=c93fbf7a-e90d-4aab-b168-bceec1829534 HTTP/1.1" status: 200 len: 1168 time: 0.1031454
2026-05-25 01:49:50.106 10 INFO neutron.wsgi [None req-e928acc5-64da-4803-b8be-27b8536bd64a 7e300b396db94b24b25968d039d9cabe 6ef05087d76e44928760242c774eb022 - - default default] 10.0.0.86 "DELETE /v2.0/subnets/ecf470d2-9e19-4f81-b996-95246d391d99 HTTP/1.1" status: 204 len: 168 time: 0.2545202
2026-05-25 01:49:50.144 10 INFO neutron.wsgi [req-a176dc26-e33a-4fdf-9471-fe9572d73ab5 req-6d7f8881-609a-41c6-a511-9668c6de5ffb 25db7e0b86ee4f8d962815255a4568a0 e5b327a639b040dc98d21293c483f1d5 - - default default] 10.0.0.56 "GET /v2.0/security-groups?id=8f3a27a2-f4d4-49f3-b987-fd2e3384d605&fields=id&fields=name HTTP/1.1" status: 200 len: 312 time: 0.0420914
2026-05-25 01:49:50.176 9 INFO neutron.wsgi [req-a3dc5bea-7587-4b6a-b1e5-6a5a848fbb90 req-d4ad6d32-46fe-41a6-81d9-3efeb03dd32b 2af45385c8c54074a1be8669ec1f53c0 10730293bca14780ad94eb382d592dfc - - 7b06d5d001a940d48d280bf8624ee0a4 7b06d5d001a940d48d280bf8624ee0a4] 199.204.45.3 "GET /v2.0/networks/957e2400-f472-4cd7-a870-e19f5bd4cc04?fields=segments HTTP/1.1" status: 200 len: 212 time: 0.0918374
2026-05-25 01:49:50.244 9 INFO neutron.notifiers.nova [-] Nova event matching ['req-ab6898dc-01bc-4ea9-b240-2eb9678491a9'] response: {'name': 'network-changed', 'server_uuid': 'c93fbf7a-e90d-4aab-b168-bceec1829534', 'tag': '20eadec4-6ae6-47cc-9fd9-17a26a170b28', 'status': 'completed', 'code': 200}
2026-05-25 01:49:50.254 9 INFO neutron.wsgi [req-8d79a946-1ea6-4bab-b3c3-bb5cfe667ba2 req-e5689276-f9fd-48cf-8d8c-2d06dc535912 64231f7412f748a4b6e91941409467e0 b2635f612c224c8c82544242a57a3e1c - - default default] 10.0.0.56 "DELETE /v2.0/security-group-rules/c4973219-270e-413d-9694-02e09a0f643a HTTP/1.1" status: 204 len: 173 time: 0.3038886
2026-05-25 01:49:50.260 9 INFO neutron.wsgi [req-a3dc5bea-7587-4b6a-b1e5-6a5a848fbb90 req-1347fa6e-a26a-4154-8008-50e9dd11c587 2af45385c8c54074a1be8669ec1f53c0 10730293bca14780ad94eb382d592dfc - - 7b06d5d001a940d48d280bf8624ee0a4 7b06d5d001a940d48d280bf8624ee0a4] 199.204.45.3 "GET /v2.0/networks/957e2400-f472-4cd7-a870-e19f5bd4cc04?fields=provider%3Aphysical_network&fields=provider%3Anetwork_type HTTP/1.1" status: 200 len: 277 time: 0.0779822
2026-05-25 01:49:50.299 9 WARNING neutron.plugins.ml2.drivers.ovn.mech_driver.ovsdb.ovn_client [None req-de48258b-1c33-4551-945e-10074b2bfeab - - - - - -] No hosting information found for port 0f115932-55a4-46df-af9e-06434a94f1ba: RuntimeError: No hosting information found for port 0f115932-55a4-46df-af9e-06434a94f1ba
2026-05-25 01:49:50.299 9 INFO neutron.plugins.ml2.drivers.ovn.mech_driver.mech_driver [None req-de48258b-1c33-4551-945e-10074b2bfeab - - - - - -] OVN reports status up for port: ccfd550f-8fc3-40a7-93d4-d97afdd08dbb
2026-05-25 01:49:50.326 9 INFO neutron.wsgi [req-c4abf39b-5bdc-4817-b4e8-f3c6c83bfea1 req-5725fdad-bba7-47c7-9d32-6071290ed42c 64231f7412f748a4b6e91941409467e0 b2635f612c224c8c82544242a57a3e1c - - default default] 10.0.0.56 "GET /v2.0/security-groups/c8d6a402-0585-4907-a3cc-a60f2f565edf HTTP/1.1" status: 200 len: 2511 time: 0.0522287
2026-05-25 01:49:50.335 9 INFO neutron.plugins.ml2.plugin [None req-de48258b-1c33-4551-945e-10074b2bfeab - - - - - -] Attempt 1 to provision port ccfd550f-8fc3-40a7-93d4-d97afdd08dbb
2026-05-25 01:49:50.376 9 INFO neutron.wsgi [req-81709533-e424-4608-bab6-916dad7898e1 req-5e627294-bcdf-4447-aa77-3ad981768759 2af45385c8c54074a1be8669ec1f53c0 10730293bca14780ad94eb382d592dfc - - 7b06d5d001a940d48d280bf8624ee0a4 7b06d5d001a940d48d280bf8624ee0a4] 199.204.45.3 "GET /v2.0/ports?tenant_id=e5b327a639b040dc98d21293c483f1d5&device_id=c93fbf7a-e90d-4aab-b168-bceec1829534 HTTP/1.1" status: 200 len: 1407 time: 0.0748100
2026-05-25 01:49:50.381 10 INFO neutron.wsgi [req-05e68cfd-af17-4c2e-be34-6a83bf4449e6 req-49f35391-3919-46c2-8e10-d369383b0d55 f149ac76e261489bb3bca02980165ff9 3a7aae39a6d94487aafa73a53fde1753 - - default default] 10.0.0.56 "GET /v2.0/security-groups?name=tempest-securitygroup--2090791277&fields=id&tenant_id=3a7aae39a6d94487aafa73a53fde1753 HTTP/1.1" status: 200 len: 267 time: 0.0435274
2026-05-25 01:49:50.462 10 INFO neutron.wsgi [req-05e68cfd-af17-4c2e-be34-6a83bf4449e6 req-c7c6ffb2-60e1-4c1b-8827-48a1e0e5654c f149ac76e261489bb3bca02980165ff9 3a7aae39a6d94487aafa73a53fde1753 - - default default] 10.0.0.56 "GET /v2.0/networks?id=31569487-f5dc-4970-9ee0-b6e2775e8edf HTTP/1.1" status: 200 len: 879 time: 0.0722284
2026-05-25 01:49:50.479 10 INFO neutron.wsgi [req-05e68cfd-af17-4c2e-be34-6a83bf4449e6 req-2e088507-d4f5-451e-a4e5-639114dfbe26 f149ac76e261489bb3bca02980165ff9 3a7aae39a6d94487aafa73a53fde1753 - - default default] 10.0.0.56 "GET /v2.0/quotas/3a7aae39a6d94487aafa73a53fde1753 HTTP/1.1" status: 200 len: 491 time: 0.0100031
2026-05-25 01:49:50.579 10 INFO neutron.wsgi [req-05e68cfd-af17-4c2e-be34-6a83bf4449e6 req-bc080f4b-6910-4af5-a607-bd14b4db68f9 f149ac76e261489bb3bca02980165ff9 3a7aae39a6d94487aafa73a53fde1753 - - default default] 10.0.0.56 "GET /v2.0/ports?tenant_id=3a7aae39a6d94487aafa73a53fde1753&fields=id HTTP/1.1" status: 200 len: 302 time: 0.0924501
2026-05-25 01:49:50.698 10 INFO neutron.wsgi [req-05e68cfd-af17-4c2e-be34-6a83bf4449e6 req-1972a23b-12a8-4efa-9e23-7602cafce297 2af45385c8c54074a1be8669ec1f53c0 10730293bca14780ad94eb382d592dfc - - 7b06d5d001a940d48d280bf8624ee0a4 7b06d5d001a940d48d280bf8624ee0a4] 10.0.0.56 "GET /v2.0/networks/31569487-f5dc-4970-9ee0-b6e2775e8edf?fields=segments HTTP/1.1" status: 200 len: 212 time: 0.1051512
2026-05-25 01:49:50.721 9 INFO neutron.wsgi [req-81709533-e424-4608-bab6-916dad7898e1 req-a6754661-c390-47b7-b4dc-add959ffc700 2af45385c8c54074a1be8669ec1f53c0 10730293bca14780ad94eb382d592dfc - - 7b06d5d001a940d48d280bf8624ee0a4 7b06d5d001a940d48d280bf8624ee0a4] 199.204.45.3 "GET /v2.0/networks?id=957e2400-f472-4cd7-a870-e19f5bd4cc04 HTTP/1.1" status: 200 len: 982 time: 0.2684989
2026-05-25 01:49:50.764 10 INFO neutron.wsgi [req-05e68cfd-af17-4c2e-be34-6a83bf4449e6 req-d6a19272-0b8f-4d05-8b25-a07903c6c4e6 2af45385c8c54074a1be8669ec1f53c0 10730293bca14780ad94eb382d592dfc - - 7b06d5d001a940d48d280bf8624ee0a4 7b06d5d001a940d48d280bf8624ee0a4] 10.0.0.56 "GET /v2.0/networks/31569487-f5dc-4970-9ee0-b6e2775e8edf?fields=provider%3Aphysical_network&fields=provider%3Anetwork_type HTTP/1.1" status: 200 len: 277 time: 0.0599511
2026-05-25 01:49:50.771 9 INFO neutron.wsgi [req-c4abf39b-5bdc-4817-b4e8-f3c6c83bfea1 req-c1f75e7e-9446-42eb-adb8-e6f053abbfa1 64231f7412f748a4b6e91941409467e0 b2635f612c224c8c82544242a57a3e1c - - default default] 10.0.0.56 "DELETE /v2.0/security-groups/c8d6a402-0585-4907-a3cc-a60f2f565edf HTTP/1.1" status: 204 len: 173 time: 0.4338984
2026-05-25 01:49:50.782 9 INFO neutron.wsgi [req-81709533-e424-4608-bab6-916dad7898e1 req-1cf7d537-cb9e-460b-b875-8b855af4f911 2af45385c8c54074a1be8669ec1f53c0 10730293bca14780ad94eb382d592dfc - - 7b06d5d001a940d48d280bf8624ee0a4 7b06d5d001a940d48d280bf8624ee0a4] 199.204.45.3 "GET /v2.0/floatingips?fixed_ip_address=10.100.0.4&port_id=20eadec4-6ae6-47cc-9fd9-17a26a170b28 HTTP/1.1" status: 200 len: 217 time: 0.0427139
2026-05-25 01:49:50.889 9 INFO neutron.wsgi [req-81709533-e424-4608-bab6-916dad7898e1 req-b5073c42-2338-4aa5-8b93-edba239099b7 2af45385c8c54074a1be8669ec1f53c0 10730293bca14780ad94eb382d592dfc - - 7b06d5d001a940d48d280bf8624ee0a4 7b06d5d001a940d48d280bf8624ee0a4] 199.204.45.3 "GET /v2.0/subnets?id=10022d5d-0348-419c-bae6-39e148237d8f HTTP/1.1" status: 200 len: 877 time: 0.1000857
2026-05-25 01:49:50.937 9 INFO neutron.wsgi [req-1411ed6b-106e-4bef-b05a-631f4d3d65a4 req-459a68ea-a464-40ec-9c1f-39087fc94a92 64231f7412f748a4b6e91941409467e0 b2635f612c224c8c82544242a57a3e1c - - default default] 10.0.0.56 "GET /v2.0/security-groups/58d22048-7263-4034-853d-1888ffa2aec9 HTTP/1.1" status: 200 len: 2510 time: 0.1321447
2026-05-25 01:49:50.966 9 INFO neutron.wsgi [req-81709533-e424-4608-bab6-916dad7898e1 req-4d90c872-5a74-4af2-8bc8-10ff04c8b869 2af45385c8c54074a1be8669ec1f53c0 10730293bca14780ad94eb382d592dfc - - 7b06d5d001a940d48d280bf8624ee0a4 7b06d5d001a940d48d280bf8624ee0a4] 199.204.45.3 "GET /v2.0/ports?network_id=957e2400-f472-4cd7-a870-e19f5bd4cc04&device_owner=network%3Adhcp HTTP/1.1" status: 200 len: 210 time: 0.0666733
2026-05-25 01:49:51.146 9 INFO neutron.wsgi [req-81709533-e424-4608-bab6-916dad7898e1 req-53ab2916-070d-4400-acaa-c64309328310 2af45385c8c54074a1be8669ec1f53c0 10730293bca14780ad94eb382d592dfc - - 7b06d5d001a940d48d280bf8624ee0a4 7b06d5d001a940d48d280bf8624ee0a4] 199.204.45.3 "GET /v2.0/networks/957e2400-f472-4cd7-a870-e19f5bd4cc04?fields=segments HTTP/1.1" status: 200 len: 212 time: 0.1704290
2026-05-25 01:49:51.157 10 INFO neutron.wsgi [req-a4b476c2-f80b-49c9-acd9-4524fa351e24 req-749d1c99-00f9-4ea7-b637-44f892c43a24 f149ac76e261489bb3bca02980165ff9 3a7aae39a6d94487aafa73a53fde1753 - - default default] 10.0.0.56 "GET /v2.0/ports?device_id=f87677d7-620e-4695-8662-a0cc8fc742eb HTTP/1.1" status: 200 len: 210 time: 0.0453982
2026-05-25 01:49:51.209 9 INFO neutron.wsgi [None req-44bcf258-3f8a-4480-b149-70b9e17d5d2d 7e300b396db94b24b25968d039d9cabe 6ef05087d76e44928760242c774eb022 - - default default] 10.0.0.86 "DELETE /v2.0/networks/bb7b171a-17df-4756-80d8-de52ade6946a HTTP/1.1" status: 204 len: 168 time: 1.0957074
2026-05-25 01:49:51.263 10 INFO neutron.wsgi [req-aa4900ab-118e-485c-902c-b221ca61891d req-52713caa-2abb-4975-8ab0-6d01a6d5d066 25db7e0b86ee4f8d962815255a4568a0 e5b327a639b040dc98d21293c483f1d5 - - default default] 10.0.0.56 "GET /v2.0/ports?device_id=c93fbf7a-e90d-4aab-b168-bceec1829534 HTTP/1.1" status: 200 len: 1168 time: 0.0545380
2026-05-25 01:49:51.269 9 INFO neutron.wsgi [req-81709533-e424-4608-bab6-916dad7898e1 req-235d1789-43db-4a44-8b06-92378df563c7 2af45385c8c54074a1be8669ec1f53c0 10730293bca14780ad94eb382d592dfc - - 7b06d5d001a940d48d280bf8624ee0a4 7b06d5d001a940d48d280bf8624ee0a4] 199.204.45.3 "GET /v2.0/networks/957e2400-f472-4cd7-a870-e19f5bd4cc04?fields=provider%3Aphysical_network&fields=provider%3Anetwork_type HTTP/1.1" status: 200 len: 277 time: 0.1147900
2026-05-25 01:49:51.306 9 INFO neutron.wsgi [req-1411ed6b-106e-4bef-b05a-631f4d3d65a4 req-43ac0e57-5114-41ef-a1a2-b1116e5fcd36 64231f7412f748a4b6e91941409467e0 b2635f612c224c8c82544242a57a3e1c - - default default] 10.0.0.56 "DELETE /v2.0/security-groups/58d22048-7263-4034-853d-1888ffa2aec9 HTTP/1.1" status: 204 len: 173 time: 0.3565927
2026-05-25 01:49:51.348 10 INFO neutron.wsgi [req-aa4900ab-118e-485c-902c-b221ca61891d req-8f659a13-ee54-4380-9f04-5e2d3f2233a3 25db7e0b86ee4f8d962815255a4568a0 e5b327a639b040dc98d21293c483f1d5 - - default default] 10.0.0.56 "GET /v2.0/security-groups?id=8f3a27a2-f4d4-49f3-b987-fd2e3384d605&fields=id&fields=name HTTP/1.1" status: 200 len: 312 time: 0.0697722
2026-05-25 01:49:51.415 10 INFO neutron.wsgi [None req-9940b3c3-762b-48fb-a7fa-5e4fd6be9ed9 7e300b396db94b24b25968d039d9cabe 6ef05087d76e44928760242c774eb022 - - default default] 10.0.0.86 "GET /v2.0/security-groups?tenant_id=edf3daeedf6c48198a576352c8efe235&name=default HTTP/1.1" status: 200 len: 3116 time: 0.0493171
2026-05-25 01:49:51.436 9 INFO neutron.db.ovn_revision_numbers_db [None req-de48258b-1c33-4551-945e-10074b2bfeab - - - - - -] Successfully bumped revision number for resource ccfd550f-8fc3-40a7-93d4-d97afdd08dbb (type: ports) to 2
2026-05-25 01:49:51.650 9 INFO neutron.services.segments.plugin [-] Segment 93f382c6-02bf-4462-b549-48c9404272e0 resource provider aggregate not found
2026-05-25 01:49:51.662 9 INFO neutron.services.segments.plugin [-] Segment 93f382c6-02bf-4462-b549-48c9404272e0 resource provider not found; error: Placement Client Error (4xx): {"errors": [{"status": 404, "title": "Not Found", "detail": "The resource could not be found.\n\n No resource provider with uuid 93f382c6-02bf-4462-b549-48c9404272e0 found for delete ", "request_id": "req-28393f4c-654c-4012-baa8-bc1c3548a32a"}]}
2026-05-25 01:49:51.671 9 INFO neutron.services.segments.plugin [-] Segment 93f382c6-02bf-4462-b549-48c9404272e0 resource provider aggregate not found
2026-05-25 01:49:51.688 9 INFO neutron.services.segments.plugin [-] Segment 93f382c6-02bf-4462-b549-48c9404272e0 resource provider not found; error: Placement Client Error (4xx): {"errors": [{"status": 404, "title": "Not Found", "detail": "The resource could not be found.\n\n No resource provider with uuid 93f382c6-02bf-4462-b549-48c9404272e0 found for delete ", "request_id": "req-6fe465d5-bb2e-41d4-9297-97799cd4fd8d"}]}
2026-05-25 01:49:51.695 9 INFO neutron.db.ovn_revision_numbers_db [None req-de48258b-1c33-4551-945e-10074b2bfeab - - - - - -] Successfully bumped revision number for resource ccfd550f-8fc3-40a7-93d4-d97afdd08dbb (type: router_ports) to 2
2026-05-25 01:49:51.709 10 INFO neutron.wsgi [None req-e48c79e6-eaff-46a6-95f5-6d3adabfaf58 7e300b396db94b24b25968d039d9cabe 6ef05087d76e44928760242c774eb022 - - default default] 10.0.0.86 "DELETE /v2.0/security-groups/0f6bbb2c-8d33-487c-8c27-c39c5f6c8a93 HTTP/1.1" status: 204 len: 168 time: 0.2895827
2026-05-25 01:49:52.015 9 INFO neutron.wsgi [req-05e68cfd-af17-4c2e-be34-6a83bf4449e6 req-11b9d44f-193e-4255-9b4b-e09f75ff038e f149ac76e261489bb3bca02980165ff9 3a7aae39a6d94487aafa73a53fde1753 - - default default] 199.204.45.3 "GET /v2.0/networks?id=31569487-f5dc-4970-9ee0-b6e2775e8edf HTTP/1.1" status: 200 len: 879 time: 0.0881858
2026-05-25 01:49:52.081 9 INFO neutron.wsgi [req-05e68cfd-af17-4c2e-be34-6a83bf4449e6 req-c21180fe-55b1-4314-a9d2-0bf21c67230e f149ac76e261489bb3bca02980165ff9 3a7aae39a6d94487aafa73a53fde1753 - - default default] 199.204.45.3 "GET /v2.0/security-groups?fields=id&fields=name&tenant_id=3a7aae39a6d94487aafa73a53fde1753 HTTP/1.1" status: 200 len: 380 time: 0.0564389
2026-05-25 01:49:52.100 9 WARNING neutron_lib.context [req-05e68cfd-af17-4c2e-be34-6a83bf4449e6 req-0334d0b9-a376-43be-ad1d-633fd3c7df9f f149ac76e261489bb3bca02980165ff9 3a7aae39a6d94487aafa73a53fde1753 - - default default] Method 'is_advsvc' is deprecated since 2023.2 release (neutron-lib 3.8.0) and will be removed once support for the old RBAC API policies will be removed from Neutron. Please use method 'is_service_role' instead.
2026-05-25 01:49:52.273 9 INFO neutron.wsgi [req-37fe5036-1ca6-4ea7-b2b0-5f6748683d6a req-119918b4-6cdf-46d1-a0d0-7795b4a66a30 f149ac76e261489bb3bca02980165ff9 3a7aae39a6d94487aafa73a53fde1753 - - default default] 10.0.0.56 "GET /v2.0/ports?device_id=f87677d7-620e-4695-8662-a0cc8fc742eb HTTP/1.1" status: 200 len: 210 time: 0.0501931
2026-05-25 01:49:52.435 10 INFO neutron.plugins.ml2.drivers.ovn.mech_driver.mech_driver [None req-20e38c5f-0b1c-4311-b6e7-51c4eefd35b3 - - - - - -] OVN reports status up for port: 20eadec4-6ae6-47cc-9fd9-17a26a170b28
2026-05-25 01:49:52.461 10 INFO neutron.wsgi [req-69b4368c-bd8d-4687-8ffd-0dc3c8e5012d req-bcbfc15d-38ac-44cd-bf0c-7030fb5718d9 25db7e0b86ee4f8d962815255a4568a0 e5b327a639b040dc98d21293c483f1d5 - - default default] 10.0.0.56 "GET /v2.0/ports?device_id=c93fbf7a-e90d-4aab-b168-bceec1829534 HTTP/1.1" status: 200 len: 1168 time: 0.0471447
2026-05-25 01:49:52.465 10 INFO neutron.plugins.ml2.plugin [None req-20e38c5f-0b1c-4311-b6e7-51c4eefd35b3 - - - - - -] Attempt 1 to provision port 20eadec4-6ae6-47cc-9fd9-17a26a170b28
2026-05-25 01:49:52.533 10 INFO neutron.wsgi [req-69b4368c-bd8d-4687-8ffd-0dc3c8e5012d req-b2ba0ea7-ad75-478c-9fc4-d8dc3f1bf427 25db7e0b86ee4f8d962815255a4568a0 e5b327a639b040dc98d21293c483f1d5 - - default default] 10.0.0.56 "GET /v2.0/security-groups?id=8f3a27a2-f4d4-49f3-b987-fd2e3384d605&fields=id&fields=name HTTP/1.1" status: 200 len: 312 time: 0.0640457
2026-05-25 01:49:52.642 9 WARNING neutron.scheduler.dhcp_agent_scheduler [req-05e68cfd-af17-4c2e-be34-6a83bf4449e6 req-0334d0b9-a376-43be-ad1d-633fd3c7df9f f149ac76e261489bb3bca02980165ff9 3a7aae39a6d94487aafa73a53fde1753 - - default default] No more DHCP agents
2026-05-25 01:49:52.653 9 WARNING neutron.api.rpc.agentnotifiers.dhcp_rpc_agent_api [req-05e68cfd-af17-4c2e-be34-6a83bf4449e6 req-0334d0b9-a376-43be-ad1d-633fd3c7df9f f149ac76e261489bb3bca02980165ff9 3a7aae39a6d94487aafa73a53fde1753 - - default default] Unable to schedule network 31569487-f5dc-4970-9ee0-b6e2775e8edf: no agents available; will retry on subsequent port and subnet creation events.
2026-05-25 01:49:52.831 10 INFO neutron.db.ovn_revision_numbers_db [None req-20e38c5f-0b1c-4311-b6e7-51c4eefd35b3 - - - - - -] Successfully bumped revision number for resource 20eadec4-6ae6-47cc-9fd9-17a26a170b28 (type: ports) to 4
2026-05-25 01:49:52.912 9 INFO neutron.db.ovn_revision_numbers_db [req-05e68cfd-af17-4c2e-be34-6a83bf4449e6 req-0334d0b9-a376-43be-ad1d-633fd3c7df9f f149ac76e261489bb3bca02980165ff9 3a7aae39a6d94487aafa73a53fde1753 - - default default] Successfully bumped revision number for resource 04f56d40-6313-4bfe-a087-3952a16e0c78 (type: ports) to 1
2026-05-25 01:49:52.986 9 INFO neutron.wsgi [req-05e68cfd-af17-4c2e-be34-6a83bf4449e6 req-0334d0b9-a376-43be-ad1d-633fd3c7df9f f149ac76e261489bb3bca02980165ff9 3a7aae39a6d94487aafa73a53fde1753 - - default default] 199.204.45.3 "POST /v2.0/ports HTTP/1.1" status: 201 len: 1162 time: 0.8907702 /var/lib/openstack/lib/python3.10/site-packages/pycadf/identifier.py:71: UserWarning: Invalid uuid: neutron. To ensure interoperability, identifiers should be a valid uuid. warnings.warn(('Invalid uuid: %s. To ensure interoperability, '
2026-05-25 01:49:53.112 10 INFO neutron.notifiers.nova [-] Nova event matching ['req-2fce3c57-5597-4815-8054-bdb15aab880f'] response: {'server_uuid': 'c93fbf7a-e90d-4aab-b168-bceec1829534', 'name': 'network-vif-plugged', 'status': 'completed', 'tag': '20eadec4-6ae6-47cc-9fd9-17a26a170b28', 'code': 200} /var/lib/openstack/lib/python3.10/site-packages/pycadf/identifier.py:71: UserWarning: Invalid uuid: neutron. To ensure interoperability, identifiers should be a valid uuid. warnings.warn(('Invalid uuid: %s. To ensure interoperability, '
2026-05-25 01:49:53.371 9 INFO neutron.wsgi [None req-9ebe5e51-1ebe-47ae-b7bb-a721338ab9cf 7e300b396db94b24b25968d039d9cabe 6ef05087d76e44928760242c774eb022 - - default default] 10.0.0.86 "PUT /v2.0/routers/704285bd-5ac7-43e9-b49d-ade233010490/remove_router_interface HTTP/1.1" status: 200 len: 503 time: 2.0532849 /var/lib/openstack/lib/python3.10/site-packages/pycadf/identifier.py:71: UserWarning: Invalid uuid: neutron. To ensure interoperability, identifiers should be a valid uuid. warnings.warn(('Invalid uuid: %s. To ensure interoperability, '
2026-05-25 01:49:53.417 10 INFO neutron.wsgi [req-6860e4d9-421a-43e2-9f3a-7d04d6ae6461 req-d2d2ef34-07d1-4484-a875-8ff896eee02c f149ac76e261489bb3bca02980165ff9 3a7aae39a6d94487aafa73a53fde1753 - - default default] 10.0.0.56 "GET /v2.0/ports?device_id=f87677d7-620e-4695-8662-a0cc8fc742eb HTTP/1.1" status: 200 len: 1172 time: 0.0687459
2026-05-25 01:49:53.469 10 INFO neutron.wsgi [req-6860e4d9-421a-43e2-9f3a-7d04d6ae6461 req-80d409f2-9e32-4575-8bfe-bdf737f4c026 f149ac76e261489bb3bca02980165ff9 3a7aae39a6d94487aafa73a53fde1753 - - default default] 10.0.0.56 "GET /v2.0/security-groups?id=7a924951-2d33-4fed-a1bc-4bc3f23b3178&fields=id&fields=name HTTP/1.1" status: 200 len: 313 time: 0.0452991 /var/lib/openstack/lib/python3.10/site-packages/pycadf/identifier.py:71: UserWarning: Invalid uuid: neutron. To ensure interoperability, identifiers should be a valid uuid. warnings.warn(('Invalid uuid: %s. To ensure interoperability, '
2026-05-25 01:49:53.836 9 INFO neutron.wsgi [req-bfd53ba2-b32b-4c15-8eba-4680481673e2 req-9f0f0e71-b2dd-4ac6-bdbf-b1a50b598294 25db7e0b86ee4f8d962815255a4568a0 e5b327a639b040dc98d21293c483f1d5 - - default default] 10.0.0.56 "GET /v2.0/ports?device_id=c93fbf7a-e90d-4aab-b168-bceec1829534 HTTP/1.1" status: 200 len: 1170 time: 0.1558011
2026-05-25 01:49:53.907 9 INFO neutron.db.ovn_revision_numbers_db [req-05e68cfd-af17-4c2e-be34-6a83bf4449e6 req-d486911c-2f4e-4870-a05f-f7ddae36a6de 2af45385c8c54074a1be8669ec1f53c0 10730293bca14780ad94eb382d592dfc - - 7b06d5d001a940d48d280bf8624ee0a4 7b06d5d001a940d48d280bf8624ee0a4] Successfully bumped revision number for resource 04f56d40-6313-4bfe-a087-3952a16e0c78 (type: ports) to 2
2026-05-25 01:49:53.919 9 INFO neutron.wsgi [req-bfd53ba2-b32b-4c15-8eba-4680481673e2 req-261a8b74-8e87-4510-83d2-f2e7161f75ff 25db7e0b86ee4f8d962815255a4568a0 e5b327a639b040dc98d21293c483f1d5 - - default default] 10.0.0.56 "GET /v2.0/security-groups?id=8f3a27a2-f4d4-49f3-b987-fd2e3384d605&fields=id&fields=name HTTP/1.1" status: 200 len: 312 time: 0.0744450
2026-05-25 01:49:54.273 9 INFO neutron.db.ovn_revision_numbers_db [req-05e68cfd-af17-4c2e-be34-6a83bf4449e6 req-d486911c-2f4e-4870-a05f-f7ddae36a6de 2af45385c8c54074a1be8669ec1f53c0 10730293bca14780ad94eb382d592dfc - - 7b06d5d001a940d48d280bf8624ee0a4 7b06d5d001a940d48d280bf8624ee0a4] Successfully bumped revision number for resource 04f56d40-6313-4bfe-a087-3952a16e0c78 (type: ports) to 2
2026-05-25 01:49:54.298 9 INFO neutron.wsgi [req-05e68cfd-af17-4c2e-be34-6a83bf4449e6 req-d486911c-2f4e-4870-a05f-f7ddae36a6de 2af45385c8c54074a1be8669ec1f53c0 10730293bca14780ad94eb382d592dfc - - 7b06d5d001a940d48d280bf8624ee0a4 7b06d5d001a940d48d280bf8624ee0a4] 199.204.45.3 "PUT /v2.0/ports/04f56d40-6313-4bfe-a087-3952a16e0c78 HTTP/1.1" status: 200 len: 1380 time: 1.3002074
2026-05-25 01:49:54.306 9 INFO neutron.db.ovn_revision_numbers_db [None req-e4c8018d-6216-42e2-84cc-3987ca6e697d 7e300b396db94b24b25968d039d9cabe 6ef05087d76e44928760242c774eb022 - - default default] Successfully bumped revision number for resource 81278e64-dedf-4be7-8ef9-0035c45a7773 (type: security_groups) to 1 /var/lib/openstack/lib/python3.10/site-packages/pycadf/identifier.py:71: UserWarning: Invalid uuid: neutron. To ensure interoperability, identifiers should be a valid uuid. warnings.warn(('Invalid uuid: %s. To ensure interoperability, '
2026-05-25 01:49:54.359 9 INFO neutron.db.ovn_revision_numbers_db [None req-e4c8018d-6216-42e2-84cc-3987ca6e697d 7e300b396db94b24b25968d039d9cabe 6ef05087d76e44928760242c774eb022 - - default default] Successfully bumped revision number for resource 42c08ad5-bc9c-4bd0-8d2b-0f1e33db5406 (type: security_group_rules) to 0
2026-05-25 01:49:54.371 9 INFO neutron.notifiers.nova [-] Nova event matching ['req-a12e9a21-9607-454b-85e7-bbf68edc8fd8'] response: {'name': 'network-changed', 'server_uuid': 'f87677d7-620e-4695-8662-a0cc8fc742eb', 'tag': '04f56d40-6313-4bfe-a087-3952a16e0c78', 'status': 'completed', 'code': 200}
2026-05-25 01:49:54.415 9 INFO neutron.wsgi [req-05e68cfd-af17-4c2e-be34-6a83bf4449e6 req-c30ff4cc-57d5-40f4-b936-2ad7c967f298 2af45385c8c54074a1be8669ec1f53c0 10730293bca14780ad94eb382d592dfc - - 7b06d5d001a940d48d280bf8624ee0a4 7b06d5d001a940d48d280bf8624ee0a4] 199.204.45.3 "GET /v2.0/ports?tenant_id=3a7aae39a6d94487aafa73a53fde1753&device_id=f87677d7-620e-4695-8662-a0cc8fc742eb HTTP/1.1" status: 200 len: 1411 time: 0.0676877
2026-05-25 01:49:54.429 9 INFO neutron.db.ovn_revision_numbers_db [None req-e4c8018d-6216-42e2-84cc-3987ca6e697d 7e300b396db94b24b25968d039d9cabe 6ef05087d76e44928760242c774eb022 - - default default] Successfully bumped revision number for resource 57d5008d-032b-4d0b-9a53-e613b307f6c3 (type: security_group_rules) to 0
2026-05-25 01:49:54.445 9 INFO neutron.wsgi [req-05e68cfd-af17-4c2e-be34-6a83bf4449e6 req-5787b325-51b8-4ef9-9896-d00197f41e35 2af45385c8c54074a1be8669ec1f53c0 10730293bca14780ad94eb382d592dfc - - 7b06d5d001a940d48d280bf8624ee0a4 7b06d5d001a940d48d280bf8624ee0a4] 199.204.45.3 "GET /v2.0/floatingips?fixed_ip_address=10.100.0.12&port_id=04f56d40-6313-4bfe-a087-3952a16e0c78 HTTP/1.1" status: 200 len: 217 time: 0.0242453
2026-05-25 01:49:54.488 9 INFO neutron.wsgi [req-05e68cfd-af17-4c2e-be34-6a83bf4449e6 req-6f741fef-dfa8-4c5a-a508-7c5d3b3b2f2c 2af45385c8c54074a1be8669ec1f53c0 10730293bca14780ad94eb382d592dfc - - 7b06d5d001a940d48d280bf8624ee0a4 7b06d5d001a940d48d280bf8624ee0a4] 199.204.45.3 "GET /v2.0/subnets?id=3bb04ba8-8554-444f-b649-5e52a04b6217 HTTP/1.1" status: 200 len: 873 time: 0.0341847
2026-05-25 01:49:54.489 9 INFO neutron.db.ovn_revision_numbers_db [None req-e4c8018d-6216-42e2-84cc-3987ca6e697d 7e300b396db94b24b25968d039d9cabe 6ef05087d76e44928760242c774eb022 - - default default] Successfully bumped revision number for resource 8c134251-f332-4658-a552-eac5a63554d9 (type: security_group_rules) to 0
2026-05-25 01:49:54.521 9 INFO neutron.wsgi [req-05e68cfd-af17-4c2e-be34-6a83bf4449e6 req-2a17efca-8e5a-4aba-abc4-24e30756386f 2af45385c8c54074a1be8669ec1f53c0 10730293bca14780ad94eb382d592dfc - - 7b06d5d001a940d48d280bf8624ee0a4 7b06d5d001a940d48d280bf8624ee0a4] 199.204.45.3 "GET /v2.0/ports?network_id=31569487-f5dc-4970-9ee0-b6e2775e8edf&device_owner=network%3Adhcp HTTP/1.1" status: 200 len: 210 time: 0.0273480
2026-05-25 01:49:54.529 9 INFO neutron.db.ovn_revision_numbers_db [None req-e4c8018d-6216-42e2-84cc-3987ca6e697d 7e300b396db94b24b25968d039d9cabe 6ef05087d76e44928760242c774eb022 - - default default] Successfully bumped revision number for resource 98c5a526-fc0c-4649-ad37-665e9f5da903 (type: security_group_rules) to 0
2026-05-25 01:49:54.617 9 INFO neutron.db.segments_db [None req-e4c8018d-6216-42e2-84cc-3987ca6e697d 7e300b396db94b24b25968d039d9cabe 6ef05087d76e44928760242c774eb022 - - default default] Added segment 8a08e9b1-4019-492f-9b26-cbeca5f37d0e of type geneve for network ba4c447f-952f-4688-98db-458f8ffa0d04
2026-05-25 01:49:54.720 9 INFO neutron.wsgi [req-05e68cfd-af17-4c2e-be34-6a83bf4449e6 req-fc434964-e113-4a7e-97fe-023770aa6ad3 2af45385c8c54074a1be8669ec1f53c0 10730293bca14780ad94eb382d592dfc - - 7b06d5d001a940d48d280bf8624ee0a4 7b06d5d001a940d48d280bf8624ee0a4] 199.204.45.3 "GET /v2.0/networks/31569487-f5dc-4970-9ee0-b6e2775e8edf?fields=segments HTTP/1.1" status: 200 len: 212 time: 0.1882374
2026-05-25 01:49:54.756 9 INFO neutron.wsgi [req-532b4347-0ce3-4deb-8b78-540c4505a1f4 req-604257f2-ef48-4cd2-9726-6acfb4d40c30 f149ac76e261489bb3bca02980165ff9 3a7aae39a6d94487aafa73a53fde1753 - - default default] 10.0.0.56 "GET /v2.0/ports?device_id=f87677d7-620e-4695-8662-a0cc8fc742eb HTTP/1.1" status: 200 len: 1172 time: 0.2216394
2026-05-25 01:49:54.883 9 INFO neutron.wsgi [req-05e68cfd-af17-4c2e-be34-6a83bf4449e6 req-aeac9ca1-5cba-4de2-a09f-f3f09c555e53 2af45385c8c54074a1be8669ec1f53c0 10730293bca14780ad94eb382d592dfc - - 7b06d5d001a940d48d280bf8624ee0a4 7b06d5d001a940d48d280bf8624ee0a4] 199.204.45.3 "GET /v2.0/networks/31569487-f5dc-4970-9ee0-b6e2775e8edf?fields=provider%3Aphysical_network&fields=provider%3Anetwork_type HTTP/1.1" status: 200 len: 277 time: 0.1505861
2026-05-25 01:49:54.906 9 INFO neutron.wsgi [req-532b4347-0ce3-4deb-8b78-540c4505a1f4 req-2076667b-e84d-4be4-b7e4-a04ca3da573b f149ac76e261489bb3bca02980165ff9 3a7aae39a6d94487aafa73a53fde1753 - - default default] 10.0.0.56 "GET /v2.0/security-groups?id=7a924951-2d33-4fed-a1bc-4bc3f23b3178&fields=id&fields=name HTTP/1.1" status: 200 len: 313 time: 0.1392066
2026-05-25 01:49:55.037 10 INFO neutron.wsgi [req-afd46d80-b42b-4990-ad68-ad95d5a6eb8a req-cb2ef34a-76a7-4f1c-83bf-13c0ee13cf30 25db7e0b86ee4f8d962815255a4568a0 e5b327a639b040dc98d21293c483f1d5 - - default default] 10.0.0.56 "GET /v2.0/ports?device_id=c93fbf7a-e90d-4aab-b168-bceec1829534 HTTP/1.1" status: 200 len: 1170 time: 0.0461881
2026-05-25 01:49:55.110 10 INFO neutron.wsgi [req-afd46d80-b42b-4990-ad68-ad95d5a6eb8a req-1a66c03b-cfb6-4334-813e-44cf9aa5d1f4 25db7e0b86ee4f8d962815255a4568a0 e5b327a639b040dc98d21293c483f1d5 - - default default] 10.0.0.56 "GET /v2.0/security-groups?id=8f3a27a2-f4d4-49f3-b987-fd2e3384d605&fields=id&fields=name HTTP/1.1" status: 200 len: 312 time: 0.0584378
2026-05-25 01:49:55.133 9 INFO neutron.db.ovn_revision_numbers_db [None req-e4c8018d-6216-42e2-84cc-3987ca6e697d 7e300b396db94b24b25968d039d9cabe 6ef05087d76e44928760242c774eb022 - - default default] Successfully bumped revision number for resource ba4c447f-952f-4688-98db-458f8ffa0d04 (type: networks) to 1
2026-05-25 01:49:55.164 10 INFO neutron.notifiers.nova [-] Nova event matching ['req-3c6d3097-0410-46e4-ba34-b39d3363985a'] response: {'server_uuid': 'c93fbf7a-e90d-4aab-b168-bceec1829534', 'name': 'network-vif-plugged', 'status': 'completed', 'tag': '20eadec4-6ae6-47cc-9fd9-17a26a170b28', 'code': 200}
2026-05-25 01:49:55.240 9 INFO neutron.wsgi [req-bf42cf3a-36bc-4776-b582-1d75af97543c req-47d61b06-2d02-46dd-9b8d-7a8ad6fb77f1 2af45385c8c54074a1be8669ec1f53c0 10730293bca14780ad94eb382d592dfc - - 7b06d5d001a940d48d280bf8624ee0a4 7b06d5d001a940d48d280bf8624ee0a4] 199.204.45.3 "GET /v2.0/ports?tenant_id=3a7aae39a6d94487aafa73a53fde1753&device_id=f87677d7-620e-4695-8662-a0cc8fc742eb HTTP/1.1" status: 200 len: 1411 time: 0.1079159
2026-05-25 01:49:55.351 10 INFO neutron.wsgi [req-f82f831d-e258-4601-814c-08521252e358 req-34f1dc19-d1a1-40cd-ab42-c84a55f969ef 25db7e0b86ee4f8d962815255a4568a0 e5b327a639b040dc98d21293c483f1d5 - - default default] 10.0.0.56 "GET /v2.0/ports?device_id=c93fbf7a-e90d-4aab-b168-bceec1829534 HTTP/1.1" status: 200 len: 1170 time: 0.1365597
2026-05-25 01:49:55.366 9 INFO neutron.wsgi [None req-0369d4c1-01d6-4a4b-8ac0-099305b309b6 7e300b396db94b24b25968d039d9cabe 6ef05087d76e44928760242c774eb022 - - default default] 10.0.0.86 "DELETE /v2.0/routers/704285bd-5ac7-43e9-b49d-ade233010490 HTTP/1.1" status: 204 len: 168 time: 1.9863622
2026-05-25 01:49:55.378 9 INFO neutron.wsgi [req-bf42cf3a-36bc-4776-b582-1d75af97543c req-af450628-3be6-457a-a3a5-463a0e1cb9b2 2af45385c8c54074a1be8669ec1f53c0 10730293bca14780ad94eb382d592dfc - - 7b06d5d001a940d48d280bf8624ee0a4 7b06d5d001a940d48d280bf8624ee0a4] 199.204.45.3 "GET /v2.0/networks?id=31569487-f5dc-4970-9ee0-b6e2775e8edf HTTP/1.1" status: 200 len: 978 time: 0.1244361
2026-05-25 01:49:55.425 9 INFO neutron.wsgi [req-bf42cf3a-36bc-4776-b582-1d75af97543c req-e90a3266-1c86-4ba1-b137-c30860cb3e70 2af45385c8c54074a1be8669ec1f53c0 10730293bca14780ad94eb382d592dfc - - 7b06d5d001a940d48d280bf8624ee0a4 7b06d5d001a940d48d280bf8624ee0a4] 199.204.45.3 "GET /v2.0/floatingips?fixed_ip_address=10.100.0.12&port_id=04f56d40-6313-4bfe-a087-3952a16e0c78 HTTP/1.1" status: 200 len: 217 time: 0.0349183
2026-05-25 01:49:55.510 9 INFO neutron.wsgi [req-bf42cf3a-36bc-4776-b582-1d75af97543c req-668125b0-8561-48c0-b9c5-80f77332fe2b 2af45385c8c54074a1be8669ec1f53c0 10730293bca14780ad94eb382d592dfc - - 7b06d5d001a940d48d280bf8624ee0a4 7b06d5d001a940d48d280bf8624ee0a4] 199.204.45.3 "GET /v2.0/subnets?id=3bb04ba8-8554-444f-b649-5e52a04b6217 HTTP/1.1" status: 200 len: 873 time: 0.0666211
2026-05-25 01:49:55.554 9 INFO neutron.wsgi [req-bf42cf3a-36bc-4776-b582-1d75af97543c req-0e63b022-5b2d-4bb9-8d5f-49b158ce12e0 2af45385c8c54074a1be8669ec1f53c0 10730293bca14780ad94eb382d592dfc - - 7b06d5d001a940d48d280bf8624ee0a4 7b06d5d001a940d48d280bf8624ee0a4] 199.204.45.3 "GET /v2.0/ports?network_id=31569487-f5dc-4970-9ee0-b6e2775e8edf&device_owner=network%3Adhcp HTTP/1.1" status: 200 len: 210 time: 0.0370264
2026-05-25 01:49:55.564 9 WARNING neutron.scheduler.dhcp_agent_scheduler [None req-e4c8018d-6216-42e2-84cc-3987ca6e697d 7e300b396db94b24b25968d039d9cabe 6ef05087d76e44928760242c774eb022 - - default default] No more DHCP agents
2026-05-25 01:49:55.574 9 WARNING neutron.api.rpc.agentnotifiers.dhcp_rpc_agent_api [None req-e4c8018d-6216-42e2-84cc-3987ca6e697d 7e300b396db94b24b25968d039d9cabe 6ef05087d76e44928760242c774eb022 - - default default] Unable to schedule network ba4c447f-952f-4688-98db-458f8ffa0d04: no agents available; will retry on subsequent port and subnet creation events.
2026-05-25 01:49:55.688 9 INFO neutron.wsgi [req-bf42cf3a-36bc-4776-b582-1d75af97543c req-9dc5941b-e4a1-4e30-835c-63867455e960 2af45385c8c54074a1be8669ec1f53c0 10730293bca14780ad94eb382d592dfc - - 7b06d5d001a940d48d280bf8624ee0a4 7b06d5d001a940d48d280bf8624ee0a4] 199.204.45.3 "GET /v2.0/networks/31569487-f5dc-4970-9ee0-b6e2775e8edf?fields=segments HTTP/1.1" status: 200 len: 212 time: 0.1225514
