2026-05-25 01:50:23.159 9 INFO neutron.wsgi [req-da1bf751-34fe-411b-9671-515e923a232b req-d48bc473-394e-476b-a18e-be2d49ce66dc 2af45385c8c54074a1be8669ec1f53c0 10730293bca14780ad94eb382d592dfc - - 7b06d5d001a940d48d280bf8624ee0a4 7b06d5d001a940d48d280bf8624ee0a4] 199.204.45.3 "GET /v2.0/ports?tenant_id=cd44a835632744a8aafac67159188595&device_id=c7935858-b5c4-4bda-a1db-9ecfa4882da4 HTTP/1.1" status: 200 len: 1411 time: 0.0652719
2026-05-25 01:50:23.163 9 INFO neutron.db.ovn_revision_numbers_db [None req-ef55ff49-4d40-4893-a165-084e812390ac efbf850e55c94c10ae4ee50d138e552f 7f26551814c3498ca437de6eddb606bf - - default default] Successfully bumped revision number for resource 2ecd57e7-71b0-412c-bbf7-6f873c6f7f2e (type: security_group_rules) to 0
2026-05-25 01:50:23.195 9 INFO neutron.db.ovn_revision_numbers_db [None req-ef55ff49-4d40-4893-a165-084e812390ac efbf850e55c94c10ae4ee50d138e552f 7f26551814c3498ca437de6eddb606bf - - default default] Successfully bumped revision number for resource 358d941d-9006-4f23-8301-5f836cbe9eb7 (type: security_group_rules) to 0
2026-05-25 01:50:23.218 9 INFO neutron.db.ovn_revision_numbers_db [None req-ef55ff49-4d40-4893-a165-084e812390ac efbf850e55c94c10ae4ee50d138e552f 7f26551814c3498ca437de6eddb606bf - - default default] Successfully bumped revision number for resource 95530e12-db1f-4374-a567-82db21ab737f (type: security_group_rules) to 0
2026-05-25 01:50:23.255 10 INFO neutron.plugins.ml2.drivers.ovn.mech_driver.mech_driver [None req-20e38c5f-0b1c-4311-b6e7-51c4eefd35b3 - - - - - -] OVN reports status up for port: 92b5871b-18e7-4af2-b477-31a7dba750f5
2026-05-25 01:50:23.261 9 INFO neutron.db.ovn_revision_numbers_db [None req-ef55ff49-4d40-4893-a165-084e812390ac efbf850e55c94c10ae4ee50d138e552f 7f26551814c3498ca437de6eddb606bf - - default default] Successfully bumped revision number for resource d11a557f-5cf9-4a5d-8dc4-ab9d514154ed (type: security_group_rules) to 0
2026-05-25 01:50:23.277 10 INFO neutron.plugins.ml2.plugin [None req-20e38c5f-0b1c-4311-b6e7-51c4eefd35b3 - - - - - -] Attempt 1 to provision port 92b5871b-18e7-4af2-b477-31a7dba750f5
2026-05-25 01:50:23.281 9 INFO neutron.wsgi [req-da1bf751-34fe-411b-9671-515e923a232b req-c56bb935-d006-4390-83dd-c5d9600c661f 2af45385c8c54074a1be8669ec1f53c0 10730293bca14780ad94eb382d592dfc - - 7b06d5d001a940d48d280bf8624ee0a4 7b06d5d001a940d48d280bf8624ee0a4] 199.204.45.3 "GET /v2.0/networks?id=353a549f-4268-466f-9baa-c01be7f8ae9c HTTP/1.1" status: 200 len: 966 time: 0.1153979
2026-05-25 01:50:23.326 9 INFO neutron.wsgi [req-da1bf751-34fe-411b-9671-515e923a232b req-f823af6a-f054-4887-a320-7bc13b64996b 2af45385c8c54074a1be8669ec1f53c0 10730293bca14780ad94eb382d592dfc - - 7b06d5d001a940d48d280bf8624ee0a4 7b06d5d001a940d48d280bf8624ee0a4] 199.204.45.3 "GET /v2.0/floatingips?fixed_ip_address=10.100.0.14&port_id=92b5871b-18e7-4af2-b477-31a7dba750f5 HTTP/1.1" status: 200 len: 217 time: 0.0351219
2026-05-25 01:50:23.378 9 INFO neutron.wsgi [req-da1bf751-34fe-411b-9671-515e923a232b req-2826e194-0bac-4c6c-8d75-20f704bc3f80 2af45385c8c54074a1be8669ec1f53c0 10730293bca14780ad94eb382d592dfc - - 7b06d5d001a940d48d280bf8624ee0a4 7b06d5d001a940d48d280bf8624ee0a4] 199.204.45.3 "GET /v2.0/subnets?id=3743b80f-6600-4502-ac05-624e483d61d8 HTTP/1.1" status: 200 len: 862 time: 0.0428383
2026-05-25 01:50:23.409 9 INFO neutron.db.segments_db [None req-ef55ff49-4d40-4893-a165-084e812390ac efbf850e55c94c10ae4ee50d138e552f 7f26551814c3498ca437de6eddb606bf - - default default] Added segment 7e8a392f-b333-4f43-b41f-8cbf351bbbfd of type geneve for network 7f1de826-b3f2-4310-a58b-97106510ed93
2026-05-25 01:50:23.413 9 INFO neutron.wsgi [req-da1bf751-34fe-411b-9671-515e923a232b req-df5b0123-cebf-4e95-898e-efd4e9cbd484 2af45385c8c54074a1be8669ec1f53c0 10730293bca14780ad94eb382d592dfc - - 7b06d5d001a940d48d280bf8624ee0a4 7b06d5d001a940d48d280bf8624ee0a4] 199.204.45.3 "GET /v2.0/ports?network_id=353a549f-4268-466f-9baa-c01be7f8ae9c&device_owner=network%3Adhcp HTTP/1.1" status: 200 len: 210 time: 0.0262916
2026-05-25 01:50:23.520 10 INFO neutron.notifiers.nova [-] Nova event matching ['req-3c308e46-607a-4151-867a-28a8dc41255e'] response: {'server_uuid': 'c7935858-b5c4-4bda-a1db-9ecfa4882da4', 'name': 'network-vif-plugged', 'status': 'completed', 'tag': '92b5871b-18e7-4af2-b477-31a7dba750f5', 'code': 200}
2026-05-25 01:50:23.528 9 INFO neutron.wsgi [req-da1bf751-34fe-411b-9671-515e923a232b req-a241e600-227e-492c-b156-322fce303285 2af45385c8c54074a1be8669ec1f53c0 10730293bca14780ad94eb382d592dfc - - 7b06d5d001a940d48d280bf8624ee0a4 7b06d5d001a940d48d280bf8624ee0a4] 199.204.45.3 "GET /v2.0/networks/353a549f-4268-466f-9baa-c01be7f8ae9c?fields=segments HTTP/1.1" status: 200 len: 212 time: 0.1062701
2026-05-25 01:50:23.589 9 INFO neutron.db.segments_db [None req-ef55ff49-4d40-4893-a165-084e812390ac efbf850e55c94c10ae4ee50d138e552f 7f26551814c3498ca437de6eddb606bf - - default default] Added segment 8b564e82-3c25-4e1e-8c00-83e4d6c07d4d of type geneve for network 4f410343-a47e-4301-a269-03ac2eafeb00
2026-05-25 01:50:23.624 9 INFO neutron.wsgi [req-da1bf751-34fe-411b-9671-515e923a232b req-9d9016c5-8c2b-4fba-a7e7-e6dd18ebe70e 2af45385c8c54074a1be8669ec1f53c0 10730293bca14780ad94eb382d592dfc - - 7b06d5d001a940d48d280bf8624ee0a4 7b06d5d001a940d48d280bf8624ee0a4] 199.204.45.3 "GET /v2.0/networks/353a549f-4268-466f-9baa-c01be7f8ae9c?fields=provider%3Aphysical_network&fields=provider%3Anetwork_type HTTP/1.1" status: 200 len: 277 time: 0.0909901
2026-05-25 01:50:23.745 9 INFO neutron.db.ovn_revision_numbers_db [None req-ef55ff49-4d40-4893-a165-084e812390ac efbf850e55c94c10ae4ee50d138e552f 7f26551814c3498ca437de6eddb606bf - - default default] Successfully bumped revision number for resource 7f1de826-b3f2-4310-a58b-97106510ed93 (type: networks) to 1
2026-05-25 01:50:23.770 10 INFO neutron.db.ovn_revision_numbers_db [None req-20e38c5f-0b1c-4311-b6e7-51c4eefd35b3 - - - - - -] Successfully bumped revision number for resource 92b5871b-18e7-4af2-b477-31a7dba750f5 (type: ports) to 4
2026-05-25 01:50:23.857 10 INFO neutron.wsgi [None req-b1037f3a-74e8-47ae-b09f-809ba96124fe 7e300b396db94b24b25968d039d9cabe 6ef05087d76e44928760242c774eb022 - - default default] 10.0.0.86 "DELETE /v2.0/routers/4ae045b7-1822-40ca-8fd9-83b3b9f4c001 HTTP/1.1" status: 204 len: 168 time: 0.9820187 /var/lib/openstack/lib/python3.10/site-packages/pycadf/identifier.py:71: UserWarning: Invalid uuid: neutron. To ensure interoperability, identifiers should be a valid uuid. warnings.warn(('Invalid uuid: %s. To ensure interoperability, '
2026-05-25 01:50:23.920 9 INFO neutron.wsgi [req-aa7dc048-e96b-4ea9-a44c-ef83076542d9 req-9f52c81f-fa32-4d90-acb9-09aa45c67cfd de94ca98b11447e9b5204beff2dc765e cd44a835632744a8aafac67159188595 - - default default] 10.0.0.56 "GET /v2.0/ports?device_id=c7935858-b5c4-4bda-a1db-9ecfa4882da4 HTTP/1.1" status: 200 len: 1174 time: 0.0573671
2026-05-25 01:50:23.983 9 INFO neutron.wsgi [req-aa7dc048-e96b-4ea9-a44c-ef83076542d9 req-8635816a-f8c4-4168-b9de-bd8d6378ecb4 de94ca98b11447e9b5204beff2dc765e cd44a835632744a8aafac67159188595 - - default default] 10.0.0.56 "GET /v2.0/security-groups?id=ea6ce73f-3ab2-4cfa-b0af-11bb2ff02c25&fields=id&fields=name HTTP/1.1" status: 200 len: 312 time: 0.0538778
2026-05-25 01:50:23.998 9 WARNING neutron.scheduler.dhcp_agent_scheduler [None req-ef55ff49-4d40-4893-a165-084e812390ac efbf850e55c94c10ae4ee50d138e552f 7f26551814c3498ca437de6eddb606bf - - default default] No more DHCP agents
2026-05-25 01:50:23.999 9 WARNING neutron.api.rpc.agentnotifiers.dhcp_rpc_agent_api [None req-ef55ff49-4d40-4893-a165-084e812390ac efbf850e55c94c10ae4ee50d138e552f 7f26551814c3498ca437de6eddb606bf - - default default] Unable to schedule network 7f1de826-b3f2-4310-a58b-97106510ed93: no agents available; will retry on subsequent port and subnet creation events.
2026-05-25 01:50:24.049 10 INFO neutron.wsgi [None req-a1ac6b82-3292-484a-a44e-c3dec465296d 7e300b396db94b24b25968d039d9cabe 6ef05087d76e44928760242c774eb022 - - default default] 10.0.0.86 "DELETE /v2.0/subnets/10022d5d-0348-419c-bae6-39e148237d8f HTTP/1.1" status: 204 len: 168 time: 0.1868794
2026-05-25 01:50:24.100 9 INFO neutron.db.ovn_revision_numbers_db [None req-ef55ff49-4d40-4893-a165-084e812390ac efbf850e55c94c10ae4ee50d138e552f 7f26551814c3498ca437de6eddb606bf - - default default] Successfully bumped revision number for resource 1a8ff059-601b-440b-9700-2384d7ed09e9 (type: ports) to 1
2026-05-25 01:50:24.188 9 INFO neutron.db.ovn_revision_numbers_db [None req-ef55ff49-4d40-4893-a165-084e812390ac efbf850e55c94c10ae4ee50d138e552f 7f26551814c3498ca437de6eddb606bf - - default default] Successfully bumped revision number for resource 4f410343-a47e-4301-a269-03ac2eafeb00 (type: networks) to 1
2026-05-25 01:50:24.386 9 WARNING neutron.scheduler.dhcp_agent_scheduler [None req-ef55ff49-4d40-4893-a165-084e812390ac efbf850e55c94c10ae4ee50d138e552f 7f26551814c3498ca437de6eddb606bf - - default default] No more DHCP agents
2026-05-25 01:50:24.390 9 WARNING neutron.api.rpc.agentnotifiers.dhcp_rpc_agent_api [None req-ef55ff49-4d40-4893-a165-084e812390ac efbf850e55c94c10ae4ee50d138e552f 7f26551814c3498ca437de6eddb606bf - - default default] Unable to schedule network 4f410343-a47e-4301-a269-03ac2eafeb00: no agents available; will retry on subsequent port and subnet creation events.
2026-05-25 01:50:24.499 9 INFO neutron.db.ovn_revision_numbers_db [None req-ef55ff49-4d40-4893-a165-084e812390ac efbf850e55c94c10ae4ee50d138e552f 7f26551814c3498ca437de6eddb606bf - - default default] Successfully bumped revision number for resource 805cdbeb-8457-4583-a15e-8c4532b2672c (type: ports) to 1
2026-05-25 01:50:24.549 9 INFO neutron.wsgi [None req-ef55ff49-4d40-4893-a165-084e812390ac efbf850e55c94c10ae4ee50d138e552f 7f26551814c3498ca437de6eddb606bf - - default default] 10.0.0.86 "POST /v2.0/networks HTTP/1.1" status: 201 len: 1446 time: 1.8607709
2026-05-25 01:50:24.615 9 INFO neutron.services.segments.plugin [-] Segment 3f300b4c-b21d-4eb8-8517-cecd5524e4df resource provider aggregate not found
2026-05-25 01:50:24.620 9 INFO neutron.services.segments.plugin [-] Segment 3f300b4c-b21d-4eb8-8517-cecd5524e4df resource provider aggregate not found
2026-05-25 01:50:24.644 9 INFO neutron.services.segments.plugin [-] Segment 3f300b4c-b21d-4eb8-8517-cecd5524e4df resource provider not found; error: Placement Client Error (4xx): {"errors": [{"status": 404, "title": "Not Found", "detail": "The resource could not be found.\n\n No resource provider with uuid 3f300b4c-b21d-4eb8-8517-cecd5524e4df found for delete ", "request_id": "req-9e1cb0de-8fb7-405b-92a9-92245c20773d"}]}
2026-05-25 01:50:24.645 9 INFO neutron.services.segments.plugin [-] Segment 3f300b4c-b21d-4eb8-8517-cecd5524e4df resource provider not found; error: Placement Client Error (4xx): {"errors": [{"status": 404, "title": "Not Found", "detail": "The resource could not be found.\n\n No resource provider with uuid 3f300b4c-b21d-4eb8-8517-cecd5524e4df found for delete ", "request_id": "req-5ec7397e-d0a5-4301-8e3b-22f28ca61bc7"}]}
2026-05-25 01:50:24.654 9 INFO neutron.wsgi [None req-e07e4f7e-aacd-4870-bfba-136b857d2821 7e300b396db94b24b25968d039d9cabe 6ef05087d76e44928760242c774eb022 - - default default] 10.0.0.86 "DELETE /v2.0/networks/957e2400-f472-4cd7-a870-e19f5bd4cc04 HTTP/1.1" status: 204 len: 168 time: 0.5980446
2026-05-25 01:50:24.693 10 INFO neutron.wsgi [None req-fb6e09ab-e8c9-4816-8c3e-3cb604b69a64 efbf850e55c94c10ae4ee50d138e552f 7f26551814c3498ca437de6eddb606bf - - default default] 10.0.0.86 "GET /v2.0/networks HTTP/1.1" status: 200 len: 2052 time: 0.1391897
2026-05-25 01:50:24.842 9 INFO neutron.wsgi [None req-35403a45-9b3d-4940-871f-6664be5cb2e0 7e300b396db94b24b25968d039d9cabe 6ef05087d76e44928760242c774eb022 - - default default] 10.0.0.86 "GET /v2.0/security-groups?tenant_id=e5b327a639b040dc98d21293c483f1d5&name=default HTTP/1.1" status: 200 len: 3116 time: 0.0388691
2026-05-25 01:50:24.902 9 INFO neutron.wsgi [req-52d33b76-aae1-4945-a5ca-2fede2cf1799 req-e61c220f-ac96-491e-91a9-a507e045b569 2af45385c8c54074a1be8669ec1f53c0 10730293bca14780ad94eb382d592dfc - - 7b06d5d001a940d48d280bf8624ee0a4 7b06d5d001a940d48d280bf8624ee0a4] 10.0.0.68 "GET /v2.0/ports?device_id=4818f343-94e2-4c35-aca0-78c545415f26 HTTP/1.1" status: 200 len: 1413 time: 0.1634724
2026-05-25 01:50:24.953 9 INFO neutron.wsgi [req-52d33b76-aae1-4945-a5ca-2fede2cf1799 req-e8069ee8-0f87-4f9b-a403-c6281cfffd0d 2af45385c8c54074a1be8669ec1f53c0 10730293bca14780ad94eb382d592dfc - - 7b06d5d001a940d48d280bf8624ee0a4 7b06d5d001a940d48d280bf8624ee0a4] 10.0.0.68 "GET /v2.0/security-groups?id=e7feb4ac-2395-4007-82ab-5490128f38f4&fields=id&fields=name HTTP/1.1" status: 200 len: 313 time: 0.0429182
2026-05-25 01:50:25.080 9 INFO neutron.wsgi [None req-8061806c-c371-440e-b0d2-3d96a30c47ff 7e300b396db94b24b25968d039d9cabe 6ef05087d76e44928760242c774eb022 - - default default] 10.0.0.86 "DELETE /v2.0/security-groups/c9e48778-8b06-4c6e-8b14-1c112e35f765 HTTP/1.1" status: 204 len: 168 time: 0.2342677
2026-05-25 01:50:25.163 10 INFO neutron.wsgi [req-e658b81a-8de4-45d0-85cf-1fe3604544ee req-9ad83d1c-37a1-4152-abdd-6ef1b84fc20f de94ca98b11447e9b5204beff2dc765e cd44a835632744a8aafac67159188595 - - default default] 10.0.0.56 "GET /v2.0/ports?device_id=c7935858-b5c4-4bda-a1db-9ecfa4882da4 HTTP/1.1" status: 200 len: 1174 time: 0.1085286
2026-05-25 01:50:25.230 10 INFO neutron.wsgi [req-e658b81a-8de4-45d0-85cf-1fe3604544ee req-576f7c63-7483-4592-bb49-4d5e7e01a33d de94ca98b11447e9b5204beff2dc765e cd44a835632744a8aafac67159188595 - - default default] 10.0.0.56 "GET /v2.0/security-groups?id=ea6ce73f-3ab2-4cfa-b0af-11bb2ff02c25&fields=id&fields=name HTTP/1.1" status: 200 len: 312 time: 0.0601313
2026-05-25 01:50:25.344 10 INFO neutron.services.segments.plugin [-] Segment 7e8a392f-b333-4f43-b41f-8cbf351bbbfd resource provider aggregate not found
2026-05-25 01:50:25.349 10 INFO neutron.services.segments.plugin [-] Segment 7e8a392f-b333-4f43-b41f-8cbf351bbbfd resource provider aggregate not found
2026-05-25 01:50:25.355 10 INFO neutron.services.segments.plugin [-] Segment 7e8a392f-b333-4f43-b41f-8cbf351bbbfd resource provider not found; error: Placement Client Error (4xx): {"errors": [{"status": 404, "title": "Not Found", "detail": "The resource could not be found.\n\n No resource provider with uuid 7e8a392f-b333-4f43-b41f-8cbf351bbbfd found for delete ", "request_id": "req-15718b5b-a34b-4892-b369-161ce5b911cd"}]}
2026-05-25 01:50:25.362 10 INFO neutron.services.segments.plugin [-] Segment 7e8a392f-b333-4f43-b41f-8cbf351bbbfd resource provider not found; error: Placement Client Error (4xx): {"errors": [{"status": 404, "title": "Not Found", "detail": "The resource could not be found.\n\n No resource provider with uuid 7e8a392f-b333-4f43-b41f-8cbf351bbbfd found for delete ", "request_id": "req-1cddcecb-687f-491d-aa3e-52935210835d"}]}
2026-05-25 01:50:25.364 9 INFO neutron.wsgi [req-f0f42b43-bbaa-4768-a7c4-1e1a5aa07fac req-7094a8b3-fcdd-43ce-a64f-aa2c967f3ff2 de94ca98b11447e9b5204beff2dc765e cd44a835632744a8aafac67159188595 - - default default] 10.0.0.56 "GET /v2.0/ports?device_id=c7935858-b5c4-4bda-a1db-9ecfa4882da4 HTTP/1.1" status: 200 len: 1174 time: 0.0579159
2026-05-25 01:50:25.365 10 INFO neutron.wsgi [None req-881f65a5-1e81-4a55-aee9-05a1e93278a2 efbf850e55c94c10ae4ee50d138e552f 7f26551814c3498ca437de6eddb606bf - - default default] 10.0.0.86 "DELETE /v2.0/networks/7f1de826-b3f2-4310-a58b-97106510ed93 HTTP/1.1" status: 204 len: 168 time: 0.6593945
2026-05-25 01:50:25.585 10 INFO neutron.notifiers.nova [-] Nova event matching ['req-f40f6045-85a8-40a2-94cf-af9f1444497e'] response: {'server_uuid': 'c7935858-b5c4-4bda-a1db-9ecfa4882da4', 'name': 'network-vif-plugged', 'status': 'completed', 'tag': '92b5871b-18e7-4af2-b477-31a7dba750f5', 'code': 200}
2026-05-25 01:50:25.745 10 INFO neutron.wsgi [None req-9a2ee015-87c9-4069-8ba1-70350ab00ca3 efbf850e55c94c10ae4ee50d138e552f 7f26551814c3498ca437de6eddb606bf - - default default] 10.0.0.86 "DELETE /v2.0/networks/4f410343-a47e-4301-a269-03ac2eafeb00 HTTP/1.1" status: 204 len: 168 time: 0.3744276
2026-05-25 01:50:25.820 10 INFO neutron.wsgi [None req-caef8522-a591-4309-9942-37e72ef91a02 efbf850e55c94c10ae4ee50d138e552f 7f26551814c3498ca437de6eddb606bf - - default default] 10.0.0.86 "GET /v2.0/networks HTTP/1.1" status: 200 len: 845 time: 0.0703232
2026-05-25 01:50:25.832 9 WARNING neutron_lib.context [None req-bac4b571-1a06-4e48-b2f4-02675aefbe34 efbf850e55c94c10ae4ee50d138e552f 7f26551814c3498ca437de6eddb606bf - - default default] Method 'is_advsvc' is deprecated since 2023.2 release (neutron-lib 3.8.0) and will be removed once support for the old RBAC API policies will be removed from Neutron. Please use method 'is_service_role' instead.
2026-05-25 01:50:25.925 9 INFO neutron.db.ovn_revision_numbers_db [None req-1058a73e-db35-46a6-aae9-932a6004d25c de94ca98b11447e9b5204beff2dc765e cd44a835632744a8aafac67159188595 - - default default] Successfully bumped revision number for resource 872bb736-3d7e-4e51-8a40-1a95b9faa207 (type: floatingips) to 1
2026-05-25 01:50:26.165 9 INFO neutron.db.segments_db [None req-bac4b571-1a06-4e48-b2f4-02675aefbe34 efbf850e55c94c10ae4ee50d138e552f 7f26551814c3498ca437de6eddb606bf - - default default] Added segment b5815b13-c064-4007-af78-be2fc19aa6f1 of type geneve for network 10f03bb0-70c9-4d2b-a83b-6872218b5fd6
2026-05-25 01:50:26.326 9 INFO neutron.db.ovn_revision_numbers_db [None req-1058a73e-db35-46a6-aae9-932a6004d25c de94ca98b11447e9b5204beff2dc765e cd44a835632744a8aafac67159188595 - - default default] Successfully bumped revision number for resource 872bb736-3d7e-4e51-8a40-1a95b9faa207 (type: floatingips) to 2
2026-05-25 01:50:26.326 9 INFO neutron.db.l3_db [None req-1058a73e-db35-46a6-aae9-932a6004d25c de94ca98b11447e9b5204beff2dc765e cd44a835632744a8aafac67159188595 - - default default] Floating IP 872bb736-3d7e-4e51-8a40-1a95b9faa207 associated. External IP: 10.96.250.213, port: 92b5871b-18e7-4af2-b477-31a7dba750f5.
2026-05-25 01:50:26.347 9 INFO neutron.db.ovn_revision_numbers_db [None req-bac4b571-1a06-4e48-b2f4-02675aefbe34 efbf850e55c94c10ae4ee50d138e552f 7f26551814c3498ca437de6eddb606bf - - default default] Successfully bumped revision number for resource 10f03bb0-70c9-4d2b-a83b-6872218b5fd6 (type: networks) to 1
2026-05-25 01:50:26.360 9 INFO neutron.wsgi [None req-1058a73e-db35-46a6-aae9-932a6004d25c de94ca98b11447e9b5204beff2dc765e cd44a835632744a8aafac67159188595 - - default default] 10.0.0.86 "PUT /v2.0/floatingips/872bb736-3d7e-4e51-8a40-1a95b9faa207 HTTP/1.1" status: 200 len: 1050 time: 0.9848239
2026-05-25 01:50:26.420 9 INFO neutron.notifiers.nova [-] Nova event matching ['req-a63f6b09-3289-4438-b711-2888c83d5abd'] response: {'name': 'network-changed', 'server_uuid': 'c7935858-b5c4-4bda-a1db-9ecfa4882da4', 'tag': '92b5871b-18e7-4af2-b477-31a7dba750f5', 'status': 'completed', 'code': 200}
2026-05-25 01:50:26.467 9 INFO neutron.wsgi [req-70fd2b87-92eb-47c8-9e5a-d53f41439155 req-1d985096-eef7-40a3-b9b0-b76455f396ff de94ca98b11447e9b5204beff2dc765e cd44a835632744a8aafac67159188595 - - default default] 10.0.0.56 "GET /v2.0/ports?device_id=c7935858-b5c4-4bda-a1db-9ecfa4882da4 HTTP/1.1" status: 200 len: 1174 time: 0.0660155
2026-05-25 01:50:26.498 9 INFO neutron.wsgi [req-19ef683d-0c4d-4f76-8af7-1875661510bd req-8979979b-2733-47ad-a11b-596d75c9f564 2af45385c8c54074a1be8669ec1f53c0 10730293bca14780ad94eb382d592dfc - - 7b06d5d001a940d48d280bf8624ee0a4 7b06d5d001a940d48d280bf8624ee0a4] 199.204.45.3 "GET /v2.0/ports?tenant_id=cd44a835632744a8aafac67159188595&device_id=c7935858-b5c4-4bda-a1db-9ecfa4882da4 HTTP/1.1" status: 200 len: 1413 time: 0.0650749
2026-05-25 01:50:26.559 9 INFO neutron.wsgi [req-70fd2b87-92eb-47c8-9e5a-d53f41439155 req-723c3742-bc75-4a9d-b464-5ba510e7a83b de94ca98b11447e9b5204beff2dc765e cd44a835632744a8aafac67159188595 - - default default] 10.0.0.56 "GET /v2.0/security-groups?id=ea6ce73f-3ab2-4cfa-b0af-11bb2ff02c25&fields=id&fields=name HTTP/1.1" status: 200 len: 312 time: 0.0834615
2026-05-25 01:50:26.611 9 WARNING neutron.scheduler.dhcp_agent_scheduler [None req-bac4b571-1a06-4e48-b2f4-02675aefbe34 efbf850e55c94c10ae4ee50d138e552f 7f26551814c3498ca437de6eddb606bf - - default default] No more DHCP agents
2026-05-25 01:50:26.615 9 WARNING neutron.api.rpc.agentnotifiers.dhcp_rpc_agent_api [None req-bac4b571-1a06-4e48-b2f4-02675aefbe34 efbf850e55c94c10ae4ee50d138e552f 7f26551814c3498ca437de6eddb606bf - - default default] Unable to schedule network 10f03bb0-70c9-4d2b-a83b-6872218b5fd6: no agents available; will retry on subsequent port and subnet creation events.
2026-05-25 01:50:26.622 9 INFO neutron.wsgi [req-19ef683d-0c4d-4f76-8af7-1875661510bd req-677761ce-3366-43d6-ab44-30662e1354bd 2af45385c8c54074a1be8669ec1f53c0 10730293bca14780ad94eb382d592dfc - - 7b06d5d001a940d48d280bf8624ee0a4 7b06d5d001a940d48d280bf8624ee0a4] 199.204.45.3 "GET /v2.0/networks?id=353a549f-4268-466f-9baa-c01be7f8ae9c HTTP/1.1" status: 200 len: 966 time: 0.1118624
2026-05-25 01:50:26.699 9 INFO neutron.wsgi [req-19ef683d-0c4d-4f76-8af7-1875661510bd req-d5f74472-cba8-4522-855c-eef8e380b790 2af45385c8c54074a1be8669ec1f53c0 10730293bca14780ad94eb382d592dfc - - 7b06d5d001a940d48d280bf8624ee0a4 7b06d5d001a940d48d280bf8624ee0a4] 199.204.45.3 "GET /v2.0/floatingips?fixed_ip_address=10.100.0.14&port_id=92b5871b-18e7-4af2-b477-31a7dba750f5 HTTP/1.1" status: 200 len: 1060 time: 0.0671151
2026-05-25 01:50:26.733 9 INFO neutron.db.ovn_revision_numbers_db [None req-bac4b571-1a06-4e48-b2f4-02675aefbe34 efbf850e55c94c10ae4ee50d138e552f 7f26551814c3498ca437de6eddb606bf - - default default] Successfully bumped revision number for resource 16cdc3d1-9b3d-48d2-b63c-bfffb4a7fa03 (type: ports) to 1
2026-05-25 01:50:26.737 9 INFO neutron.wsgi [req-19ef683d-0c4d-4f76-8af7-1875661510bd req-85243989-074b-4f46-a72c-7bb2b3eae3f7 2af45385c8c54074a1be8669ec1f53c0 10730293bca14780ad94eb382d592dfc - - 7b06d5d001a940d48d280bf8624ee0a4 7b06d5d001a940d48d280bf8624ee0a4] 199.204.45.3 "GET /v2.0/subnets?id=3743b80f-6600-4502-ac05-624e483d61d8 HTTP/1.1" status: 200 len: 862 time: 0.0300627
2026-05-25 01:50:26.767 9 INFO neutron.wsgi [req-19ef683d-0c4d-4f76-8af7-1875661510bd req-df9e8373-37cd-4ad7-a912-dad244a918b4 2af45385c8c54074a1be8669ec1f53c0 10730293bca14780ad94eb382d592dfc - - 7b06d5d001a940d48d280bf8624ee0a4 7b06d5d001a940d48d280bf8624ee0a4] 199.204.45.3 "GET /v2.0/ports?network_id=353a549f-4268-466f-9baa-c01be7f8ae9c&device_owner=network%3Adhcp HTTP/1.1" status: 200 len: 210 time: 0.0253580
2026-05-25 01:50:26.788 9 INFO neutron.wsgi [None req-bac4b571-1a06-4e48-b2f4-02675aefbe34 efbf850e55c94c10ae4ee50d138e552f 7f26551814c3498ca437de6eddb606bf - - default default] 10.0.0.86 "POST /v2.0/networks HTTP/1.1" status: 201 len: 849 time: 0.9606376 /var/lib/openstack/lib/python3.10/site-packages/pycadf/identifier.py:71: UserWarning: Invalid uuid: neutron. To ensure interoperability, identifiers should be a valid uuid. warnings.warn(('Invalid uuid: %s. To ensure interoperability, '
2026-05-25 01:50:26.803 10 WARNING neutron_lib.context [None req-b7b6b476-5775-4fad-95b8-183eed40b6e0 efbf850e55c94c10ae4ee50d138e552f 7f26551814c3498ca437de6eddb606bf - - default default] Method 'is_advsvc' is deprecated since 2023.2 release (neutron-lib 3.8.0) and will be removed once support for the old RBAC API policies will be removed from Neutron. Please use method 'is_service_role' instead.
2026-05-25 01:50:26.842 9 INFO neutron.wsgi [req-19ef683d-0c4d-4f76-8af7-1875661510bd req-16e10d87-1e8a-4464-8b9e-028b8cc56b13 2af45385c8c54074a1be8669ec1f53c0 10730293bca14780ad94eb382d592dfc - - 7b06d5d001a940d48d280bf8624ee0a4 7b06d5d001a940d48d280bf8624ee0a4] 199.204.45.3 "GET /v2.0/networks/353a549f-4268-466f-9baa-c01be7f8ae9c?fields=segments HTTP/1.1" status: 200 len: 212 time: 0.0671892
2026-05-25 01:50:26.901 9 INFO neutron.wsgi [req-19ef683d-0c4d-4f76-8af7-1875661510bd req-70d0f476-1d08-4d6c-921c-85a44cf3dc66 2af45385c8c54074a1be8669ec1f53c0 10730293bca14780ad94eb382d592dfc - - 7b06d5d001a940d48d280bf8624ee0a4 7b06d5d001a940d48d280bf8624ee0a4] 199.204.45.3 "GET /v2.0/networks/353a549f-4268-466f-9baa-c01be7f8ae9c?fields=provider%3Aphysical_network&fields=provider%3Anetwork_type HTTP/1.1" status: 200 len: 277 time: 0.0534785
2026-05-25 01:50:26.905 10 INFO neutron.db.segments_db [None req-b7b6b476-5775-4fad-95b8-183eed40b6e0 efbf850e55c94c10ae4ee50d138e552f 7f26551814c3498ca437de6eddb606bf - - default default] Added segment 84609bc2-49e9-490f-aa9d-fc48b09d40ef of type geneve for network 534728e7-bde1-47c5-b1bf-db17a994d062
2026-05-25 01:50:26.980 10 INFO neutron.plugins.ml2.drivers.ovn.mech_driver.mech_driver [None req-20e38c5f-0b1c-4311-b6e7-51c4eefd35b3 - - - - - -] OVN reports status down for port: 92b5871b-18e7-4af2-b477-31a7dba750f5
2026-05-25 01:50:27.006 10 INFO neutron.wsgi [req-bb1596b3-da38-4e65-81ec-975c316407b9 req-20856096-d783-4c2b-a3ca-1a0b73a0992e de94ca98b11447e9b5204beff2dc765e cd44a835632744a8aafac67159188595 - - default default] 10.0.0.56 "GET /v2.0/ports?device_id=c7935858-b5c4-4bda-a1db-9ecfa4882da4 HTTP/1.1" status: 200 len: 1174 time: 0.0792298
2026-05-25 01:50:27.101 10 INFO neutron.wsgi [req-bb1596b3-da38-4e65-81ec-975c316407b9 req-686c7cd0-4428-47b5-b814-d7314dd699fc de94ca98b11447e9b5204beff2dc765e cd44a835632744a8aafac67159188595 - - default default] 10.0.0.56 "GET /v2.0/security-groups?id=ea6ce73f-3ab2-4cfa-b0af-11bb2ff02c25&fields=id&fields=name HTTP/1.1" status: 200 len: 312 time: 0.0855217
2026-05-25 01:50:27.135 10 INFO neutron.db.ovn_revision_numbers_db [None req-b7b6b476-5775-4fad-95b8-183eed40b6e0 efbf850e55c94c10ae4ee50d138e552f 7f26551814c3498ca437de6eddb606bf - - default default] Successfully bumped revision number for resource 534728e7-bde1-47c5-b1bf-db17a994d062 (type: networks) to 1
2026-05-25 01:50:27.307 9 INFO neutron.wsgi [req-ff4c54a3-670b-43d9-9647-485ba0e62224 req-dd29257d-4664-4b8c-b6ba-6b9d44a0e271 de94ca98b11447e9b5204beff2dc765e cd44a835632744a8aafac67159188595 - - default default] 199.204.45.3 "GET /v2.0/ports?device_id=c7935858-b5c4-4bda-a1db-9ecfa4882da4 HTTP/1.1" status: 200 len: 1172 time: 0.0562174
2026-05-25 01:50:27.366 9 INFO neutron.db.ovn_revision_numbers_db [None req-73af0166-6884-4a1e-a9f5-305693caa0bb 7e300b396db94b24b25968d039d9cabe 6ef05087d76e44928760242c774eb022 - - default default] Successfully bumped revision number for resource 088f49eb-d6e9-498a-b6bb-ffb25e69c97b (type: security_groups) to 1
2026-05-25 01:50:27.382 10 INFO neutron.services.segments.plugin [-] Segment 8b564e82-3c25-4e1e-8c00-83e4d6c07d4d resource provider aggregate not found
2026-05-25 01:50:27.387 10 INFO neutron.services.segments.plugin [-] Segment 8b564e82-3c25-4e1e-8c00-83e4d6c07d4d resource provider aggregate not found
2026-05-25 01:50:27.391 9 INFO neutron.db.ovn_revision_numbers_db [None req-73af0166-6884-4a1e-a9f5-305693caa0bb 7e300b396db94b24b25968d039d9cabe 6ef05087d76e44928760242c774eb022 - - default default] Successfully bumped revision number for resource 37185ffc-6f72-4906-b1d1-1402d0e9f53a (type: security_group_rules) to 0
2026-05-25 01:50:27.410 10 INFO neutron.services.segments.plugin [-] Segment 8b564e82-3c25-4e1e-8c00-83e4d6c07d4d resource provider not found; error: Placement Client Error (4xx): {"errors": [{"status": 404, "title": "Not Found", "detail": "The resource could not be found.\n\n No resource provider with uuid 8b564e82-3c25-4e1e-8c00-83e4d6c07d4d found for delete ", "request_id": "req-17498e4e-3106-4dd7-ae4c-7aaeb1b51d5a"}]}
2026-05-25 01:50:27.411 10 INFO neutron.services.segments.plugin [-] Segment 8b564e82-3c25-4e1e-8c00-83e4d6c07d4d resource provider not found; error: Placement Client Error (4xx): {"errors": [{"status": 404, "title": "Not Found", "detail": "The resource could not be found.\n\n No resource provider with uuid 8b564e82-3c25-4e1e-8c00-83e4d6c07d4d found for delete ", "request_id": "req-5a6d7e07-3c8a-4c92-9972-64085303f98b"}]}
2026-05-25 01:50:27.417 9 INFO neutron.db.ovn_revision_numbers_db [None req-73af0166-6884-4a1e-a9f5-305693caa0bb 7e300b396db94b24b25968d039d9cabe 6ef05087d76e44928760242c774eb022 - - default default] Successfully bumped revision number for resource 3d704cc6-038f-4595-a9ed-5c717fa8986a (type: security_group_rules) to 0
2026-05-25 01:50:27.435 9 INFO neutron.db.ovn_revision_numbers_db [None req-73af0166-6884-4a1e-a9f5-305693caa0bb 7e300b396db94b24b25968d039d9cabe 6ef05087d76e44928760242c774eb022 - - default default] Successfully bumped revision number for resource 43e96cb6-a2ef-45f2-afd8-874406ec7f89 (type: security_group_rules) to 0
2026-05-25 01:50:27.441 10 WARNING neutron.scheduler.dhcp_agent_scheduler [None req-b7b6b476-5775-4fad-95b8-183eed40b6e0 efbf850e55c94c10ae4ee50d138e552f 7f26551814c3498ca437de6eddb606bf - - default default] No more DHCP agents
2026-05-25 01:50:27.445 10 WARNING neutron.api.rpc.agentnotifiers.dhcp_rpc_agent_api [None req-b7b6b476-5775-4fad-95b8-183eed40b6e0 efbf850e55c94c10ae4ee50d138e552f 7f26551814c3498ca437de6eddb606bf - - default default] Unable to schedule network 534728e7-bde1-47c5-b1bf-db17a994d062: no agents available; will retry on subsequent port and subnet creation events.
2026-05-25 01:50:27.462 9 INFO neutron.db.ovn_revision_numbers_db [None req-73af0166-6884-4a1e-a9f5-305693caa0bb 7e300b396db94b24b25968d039d9cabe 6ef05087d76e44928760242c774eb022 - - default default] Successfully bumped revision number for resource c58b5f88-d853-4e44-afeb-b6bef451d9f7 (type: security_group_rules) to 0
2026-05-25 01:50:27.482 10 INFO neutron.db.ovn_revision_numbers_db [None req-20e38c5f-0b1c-4311-b6e7-51c4eefd35b3 - - - - - -] Successfully bumped revision number for resource 92b5871b-18e7-4af2-b477-31a7dba750f5 (type: ports) to 5
2026-05-25 01:50:27.528 9 INFO neutron.db.segments_db [None req-73af0166-6884-4a1e-a9f5-305693caa0bb 7e300b396db94b24b25968d039d9cabe 6ef05087d76e44928760242c774eb022 - - default default] Added segment 1c75a288-02dd-4949-947c-6f04028c5d1e of type geneve for network 75864b19-9f7b-4392-920c-7e6577952ed1
2026-05-25 01:50:27.549 10 INFO neutron.db.ovn_revision_numbers_db [None req-b7b6b476-5775-4fad-95b8-183eed40b6e0 efbf850e55c94c10ae4ee50d138e552f 7f26551814c3498ca437de6eddb606bf - - default default] Successfully bumped revision number for resource 96b12ec1-7b0d-4ea4-a011-51c8a16478c9 (type: ports) to 1
2026-05-25 01:50:27.567 10 INFO neutron.wsgi [None req-b7b6b476-5775-4fad-95b8-183eed40b6e0 efbf850e55c94c10ae4ee50d138e552f 7f26551814c3498ca437de6eddb606bf - - default default] 10.0.0.86 "POST /v2.0/networks HTTP/1.1" status: 201 len: 849 time: 0.7717488 /var/lib/openstack/lib/python3.10/site-packages/pycadf/identifier.py:71: UserWarning: Invalid uuid: neutron. To ensure interoperability, identifiers should be a valid uuid. warnings.warn(('Invalid uuid: %s. To ensure interoperability, '
2026-05-25 01:50:27.576 10 WARNING neutron_lib.context [None req-4b03b97f-d71f-42fd-8fbe-b10d5aa68034 efbf850e55c94c10ae4ee50d138e552f 7f26551814c3498ca437de6eddb606bf - - default default] Method 'is_advsvc' is deprecated since 2023.2 release (neutron-lib 3.8.0) and will be removed once support for the old RBAC API policies will be removed from Neutron. Please use method 'is_service_role' instead.
2026-05-25 01:50:27.620 10 WARNING neutron_lib.context [None req-4b03b97f-d71f-42fd-8fbe-b10d5aa68034 efbf850e55c94c10ae4ee50d138e552f 7f26551814c3498ca437de6eddb606bf - - default default] Method 'is_advsvc' is deprecated since 2023.2 release (neutron-lib 3.8.0) and will be removed once support for the old RBAC API policies will be removed from Neutron. Please use method 'is_service_role' instead.
2026-05-25 01:50:27.642 10 INFO neutron.notifiers.nova [-] Nova event matching ['req-18abe253-6b59-4e67-8f13-b03d2a4ccec4'] response: {'server_uuid': 'c7935858-b5c4-4bda-a1db-9ecfa4882da4', 'name': 'network-vif-unplugged', 'status': 'completed', 'tag': '92b5871b-18e7-4af2-b477-31a7dba750f5', 'code': 200}
2026-05-25 01:50:27.643 10 INFO neutron.notifiers.nova [-] Nova event matching ['req-18abe253-6b59-4e67-8f13-b03d2a4ccec4'] response: {'server_uuid': 'c7935858-b5c4-4bda-a1db-9ecfa4882da4', 'name': 'network-vif-unplugged', 'status': 'completed', 'tag': '92b5871b-18e7-4af2-b477-31a7dba750f5', 'code': 200}
2026-05-25 01:50:27.741 9 INFO neutron.db.ovn_revision_numbers_db [None req-73af0166-6884-4a1e-a9f5-305693caa0bb 7e300b396db94b24b25968d039d9cabe 6ef05087d76e44928760242c774eb022 - - default default] Successfully bumped revision number for resource 75864b19-9f7b-4392-920c-7e6577952ed1 (type: networks) to 1
2026-05-25 01:50:27.789 9 INFO neutron.db.l3_db [req-ff4c54a3-670b-43d9-9647-485ba0e62224 req-fa3da340-2cd1-4a25-8ae3-cdd630ca5c40 de94ca98b11447e9b5204beff2dc765e cd44a835632744a8aafac67159188595 - - default default] Floating IP 872bb736-3d7e-4e51-8a40-1a95b9faa207 disassociated. External IP: 10.96.250.213, port: 92b5871b-18e7-4af2-b477-31a7dba750f5.
2026-05-25 01:50:27.953 9 INFO neutron.wsgi [req-ff4c54a3-670b-43d9-9647-485ba0e62224 req-fa3da340-2cd1-4a25-8ae3-cdd630ca5c40 de94ca98b11447e9b5204beff2dc765e cd44a835632744a8aafac67159188595 - - default default] 199.204.45.3 "DELETE /v2.0/ports/92b5871b-18e7-4af2-b477-31a7dba750f5 HTTP/1.1" status: 204 len: 173 time: 0.6426828
2026-05-25 01:50:27.961 9 WARNING neutron.scheduler.dhcp_agent_scheduler [None req-73af0166-6884-4a1e-a9f5-305693caa0bb 7e300b396db94b24b25968d039d9cabe 6ef05087d76e44928760242c774eb022 - - default default] No more DHCP agents
2026-05-25 01:50:27.963 9 WARNING neutron.api.rpc.agentnotifiers.dhcp_rpc_agent_api [None req-73af0166-6884-4a1e-a9f5-305693caa0bb 7e300b396db94b24b25968d039d9cabe 6ef05087d76e44928760242c774eb022 - - default default] Unable to schedule network 75864b19-9f7b-4392-920c-7e6577952ed1: no agents available; will retry on subsequent port and subnet creation events.
2026-05-25 01:50:28.056 9 INFO neutron.db.ovn_revision_numbers_db [None req-73af0166-6884-4a1e-a9f5-305693caa0bb 7e300b396db94b24b25968d039d9cabe 6ef05087d76e44928760242c774eb022 - - default default] Successfully bumped revision number for resource d2779c30-3046-4b7e-ac0a-b5b8f940fb93 (type: ports) to 1
2026-05-25 01:50:28.081 9 INFO neutron.wsgi [None req-73af0166-6884-4a1e-a9f5-305693caa0bb 7e300b396db94b24b25968d039d9cabe 6ef05087d76e44928760242c774eb022 - - default default] 10.0.0.86 "POST /v2.0/networks HTTP/1.1" status: 201 len: 945 time: 1.1421149
2026-05-25 01:50:28.110 10 WARNING neutron.scheduler.dhcp_agent_scheduler [None req-4b03b97f-d71f-42fd-8fbe-b10d5aa68034 efbf850e55c94c10ae4ee50d138e552f 7f26551814c3498ca437de6eddb606bf - - default default] No more DHCP agents
2026-05-25 01:50:28.114 10 WARNING neutron.api.rpc.agentnotifiers.dhcp_rpc_agent_api [None req-4b03b97f-d71f-42fd-8fbe-b10d5aa68034 efbf850e55c94c10ae4ee50d138e552f 7f26551814c3498ca437de6eddb606bf - - default default] Unable to schedule network 10f03bb0-70c9-4d2b-a83b-6872218b5fd6: no agents available; will retry on subsequent port and subnet creation events. /var/lib/openstack/lib/python3.10/site-packages/pycadf/identifier.py:71: UserWarning: Invalid uuid: neutron. To ensure interoperability, identifiers should be a valid uuid. warnings.warn(('Invalid uuid: %s. To ensure interoperability, '
2026-05-25 01:50:28.214 10 INFO neutron.db.ovn_revision_numbers_db [None req-4b03b97f-d71f-42fd-8fbe-b10d5aa68034 efbf850e55c94c10ae4ee50d138e552f 7f26551814c3498ca437de6eddb606bf - - default default] Successfully bumped revision number for resource ed47e5c1-d697-4d0b-aae9-47b274b2937f (type: ports) to 1
2026-05-25 01:50:28.218 10 INFO neutron.wsgi [req-2816b96d-6f76-4ffe-8ca1-1d7ee4efc686 req-ef07eeca-c862-413e-81b2-0067cbec2fc9 de94ca98b11447e9b5204beff2dc765e cd44a835632744a8aafac67159188595 - - default default] 10.0.0.56 "GET /v2.0/ports?device_id=c7935858-b5c4-4bda-a1db-9ecfa4882da4 HTTP/1.1" status: 200 len: 210 time: 0.0219576
2026-05-25 01:50:28.238 10 WARNING neutron.scheduler.dhcp_agent_scheduler [None req-4b03b97f-d71f-42fd-8fbe-b10d5aa68034 efbf850e55c94c10ae4ee50d138e552f 7f26551814c3498ca437de6eddb606bf - - default default] No more DHCP agents
2026-05-25 01:50:28.240 10 WARNING neutron.api.rpc.agentnotifiers.dhcp_rpc_agent_api [None req-4b03b97f-d71f-42fd-8fbe-b10d5aa68034 efbf850e55c94c10ae4ee50d138e552f 7f26551814c3498ca437de6eddb606bf - - default default] Unable to schedule network 534728e7-bde1-47c5-b1bf-db17a994d062: no agents available; will retry on subsequent port and subnet creation events.
2026-05-25 01:50:28.280 9 WARNING neutron.scheduler.dhcp_agent_scheduler [None req-6b357dbc-92d4-4028-8c18-4ff4375046f8 7e300b396db94b24b25968d039d9cabe 6ef05087d76e44928760242c774eb022 - - default default] No more DHCP agents
2026-05-25 01:50:28.283 9 WARNING neutron.api.rpc.agentnotifiers.dhcp_rpc_agent_api [None req-6b357dbc-92d4-4028-8c18-4ff4375046f8 7e300b396db94b24b25968d039d9cabe 6ef05087d76e44928760242c774eb022 - - default default] Unable to schedule network 75864b19-9f7b-4392-920c-7e6577952ed1: no agents available; will retry on subsequent port and subnet creation events.
2026-05-25 01:50:28.325 9 INFO neutron.wsgi [-] 10.0.0.25 "GET / HTTP/1.1" status: 200 len: 247 time: 0.0014100
2026-05-25 01:50:28.327 9 INFO neutron.wsgi [-] 10.0.0.25 "GET / HTTP/1.1" status: 200 len: 247 time: 0.0010283
2026-05-25 01:50:28.334 10 INFO neutron.db.ovn_revision_numbers_db [None req-4b03b97f-d71f-42fd-8fbe-b10d5aa68034 efbf850e55c94c10ae4ee50d138e552f 7f26551814c3498ca437de6eddb606bf - - default default] Successfully bumped revision number for resource c70f42c4-2402-47d5-bb52-c00fc93adf77 (type: ports) to 1
2026-05-25 01:50:28.362 10 INFO neutron.wsgi [None req-4b03b97f-d71f-42fd-8fbe-b10d5aa68034 efbf850e55c94c10ae4ee50d138e552f 7f26551814c3498ca437de6eddb606bf - - default default] 10.0.0.86 "POST /v2.0/ports HTTP/1.1" status: 201 len: 1705 time: 0.7893009 /var/lib/openstack/lib/python3.10/site-packages/pycadf/identifier.py:71: UserWarning: Invalid uuid: neutron. To ensure interoperability, identifiers should be a valid uuid. warnings.warn(('Invalid uuid: %s. To ensure interoperability, '
2026-05-25 01:50:28.458 9 INFO neutron.notifiers.nova [-] Nova event matching ['req-2cd203d4-5ca8-469a-9b93-0ba269ff80af'] response: {'server_uuid': 'c7935858-b5c4-4bda-a1db-9ecfa4882da4', 'name': 'network-vif-deleted', 'tag': '92b5871b-18e7-4af2-b477-31a7dba750f5', 'status': 'completed', 'code': 200}
2026-05-25 01:50:28.512 10 INFO neutron.wsgi [None req-da95c64c-a0c3-4970-8d17-8c2cc2fee9d8 efbf850e55c94c10ae4ee50d138e552f 7f26551814c3498ca437de6eddb606bf - - default default] 10.0.0.86 "GET /v2.0/ports HTTP/1.1" status: 200 len: 3212 time: 0.1462922
2026-05-25 01:50:28.787 10 INFO neutron.wsgi [None req-4be18dee-f46e-4ab2-b379-8c4dd4d5044d efbf850e55c94c10ae4ee50d138e552f 7f26551814c3498ca437de6eddb606bf - - default default] 10.0.0.86 "DELETE /v2.0/ports/ed47e5c1-d697-4d0b-aae9-47b274b2937f HTTP/1.1" status: 204 len: 168 time: 0.2686186
2026-05-25 01:50:28.807 9 INFO neutron.db.ovn_revision_numbers_db [None req-6b357dbc-92d4-4028-8c18-4ff4375046f8 7e300b396db94b24b25968d039d9cabe 6ef05087d76e44928760242c774eb022 - - default default] Successfully bumped revision number for resource d2779c30-3046-4b7e-ac0a-b5b8f940fb93 (type: ports) to 2
2026-05-25 01:50:28.849 9 INFO neutron.db.ovn_revision_numbers_db [None req-6b357dbc-92d4-4028-8c18-4ff4375046f8 7e300b396db94b24b25968d039d9cabe 6ef05087d76e44928760242c774eb022 - - default default] Successfully bumped revision number for resource 0ff8cff1-e6a8-4b59-8718-8e860d83aee2 (type: subnets) to 0
2026-05-25 01:50:28.865 9 INFO neutron.wsgi [None req-6b357dbc-92d4-4028-8c18-4ff4375046f8 7e300b396db94b24b25968d039d9cabe 6ef05087d76e44928760242c774eb022 - - default default] 10.0.0.86 "POST /v2.0/subnets HTTP/1.1" status: 201 len: 865 time: 0.7698090
2026-05-25 01:50:29.302 10 INFO neutron.wsgi [None req-074dd678-9448-4d8b-9716-0c7883ad9391 efbf850e55c94c10ae4ee50d138e552f 7f26551814c3498ca437de6eddb606bf - - default default] 10.0.0.86 "DELETE /v2.0/ports/c70f42c4-2402-47d5-bb52-c00fc93adf77 HTTP/1.1" status: 204 len: 168 time: 0.5102715
2026-05-25 01:50:29.575 10 WARNING neutron.scheduler.dhcp_agent_scheduler [None req-5acf52f1-c5f7-4286-af60-baccf0596c3e 7e300b396db94b24b25968d039d9cabe 6ef05087d76e44928760242c774eb022 - - default default] No more DHCP agents
2026-05-25 01:50:29.576 10 WARNING neutron.api.rpc.agentnotifiers.dhcp_rpc_agent_api [None req-5acf52f1-c5f7-4286-af60-baccf0596c3e 7e300b396db94b24b25968d039d9cabe 6ef05087d76e44928760242c774eb022 - - default default] Unable to schedule network cfc7aae0-a83b-45ab-ac0f-fce7ceafa9f4: no agents available; will retry on subsequent port and subnet creation events.
2026-05-25 01:50:29.681 9 INFO neutron.wsgi [None req-74697b5c-f26d-420b-b258-a6edd9545583 efbf850e55c94c10ae4ee50d138e552f 7f26551814c3498ca437de6eddb606bf - - default default] 10.0.0.86 "GET /v2.0/ports HTTP/1.1" status: 200 len: 1718 time: 0.3715799
2026-05-25 01:50:29.691 9 WARNING neutron_lib.context [None req-c6e962a1-c5a6-44fe-8ec9-d49bd8143a3b efbf850e55c94c10ae4ee50d138e552f 7f26551814c3498ca437de6eddb606bf - - default default] Method 'is_advsvc' is deprecated since 2023.2 release (neutron-lib 3.8.0) and will be removed once support for the old RBAC API policies will be removed from Neutron. Please use method 'is_service_role' instead.
2026-05-25 01:50:29.729 10 INFO neutron.db.ovn_revision_numbers_db [None req-5acf52f1-c5f7-4286-af60-baccf0596c3e 7e300b396db94b24b25968d039d9cabe 6ef05087d76e44928760242c774eb022 - - default default] Successfully bumped revision number for resource 7e4bdf7b-ad0f-4d1e-b700-2f0757148530 (type: ports) to 1
2026-05-25 01:50:29.736 9 INFO neutron.wsgi [None req-2645f51b-0889-412b-9010-48329b551ea5 de94ca98b11447e9b5204beff2dc765e cd44a835632744a8aafac67159188595 - - default default] 10.0.0.86 "DELETE /v2.0/security-groups/ea6ce73f-3ab2-4cfa-b0af-11bb2ff02c25 HTTP/1.1" status: 204 len: 168 time: 0.4245312
2026-05-25 01:50:29.748 9 INFO neutron.api.v2.resource [None req-1130a614-9dbb-4d2d-b542-bd891299545a de94ca98b11447e9b5204beff2dc765e cd44a835632744a8aafac67159188595 - - default default] show failed (client error): The resource could not be found.
2026-05-25 01:50:29.749 9 INFO neutron.wsgi [None req-1130a614-9dbb-4d2d-b542-bd891299545a de94ca98b11447e9b5204beff2dc765e cd44a835632744a8aafac67159188595 - - default default] 10.0.0.86 "GET /v2.0/security-groups/ea6ce73f-3ab2-4cfa-b0af-11bb2ff02c25 HTTP/1.1" status: 404 len: 347 time: 0.0099509
2026-05-25 01:50:29.787 9 INFO neutron.db.segments_db [None req-c6e962a1-c5a6-44fe-8ec9-d49bd8143a3b efbf850e55c94c10ae4ee50d138e552f 7f26551814c3498ca437de6eddb606bf - - default default] Added segment 9259c2b6-cb10-4992-a90b-993cd46e8391 of type geneve for network 1cce5563-2704-4fc0-92cb-b1b66e0670f7
2026-05-25 01:50:29.981 9 INFO neutron.db.ovn_revision_numbers_db [None req-c6e962a1-c5a6-44fe-8ec9-d49bd8143a3b efbf850e55c94c10ae4ee50d138e552f 7f26551814c3498ca437de6eddb606bf - - default default] Successfully bumped revision number for resource 1cce5563-2704-4fc0-92cb-b1b66e0670f7 (type: networks) to 1
2026-05-25 01:50:30.213 9 WARNING neutron.scheduler.dhcp_agent_scheduler [None req-c6e962a1-c5a6-44fe-8ec9-d49bd8143a3b efbf850e55c94c10ae4ee50d138e552f 7f26551814c3498ca437de6eddb606bf - - default default] No more DHCP agents
2026-05-25 01:50:30.216 9 WARNING neutron.api.rpc.agentnotifiers.dhcp_rpc_agent_api [None req-c6e962a1-c5a6-44fe-8ec9-d49bd8143a3b efbf850e55c94c10ae4ee50d138e552f 7f26551814c3498ca437de6eddb606bf - - default default] Unable to schedule network 1cce5563-2704-4fc0-92cb-b1b66e0670f7: no agents available; will retry on subsequent port and subnet creation events.
2026-05-25 01:50:30.242 9 INFO neutron.wsgi [None req-864b29d8-f4ff-4859-a837-5c580c216e95 de94ca98b11447e9b5204beff2dc765e cd44a835632744a8aafac67159188595 - - default default] 10.0.0.86 "DELETE /v2.0/floatingips/872bb736-3d7e-4e51-8a40-1a95b9faa207 HTTP/1.1" status: 204 len: 168 time: 0.4900033
2026-05-25 01:50:30.263 10 INFO neutron.wsgi [req-f51e4f20-8762-441b-b82a-beed54faaf36 req-9f7553e9-3ca5-4ad2-85d5-df405757a745 138b24f021ad40a4891194d12bb5b9fa c6a75f84d2354bd9a28393d59473f128 - - default default] 10.0.0.56 "GET /v2.0/ports?device_id=4818f343-94e2-4c35-aca0-78c545415f26 HTTP/1.1" status: 200 len: 1174 time: 0.1354525
2026-05-25 01:50:30.313 9 INFO neutron.db.ovn_revision_numbers_db [None req-c6e962a1-c5a6-44fe-8ec9-d49bd8143a3b efbf850e55c94c10ae4ee50d138e552f 7f26551814c3498ca437de6eddb606bf - - default default] Successfully bumped revision number for resource f024aca0-3404-46cd-b1de-adb418175447 (type: ports) to 1
2026-05-25 01:50:30.335 9 INFO neutron.wsgi [None req-c6e962a1-c5a6-44fe-8ec9-d49bd8143a3b efbf850e55c94c10ae4ee50d138e552f 7f26551814c3498ca437de6eddb606bf - - default default] 10.0.0.86 "POST /v2.0/networks HTTP/1.1" status: 201 len: 848 time: 0.6485143
2026-05-25 01:50:30.345 9 WARNING neutron_lib.context [None req-a9f340ec-5b02-4afe-8371-b4eef1ee9e9e efbf850e55c94c10ae4ee50d138e552f 7f26551814c3498ca437de6eddb606bf - - default default] Method 'is_advsvc' is deprecated since 2023.2 release (neutron-lib 3.8.0) and will be removed once support for the old RBAC API policies will be removed from Neutron. Please use method 'is_service_role' instead.
2026-05-25 01:50:30.352 10 INFO neutron.wsgi [req-f51e4f20-8762-441b-b82a-beed54faaf36 req-68febf62-e7c3-4cc5-a694-29f852a04b1a 138b24f021ad40a4891194d12bb5b9fa c6a75f84d2354bd9a28393d59473f128 - - default default] 10.0.0.56 "GET /v2.0/security-groups?id=e7feb4ac-2395-4007-82ab-5490128f38f4&fields=id&fields=name HTTP/1.1" status: 200 len: 313 time: 0.0655634
2026-05-25 01:50:30.445 9 INFO neutron.db.segments_db [None req-a9f340ec-5b02-4afe-8371-b4eef1ee9e9e efbf850e55c94c10ae4ee50d138e552f 7f26551814c3498ca437de6eddb606bf - - default default] Added segment 74a2c669-4df4-439c-aabc-20c9e4844d42 of type geneve for network 442828a3-7f4a-4189-8980-45b79c5b55b4
2026-05-25 01:50:30.540 10 INFO neutron.plugins.ml2.drivers.ovn.mech_driver.ovsdb.commands [None req-160c2e94-5252-4b64-8f71-89fa3c1be061 - - - - - -] Schedule LRP lrp-7e4bdf7b-ad0f-4d1e-b700-2f0757148530 on gateway d6d3ffa6-e406-478c-8f1a-9b7e765cd488 with priority 1
2026-05-25 01:50:30.573 10 INFO neutron.plugins.ml2.drivers.ovn.mech_driver.mech_driver [None req-20e38c5f-0b1c-4311-b6e7-51c4eefd35b3 - - - - - -] OVN reports status up for port: 7e4bdf7b-ad0f-4d1e-b700-2f0757148530
2026-05-25 01:50:30.577 10 INFO neutron.plugins.ml2.drivers.ovn.mech_driver.ovsdb.ovsdb_monitor [None req-09069717-10bc-499f-897b-abff52111637 - - - - - -] Router 25998449-9eb8-45eb-8295-f8e79e3ccc77 is bound to host instance
2026-05-25 01:50:30.591 10 INFO neutron.plugins.ml2.plugin [None req-20e38c5f-0b1c-4311-b6e7-51c4eefd35b3 - - - - - -] Attempt 1 to provision port 7e4bdf7b-ad0f-4d1e-b700-2f0757148530
2026-05-25 01:50:30.598 9 INFO neutron.wsgi [req-f7021bdc-ea66-4ed6-a175-42b964e64a4b req-81a245da-0ac1-4250-8b82-38e3c46b3c12 138b24f021ad40a4891194d12bb5b9fa c6a75f84d2354bd9a28393d59473f128 - - default default] 10.0.0.56 "GET /v2.0/ports?device_id=4818f343-94e2-4c35-aca0-78c545415f26 HTTP/1.1" status: 200 len: 1174 time: 0.1748295
2026-05-25 01:50:30.637 10 INFO neutron.db.ovn_revision_numbers_db [None req-5acf52f1-c5f7-4286-af60-baccf0596c3e 7e300b396db94b24b25968d039d9cabe 6ef05087d76e44928760242c774eb022 - - default default] Successfully bumped revision number for resource 7e4bdf7b-ad0f-4d1e-b700-2f0757148530 (type: router_ports) to 1
2026-05-25 01:50:30.651 9 INFO neutron.db.ovn_revision_numbers_db [None req-a9f340ec-5b02-4afe-8371-b4eef1ee9e9e efbf850e55c94c10ae4ee50d138e552f 7f26551814c3498ca437de6eddb606bf - - default default] Successfully bumped revision number for resource 442828a3-7f4a-4189-8980-45b79c5b55b4 (type: networks) to 1
2026-05-25 01:50:30.667 9 INFO neutron.wsgi [req-f7021bdc-ea66-4ed6-a175-42b964e64a4b req-266db2c0-0168-4062-b3d9-3e571069f335 138b24f021ad40a4891194d12bb5b9fa c6a75f84d2354bd9a28393d59473f128 - - default default] 10.0.0.56 "GET /v2.0/security-groups?id=e7feb4ac-2395-4007-82ab-5490128f38f4&fields=id&fields=name HTTP/1.1" status: 200 len: 313 time: 0.0616806
2026-05-25 01:50:30.765 10 INFO neutron.db.ovn_revision_numbers_db [None req-5acf52f1-c5f7-4286-af60-baccf0596c3e 7e300b396db94b24b25968d039d9cabe 6ef05087d76e44928760242c774eb022 - - default default] Successfully bumped revision number for resource 25998449-9eb8-45eb-8295-f8e79e3ccc77 (type: routers) to 2
2026-05-25 01:50:30.832 9 WARNING neutron.scheduler.dhcp_agent_scheduler [None req-a9f340ec-5b02-4afe-8371-b4eef1ee9e9e efbf850e55c94c10ae4ee50d138e552f 7f26551814c3498ca437de6eddb606bf - - default default] No more DHCP agents
2026-05-25 01:50:30.838 9 WARNING neutron.api.rpc.agentnotifiers.dhcp_rpc_agent_api [None req-a9f340ec-5b02-4afe-8371-b4eef1ee9e9e efbf850e55c94c10ae4ee50d138e552f 7f26551814c3498ca437de6eddb606bf - - default default] Unable to schedule network 442828a3-7f4a-4189-8980-45b79c5b55b4: no agents available; will retry on subsequent port and subnet creation events.
2026-05-25 01:50:30.965 9 INFO neutron.db.ovn_revision_numbers_db [None req-a9f340ec-5b02-4afe-8371-b4eef1ee9e9e efbf850e55c94c10ae4ee50d138e552f 7f26551814c3498ca437de6eddb606bf - - default default] Successfully bumped revision number for resource 1abbc55a-b097-4ecf-979e-ee429d68ee41 (type: ports) to 1
2026-05-25 01:50:30.992 9 INFO neutron.wsgi [None req-a9f340ec-5b02-4afe-8371-b4eef1ee9e9e efbf850e55c94c10ae4ee50d138e552f 7f26551814c3498ca437de6eddb606bf - - default default] 10.0.0.86 "POST /v2.0/networks HTTP/1.1" status: 201 len: 849 time: 0.6516209
2026-05-25 01:50:31.007 10 INFO neutron.wsgi [None req-5acf52f1-c5f7-4286-af60-baccf0596c3e 7e300b396db94b24b25968d039d9cabe 6ef05087d76e44928760242c774eb022 - - default default] 10.0.0.86 "POST /v2.0/routers HTTP/1.1" status: 201 len: 1167 time: 2.1364906
