2026-05-25 01:51:08.487 10 INFO neutron.wsgi [None req-fb3a6a88-5b33-46fc-a497-b1647aae33a8 7e300b396db94b24b25968d039d9cabe 6ef05087d76e44928760242c774eb022 - - default default] 10.0.0.86 "GET /v2.0/security-groups?tenant_id=a5248d9ae4044d3192baecd6f68f0b17&name=default HTTP/1.1" status: 200 len: 3120 time: 0.3649154 /var/lib/openstack/lib/python3.10/site-packages/pycadf/identifier.py:71: UserWarning: Invalid uuid: neutron. To ensure interoperability, identifiers should be a valid uuid. warnings.warn(('Invalid uuid: %s. To ensure interoperability, '
2026-05-25 01:51:08.918 9 INFO neutron.wsgi [None req-82541853-4263-4066-ac16-3c3aec3d5df9 dd4fa79d553a4b6ca8087b0e3bf75368 c4aabb282dc441ee885516a803c13fe4 - - default default] 10.0.0.86 "PUT /v2.0/routers/71b9dbbf-1879-49f9-9775-87adfc6fab87/remove_router_interface HTTP/1.1" status: 200 len: 503 time: 0.8810236
2026-05-25 01:51:08.987 9 INFO neutron.wsgi [None req-6292db03-cef3-4821-9d10-377fc569cdeb 7e300b396db94b24b25968d039d9cabe 6ef05087d76e44928760242c774eb022 - - default default] 10.0.0.86 "DELETE /v2.0/security-groups/c3994c2c-4a86-436b-8a20-da0bbcea8606 HTTP/1.1" status: 204 len: 168 time: 0.4936121
2026-05-25 01:51:09.000 10 INFO neutron.api.v2.resource [None req-402ff2fb-f9b1-4d3f-9493-44ef9aa0e145 dd4fa79d553a4b6ca8087b0e3bf75368 c4aabb282dc441ee885516a803c13fe4 - - default default] remove_router_interface failed (client error): The resource could not be found.
2026-05-25 01:51:09.002 10 INFO neutron.wsgi [None req-402ff2fb-f9b1-4d3f-9493-44ef9aa0e145 dd4fa79d553a4b6ca8087b0e3bf75368 c4aabb282dc441ee885516a803c13fe4 - - default default] 10.0.0.86 "PUT /v2.0/routers/71b9dbbf-1879-49f9-9775-87adfc6fab87/remove_router_interface HTTP/1.1" status: 404 len: 398 time: 0.0773799
2026-05-25 01:51:09.025 10 INFO neutron.wsgi [None req-035856d9-e19c-4868-86ba-e6477c96bec4 dd4fa79d553a4b6ca8087b0e3bf75368 c4aabb282dc441ee885516a803c13fe4 - - default default] 10.0.0.86 "GET /v2.0/ports?device_id=71b9dbbf-1879-49f9-9775-87adfc6fab87 HTTP/1.1" status: 200 len: 205 time: 0.0189428
2026-05-25 01:51:09.286 10 INFO neutron.wsgi [None req-5194c63b-70bd-446f-82f6-8af8db37dac6 dd4fa79d553a4b6ca8087b0e3bf75368 c4aabb282dc441ee885516a803c13fe4 - - default default] 10.0.0.86 "DELETE /v2.0/routers/71b9dbbf-1879-49f9-9775-87adfc6fab87 HTTP/1.1" status: 204 len: 168 time: 0.2562973
2026-05-25 01:51:09.534 10 INFO neutron.wsgi [None req-53529ebb-e9e5-4cd5-ac20-bee50139b5a5 dd4fa79d553a4b6ca8087b0e3bf75368 c4aabb282dc441ee885516a803c13fe4 - - default default] 10.0.0.86 "DELETE /v2.0/subnets/e5139786-33bf-4bc9-8f39-3a7d6a95a72f HTTP/1.1" status: 204 len: 168 time: 0.2431796
2026-05-25 01:51:09.960 10 INFO neutron.services.segments.plugin [-] Segment 94711968-1038-4a78-95ea-11eb47cd559b resource provider aggregate not found
2026-05-25 01:51:09.964 10 INFO neutron.services.segments.plugin [-] Segment 94711968-1038-4a78-95ea-11eb47cd559b resource provider aggregate not found
2026-05-25 01:51:09.984 10 INFO neutron.services.segments.plugin [-] Segment 94711968-1038-4a78-95ea-11eb47cd559b resource provider not found; error: Placement Client Error (4xx): {"errors": [{"status": 404, "title": "Not Found", "detail": "The resource could not be found.\n\n No resource provider with uuid 94711968-1038-4a78-95ea-11eb47cd559b found for delete ", "request_id": "req-8016402f-1565-487c-bea1-65b5973dbb76"}]}
2026-05-25 01:51:09.987 10 INFO neutron.services.segments.plugin [-] Segment 94711968-1038-4a78-95ea-11eb47cd559b resource provider not found; error: Placement Client Error (4xx): {"errors": [{"status": 404, "title": "Not Found", "detail": "The resource could not be found.\n\n No resource provider with uuid 94711968-1038-4a78-95ea-11eb47cd559b found for delete ", "request_id": "req-26593b04-f73f-4634-8959-bdb32fa301d6"}]}
2026-05-25 01:51:10.011 10 INFO neutron.wsgi [None req-e327f571-23c6-4075-b484-f6ed202f8e06 dd4fa79d553a4b6ca8087b0e3bf75368 c4aabb282dc441ee885516a803c13fe4 - - default default] 10.0.0.86 "DELETE /v2.0/networks/267296c2-3ce2-4927-a15b-fc88ea313738 HTTP/1.1" status: 204 len: 168 time: 0.4648504 /var/lib/openstack/lib/python3.10/site-packages/pycadf/identifier.py:71: UserWarning: Invalid uuid: neutron. To ensure interoperability, identifiers should be a valid uuid. warnings.warn(('Invalid uuid: %s. To ensure interoperability, '
2026-05-25 01:51:10.029 9 WARNING neutron_lib.context [None req-dd2c0ce1-9df4-4432-85cc-525ea85ae86b dd4fa79d553a4b6ca8087b0e3bf75368 c4aabb282dc441ee885516a803c13fe4 - - default default] Method 'is_advsvc' is deprecated since 2023.2 release (neutron-lib 3.8.0) and will be removed once support for the old RBAC API policies will be removed from Neutron. Please use method 'is_service_role' instead.
2026-05-25 01:51:10.144 9 INFO neutron.db.segments_db [None req-dd2c0ce1-9df4-4432-85cc-525ea85ae86b dd4fa79d553a4b6ca8087b0e3bf75368 c4aabb282dc441ee885516a803c13fe4 - - default default] Added segment 1f6ed2d7-aeca-4e49-a7a5-f89d359fbd80 of type geneve for network e1df2ba7-fb69-455a-a917-b0e11eda2793
2026-05-25 01:51:10.345 9 INFO neutron.db.ovn_revision_numbers_db [None req-dd2c0ce1-9df4-4432-85cc-525ea85ae86b dd4fa79d553a4b6ca8087b0e3bf75368 c4aabb282dc441ee885516a803c13fe4 - - default default] Successfully bumped revision number for resource e1df2ba7-fb69-455a-a917-b0e11eda2793 (type: networks) to 1
2026-05-25 01:51:10.561 9 WARNING neutron.scheduler.dhcp_agent_scheduler [None req-dd2c0ce1-9df4-4432-85cc-525ea85ae86b dd4fa79d553a4b6ca8087b0e3bf75368 c4aabb282dc441ee885516a803c13fe4 - - default default] No more DHCP agents
2026-05-25 01:51:10.565 9 WARNING neutron.api.rpc.agentnotifiers.dhcp_rpc_agent_api [None req-dd2c0ce1-9df4-4432-85cc-525ea85ae86b dd4fa79d553a4b6ca8087b0e3bf75368 c4aabb282dc441ee885516a803c13fe4 - - default default] Unable to schedule network e1df2ba7-fb69-455a-a917-b0e11eda2793: no agents available; will retry on subsequent port and subnet creation events.
2026-05-25 01:51:10.682 9 INFO neutron.db.ovn_revision_numbers_db [None req-dd2c0ce1-9df4-4432-85cc-525ea85ae86b dd4fa79d553a4b6ca8087b0e3bf75368 c4aabb282dc441ee885516a803c13fe4 - - default default] Successfully bumped revision number for resource 378b5211-677e-4e16-8d41-9f0fd0aaaccf (type: ports) to 1
2026-05-25 01:51:10.705 9 INFO neutron.wsgi [None req-dd2c0ce1-9df4-4432-85cc-525ea85ae86b dd4fa79d553a4b6ca8087b0e3bf75368 c4aabb282dc441ee885516a803c13fe4 - - default default] 10.0.0.86 "POST /v2.0/networks HTTP/1.1" status: 201 len: 828 time: 0.6856542
2026-05-25 01:51:10.716 9 WARNING neutron_lib.context [None req-f6a3dea5-f513-44e6-8705-1752906028ce dd4fa79d553a4b6ca8087b0e3bf75368 c4aabb282dc441ee885516a803c13fe4 - - default default] Method 'is_advsvc' is deprecated since 2023.2 release (neutron-lib 3.8.0) and will be removed once support for the old RBAC API policies will be removed from Neutron. Please use method 'is_service_role' instead.
2026-05-25 01:51:10.915 9 WARNING neutron_lib.context [None req-dfd3612e-8563-4cab-a3bd-044bf12f3886 3cae39053362418186b913c80b019a5d 464273a26c6442d68143b7cc8fb36f29 - - default default] Method 'is_advsvc' is deprecated since 2023.2 release (neutron-lib 3.8.0) and will be removed once support for the old RBAC API policies will be removed from Neutron. Please use method 'is_service_role' instead.
2026-05-25 01:51:11.009 9 WARNING neutron.scheduler.dhcp_agent_scheduler [None req-f6a3dea5-f513-44e6-8705-1752906028ce dd4fa79d553a4b6ca8087b0e3bf75368 c4aabb282dc441ee885516a803c13fe4 - - default default] No more DHCP agents
2026-05-25 01:51:11.011 9 WARNING neutron.api.rpc.agentnotifiers.dhcp_rpc_agent_api [None req-f6a3dea5-f513-44e6-8705-1752906028ce dd4fa79d553a4b6ca8087b0e3bf75368 c4aabb282dc441ee885516a803c13fe4 - - default default] Unable to schedule network e1df2ba7-fb69-455a-a917-b0e11eda2793: no agents available; will retry on subsequent port and subnet creation events.
2026-05-25 01:51:11.140 9 INFO neutron.db.ovn_revision_numbers_db [None req-dfd3612e-8563-4cab-a3bd-044bf12f3886 3cae39053362418186b913c80b019a5d 464273a26c6442d68143b7cc8fb36f29 - - default default] Successfully bumped revision number for resource c26c2b3c-5139-4958-9f9f-d98596605fd8 (type: security_groups) to 1
2026-05-25 01:51:11.167 9 INFO neutron.db.ovn_revision_numbers_db [None req-dfd3612e-8563-4cab-a3bd-044bf12f3886 3cae39053362418186b913c80b019a5d 464273a26c6442d68143b7cc8fb36f29 - - default default] Successfully bumped revision number for resource 443613b9-4d2d-41e9-ae46-69c8f5bd706c (type: security_group_rules) to 0
2026-05-25 01:51:11.180 10 WARNING neutron_lib.context [None req-621ad5a0-0790-429b-8093-4e9b78f1e9e1 a506896e634d492cb3a00890ba4d91f0 d1389826d5624091bab7a8fbed9dceb0 - - default default] Method 'is_advsvc' is deprecated since 2023.2 release (neutron-lib 3.8.0) and will be removed once support for the old RBAC API policies will be removed from Neutron. Please use method 'is_service_role' instead.
2026-05-25 01:51:11.195 9 INFO neutron.db.ovn_revision_numbers_db [None req-dfd3612e-8563-4cab-a3bd-044bf12f3886 3cae39053362418186b913c80b019a5d 464273a26c6442d68143b7cc8fb36f29 - - default default] Successfully bumped revision number for resource 45d2d34b-a731-4dc0-aaef-f8e4898dd41f (type: security_group_rules) to 0
2026-05-25 01:51:11.214 9 INFO neutron.db.ovn_revision_numbers_db [None req-dfd3612e-8563-4cab-a3bd-044bf12f3886 3cae39053362418186b913c80b019a5d 464273a26c6442d68143b7cc8fb36f29 - - default default] Successfully bumped revision number for resource 518def90-6065-4a59-94e5-08dae55e9f63 (type: security_group_rules) to 0
2026-05-25 01:51:11.231 9 INFO neutron.db.ovn_revision_numbers_db [None req-dfd3612e-8563-4cab-a3bd-044bf12f3886 3cae39053362418186b913c80b019a5d 464273a26c6442d68143b7cc8fb36f29 - - default default] Successfully bumped revision number for resource c9c77582-3df3-41ee-a7b7-f253e2924e34 (type: security_group_rules) to 0
2026-05-25 01:51:11.295 9 INFO neutron.db.segments_db [None req-dfd3612e-8563-4cab-a3bd-044bf12f3886 3cae39053362418186b913c80b019a5d 464273a26c6442d68143b7cc8fb36f29 - - default default] Added segment bdddb77e-54ed-4473-949e-36711653aacb of type geneve for network a19b0bab-a56a-4662-8278-fc6c5b91cf81
2026-05-25 01:51:11.317 10 INFO neutron.db.ovn_revision_numbers_db [None req-621ad5a0-0790-429b-8093-4e9b78f1e9e1 a506896e634d492cb3a00890ba4d91f0 d1389826d5624091bab7a8fbed9dceb0 - - default default] Successfully bumped revision number for resource 861a9eb2-355d-424a-8bbc-0788286d4282 (type: security_groups) to 1
2026-05-25 01:51:11.332 10 INFO neutron.db.ovn_revision_numbers_db [None req-621ad5a0-0790-429b-8093-4e9b78f1e9e1 a506896e634d492cb3a00890ba4d91f0 d1389826d5624091bab7a8fbed9dceb0 - - default default] Successfully bumped revision number for resource 029f6aa6-5341-4225-9076-eb0d153fbabe (type: security_group_rules) to 0
2026-05-25 01:51:11.349 10 INFO neutron.db.ovn_revision_numbers_db [None req-621ad5a0-0790-429b-8093-4e9b78f1e9e1 a506896e634d492cb3a00890ba4d91f0 d1389826d5624091bab7a8fbed9dceb0 - - default default] Successfully bumped revision number for resource 7e9a968f-03d1-4ae6-be94-b7fd096e6d1a (type: security_group_rules) to 0
2026-05-25 01:51:11.364 10 INFO neutron.db.ovn_revision_numbers_db [None req-621ad5a0-0790-429b-8093-4e9b78f1e9e1 a506896e634d492cb3a00890ba4d91f0 d1389826d5624091bab7a8fbed9dceb0 - - default default] Successfully bumped revision number for resource 92d92b89-bd20-44d5-9c56-bca0a80da730 (type: security_group_rules) to 0
2026-05-25 01:51:11.378 10 INFO neutron.db.ovn_revision_numbers_db [None req-621ad5a0-0790-429b-8093-4e9b78f1e9e1 a506896e634d492cb3a00890ba4d91f0 d1389826d5624091bab7a8fbed9dceb0 - - default default] Successfully bumped revision number for resource d1afeeb7-ccf6-4de3-80f5-44aa6d1743e2 (type: security_group_rules) to 0
2026-05-25 01:51:11.484 9 INFO neutron.db.ovn_revision_numbers_db [None req-dfd3612e-8563-4cab-a3bd-044bf12f3886 3cae39053362418186b913c80b019a5d 464273a26c6442d68143b7cc8fb36f29 - - default default] Successfully bumped revision number for resource a19b0bab-a56a-4662-8278-fc6c5b91cf81 (type: networks) to 1
2026-05-25 01:51:11.488 10 INFO neutron.db.ovn_revision_numbers_db [None req-621ad5a0-0790-429b-8093-4e9b78f1e9e1 a506896e634d492cb3a00890ba4d91f0 d1389826d5624091bab7a8fbed9dceb0 - - default default] Successfully bumped revision number for resource b1be0279-e6a6-439c-a5f3-2c3aca68c97e (type: security_groups) to 1
2026-05-25 01:51:11.504 10 INFO neutron.db.ovn_revision_numbers_db [None req-621ad5a0-0790-429b-8093-4e9b78f1e9e1 a506896e634d492cb3a00890ba4d91f0 d1389826d5624091bab7a8fbed9dceb0 - - default default] Successfully bumped revision number for resource 08ebb7e8-bb3c-46b0-b2d7-946642f81e8a (type: security_group_rules) to 0
2026-05-25 01:51:11.530 10 INFO neutron.db.ovn_revision_numbers_db [None req-621ad5a0-0790-429b-8093-4e9b78f1e9e1 a506896e634d492cb3a00890ba4d91f0 d1389826d5624091bab7a8fbed9dceb0 - - default default] Successfully bumped revision number for resource d6159f5f-71d4-4783-979a-edf360f89052 (type: security_group_rules) to 0
2026-05-25 01:51:11.552 10 INFO neutron.wsgi [None req-621ad5a0-0790-429b-8093-4e9b78f1e9e1 a506896e634d492cb3a00890ba4d91f0 d1389826d5624091bab7a8fbed9dceb0 - - default default] 10.0.0.86 "POST /v2.0/security-groups HTTP/1.1" status: 201 len: 1825 time: 0.4767461
2026-05-25 01:51:11.601 10 INFO neutron.wsgi [None req-584f64f7-795f-4af9-8617-384898e4e6b7 a506896e634d492cb3a00890ba4d91f0 d1389826d5624091bab7a8fbed9dceb0 - - default default] 10.0.0.86 "GET /v2.0/security-groups HTTP/1.1" status: 200 len: 4725 time: 0.0441287
2026-05-25 01:51:11.705 9 WARNING neutron.scheduler.dhcp_agent_scheduler [None req-dfd3612e-8563-4cab-a3bd-044bf12f3886 3cae39053362418186b913c80b019a5d 464273a26c6442d68143b7cc8fb36f29 - - default default] No more DHCP agents
2026-05-25 01:51:11.706 10 INFO neutron.db.ovn_revision_numbers_db [None req-30d822b5-08a4-4d0e-951e-cf278e3e9755 a506896e634d492cb3a00890ba4d91f0 d1389826d5624091bab7a8fbed9dceb0 - - default default] Successfully bumped revision number for resource b1be0279-e6a6-439c-a5f3-2c3aca68c97e (type: security_groups) to 2
2026-05-25 01:51:11.709 9 WARNING neutron.api.rpc.agentnotifiers.dhcp_rpc_agent_api [None req-dfd3612e-8563-4cab-a3bd-044bf12f3886 3cae39053362418186b913c80b019a5d 464273a26c6442d68143b7cc8fb36f29 - - default default] Unable to schedule network a19b0bab-a56a-4662-8278-fc6c5b91cf81: no agents available; will retry on subsequent port and subnet creation events.
2026-05-25 01:51:11.712 10 INFO neutron.wsgi [None req-30d822b5-08a4-4d0e-951e-cf278e3e9755 a506896e634d492cb3a00890ba4d91f0 d1389826d5624091bab7a8fbed9dceb0 - - default default] 10.0.0.86 "PUT /v2.0/security-groups/b1be0279-e6a6-439c-a5f3-2c3aca68c97e HTTP/1.1" status: 200 len: 1858 time: 0.1048026
2026-05-25 01:51:11.744 10 INFO neutron.wsgi [None req-5130c1e4-5c86-43fd-a5f8-b1196650aeb3 a506896e634d492cb3a00890ba4d91f0 d1389826d5624091bab7a8fbed9dceb0 - - default default] 10.0.0.86 "GET /v2.0/security-groups/b1be0279-e6a6-439c-a5f3-2c3aca68c97e HTTP/1.1" status: 200 len: 1858 time: 0.0264065
2026-05-25 01:51:11.748 9 INFO neutron.db.ovn_revision_numbers_db [None req-f6a3dea5-f513-44e6-8705-1752906028ce dd4fa79d553a4b6ca8087b0e3bf75368 c4aabb282dc441ee885516a803c13fe4 - - default default] Successfully bumped revision number for resource 378b5211-677e-4e16-8d41-9f0fd0aaaccf (type: ports) to 2
2026-05-25 01:51:11.799 9 INFO neutron.db.ovn_revision_numbers_db [None req-dfd3612e-8563-4cab-a3bd-044bf12f3886 3cae39053362418186b913c80b019a5d 464273a26c6442d68143b7cc8fb36f29 - - default default] Successfully bumped revision number for resource 98843b14-10f1-4b65-81e8-29cf592aa1b9 (type: ports) to 1
2026-05-25 01:51:11.801 9 INFO neutron.db.ovn_revision_numbers_db [None req-f6a3dea5-f513-44e6-8705-1752906028ce dd4fa79d553a4b6ca8087b0e3bf75368 c4aabb282dc441ee885516a803c13fe4 - - default default] Successfully bumped revision number for resource 009363ef-6fef-41da-83c1-0bce51567342 (type: subnets) to 0
2026-05-25 01:51:11.819 9 INFO neutron.wsgi [None req-f6a3dea5-f513-44e6-8705-1752906028ce dd4fa79d553a4b6ca8087b0e3bf75368 c4aabb282dc441ee885516a803c13fe4 - - default default] 10.0.0.86 "POST /v2.0/subnets HTTP/1.1" status: 201 len: 801 time: 1.1078458
2026-05-25 01:51:11.825 9 INFO neutron.wsgi [None req-dfd3612e-8563-4cab-a3bd-044bf12f3886 3cae39053362418186b913c80b019a5d 464273a26c6442d68143b7cc8fb36f29 - - default default] 10.0.0.86 "POST /v2.0/networks HTTP/1.1" status: 201 len: 849 time: 1.1651571
2026-05-25 01:51:11.831 9 WARNING neutron_lib.context [None req-d41d1548-7d34-43f3-a2e5-a84d329f6365 dd4fa79d553a4b6ca8087b0e3bf75368 c4aabb282dc441ee885516a803c13fe4 - - default default] Method 'is_advsvc' is deprecated since 2023.2 release (neutron-lib 3.8.0) and will be removed once support for the old RBAC API policies will be removed from Neutron. Please use method 'is_service_role' instead.
2026-05-25 01:51:11.836 10 WARNING neutron_lib.context [None req-2cfb39f0-66ab-46b4-91f1-9ad21f08c362 3cae39053362418186b913c80b019a5d 464273a26c6442d68143b7cc8fb36f29 - - default default] Method 'is_advsvc' is deprecated since 2023.2 release (neutron-lib 3.8.0) and will be removed once support for the old RBAC API policies will be removed from Neutron. Please use method 'is_service_role' instead.
2026-05-25 01:51:11.892 10 INFO neutron.wsgi [None req-e78bef49-b627-42f3-9074-08c29289feb2 a506896e634d492cb3a00890ba4d91f0 d1389826d5624091bab7a8fbed9dceb0 - - default default] 10.0.0.86 "DELETE /v2.0/security-groups/b1be0279-e6a6-439c-a5f3-2c3aca68c97e HTTP/1.1" status: 204 len: 168 time: 0.1419947
2026-05-25 01:51:11.951 10 INFO neutron.wsgi [None req-f0b91a91-7aee-4dda-aa19-0872ee9058c1 a506896e634d492cb3a00890ba4d91f0 d1389826d5624091bab7a8fbed9dceb0 - - default default] 10.0.0.86 "GET /v2.0/security-groups HTTP/1.1" status: 200 len: 3120 time: 0.0543656
2026-05-25 01:51:11.990 9 INFO neutron.api.v2.resource [None req-bddef005-83ba-4ebc-bd6b-9a7959ffff42 a506896e634d492cb3a00890ba4d91f0 d1389826d5624091bab7a8fbed9dceb0 - - default default] delete failed (client error): The resource could not be found.
2026-05-25 01:51:11.991 9 INFO neutron.wsgi [None req-bddef005-83ba-4ebc-bd6b-9a7959ffff42 a506896e634d492cb3a00890ba4d91f0 d1389826d5624091bab7a8fbed9dceb0 - - default default] 10.0.0.86 "DELETE /v2.0/security-groups/b1be0279-e6a6-439c-a5f3-2c3aca68c97e HTTP/1.1" status: 404 len: 347 time: 0.0289631
2026-05-25 01:51:12.004 9 INFO neutron.db.ovn_revision_numbers_db [None req-d41d1548-7d34-43f3-a2e5-a84d329f6365 dd4fa79d553a4b6ca8087b0e3bf75368 c4aabb282dc441ee885516a803c13fe4 - - default default] Successfully bumped revision number for resource 90b09b73-18b5-42f0-a87c-8016d7ae0646 (type: routers) to 1
2026-05-25 01:51:12.007 10 WARNING neutron_lib.context [None req-b5658e13-fcdc-4f92-9be5-028e2b54ff1f a506896e634d492cb3a00890ba4d91f0 d1389826d5624091bab7a8fbed9dceb0 - - default default] Method 'is_advsvc' is deprecated since 2023.2 release (neutron-lib 3.8.0) and will be removed once support for the old RBAC API policies will be removed from Neutron. Please use method 'is_service_role' instead.
2026-05-25 01:51:12.022 9 INFO neutron.wsgi [None req-d41d1548-7d34-43f3-a2e5-a84d329f6365 dd4fa79d553a4b6ca8087b0e3bf75368 c4aabb282dc441ee885516a803c13fe4 - - default default] 10.0.0.86 "POST /v2.0/routers HTTP/1.1" status: 201 len: 800 time: 0.1953595
2026-05-25 01:51:12.091 10 WARNING neutron.scheduler.dhcp_agent_scheduler [None req-2cfb39f0-66ab-46b4-91f1-9ad21f08c362 3cae39053362418186b913c80b019a5d 464273a26c6442d68143b7cc8fb36f29 - - default default] No more DHCP agents
2026-05-25 01:51:12.094 10 WARNING neutron.api.rpc.agentnotifiers.dhcp_rpc_agent_api [None req-2cfb39f0-66ab-46b4-91f1-9ad21f08c362 3cae39053362418186b913c80b019a5d 464273a26c6442d68143b7cc8fb36f29 - - default default] Unable to schedule network a19b0bab-a56a-4662-8278-fc6c5b91cf81: no agents available; will retry on subsequent port and subnet creation events.
2026-05-25 01:51:12.128 10 INFO neutron.db.ovn_revision_numbers_db [None req-2cfb39f0-66ab-46b4-91f1-9ad21f08c362 3cae39053362418186b913c80b019a5d 464273a26c6442d68143b7cc8fb36f29 - - default default] Successfully bumped revision number for resource 009ec30e-4f30-4264-9598-60de52714307 (type: subnets) to 0
2026-05-25 01:51:12.147 10 INFO neutron.wsgi [None req-2cfb39f0-66ab-46b4-91f1-9ad21f08c362 3cae39053362418186b913c80b019a5d 464273a26c6442d68143b7cc8fb36f29 - - default default] 10.0.0.86 "POST /v2.0/subnets HTTP/1.1" status: 201 len: 802 time: 0.3154962
2026-05-25 01:51:12.162 10 WARNING neutron_lib.context [None req-0dad1dcb-f2ea-4133-8082-9ba5f904b1a5 3cae39053362418186b913c80b019a5d 464273a26c6442d68143b7cc8fb36f29 - - default default] Method 'is_advsvc' is deprecated since 2023.2 release (neutron-lib 3.8.0) and will be removed once support for the old RBAC API policies will be removed from Neutron. Please use method 'is_service_role' instead.
2026-05-25 01:51:12.184 9 INFO neutron.db.ovn_revision_numbers_db [None req-6963cf85-7019-4a2e-a0d2-560ce63946b7 7e300b396db94b24b25968d039d9cabe 6ef05087d76e44928760242c774eb022 - - default default] Successfully bumped revision number for resource e9b9c2cd-cfac-4ff3-bff4-f83800d4796c (type: security_groups) to 1
2026-05-25 01:51:12.188 10 INFO neutron.db.ovn_revision_numbers_db [None req-b5658e13-fcdc-4f92-9be5-028e2b54ff1f a506896e634d492cb3a00890ba4d91f0 d1389826d5624091bab7a8fbed9dceb0 - - default default] Successfully bumped revision number for resource 8745a41d-7970-4aca-9357-d6a6271d3913 (type: security_groups) to 1
2026-05-25 01:51:12.205 10 INFO neutron.db.ovn_revision_numbers_db [None req-b5658e13-fcdc-4f92-9be5-028e2b54ff1f a506896e634d492cb3a00890ba4d91f0 d1389826d5624091bab7a8fbed9dceb0 - - default default] Successfully bumped revision number for resource 3480d51a-4fd3-48f4-904a-1eb55b73321d (type: security_group_rules) to 0
2026-05-25 01:51:12.228 9 INFO neutron.db.ovn_revision_numbers_db [None req-6963cf85-7019-4a2e-a0d2-560ce63946b7 7e300b396db94b24b25968d039d9cabe 6ef05087d76e44928760242c774eb022 - - default default] Successfully bumped revision number for resource 47277c4b-6570-42a6-b7ac-2fdabe3f5097 (type: security_group_rules) to 0
2026-05-25 01:51:12.231 10 INFO neutron.db.ovn_revision_numbers_db [None req-b5658e13-fcdc-4f92-9be5-028e2b54ff1f a506896e634d492cb3a00890ba4d91f0 d1389826d5624091bab7a8fbed9dceb0 - - default default] Successfully bumped revision number for resource 45c6fe10-2f39-4e36-a95e-cec769dc8d30 (type: security_group_rules) to 0
2026-05-25 01:51:12.253 9 INFO neutron.db.ovn_revision_numbers_db [None req-6963cf85-7019-4a2e-a0d2-560ce63946b7 7e300b396db94b24b25968d039d9cabe 6ef05087d76e44928760242c774eb022 - - default default] Successfully bumped revision number for resource 4e836b97-0678-4a2b-afaa-2eab42b12b2e (type: security_group_rules) to 0
2026-05-25 01:51:12.272 9 INFO neutron.db.ovn_revision_numbers_db [None req-6963cf85-7019-4a2e-a0d2-560ce63946b7 7e300b396db94b24b25968d039d9cabe 6ef05087d76e44928760242c774eb022 - - default default] Successfully bumped revision number for resource 524b795d-a713-4a8f-9d86-2242651b3386 (type: security_group_rules) to 0
2026-05-25 01:51:12.275 10 INFO neutron.wsgi [None req-b5658e13-fcdc-4f92-9be5-028e2b54ff1f a506896e634d492cb3a00890ba4d91f0 d1389826d5624091bab7a8fbed9dceb0 - - default default] 10.0.0.86 "POST /v2.0/security-groups HTTP/1.1" status: 201 len: 1825 time: 0.2739336
2026-05-25 01:51:12.288 9 WARNING neutron_lib.context [None req-e7ebc7f8-b15b-4ace-a1e5-2a8f90da0d3b a506896e634d492cb3a00890ba4d91f0 d1389826d5624091bab7a8fbed9dceb0 - - default default] Method 'is_advsvc' is deprecated since 2023.2 release (neutron-lib 3.8.0) and will be removed once support for the old RBAC API policies will be removed from Neutron. Please use method 'is_service_role' instead.
2026-05-25 01:51:12.315 9 INFO neutron.db.ovn_revision_numbers_db [None req-6963cf85-7019-4a2e-a0d2-560ce63946b7 7e300b396db94b24b25968d039d9cabe 6ef05087d76e44928760242c774eb022 - - default default] Successfully bumped revision number for resource d592bb07-0f26-49b9-900a-3c2cc6b8baed (type: security_group_rules) to 0
2026-05-25 01:51:12.351 9 INFO neutron.wsgi [None req-6963cf85-7019-4a2e-a0d2-560ce63946b7 7e300b396db94b24b25968d039d9cabe 6ef05087d76e44928760242c774eb022 - - default default] 10.0.0.86 "GET /v2.0/security-groups?tenant_id=fb0d9d76a47c403aa224c31317948e4e&name=default HTTP/1.1" status: 200 len: 3120 time: 0.4952290
2026-05-25 01:51:12.527 9 INFO neutron.db.ovn_revision_numbers_db [None req-e7ebc7f8-b15b-4ace-a1e5-2a8f90da0d3b a506896e634d492cb3a00890ba4d91f0 d1389826d5624091bab7a8fbed9dceb0 - - default default] Successfully bumped revision number for resource 5a2d545b-a8eb-4563-b70c-1006947935cd (type: security_group_rules) to 0
2026-05-25 01:51:12.569 9 WARNING neutron.scheduler.dhcp_agent_scheduler [None req-ebac51a1-7d9a-4ae8-9690-4e0c7af42b1e dd4fa79d553a4b6ca8087b0e3bf75368 c4aabb282dc441ee885516a803c13fe4 - - default default] No more DHCP agents
2026-05-25 01:51:12.572 9 WARNING neutron.plugins.ml2.drivers.ovn.mech_driver.ovsdb.ovn_client [None req-de48258b-1c33-4551-945e-10074b2bfeab - - - - - -] No port found with ID 6b22e98c-60cd-47b1-a9b8-f5da3badfbbf: RuntimeError: No port found with ID 6b22e98c-60cd-47b1-a9b8-f5da3badfbbf
2026-05-25 01:51:12.574 9 WARNING neutron.api.rpc.agentnotifiers.dhcp_rpc_agent_api [None req-ebac51a1-7d9a-4ae8-9690-4e0c7af42b1e dd4fa79d553a4b6ca8087b0e3bf75368 c4aabb282dc441ee885516a803c13fe4 - - default default] Unable to schedule network e1df2ba7-fb69-455a-a917-b0e11eda2793: no agents available; will retry on subsequent port and subnet creation events.
2026-05-25 01:51:12.586 9 INFO neutron.wsgi [None req-e7ebc7f8-b15b-4ace-a1e5-2a8f90da0d3b a506896e634d492cb3a00890ba4d91f0 d1389826d5624091bab7a8fbed9dceb0 - - default default] 10.0.0.86 "POST /v2.0/security-group-rules HTTP/1.1" status: 201 len: 800 time: 0.3046587
2026-05-25 01:51:12.619 9 INFO neutron.wsgi [None req-c9f9cb18-d6fc-4d88-a4ea-82a5987effe0 a506896e634d492cb3a00890ba4d91f0 d1389826d5624091bab7a8fbed9dceb0 - - default default] 10.0.0.86 "GET /v2.0/security-group-rules/5a2d545b-a8eb-4563-b70c-1006947935cd HTTP/1.1" status: 200 len: 795 time: 0.0258701
2026-05-25 01:51:12.705 10 INFO neutron.wsgi [None req-8dbf6009-1ff2-41e0-a9cc-74d146891200 7e300b396db94b24b25968d039d9cabe 6ef05087d76e44928760242c774eb022 - - default default] 10.0.0.86 "DELETE /v2.0/security-groups/e9b9c2cd-cfac-4ff3-bff4-f83800d4796c HTTP/1.1" status: 204 len: 168 time: 0.3489764
2026-05-25 01:51:12.728 10 WARNING neutron.scheduler.dhcp_agent_scheduler [None req-0dad1dcb-f2ea-4133-8082-9ba5f904b1a5 3cae39053362418186b913c80b019a5d 464273a26c6442d68143b7cc8fb36f29 - - default default] No more DHCP agents
2026-05-25 01:51:12.730 10 WARNING neutron.api.rpc.agentnotifiers.dhcp_rpc_agent_api [None req-0dad1dcb-f2ea-4133-8082-9ba5f904b1a5 3cae39053362418186b913c80b019a5d 464273a26c6442d68143b7cc8fb36f29 - - default default] Unable to schedule network cfc7aae0-a83b-45ab-ac0f-fce7ceafa9f4: no agents available; will retry on subsequent port and subnet creation events.
2026-05-25 01:51:12.751 9 INFO neutron.wsgi [None req-a77dd8b2-b7ca-4438-bf6d-880536a25654 a506896e634d492cb3a00890ba4d91f0 d1389826d5624091bab7a8fbed9dceb0 - - default default] 10.0.0.86 "GET /v2.0/security-group-rules HTTP/1.1" status: 200 len: 4333 time: 0.1271408
2026-05-25 01:51:12.785 9 INFO neutron.db.ovn_revision_numbers_db [None req-ebac51a1-7d9a-4ae8-9690-4e0c7af42b1e dd4fa79d553a4b6ca8087b0e3bf75368 c4aabb282dc441ee885516a803c13fe4 - - default default] Successfully bumped revision number for resource 7fa6d737-6138-4dd4-9e1b-b5f56cc04d32 (type: ports) to 1
2026-05-25 01:51:12.958 10 INFO neutron.db.ovn_revision_numbers_db [None req-0dad1dcb-f2ea-4133-8082-9ba5f904b1a5 3cae39053362418186b913c80b019a5d 464273a26c6442d68143b7cc8fb36f29 - - default default] Successfully bumped revision number for resource fe00f1e5-0cbf-49d1-bf71-148de6fac044 (type: ports) to 1
2026-05-25 01:51:13.011 10 INFO neutron.wsgi [None req-ce4da461-cd27-41e3-ac40-94531cf88824 a506896e634d492cb3a00890ba4d91f0 d1389826d5624091bab7a8fbed9dceb0 - - default default] 10.0.0.86 "DELETE /v2.0/security-group-rules/5a2d545b-a8eb-4563-b70c-1006947935cd HTTP/1.1" status: 204 len: 168 time: 0.2527943
2026-05-25 01:51:13.088 10 INFO neutron.db.ovn_revision_numbers_db [None req-738536ed-ad38-4b9b-8c68-821f98a5d7bf 7e300b396db94b24b25968d039d9cabe 6ef05087d76e44928760242c774eb022 - - default default] Successfully bumped revision number for resource e6091194-297f-442a-820f-1cbed1b8221b (type: security_groups) to 1
2026-05-25 01:51:13.333 9 INFO neutron.wsgi [-] 10.0.0.25 "GET / HTTP/1.1" status: 200 len: 247 time: 0.0016439
2026-05-25 01:51:13.334 9 INFO neutron.wsgi [-] 10.0.0.25 "GET / HTTP/1.1" status: 200 len: 247 time: 0.0010543
2026-05-25 01:51:13.369 10 INFO neutron.db.ovn_revision_numbers_db [None req-738536ed-ad38-4b9b-8c68-821f98a5d7bf 7e300b396db94b24b25968d039d9cabe 6ef05087d76e44928760242c774eb022 - - default default] Successfully bumped revision number for resource 02ac8234-7df1-479a-abbc-41808380d32f (type: security_group_rules) to 0
2026-05-25 01:51:13.401 10 INFO neutron.db.ovn_revision_numbers_db [None req-738536ed-ad38-4b9b-8c68-821f98a5d7bf 7e300b396db94b24b25968d039d9cabe 6ef05087d76e44928760242c774eb022 - - default default] Successfully bumped revision number for resource 06c239cb-56e6-4a96-a0bc-d91a9c6b17d5 (type: security_group_rules) to 0
2026-05-25 01:51:13.408 10 INFO neutron.wsgi [None req-ef2990fe-03f0-4b28-934b-4fa02e73889b a506896e634d492cb3a00890ba4d91f0 d1389826d5624091bab7a8fbed9dceb0 - - default default] 10.0.0.86 "GET /v2.0/security-group-rules HTTP/1.1" status: 200 len: 3755 time: 0.3895845
2026-05-25 01:51:13.418 10 WARNING neutron_lib.context [None req-7f509241-ac72-47da-a175-caa3f438d837 a506896e634d492cb3a00890ba4d91f0 d1389826d5624091bab7a8fbed9dceb0 - - default default] Method 'is_advsvc' is deprecated since 2023.2 release (neutron-lib 3.8.0) and will be removed once support for the old RBAC API policies will be removed from Neutron. Please use method 'is_service_role' instead.
2026-05-25 01:51:13.448 10 INFO neutron.db.ovn_revision_numbers_db [None req-738536ed-ad38-4b9b-8c68-821f98a5d7bf 7e300b396db94b24b25968d039d9cabe 6ef05087d76e44928760242c774eb022 - - default default] Successfully bumped revision number for resource 3fab1d00-1c63-4f58-a529-8564594638df (type: security_group_rules) to 0
2026-05-25 01:51:13.448 9 ERROR ovsdbapp.backend.ovs_idl.command [None req-ebac51a1-7d9a-4ae8-9690-4e0c7af42b1e dd4fa79d553a4b6ca8087b0e3bf75368 c4aabb282dc441ee885516a803c13fe4 - - default default] Error executing command (DbGetCommand): ovsdbapp.backend.ovs_idl.idlutils.RowNotFound: Cannot find Logical_Router_Port with name=lrp-7fa6d737-6138-4dd4-9e1b-b5f56cc04d32
2026-05-25 01:51:13.448 9 ERROR ovsdbapp.backend.ovs_idl.command
Traceback (most recent call last):
2026-05-25 01:51:13.448 9 ERROR ovsdbapp.backend.ovs_idl.command
File "/var/lib/openstack/lib/python3.10/site-packages/ovsdbapp/backend/ovs_idl/command.py", line 47, in execute
2026-05-25 01:51:13.448 9 ERROR ovsdbapp.backend.ovs_idl.command self.run_idl(None)
2026-05-25 01:51:13.448 9 ERROR ovsdbapp.backend.ovs_idl.command
File "/var/lib/openstack/lib/python3.10/site-packages/ovsdbapp/backend/ovs_idl/command.py", line 235, in run_idl
2026-05-25 01:51:13.448 9 ERROR ovsdbapp.backend.ovs_idl.command record = self.api.lookup(self.table, self.record)
2026-05-25 01:51:13.448 9 ERROR ovsdbapp.backend.ovs_idl.command
File "/var/lib/openstack/lib/python3.10/site-packages/ovsdbapp/backend/ovs_idl/__init__.py", line 184, in lookup
2026-05-25 01:51:13.448 9 ERROR ovsdbapp.backend.ovs_idl.command return self._lookup(table, record)
2026-05-25 01:51:13.448 9 ERROR ovsdbapp.backend.ovs_idl.command
File "/var/lib/openstack/lib/python3.10/site-packages/ovsdbapp/backend/ovs_idl/__init__.py", line 235, in _lookup
2026-05-25 01:51:13.448 9 ERROR ovsdbapp.backend.ovs_idl.command row = idlutils.row_by_value(self, rl.table, rl.column, record)
2026-05-25 01:51:13.448 9 ERROR ovsdbapp.backend.ovs_idl.command
File "/var/lib/openstack/lib/python3.10/site-packages/ovsdbapp/backend/ovs_idl/idlutils.py", line 114, in row_by_value
2026-05-25 01:51:13.448 9 ERROR ovsdbapp.backend.ovs_idl.command raise RowNotFound(table=table, col=column, match=match)
2026-05-25 01:51:13.448 9 ERROR ovsdbapp.backend.ovs_idl.command ovsdbapp.backend.ovs_idl.idlutils.RowNotFound: Cannot find Logical_Router_Port with name=lrp-7fa6d737-6138-4dd4-9e1b-b5f56cc04d32
2026-05-25 01:51:13.448 9 ERROR ovsdbapp.backend.ovs_idl.command 
2026-05-25 01:51:13.449 9 ERROR neutron_lib.callbacks.manager [None req-ebac51a1-7d9a-4ae8-9690-4e0c7af42b1e dd4fa79d553a4b6ca8087b0e3bf75368 c4aabb282dc441ee885516a803c13fe4 - - default default] Error during notification for neutron.services.ovn_l3.plugin.OVNL3RouterPlugin._port_update-8758465173231 port, after_update: ovsdbapp.backend.ovs_idl.idlutils.RowNotFound: Cannot find Logical_Router_Port with name=lrp-7fa6d737-6138-4dd4-9e1b-b5f56cc04d32
2026-05-25 01:51:13.449 9 ERROR neutron_lib.callbacks.manager
Traceback (most recent call last):
2026-05-25 01:51:13.449 9 ERROR neutron_lib.callbacks.manager
File "/var/lib/openstack/lib/python3.10/site-packages/neutron_lib/callbacks/manager.py", line 189, in _notify_loop
2026-05-25 01:51:13.449 9 ERROR neutron_lib.callbacks.manager callback.method(resource, event, trigger, payload=payload)
2026-05-25 01:51:13.449 9 ERROR neutron_lib.callbacks.manager
File "/var/lib/openstack/lib/python3.10/site-packages/neutron/services/ovn_l3/plugin.py", line 391, in _port_update
2026-05-25 01:51:13.449 9 ERROR neutron_lib.callbacks.manager l3plugin._ovn_client.update_router_port(context,
2026-05-25 01:51:13.449 9 ERROR neutron_lib.callbacks.manager
File "/var/lib/openstack/lib/python3.10/site-packages/neutron/plugins/ml2/drivers/ovn/mech_driver/ovsdb/ovn_client.py", line 1878, in update_router_port
2026-05-25 01:51:13.449 9 ERROR neutron_lib.callbacks.manager self._update_lrouter_port(context, port, if_exists=if_exists,
2026-05-25 01:51:13.449 9 ERROR neutron_lib.callbacks.manager
File "/var/lib/openstack/lib/python3.10/site-packages/neutron/plugins/ml2/drivers/ovn/mech_driver/ovsdb/ovn_client.py", line 1855, in _update_lrouter_port
2026-05-25 01:51:13.449 9 ERROR neutron_lib.callbacks.manager external_ids = self._nb_idl.db_get(
2026-05-25 01:51:13.449 9 ERROR neutron_lib.callbacks.manager
File "/var/lib/openstack/lib/python3.10/site-packages/ovsdbapp/backend/ovs_idl/command.py", line 47, in execute
2026-05-25 01:51:13.449 9 ERROR neutron_lib.callbacks.manager self.run_idl(None)
2026-05-25 01:51:13.449 9 ERROR neutron_lib.callbacks.manager
File "/var/lib/openstack/lib/python3.10/site-packages/ovsdbapp/backend/ovs_idl/command.py", line 235, in run_idl
2026-05-25 01:51:13.449 9 ERROR neutron_lib.callbacks.manager record = self.api.lookup(self.table, self.record)
2026-05-25 01:51:13.449 9 ERROR neutron_lib.callbacks.manager
File "/var/lib/openstack/lib/python3.10/site-packages/ovsdbapp/backend/ovs_idl/__init__.py", line 184, in lookup
2026-05-25 01:51:13.449 9 ERROR neutron_lib.callbacks.manager return self._lookup(table, record)
2026-05-25 01:51:13.449 9 ERROR neutron_lib.callbacks.manager
File "/var/lib/openstack/lib/python3.10/site-packages/ovsdbapp/backend/ovs_idl/__init__.py", line 235, in _lookup
2026-05-25 01:51:13.449 9 ERROR neutron_lib.callbacks.manager row = idlutils.row_by_value(self, rl.table, rl.column, record)
2026-05-25 01:51:13.449 9 ERROR neutron_lib.callbacks.manager
File "/var/lib/openstack/lib/python3.10/site-packages/ovsdbapp/backend/ovs_idl/idlutils.py", line 114, in row_by_value
2026-05-25 01:51:13.449 9 ERROR neutron_lib.callbacks.manager raise RowNotFound(table=table, col=column, match=match)
2026-05-25 01:51:13.449 9 ERROR neutron_lib.callbacks.manager ovsdbapp.backend.ovs_idl.idlutils.RowNotFound: Cannot find Logical_Router_Port with name=lrp-7fa6d737-6138-4dd4-9e1b-b5f56cc04d32
2026-05-25 01:51:13.449 9 ERROR neutron_lib.callbacks.manager 
2026-05-25 01:51:13.485 10 INFO neutron.db.ovn_revision_numbers_db [None req-738536ed-ad38-4b9b-8c68-821f98a5d7bf 7e300b396db94b24b25968d039d9cabe 6ef05087d76e44928760242c774eb022 - - default default] Successfully bumped revision number for resource ff806efb-9ba9-4a2f-926f-18ee3266ec9a (type: security_group_rules) to 0
2026-05-25 01:51:13.517 10 INFO neutron.wsgi [None req-738536ed-ad38-4b9b-8c68-821f98a5d7bf 7e300b396db94b24b25968d039d9cabe 6ef05087d76e44928760242c774eb022 - - default default] 10.0.0.86 "GET /v2.0/security-groups?tenant_id=a5f9e22c98fc4a8da0a56a7db79e7539&name=default HTTP/1.1" status: 200 len: 3120 time: 0.6918845
2026-05-25 01:51:13.642 10 INFO neutron.db.ovn_revision_numbers_db [None req-7f509241-ac72-47da-a175-caa3f438d837 a506896e634d492cb3a00890ba4d91f0 d1389826d5624091bab7a8fbed9dceb0 - - default default] Successfully bumped revision number for resource 7092d45d-a516-4e60-912f-3f4f19531708 (type: security_group_rules) to 0
2026-05-25 01:51:13.659 9 INFO neutron.plugins.ml2.drivers.ovn.mech_driver.mech_driver [None req-de48258b-1c33-4551-945e-10074b2bfeab - - - - - -] OVN reports status up for port: 7fa6d737-6138-4dd4-9e1b-b5f56cc04d32
2026-05-25 01:51:13.678 9 INFO neutron.plugins.ml2.plugin [None req-de48258b-1c33-4551-945e-10074b2bfeab - - - - - -] Attempt 1 to provision port 7fa6d737-6138-4dd4-9e1b-b5f56cc04d32
2026-05-25 01:51:13.686 10 INFO neutron.wsgi [None req-7f509241-ac72-47da-a175-caa3f438d837 a506896e634d492cb3a00890ba4d91f0 d1389826d5624091bab7a8fbed9dceb0 - - default default] 10.0.0.86 "POST /v2.0/security-group-rules HTTP/1.1" status: 201 len: 800 time: 0.2739010
2026-05-25 01:51:13.706 9 INFO neutron.db.ovn_revision_numbers_db [None req-ebac51a1-7d9a-4ae8-9690-4e0c7af42b1e dd4fa79d553a4b6ca8087b0e3bf75368 c4aabb282dc441ee885516a803c13fe4 - - default default] Successfully bumped revision number for resource 7fa6d737-6138-4dd4-9e1b-b5f56cc04d32 (type: ports) to 1
2026-05-25 01:51:13.718 10 INFO neutron.wsgi [None req-d632a6fe-2d52-4ef7-bc6e-c659749ce0ec a506896e634d492cb3a00890ba4d91f0 d1389826d5624091bab7a8fbed9dceb0 - - default default] 10.0.0.86 "GET /v2.0/security-group-rules/7092d45d-a516-4e60-912f-3f4f19531708 HTTP/1.1" status: 200 len: 795 time: 0.0254087
2026-05-25 01:51:13.804 9 WARNING neutron.scheduler.dhcp_agent_scheduler [None req-ebac51a1-7d9a-4ae8-9690-4e0c7af42b1e dd4fa79d553a4b6ca8087b0e3bf75368 c4aabb282dc441ee885516a803c13fe4 - - default default] No more DHCP agents
2026-05-25 01:51:13.814 10 INFO neutron.wsgi [None req-8959895c-2a30-4c6b-ba66-2f8c2c20db68 a506896e634d492cb3a00890ba4d91f0 d1389826d5624091bab7a8fbed9dceb0 - - default default] 10.0.0.86 "GET /v2.0/security-group-rules HTTP/1.1" status: 200 len: 4333 time: 0.0904868
2026-05-25 01:51:13.816 9 WARNING neutron.api.rpc.agentnotifiers.dhcp_rpc_agent_api [None req-ebac51a1-7d9a-4ae8-9690-4e0c7af42b1e dd4fa79d553a4b6ca8087b0e3bf75368 c4aabb282dc441ee885516a803c13fe4 - - default default] Unable to schedule network e1df2ba7-fb69-455a-a917-b0e11eda2793: no agents available; will retry on subsequent port and subnet creation events.
2026-05-25 01:51:13.962 9 INFO neutron.wsgi [None req-bbb00247-c8f7-4c5c-a242-27d9f44cc311 7e300b396db94b24b25968d039d9cabe 6ef05087d76e44928760242c774eb022 - - default default] 10.0.0.86 "DELETE /v2.0/security-groups/e6091194-297f-442a-820f-1cbed1b8221b HTTP/1.1" status: 204 len: 168 time: 0.4412541
2026-05-25 01:51:14.021 10 INFO neutron.wsgi [None req-852a3588-e10c-4556-8499-c4f6a4921086 a506896e634d492cb3a00890ba4d91f0 d1389826d5624091bab7a8fbed9dceb0 - - default default] 10.0.0.86 "DELETE /v2.0/security-group-rules/7092d45d-a516-4e60-912f-3f4f19531708 HTTP/1.1" status: 204 len: 168 time: 0.2024524
2026-05-25 01:51:14.051 9 INFO neutron.db.ovn_revision_numbers_db [None req-ebac51a1-7d9a-4ae8-9690-4e0c7af42b1e dd4fa79d553a4b6ca8087b0e3bf75368 c4aabb282dc441ee885516a803c13fe4 - - default default] Successfully bumped revision number for resource 7fa6d737-6138-4dd4-9e1b-b5f56cc04d32 (type: router_ports) to 1
2026-05-25 01:51:14.058 9 INFO neutron.wsgi [None req-ebac51a1-7d9a-4ae8-9690-4e0c7af42b1e dd4fa79d553a4b6ca8087b0e3bf75368 c4aabb282dc441ee885516a803c13fe4 - - default default] 10.0.0.86 "PUT /v2.0/routers/90b09b73-18b5-42f0-a87c-8016d7ae0646/add_router_interface HTTP/1.1" status: 200 len: 503 time: 2.0306156
2026-05-25 01:51:14.112 9 INFO neutron.wsgi [None req-2232238f-5c11-4c4b-8909-6af5a1a3c584 dd4fa79d553a4b6ca8087b0e3bf75368 c4aabb282dc441ee885516a803c13fe4 - - default default] 10.0.0.86 "GET /v2.0/ports/7fa6d737-6138-4dd4-9e1b-b5f56cc04d32 HTTP/1.1" status: 200 len: 1137 time: 0.0414670
2026-05-25 01:51:14.123 10 INFO neutron.plugins.ml2.drivers.ovn.mech_driver.ovsdb.commands [None req-160c2e94-5252-4b64-8f71-89fa3c1be061 - - - - - -] Schedule LRP lrp-fe00f1e5-0cbf-49d1-bf71-148de6fac044 on gateway d6d3ffa6-e406-478c-8f1a-9b7e765cd488 with priority 1
2026-05-25 01:51:14.140 10 INFO neutron.wsgi [None req-44784421-a984-4444-854b-416be9e2dcc1 a506896e634d492cb3a00890ba4d91f0 d1389826d5624091bab7a8fbed9dceb0 - - default default] 10.0.0.86 "GET /v2.0/security-group-rules HTTP/1.1" status: 200 len: 3755 time: 0.1035955
2026-05-25 01:51:14.151 9 WARNING neutron_lib.context [None req-8c62111d-475e-4c12-9510-27256f6afaa4 a506896e634d492cb3a00890ba4d91f0 d1389826d5624091bab7a8fbed9dceb0 - - default default] Method 'is_advsvc' is deprecated since 2023.2 release (neutron-lib 3.8.0) and will be removed once support for the old RBAC API policies will be removed from Neutron. Please use method 'is_service_role' instead.
2026-05-25 01:51:14.170 10 INFO neutron.db.ovn_revision_numbers_db [None req-0dad1dcb-f2ea-4133-8082-9ba5f904b1a5 3cae39053362418186b913c80b019a5d 464273a26c6442d68143b7cc8fb36f29 - - default default] Successfully bumped revision number for resource fe00f1e5-0cbf-49d1-bf71-148de6fac044 (type: router_ports) to 1
2026-05-25 01:51:14.181 9 INFO neutron.wsgi [None req-8d1388ee-74ed-4675-ba34-eeee4f150aa9 dd4fa79d553a4b6ca8087b0e3bf75368 c4aabb282dc441ee885516a803c13fe4 - - default default] 10.0.0.86 "GET /v2.0/ports/7fa6d737-6138-4dd4-9e1b-b5f56cc04d32 HTTP/1.1" status: 200 len: 1137 time: 0.0637546
2026-05-25 01:51:14.261 10 INFO neutron.db.ovn_revision_numbers_db [None req-0dad1dcb-f2ea-4133-8082-9ba5f904b1a5 3cae39053362418186b913c80b019a5d 464273a26c6442d68143b7cc8fb36f29 - - default default] Successfully bumped revision number for resource 0d1ad861-32f9-479a-93d8-fa8bc193fcea (type: routers) to 2
2026-05-25 01:51:14.272 9 INFO neutron.db.securitygroups_db [None req-8c62111d-475e-4c12-9510-27256f6afaa4 a506896e634d492cb3a00890ba4d91f0 d1389826d5624091bab7a8fbed9dceb0 - - default default] Project d1389826d5624091bab7a8fbed9dceb0 added a security group rule with legacy IPv6 ICMP protocol name icmp, ipv6-icmp should be used instead. It was automatically converted.
2026-05-25 01:51:14.290 10 INFO neutron.wsgi [None req-0dad1dcb-f2ea-4133-8082-9ba5f904b1a5 3cae39053362418186b913c80b019a5d 464273a26c6442d68143b7cc8fb36f29 - - default default] 10.0.0.86 "POST /v2.0/routers HTTP/1.1" status: 201 len: 1153 time: 2.1312797
2026-05-25 01:51:14.415 9 INFO neutron.db.ovn_revision_numbers_db [None req-de48258b-1c33-4551-945e-10074b2bfeab - - - - - -] Successfully bumped revision number for resource 7fa6d737-6138-4dd4-9e1b-b5f56cc04d32 (type: ports) to 2
2026-05-25 01:51:14.473 9 INFO neutron.db.ovn_revision_numbers_db [None req-8c62111d-475e-4c12-9510-27256f6afaa4 a506896e634d492cb3a00890ba4d91f0 d1389826d5624091bab7a8fbed9dceb0 - - default default] Successfully bumped revision number for resource 24213520-4c5a-40bd-b2f0-6cafaed8cd62 (type: security_group_rules) to 0
2026-05-25 01:51:14.527 9 INFO neutron.wsgi [None req-8c62111d-475e-4c12-9510-27256f6afaa4 a506896e634d492cb3a00890ba4d91f0 d1389826d5624091bab7a8fbed9dceb0 - - default default] 10.0.0.86 "POST /v2.0/security-group-rules HTTP/1.1" status: 201 len: 806 time: 0.3801317
2026-05-25 01:51:14.550 10 INFO neutron.wsgi [None req-4fadd4e5-e3f6-4e81-a6fc-20eb8c0f7e81 a506896e634d492cb3a00890ba4d91f0 d1389826d5624091bab7a8fbed9dceb0 - - default default] 10.0.0.86 "GET /v2.0/security-group-rules/24213520-4c5a-40bd-b2f0-6cafaed8cd62 HTTP/1.1" status: 200 len: 801 time: 0.0187049
2026-05-25 01:51:14.620 9 INFO neutron.db.ovn_revision_numbers_db [None req-de48258b-1c33-4551-945e-10074b2bfeab - - - - - -] Successfully bumped revision number for resource 7fa6d737-6138-4dd4-9e1b-b5f56cc04d32 (type: router_ports) to 2
2026-05-25 01:51:14.659 9 INFO neutron.wsgi [None req-f8fddb3e-cd1e-4bfe-bf8f-14fa34226054 a506896e634d492cb3a00890ba4d91f0 d1389826d5624091bab7a8fbed9dceb0 - - default default] 10.0.0.86 "GET /v2.0/security-group-rules HTTP/1.1" status: 200 len: 4339 time: 0.1028850
2026-05-25 01:51:14.933 10 WARNING neutron.scheduler.dhcp_agent_scheduler [None req-91db262b-d9b3-450e-ac9d-970b0ec5158b 3cae39053362418186b913c80b019a5d 464273a26c6442d68143b7cc8fb36f29 - - default default] No more DHCP agents
2026-05-25 01:51:14.936 10 WARNING neutron.api.rpc.agentnotifiers.dhcp_rpc_agent_api [None req-91db262b-d9b3-450e-ac9d-970b0ec5158b 3cae39053362418186b913c80b019a5d 464273a26c6442d68143b7cc8fb36f29 - - default default] Unable to schedule network a19b0bab-a56a-4662-8278-fc6c5b91cf81: no agents available; will retry on subsequent port and subnet creation events.
2026-05-25 01:51:15.054 9 INFO neutron.wsgi [None req-2884be9e-70cd-4a23-84e7-9dec6ad6f67d a506896e634d492cb3a00890ba4d91f0 d1389826d5624091bab7a8fbed9dceb0 - - default default] 10.0.0.86 "DELETE /v2.0/security-group-rules/24213520-4c5a-40bd-b2f0-6cafaed8cd62 HTTP/1.1" status: 204 len: 168 time: 0.3894827
2026-05-25 01:51:15.119 10 INFO neutron.db.ovn_revision_numbers_db [None req-91db262b-d9b3-450e-ac9d-970b0ec5158b 3cae39053362418186b913c80b019a5d 464273a26c6442d68143b7cc8fb36f29 - - default default] Successfully bumped revision number for resource 6f5feced-b927-46d0-a457-55ac35a8b458 (type: ports) to 1
2026-05-25 01:51:15.136 9 INFO neutron.wsgi [None req-cbed8458-0525-4d5f-9792-f062462ae8f3 a506896e634d492cb3a00890ba4d91f0 d1389826d5624091bab7a8fbed9dceb0 - - default default] 10.0.0.86 "GET /v2.0/security-group-rules HTTP/1.1" status: 200 len: 3755 time: 0.0757349
2026-05-25 01:51:15.330 10 INFO neutron.wsgi [None req-f068e901-6e6b-489f-824a-86640f7897cb a506896e634d492cb3a00890ba4d91f0 d1389826d5624091bab7a8fbed9dceb0 - - default default] 10.0.0.86 "DELETE /v2.0/security-groups/8745a41d-7970-4aca-9357-d6a6271d3913 HTTP/1.1" status: 204 len: 168 time: 0.1799486
2026-05-25 01:51:15.351 9 INFO neutron.wsgi [None req-16609d3b-2c2a-4d09-91c0-560bc77dd5ac dd4fa79d553a4b6ca8087b0e3bf75368 c4aabb282dc441ee885516a803c13fe4 - - default default] 10.0.0.86 "PUT /v2.0/routers/90b09b73-18b5-42f0-a87c-8016d7ae0646/remove_router_interface HTTP/1.1" status: 200 len: 503 time: 1.1627548 /var/lib/openstack/lib/python3.10/site-packages/pycadf/identifier.py:71: UserWarning: Invalid uuid: neutron. To ensure interoperability, identifiers should be a valid uuid. warnings.warn(('Invalid uuid: %s. To ensure interoperability, '
2026-05-25 01:51:15.379 9 INFO neutron.wsgi [None req-95b304a4-759e-40de-b532-86f09688ecfe dd4fa79d553a4b6ca8087b0e3bf75368 c4aabb282dc441ee885516a803c13fe4 - - default default] 10.0.0.86 "GET /v2.0/ports?device_id=90b09b73-18b5-42f0-a87c-8016d7ae0646 HTTP/1.1" status: 200 len: 205 time: 0.0237763
2026-05-25 01:51:15.390 10 INFO neutron.wsgi [None req-d5a186ad-464b-4efe-8e02-2a4f4ac42bb1 a506896e634d492cb3a00890ba4d91f0 d1389826d5624091bab7a8fbed9dceb0 - - default default] 10.0.0.86 "GET /v2.0/security-groups HTTP/1.1" status: 200 len: 3120 time: 0.0542877
2026-05-25 01:51:15.451 10 INFO neutron.wsgi [None req-267e2c0e-248d-4760-80a8-310b62369dd3 a506896e634d492cb3a00890ba4d91f0 d1389826d5624091bab7a8fbed9dceb0 - - default default] 10.0.0.86 "GET /v2.0/security-groups HTTP/1.1" status: 200 len: 3120 time: 0.0523367
2026-05-25 01:51:15.625 9 INFO neutron.wsgi [None req-f0a30666-b517-4dc3-83bd-3f874e4da516 dd4fa79d553a4b6ca8087b0e3bf75368 c4aabb282dc441ee885516a803c13fe4 - - default default] 10.0.0.86 "DELETE /v2.0/routers/90b09b73-18b5-42f0-a87c-8016d7ae0646 HTTP/1.1" status: 204 len: 168 time: 0.2413681
2026-05-25 01:51:15.830 10 ERROR ovsdbapp.backend.ovs_idl.command [None req-91db262b-d9b3-450e-ac9d-970b0ec5158b 3cae39053362418186b913c80b019a5d 464273a26c6442d68143b7cc8fb36f29 - - default default] Error executing command (DbGetCommand): ovsdbapp.backend.ovs_idl.idlutils.RowNotFound: Cannot find Logical_Router_Port with name=lrp-6f5feced-b927-46d0-a457-55ac35a8b458
2026-05-25 01:51:15.830 10 ERROR ovsdbapp.backend.ovs_idl.command
Traceback (most recent call last):
2026-05-25 01:51:15.830 10 ERROR ovsdbapp.backend.ovs_idl.command
File "/var/lib/openstack/lib/python3.10/site-packages/ovsdbapp/backend/ovs_idl/command.py", line 47, in execute
2026-05-25 01:51:15.830 10 ERROR ovsdbapp.backend.ovs_idl.command self.run_idl(None)
2026-05-25 01:51:15.830 10 ERROR ovsdbapp.backend.ovs_idl.command
File "/var/lib/openstack/lib/python3.10/site-packages/ovsdbapp/backend/ovs_idl/command.py", line 235, in run_idl
2026-05-25 01:51:15.830 10 ERROR ovsdbapp.backend.ovs_idl.command record = self.api.lookup(self.table, self.record)
2026-05-25 01:51:15.830 10 ERROR ovsdbapp.backend.ovs_idl.command
File "/var/lib/openstack/lib/python3.10/site-packages/ovsdbapp/backend/ovs_idl/__init__.py", line 184, in lookup
2026-05-25 01:51:15.830 10 ERROR ovsdbapp.backend.ovs_idl.command return self._lookup(table, record)
2026-05-25 01:51:15.830 10 ERROR ovsdbapp.backend.ovs_idl.command
File "/var/lib/openstack/lib/python3.10/site-packages/ovsdbapp/backend/ovs_idl/__init__.py", line 235, in _lookup
2026-05-25 01:51:15.830 10 ERROR ovsdbapp.backend.ovs_idl.command row = idlutils.row_by_value(self, rl.table, rl.column, record)
