2026-05-25 01:52:57.433 9 INFO neutron.db.ovn_revision_numbers_db [None req-fc4bb1f9-c114-41dc-b16d-4852f25447be 7e300b396db94b24b25968d039d9cabe 6ef05087d76e44928760242c774eb022 - - default default] Successfully bumped revision number for resource e3f2eb32-e329-47a0-9b2e-f1b14106d17d (type: security_group_rules) to 0
2026-05-25 01:52:57.445 9 INFO neutron.wsgi [None req-7a226891-a989-42b3-8d53-40e3d7d72384 e564c6bca2e84413816d308b5c7e40a8 0cbe17bbb23d4f4cb94e5b592512d751 - - default default] 10.0.0.86 "PUT /v2.0/networks/f7f4a4c0-0f35-4a16-a1cb-edd8bbdae807/tags/black.or.white HTTP/1.1" status: 201 len: 201 time: 0.0754142
2026-05-25 01:52:57.460 9 INFO neutron.wsgi [None req-fc4bb1f9-c114-41dc-b16d-4852f25447be 7e300b396db94b24b25968d039d9cabe 6ef05087d76e44928760242c774eb022 - - default default] 10.0.0.86 "GET /v2.0/security-groups?tenant_id=c3975a49cd3541c2a7aa52db2990ef3b&name=default HTTP/1.1" status: 200 len: 3120 time: 0.3192172
2026-05-25 01:52:57.493 9 INFO neutron.wsgi [None req-fc73b5a9-7654-403d-8a94-a0c563ec9e94 e564c6bca2e84413816d308b5c7e40a8 0cbe17bbb23d4f4cb94e5b592512d751 - - default default] 10.0.0.86 "GET /v2.0/networks/f7f4a4c0-0f35-4a16-a1cb-edd8bbdae807/tags HTTP/1.1" status: 200 len: 245 time: 0.0429800
2026-05-25 01:52:57.565 10 INFO neutron.wsgi [None req-642268bd-fa42-4ebb-8087-00821c632aee e564c6bca2e84413816d308b5c7e40a8 0cbe17bbb23d4f4cb94e5b592512d751 - - default default] 10.0.0.86 "PUT /v2.0/networks/f7f4a4c0-0f35-4a16-a1cb-edd8bbdae807/tags HTTP/1.1" status: 200 len: 230 time: 0.0665677
2026-05-25 01:52:57.617 9 INFO neutron.wsgi [None req-eea851e4-bf7b-4267-8d91-8a4a468014fd e564c6bca2e84413816d308b5c7e40a8 0cbe17bbb23d4f4cb94e5b592512d751 - - default default] 10.0.0.86 "GET /v2.0/networks/f7f4a4c0-0f35-4a16-a1cb-edd8bbdae807/tags HTTP/1.1" status: 200 len: 230 time: 0.0483050
2026-05-25 01:52:57.684 9 INFO neutron.wsgi [None req-6f542634-dff8-463a-8184-aa1bb81207e2 e564c6bca2e84413816d308b5c7e40a8 0cbe17bbb23d4f4cb94e5b592512d751 - - default default] 10.0.0.86 "GET /v2.0/networks/f7f4a4c0-0f35-4a16-a1cb-edd8bbdae807/tags/red HTTP/1.1" status: 204 len: 168 time: 0.0615706
2026-05-25 01:52:57.748 10 INFO neutron.api.v2.resource [None req-b27eaf59-4502-4c66-8ac5-2f6624a90bce e564c6bca2e84413816d308b5c7e40a8 0cbe17bbb23d4f4cb94e5b592512d751 - - default default] show failed (client error): The resource could not be found.
2026-05-25 01:52:57.750 10 INFO neutron.wsgi [None req-b27eaf59-4502-4c66-8ac5-2f6624a90bce e564c6bca2e84413816d308b5c7e40a8 0cbe17bbb23d4f4cb94e5b592512d751 - - default default] 10.0.0.86 "GET /v2.0/networks/f7f4a4c0-0f35-4a16-a1cb-edd8bbdae807/tags/green HTTP/1.1" status: 404 len: 299 time: 0.0607035
2026-05-25 01:52:57.781 9 INFO neutron.wsgi [None req-85a723f1-d03d-4fe3-af6d-0dbb2e8fb119 610567179ae142609b4b87377e8beff6 9bdbf2d932a64691b406b025dfcb7089 - - default default] 10.0.0.86 "GET /v2.0/networks HTTP/1.1" status: 200 len: 1493 time: 0.2243371
2026-05-25 01:52:57.785 10 INFO neutron.wsgi [None req-779515df-d689-43ab-b299-8a44dbe61d9c 7e300b396db94b24b25968d039d9cabe 6ef05087d76e44928760242c774eb022 - - default default] 10.0.0.86 "DELETE /v2.0/security-groups/9aa51c57-0a74-4fa5-ae8b-7b4e670f53ae HTTP/1.1" status: 204 len: 168 time: 0.3194103
2026-05-25 01:52:57.813 10 INFO neutron.db.ovn_revision_numbers_db [None req-17ab946c-b813-4e6d-a9a0-092fca58fb2c 7e300b396db94b24b25968d039d9cabe 6ef05087d76e44928760242c774eb022 - - default default] Successfully bumped revision number for resource 370aec1c-ab66-412f-bbe7-a48693e13b9a (type: security_groups) to 1
2026-05-25 01:52:57.829 10 INFO neutron.wsgi [None req-48712f09-fd35-4de0-bc36-e8d803dbc868 e564c6bca2e84413816d308b5c7e40a8 0cbe17bbb23d4f4cb94e5b592512d751 - - default default] 10.0.0.86 "DELETE /v2.0/networks/f7f4a4c0-0f35-4a16-a1cb-edd8bbdae807/tags/red HTTP/1.1" status: 204 len: 168 time: 0.0711880
2026-05-25 01:52:57.830 10 INFO neutron.db.ovn_revision_numbers_db [None req-17ab946c-b813-4e6d-a9a0-092fca58fb2c 7e300b396db94b24b25968d039d9cabe 6ef05087d76e44928760242c774eb022 - - default default] Successfully bumped revision number for resource 208bf667-58ce-4431-ae9b-dc60dbf2bd96 (type: security_group_rules) to 0
2026-05-25 01:52:57.866 10 INFO neutron.db.ovn_revision_numbers_db [None req-17ab946c-b813-4e6d-a9a0-092fca58fb2c 7e300b396db94b24b25968d039d9cabe 6ef05087d76e44928760242c774eb022 - - default default] Successfully bumped revision number for resource 520ba6ce-49e6-439f-9abc-6b0f9ea21219 (type: security_group_rules) to 0
2026-05-25 01:52:57.892 10 INFO neutron.wsgi [None req-72b74b16-687e-4f52-bf1f-1258a9991640 e564c6bca2e84413816d308b5c7e40a8 0cbe17bbb23d4f4cb94e5b592512d751 - - default default] 10.0.0.86 "GET /v2.0/networks/f7f4a4c0-0f35-4a16-a1cb-edd8bbdae807/tags HTTP/1.1" status: 200 len: 223 time: 0.0569870
2026-05-25 01:52:57.893 10 INFO neutron.db.ovn_revision_numbers_db [None req-17ab946c-b813-4e6d-a9a0-092fca58fb2c 7e300b396db94b24b25968d039d9cabe 6ef05087d76e44928760242c774eb022 - - default default] Successfully bumped revision number for resource b5ce4aeb-955a-4431-8ea6-7ca6d90a826c (type: security_group_rules) to 0
2026-05-25 01:52:57.920 10 INFO neutron.db.ovn_revision_numbers_db [None req-17ab946c-b813-4e6d-a9a0-092fca58fb2c 7e300b396db94b24b25968d039d9cabe 6ef05087d76e44928760242c774eb022 - - default default] Successfully bumped revision number for resource ff358e0b-d1d3-4b80-b349-8a3e6a586d35 (type: security_group_rules) to 0
2026-05-25 01:52:57.956 10 INFO neutron.wsgi [req-6aa89e28-af1f-4e4b-8cd7-e51a8a57ea00 req-2f65f4ad-24ba-4bbc-95ca-cf102032928b 610567179ae142609b4b87377e8beff6 9bdbf2d932a64691b406b025dfcb7089 - - default default] 10.0.0.56 "GET /v2.0/security-groups?name=tempest-secgroup-smoke-1209700283&fields=id&tenant_id=9bdbf2d932a64691b406b025dfcb7089 HTTP/1.1" status: 200 len: 267 time: 0.0862818
2026-05-25 01:52:57.967 10 INFO neutron.wsgi [None req-17ab946c-b813-4e6d-a9a0-092fca58fb2c 7e300b396db94b24b25968d039d9cabe 6ef05087d76e44928760242c774eb022 - - default default] 10.0.0.86 "GET /v2.0/security-groups?tenant_id=b2263d75a97c4109ac626424478741ac&name=default HTTP/1.1" status: 200 len: 3120 time: 0.5203910
2026-05-25 01:52:57.998 10 INFO neutron.api.v2.resource [None req-50b2342a-ccbf-4c24-992f-db3ed2396a40 e564c6bca2e84413816d308b5c7e40a8 0cbe17bbb23d4f4cb94e5b592512d751 - - default default] delete failed (client error): The resource could not be found.
2026-05-25 01:52:57.999 10 INFO neutron.wsgi [None req-50b2342a-ccbf-4c24-992f-db3ed2396a40 e564c6bca2e84413816d308b5c7e40a8 0cbe17bbb23d4f4cb94e5b592512d751 - - default default] 10.0.0.86 "DELETE /v2.0/networks/f7f4a4c0-0f35-4a16-a1cb-edd8bbdae807/tags/green HTTP/1.1" status: 404 len: 299 time: 0.0999629
2026-05-25 01:52:58.059 10 INFO neutron.wsgi [req-6aa89e28-af1f-4e4b-8cd7-e51a8a57ea00 req-8f5c6896-bf4d-4feb-81a6-f18cdfafd814 610567179ae142609b4b87377e8beff6 9bdbf2d932a64691b406b025dfcb7089 - - default default] 10.0.0.56 "GET /v2.0/networks?id=dbc8efb9-8986-42ad-ae53-64446d5b50d5 HTTP/1.1" status: 200 len: 860 time: 0.0950336
2026-05-25 01:52:58.066 9 INFO neutron.db.ovn_revision_numbers_db [None req-6df05d1f-e190-462e-86c8-731cc3795a4d 7e300b396db94b24b25968d039d9cabe 6ef05087d76e44928760242c774eb022 - - default default] Successfully bumped revision number for resource a08d3f87-139b-4d28-ac2a-35ead2b17a8f (type: security_groups) to 1
2026-05-25 01:52:58.077 10 INFO neutron.wsgi [req-6aa89e28-af1f-4e4b-8cd7-e51a8a57ea00 req-e4da39a5-51c8-442c-9219-6b11194cba17 610567179ae142609b4b87377e8beff6 9bdbf2d932a64691b406b025dfcb7089 - - default default] 10.0.0.56 "GET /v2.0/quotas/9bdbf2d932a64691b406b025dfcb7089 HTTP/1.1" status: 200 len: 491 time: 0.0102835
2026-05-25 01:52:58.091 9 INFO neutron.wsgi [None req-617c7f1c-b81b-4830-b334-58f5ef06ce58 e564c6bca2e84413816d308b5c7e40a8 0cbe17bbb23d4f4cb94e5b592512d751 - - default default] 10.0.0.86 "DELETE /v2.0/networks/f7f4a4c0-0f35-4a16-a1cb-edd8bbdae807/tags HTTP/1.1" status: 204 len: 168 time: 0.0837779
2026-05-25 01:52:58.103 9 INFO neutron.db.ovn_revision_numbers_db [None req-6df05d1f-e190-462e-86c8-731cc3795a4d 7e300b396db94b24b25968d039d9cabe 6ef05087d76e44928760242c774eb022 - - default default] Successfully bumped revision number for resource 27098973-8748-4758-a617-120eb9ec2002 (type: security_group_rules) to 0
2026-05-25 01:52:58.141 9 INFO neutron.db.ovn_revision_numbers_db [None req-6df05d1f-e190-462e-86c8-731cc3795a4d 7e300b396db94b24b25968d039d9cabe 6ef05087d76e44928760242c774eb022 - - default default] Successfully bumped revision number for resource 5622506c-6dc5-43e9-890b-7776233d8fe9 (type: security_group_rules) to 0
2026-05-25 01:52:58.158 9 INFO neutron.wsgi [None req-46305559-3683-4dfb-9c65-d9ecd273ea16 e564c6bca2e84413816d308b5c7e40a8 0cbe17bbb23d4f4cb94e5b592512d751 - - default default] 10.0.0.86 "GET /v2.0/networks/f7f4a4c0-0f35-4a16-a1cb-edd8bbdae807/tags HTTP/1.1" status: 200 len: 205 time: 0.0608184
2026-05-25 01:52:58.166 9 INFO neutron.db.ovn_revision_numbers_db [None req-6df05d1f-e190-462e-86c8-731cc3795a4d 7e300b396db94b24b25968d039d9cabe 6ef05087d76e44928760242c774eb022 - - default default] Successfully bumped revision number for resource c3d986ce-ff9e-4d61-8b97-708071cf84aa (type: security_group_rules) to 0
2026-05-25 01:52:58.186 9 INFO neutron.db.ovn_revision_numbers_db [None req-6df05d1f-e190-462e-86c8-731cc3795a4d 7e300b396db94b24b25968d039d9cabe 6ef05087d76e44928760242c774eb022 - - default default] Successfully bumped revision number for resource f18e035d-b1eb-4d6e-bd27-91983ec66d3b (type: security_group_rules) to 0
2026-05-25 01:52:58.208 9 INFO neutron.wsgi [None req-6df05d1f-e190-462e-86c8-731cc3795a4d 7e300b396db94b24b25968d039d9cabe 6ef05087d76e44928760242c774eb022 - - default default] 10.0.0.86 "GET /v2.0/security-groups?tenant_id=b45e1323397845fe816913df688f673d&name=default HTTP/1.1" status: 200 len: 3120 time: 0.3128712
2026-05-25 01:52:58.220 10 INFO neutron.wsgi [req-6aa89e28-af1f-4e4b-8cd7-e51a8a57ea00 req-cbd7e1f8-2ce0-4f93-bea1-3fcf7e14712d 610567179ae142609b4b87377e8beff6 9bdbf2d932a64691b406b025dfcb7089 - - default default] 10.0.0.56 "GET /v2.0/ports?tenant_id=9bdbf2d932a64691b406b025dfcb7089&fields=id HTTP/1.1" status: 200 len: 348 time: 0.1329045
2026-05-25 01:52:58.312 10 INFO neutron.wsgi [req-6aa89e28-af1f-4e4b-8cd7-e51a8a57ea00 req-47e54d8c-c4b1-4696-bb42-fc881737a558 2af45385c8c54074a1be8669ec1f53c0 10730293bca14780ad94eb382d592dfc - - 7b06d5d001a940d48d280bf8624ee0a4 7b06d5d001a940d48d280bf8624ee0a4] 10.0.0.56 "GET /v2.0/networks/dbc8efb9-8986-42ad-ae53-64446d5b50d5?fields=segments HTTP/1.1" status: 200 len: 212 time: 0.0790627
2026-05-25 01:52:58.314 9 INFO neutron.wsgi [None req-5897fa94-27db-43aa-8540-25f68bb73bd4 7e300b396db94b24b25968d039d9cabe 6ef05087d76e44928760242c774eb022 - - default default] 10.0.0.86 "DELETE /v2.0/security-groups/370aec1c-ab66-412f-bbe7-a48693e13b9a HTTP/1.1" status: 204 len: 168 time: 0.3405280
2026-05-25 01:52:58.325 9 INFO neutron.wsgi [-] 10.0.0.25 "GET / HTTP/1.1" status: 200 len: 247 time: 0.0011945
2026-05-25 01:52:58.327 9 INFO neutron.wsgi [-] 10.0.0.25 "GET / HTTP/1.1" status: 200 len: 247 time: 0.0010536
2026-05-25 01:52:58.398 10 INFO neutron.wsgi [req-6aa89e28-af1f-4e4b-8cd7-e51a8a57ea00 req-614e944d-01da-4e4a-bf7b-4a1ec055a27c 2af45385c8c54074a1be8669ec1f53c0 10730293bca14780ad94eb382d592dfc - - 7b06d5d001a940d48d280bf8624ee0a4 7b06d5d001a940d48d280bf8624ee0a4] 10.0.0.56 "GET /v2.0/networks/dbc8efb9-8986-42ad-ae53-64446d5b50d5?fields=provider%3Aphysical_network&fields=provider%3Anetwork_type HTTP/1.1" status: 200 len: 277 time: 0.0795243
2026-05-25 01:52:58.445 9 INFO neutron.wsgi [None req-eae80b35-8e6d-42d5-a15c-a9f2079e084b 7e300b396db94b24b25968d039d9cabe 6ef05087d76e44928760242c774eb022 - - default default] 10.0.0.86 "DELETE /v2.0/security-groups/a08d3f87-139b-4d28-ac2a-35ead2b17a8f HTTP/1.1" status: 204 len: 168 time: 0.2324071
2026-05-25 01:52:58.524 9 INFO neutron.wsgi [req-dba625ca-61df-4ad3-8b3d-b5b5ea1c01c8 req-ffa88de9-e632-4215-aad2-6b5a6841f460 610567179ae142609b4b87377e8beff6 9bdbf2d932a64691b406b025dfcb7089 - - default default] 10.0.0.56 "GET /v2.0/ports?device_id=abf39212-79d1-4155-8862-41f4a273f1f8 HTTP/1.1" status: 200 len: 210 time: 0.0225227
2026-05-25 01:52:58.596 10 INFO neutron.services.segments.plugin [-] Segment 41e25053-f9d3-4c9b-a6f2-dd858931ffcf resource provider aggregate not found
2026-05-25 01:52:58.601 10 INFO neutron.services.segments.plugin [-] Segment 41e25053-f9d3-4c9b-a6f2-dd858931ffcf resource provider aggregate not found
2026-05-25 01:52:58.607 9 INFO neutron.db.ovn_revision_numbers_db [None req-24f8113d-ef5d-4bf4-9538-a074826eeb00 7e300b396db94b24b25968d039d9cabe 6ef05087d76e44928760242c774eb022 - - default default] Successfully bumped revision number for resource 3a1a84cc-3653-4a3e-becf-28e1c441b56e (type: security_groups) to 1
2026-05-25 01:52:58.619 10 INFO neutron.services.segments.plugin [-] Segment 41e25053-f9d3-4c9b-a6f2-dd858931ffcf resource provider not found; error: Placement Client Error (4xx): {"errors": [{"status": 404, "title": "Not Found", "detail": "The resource could not be found.\n\n No resource provider with uuid 41e25053-f9d3-4c9b-a6f2-dd858931ffcf found for delete ", "request_id": "req-f78d2d46-a64c-4b78-a9a3-f746ca584c34"}]}
2026-05-25 01:52:58.625 9 INFO neutron.db.ovn_revision_numbers_db [None req-24f8113d-ef5d-4bf4-9538-a074826eeb00 7e300b396db94b24b25968d039d9cabe 6ef05087d76e44928760242c774eb022 - - default default] Successfully bumped revision number for resource 3b54a27a-366b-4ede-b03f-df64be2d1399 (type: security_group_rules) to 0
2026-05-25 01:52:58.630 10 INFO neutron.services.segments.plugin [-] Segment 41e25053-f9d3-4c9b-a6f2-dd858931ffcf resource provider not found; error: Placement Client Error (4xx): {"errors": [{"status": 404, "title": "Not Found", "detail": "The resource could not be found.\n\n No resource provider with uuid 41e25053-f9d3-4c9b-a6f2-dd858931ffcf found for delete ", "request_id": "req-4ddd01f0-8271-4dd8-95ee-db70ef93c7ae"}]}
2026-05-25 01:52:58.642 10 INFO neutron.wsgi [None req-a5455651-7ebf-4715-9c4b-03b4491d57fd e564c6bca2e84413816d308b5c7e40a8 0cbe17bbb23d4f4cb94e5b592512d751 - - default default] 10.0.0.86 "DELETE /v2.0/networks/f7f4a4c0-0f35-4a16-a1cb-edd8bbdae807 HTTP/1.1" status: 204 len: 168 time: 0.4725056
2026-05-25 01:52:58.642 9 INFO neutron.db.ovn_revision_numbers_db [None req-24f8113d-ef5d-4bf4-9538-a074826eeb00 7e300b396db94b24b25968d039d9cabe 6ef05087d76e44928760242c774eb022 - - default default] Successfully bumped revision number for resource 4eaf55ed-e040-4a5d-b19a-2d64b6c58d25 (type: security_group_rules) to 0
2026-05-25 01:52:58.657 9 INFO neutron.db.ovn_revision_numbers_db [None req-24f8113d-ef5d-4bf4-9538-a074826eeb00 7e300b396db94b24b25968d039d9cabe 6ef05087d76e44928760242c774eb022 - - default default] Successfully bumped revision number for resource 54f6ce3d-ef5c-48c1-af1a-f45abaa0ff32 (type: security_group_rules) to 0
2026-05-25 01:52:58.670 9 INFO neutron.db.ovn_revision_numbers_db [None req-24f8113d-ef5d-4bf4-9538-a074826eeb00 7e300b396db94b24b25968d039d9cabe 6ef05087d76e44928760242c774eb022 - - default default] Successfully bumped revision number for resource 75a95655-12f8-477a-8245-1ac380e8966e (type: security_group_rules) to 0
2026-05-25 01:52:58.690 9 INFO neutron.wsgi [None req-24f8113d-ef5d-4bf4-9538-a074826eeb00 7e300b396db94b24b25968d039d9cabe 6ef05087d76e44928760242c774eb022 - - default default] 10.0.0.86 "GET /v2.0/security-groups?tenant_id=4467a5e8947445139dd98a940c6bc50d&name=default HTTP/1.1" status: 200 len: 3120 time: 0.2277524
2026-05-25 01:52:58.949 9 INFO neutron.wsgi [None req-bc3509c8-8933-4225-b5d1-1b8e68f69f3b 7e300b396db94b24b25968d039d9cabe 6ef05087d76e44928760242c774eb022 - - default default] 10.0.0.86 "DELETE /v2.0/security-groups/3a1a84cc-3653-4a3e-becf-28e1c441b56e HTTP/1.1" status: 204 len: 168 time: 0.2480526
2026-05-25 01:52:59.292 9 INFO neutron.wsgi [req-6aa89e28-af1f-4e4b-8cd7-e51a8a57ea00 req-ed807757-a9a4-4bb7-9fdb-59b0bc78b9c2 610567179ae142609b4b87377e8beff6 9bdbf2d932a64691b406b025dfcb7089 - - default default] 199.204.45.3 "GET /v2.0/networks?id=dbc8efb9-8986-42ad-ae53-64446d5b50d5 HTTP/1.1" status: 200 len: 860 time: 0.0836291
2026-05-25 01:52:59.349 9 INFO neutron.wsgi [req-6aa89e28-af1f-4e4b-8cd7-e51a8a57ea00 req-91fd29a8-35bd-4c87-9b32-245e02372e8b 610567179ae142609b4b87377e8beff6 9bdbf2d932a64691b406b025dfcb7089 - - default default] 199.204.45.3 "GET /v2.0/security-groups?fields=id&fields=name&tenant_id=9bdbf2d932a64691b406b025dfcb7089 HTTP/1.1" status: 200 len: 472 time: 0.0493786
2026-05-25 01:52:59.358 9 WARNING neutron_lib.context [req-6aa89e28-af1f-4e4b-8cd7-e51a8a57ea00 req-24f6e5a1-38f9-475c-ad8c-0791700d8d0c 610567179ae142609b4b87377e8beff6 9bdbf2d932a64691b406b025dfcb7089 - - default default] Method 'is_advsvc' is deprecated since 2023.2 release (neutron-lib 3.8.0) and will be removed once support for the old RBAC API policies will be removed from Neutron. Please use method 'is_service_role' instead.
2026-05-25 01:52:59.622 10 INFO neutron.wsgi [req-c4541fe3-2ad5-481e-b18d-5dd5436b3606 req-6222d9c0-6ef4-42ab-ab0d-c495aa203f7a 610567179ae142609b4b87377e8beff6 9bdbf2d932a64691b406b025dfcb7089 - - default default] 10.0.0.56 "GET /v2.0/ports?device_id=abf39212-79d1-4155-8862-41f4a273f1f8 HTTP/1.1" status: 200 len: 210 time: 0.0241592
2026-05-25 01:52:59.644 10 INFO neutron.db.ovn_revision_numbers_db [None req-add96097-dfb4-48e6-9336-78cab0c5acab 7e300b396db94b24b25968d039d9cabe 6ef05087d76e44928760242c774eb022 - - default default] Successfully bumped revision number for resource 47d22283-ae60-45ed-8833-fc9ffa65b6c3 (type: security_groups) to 1
2026-05-25 01:52:59.663 10 INFO neutron.db.ovn_revision_numbers_db [None req-add96097-dfb4-48e6-9336-78cab0c5acab 7e300b396db94b24b25968d039d9cabe 6ef05087d76e44928760242c774eb022 - - default default] Successfully bumped revision number for resource 0aaf588f-0931-457f-8b1d-0c99a2ebb060 (type: security_group_rules) to 0
2026-05-25 01:52:59.677 10 INFO neutron.db.ovn_revision_numbers_db [None req-add96097-dfb4-48e6-9336-78cab0c5acab 7e300b396db94b24b25968d039d9cabe 6ef05087d76e44928760242c774eb022 - - default default] Successfully bumped revision number for resource b7eadcfb-5041-48c7-beba-1f8a3ff3c6c4 (type: security_group_rules) to 0
2026-05-25 01:52:59.694 10 INFO neutron.db.ovn_revision_numbers_db [None req-add96097-dfb4-48e6-9336-78cab0c5acab 7e300b396db94b24b25968d039d9cabe 6ef05087d76e44928760242c774eb022 - - default default] Successfully bumped revision number for resource c7f9a924-5f1d-4e2d-8f29-65300d13985e (type: security_group_rules) to 0
2026-05-25 01:52:59.709 10 INFO neutron.db.ovn_revision_numbers_db [None req-add96097-dfb4-48e6-9336-78cab0c5acab 7e300b396db94b24b25968d039d9cabe 6ef05087d76e44928760242c774eb022 - - default default] Successfully bumped revision number for resource ffdb4712-e36e-4f59-91c3-184022690955 (type: security_group_rules) to 0
2026-05-25 01:52:59.716 9 WARNING neutron.scheduler.dhcp_agent_scheduler [req-6aa89e28-af1f-4e4b-8cd7-e51a8a57ea00 req-24f6e5a1-38f9-475c-ad8c-0791700d8d0c 610567179ae142609b4b87377e8beff6 9bdbf2d932a64691b406b025dfcb7089 - - default default] No more DHCP agents
2026-05-25 01:52:59.717 9 WARNING neutron.api.rpc.agentnotifiers.dhcp_rpc_agent_api [req-6aa89e28-af1f-4e4b-8cd7-e51a8a57ea00 req-24f6e5a1-38f9-475c-ad8c-0791700d8d0c 610567179ae142609b4b87377e8beff6 9bdbf2d932a64691b406b025dfcb7089 - - default default] Unable to schedule network dbc8efb9-8986-42ad-ae53-64446d5b50d5: no agents available; will retry on subsequent port and subnet creation events.
2026-05-25 01:52:59.747 10 INFO neutron.wsgi [None req-add96097-dfb4-48e6-9336-78cab0c5acab 7e300b396db94b24b25968d039d9cabe 6ef05087d76e44928760242c774eb022 - - default default] 10.0.0.86 "GET /v2.0/security-groups?tenant_id=2895c7dc974e4016bbb96a78c053b9b8&name=default HTTP/1.1" status: 200 len: 3120 time: 0.4443731
2026-05-25 01:52:59.883 9 INFO neutron.db.ovn_revision_numbers_db [req-6aa89e28-af1f-4e4b-8cd7-e51a8a57ea00 req-24f6e5a1-38f9-475c-ad8c-0791700d8d0c 610567179ae142609b4b87377e8beff6 9bdbf2d932a64691b406b025dfcb7089 - - default default] Successfully bumped revision number for resource ff30bf7a-7191-4d3c-be85-958672f64cab (type: ports) to 1
2026-05-25 01:52:59.906 9 INFO neutron.wsgi [req-6aa89e28-af1f-4e4b-8cd7-e51a8a57ea00 req-24f6e5a1-38f9-475c-ad8c-0791700d8d0c 610567179ae142609b4b87377e8beff6 9bdbf2d932a64691b406b025dfcb7089 - - default default] 199.204.45.3 "POST /v2.0/ports HTTP/1.1" status: 201 len: 1162 time: 0.5531483 /var/lib/openstack/lib/python3.10/site-packages/pycadf/identifier.py:71: UserWarning: Invalid uuid: neutron. To ensure interoperability, identifiers should be a valid uuid. warnings.warn(('Invalid uuid: %s. To ensure interoperability, '
2026-05-25 01:52:59.992 10 INFO neutron.wsgi [None req-aaa7faf9-f560-47c2-9588-61215fae45f7 7e300b396db94b24b25968d039d9cabe 6ef05087d76e44928760242c774eb022 - - default default] 10.0.0.86 "DELETE /v2.0/security-groups/47d22283-ae60-45ed-8833-fc9ffa65b6c3 HTTP/1.1" status: 204 len: 168 time: 0.2358046
2026-05-25 01:53:00.194 10 INFO neutron.wsgi [None req-4d839e7f-c67a-491e-949b-ecff84e65a76 7e300b396db94b24b25968d039d9cabe 6ef05087d76e44928760242c774eb022 - - default default] 10.0.0.86 "GET /v2.0/security-groups?tenant_id=0cbe17bbb23d4f4cb94e5b592512d751&name=default HTTP/1.1" status: 200 len: 3120 time: 0.0474389
2026-05-25 01:53:00.431 10 INFO neutron.wsgi [None req-0c58cb56-2a31-491e-a79b-606e6e56eb80 7e300b396db94b24b25968d039d9cabe 6ef05087d76e44928760242c774eb022 - - default default] 10.0.0.86 "DELETE /v2.0/security-groups/6bcbda04-b5e1-48de-8369-713ef676752a HTTP/1.1" status: 204 len: 168 time: 0.2311301
2026-05-25 01:53:00.587 9 INFO neutron.db.ovn_revision_numbers_db [req-6aa89e28-af1f-4e4b-8cd7-e51a8a57ea00 req-2fb97eb6-0234-4a12-b05a-affe5e5565fd 2af45385c8c54074a1be8669ec1f53c0 10730293bca14780ad94eb382d592dfc - - 7b06d5d001a940d48d280bf8624ee0a4 7b06d5d001a940d48d280bf8624ee0a4] Successfully bumped revision number for resource ff30bf7a-7191-4d3c-be85-958672f64cab (type: ports) to 2 /var/lib/openstack/lib/python3.10/site-packages/pycadf/identifier.py:71: UserWarning: Invalid uuid: neutron. To ensure interoperability, identifiers should be a valid uuid. warnings.warn(('Invalid uuid: %s. To ensure interoperability, '
2026-05-25 01:53:00.805 9 INFO neutron.wsgi [req-55ab0730-76ad-48b6-b562-921c3769971b req-e1bf8203-2190-467e-880c-49cbe4ba69a4 610567179ae142609b4b87377e8beff6 9bdbf2d932a64691b406b025dfcb7089 - - default default] 10.0.0.56 "GET /v2.0/ports?device_id=abf39212-79d1-4155-8862-41f4a273f1f8 HTTP/1.1" status: 200 len: 1172 time: 0.1245542 /var/lib/openstack/lib/python3.10/site-packages/pycadf/identifier.py:71: UserWarning: Invalid uuid: neutron. To ensure interoperability, identifiers should be a valid uuid. warnings.warn(('Invalid uuid: %s. To ensure interoperability, '
2026-05-25 01:53:00.880 9 INFO neutron.wsgi [req-55ab0730-76ad-48b6-b562-921c3769971b req-a9a0b455-0d55-42ac-9510-67ea7ca08ffb 610567179ae142609b4b87377e8beff6 9bdbf2d932a64691b406b025dfcb7089 - - default default] 10.0.0.56 "GET /v2.0/security-groups?id=dec304f0-3ed1-472f-a21f-cdd9984011fb&fields=id&fields=name HTTP/1.1" status: 200 len: 313 time: 0.0675600
2026-05-25 01:53:00.880 9 INFO neutron.db.ovn_revision_numbers_db [req-6aa89e28-af1f-4e4b-8cd7-e51a8a57ea00 req-2fb97eb6-0234-4a12-b05a-affe5e5565fd 2af45385c8c54074a1be8669ec1f53c0 10730293bca14780ad94eb382d592dfc - - 7b06d5d001a940d48d280bf8624ee0a4 7b06d5d001a940d48d280bf8624ee0a4] Successfully bumped revision number for resource ff30bf7a-7191-4d3c-be85-958672f64cab (type: ports) to 2
2026-05-25 01:53:00.896 9 INFO neutron.wsgi [req-6aa89e28-af1f-4e4b-8cd7-e51a8a57ea00 req-2fb97eb6-0234-4a12-b05a-affe5e5565fd 2af45385c8c54074a1be8669ec1f53c0 10730293bca14780ad94eb382d592dfc - - 7b06d5d001a940d48d280bf8624ee0a4 7b06d5d001a940d48d280bf8624ee0a4] 199.204.45.3 "PUT /v2.0/ports/ff30bf7a-7191-4d3c-be85-958672f64cab HTTP/1.1" status: 200 len: 1380 time: 0.9809251
2026-05-25 01:53:00.952 9 INFO neutron.notifiers.nova [-] Nova event matching ['req-910b68ef-1799-4219-a478-3a2ab550abf1'] response: {'name': 'network-changed', 'server_uuid': 'abf39212-79d1-4155-8862-41f4a273f1f8', 'tag': 'ff30bf7a-7191-4d3c-be85-958672f64cab', 'status': 'completed', 'code': 200}
2026-05-25 01:53:01.042 9 INFO neutron.wsgi [req-64dd1e13-bc29-40aa-8607-0a1651ca79be req-553081e2-dc73-4cc4-b6e8-d1e53a3808d0 2af45385c8c54074a1be8669ec1f53c0 10730293bca14780ad94eb382d592dfc - - 7b06d5d001a940d48d280bf8624ee0a4 7b06d5d001a940d48d280bf8624ee0a4] 199.204.45.3 "GET /v2.0/ports?tenant_id=9bdbf2d932a64691b406b025dfcb7089&device_id=abf39212-79d1-4155-8862-41f4a273f1f8 HTTP/1.1" status: 200 len: 1411 time: 0.0591571
2026-05-25 01:53:01.151 9 INFO neutron.wsgi [req-64dd1e13-bc29-40aa-8607-0a1651ca79be req-0c27d150-5c92-470e-aeec-c7d7d129b3e7 2af45385c8c54074a1be8669ec1f53c0 10730293bca14780ad94eb382d592dfc - - 7b06d5d001a940d48d280bf8624ee0a4 7b06d5d001a940d48d280bf8624ee0a4] 199.204.45.3 "GET /v2.0/networks?tenant_id=9bdbf2d932a64691b406b025dfcb7089&shared=False HTTP/1.1" status: 200 len: 958 time: 0.1010313
2026-05-25 01:53:01.270 9 INFO neutron.wsgi [req-64dd1e13-bc29-40aa-8607-0a1651ca79be req-32d2c2e0-7344-4122-9c87-3f2708841a7d 2af45385c8c54074a1be8669ec1f53c0 10730293bca14780ad94eb382d592dfc - - 7b06d5d001a940d48d280bf8624ee0a4 7b06d5d001a940d48d280bf8624ee0a4] 199.204.45.3 "GET /v2.0/networks?shared=True HTTP/1.1" status: 200 len: 952 time: 0.1158183
2026-05-25 01:53:01.352 9 INFO neutron.wsgi [req-6aa89e28-af1f-4e4b-8cd7-e51a8a57ea00 req-e4b384b5-ef8a-4fe5-a533-e1e0c65a1842 2af45385c8c54074a1be8669ec1f53c0 10730293bca14780ad94eb382d592dfc - - 7b06d5d001a940d48d280bf8624ee0a4 7b06d5d001a940d48d280bf8624ee0a4] 199.204.45.3 "GET /v2.0/ports?tenant_id=9bdbf2d932a64691b406b025dfcb7089&device_id=abf39212-79d1-4155-8862-41f4a273f1f8 HTTP/1.1" status: 200 len: 1411 time: 0.0439050
2026-05-25 01:53:01.387 9 INFO neutron.wsgi [req-6aa89e28-af1f-4e4b-8cd7-e51a8a57ea00 req-107cd521-8d41-462a-b589-afe260f606d1 2af45385c8c54074a1be8669ec1f53c0 10730293bca14780ad94eb382d592dfc - - 7b06d5d001a940d48d280bf8624ee0a4 7b06d5d001a940d48d280bf8624ee0a4] 199.204.45.3 "GET /v2.0/floatingips?fixed_ip_address=10.100.0.11&port_id=ff30bf7a-7191-4d3c-be85-958672f64cab HTTP/1.1" status: 200 len: 217 time: 0.0264521
2026-05-25 01:53:01.428 9 INFO neutron.wsgi [req-6aa89e28-af1f-4e4b-8cd7-e51a8a57ea00 req-8bce04c4-c7e9-425d-b656-a70bedd3bc50 2af45385c8c54074a1be8669ec1f53c0 10730293bca14780ad94eb382d592dfc - - 7b06d5d001a940d48d280bf8624ee0a4 7b06d5d001a940d48d280bf8624ee0a4] 199.204.45.3 "GET /v2.0/subnets?id=e3fb390a-71a5-4f7c-82c4-4e6b482e13ee HTTP/1.1" status: 200 len: 852 time: 0.0355859
2026-05-25 01:53:01.456 9 INFO neutron.wsgi [req-6aa89e28-af1f-4e4b-8cd7-e51a8a57ea00 req-e6506950-9486-48b1-9c27-61caf53e3419 2af45385c8c54074a1be8669ec1f53c0 10730293bca14780ad94eb382d592dfc - - 7b06d5d001a940d48d280bf8624ee0a4 7b06d5d001a940d48d280bf8624ee0a4] 199.204.45.3 "GET /v2.0/ports?network_id=dbc8efb9-8986-42ad-ae53-64446d5b50d5&device_owner=network%3Adhcp HTTP/1.1" status: 200 len: 210 time: 0.0232272
2026-05-25 01:53:01.525 9 INFO neutron.wsgi [req-6aa89e28-af1f-4e4b-8cd7-e51a8a57ea00 req-a4f5adbf-1e01-4e4e-ba87-630166877ad2 2af45385c8c54074a1be8669ec1f53c0 10730293bca14780ad94eb382d592dfc - - 7b06d5d001a940d48d280bf8624ee0a4 7b06d5d001a940d48d280bf8624ee0a4] 199.204.45.3 "GET /v2.0/networks/dbc8efb9-8986-42ad-ae53-64446d5b50d5?fields=segments HTTP/1.1" status: 200 len: 212 time: 0.0598664
2026-05-25 01:53:01.594 9 INFO neutron.wsgi [req-6aa89e28-af1f-4e4b-8cd7-e51a8a57ea00 req-48f5e1a3-c5b4-4ee7-95d7-99ceda148925 2af45385c8c54074a1be8669ec1f53c0 10730293bca14780ad94eb382d592dfc - - 7b06d5d001a940d48d280bf8624ee0a4 7b06d5d001a940d48d280bf8624ee0a4] 199.204.45.3 "GET /v2.0/networks/dbc8efb9-8986-42ad-ae53-64446d5b50d5?fields=provider%3Aphysical_network&fields=provider%3Anetwork_type HTTP/1.1" status: 200 len: 277 time: 0.0590036
2026-05-25 01:53:01.808 10 INFO neutron.plugins.ml2.drivers.ovn.mech_driver.mech_driver [None req-20e38c5f-0b1c-4311-b6e7-51c4eefd35b3 - - - - - -] OVN reports status up for port: ff30bf7a-7191-4d3c-be85-958672f64cab
2026-05-25 01:53:01.823 10 INFO neutron.plugins.ml2.plugin [None req-20e38c5f-0b1c-4311-b6e7-51c4eefd35b3 - - - - - -] Attempt 1 to provision port ff30bf7a-7191-4d3c-be85-958672f64cab
2026-05-25 01:53:01.969 10 INFO neutron.notifiers.nova [-] Nova event matching ['req-8a17b01d-d504-462f-a651-cd745f66b38a'] response: {'server_uuid': 'abf39212-79d1-4155-8862-41f4a273f1f8', 'name': 'network-vif-plugged', 'status': 'completed', 'tag': 'ff30bf7a-7191-4d3c-be85-958672f64cab', 'code': 200}
2026-05-25 01:53:02.045 9 WARNING neutron_lib.context [None req-251d0c07-394c-4666-8179-6f83485b34ea 39e1e6c5659a49359aa9e5e13ee4862f a4c0b6770fa64d2b82e952c79fee8736 - - default default] Method 'is_advsvc' is deprecated since 2023.2 release (neutron-lib 3.8.0) and will be removed once support for the old RBAC API policies will be removed from Neutron. Please use method 'is_service_role' instead.
2026-05-25 01:53:02.118 9 INFO neutron.wsgi [None req-251d0c07-394c-4666-8179-6f83485b34ea 39e1e6c5659a49359aa9e5e13ee4862f a4c0b6770fa64d2b82e952c79fee8736 - - default default] 10.0.0.86 "POST /v2.0/subnetpools HTTP/1.1" status: 201 len: 715 time: 0.2817774
2026-05-25 01:53:02.144 10 INFO neutron.db.ovn_revision_numbers_db [None req-20e38c5f-0b1c-4311-b6e7-51c4eefd35b3 - - - - - -] Successfully bumped revision number for resource ff30bf7a-7191-4d3c-be85-958672f64cab (type: ports) to 4
2026-05-25 01:53:02.148 9 INFO neutron.wsgi [req-5b51e0c3-d51b-4486-bcbb-b9aa4f322c60 req-978017ac-90f7-42a4-996f-cd76d156255b 610567179ae142609b4b87377e8beff6 9bdbf2d932a64691b406b025dfcb7089 - - default default] 10.0.0.56 "GET /v2.0/ports?device_id=abf39212-79d1-4155-8862-41f4a273f1f8 HTTP/1.1" status: 200 len: 1174 time: 0.0574379
2026-05-25 01:53:02.182 9 INFO neutron.wsgi [None req-123672b9-3d25-4af0-9a81-836e200f4388 39e1e6c5659a49359aa9e5e13ee4862f a4c0b6770fa64d2b82e952c79fee8736 - - default default] 10.0.0.86 "PUT /v2.0/subnetpools/e3583e6a-4384-413b-8442-ff2900d4a310/tags HTTP/1.1" status: 200 len: 218 time: 0.0576468 /var/lib/openstack/lib/python3.10/site-packages/pycadf/identifier.py:71: UserWarning: Invalid uuid: neutron. To ensure interoperability, identifiers should be a valid uuid. warnings.warn(('Invalid uuid: %s. To ensure interoperability, '
2026-05-25 01:53:02.198 9 INFO neutron.wsgi [req-5b51e0c3-d51b-4486-bcbb-b9aa4f322c60 req-72c152c6-5e03-4e23-81d0-686a5247cb4d 610567179ae142609b4b87377e8beff6 9bdbf2d932a64691b406b025dfcb7089 - - default default] 10.0.0.56 "GET /v2.0/security-groups?id=dec304f0-3ed1-472f-a21f-cdd9984011fb&fields=id&fields=name HTTP/1.1" status: 200 len: 313 time: 0.0379796
2026-05-25 01:53:02.213 10 INFO neutron.wsgi [None req-a403927b-fcc5-4b24-ab1d-b42792a4984b 39e1e6c5659a49359aa9e5e13ee4862f a4c0b6770fa64d2b82e952c79fee8736 - - default default] 10.0.0.86 "GET /v2.0/subnetpools/e3583e6a-4384-413b-8442-ff2900d4a310/tags HTTP/1.1" status: 200 len: 218 time: 0.0223088
2026-05-25 01:53:02.248 10 INFO neutron.wsgi [None req-5e5e9440-ae21-4c88-9b17-85f5f0512faa 39e1e6c5659a49359aa9e5e13ee4862f a4c0b6770fa64d2b82e952c79fee8736 - - default default] 10.0.0.86 "PUT /v2.0/subnetpools/e3583e6a-4384-413b-8442-ff2900d4a310/tags/green HTTP/1.1" status: 201 len: 201 time: 0.0301967
2026-05-25 01:53:02.273 10 INFO neutron.wsgi [None req-4024984d-c692-4211-a650-058f2bfbb20a 39e1e6c5659a49359aa9e5e13ee4862f a4c0b6770fa64d2b82e952c79fee8736 - - default default] 10.0.0.86 "GET /v2.0/subnetpools/e3583e6a-4384-413b-8442-ff2900d4a310/tags HTTP/1.1" status: 200 len: 227 time: 0.0207040
2026-05-25 01:53:02.302 10 INFO neutron.wsgi [None req-8fe79ceb-55e1-4dae-8c9c-edcbbb9456e1 39e1e6c5659a49359aa9e5e13ee4862f a4c0b6770fa64d2b82e952c79fee8736 - - default default] 10.0.0.86 "PUT /v2.0/subnetpools/e3583e6a-4384-413b-8442-ff2900d4a310/tags/red HTTP/1.1" status: 201 len: 201 time: 0.0252657
2026-05-25 01:53:02.330 10 INFO neutron.wsgi [None req-85f91f64-1fb1-4f76-9c43-582251f9ad27 39e1e6c5659a49359aa9e5e13ee4862f a4c0b6770fa64d2b82e952c79fee8736 - - default default] 10.0.0.86 "GET /v2.0/subnetpools/e3583e6a-4384-413b-8442-ff2900d4a310/tags HTTP/1.1" status: 200 len: 227 time: 0.0238936
2026-05-25 01:53:02.368 9 INFO neutron.wsgi [None req-9e2d8f3f-0522-4639-a005-ee5a1536ddeb 39e1e6c5659a49359aa9e5e13ee4862f a4c0b6770fa64d2b82e952c79fee8736 - - default default] 10.0.0.86 "PUT /v2.0/subnetpools/e3583e6a-4384-413b-8442-ff2900d4a310/tags/black.or.white HTTP/1.1" status: 201 len: 201 time: 0.0317247
2026-05-25 01:53:02.389 9 INFO neutron.wsgi [None req-7cd0cc4d-bf41-48ed-b4ba-e056061452c4 39e1e6c5659a49359aa9e5e13ee4862f a4c0b6770fa64d2b82e952c79fee8736 - - default default] 10.0.0.86 "GET /v2.0/subnetpools/e3583e6a-4384-413b-8442-ff2900d4a310/tags HTTP/1.1" status: 200 len: 245 time: 0.0175343
2026-05-25 01:53:02.423 9 INFO neutron.wsgi [None req-2f5bcd57-8ae9-4c26-8077-84fbd273a310 39e1e6c5659a49359aa9e5e13ee4862f a4c0b6770fa64d2b82e952c79fee8736 - - default default] 10.0.0.86 "PUT /v2.0/subnetpools/e3583e6a-4384-413b-8442-ff2900d4a310/tags HTTP/1.1" status: 200 len: 230 time: 0.0296497
2026-05-25 01:53:02.458 9 INFO neutron.wsgi [None req-353b0546-9f81-43d6-a20d-e2c9b8afa2e1 39e1e6c5659a49359aa9e5e13ee4862f a4c0b6770fa64d2b82e952c79fee8736 - - default default] 10.0.0.86 "GET /v2.0/subnetpools/e3583e6a-4384-413b-8442-ff2900d4a310/tags HTTP/1.1" status: 200 len: 230 time: 0.0262935
2026-05-25 01:53:02.486 9 INFO neutron.wsgi [None req-a9e3381c-2847-43a3-bd19-f6212df2557c 39e1e6c5659a49359aa9e5e13ee4862f a4c0b6770fa64d2b82e952c79fee8736 - - default default] 10.0.0.86 "GET /v2.0/subnetpools/e3583e6a-4384-413b-8442-ff2900d4a310/tags/red HTTP/1.1" status: 204 len: 168 time: 0.0224144
2026-05-25 01:53:02.509 9 INFO neutron.api.v2.resource [None req-86ca3891-0aa5-4ac3-9fe2-dbaa7a726f07 39e1e6c5659a49359aa9e5e13ee4862f a4c0b6770fa64d2b82e952c79fee8736 - - default default] show failed (client error): The resource could not be found.
2026-05-25 01:53:02.510 9 INFO neutron.wsgi [None req-86ca3891-0aa5-4ac3-9fe2-dbaa7a726f07 39e1e6c5659a49359aa9e5e13ee4862f a4c0b6770fa64d2b82e952c79fee8736 - - default default] 10.0.0.86 "GET /v2.0/subnetpools/e3583e6a-4384-413b-8442-ff2900d4a310/tags/green HTTP/1.1" status: 404 len: 299 time: 0.0192883
2026-05-25 01:53:02.547 9 INFO neutron.wsgi [None req-4d8339ba-0cea-4121-8647-5fc6f917afc5 39e1e6c5659a49359aa9e5e13ee4862f a4c0b6770fa64d2b82e952c79fee8736 - - default default] 10.0.0.86 "DELETE /v2.0/subnetpools/e3583e6a-4384-413b-8442-ff2900d4a310/tags/red HTTP/1.1" status: 204 len: 168 time: 0.0329821
2026-05-25 01:53:02.570 9 INFO neutron.wsgi [None req-c9337464-9a20-409e-8e29-a508bf967a60 39e1e6c5659a49359aa9e5e13ee4862f a4c0b6770fa64d2b82e952c79fee8736 - - default default] 10.0.0.86 "GET /v2.0/subnetpools/e3583e6a-4384-413b-8442-ff2900d4a310/tags HTTP/1.1" status: 200 len: 223 time: 0.0191190
2026-05-25 01:53:02.603 9 INFO neutron.api.v2.resource [None req-d2981dcf-e815-4ef1-b1fc-a6faa960b8b6 39e1e6c5659a49359aa9e5e13ee4862f a4c0b6770fa64d2b82e952c79fee8736 - - default default] delete failed (client error): The resource could not be found.
2026-05-25 01:53:02.605 9 INFO neutron.wsgi [None req-d2981dcf-e815-4ef1-b1fc-a6faa960b8b6 39e1e6c5659a49359aa9e5e13ee4862f a4c0b6770fa64d2b82e952c79fee8736 - - default default] 10.0.0.86 "DELETE /v2.0/subnetpools/e3583e6a-4384-413b-8442-ff2900d4a310/tags/green HTTP/1.1" status: 404 len: 299 time: 0.0301464
2026-05-25 01:53:02.640 9 INFO neutron.wsgi [None req-25b595f8-dad7-4847-9727-d77344edfc37 39e1e6c5659a49359aa9e5e13ee4862f a4c0b6770fa64d2b82e952c79fee8736 - - default default] 10.0.0.86 "DELETE /v2.0/subnetpools/e3583e6a-4384-413b-8442-ff2900d4a310/tags HTTP/1.1" status: 204 len: 168 time: 0.0317912
2026-05-25 01:53:02.664 9 INFO neutron.wsgi [None req-ea1a6d63-e4ad-4499-813e-d24a965ad9b7 39e1e6c5659a49359aa9e5e13ee4862f a4c0b6770fa64d2b82e952c79fee8736 - - default default] 10.0.0.86 "GET /v2.0/subnetpools/e3583e6a-4384-413b-8442-ff2900d4a310/tags HTTP/1.1" status: 200 len: 205 time: 0.0221951
2026-05-25 01:53:02.701 10 WARNING neutron_lib.context [None req-ee5731ae-f520-4a5a-8b96-c9012c688c60 b111f6539174413698d1c8abee6598b6 e9d79661cde5486fa2d3c584432d7b6d - - default default] Method 'is_advsvc' is deprecated since 2023.2 release (neutron-lib 3.8.0) and will be removed once support for the old RBAC API policies will be removed from Neutron. Please use method 'is_service_role' instead.
2026-05-25 01:53:02.743 9 INFO neutron.wsgi [None req-5ee281ce-950a-4c4f-9c7f-53e96535ffe3 39e1e6c5659a49359aa9e5e13ee4862f a4c0b6770fa64d2b82e952c79fee8736 - - default default] 10.0.0.86 "DELETE /v2.0/subnetpools/e3583e6a-4384-413b-8442-ff2900d4a310 HTTP/1.1" status: 204 len: 168 time: 0.0699806
2026-05-25 01:53:03.135 10 INFO neutron.db.ovn_revision_numbers_db [None req-ee5731ae-f520-4a5a-8b96-c9012c688c60 b111f6539174413698d1c8abee6598b6 e9d79661cde5486fa2d3c584432d7b6d - - default default] Successfully bumped revision number for resource c4dd9174-772b-45b5-a64f-8dc2dfa2eced (type: routers) to 1
2026-05-25 01:53:03.152 10 INFO neutron.wsgi [None req-ee5731ae-f520-4a5a-8b96-c9012c688c60 b111f6539174413698d1c8abee6598b6 e9d79661cde5486fa2d3c584432d7b6d - - default default] 10.0.0.86 "POST /v2.0/routers HTTP/1.1" status: 201 len: 769 time: 0.6654170
2026-05-25 01:53:03.226 10 INFO neutron.wsgi [None req-7864782e-9fc4-449e-8c9e-128e4ad71d72 b111f6539174413698d1c8abee6598b6 e9d79661cde5486fa2d3c584432d7b6d - - default default] 10.0.0.86 "PUT /v2.0/routers/c4dd9174-772b-45b5-a64f-8dc2dfa2eced/tags HTTP/1.1" status: 200 len: 218 time: 0.0666428
2026-05-25 01:53:03.302 10 INFO neutron.wsgi [None req-058ea915-2e00-4b03-a577-73eadd2d947e b111f6539174413698d1c8abee6598b6 e9d79661cde5486fa2d3c584432d7b6d - - default default] 10.0.0.86 "GET /v2.0/routers/c4dd9174-772b-45b5-a64f-8dc2dfa2eced/tags HTTP/1.1" status: 200 len: 218 time: 0.0722065
2026-05-25 01:53:03.413 10 INFO neutron.wsgi [req-c53afbec-c1de-44b0-a643-bcf2cbfd2438 req-eadfcab2-0073-4a18-b42c-871a685c9bb4 610567179ae142609b4b87377e8beff6 9bdbf2d932a64691b406b025dfcb7089 - - default default] 10.0.0.56 "GET /v2.0/ports?device_id=abf39212-79d1-4155-8862-41f4a273f1f8 HTTP/1.1" status: 200 len: 1174 time: 0.1472378
2026-05-25 01:53:03.420 9 INFO neutron.wsgi [None req-76ea7d3e-ab49-4936-b49b-c6d46e7b4e6f b111f6539174413698d1c8abee6598b6 e9d79661cde5486fa2d3c584432d7b6d - - default default] 10.0.0.86 "PUT /v2.0/routers/c4dd9174-772b-45b5-a64f-8dc2dfa2eced/tags/green HTTP/1.1" status: 201 len: 201 time: 0.1124961
2026-05-25 01:53:03.472 10 INFO neutron.wsgi [req-c53afbec-c1de-44b0-a643-bcf2cbfd2438 req-68809aa9-a750-4570-a9b7-312381961265 610567179ae142609b4b87377e8beff6 9bdbf2d932a64691b406b025dfcb7089 - - default default] 10.0.0.56 "GET /v2.0/security-groups?id=dec304f0-3ed1-472f-a21f-cdd9984011fb&fields=id&fields=name HTTP/1.1" status: 200 len: 313 time: 0.0527833
2026-05-25 01:53:03.483 9 INFO neutron.wsgi [None req-e7a4a4f6-f284-42ce-b8f2-ac52aab94261 b111f6539174413698d1c8abee6598b6 e9d79661cde5486fa2d3c584432d7b6d - - default default] 10.0.0.86 "GET /v2.0/routers/c4dd9174-772b-45b5-a64f-8dc2dfa2eced/tags HTTP/1.1" status: 200 len: 227 time: 0.0574028
2026-05-25 01:53:03.543 9 INFO neutron.wsgi [None req-38e90ead-24f3-40d9-83b4-7f3cc53d00c3 b111f6539174413698d1c8abee6598b6 e9d79661cde5486fa2d3c584432d7b6d - - default default] 10.0.0.86 "PUT /v2.0/routers/c4dd9174-772b-45b5-a64f-8dc2dfa2eced/tags/red HTTP/1.1" status: 201 len: 201 time: 0.0490143
2026-05-25 01:53:03.640 9 INFO neutron.wsgi [req-34c111a6-8e93-4f30-a1be-b0f9858680f8 req-7738b4ed-936d-4ca5-b917-031a0574e1fc 610567179ae142609b4b87377e8beff6 9bdbf2d932a64691b406b025dfcb7089 - - default default] 10.0.0.56 "GET /v2.0/ports?device_id=abf39212-79d1-4155-8862-41f4a273f1f8 HTTP/1.1" status: 200 len: 1174 time: 0.0878696
2026-05-25 01:53:03.642 9 INFO neutron.wsgi [None req-25847059-6a9b-4b4c-bd6e-5833986f91b9 b111f6539174413698d1c8abee6598b6 e9d79661cde5486fa2d3c584432d7b6d - - default default] 10.0.0.86 "GET /v2.0/routers/c4dd9174-772b-45b5-a64f-8dc2dfa2eced/tags HTTP/1.1" status: 200 len: 227 time: 0.0952430
2026-05-25 01:53:03.717 9 INFO neutron.wsgi [req-34c111a6-8e93-4f30-a1be-b0f9858680f8 req-4fd4e7af-a4f7-4136-a73a-1eda1f429304 610567179ae142609b4b87377e8beff6 9bdbf2d932a64691b406b025dfcb7089 - - default default] 10.0.0.56 "GET /v2.0/security-groups?id=dec304f0-3ed1-472f-a21f-cdd9984011fb&fields=id&fields=name HTTP/1.1" status: 200 len: 313 time: 0.0688114
2026-05-25 01:53:03.727 9 INFO neutron.wsgi [None req-f820a923-9776-4d3a-af3b-a13de2eeb96a b111f6539174413698d1c8abee6598b6 e9d79661cde5486fa2d3c584432d7b6d - - default default] 10.0.0.86 "PUT /v2.0/routers/c4dd9174-772b-45b5-a64f-8dc2dfa2eced/tags/black.or.white HTTP/1.1" status: 201 len: 201 time: 0.0800087
2026-05-25 01:53:03.800 9 INFO neutron.wsgi [None req-764353e0-c0ec-4d3c-bcb9-6236d1338f32 b111f6539174413698d1c8abee6598b6 e9d79661cde5486fa2d3c584432d7b6d - - default default] 10.0.0.86 "GET /v2.0/routers/c4dd9174-772b-45b5-a64f-8dc2dfa2eced/tags HTTP/1.1" status: 200 len: 245 time: 0.0684059
2026-05-25 01:53:03.811 9 INFO neutron.wsgi [None req-eaaea0ff-6088-4222-9926-01b31d70f822 ae3a56d7421b41138efd1297aa79f9b5 5fefe4673c7e4ce99fe06215c8f3c1e8 - - default default] 10.0.0.86 "GET /v2.0/ports?device_id=abf39212-79d1-4155-8862-41f4a273f1f8 HTTP/1.1" status: 200 len: 1408 time: 0.0663688
2026-05-25 01:53:03.870 10 INFO neutron.db.ovn_revision_numbers_db [None req-2eaad9da-add8-42c0-a9fa-f482431d24f4 7e300b396db94b24b25968d039d9cabe 6ef05087d76e44928760242c774eb022 - - default default] Successfully bumped revision number for resource babe2c5f-ff3a-4d7c-a780-4fce254b7080 (type: security_groups) to 1
2026-05-25 01:53:03.881 10 INFO neutron.wsgi [None req-8482fe59-92ac-4d61-b056-cce804659eb7 b111f6539174413698d1c8abee6598b6 e9d79661cde5486fa2d3c584432d7b6d - - default default] 10.0.0.86 "PUT /v2.0/routers/c4dd9174-772b-45b5-a64f-8dc2dfa2eced/tags HTTP/1.1" status: 200 len: 230 time: 0.0768666
2026-05-25 01:53:03.893 10 INFO neutron.db.ovn_revision_numbers_db [None req-2eaad9da-add8-42c0-a9fa-f482431d24f4 7e300b396db94b24b25968d039d9cabe 6ef05087d76e44928760242c774eb022 - - default default] Successfully bumped revision number for resource 2d48094a-09dc-4e76-b491-5fc86140a43d (type: security_group_rules) to 0
2026-05-25 01:53:03.931 10 INFO neutron.db.ovn_revision_numbers_db [None req-2eaad9da-add8-42c0-a9fa-f482431d24f4 7e300b396db94b24b25968d039d9cabe 6ef05087d76e44928760242c774eb022 - - default default] Successfully bumped revision number for resource 4e2bcc09-ca13-45ff-b971-f7c917907389 (type: security_group_rules) to 0
2026-05-25 01:53:03.938 10 INFO neutron.wsgi [None req-719ecfe4-3f4e-4a59-96d9-3c5f30a04b99 b111f6539174413698d1c8abee6598b6 e9d79661cde5486fa2d3c584432d7b6d - - default default] 10.0.0.86 "GET /v2.0/routers/c4dd9174-772b-45b5-a64f-8dc2dfa2eced/tags HTTP/1.1" status: 200 len: 230 time: 0.0516462
2026-05-25 01:53:03.947 10 INFO neutron.db.ovn_revision_numbers_db [None req-2eaad9da-add8-42c0-a9fa-f482431d24f4 7e300b396db94b24b25968d039d9cabe 6ef05087d76e44928760242c774eb022 - - default default] Successfully bumped revision number for resource a5243b4f-9c91-4acc-8bbb-1116356b2167 (type: security_group_rules) to 0
2026-05-25 01:53:03.975 10 INFO neutron.db.ovn_revision_numbers_db [None req-2eaad9da-add8-42c0-a9fa-f482431d24f4 7e300b396db94b24b25968d039d9cabe 6ef05087d76e44928760242c774eb022 - - default default] Successfully bumped revision number for resource aea03fda-fc4a-483b-a9b6-fdbed62e15e9 (type: security_group_rules) to 0
2026-05-25 01:53:04.003 10 INFO neutron.wsgi [None req-c8706e78-196f-4697-9b98-7f0c1431791c b111f6539174413698d1c8abee6598b6 e9d79661cde5486fa2d3c584432d7b6d - - default default] 10.0.0.86 "GET /v2.0/routers/c4dd9174-772b-45b5-a64f-8dc2dfa2eced/tags/red HTTP/1.1" status: 204 len: 168 time: 0.0598793
2026-05-25 01:53:04.004 10 INFO neutron.notifiers.nova [-] Nova event matching ['req-3bcb7557-2762-408f-8ec3-1b1369258b94'] response: {'server_uuid': 'abf39212-79d1-4155-8862-41f4a273f1f8', 'name': 'network-vif-plugged', 'status': 'completed', 'tag': 'ff30bf7a-7191-4d3c-be85-958672f64cab', 'code': 200}
2026-05-25 01:53:04.008 10 INFO neutron.wsgi [None req-2eaad9da-add8-42c0-a9fa-f482431d24f4 7e300b396db94b24b25968d039d9cabe 6ef05087d76e44928760242c774eb022 - - default default] 10.0.0.86 "GET /v2.0/security-groups?tenant_id=a4c0b6770fa64d2b82e952c79fee8736&name=default HTTP/1.1" status: 200 len: 3120 time: 0.5650306
2026-05-25 01:53:04.059 10 INFO neutron.api.v2.resource [None req-a15a6dc6-e64f-45eb-b06a-dcc01cd4dbbf b111f6539174413698d1c8abee6598b6 e9d79661cde5486fa2d3c584432d7b6d - - default default] show failed (client error): The resource could not be found.
2026-05-25 01:53:04.060 10 INFO neutron.wsgi [None req-a15a6dc6-e64f-45eb-b06a-dcc01cd4dbbf b111f6539174413698d1c8abee6598b6 e9d79661cde5486fa2d3c584432d7b6d - - default default] 10.0.0.86 "GET /v2.0/routers/c4dd9174-772b-45b5-a64f-8dc2dfa2eced/tags/green HTTP/1.1" status: 404 len: 299 time: 0.0500174
2026-05-25 01:53:04.124 10 INFO neutron.wsgi [None req-4fa55bc0-988b-4cec-807e-624c3d87e97b b111f6539174413698d1c8abee6598b6 e9d79661cde5486fa2d3c584432d7b6d - - default default] 10.0.0.86 "DELETE /v2.0/routers/c4dd9174-772b-45b5-a64f-8dc2dfa2eced/tags/red HTTP/1.1" status: 204 len: 168 time: 0.0592527
2026-05-25 01:53:04.184 10 INFO neutron.wsgi [None req-a94ca409-0d22-4eec-8a99-8d1123bbd04f b111f6539174413698d1c8abee6598b6 e9d79661cde5486fa2d3c584432d7b6d - - default default] 10.0.0.86 "GET /v2.0/routers/c4dd9174-772b-45b5-a64f-8dc2dfa2eced/tags HTTP/1.1" status: 200 len: 223 time: 0.0553358
2026-05-25 01:53:04.241 10 INFO neutron.api.v2.resource [None req-7bd4c9f1-5ce1-42f0-99ca-56197bdd7313 b111f6539174413698d1c8abee6598b6 e9d79661cde5486fa2d3c584432d7b6d - - default default] delete failed (client error): The resource could not be found.
2026-05-25 01:53:04.243 10 INFO neutron.wsgi [None req-7bd4c9f1-5ce1-42f0-99ca-56197bdd7313 b111f6539174413698d1c8abee6598b6 e9d79661cde5486fa2d3c584432d7b6d - - default default] 10.0.0.86 "DELETE /v2.0/routers/c4dd9174-772b-45b5-a64f-8dc2dfa2eced/tags/green HTTP/1.1" status: 404 len: 299 time: 0.0534832
2026-05-25 01:53:04.300 10 INFO neutron.wsgi [None req-6c59ce2f-8a10-41c6-a7fe-2d7cf1e9cb48 b111f6539174413698d1c8abee6598b6 e9d79661cde5486fa2d3c584432d7b6d - - default default] 10.0.0.86 "DELETE /v2.0/routers/c4dd9174-772b-45b5-a64f-8dc2dfa2eced/tags HTTP/1.1" status: 204 len: 168 time: 0.0526652
2026-05-25 01:53:04.362 10 INFO neutron.wsgi [None req-d10b8192-2ddb-4685-a244-a37346525a3a b111f6539174413698d1c8abee6598b6 e9d79661cde5486fa2d3c584432d7b6d - - default default] 10.0.0.86 "GET /v2.0/routers/c4dd9174-772b-45b5-a64f-8dc2dfa2eced/tags HTTP/1.1" status: 200 len: 205 time: 0.0516338
2026-05-25 01:53:04.419 10 INFO neutron.wsgi [None req-1b7c650b-dab8-4b27-aa4b-040d247e9da3 b111f6539174413698d1c8abee6598b6 e9d79661cde5486fa2d3c584432d7b6d - - default default] 10.0.0.86 "GET /v2.0/routers/c4dd9174-772b-45b5-a64f-8dc2dfa2eced HTTP/1.1" status: 200 len: 770 time: 0.0472705
2026-05-25 01:53:04.543 9 INFO neutron.wsgi [None req-9fd1860c-aa04-4121-b8e1-dc8bdca795d5 7e300b396db94b24b25968d039d9cabe 6ef05087d76e44928760242c774eb022 - - default default] 10.0.0.86 "DELETE /v2.0/security-groups/babe2c5f-ff3a-4d7c-a780-4fce254b7080 HTTP/1.1" status: 204 len: 168 time: 0.5293636
2026-05-25 01:53:04.741 9 INFO neutron.db.ovn_revision_numbers_db [None req-ed07da05-2307-4a83-b261-1cf9d581232b 610567179ae142609b4b87377e8beff6 9bdbf2d932a64691b406b025dfcb7089 - - default default] Successfully bumped revision number for resource 15c4ba5f-2973-46e6-bcfc-9c20c7b9f1b0 (type: floatingips) to 4
2026-05-25 01:53:04.818 10 INFO neutron.db.ovn_revision_numbers_db [None req-11902b71-645f-4730-acc7-fe0879bb0cc1 b111f6539174413698d1c8abee6598b6 e9d79661cde5486fa2d3c584432d7b6d - - default default] Successfully bumped revision number for resource c4dd9174-772b-45b5-a64f-8dc2dfa2eced (type: routers) to 7
2026-05-25 01:53:04.823 10 INFO neutron.wsgi [None req-11902b71-645f-4730-acc7-fe0879bb0cc1 b111f6539174413698d1c8abee6598b6 e9d79661cde5486fa2d3c584432d7b6d - - default default] 10.0.0.86 "PUT /v2.0/routers/c4dd9174-772b-45b5-a64f-8dc2dfa2eced HTTP/1.1" status: 200 len: 770 time: 0.3997612 /var/lib/openstack/lib/python3.10/site-packages/pycadf/identifier.py:71: UserWarning: Invalid uuid: neutron. To ensure interoperability, identifiers should be a valid uuid. warnings.warn(('Invalid uuid: %s. To ensure interoperability, '
2026-05-25 01:53:04.855 9 INFO neutron.wsgi [None req-aac89951-9c2e-4aef-bc2b-ef8c0d3b9a77 b111f6539174413698d1c8abee6598b6 e9d79661cde5486fa2d3c584432d7b6d - - default default] 10.0.0.86 "GET /v2.0/ports?device_id=c4dd9174-772b-45b5-a64f-8dc2dfa2eced HTTP/1.1" status: 200 len: 205 time: 0.0262983
2026-05-25 01:53:04.882 10 INFO neutron.db.ovn_revision_numbers_db [None req-f2acede2-4f71-4b23-93e5-c064254c90ae 7e300b396db94b24b25968d039d9cabe 6ef05087d76e44928760242c774eb022 - - default default] Successfully bumped revision number for resource 338571aa-042a-4138-8ebf-35df804735ef (type: security_groups) to 1
2026-05-25 01:53:04.894 10 INFO neutron.db.ovn_revision_numbers_db [None req-f2acede2-4f71-4b23-93e5-c064254c90ae 7e300b396db94b24b25968d039d9cabe 6ef05087d76e44928760242c774eb022 - - default default] Successfully bumped revision number for resource 008a8d7f-b197-45c2-8e1a-64a53222b6be (type: security_group_rules) to 0
