2026-05-25 01:51:38.287 10 WARNING neutron_lib.context [None req-3b672892-e464-4f62-84d5-cd5b3deca402 c0db8e01e5c44d75be7936524ee7d54a 905bb5b68c1a438b8899602afc2df9c3 - - default default] Method 'is_advsvc' is deprecated since 2023.2 release (neutron-lib 3.8.0) and will be removed once support for the old RBAC API policies will be removed from Neutron. Please use method 'is_service_role' instead.
2026-05-25 01:51:38.499 10 INFO neutron.db.ovn_revision_numbers_db [None req-3b672892-e464-4f62-84d5-cd5b3deca402 c0db8e01e5c44d75be7936524ee7d54a 905bb5b68c1a438b8899602afc2df9c3 - - default default] Successfully bumped revision number for resource a60c89b1-901a-413a-81b0-0fa93117abb7 (type: security_groups) to 1
2026-05-25 01:51:38.513 10 INFO neutron.db.ovn_revision_numbers_db [None req-3b672892-e464-4f62-84d5-cd5b3deca402 c0db8e01e5c44d75be7936524ee7d54a 905bb5b68c1a438b8899602afc2df9c3 - - default default] Successfully bumped revision number for resource 2dc182b9-0bdc-4492-8229-e326c41a93fe (type: security_group_rules) to 0
2026-05-25 01:51:38.543 10 INFO neutron.db.ovn_revision_numbers_db [None req-3b672892-e464-4f62-84d5-cd5b3deca402 c0db8e01e5c44d75be7936524ee7d54a 905bb5b68c1a438b8899602afc2df9c3 - - default default] Successfully bumped revision number for resource 794c4fad-f3b7-48eb-a316-3af2b7e969eb (type: security_group_rules) to 0
2026-05-25 01:51:38.566 10 INFO neutron.db.ovn_revision_numbers_db [None req-3b672892-e464-4f62-84d5-cd5b3deca402 c0db8e01e5c44d75be7936524ee7d54a 905bb5b68c1a438b8899602afc2df9c3 - - default default] Successfully bumped revision number for resource 9d72a919-4f20-4da6-be84-8b5a0b0a5a20 (type: security_group_rules) to 0
2026-05-25 01:51:38.615 10 INFO neutron.db.ovn_revision_numbers_db [None req-3b672892-e464-4f62-84d5-cd5b3deca402 c0db8e01e5c44d75be7936524ee7d54a 905bb5b68c1a438b8899602afc2df9c3 - - default default] Successfully bumped revision number for resource f4894124-3e58-4472-bf40-17a34283caf1 (type: security_group_rules) to 0
2026-05-25 01:51:38.720 10 INFO neutron.db.ovn_revision_numbers_db [None req-09069717-10bc-499f-897b-abff52111637 - - - - - -] Successfully bumped revision number for resource 674d2a01-0bfe-4dea-b874-ca90c00d1f6f (type: router_ports) to 3
2026-05-25 01:51:38.724 9 INFO neutron.services.segments.plugin [-] Segment 58e29818-d928-449e-9379-36c0a7dcd15f resource provider aggregate not found
2026-05-25 01:51:38.730 9 INFO neutron.services.segments.plugin [-] Segment 58e29818-d928-449e-9379-36c0a7dcd15f resource provider aggregate not found
2026-05-25 01:51:38.739 9 INFO neutron.services.segments.plugin [-] Segment 58e29818-d928-449e-9379-36c0a7dcd15f resource provider not found; error: Placement Client Error (4xx): {"errors": [{"status": 404, "title": "Not Found", "detail": "The resource could not be found.\n\n No resource provider with uuid 58e29818-d928-449e-9379-36c0a7dcd15f found for delete ", "request_id": "req-441bd036-c721-4004-ab86-d55dfd1de64a"}]}
2026-05-25 01:51:38.754 9 INFO neutron.services.segments.plugin [-] Segment 58e29818-d928-449e-9379-36c0a7dcd15f resource provider not found; error: Placement Client Error (4xx): {"errors": [{"status": 404, "title": "Not Found", "detail": "The resource could not be found.\n\n No resource provider with uuid 58e29818-d928-449e-9379-36c0a7dcd15f found for delete ", "request_id": "req-a29077d1-db23-4aab-b2f4-02811353dda6"}]}
2026-05-25 01:51:38.768 10 INFO neutron.db.segments_db [None req-3b672892-e464-4f62-84d5-cd5b3deca402 c0db8e01e5c44d75be7936524ee7d54a 905bb5b68c1a438b8899602afc2df9c3 - - default default] Added segment a6b8a0e4-e32d-41f9-8831-b56209207915 of type geneve for network 66e8edcb-1caa-44e9-986b-f3d3f8c96f4e
2026-05-25 01:51:38.774 9 INFO neutron.wsgi [None req-9f6138e6-5744-4971-8919-198ce3f48141 174265885afc4654a9a8a93773e23f01 54466d60c2b94c558f7c9deb97183a38 - - default default] 10.0.0.86 "DELETE /v2.0/networks/655fbf26-461d-432a-b9de-7487c857dc3a HTTP/1.1" status: 204 len: 168 time: 0.7662947
2026-05-25 01:51:38.789 10 WARNING neutron_lib.context [None req-0802f296-53f8-4b81-85e7-dd2999236cb0 174265885afc4654a9a8a93773e23f01 54466d60c2b94c558f7c9deb97183a38 - - default default] Method 'is_advsvc' is deprecated since 2023.2 release (neutron-lib 3.8.0) and will be removed once support for the old RBAC API policies will be removed from Neutron. Please use method 'is_service_role' instead.
2026-05-25 01:51:38.865 9 ERROR ovsdbapp.backend.ovs_idl.command [None req-cb6ad7b9-eb8d-4197-9039-16b4484f3a5f 7e300b396db94b24b25968d039d9cabe 6ef05087d76e44928760242c774eb022 - - default default] Error executing command (DbGetCommand): ovsdbapp.backend.ovs_idl.idlutils.RowNotFound: Cannot find Logical_Router_Port with name=lrp-a6a63739-2d60-4a33-b384-cf77d5488768
2026-05-25 01:51:38.865 9 ERROR ovsdbapp.backend.ovs_idl.command
Traceback (most recent call last):
2026-05-25 01:51:38.865 9 ERROR ovsdbapp.backend.ovs_idl.command
File "/var/lib/openstack/lib/python3.10/site-packages/ovsdbapp/backend/ovs_idl/command.py", line 47, in execute
2026-05-25 01:51:38.865 9 ERROR ovsdbapp.backend.ovs_idl.command self.run_idl(None)
2026-05-25 01:51:38.865 9 ERROR ovsdbapp.backend.ovs_idl.command
File "/var/lib/openstack/lib/python3.10/site-packages/ovsdbapp/backend/ovs_idl/command.py", line 235, in run_idl
2026-05-25 01:51:38.865 9 ERROR ovsdbapp.backend.ovs_idl.command record = self.api.lookup(self.table, self.record)
2026-05-25 01:51:38.865 9 ERROR ovsdbapp.backend.ovs_idl.command
File "/var/lib/openstack/lib/python3.10/site-packages/ovsdbapp/backend/ovs_idl/__init__.py", line 184, in lookup
2026-05-25 01:51:38.865 9 ERROR ovsdbapp.backend.ovs_idl.command return self._lookup(table, record)
2026-05-25 01:51:38.865 9 ERROR ovsdbapp.backend.ovs_idl.command
File "/var/lib/openstack/lib/python3.10/site-packages/ovsdbapp/backend/ovs_idl/__init__.py", line 235, in _lookup
2026-05-25 01:51:38.865 9 ERROR ovsdbapp.backend.ovs_idl.command row = idlutils.row_by_value(self, rl.table, rl.column, record)
2026-05-25 01:51:38.865 9 ERROR ovsdbapp.backend.ovs_idl.command
File "/var/lib/openstack/lib/python3.10/site-packages/ovsdbapp/backend/ovs_idl/idlutils.py", line 114, in row_by_value
2026-05-25 01:51:38.865 9 ERROR ovsdbapp.backend.ovs_idl.command raise RowNotFound(table=table, col=column, match=match)
2026-05-25 01:51:38.865 9 ERROR ovsdbapp.backend.ovs_idl.command ovsdbapp.backend.ovs_idl.idlutils.RowNotFound: Cannot find Logical_Router_Port with name=lrp-a6a63739-2d60-4a33-b384-cf77d5488768
2026-05-25 01:51:38.865 9 ERROR ovsdbapp.backend.ovs_idl.command 
2026-05-25 01:51:38.865 9 ERROR neutron_lib.callbacks.manager [None req-cb6ad7b9-eb8d-4197-9039-16b4484f3a5f 7e300b396db94b24b25968d039d9cabe 6ef05087d76e44928760242c774eb022 - - default default] Error during notification for neutron.services.ovn_l3.plugin.OVNL3RouterPlugin._port_update-8758465173231 port, after_update: ovsdbapp.backend.ovs_idl.idlutils.RowNotFound: Cannot find Logical_Router_Port with name=lrp-a6a63739-2d60-4a33-b384-cf77d5488768
2026-05-25 01:51:38.865 9 ERROR neutron_lib.callbacks.manager
Traceback (most recent call last):
2026-05-25 01:51:38.865 9 ERROR neutron_lib.callbacks.manager
File "/var/lib/openstack/lib/python3.10/site-packages/neutron_lib/callbacks/manager.py", line 189, in _notify_loop
2026-05-25 01:51:38.865 9 ERROR neutron_lib.callbacks.manager callback.method(resource, event, trigger, payload=payload)
2026-05-25 01:51:38.865 9 ERROR neutron_lib.callbacks.manager
File "/var/lib/openstack/lib/python3.10/site-packages/neutron/services/ovn_l3/plugin.py", line 391, in _port_update
2026-05-25 01:51:38.865 9 ERROR neutron_lib.callbacks.manager l3plugin._ovn_client.update_router_port(context,
2026-05-25 01:51:38.865 9 ERROR neutron_lib.callbacks.manager
File "/var/lib/openstack/lib/python3.10/site-packages/neutron/plugins/ml2/drivers/ovn/mech_driver/ovsdb/ovn_client.py", line 1878, in update_router_port
2026-05-25 01:51:38.865 9 ERROR neutron_lib.callbacks.manager self._update_lrouter_port(context, port, if_exists=if_exists,
2026-05-25 01:51:38.865 9 ERROR neutron_lib.callbacks.manager
File "/var/lib/openstack/lib/python3.10/site-packages/neutron/plugins/ml2/drivers/ovn/mech_driver/ovsdb/ovn_client.py", line 1855, in _update_lrouter_port
2026-05-25 01:51:38.865 9 ERROR neutron_lib.callbacks.manager external_ids = self._nb_idl.db_get(
2026-05-25 01:51:38.865 9 ERROR neutron_lib.callbacks.manager
File "/var/lib/openstack/lib/python3.10/site-packages/ovsdbapp/backend/ovs_idl/command.py", line 47, in execute
2026-05-25 01:51:38.865 9 ERROR neutron_lib.callbacks.manager self.run_idl(None)
2026-05-25 01:51:38.865 9 ERROR neutron_lib.callbacks.manager
File "/var/lib/openstack/lib/python3.10/site-packages/ovsdbapp/backend/ovs_idl/command.py", line 235, in run_idl
2026-05-25 01:51:38.865 9 ERROR neutron_lib.callbacks.manager record = self.api.lookup(self.table, self.record)
2026-05-25 01:51:38.865 9 ERROR neutron_lib.callbacks.manager
File "/var/lib/openstack/lib/python3.10/site-packages/ovsdbapp/backend/ovs_idl/__init__.py", line 184, in lookup
2026-05-25 01:51:38.865 9 ERROR neutron_lib.callbacks.manager return self._lookup(table, record)
2026-05-25 01:51:38.865 9 ERROR neutron_lib.callbacks.manager
File "/var/lib/openstack/lib/python3.10/site-packages/ovsdbapp/backend/ovs_idl/__init__.py", line 235, in _lookup
2026-05-25 01:51:38.865 9 ERROR neutron_lib.callbacks.manager row = idlutils.row_by_value(self, rl.table, rl.column, record)
2026-05-25 01:51:38.865 9 ERROR neutron_lib.callbacks.manager
File "/var/lib/openstack/lib/python3.10/site-packages/ovsdbapp/backend/ovs_idl/idlutils.py", line 114, in row_by_value
2026-05-25 01:51:38.865 9 ERROR neutron_lib.callbacks.manager raise RowNotFound(table=table, col=column, match=match)
2026-05-25 01:51:38.865 9 ERROR neutron_lib.callbacks.manager ovsdbapp.backend.ovs_idl.idlutils.RowNotFound: Cannot find Logical_Router_Port with name=lrp-a6a63739-2d60-4a33-b384-cf77d5488768
2026-05-25 01:51:38.865 9 ERROR neutron_lib.callbacks.manager 
2026-05-25 01:51:38.965 10 INFO neutron.db.segments_db [None req-3b672892-e464-4f62-84d5-cd5b3deca402 c0db8e01e5c44d75be7936524ee7d54a 905bb5b68c1a438b8899602afc2df9c3 - - default default] Added segment 6c4252cc-c898-4067-a96f-ce616fb7c553 of type geneve for network c5b39459-e65e-4a68-ad1e-78712d082d18
2026-05-25 01:51:39.100 10 INFO neutron.wsgi [None req-69d6985d-ef94-4d2d-afb6-f7a5b80b329c 7e300b396db94b24b25968d039d9cabe 6ef05087d76e44928760242c774eb022 - - default default] 10.0.0.72 "GET /v2.0/security-groups HTTP/1.1" status: 200 len: 26290 time: 0.1573198
2026-05-25 01:51:39.115 9 INFO neutron.db.ovn_revision_numbers_db [None req-cb6ad7b9-eb8d-4197-9039-16b4484f3a5f 7e300b396db94b24b25968d039d9cabe 6ef05087d76e44928760242c774eb022 - - default default] Successfully bumped revision number for resource a6a63739-2d60-4a33-b384-cf77d5488768 (type: ports) to 1
2026-05-25 01:51:39.184 9 WARNING neutron.scheduler.dhcp_agent_scheduler [None req-cb6ad7b9-eb8d-4197-9039-16b4484f3a5f 7e300b396db94b24b25968d039d9cabe 6ef05087d76e44928760242c774eb022 - - default default] No more DHCP agents
2026-05-25 01:51:39.185 9 WARNING neutron.api.rpc.agentnotifiers.dhcp_rpc_agent_api [None req-cb6ad7b9-eb8d-4197-9039-16b4484f3a5f 7e300b396db94b24b25968d039d9cabe 6ef05087d76e44928760242c774eb022 - - default default] Unable to schedule network 66a4283c-1df2-4a56-bb7a-27a4bb93140e: no agents available; will retry on subsequent port and subnet creation events.
2026-05-25 01:51:39.240 10 INFO neutron.wsgi [None req-60cdce8f-6d72-4222-89a0-d2ae6d20d77b 7e300b396db94b24b25968d039d9cabe 6ef05087d76e44928760242c774eb022 - - default default] 10.0.0.72 "GET /v2.0/ports HTTP/1.1" status: 200 len: 10335 time: 0.1293168
2026-05-25 01:51:39.248 10 INFO neutron.db.ovn_revision_numbers_db [None req-09069717-10bc-499f-897b-abff52111637 - - - - - -] Successfully bumped revision number for resource 674d2a01-0bfe-4dea-b874-ca90c00d1f6f (type: ports) to 2
2026-05-25 01:51:39.292 10 INFO neutron.wsgi [None req-c73590a0-5c21-448f-88c4-229f79e3faac 7e300b396db94b24b25968d039d9cabe 6ef05087d76e44928760242c774eb022 - - default default] 10.0.0.72 "GET /v2.0/agents HTTP/1.1" status: 200 len: 1390 time: 0.0408087
2026-05-25 01:51:39.310 10 INFO neutron.db.ovn_revision_numbers_db [None req-3b672892-e464-4f62-84d5-cd5b3deca402 c0db8e01e5c44d75be7936524ee7d54a 905bb5b68c1a438b8899602afc2df9c3 - - default default] Successfully bumped revision number for resource 66e8edcb-1caa-44e9-986b-f3d3f8c96f4e (type: networks) to 1
2026-05-25 01:51:39.318 10 INFO neutron.wsgi [None req-0af35ec7-0171-4f96-87cd-c7ba96aba254 7e300b396db94b24b25968d039d9cabe 6ef05087d76e44928760242c774eb022 - - default default] 10.0.0.72 "GET /v2.0/network-ip-availabilities HTTP/1.1" status: 200 len: 2558 time: 0.0218697 /var/lib/openstack/lib/python3.10/site-packages/pycadf/identifier.py:71: UserWarning: Invalid uuid: neutron. To ensure interoperability, identifiers should be a valid uuid. warnings.warn(('Invalid uuid: %s. To ensure interoperability, '
2026-05-25 01:51:39.364 10 INFO neutron.wsgi [None req-cb013e38-99cf-473d-831a-c4afc9164b74 7e300b396db94b24b25968d039d9cabe 6ef05087d76e44928760242c774eb022 - - default default] 10.0.0.72 "GET /v2.0/floatingips HTTP/1.1" status: 200 len: 193 time: 0.0378232
2026-05-25 01:51:39.426 10 WARNING neutron.scheduler.dhcp_agent_scheduler [None req-0802f296-53f8-4b81-85e7-dd2999236cb0 174265885afc4654a9a8a93773e23f01 54466d60c2b94c558f7c9deb97183a38 - - default default] No more DHCP agents
2026-05-25 01:51:39.440 10 WARNING neutron.api.rpc.agentnotifiers.dhcp_rpc_agent_api [None req-0802f296-53f8-4b81-85e7-dd2999236cb0 174265885afc4654a9a8a93773e23f01 54466d60c2b94c558f7c9deb97183a38 - - default default] Unable to schedule network bc7195f7-7650-4773-9135-f00796e36a00: no agents available; will retry on subsequent port and subnet creation events.
2026-05-25 01:51:39.647 9 INFO neutron.db.ovn_revision_numbers_db [None req-cb6ad7b9-eb8d-4197-9039-16b4484f3a5f 7e300b396db94b24b25968d039d9cabe 6ef05087d76e44928760242c774eb022 - - default default] Successfully bumped revision number for resource a6a63739-2d60-4a33-b384-cf77d5488768 (type: router_ports) to 1
2026-05-25 01:51:39.656 9 INFO neutron.wsgi [None req-cb6ad7b9-eb8d-4197-9039-16b4484f3a5f 7e300b396db94b24b25968d039d9cabe 6ef05087d76e44928760242c774eb022 - - default default] 10.0.0.86 "PUT /v2.0/routers/b5351b58-c0ed-45fe-98bc-2d385e3b42b6/add_router_interface HTTP/1.1" status: 200 len: 503 time: 2.3183131
2026-05-25 01:51:39.849 10 INFO neutron.plugins.ml2.drivers.ovn.mech_driver.mech_driver [None req-20e38c5f-0b1c-4311-b6e7-51c4eefd35b3 - - - - - -] OVN reports status up for port: a6a63739-2d60-4a33-b384-cf77d5488768
2026-05-25 01:51:39.887 10 INFO neutron.wsgi [None req-efb074d1-3dd2-4b2a-a714-7b1d20fa9d10 7e300b396db94b24b25968d039d9cabe 6ef05087d76e44928760242c774eb022 - - default default] 10.0.0.72 "GET /v2.0/routers HTTP/1.1" status: 200 len: 1150 time: 0.5194359 /var/lib/openstack/lib/python3.10/site-packages/pycadf/identifier.py:71: UserWarning: Invalid uuid: neutron. To ensure interoperability, identifiers should be a valid uuid. warnings.warn(('Invalid uuid: %s. To ensure interoperability, '
2026-05-25 01:51:39.909 10 INFO neutron.plugins.ml2.plugin [None req-20e38c5f-0b1c-4311-b6e7-51c4eefd35b3 - - - - - -] Attempt 1 to provision port a6a63739-2d60-4a33-b384-cf77d5488768
2026-05-25 01:51:39.919 10 INFO neutron.wsgi [None req-278a96da-e0ce-422d-8b53-983bdc0bcb23 7e300b396db94b24b25968d039d9cabe 6ef05087d76e44928760242c774eb022 - - default default] 10.0.0.72 "GET /v2.0/agents?binary=ovn-controller HTTP/1.1" status: 200 len: 591 time: 0.0269883
2026-05-25 01:51:39.970 10 INFO neutron.db.ovn_revision_numbers_db [None req-0802f296-53f8-4b81-85e7-dd2999236cb0 174265885afc4654a9a8a93773e23f01 54466d60c2b94c558f7c9deb97183a38 - - default default] Successfully bumped revision number for resource 34c8691f-6bdf-4417-8a50-d3b75fe505e8 (type: ports) to 1
2026-05-25 01:51:40.026 10 INFO neutron.wsgi [None req-67508997-beb3-4ef0-88f4-8ef80785ee9a 7e300b396db94b24b25968d039d9cabe 6ef05087d76e44928760242c774eb022 - - default default] 10.0.0.72 "GET /v2.0/subnets HTTP/1.1" status: 200 len: 2091 time: 0.0958064
2026-05-25 01:51:40.049 10 INFO neutron.wsgi [None req-0802f296-53f8-4b81-85e7-dd2999236cb0 174265885afc4654a9a8a93773e23f01 54466d60c2b94c558f7c9deb97183a38 - - default default] 10.0.0.86 "POST /v2.0/ports HTTP/1.1" status: 201 len: 974 time: 1.2656920
2026-05-25 01:51:40.068 10 INFO neutron.wsgi [None req-4a4ed4d9-0cf1-4833-b1a2-90a144da9330 7e300b396db94b24b25968d039d9cabe 6ef05087d76e44928760242c774eb022 - - default default] 10.0.0.72 "GET /v2.0/subnetpools HTTP/1.1" status: 200 len: 193 time: 0.0315714
2026-05-25 01:51:40.103 10 WARNING neutron.scheduler.dhcp_agent_scheduler [None req-3b672892-e464-4f62-84d5-cd5b3deca402 c0db8e01e5c44d75be7936524ee7d54a 905bb5b68c1a438b8899602afc2df9c3 - - default default] No more DHCP agents
2026-05-25 01:51:40.110 10 WARNING neutron.api.rpc.agentnotifiers.dhcp_rpc_agent_api [None req-3b672892-e464-4f62-84d5-cd5b3deca402 c0db8e01e5c44d75be7936524ee7d54a 905bb5b68c1a438b8899602afc2df9c3 - - default default] Unable to schedule network 66e8edcb-1caa-44e9-986b-f3d3f8c96f4e: no agents available; will retry on subsequent port and subnet creation events.
2026-05-25 01:51:40.130 10 INFO neutron.wsgi [None req-81ec7d4a-f770-4bdf-bb82-7db6b3b3d37e 7e300b396db94b24b25968d039d9cabe 6ef05087d76e44928760242c774eb022 - - default default] 10.0.0.72 "GET /v2.0/subnets HTTP/1.1" status: 200 len: 2091 time: 0.0576754
2026-05-25 01:51:40.304 10 INFO neutron.wsgi [None req-22ad244e-f2cb-4534-b11a-2b8239f60866 7e300b396db94b24b25968d039d9cabe 6ef05087d76e44928760242c774eb022 - - default default] 10.0.0.72 "GET /v2.0/networks HTTP/1.1" status: 200 len: 5225 time: 0.1671150
2026-05-25 01:51:40.319 9 INFO neutron.plugins.ml2.drivers.ovn.mech_driver.mech_driver [None req-de48258b-1c33-4551-945e-10074b2bfeab - - - - - -] OVN reports status down for port: 34c8691f-6bdf-4417-8a50-d3b75fe505e8
2026-05-25 01:51:40.331 10 INFO neutron.db.ovn_revision_numbers_db [None req-3b672892-e464-4f62-84d5-cd5b3deca402 c0db8e01e5c44d75be7936524ee7d54a 905bb5b68c1a438b8899602afc2df9c3 - - default default] Successfully bumped revision number for resource 6dbf8ba4-7ac4-4378-87f9-27164098935e (type: ports) to 1
2026-05-25 01:51:40.363 9 INFO neutron.db.ovn_revision_numbers_db [None req-81e3921f-92c3-4d9b-a0e4-96d20b9bfa78 174265885afc4654a9a8a93773e23f01 54466d60c2b94c558f7c9deb97183a38 - - default default] Successfully bumped revision number for resource 34c8691f-6bdf-4417-8a50-d3b75fe505e8 (type: ports) to 2
2026-05-25 01:51:40.374 9 INFO neutron.wsgi [None req-81e3921f-92c3-4d9b-a0e4-96d20b9bfa78 174265885afc4654a9a8a93773e23f01 54466d60c2b94c558f7c9deb97183a38 - - default default] 10.0.0.86 "PUT /v2.0/ports/34c8691f-6bdf-4417-8a50-d3b75fe505e8 HTTP/1.1" status: 200 len: 946 time: 0.3176007 /var/lib/openstack/lib/python3.10/site-packages/pycadf/identifier.py:71: UserWarning: Invalid uuid: neutron. To ensure interoperability, identifiers should be a valid uuid. warnings.warn(('Invalid uuid: %s. To ensure interoperability, '
2026-05-25 01:51:40.487 10 INFO neutron.db.ovn_revision_numbers_db [None req-3b672892-e464-4f62-84d5-cd5b3deca402 c0db8e01e5c44d75be7936524ee7d54a 905bb5b68c1a438b8899602afc2df9c3 - - default default] Successfully bumped revision number for resource c5b39459-e65e-4a68-ad1e-78712d082d18 (type: networks) to 1
2026-05-25 01:51:40.603 10 INFO neutron.db.ovn_revision_numbers_db [None req-09069717-10bc-499f-897b-abff52111637 - - - - - -] Successfully bumped revision number for resource 674d2a01-0bfe-4dea-b874-ca90c00d1f6f (type: ports) to 4
2026-05-25 01:51:40.712 9 INFO neutron.wsgi [None req-2040aae7-4eb2-48ab-b33a-2201be817ef5 174265885afc4654a9a8a93773e23f01 54466d60c2b94c558f7c9deb97183a38 - - default default] 10.0.0.86 "DELETE /v2.0/ports/34c8691f-6bdf-4417-8a50-d3b75fe505e8 HTTP/1.1" status: 204 len: 168 time: 0.3330071
2026-05-25 01:51:40.772 9 INFO neutron.wsgi [None req-300ba6cf-72c0-4405-9cc4-677525c79308 174265885afc4654a9a8a93773e23f01 54466d60c2b94c558f7c9deb97183a38 - - default default] 10.0.0.86 "GET /v2.0/ports HTTP/1.1" status: 200 len: 1728 time: 0.0556545
2026-05-25 01:51:40.794 9 INFO neutron.pecan_wsgi.hooks.translation [None req-b2b6e3b3-356e-4325-b1c7-c490da4ddacd 174265885afc4654a9a8a93773e23f01 54466d60c2b94c558f7c9deb97183a38 - - default default] GET failed (client error): The resource could not be found.
2026-05-25 01:51:40.796 9 INFO neutron.wsgi [None req-b2b6e3b3-356e-4325-b1c7-c490da4ddacd 174265885afc4654a9a8a93773e23f01 54466d60c2b94c558f7c9deb97183a38 - - default default] 10.0.0.86 "GET /v2.0/ports/34c8691f-6bdf-4417-8a50-d3b75fe505e8 HTTP/1.1" status: 404 len: 333 time: 0.0182612
2026-05-25 01:51:40.846 9 INFO neutron.wsgi [None req-49fd4809-c07b-469a-9de6-7eae3cb694e1 174265885afc4654a9a8a93773e23f01 54466d60c2b94c558f7c9deb97183a38 - - default default] 10.0.0.86 "GET /v2.0/ports HTTP/1.1" status: 200 len: 1728 time: 0.0449712
2026-05-25 01:51:40.895 9 INFO neutron.wsgi [None req-dca56f3e-f95f-4544-8bd9-707d4b98defa 174265885afc4654a9a8a93773e23f01 54466d60c2b94c558f7c9deb97183a38 - - default default] 10.0.0.86 "GET /v2.0/ports/c237cdbe-04ed-48d0-9cda-6e511303f5ff HTTP/1.1" status: 200 len: 968 time: 0.0430286
2026-05-25 01:51:40.921 9 INFO neutron.pecan_wsgi.hooks.translation [None req-aad75a1c-435e-417c-a96a-8a3aaf0e48be 174265885afc4654a9a8a93773e23f01 54466d60c2b94c558f7c9deb97183a38 - - default default] DELETE failed (client error): The resource could not be found.
2026-05-25 01:51:40.924 9 INFO neutron.wsgi [None req-aad75a1c-435e-417c-a96a-8a3aaf0e48be 174265885afc4654a9a8a93773e23f01 54466d60c2b94c558f7c9deb97183a38 - - default default] 10.0.0.86 "DELETE /v2.0/ports/19e79721-5527-491c-b3c5-aa56296b543a HTTP/1.1" status: 404 len: 333 time: 0.0225768
2026-05-25 01:51:40.942 9 INFO neutron.pecan_wsgi.hooks.translation [None req-1b95edd4-21f3-4de0-93c3-c436c91f0a7c 174265885afc4654a9a8a93773e23f01 54466d60c2b94c558f7c9deb97183a38 - - default default] DELETE failed (client error): The resource could not be found.
2026-05-25 01:51:40.945 9 INFO neutron.wsgi [None req-1b95edd4-21f3-4de0-93c3-c436c91f0a7c 174265885afc4654a9a8a93773e23f01 54466d60c2b94c558f7c9deb97183a38 - - default default] 10.0.0.86 "DELETE /v2.0/subnets/93c521fa-d647-4e2b-9ab4-122d5af02863 HTTP/1.1" status: 404 len: 337 time: 0.0185273
2026-05-25 01:51:40.965 9 INFO neutron.pecan_wsgi.hooks.translation [None req-19c643fe-aa62-4cc9-b04a-2c36631fe046 174265885afc4654a9a8a93773e23f01 54466d60c2b94c558f7c9deb97183a38 - - default default] DELETE failed (client error): The resource could not be found.
2026-05-25 01:51:40.968 9 INFO neutron.wsgi [None req-19c643fe-aa62-4cc9-b04a-2c36631fe046 174265885afc4654a9a8a93773e23f01 54466d60c2b94c558f7c9deb97183a38 - - default default] 10.0.0.86 "DELETE /v2.0/subnets/7c099c79-58d4-4d96-86ce-fc4bc636305c HTTP/1.1" status: 404 len: 337 time: 0.0173414
2026-05-25 01:51:41.035 10 WARNING neutron.scheduler.dhcp_agent_scheduler [None req-3b672892-e464-4f62-84d5-cd5b3deca402 c0db8e01e5c44d75be7936524ee7d54a 905bb5b68c1a438b8899602afc2df9c3 - - default default] No more DHCP agents
2026-05-25 01:51:41.042 10 WARNING neutron.api.rpc.agentnotifiers.dhcp_rpc_agent_api [None req-3b672892-e464-4f62-84d5-cd5b3deca402 c0db8e01e5c44d75be7936524ee7d54a 905bb5b68c1a438b8899602afc2df9c3 - - default default] Unable to schedule network c5b39459-e65e-4a68-ad1e-78712d082d18: no agents available; will retry on subsequent port and subnet creation events.
2026-05-25 01:51:41.160 10 INFO neutron.db.ovn_revision_numbers_db [None req-20e38c5f-0b1c-4311-b6e7-51c4eefd35b3 - - - - - -] Successfully bumped revision number for resource a6a63739-2d60-4a33-b384-cf77d5488768 (type: ports) to 2
2026-05-25 01:51:41.244 9 INFO neutron.wsgi [None req-2c548e9b-2697-4f47-92e1-dc70f7a4be5e 174265885afc4654a9a8a93773e23f01 54466d60c2b94c558f7c9deb97183a38 - - default default] 10.0.0.86 "DELETE /v2.0/ports/c237cdbe-04ed-48d0-9cda-6e511303f5ff HTTP/1.1" status: 204 len: 168 time: 0.2700136
2026-05-25 01:51:41.255 10 INFO neutron.db.ovn_revision_numbers_db [None req-3b672892-e464-4f62-84d5-cd5b3deca402 c0db8e01e5c44d75be7936524ee7d54a 905bb5b68c1a438b8899602afc2df9c3 - - default default] Successfully bumped revision number for resource da67224c-8525-4252-9b08-3d323314f940 (type: ports) to 1
2026-05-25 01:51:41.320 10 INFO neutron.wsgi [None req-3b672892-e464-4f62-84d5-cd5b3deca402 c0db8e01e5c44d75be7936524ee7d54a 905bb5b68c1a438b8899602afc2df9c3 - - default default] 10.0.0.86 "POST /v2.0/networks HTTP/1.1" status: 201 len: 1445 time: 3.2174671
2026-05-25 01:51:41.377 10 INFO neutron.db.ovn_revision_numbers_db [None req-09069717-10bc-499f-897b-abff52111637 - - - - - -] Successfully bumped revision number for resource 674d2a01-0bfe-4dea-b874-ca90c00d1f6f (type: router_ports) to 4
2026-05-25 01:51:41.400 10 INFO neutron.db.ovn_revision_numbers_db [None req-20e38c5f-0b1c-4311-b6e7-51c4eefd35b3 - - - - - -] Successfully bumped revision number for resource a6a63739-2d60-4a33-b384-cf77d5488768 (type: router_ports) to 2
2026-05-25 01:51:41.489 9 INFO neutron.wsgi [None req-ec007e8a-2766-49de-a54a-b2ba7100ab10 c0db8e01e5c44d75be7936524ee7d54a 905bb5b68c1a438b8899602afc2df9c3 - - default default] 10.0.0.86 "GET /v2.0/networks HTTP/1.1" status: 200 len: 2051 time: 0.1627791
2026-05-25 01:51:41.700 9 INFO neutron.services.segments.plugin [-] Segment 1e8ea39f-5799-4b1e-af85-8b6a259ffd06 resource provider aggregate not found
2026-05-25 01:51:41.703 9 INFO neutron.services.segments.plugin [-] Segment 1e8ea39f-5799-4b1e-af85-8b6a259ffd06 resource provider aggregate not found
2026-05-25 01:51:41.715 9 INFO neutron.services.segments.plugin [-] Segment 1e8ea39f-5799-4b1e-af85-8b6a259ffd06 resource provider not found; error: Placement Client Error (4xx): {"errors": [{"status": 404, "title": "Not Found", "detail": "The resource could not be found.\n\n No resource provider with uuid 1e8ea39f-5799-4b1e-af85-8b6a259ffd06 found for delete ", "request_id": "req-8dd5f957-0fe7-4f2e-b30b-0975532545e5"}]}
2026-05-25 01:51:41.722 9 INFO neutron.services.segments.plugin [-] Segment 1e8ea39f-5799-4b1e-af85-8b6a259ffd06 resource provider not found; error: Placement Client Error (4xx): {"errors": [{"status": 404, "title": "Not Found", "detail": "The resource could not be found.\n\n No resource provider with uuid 1e8ea39f-5799-4b1e-af85-8b6a259ffd06 found for delete ", "request_id": "req-b041034b-553c-4b19-98de-badbd865cd7a"}]}
2026-05-25 01:51:41.758 9 INFO neutron.wsgi [None req-1cfc0e21-2f23-406a-81e9-23c55ad9ddc1 174265885afc4654a9a8a93773e23f01 54466d60c2b94c558f7c9deb97183a38 - - default default] 10.0.0.86 "DELETE /v2.0/networks/bc7195f7-7650-4773-9135-f00796e36a00 HTTP/1.1" status: 204 len: 168 time: 0.5090599
2026-05-25 01:51:41.855 10 INFO neutron.wsgi [req-fcbda86c-a274-481a-b478-80c8d8c8abd4 req-035c8697-1980-439e-a280-a865be58128f 1009b3c761f54d0e8b8ab007515e6019 a6bf74a12ab547b396e88bfe8476ff44 - - default default] 10.0.0.56 "GET /v2.0/networks?id=66a4283c-1df2-4a56-bb7a-27a4bb93140e HTTP/1.1" status: 200 len: 872 time: 0.1129124
2026-05-25 01:51:41.876 10 INFO neutron.wsgi [req-fcbda86c-a274-481a-b478-80c8d8c8abd4 req-12e16980-bd13-4555-82dd-c4931fbe2c99 1009b3c761f54d0e8b8ab007515e6019 a6bf74a12ab547b396e88bfe8476ff44 - - default default] 10.0.0.56 "GET /v2.0/quotas/a6bf74a12ab547b396e88bfe8476ff44 HTTP/1.1" status: 200 len: 491 time: 0.0128381
2026-05-25 01:51:41.917 10 INFO neutron.services.segments.plugin [-] Segment a6b8a0e4-e32d-41f9-8831-b56209207915 resource provider aggregate not found
2026-05-25 01:51:41.940 10 INFO neutron.services.segments.plugin [-] Segment a6b8a0e4-e32d-41f9-8831-b56209207915 resource provider aggregate not found
2026-05-25 01:51:41.963 10 INFO neutron.services.segments.plugin [-] Segment a6b8a0e4-e32d-41f9-8831-b56209207915 resource provider not found; error: Placement Client Error (4xx): {"errors": [{"status": 404, "title": "Not Found", "detail": "The resource could not be found.\n\n No resource provider with uuid a6b8a0e4-e32d-41f9-8831-b56209207915 found for delete ", "request_id": "req-139e2971-bb87-42c9-a044-84f2019d4c44"}]}
2026-05-25 01:51:41.964 10 INFO neutron.services.segments.plugin [-] Segment a6b8a0e4-e32d-41f9-8831-b56209207915 resource provider not found; error: Placement Client Error (4xx): {"errors": [{"status": 404, "title": "Not Found", "detail": "The resource could not be found.\n\n No resource provider with uuid a6b8a0e4-e32d-41f9-8831-b56209207915 found for delete ", "request_id": "req-ccb3336e-22e4-46c1-9643-b77119c7e738"}]}
2026-05-25 01:51:42.024 10 INFO neutron.wsgi [req-fcbda86c-a274-481a-b478-80c8d8c8abd4 req-3c75de17-ebea-4e88-96be-57848ad1e2db 1009b3c761f54d0e8b8ab007515e6019 a6bf74a12ab547b396e88bfe8476ff44 - - default default] 10.0.0.56 "GET /v2.0/ports?tenant_id=a6bf74a12ab547b396e88bfe8476ff44&fields=id HTTP/1.1" status: 200 len: 302 time: 0.1416321
2026-05-25 01:51:42.027 10 INFO neutron.wsgi [None req-b3074751-138b-4062-92f3-e9e76679efe8 c0db8e01e5c44d75be7936524ee7d54a 905bb5b68c1a438b8899602afc2df9c3 - - default default] 10.0.0.86 "DELETE /v2.0/networks/66e8edcb-1caa-44e9-986b-f3d3f8c96f4e HTTP/1.1" status: 204 len: 168 time: 0.5328491
2026-05-25 01:51:42.090 10 INFO neutron.wsgi [req-fcbda86c-a274-481a-b478-80c8d8c8abd4 req-15919bdb-6e53-4ec0-b182-5da17afd8b57 2af45385c8c54074a1be8669ec1f53c0 10730293bca14780ad94eb382d592dfc - - 7b06d5d001a940d48d280bf8624ee0a4 7b06d5d001a940d48d280bf8624ee0a4] 10.0.0.56 "GET /v2.0/networks/66a4283c-1df2-4a56-bb7a-27a4bb93140e?fields=segments HTTP/1.1" status: 200 len: 212 time: 0.0558760
2026-05-25 01:51:42.159 10 INFO neutron.wsgi [req-fcbda86c-a274-481a-b478-80c8d8c8abd4 req-6a7a8ae1-60bd-4fed-9b60-7a570a5c2bf6 2af45385c8c54074a1be8669ec1f53c0 10730293bca14780ad94eb382d592dfc - - 7b06d5d001a940d48d280bf8624ee0a4 7b06d5d001a940d48d280bf8624ee0a4] 10.0.0.56 "GET /v2.0/networks/66a4283c-1df2-4a56-bb7a-27a4bb93140e?fields=provider%3Aphysical_network&fields=provider%3Anetwork_type HTTP/1.1" status: 200 len: 277 time: 0.0634401
2026-05-25 01:51:42.313 9 INFO neutron.wsgi [req-c210b87c-a084-4495-bffd-cb96a7eea75c req-8dee51bf-a64d-494e-979c-bdc87f4463f9 1009b3c761f54d0e8b8ab007515e6019 a6bf74a12ab547b396e88bfe8476ff44 - - default default] 10.0.0.56 "GET /v2.0/ports?device_id=d9b73ce3-7d77-4376-b8f6-f78edbfce47f HTTP/1.1" status: 200 len: 210 time: 0.0310040
2026-05-25 01:51:42.452 9 INFO neutron.wsgi [None req-39d33964-6d56-4b02-95c0-fb36d944dc2c c0db8e01e5c44d75be7936524ee7d54a 905bb5b68c1a438b8899602afc2df9c3 - - default default] 10.0.0.86 "DELETE /v2.0/networks/c5b39459-e65e-4a68-ad1e-78712d082d18 HTTP/1.1" status: 204 len: 168 time: 0.4199550
2026-05-25 01:51:42.480 10 INFO neutron.wsgi [None req-75deaaf2-333e-4f21-a6f1-0d54b20db5fc 7e300b396db94b24b25968d039d9cabe 6ef05087d76e44928760242c774eb022 - - default default] 10.0.0.86 "GET /v2.0/security-groups?tenant_id=54466d60c2b94c558f7c9deb97183a38&name=default HTTP/1.1" status: 200 len: 3120 time: 0.1667964
2026-05-25 01:51:42.557 10 INFO neutron.wsgi [None req-5595d1dc-e7e5-4df5-86e7-c43c6646c8cf c0db8e01e5c44d75be7936524ee7d54a 905bb5b68c1a438b8899602afc2df9c3 - - default default] 10.0.0.86 "GET /v2.0/networks HTTP/1.1" status: 200 len: 845 time: 0.0985134
2026-05-25 01:51:42.569 10 WARNING neutron_lib.context [None req-83eae264-7482-4a29-9372-97cc3384f31d c0db8e01e5c44d75be7936524ee7d54a 905bb5b68c1a438b8899602afc2df9c3 - - default default] Method 'is_advsvc' is deprecated since 2023.2 release (neutron-lib 3.8.0) and will be removed once support for the old RBAC API policies will be removed from Neutron. Please use method 'is_service_role' instead.
2026-05-25 01:51:42.653 10 INFO neutron.db.segments_db [None req-83eae264-7482-4a29-9372-97cc3384f31d c0db8e01e5c44d75be7936524ee7d54a 905bb5b68c1a438b8899602afc2df9c3 - - default default] Added segment 01462100-7bb7-42b0-84a4-fb6cec141a50 of type geneve for network 16784fe1-f5d1-4ce8-bbc8-042932035107
2026-05-25 01:51:42.718 9 INFO neutron.wsgi [None req-9d0e265f-d077-40db-a373-a49eca72f2d8 7e300b396db94b24b25968d039d9cabe 6ef05087d76e44928760242c774eb022 - - default default] 10.0.0.86 "DELETE /v2.0/security-groups/38201677-edb7-4c07-a0a6-d7858f61c59a HTTP/1.1" status: 204 len: 168 time: 0.2324290
2026-05-25 01:51:42.796 10 INFO neutron.db.ovn_revision_numbers_db [None req-83eae264-7482-4a29-9372-97cc3384f31d c0db8e01e5c44d75be7936524ee7d54a 905bb5b68c1a438b8899602afc2df9c3 - - default default] Successfully bumped revision number for resource 16784fe1-f5d1-4ce8-bbc8-042932035107 (type: networks) to 1
2026-05-25 01:51:43.024 10 WARNING neutron.scheduler.dhcp_agent_scheduler [None req-83eae264-7482-4a29-9372-97cc3384f31d c0db8e01e5c44d75be7936524ee7d54a 905bb5b68c1a438b8899602afc2df9c3 - - default default] No more DHCP agents
2026-05-25 01:51:43.027 10 WARNING neutron.api.rpc.agentnotifiers.dhcp_rpc_agent_api [None req-83eae264-7482-4a29-9372-97cc3384f31d c0db8e01e5c44d75be7936524ee7d54a 905bb5b68c1a438b8899602afc2df9c3 - - default default] Unable to schedule network 16784fe1-f5d1-4ce8-bbc8-042932035107: no agents available; will retry on subsequent port and subnet creation events.
2026-05-25 01:51:43.081 9 INFO neutron.wsgi [req-fcbda86c-a274-481a-b478-80c8d8c8abd4 req-6cc0d8b5-0c9c-43b0-b3d9-f741a8ebd57b 1009b3c761f54d0e8b8ab007515e6019 a6bf74a12ab547b396e88bfe8476ff44 - - default default] 199.204.45.3 "GET /v2.0/networks?id=66a4283c-1df2-4a56-bb7a-27a4bb93140e HTTP/1.1" status: 200 len: 872 time: 0.1298089
2026-05-25 01:51:43.094 9 WARNING neutron_lib.context [req-fcbda86c-a274-481a-b478-80c8d8c8abd4 req-3a458b2e-5344-4daa-bc2b-d7011ce1c643 1009b3c761f54d0e8b8ab007515e6019 a6bf74a12ab547b396e88bfe8476ff44 - - default default] Method 'is_advsvc' is deprecated since 2023.2 release (neutron-lib 3.8.0) and will be removed once support for the old RBAC API policies will be removed from Neutron. Please use method 'is_service_role' instead.
2026-05-25 01:51:43.116 10 INFO neutron.db.ovn_revision_numbers_db [None req-83eae264-7482-4a29-9372-97cc3384f31d c0db8e01e5c44d75be7936524ee7d54a 905bb5b68c1a438b8899602afc2df9c3 - - default default] Successfully bumped revision number for resource afaf2775-6c68-4ed2-8401-3842db613251 (type: ports) to 1
2026-05-25 01:51:43.141 10 INFO neutron.wsgi [None req-83eae264-7482-4a29-9372-97cc3384f31d c0db8e01e5c44d75be7936524ee7d54a 905bb5b68c1a438b8899602afc2df9c3 - - default default] 10.0.0.86 "POST /v2.0/networks HTTP/1.1" status: 201 len: 852 time: 0.5767491
2026-05-25 01:51:43.152 10 WARNING neutron_lib.context [None req-97651c5c-1443-459f-96db-a854f3f42b27 c0db8e01e5c44d75be7936524ee7d54a 905bb5b68c1a438b8899602afc2df9c3 - - default default] Method 'is_advsvc' is deprecated since 2023.2 release (neutron-lib 3.8.0) and will be removed once support for the old RBAC API policies will be removed from Neutron. Please use method 'is_service_role' instead.
2026-05-25 01:51:43.238 10 INFO neutron.db.segments_db [None req-97651c5c-1443-459f-96db-a854f3f42b27 c0db8e01e5c44d75be7936524ee7d54a 905bb5b68c1a438b8899602afc2df9c3 - - default default] Added segment c8d11dc2-3dcf-4dd6-9d8f-8556519332da of type geneve for network 93bb0f55-0836-45e1-907b-0c67e42997c7
2026-05-25 01:51:43.326 9 INFO neutron.wsgi [-] 10.0.0.25 "GET / HTTP/1.1" status: 200 len: 247 time: 0.0017977
2026-05-25 01:51:43.328 9 INFO neutron.wsgi [-] 10.0.0.25 "GET / HTTP/1.1" status: 200 len: 247 time: 0.0010760
2026-05-25 01:51:43.397 10 INFO neutron.db.ovn_revision_numbers_db [None req-97651c5c-1443-459f-96db-a854f3f42b27 c0db8e01e5c44d75be7936524ee7d54a 905bb5b68c1a438b8899602afc2df9c3 - - default default] Successfully bumped revision number for resource 93bb0f55-0836-45e1-907b-0c67e42997c7 (type: networks) to 1
2026-05-25 01:51:43.406 10 INFO neutron.wsgi [req-702663fe-4847-48b5-af1e-82dd9fbf1869 req-286d66be-5eb9-4bd4-8bb6-be852d25f8ba 1009b3c761f54d0e8b8ab007515e6019 a6bf74a12ab547b396e88bfe8476ff44 - - default default] 10.0.0.56 "GET /v2.0/ports?device_id=d9b73ce3-7d77-4376-b8f6-f78edbfce47f HTTP/1.1" status: 200 len: 210 time: 0.0174375
2026-05-25 01:51:43.518 9 WARNING neutron.scheduler.dhcp_agent_scheduler [req-fcbda86c-a274-481a-b478-80c8d8c8abd4 req-3a458b2e-5344-4daa-bc2b-d7011ce1c643 1009b3c761f54d0e8b8ab007515e6019 a6bf74a12ab547b396e88bfe8476ff44 - - default default] No more DHCP agents
2026-05-25 01:51:43.522 9 WARNING neutron.api.rpc.agentnotifiers.dhcp_rpc_agent_api [req-fcbda86c-a274-481a-b478-80c8d8c8abd4 req-3a458b2e-5344-4daa-bc2b-d7011ce1c643 1009b3c761f54d0e8b8ab007515e6019 a6bf74a12ab547b396e88bfe8476ff44 - - default default] Unable to schedule network 66a4283c-1df2-4a56-bb7a-27a4bb93140e: no agents available; will retry on subsequent port and subnet creation events.
2026-05-25 01:51:43.576 10 WARNING neutron.scheduler.dhcp_agent_scheduler [None req-97651c5c-1443-459f-96db-a854f3f42b27 c0db8e01e5c44d75be7936524ee7d54a 905bb5b68c1a438b8899602afc2df9c3 - - default default] No more DHCP agents
2026-05-25 01:51:43.578 10 WARNING neutron.api.rpc.agentnotifiers.dhcp_rpc_agent_api [None req-97651c5c-1443-459f-96db-a854f3f42b27 c0db8e01e5c44d75be7936524ee7d54a 905bb5b68c1a438b8899602afc2df9c3 - - default default] Unable to schedule network 93bb0f55-0836-45e1-907b-0c67e42997c7: no agents available; will retry on subsequent port and subnet creation events.
2026-05-25 01:51:43.650 10 INFO neutron.db.ovn_revision_numbers_db [None req-97651c5c-1443-459f-96db-a854f3f42b27 c0db8e01e5c44d75be7936524ee7d54a 905bb5b68c1a438b8899602afc2df9c3 - - default default] Successfully bumped revision number for resource 5422f9fc-9e28-4f63-89e9-a2a6278dce33 (type: ports) to 1
2026-05-25 01:51:43.670 10 INFO neutron.wsgi [None req-97651c5c-1443-459f-96db-a854f3f42b27 c0db8e01e5c44d75be7936524ee7d54a 905bb5b68c1a438b8899602afc2df9c3 - - default default] 10.0.0.86 "POST /v2.0/networks HTTP/1.1" status: 201 len: 852 time: 0.5226381
2026-05-25 01:51:43.679 10 WARNING neutron_lib.context [None req-f54bd3a7-9e21-4dcf-9978-eda4c9055657 c0db8e01e5c44d75be7936524ee7d54a 905bb5b68c1a438b8899602afc2df9c3 - - default default] Method 'is_advsvc' is deprecated since 2023.2 release (neutron-lib 3.8.0) and will be removed once support for the old RBAC API policies will be removed from Neutron. Please use method 'is_service_role' instead.
2026-05-25 01:51:43.680 9 INFO neutron.db.ovn_revision_numbers_db [req-fcbda86c-a274-481a-b478-80c8d8c8abd4 req-3a458b2e-5344-4daa-bc2b-d7011ce1c643 1009b3c761f54d0e8b8ab007515e6019 a6bf74a12ab547b396e88bfe8476ff44 - - default default] Successfully bumped revision number for resource 81a15683-14cd-4850-bf71-0d4a4da9a7ea (type: ports) to 1
2026-05-25 01:51:43.704 9 INFO neutron.wsgi [req-fcbda86c-a274-481a-b478-80c8d8c8abd4 req-3a458b2e-5344-4daa-bc2b-d7011ce1c643 1009b3c761f54d0e8b8ab007515e6019 a6bf74a12ab547b396e88bfe8476ff44 - - default default] 199.204.45.3 "POST /v2.0/ports HTTP/1.1" status: 201 len: 1162 time: 0.6152964 /var/lib/openstack/lib/python3.10/site-packages/pycadf/identifier.py:71: UserWarning: Invalid uuid: neutron. To ensure interoperability, identifiers should be a valid uuid. warnings.warn(('Invalid uuid: %s. To ensure interoperability, '
2026-05-25 01:51:43.718 10 WARNING neutron_lib.context [None req-f54bd3a7-9e21-4dcf-9978-eda4c9055657 c0db8e01e5c44d75be7936524ee7d54a 905bb5b68c1a438b8899602afc2df9c3 - - default default] Method 'is_advsvc' is deprecated since 2023.2 release (neutron-lib 3.8.0) and will be removed once support for the old RBAC API policies will be removed from Neutron. Please use method 'is_service_role' instead.
2026-05-25 01:51:43.741 9 INFO neutron.services.segments.plugin [-] Segment 6c4252cc-c898-4067-a96f-ce616fb7c553 resource provider aggregate not found
2026-05-25 01:51:43.746 9 INFO neutron.services.segments.plugin [-] Segment 6c4252cc-c898-4067-a96f-ce616fb7c553 resource provider aggregate not found
2026-05-25 01:51:43.762 9 INFO neutron.services.segments.plugin [-] Segment 6c4252cc-c898-4067-a96f-ce616fb7c553 resource provider not found; error: Placement Client Error (4xx): {"errors": [{"status": 404, "title": "Not Found", "detail": "The resource could not be found.\n\n No resource provider with uuid 6c4252cc-c898-4067-a96f-ce616fb7c553 found for delete ", "request_id": "req-253a9112-5f1d-40f1-89cf-4079dfe0579a"}]}
2026-05-25 01:51:43.763 9 INFO neutron.services.segments.plugin [-] Segment 6c4252cc-c898-4067-a96f-ce616fb7c553 resource provider not found; error: Placement Client Error (4xx): {"errors": [{"status": 404, "title": "Not Found", "detail": "The resource could not be found.\n\n No resource provider with uuid 6c4252cc-c898-4067-a96f-ce616fb7c553 found for delete ", "request_id": "req-fc2c0155-24f4-49d2-9875-d299bb53fcdf"}]}
2026-05-25 01:51:44.184 9 INFO neutron.db.ovn_revision_numbers_db [req-fcbda86c-a274-481a-b478-80c8d8c8abd4 req-a74782f5-1c6b-4b15-bb5d-f7707e7996d3 2af45385c8c54074a1be8669ec1f53c0 10730293bca14780ad94eb382d592dfc - - 7b06d5d001a940d48d280bf8624ee0a4 7b06d5d001a940d48d280bf8624ee0a4] Successfully bumped revision number for resource 81a15683-14cd-4850-bf71-0d4a4da9a7ea (type: ports) to 2
2026-05-25 01:51:44.200 10 WARNING neutron.scheduler.dhcp_agent_scheduler [None req-f54bd3a7-9e21-4dcf-9978-eda4c9055657 c0db8e01e5c44d75be7936524ee7d54a 905bb5b68c1a438b8899602afc2df9c3 - - default default] No more DHCP agents
2026-05-25 01:51:44.202 10 WARNING neutron.api.rpc.agentnotifiers.dhcp_rpc_agent_api [None req-f54bd3a7-9e21-4dcf-9978-eda4c9055657 c0db8e01e5c44d75be7936524ee7d54a 905bb5b68c1a438b8899602afc2df9c3 - - default default] Unable to schedule network 16784fe1-f5d1-4ce8-bbc8-042932035107: no agents available; will retry on subsequent port and subnet creation events.
2026-05-25 01:51:44.290 10 INFO neutron.db.ovn_revision_numbers_db [None req-f54bd3a7-9e21-4dcf-9978-eda4c9055657 c0db8e01e5c44d75be7936524ee7d54a 905bb5b68c1a438b8899602afc2df9c3 - - default default] Successfully bumped revision number for resource b1c87765-791d-4027-a1f5-9c6a4f52f5d3 (type: ports) to 1
2026-05-25 01:51:44.322 10 WARNING neutron.scheduler.dhcp_agent_scheduler [None req-f54bd3a7-9e21-4dcf-9978-eda4c9055657 c0db8e01e5c44d75be7936524ee7d54a 905bb5b68c1a438b8899602afc2df9c3 - - default default] No more DHCP agents
2026-05-25 01:51:44.324 10 WARNING neutron.api.rpc.agentnotifiers.dhcp_rpc_agent_api [None req-f54bd3a7-9e21-4dcf-9978-eda4c9055657 c0db8e01e5c44d75be7936524ee7d54a 905bb5b68c1a438b8899602afc2df9c3 - - default default] Unable to schedule network 93bb0f55-0836-45e1-907b-0c67e42997c7: no agents available; will retry on subsequent port and subnet creation events.
2026-05-25 01:51:44.413 9 INFO neutron.db.ovn_revision_numbers_db [req-fcbda86c-a274-481a-b478-80c8d8c8abd4 req-a74782f5-1c6b-4b15-bb5d-f7707e7996d3 2af45385c8c54074a1be8669ec1f53c0 10730293bca14780ad94eb382d592dfc - - 7b06d5d001a940d48d280bf8624ee0a4 7b06d5d001a940d48d280bf8624ee0a4] Successfully bumped revision number for resource 81a15683-14cd-4850-bf71-0d4a4da9a7ea (type: ports) to 2
2026-05-25 01:51:44.432 10 INFO neutron.db.ovn_revision_numbers_db [None req-f54bd3a7-9e21-4dcf-9978-eda4c9055657 c0db8e01e5c44d75be7936524ee7d54a 905bb5b68c1a438b8899602afc2df9c3 - - default default] Successfully bumped revision number for resource ededa9fc-a1e5-4342-a4ce-2016040ee05c (type: ports) to 1
2026-05-25 01:51:44.432 9 INFO neutron.wsgi [req-fcbda86c-a274-481a-b478-80c8d8c8abd4 req-a74782f5-1c6b-4b15-bb5d-f7707e7996d3 2af45385c8c54074a1be8669ec1f53c0 10730293bca14780ad94eb382d592dfc - - 7b06d5d001a940d48d280bf8624ee0a4 7b06d5d001a940d48d280bf8624ee0a4] 199.204.45.3 "PUT /v2.0/ports/81a15683-14cd-4850-bf71-0d4a4da9a7ea HTTP/1.1" status: 200 len: 1380 time: 0.7178924
2026-05-25 01:51:44.464 10 INFO neutron.wsgi [None req-f54bd3a7-9e21-4dcf-9978-eda4c9055657 c0db8e01e5c44d75be7936524ee7d54a 905bb5b68c1a438b8899602afc2df9c3 - - default default] 10.0.0.86 "POST /v2.0/ports HTTP/1.1" status: 201 len: 1705 time: 0.7892594 /var/lib/openstack/lib/python3.10/site-packages/pycadf/identifier.py:71: UserWarning: Invalid uuid: neutron. To ensure interoperability, identifiers should be a valid uuid. warnings.warn(('Invalid uuid: %s. To ensure interoperability, ' /var/lib/openstack/lib/python3.10/site-packages/pycadf/identifier.py:71: UserWarning: Invalid uuid: neutron. To ensure interoperability, identifiers should be a valid uuid. warnings.warn(('Invalid uuid: %s. To ensure interoperability, '
2026-05-25 01:51:44.485 9 INFO neutron.notifiers.nova [-] Nova event matching ['req-76fd8a90-e227-4e7e-877c-89063d822295'] response: {'name': 'network-changed', 'server_uuid': 'd9b73ce3-7d77-4376-b8f6-f78edbfce47f', 'tag': '81a15683-14cd-4850-bf71-0d4a4da9a7ea', 'status': 'completed', 'code': 200}
2026-05-25 01:51:44.538 9 INFO neutron.wsgi [req-fcbda86c-a274-481a-b478-80c8d8c8abd4 req-049cb305-24e7-40e5-af6e-5a2f41efaa5e 2af45385c8c54074a1be8669ec1f53c0 10730293bca14780ad94eb382d592dfc - - 7b06d5d001a940d48d280bf8624ee0a4 7b06d5d001a940d48d280bf8624ee0a4] 199.204.45.3 "GET /v2.0/ports?tenant_id=a6bf74a12ab547b396e88bfe8476ff44&device_id=d9b73ce3-7d77-4376-b8f6-f78edbfce47f HTTP/1.1" status: 200 len: 1411 time: 0.0758216
2026-05-25 01:51:44.553 9 WARNING neutron_lib.context [None req-c2cc52c1-e5a1-491a-bef9-586a5c3a5a75 e6c2b1dabeed404d96b0acfb2d68ab7b d268ce14584346de8c5df963ca94ce60 - - default default] Method 'is_advsvc' is deprecated since 2023.2 release (neutron-lib 3.8.0) and will be removed once support for the old RBAC API policies will be removed from Neutron. Please use method 'is_service_role' instead.
2026-05-25 01:51:44.662 10 INFO neutron.wsgi [None req-23d97344-cbb6-4139-b172-0c73e66cbab2 c0db8e01e5c44d75be7936524ee7d54a 905bb5b68c1a438b8899602afc2df9c3 - - default default] 10.0.0.86 "GET /v2.0/ports HTTP/1.1" status: 200 len: 3212 time: 0.1917913
2026-05-25 01:51:44.879 9 INFO neutron.wsgi [req-fcbda86c-a274-481a-b478-80c8d8c8abd4 req-0bf92d58-8c1a-4a80-a647-9f5fdcd59c6c 2af45385c8c54074a1be8669ec1f53c0 10730293bca14780ad94eb382d592dfc - - 7b06d5d001a940d48d280bf8624ee0a4 7b06d5d001a940d48d280bf8624ee0a4] 199.204.45.3 "GET /v2.0/floatingips?fixed_ip_address=10.100.0.12&port_id=81a15683-14cd-4850-bf71-0d4a4da9a7ea HTTP/1.1" status: 200 len: 217 time: 0.3337886
2026-05-25 01:51:44.935 9 INFO neutron.wsgi [req-87fa1523-abc3-406e-8d5b-9ced25abdd41 req-e92556e0-3e0b-4d7e-9f0f-7f46354fc3a2 1009b3c761f54d0e8b8ab007515e6019 a6bf74a12ab547b396e88bfe8476ff44 - - default default] 10.0.0.56 "GET /v2.0/ports?device_id=d9b73ce3-7d77-4376-b8f6-f78edbfce47f HTTP/1.1" status: 200 len: 1172 time: 0.4507313
2026-05-25 01:51:44.949 9 INFO neutron.wsgi [req-fcbda86c-a274-481a-b478-80c8d8c8abd4 req-c309e2da-7b23-4ee8-becb-9c8a9e7dad46 2af45385c8c54074a1be8669ec1f53c0 10730293bca14780ad94eb382d592dfc - - 7b06d5d001a940d48d280bf8624ee0a4 7b06d5d001a940d48d280bf8624ee0a4] 199.204.45.3 "GET /v2.0/subnets?id=f9063681-297b-4523-b84c-e036e1618711 HTTP/1.1" status: 200 len: 866 time: 0.0570679
2026-05-25 01:51:44.992 10 INFO neutron.wsgi [None req-9ea759a6-395f-4021-bd01-61313f7f1a8a c0db8e01e5c44d75be7936524ee7d54a 905bb5b68c1a438b8899602afc2df9c3 - - default default] 10.0.0.86 "DELETE /v2.0/ports/b1c87765-791d-4027-a1f5-9c6a4f52f5d3 HTTP/1.1" status: 204 len: 168 time: 0.3250866
2026-05-25 01:51:44.993 9 INFO neutron.wsgi [req-fcbda86c-a274-481a-b478-80c8d8c8abd4 req-3572f510-00ef-403b-94c7-855886809277 2af45385c8c54074a1be8669ec1f53c0 10730293bca14780ad94eb382d592dfc - - 7b06d5d001a940d48d280bf8624ee0a4 7b06d5d001a940d48d280bf8624ee0a4] 199.204.45.3 "GET /v2.0/ports?network_id=66a4283c-1df2-4a56-bb7a-27a4bb93140e&device_owner=network%3Adhcp HTTP/1.1" status: 200 len: 210 time: 0.0362761
2026-05-25 01:51:45.052 9 INFO neutron.wsgi [req-87fa1523-abc3-406e-8d5b-9ced25abdd41 req-ac80e9f0-d1c5-4831-a22b-b42ce0bea36c 1009b3c761f54d0e8b8ab007515e6019 a6bf74a12ab547b396e88bfe8476ff44 - - default default] 10.0.0.56 "GET /v2.0/security-groups?id=077974cb-f3c0-467e-926a-7676b9340eec&fields=id&fields=name HTTP/1.1" status: 200 len: 286 time: 0.1095784
2026-05-25 01:51:45.084 9 INFO neutron.wsgi [req-fcbda86c-a274-481a-b478-80c8d8c8abd4 req-ea629d5e-f96f-4a8d-b9fb-f5d4ca14aace 2af45385c8c54074a1be8669ec1f53c0 10730293bca14780ad94eb382d592dfc - - 7b06d5d001a940d48d280bf8624ee0a4 7b06d5d001a940d48d280bf8624ee0a4] 199.204.45.3 "GET /v2.0/networks/66a4283c-1df2-4a56-bb7a-27a4bb93140e?fields=segments HTTP/1.1" status: 200 len: 212 time: 0.0845921
2026-05-25 01:51:45.122 9 INFO neutron.db.ovn_revision_numbers_db [None req-c2cc52c1-e5a1-491a-bef9-586a5c3a5a75 e6c2b1dabeed404d96b0acfb2d68ab7b d268ce14584346de8c5df963ca94ce60 - - default default] Successfully bumped revision number for resource 66c3c28a-b417-4607-be36-b0667f4da11d (type: security_groups) to 1
2026-05-25 01:51:45.142 9 INFO neutron.db.ovn_revision_numbers_db [None req-c2cc52c1-e5a1-491a-bef9-586a5c3a5a75 e6c2b1dabeed404d96b0acfb2d68ab7b d268ce14584346de8c5df963ca94ce60 - - default default] Successfully bumped revision number for resource 0c805891-b56b-4b03-b48b-3f82ee30386c (type: security_group_rules) to 0
2026-05-25 01:51:45.153 9 INFO neutron.wsgi [req-fcbda86c-a274-481a-b478-80c8d8c8abd4 req-469235e8-42dc-44fc-b91b-d1bcf7300897 2af45385c8c54074a1be8669ec1f53c0 10730293bca14780ad94eb382d592dfc - - 7b06d5d001a940d48d280bf8624ee0a4 7b06d5d001a940d48d280bf8624ee0a4] 199.204.45.3 "GET /v2.0/networks/66a4283c-1df2-4a56-bb7a-27a4bb93140e?fields=provider%3Aphysical_network&fields=provider%3Anetwork_type HTTP/1.1" status: 200 len: 277 time: 0.0621812
2026-05-25 01:51:45.160 9 INFO neutron.db.ovn_revision_numbers_db [None req-c2cc52c1-e5a1-491a-bef9-586a5c3a5a75 e6c2b1dabeed404d96b0acfb2d68ab7b d268ce14584346de8c5df963ca94ce60 - - default default] Successfully bumped revision number for resource 0d6614bf-dce6-48af-989c-62dc35c4958c (type: security_group_rules) to 0
