2026-05-25 01:51:51.493 10 WARNING neutron.api.rpc.agentnotifiers.dhcp_rpc_agent_api [None req-0fbc6173-6159-49a7-a980-aa618c682a15 e6c2b1dabeed404d96b0acfb2d68ab7b d268ce14584346de8c5df963ca94ce60 - - default default] Unable to schedule network f8bf115d-1b5c-4fb1-98fc-8c28633bd213: no agents available; will retry on subsequent port and subnet creation events.
2026-05-25 01:51:51.494 9 INFO neutron.services.segments.plugin [-] Segment 18957004-ffa7-456c-ab02-d7a1ea9660ca resource provider not found; error: Placement Client Error (4xx): {"errors": [{"status": 404, "title": "Not Found", "detail": "The resource could not be found.\n\n No resource provider with uuid 18957004-ffa7-456c-ab02-d7a1ea9660ca found for delete ", "request_id": "req-a878d8c7-5bcd-4c33-9fcb-0854a6054915"}]}
2026-05-25 01:51:51.508 9 INFO neutron.services.segments.plugin [-] Segment 01462100-7bb7-42b0-84a4-fb6cec141a50 resource provider aggregate not found
2026-05-25 01:51:51.518 9 INFO neutron.services.segments.plugin [-] Segment 01462100-7bb7-42b0-84a4-fb6cec141a50 resource provider not found; error: Placement Client Error (4xx): {"errors": [{"status": 404, "title": "Not Found", "detail": "The resource could not be found.\n\n No resource provider with uuid 01462100-7bb7-42b0-84a4-fb6cec141a50 found for delete ", "request_id": "req-0cf87a49-f360-4f24-a85b-02615aae45be"}]}
2026-05-25 01:51:51.530 9 INFO neutron.services.segments.plugin [-] Segment 01462100-7bb7-42b0-84a4-fb6cec141a50 resource provider not found; error: Placement Client Error (4xx): {"errors": [{"status": 404, "title": "Not Found", "detail": "The resource could not be found.\n\n No resource provider with uuid 01462100-7bb7-42b0-84a4-fb6cec141a50 found for delete ", "request_id": "req-425fb5aa-5eac-4b96-8623-f00f25445057"}]}
2026-05-25 01:51:51.674 10 INFO neutron.db.ovn_revision_numbers_db [None req-0fbc6173-6159-49a7-a980-aa618c682a15 e6c2b1dabeed404d96b0acfb2d68ab7b d268ce14584346de8c5df963ca94ce60 - - default default] Successfully bumped revision number for resource cd2be437-d7a2-48f7-940f-9823a1ff6ace (type: router_ports) to 1
2026-05-25 01:51:51.679 10 INFO neutron.wsgi [None req-0fbc6173-6159-49a7-a980-aa618c682a15 e6c2b1dabeed404d96b0acfb2d68ab7b d268ce14584346de8c5df963ca94ce60 - - default default] 10.0.0.86 "PUT /v2.0/routers/48c11179-e889-439f-a50a-43b0f9ee0e8a/add_router_interface HTTP/1.1" status: 200 len: 503 time: 1.9995570
2026-05-25 01:51:51.685 9 INFO neutron.wsgi [None req-64c33593-4002-4785-b5c7-964d5c9622ff 7e300b396db94b24b25968d039d9cabe 6ef05087d76e44928760242c774eb022 - - default default] 10.0.0.86 "PUT /v2.0/routers/b5351b58-c0ed-45fe-98bc-2d385e3b42b6/remove_router_interface HTTP/1.1" status: 200 len: 503 time: 1.3808966 /var/lib/openstack/lib/python3.10/site-packages/pycadf/identifier.py:71: UserWarning: Invalid uuid: neutron. To ensure interoperability, identifiers should be a valid uuid. warnings.warn(('Invalid uuid: %s. To ensure interoperability, '
2026-05-25 01:51:51.799 10 INFO neutron.wsgi [None req-5a3d3d30-da34-4db2-9660-babe89676986 e6c2b1dabeed404d96b0acfb2d68ab7b d268ce14584346de8c5df963ca94ce60 - - default default] 10.0.0.86 "GET /v2.0/ports/cd2be437-d7a2-48f7-940f-9823a1ff6ace HTTP/1.1" status: 200 len: 1149 time: 0.1146336
2026-05-25 01:51:51.856 10 INFO neutron.wsgi [None req-52b129b0-a680-43e5-9f26-1ece81dcec99 e6c2b1dabeed404d96b0acfb2d68ab7b d268ce14584346de8c5df963ca94ce60 - - default default] 10.0.0.86 "GET /v2.0/ports/cd2be437-d7a2-48f7-940f-9823a1ff6ace HTTP/1.1" status: 200 len: 1149 time: 0.0520620
2026-05-25 01:51:51.880 10 INFO neutron.db.ovn_revision_numbers_db [None req-20e38c5f-0b1c-4311-b6e7-51c4eefd35b3 - - - - - -] Successfully bumped revision number for resource cd2be437-d7a2-48f7-940f-9823a1ff6ace (type: ports) to 2
2026-05-25 01:51:51.983 9 INFO neutron.wsgi [None req-5f460220-beef-488e-b386-758e61d2b865 7e300b396db94b24b25968d039d9cabe 6ef05087d76e44928760242c774eb022 - - default default] 10.0.0.86 "GET /v2.0/security-groups?tenant_id=905bb5b68c1a438b8899602afc2df9c3&name=default HTTP/1.1" status: 200 len: 3120 time: 0.1598301
2026-05-25 01:51:52.067 10 INFO neutron.db.ovn_revision_numbers_db [None req-20e38c5f-0b1c-4311-b6e7-51c4eefd35b3 - - - - - -] Successfully bumped revision number for resource cd2be437-d7a2-48f7-940f-9823a1ff6ace (type: router_ports) to 2
2026-05-25 01:51:52.288 9 INFO neutron.wsgi [None req-0ca2731d-011d-4657-80d7-ce3afdf6b96f 7e300b396db94b24b25968d039d9cabe 6ef05087d76e44928760242c774eb022 - - default default] 10.0.0.86 "DELETE /v2.0/security-groups/a60c89b1-901a-413a-81b0-0fa93117abb7 HTTP/1.1" status: 204 len: 168 time: 0.3000462
2026-05-25 01:51:52.324 9 INFO neutron.wsgi [None req-706661e8-6419-42f4-9125-4e65b61917f1 8f92eddabf9940588fe98b048176d8a8 c2de9ae4bb1743c09a9af7048989ec63 - - default default] 10.0.0.80 "GET /v2.0/extensions HTTP/1.1" status: 200 len: 18683 time: 0.0445013
2026-05-25 01:51:52.713 9 INFO neutron.wsgi [None req-92169dc9-d12c-43db-a42e-39afea1a86e8 7e300b396db94b24b25968d039d9cabe 6ef05087d76e44928760242c774eb022 - - default default] 10.0.0.86 "DELETE /v2.0/routers/b5351b58-c0ed-45fe-98bc-2d385e3b42b6 HTTP/1.1" status: 204 len: 168 time: 1.0241699
2026-05-25 01:51:52.762 9 INFO neutron.wsgi [None req-2d351f4e-1868-44dc-b589-58af9ddb14a7 8f92eddabf9940588fe98b048176d8a8 c2de9ae4bb1743c09a9af7048989ec63 - - default default] 10.0.0.80 "GET /v2.0/quotas/c2de9ae4bb1743c09a9af7048989ec63/details HTTP/1.1" status: 200 len: 1046 time: 0.4161351
2026-05-25 01:51:52.802 10 INFO neutron.wsgi [None req-b7d36047-5c3c-4c57-b884-33302f3a014f e6c2b1dabeed404d96b0acfb2d68ab7b d268ce14584346de8c5df963ca94ce60 - - default default] 10.0.0.86 "PUT /v2.0/routers/48c11179-e889-439f-a50a-43b0f9ee0e8a/remove_router_interface HTTP/1.1" status: 200 len: 503 time: 0.9414043 /var/lib/openstack/lib/python3.10/site-packages/pycadf/identifier.py:71: UserWarning: Invalid uuid: neutron. To ensure interoperability, identifiers should be a valid uuid. warnings.warn(('Invalid uuid: %s. To ensure interoperability, '
2026-05-25 01:51:52.855 10 INFO neutron.wsgi [None req-707c8c2c-1594-413c-ba64-9b2e8dcf2801 e6c2b1dabeed404d96b0acfb2d68ab7b d268ce14584346de8c5df963ca94ce60 - - default default] 10.0.0.86 "GET /v2.0/ports/fc3479ed-3d49-4f67-979f-218dc4e27746 HTTP/1.1" status: 200 len: 1141 time: 0.0467820
2026-05-25 01:51:52.929 9 INFO neutron.wsgi [None req-544d6284-6c8e-4282-9c48-58bfa88f8e41 7e300b396db94b24b25968d039d9cabe 6ef05087d76e44928760242c774eb022 - - default default] 10.0.0.86 "DELETE /v2.0/subnets/f9063681-297b-4523-b84c-e036e1618711 HTTP/1.1" status: 204 len: 168 time: 0.2096231
2026-05-25 01:51:53.393 10 INFO neutron.services.segments.plugin [-] Segment defb9b79-f78f-41e1-9bd4-fff79cc90bd0 resource provider aggregate not found
2026-05-25 01:51:53.400 10 INFO neutron.services.segments.plugin [-] Segment defb9b79-f78f-41e1-9bd4-fff79cc90bd0 resource provider aggregate not found
2026-05-25 01:51:53.419 10 INFO neutron.services.segments.plugin [-] Segment defb9b79-f78f-41e1-9bd4-fff79cc90bd0 resource provider not found; error: Placement Client Error (4xx): {"errors": [{"status": 404, "title": "Not Found", "detail": "The resource could not be found.\n\n No resource provider with uuid defb9b79-f78f-41e1-9bd4-fff79cc90bd0 found for delete ", "request_id": "req-5b375a4f-c028-4bb1-9eaf-e77a7701d8ed"}]}
2026-05-25 01:51:53.428 10 INFO neutron.services.segments.plugin [-] Segment defb9b79-f78f-41e1-9bd4-fff79cc90bd0 resource provider not found; error: Placement Client Error (4xx): {"errors": [{"status": 404, "title": "Not Found", "detail": "The resource could not be found.\n\n No resource provider with uuid defb9b79-f78f-41e1-9bd4-fff79cc90bd0 found for delete ", "request_id": "req-2514f22c-93c7-4e1c-b1d7-834d32415b2b"}]}
2026-05-25 01:51:53.454 10 INFO neutron.wsgi [None req-f3ed17b7-6458-4397-90c0-d427eda88dec 7e300b396db94b24b25968d039d9cabe 6ef05087d76e44928760242c774eb022 - - default default] 10.0.0.86 "DELETE /v2.0/networks/66a4283c-1df2-4a56-bb7a-27a4bb93140e HTTP/1.1" status: 204 len: 168 time: 0.5196640
2026-05-25 01:51:53.603 9 INFO neutron.wsgi [None req-c4ea9897-35b7-4426-a36f-ffa131412b00 7e300b396db94b24b25968d039d9cabe 6ef05087d76e44928760242c774eb022 - - default default] 10.0.0.86 "GET /v2.0/security-groups?tenant_id=a6bf74a12ab547b396e88bfe8476ff44&name=default HTTP/1.1" status: 200 len: 3120 time: 0.0396929
2026-05-25 01:51:53.632 10 INFO neutron.wsgi [None req-08cab1bd-bf0f-48f0-84de-c10758f08508 e6c2b1dabeed404d96b0acfb2d68ab7b d268ce14584346de8c5df963ca94ce60 - - default default] 10.0.0.86 "PUT /v2.0/routers/48c11179-e889-439f-a50a-43b0f9ee0e8a/remove_router_interface HTTP/1.1" status: 200 len: 503 time: 0.7716930 /var/lib/openstack/lib/python3.10/site-packages/pycadf/identifier.py:71: UserWarning: Invalid uuid: neutron. To ensure interoperability, identifiers should be a valid uuid. warnings.warn(('Invalid uuid: %s. To ensure interoperability, '
2026-05-25 01:51:53.657 10 INFO neutron.wsgi [None req-832b9010-dd0d-4660-8fc4-3baa548f5d78 e6c2b1dabeed404d96b0acfb2d68ab7b d268ce14584346de8c5df963ca94ce60 - - default default] 10.0.0.86 "GET /v2.0/ports?device_id=48c11179-e889-439f-a50a-43b0f9ee0e8a HTTP/1.1" status: 200 len: 205 time: 0.0206282
2026-05-25 01:51:53.832 9 INFO neutron.wsgi [None req-6baa9ed1-4368-4d66-a8b6-de30773e9c9f 7e300b396db94b24b25968d039d9cabe 6ef05087d76e44928760242c774eb022 - - default default] 10.0.0.86 "DELETE /v2.0/security-groups/077974cb-f3c0-467e-926a-7676b9340eec HTTP/1.1" status: 204 len: 168 time: 0.2239752
2026-05-25 01:51:53.907 10 INFO neutron.wsgi [None req-9ff99ac8-cba9-42d9-96bc-2182267592ec e6c2b1dabeed404d96b0acfb2d68ab7b d268ce14584346de8c5df963ca94ce60 - - default default] 10.0.0.86 "DELETE /v2.0/routers/48c11179-e889-439f-a50a-43b0f9ee0e8a HTTP/1.1" status: 204 len: 168 time: 0.2440870
2026-05-25 01:51:54.076 10 INFO neutron.wsgi [None req-b76e78ef-c986-4fba-8606-37677ccb33be e6c2b1dabeed404d96b0acfb2d68ab7b d268ce14584346de8c5df963ca94ce60 - - default default] 10.0.0.86 "DELETE /v2.0/subnets/3081b1ea-4476-4a77-9fd6-3ae26d1bf2d3 HTTP/1.1" status: 204 len: 168 time: 0.1654584
2026-05-25 01:51:54.238 10 INFO neutron.wsgi [None req-f7dc6fd7-72fa-4ef2-bd78-15ca953f3582 e6c2b1dabeed404d96b0acfb2d68ab7b d268ce14584346de8c5df963ca94ce60 - - default default] 10.0.0.86 "DELETE /v2.0/subnets/8b252f23-0947-4b52-ac54-61e10dea6d31 HTTP/1.1" status: 204 len: 168 time: 0.1571388
2026-05-25 01:51:54.407 9 WARNING neutron_lib.context [None req-73e57389-fac0-4d3d-8d1f-cf0a52ba26a0 ce4a04f917cb4b6e905513d0c5fcf434 8265e4f5f95a4b21a5945ba2445e322e - - default default] Method 'is_advsvc' is deprecated since 2023.2 release (neutron-lib 3.8.0) and will be removed once support for the old RBAC API policies will be removed from Neutron. Please use method 'is_service_role' instead.
2026-05-25 01:51:54.546 9 WARNING neutron.plugins.ml2.drivers.ovn.mech_driver.ovsdb.ovn_client [None req-de48258b-1c33-4551-945e-10074b2bfeab - - - - - -] No port found with ID fc3479ed-3d49-4f67-979f-218dc4e27746: RuntimeError: No port found with ID fc3479ed-3d49-4f67-979f-218dc4e27746
2026-05-25 01:51:54.559 9 INFO neutron.db.ovn_revision_numbers_db [None req-73e57389-fac0-4d3d-8d1f-cf0a52ba26a0 ce4a04f917cb4b6e905513d0c5fcf434 8265e4f5f95a4b21a5945ba2445e322e - - default default] Successfully bumped revision number for resource 1616fcdf-2095-4ae2-bd08-b33ac0fcfc22 (type: security_groups) to 1
2026-05-25 01:51:54.573 9 INFO neutron.db.ovn_revision_numbers_db [None req-73e57389-fac0-4d3d-8d1f-cf0a52ba26a0 ce4a04f917cb4b6e905513d0c5fcf434 8265e4f5f95a4b21a5945ba2445e322e - - default default] Successfully bumped revision number for resource 3576d4e2-64fd-4f7e-ab67-f4577a26e0a0 (type: security_group_rules) to 0
2026-05-25 01:51:54.586 9 INFO neutron.db.ovn_revision_numbers_db [None req-73e57389-fac0-4d3d-8d1f-cf0a52ba26a0 ce4a04f917cb4b6e905513d0c5fcf434 8265e4f5f95a4b21a5945ba2445e322e - - default default] Successfully bumped revision number for resource 4d4fdb9b-46ca-42cf-9efb-9d20c03c4b7e (type: security_group_rules) to 0
2026-05-25 01:51:54.599 9 INFO neutron.db.ovn_revision_numbers_db [None req-73e57389-fac0-4d3d-8d1f-cf0a52ba26a0 ce4a04f917cb4b6e905513d0c5fcf434 8265e4f5f95a4b21a5945ba2445e322e - - default default] Successfully bumped revision number for resource 6b6017be-a7bd-4305-ba80-f9c459010f35 (type: security_group_rules) to 0
2026-05-25 01:51:54.615 9 INFO neutron.db.ovn_revision_numbers_db [None req-73e57389-fac0-4d3d-8d1f-cf0a52ba26a0 ce4a04f917cb4b6e905513d0c5fcf434 8265e4f5f95a4b21a5945ba2445e322e - - default default] Successfully bumped revision number for resource cb1c377c-5ada-4b0e-a619-7fd71b507aa5 (type: security_group_rules) to 0
2026-05-25 01:51:54.627 10 INFO neutron.wsgi [None req-bff3a235-da05-407b-8abe-728a0ea785cf e6c2b1dabeed404d96b0acfb2d68ab7b d268ce14584346de8c5df963ca94ce60 - - default default] 10.0.0.86 "DELETE /v2.0/networks/f8bf115d-1b5c-4fb1-98fc-8c28633bd213 HTTP/1.1" status: 204 len: 168 time: 0.3760765
2026-05-25 01:51:54.670 9 INFO neutron.db.segments_db [None req-73e57389-fac0-4d3d-8d1f-cf0a52ba26a0 ce4a04f917cb4b6e905513d0c5fcf434 8265e4f5f95a4b21a5945ba2445e322e - - default default] Added segment 20d8dcde-c444-409f-94a8-d650d135d0d4 of type geneve for network 2047dfd1-42b3-467a-bc90-ad0c4f307c88
2026-05-25 01:51:54.817 9 INFO neutron.db.ovn_revision_numbers_db [None req-73e57389-fac0-4d3d-8d1f-cf0a52ba26a0 ce4a04f917cb4b6e905513d0c5fcf434 8265e4f5f95a4b21a5945ba2445e322e - - default default] Successfully bumped revision number for resource 2047dfd1-42b3-467a-bc90-ad0c4f307c88 (type: networks) to 1
2026-05-25 01:51:55.039 9 WARNING neutron.scheduler.dhcp_agent_scheduler [None req-73e57389-fac0-4d3d-8d1f-cf0a52ba26a0 ce4a04f917cb4b6e905513d0c5fcf434 8265e4f5f95a4b21a5945ba2445e322e - - default default] No more DHCP agents
2026-05-25 01:51:55.042 9 WARNING neutron.api.rpc.agentnotifiers.dhcp_rpc_agent_api [None req-73e57389-fac0-4d3d-8d1f-cf0a52ba26a0 ce4a04f917cb4b6e905513d0c5fcf434 8265e4f5f95a4b21a5945ba2445e322e - - default default] Unable to schedule network 2047dfd1-42b3-467a-bc90-ad0c4f307c88: no agents available; will retry on subsequent port and subnet creation events.
2026-05-25 01:51:55.141 9 INFO neutron.services.segments.plugin [-] Segment 83ff00ff-e77e-47fe-80ea-67b0d3a6816c resource provider aggregate not found
2026-05-25 01:51:55.146 9 INFO neutron.services.segments.plugin [-] Segment 83ff00ff-e77e-47fe-80ea-67b0d3a6816c resource provider aggregate not found
2026-05-25 01:51:55.170 9 INFO neutron.services.segments.plugin [-] Segment 83ff00ff-e77e-47fe-80ea-67b0d3a6816c resource provider not found; error: Placement Client Error (4xx): {"errors": [{"status": 404, "title": "Not Found", "detail": "The resource could not be found.\n\n No resource provider with uuid 83ff00ff-e77e-47fe-80ea-67b0d3a6816c found for delete ", "request_id": "req-63abc613-b2e9-4c87-9b46-fc6198dd7d7d"}]}
2026-05-25 01:51:55.172 9 INFO neutron.services.segments.plugin [-] Segment 83ff00ff-e77e-47fe-80ea-67b0d3a6816c resource provider not found; error: Placement Client Error (4xx): {"errors": [{"status": 404, "title": "Not Found", "detail": "The resource could not be found.\n\n No resource provider with uuid 83ff00ff-e77e-47fe-80ea-67b0d3a6816c found for delete ", "request_id": "req-bdc852af-6317-4ddc-8b1f-b5b77013efa2"}]}
2026-05-25 01:51:55.173 9 INFO neutron.db.ovn_revision_numbers_db [None req-73e57389-fac0-4d3d-8d1f-cf0a52ba26a0 ce4a04f917cb4b6e905513d0c5fcf434 8265e4f5f95a4b21a5945ba2445e322e - - default default] Successfully bumped revision number for resource cfa44ff4-3a95-40fe-86e2-64c105e25a0e (type: ports) to 1
2026-05-25 01:51:55.195 9 INFO neutron.wsgi [None req-043dba23-9428-44a9-a2e8-64905816b0c6 e6c2b1dabeed404d96b0acfb2d68ab7b d268ce14584346de8c5df963ca94ce60 - - default default] 10.0.0.86 "DELETE /v2.0/networks/042e2e64-e24a-4601-92af-5b04fb3bf250 HTTP/1.1" status: 204 len: 168 time: 0.5612850
2026-05-25 01:51:55.206 9 INFO neutron.wsgi [None req-73e57389-fac0-4d3d-8d1f-cf0a52ba26a0 ce4a04f917cb4b6e905513d0c5fcf434 8265e4f5f95a4b21a5945ba2445e322e - - default default] 10.0.0.86 "POST /v2.0/networks HTTP/1.1" status: 201 len: 846 time: 1.1487455
2026-05-25 01:51:55.211 10 WARNING neutron_lib.context [None req-9729d2b7-a0b1-4fc9-8758-d0e7c2ed41df e6c2b1dabeed404d96b0acfb2d68ab7b d268ce14584346de8c5df963ca94ce60 - - default default] Method 'is_advsvc' is deprecated since 2023.2 release (neutron-lib 3.8.0) and will be removed once support for the old RBAC API policies will be removed from Neutron. Please use method 'is_service_role' instead.
2026-05-25 01:51:55.245 9 INFO neutron.wsgi [None req-8051da92-daf6-422d-b66e-5f24acd40289 8f92eddabf9940588fe98b048176d8a8 c2de9ae4bb1743c09a9af7048989ec63 - - default default] 10.0.0.80 "GET /v2.0/extensions HTTP/1.1" status: 200 len: 18683 time: 0.0087972
2026-05-25 01:51:55.296 10 INFO neutron.db.segments_db [None req-9729d2b7-a0b1-4fc9-8758-d0e7c2ed41df e6c2b1dabeed404d96b0acfb2d68ab7b d268ce14584346de8c5df963ca94ce60 - - default default] Added segment 9c21dae1-a70e-4c90-9bb1-bab805d23fb2 of type geneve for network 94e46335-5520-4335-ab4c-2a3e95566b20
2026-05-25 01:51:55.452 10 INFO neutron.services.segments.plugin [-] Segment b13fb8b0-a33f-4736-b5be-23033d7022b3 resource provider aggregate not found
2026-05-25 01:51:55.457 10 INFO neutron.services.segments.plugin [-] Segment b13fb8b0-a33f-4736-b5be-23033d7022b3 resource provider aggregate not found
2026-05-25 01:51:55.472 10 INFO neutron.db.ovn_revision_numbers_db [None req-9729d2b7-a0b1-4fc9-8758-d0e7c2ed41df e6c2b1dabeed404d96b0acfb2d68ab7b d268ce14584346de8c5df963ca94ce60 - - default default] Successfully bumped revision number for resource 94e46335-5520-4335-ab4c-2a3e95566b20 (type: networks) to 1
2026-05-25 01:51:55.477 10 INFO neutron.wsgi [None req-2fab5fe5-0134-483c-ab1b-19445d7fcd35 8f92eddabf9940588fe98b048176d8a8 c2de9ae4bb1743c09a9af7048989ec63 - - default default] 10.0.0.80 "GET /v2.0/quotas/c2de9ae4bb1743c09a9af7048989ec63/details HTTP/1.1" status: 200 len: 1046 time: 0.2163885
2026-05-25 01:51:55.479 10 INFO neutron.services.segments.plugin [-] Segment b13fb8b0-a33f-4736-b5be-23033d7022b3 resource provider not found; error: Placement Client Error (4xx): {"errors": [{"status": 404, "title": "Not Found", "detail": "The resource could not be found.\n\n No resource provider with uuid b13fb8b0-a33f-4736-b5be-23033d7022b3 found for delete ", "request_id": "req-6842ae6f-67b6-4963-891f-86401bd04930"}]}
2026-05-25 01:51:55.489 10 INFO neutron.services.segments.plugin [-] Segment b13fb8b0-a33f-4736-b5be-23033d7022b3 resource provider not found; error: Placement Client Error (4xx): {"errors": [{"status": 404, "title": "Not Found", "detail": "The resource could not be found.\n\n No resource provider with uuid b13fb8b0-a33f-4736-b5be-23033d7022b3 found for delete ", "request_id": "req-cb44deee-fa05-4f9a-b730-b562708fd291"}]}
2026-05-25 01:51:55.667 10 WARNING neutron_lib.context [None req-cec31a7b-ab6b-4a4b-8eac-4e67dac532da ce4a04f917cb4b6e905513d0c5fcf434 8265e4f5f95a4b21a5945ba2445e322e - - default default] Method 'is_advsvc' is deprecated since 2023.2 release (neutron-lib 3.8.0) and will be removed once support for the old RBAC API policies will be removed from Neutron. Please use method 'is_service_role' instead.
2026-05-25 01:51:55.717 10 WARNING neutron.scheduler.dhcp_agent_scheduler [None req-9729d2b7-a0b1-4fc9-8758-d0e7c2ed41df e6c2b1dabeed404d96b0acfb2d68ab7b d268ce14584346de8c5df963ca94ce60 - - default default] No more DHCP agents
2026-05-25 01:51:55.721 10 WARNING neutron.api.rpc.agentnotifiers.dhcp_rpc_agent_api [None req-9729d2b7-a0b1-4fc9-8758-d0e7c2ed41df e6c2b1dabeed404d96b0acfb2d68ab7b d268ce14584346de8c5df963ca94ce60 - - default default] Unable to schedule network 94e46335-5520-4335-ab4c-2a3e95566b20: no agents available; will retry on subsequent port and subnet creation events.
2026-05-25 01:51:55.857 10 INFO neutron.db.ovn_revision_numbers_db [None req-9729d2b7-a0b1-4fc9-8758-d0e7c2ed41df e6c2b1dabeed404d96b0acfb2d68ab7b d268ce14584346de8c5df963ca94ce60 - - default default] Successfully bumped revision number for resource 409366a2-09b8-4394-8c99-438b1eca5a8b (type: ports) to 1
2026-05-25 01:51:55.893 10 INFO neutron.wsgi [None req-9729d2b7-a0b1-4fc9-8758-d0e7c2ed41df e6c2b1dabeed404d96b0acfb2d68ab7b d268ce14584346de8c5df963ca94ce60 - - default default] 10.0.0.86 "POST /v2.0/networks HTTP/1.1" status: 201 len: 832 time: 0.6895454
2026-05-25 01:51:55.906 10 WARNING neutron_lib.context [None req-b621da4e-c60e-468f-98f6-f8de03b59aaf e6c2b1dabeed404d96b0acfb2d68ab7b d268ce14584346de8c5df963ca94ce60 - - default default] Method 'is_advsvc' is deprecated since 2023.2 release (neutron-lib 3.8.0) and will be removed once support for the old RBAC API policies will be removed from Neutron. Please use method 'is_service_role' instead.
2026-05-25 01:51:55.983 10 WARNING neutron.scheduler.dhcp_agent_scheduler [None req-cec31a7b-ab6b-4a4b-8eac-4e67dac532da ce4a04f917cb4b6e905513d0c5fcf434 8265e4f5f95a4b21a5945ba2445e322e - - default default] No more DHCP agents
2026-05-25 01:51:55.986 10 WARNING neutron.api.rpc.agentnotifiers.dhcp_rpc_agent_api [None req-cec31a7b-ab6b-4a4b-8eac-4e67dac532da ce4a04f917cb4b6e905513d0c5fcf434 8265e4f5f95a4b21a5945ba2445e322e - - default default] Unable to schedule network 2047dfd1-42b3-467a-bc90-ad0c4f307c88: no agents available; will retry on subsequent port and subnet creation events.
2026-05-25 01:51:56.045 10 INFO neutron.db.ovn_revision_numbers_db [None req-cec31a7b-ab6b-4a4b-8eac-4e67dac532da ce4a04f917cb4b6e905513d0c5fcf434 8265e4f5f95a4b21a5945ba2445e322e - - default default] Successfully bumped revision number for resource 941f0b85-6322-4bae-9070-d8c7fb8ac8fe (type: subnets) to 0
2026-05-25 01:51:56.066 10 INFO neutron.wsgi [None req-cec31a7b-ab6b-4a4b-8eac-4e67dac532da ce4a04f917cb4b6e905513d0c5fcf434 8265e4f5f95a4b21a5945ba2445e322e - - default default] 10.0.0.86 "POST /v2.0/subnets HTTP/1.1" status: 201 len: 848 time: 0.4038429
2026-05-25 01:51:56.083 9 WARNING neutron_lib.context [None req-3691a70f-04af-4a81-8aee-c5e85e892584 ce4a04f917cb4b6e905513d0c5fcf434 8265e4f5f95a4b21a5945ba2445e322e - - default default] Method 'is_advsvc' is deprecated since 2023.2 release (neutron-lib 3.8.0) and will be removed once support for the old RBAC API policies will be removed from Neutron. Please use method 'is_service_role' instead.
2026-05-25 01:51:56.177 9 INFO neutron.db.segments_db [None req-3691a70f-04af-4a81-8aee-c5e85e892584 ce4a04f917cb4b6e905513d0c5fcf434 8265e4f5f95a4b21a5945ba2445e322e - - default default] Added segment e3ba08c4-ba11-4ac6-a573-64a75c2e2efc of type geneve for network 9f81947e-66e5-4197-aa26-68c81da1b4e0
2026-05-25 01:51:56.313 9 INFO neutron.db.ovn_revision_numbers_db [None req-3691a70f-04af-4a81-8aee-c5e85e892584 ce4a04f917cb4b6e905513d0c5fcf434 8265e4f5f95a4b21a5945ba2445e322e - - default default] Successfully bumped revision number for resource 9f81947e-66e5-4197-aa26-68c81da1b4e0 (type: networks) to 1
2026-05-25 01:51:56.435 10 WARNING neutron.scheduler.dhcp_agent_scheduler [None req-b621da4e-c60e-468f-98f6-f8de03b59aaf e6c2b1dabeed404d96b0acfb2d68ab7b d268ce14584346de8c5df963ca94ce60 - - default default] No more DHCP agents
2026-05-25 01:51:56.438 10 WARNING neutron.api.rpc.agentnotifiers.dhcp_rpc_agent_api [None req-b621da4e-c60e-468f-98f6-f8de03b59aaf e6c2b1dabeed404d96b0acfb2d68ab7b d268ce14584346de8c5df963ca94ce60 - - default default] Unable to schedule network 94e46335-5520-4335-ab4c-2a3e95566b20: no agents available; will retry on subsequent port and subnet creation events.
2026-05-25 01:51:56.473 10 INFO neutron.db.ovn_revision_numbers_db [None req-b621da4e-c60e-468f-98f6-f8de03b59aaf e6c2b1dabeed404d96b0acfb2d68ab7b d268ce14584346de8c5df963ca94ce60 - - default default] Successfully bumped revision number for resource 8e88720c-1dbe-4eb2-b4e9-936b4ddd56ab (type: subnets) to 0
2026-05-25 01:51:56.497 10 INFO neutron.wsgi [None req-b621da4e-c60e-468f-98f6-f8de03b59aaf e6c2b1dabeed404d96b0acfb2d68ab7b d268ce14584346de8c5df963ca94ce60 - - default default] 10.0.0.86 "POST /v2.0/subnets HTTP/1.1" status: 201 len: 821 time: 0.5972278
2026-05-25 01:51:56.508 10 WARNING neutron_lib.context [None req-64eb694f-0bd0-4bdb-b5d5-6dfe65bd1e96 e6c2b1dabeed404d96b0acfb2d68ab7b d268ce14584346de8c5df963ca94ce60 - - default default] Method 'is_advsvc' is deprecated since 2023.2 release (neutron-lib 3.8.0) and will be removed once support for the old RBAC API policies will be removed from Neutron. Please use method 'is_service_role' instead.
2026-05-25 01:51:56.512 9 WARNING neutron.scheduler.dhcp_agent_scheduler [None req-3691a70f-04af-4a81-8aee-c5e85e892584 ce4a04f917cb4b6e905513d0c5fcf434 8265e4f5f95a4b21a5945ba2445e322e - - default default] No more DHCP agents
2026-05-25 01:51:56.515 9 WARNING neutron.api.rpc.agentnotifiers.dhcp_rpc_agent_api [None req-3691a70f-04af-4a81-8aee-c5e85e892584 ce4a04f917cb4b6e905513d0c5fcf434 8265e4f5f95a4b21a5945ba2445e322e - - default default] Unable to schedule network 9f81947e-66e5-4197-aa26-68c81da1b4e0: no agents available; will retry on subsequent port and subnet creation events.
2026-05-25 01:51:56.612 9 INFO neutron.db.ovn_revision_numbers_db [None req-3691a70f-04af-4a81-8aee-c5e85e892584 ce4a04f917cb4b6e905513d0c5fcf434 8265e4f5f95a4b21a5945ba2445e322e - - default default] Successfully bumped revision number for resource f3bf2fa7-1682-4e07-82d7-945596774f2e (type: ports) to 1
2026-05-25 01:51:56.635 9 INFO neutron.wsgi [None req-3691a70f-04af-4a81-8aee-c5e85e892584 ce4a04f917cb4b6e905513d0c5fcf434 8265e4f5f95a4b21a5945ba2445e322e - - default default] 10.0.0.86 "POST /v2.0/networks HTTP/1.1" status: 201 len: 847 time: 0.5623043
2026-05-25 01:51:56.654 10 INFO neutron.db.ovn_revision_numbers_db [None req-64eb694f-0bd0-4bdb-b5d5-6dfe65bd1e96 e6c2b1dabeed404d96b0acfb2d68ab7b d268ce14584346de8c5df963ca94ce60 - - default default] Successfully bumped revision number for resource 0b4718e3-69d4-43d1-8f86-2abb0e026d26 (type: routers) to 1
2026-05-25 01:51:56.670 10 INFO neutron.wsgi [None req-64eb694f-0bd0-4bdb-b5d5-6dfe65bd1e96 e6c2b1dabeed404d96b0acfb2d68ab7b d268ce14584346de8c5df963ca94ce60 - - default default] 10.0.0.86 "POST /v2.0/routers HTTP/1.1" status: 201 len: 806 time: 0.1674030
2026-05-25 01:51:56.680 9 WARNING neutron_lib.context [None req-2be2471e-42d8-45e8-a84b-7c52880a6641 e6c2b1dabeed404d96b0acfb2d68ab7b d268ce14584346de8c5df963ca94ce60 - - default default] Method 'is_advsvc' is deprecated since 2023.2 release (neutron-lib 3.8.0) and will be removed once support for the old RBAC API policies will be removed from Neutron. Please use method 'is_service_role' instead.
2026-05-25 01:51:56.861 9 INFO neutron.db.ovn_revision_numbers_db [None req-6a963ec5-3c13-436f-988b-3b89446017cc ce4a04f917cb4b6e905513d0c5fcf434 8265e4f5f95a4b21a5945ba2445e322e - - default default] Successfully bumped revision number for resource 9f81947e-66e5-4197-aa26-68c81da1b4e0 (type: networks) to 2
2026-05-25 01:51:56.865 9 INFO neutron.wsgi [None req-6a963ec5-3c13-436f-988b-3b89446017cc ce4a04f917cb4b6e905513d0c5fcf434 8265e4f5f95a4b21a5945ba2445e322e - - default default] 10.0.0.86 "PUT /v2.0/networks/9f81947e-66e5-4197-aa26-68c81da1b4e0 HTTP/1.1" status: 200 len: 792 time: 0.2263258
2026-05-25 01:51:56.879 10 WARNING neutron_lib.context [None req-8f1a5d5b-18ff-4754-9fae-d40dd4d9965e ce4a04f917cb4b6e905513d0c5fcf434 8265e4f5f95a4b21a5945ba2445e322e - - default default] Method 'is_advsvc' is deprecated since 2023.2 release (neutron-lib 3.8.0) and will be removed once support for the old RBAC API policies will be removed from Neutron. Please use method 'is_service_role' instead.
2026-05-25 01:51:57.096 9 WARNING neutron.scheduler.dhcp_agent_scheduler [None req-2be2471e-42d8-45e8-a84b-7c52880a6641 e6c2b1dabeed404d96b0acfb2d68ab7b d268ce14584346de8c5df963ca94ce60 - - default default] No more DHCP agents
2026-05-25 01:51:57.099 9 WARNING neutron.api.rpc.agentnotifiers.dhcp_rpc_agent_api [None req-2be2471e-42d8-45e8-a84b-7c52880a6641 e6c2b1dabeed404d96b0acfb2d68ab7b d268ce14584346de8c5df963ca94ce60 - - default default] Unable to schedule network 94e46335-5520-4335-ab4c-2a3e95566b20: no agents available; will retry on subsequent port and subnet creation events.
2026-05-25 01:51:57.106 10 WARNING neutron.scheduler.dhcp_agent_scheduler [None req-8f1a5d5b-18ff-4754-9fae-d40dd4d9965e ce4a04f917cb4b6e905513d0c5fcf434 8265e4f5f95a4b21a5945ba2445e322e - - default default] No more DHCP agents
2026-05-25 01:51:57.108 10 WARNING neutron.api.rpc.agentnotifiers.dhcp_rpc_agent_api [None req-8f1a5d5b-18ff-4754-9fae-d40dd4d9965e ce4a04f917cb4b6e905513d0c5fcf434 8265e4f5f95a4b21a5945ba2445e322e - - default default] Unable to schedule network 9f81947e-66e5-4197-aa26-68c81da1b4e0: no agents available; will retry on subsequent port and subnet creation events.
2026-05-25 01:51:57.146 10 INFO neutron.db.ovn_revision_numbers_db [None req-8f1a5d5b-18ff-4754-9fae-d40dd4d9965e ce4a04f917cb4b6e905513d0c5fcf434 8265e4f5f95a4b21a5945ba2445e322e - - default default] Successfully bumped revision number for resource c712924f-9b8c-4a59-84a5-0b51abef088d (type: subnets) to 0
2026-05-25 01:51:57.169 10 INFO neutron.wsgi [None req-8f1a5d5b-18ff-4754-9fae-d40dd4d9965e ce4a04f917cb4b6e905513d0c5fcf434 8265e4f5f95a4b21a5945ba2445e322e - - default default] 10.0.0.86 "POST /v2.0/subnets HTTP/1.1" status: 201 len: 821 time: 0.2968314
2026-05-25 01:51:57.235 9 INFO neutron.db.ovn_revision_numbers_db [None req-2be2471e-42d8-45e8-a84b-7c52880a6641 e6c2b1dabeed404d96b0acfb2d68ab7b d268ce14584346de8c5df963ca94ce60 - - default default] Successfully bumped revision number for resource c7618f9f-93c8-4209-9db2-989e1ead706f (type: ports) to 1
2026-05-25 01:51:57.258 9 INFO neutron.wsgi [None req-2be2471e-42d8-45e8-a84b-7c52880a6641 e6c2b1dabeed404d96b0acfb2d68ab7b d268ce14584346de8c5df963ca94ce60 - - default default] 10.0.0.86 "POST /v2.0/ports HTTP/1.1" status: 201 len: 1162 time: 0.5832837 /var/lib/openstack/lib/python3.10/site-packages/pycadf/identifier.py:71: UserWarning: Invalid uuid: neutron. To ensure interoperability, identifiers should be a valid uuid. warnings.warn(('Invalid uuid: %s. To ensure interoperability, '
2026-05-25 01:51:57.492 10 WARNING neutron.plugins.ml2.drivers.ovn.mech_driver.ovsdb.ovn_client [None req-20e38c5f-0b1c-4311-b6e7-51c4eefd35b3 - - - - - -] No port found with ID cd2be437-d7a2-48f7-940f-9823a1ff6ace: RuntimeError: No port found with ID cd2be437-d7a2-48f7-940f-9823a1ff6ace
2026-05-25 01:51:57.971 10 INFO neutron.db.ovn_revision_numbers_db [None req-1b66d0b5-7e14-4a08-b069-1fbcec9ec473 ce4a04f917cb4b6e905513d0c5fcf434 8265e4f5f95a4b21a5945ba2445e322e - - default default] Successfully bumped revision number for resource f3bf2fa7-1682-4e07-82d7-945596774f2e (type: ports) to 2
2026-05-25 01:51:58.012 10 INFO neutron.db.ovn_revision_numbers_db [None req-1b66d0b5-7e14-4a08-b069-1fbcec9ec473 ce4a04f917cb4b6e905513d0c5fcf434 8265e4f5f95a4b21a5945ba2445e322e - - default default] Successfully bumped revision number for resource c712924f-9b8c-4a59-84a5-0b51abef088d (type: subnets) to 1
2026-05-25 01:51:58.017 10 INFO neutron.wsgi [None req-1b66d0b5-7e14-4a08-b069-1fbcec9ec473 ce4a04f917cb4b6e905513d0c5fcf434 8265e4f5f95a4b21a5945ba2445e322e - - default default] 10.0.0.86 "PUT /v2.0/subnets/c712924f-9b8c-4a59-84a5-0b51abef088d HTTP/1.1" status: 200 len: 826 time: 0.8386877
2026-05-25 01:51:58.033 9 ERROR ovsdbapp.backend.ovs_idl.command [None req-2be5df02-d0bd-43ce-baa7-92f475146cb8 e6c2b1dabeed404d96b0acfb2d68ab7b d268ce14584346de8c5df963ca94ce60 - - default default] Error executing command (DbGetCommand): ovsdbapp.backend.ovs_idl.idlutils.RowNotFound: Cannot find Logical_Router_Port with name=lrp-c7618f9f-93c8-4209-9db2-989e1ead706f
2026-05-25 01:51:58.033 9 ERROR ovsdbapp.backend.ovs_idl.command
Traceback (most recent call last):
2026-05-25 01:51:58.033 9 ERROR ovsdbapp.backend.ovs_idl.command
File "/var/lib/openstack/lib/python3.10/site-packages/ovsdbapp/backend/ovs_idl/command.py", line 47, in execute
2026-05-25 01:51:58.033 9 ERROR ovsdbapp.backend.ovs_idl.command self.run_idl(None)
2026-05-25 01:51:58.033 9 ERROR ovsdbapp.backend.ovs_idl.command
File "/var/lib/openstack/lib/python3.10/site-packages/ovsdbapp/backend/ovs_idl/command.py", line 235, in run_idl
2026-05-25 01:51:58.033 9 ERROR ovsdbapp.backend.ovs_idl.command record = self.api.lookup(self.table, self.record)
2026-05-25 01:51:58.033 9 ERROR ovsdbapp.backend.ovs_idl.command
File "/var/lib/openstack/lib/python3.10/site-packages/ovsdbapp/backend/ovs_idl/__init__.py", line 184, in lookup
2026-05-25 01:51:58.033 9 ERROR ovsdbapp.backend.ovs_idl.command return self._lookup(table, record)
2026-05-25 01:51:58.033 9 ERROR ovsdbapp.backend.ovs_idl.command
File "/var/lib/openstack/lib/python3.10/site-packages/ovsdbapp/backend/ovs_idl/__init__.py", line 235, in _lookup
2026-05-25 01:51:58.033 9 ERROR ovsdbapp.backend.ovs_idl.command row = idlutils.row_by_value(self, rl.table, rl.column, record)
2026-05-25 01:51:58.033 9 ERROR ovsdbapp.backend.ovs_idl.command
File "/var/lib/openstack/lib/python3.10/site-packages/ovsdbapp/backend/ovs_idl/idlutils.py", line 114, in row_by_value
2026-05-25 01:51:58.033 9 ERROR ovsdbapp.backend.ovs_idl.command raise RowNotFound(table=table, col=column, match=match)
2026-05-25 01:51:58.033 9 ERROR ovsdbapp.backend.ovs_idl.command ovsdbapp.backend.ovs_idl.idlutils.RowNotFound: Cannot find Logical_Router_Port with name=lrp-c7618f9f-93c8-4209-9db2-989e1ead706f
2026-05-25 01:51:58.033 9 ERROR ovsdbapp.backend.ovs_idl.command 
2026-05-25 01:51:58.034 9 ERROR neutron_lib.callbacks.manager [None req-2be5df02-d0bd-43ce-baa7-92f475146cb8 e6c2b1dabeed404d96b0acfb2d68ab7b d268ce14584346de8c5df963ca94ce60 - - default default] Error during notification for neutron.services.ovn_l3.plugin.OVNL3RouterPlugin._port_update-8758465173231 port, after_update: ovsdbapp.backend.ovs_idl.idlutils.RowNotFound: Cannot find Logical_Router_Port with name=lrp-c7618f9f-93c8-4209-9db2-989e1ead706f
2026-05-25 01:51:58.034 9 ERROR neutron_lib.callbacks.manager
Traceback (most recent call last):
2026-05-25 01:51:58.034 9 ERROR neutron_lib.callbacks.manager
File "/var/lib/openstack/lib/python3.10/site-packages/neutron_lib/callbacks/manager.py", line 189, in _notify_loop
2026-05-25 01:51:58.034 9 ERROR neutron_lib.callbacks.manager callback.method(resource, event, trigger, payload=payload)
2026-05-25 01:51:58.034 9 ERROR neutron_lib.callbacks.manager
File "/var/lib/openstack/lib/python3.10/site-packages/neutron/services/ovn_l3/plugin.py", line 391, in _port_update
2026-05-25 01:51:58.034 9 ERROR neutron_lib.callbacks.manager l3plugin._ovn_client.update_router_port(context,
2026-05-25 01:51:58.034 9 ERROR neutron_lib.callbacks.manager
File "/var/lib/openstack/lib/python3.10/site-packages/neutron/plugins/ml2/drivers/ovn/mech_driver/ovsdb/ovn_client.py", line 1878, in update_router_port
2026-05-25 01:51:58.034 9 ERROR neutron_lib.callbacks.manager self._update_lrouter_port(context, port, if_exists=if_exists,
2026-05-25 01:51:58.034 9 ERROR neutron_lib.callbacks.manager
File "/var/lib/openstack/lib/python3.10/site-packages/neutron/plugins/ml2/drivers/ovn/mech_driver/ovsdb/ovn_client.py", line 1855, in _update_lrouter_port
2026-05-25 01:51:58.034 9 ERROR neutron_lib.callbacks.manager external_ids = self._nb_idl.db_get(
2026-05-25 01:51:58.034 9 ERROR neutron_lib.callbacks.manager
File "/var/lib/openstack/lib/python3.10/site-packages/ovsdbapp/backend/ovs_idl/command.py", line 47, in execute
2026-05-25 01:51:58.034 9 ERROR neutron_lib.callbacks.manager self.run_idl(None)
2026-05-25 01:51:58.034 9 ERROR neutron_lib.callbacks.manager
File "/var/lib/openstack/lib/python3.10/site-packages/ovsdbapp/backend/ovs_idl/command.py", line 235, in run_idl
2026-05-25 01:51:58.034 9 ERROR neutron_lib.callbacks.manager record = self.api.lookup(self.table, self.record)
2026-05-25 01:51:58.034 9 ERROR neutron_lib.callbacks.manager
File "/var/lib/openstack/lib/python3.10/site-packages/ovsdbapp/backend/ovs_idl/__init__.py", line 184, in lookup
2026-05-25 01:51:58.034 9 ERROR neutron_lib.callbacks.manager return self._lookup(table, record)
2026-05-25 01:51:58.034 9 ERROR neutron_lib.callbacks.manager
File "/var/lib/openstack/lib/python3.10/site-packages/ovsdbapp/backend/ovs_idl/__init__.py", line 235, in _lookup
2026-05-25 01:51:58.034 9 ERROR neutron_lib.callbacks.manager row = idlutils.row_by_value(self, rl.table, rl.column, record)
2026-05-25 01:51:58.034 9 ERROR neutron_lib.callbacks.manager
File "/var/lib/openstack/lib/python3.10/site-packages/ovsdbapp/backend/ovs_idl/idlutils.py", line 114, in row_by_value
2026-05-25 01:51:58.034 9 ERROR neutron_lib.callbacks.manager raise RowNotFound(table=table, col=column, match=match)
2026-05-25 01:51:58.034 9 ERROR neutron_lib.callbacks.manager ovsdbapp.backend.ovs_idl.idlutils.RowNotFound: Cannot find Logical_Router_Port with name=lrp-c7618f9f-93c8-4209-9db2-989e1ead706f
2026-05-25 01:51:58.034 9 ERROR neutron_lib.callbacks.manager 
2026-05-25 01:51:58.168 9 INFO neutron.plugins.ml2.drivers.ovn.mech_driver.mech_driver [None req-de48258b-1c33-4551-945e-10074b2bfeab - - - - - -] OVN reports status up for port: c7618f9f-93c8-4209-9db2-989e1ead706f
2026-05-25 01:51:58.183 9 INFO neutron.plugins.ml2.plugin [None req-de48258b-1c33-4551-945e-10074b2bfeab - - - - - -] Attempt 1 to provision port c7618f9f-93c8-4209-9db2-989e1ead706f
2026-05-25 01:51:58.204 9 INFO neutron.db.ovn_revision_numbers_db [None req-2be5df02-d0bd-43ce-baa7-92f475146cb8 e6c2b1dabeed404d96b0acfb2d68ab7b d268ce14584346de8c5df963ca94ce60 - - default default] Successfully bumped revision number for resource c7618f9f-93c8-4209-9db2-989e1ead706f (type: ports) to 2
2026-05-25 01:51:58.327 10 INFO neutron.wsgi [-] 10.0.0.25 "GET / HTTP/1.1" status: 200 len: 247 time: 0.0017214
2026-05-25 01:51:58.328 10 INFO neutron.wsgi [-] 10.0.0.25 "GET / HTTP/1.1" status: 200 len: 247 time: 0.0010324
2026-05-25 01:51:58.359 10 INFO neutron.db.ovn_revision_numbers_db [None req-a111f822-d983-4625-800c-d97f462bad4e 7e300b396db94b24b25968d039d9cabe 6ef05087d76e44928760242c774eb022 - - default default] Successfully bumped revision number for resource 34cb06f4-b17e-4c0b-8864-10186eb8f05f (type: security_groups) to 1
2026-05-25 01:51:58.390 10 INFO neutron.db.ovn_revision_numbers_db [None req-a111f822-d983-4625-800c-d97f462bad4e 7e300b396db94b24b25968d039d9cabe 6ef05087d76e44928760242c774eb022 - - default default] Successfully bumped revision number for resource 08fff22c-8129-4344-92fb-3621360ce2a3 (type: security_group_rules) to 0
2026-05-25 01:51:58.421 10 INFO neutron.db.ovn_revision_numbers_db [None req-a111f822-d983-4625-800c-d97f462bad4e 7e300b396db94b24b25968d039d9cabe 6ef05087d76e44928760242c774eb022 - - default default] Successfully bumped revision number for resource 0d4d5ff2-7bc7-4639-a8e4-2d85c601cf76 (type: security_group_rules) to 0
2026-05-25 01:51:58.437 10 INFO neutron.db.ovn_revision_numbers_db [None req-a111f822-d983-4625-800c-d97f462bad4e 7e300b396db94b24b25968d039d9cabe 6ef05087d76e44928760242c774eb022 - - default default] Successfully bumped revision number for resource 502c0968-c616-4d3f-9978-f181468c707a (type: security_group_rules) to 0
2026-05-25 01:51:58.455 10 INFO neutron.db.ovn_revision_numbers_db [None req-a111f822-d983-4625-800c-d97f462bad4e 7e300b396db94b24b25968d039d9cabe 6ef05087d76e44928760242c774eb022 - - default default] Successfully bumped revision number for resource 9f2cb8a1-3d87-4d52-bed2-f0315483138a (type: security_group_rules) to 0
2026-05-25 01:51:58.485 10 INFO neutron.wsgi [None req-a111f822-d983-4625-800c-d97f462bad4e 7e300b396db94b24b25968d039d9cabe 6ef05087d76e44928760242c774eb022 - - default default] 10.0.0.86 "GET /v2.0/security-groups?tenant_id=c2de9ae4bb1743c09a9af7048989ec63&name=default HTTP/1.1" status: 200 len: 3120 time: 0.4786551 /var/lib/openstack/lib/python3.10/site-packages/pycadf/identifier.py:71: UserWarning: Invalid uuid: neutron. To ensure interoperability, identifiers should be a valid uuid. warnings.warn(('Invalid uuid: %s. To ensure interoperability, '
2026-05-25 01:51:58.608 10 INFO neutron.services.segments.plugin [-] Segment e3ba08c4-ba11-4ac6-a573-64a75c2e2efc resource provider aggregate not found
2026-05-25 01:51:58.613 10 INFO neutron.services.segments.plugin [-] Segment e3ba08c4-ba11-4ac6-a573-64a75c2e2efc resource provider aggregate not found
2026-05-25 01:51:58.623 10 INFO neutron.services.segments.plugin [-] Segment e3ba08c4-ba11-4ac6-a573-64a75c2e2efc resource provider not found; error: Placement Client Error (4xx): {"errors": [{"status": 404, "title": "Not Found", "detail": "The resource could not be found.\n\n No resource provider with uuid e3ba08c4-ba11-4ac6-a573-64a75c2e2efc found for delete ", "request_id": "req-e1ead397-7040-47b9-baf6-8ca5648a5b18"}]}
2026-05-25 01:51:58.625 10 INFO neutron.services.segments.plugin [-] Segment e3ba08c4-ba11-4ac6-a573-64a75c2e2efc resource provider not found; error: Placement Client Error (4xx): {"errors": [{"status": 404, "title": "Not Found", "detail": "The resource could not be found.\n\n No resource provider with uuid e3ba08c4-ba11-4ac6-a573-64a75c2e2efc found for delete ", "request_id": "req-5a7bcc6c-d9c7-46e6-b100-594212696598"}]}
2026-05-25 01:51:58.644 10 INFO neutron.wsgi [None req-9071a65a-b471-4bc1-b8b3-b66aeffed40a ce4a04f917cb4b6e905513d0c5fcf434 8265e4f5f95a4b21a5945ba2445e322e - - default default] 10.0.0.86 "DELETE /v2.0/networks/9f81947e-66e5-4197-aa26-68c81da1b4e0 HTTP/1.1" status: 204 len: 168 time: 0.6214416
2026-05-25 01:51:58.679 10 INFO neutron.pecan_wsgi.hooks.translation [None req-c1620354-db21-4bfd-ad71-4406df8c0048 ce4a04f917cb4b6e905513d0c5fcf434 8265e4f5f95a4b21a5945ba2445e322e - - default default] DELETE failed (client error): The resource could not be found.
2026-05-25 01:51:58.682 10 INFO neutron.wsgi [None req-c1620354-db21-4bfd-ad71-4406df8c0048 ce4a04f917cb4b6e905513d0c5fcf434 8265e4f5f95a4b21a5945ba2445e322e - - default default] 10.0.0.86 "DELETE /v2.0/networks/9f81947e-66e5-4197-aa26-68c81da1b4e0 HTTP/1.1" status: 404 len: 339 time: 0.0186868
2026-05-25 01:51:58.773 9 INFO neutron.db.ovn_revision_numbers_db [None req-de48258b-1c33-4551-945e-10074b2bfeab - - - - - -] Successfully bumped revision number for resource c7618f9f-93c8-4209-9db2-989e1ead706f (type: ports) to 3
2026-05-25 01:51:58.797 10 INFO neutron.wsgi [None req-7b18d67b-2f9a-47b8-851b-a3400b6936c7 ce4a04f917cb4b6e905513d0c5fcf434 8265e4f5f95a4b21a5945ba2445e322e - - default default] 10.0.0.86 "GET /v2.0/networks?router%3Aexternal=True HTTP/1.1" status: 200 len: 845 time: 0.1053994
2026-05-25 01:51:58.846 10 INFO neutron.wsgi [None req-238127e7-66b7-4d17-8637-458fb8730d9d ce4a04f917cb4b6e905513d0c5fcf434 8265e4f5f95a4b21a5945ba2445e322e - - default default] 10.0.0.86 "GET /v2.0/subnets?network_id=cfc7aae0-a83b-45ab-ac0f-fce7ceafa9f4 HTTP/1.1" status: 200 len: 820 time: 0.0439236
2026-05-25 01:51:58.858 10 INFO neutron.wsgi [None req-820762e7-9694-4cfb-860c-085e364d8fb2 ce4a04f917cb4b6e905513d0c5fcf434 8265e4f5f95a4b21a5945ba2445e322e - - default default] 10.0.0.86 "GET /v2.0/extensions HTTP/1.1" status: 200 len: 18678 time: 0.0059636
2026-05-25 01:51:58.941 9 ERROR ovsdbapp.backend.ovs_idl.command [None req-de48258b-1c33-4551-945e-10074b2bfeab - - - - - -] Error executing command (DbGetCommand): ovsdbapp.backend.ovs_idl.idlutils.RowNotFound: Cannot find Logical_Router_Port with name=lrp-c7618f9f-93c8-4209-9db2-989e1ead706f
2026-05-25 01:51:58.941 9 ERROR ovsdbapp.backend.ovs_idl.command
Traceback (most recent call last):
2026-05-25 01:51:58.941 9 ERROR ovsdbapp.backend.ovs_idl.command
File "/var/lib/openstack/lib/python3.10/site-packages/ovsdbapp/backend/ovs_idl/command.py", line 47, in execute
2026-05-25 01:51:58.941 9 ERROR ovsdbapp.backend.ovs_idl.command self.run_idl(None)
2026-05-25 01:51:58.941 9 ERROR ovsdbapp.backend.ovs_idl.command
File "/var/lib/openstack/lib/python3.10/site-packages/ovsdbapp/backend/ovs_idl/command.py", line 235, in run_idl
2026-05-25 01:51:58.941 9 ERROR ovsdbapp.backend.ovs_idl.command record = self.api.lookup(self.table, self.record)
2026-05-25 01:51:58.941 9 ERROR ovsdbapp.backend.ovs_idl.command
File "/var/lib/openstack/lib/python3.10/site-packages/ovsdbapp/backend/ovs_idl/__init__.py", line 184, in lookup
2026-05-25 01:51:58.941 9 ERROR ovsdbapp.backend.ovs_idl.command return self._lookup(table, record)
2026-05-25 01:51:58.941 9 ERROR ovsdbapp.backend.ovs_idl.command
File "/var/lib/openstack/lib/python3.10/site-packages/ovsdbapp/backend/ovs_idl/__init__.py", line 235, in _lookup
2026-05-25 01:51:58.941 9 ERROR ovsdbapp.backend.ovs_idl.command row = idlutils.row_by_value(self, rl.table, rl.column, record)
2026-05-25 01:51:58.941 9 ERROR ovsdbapp.backend.ovs_idl.command
File "/var/lib/openstack/lib/python3.10/site-packages/ovsdbapp/backend/ovs_idl/idlutils.py", line 114, in row_by_value
2026-05-25 01:51:58.941 9 ERROR ovsdbapp.backend.ovs_idl.command raise RowNotFound(table=table, col=column, match=match)
2026-05-25 01:51:58.941 9 ERROR ovsdbapp.backend.ovs_idl.command ovsdbapp.backend.ovs_idl.idlutils.RowNotFound: Cannot find Logical_Router_Port with name=lrp-c7618f9f-93c8-4209-9db2-989e1ead706f
2026-05-25 01:51:58.941 9 ERROR ovsdbapp.backend.ovs_idl.command 
2026-05-25 01:51:58.942 9 ERROR neutron_lib.callbacks.manager [None req-de48258b-1c33-4551-945e-10074b2bfeab - - - - - -] Error during notification for neutron.services.ovn_l3.plugin.OVNL3RouterPlugin._port_update-8758465173231 port, after_update: ovsdbapp.backend.ovs_idl.idlutils.RowNotFound: Cannot find Logical_Router_Port with name=lrp-c7618f9f-93c8-4209-9db2-989e1ead706f
2026-05-25 01:51:58.942 9 ERROR neutron_lib.callbacks.manager
Traceback (most recent call last):
2026-05-25 01:51:58.942 9 ERROR neutron_lib.callbacks.manager
File "/var/lib/openstack/lib/python3.10/site-packages/neutron_lib/callbacks/manager.py", line 189, in _notify_loop
2026-05-25 01:51:58.942 9 ERROR neutron_lib.callbacks.manager callback.method(resource, event, trigger, payload=payload)
2026-05-25 01:51:58.942 9 ERROR neutron_lib.callbacks.manager
File "/var/lib/openstack/lib/python3.10/site-packages/neutron/services/ovn_l3/plugin.py", line 391, in _port_update
2026-05-25 01:51:58.942 9 ERROR neutron_lib.callbacks.manager l3plugin._ovn_client.update_router_port(context,
2026-05-25 01:51:58.942 9 ERROR neutron_lib.callbacks.manager
File "/var/lib/openstack/lib/python3.10/site-packages/neutron/plugins/ml2/drivers/ovn/mech_driver/ovsdb/ovn_client.py", line 1878, in update_router_port
2026-05-25 01:51:58.942 9 ERROR neutron_lib.callbacks.manager self._update_lrouter_port(context, port, if_exists=if_exists,
2026-05-25 01:51:58.942 9 ERROR neutron_lib.callbacks.manager
File "/var/lib/openstack/lib/python3.10/site-packages/neutron/plugins/ml2/drivers/ovn/mech_driver/ovsdb/ovn_client.py", line 1855, in _update_lrouter_port
2026-05-25 01:51:58.942 9 ERROR neutron_lib.callbacks.manager external_ids = self._nb_idl.db_get(
2026-05-25 01:51:58.942 9 ERROR neutron_lib.callbacks.manager
File "/var/lib/openstack/lib/python3.10/site-packages/ovsdbapp/backend/ovs_idl/command.py", line 47, in execute
2026-05-25 01:51:58.942 9 ERROR neutron_lib.callbacks.manager self.run_idl(None)
2026-05-25 01:51:58.942 9 ERROR neutron_lib.callbacks.manager
File "/var/lib/openstack/lib/python3.10/site-packages/ovsdbapp/backend/ovs_idl/command.py", line 235, in run_idl
2026-05-25 01:51:58.942 9 ERROR neutron_lib.callbacks.manager record = self.api.lookup(self.table, self.record)
2026-05-25 01:51:58.942 9 ERROR neutron_lib.callbacks.manager
File "/var/lib/openstack/lib/python3.10/site-packages/ovsdbapp/backend/ovs_idl/__init__.py", line 184, in lookup
2026-05-25 01:51:58.942 9 ERROR neutron_lib.callbacks.manager return self._lookup(table, record)
2026-05-25 01:51:58.942 9 ERROR neutron_lib.callbacks.manager
File "/var/lib/openstack/lib/python3.10/site-packages/ovsdbapp/backend/ovs_idl/__init__.py", line 235, in _lookup
2026-05-25 01:51:58.942 9 ERROR neutron_lib.callbacks.manager row = idlutils.row_by_value(self, rl.table, rl.column, record)
2026-05-25 01:51:58.942 9 ERROR neutron_lib.callbacks.manager
File "/var/lib/openstack/lib/python3.10/site-packages/ovsdbapp/backend/ovs_idl/idlutils.py", line 114, in row_by_value
2026-05-25 01:51:58.942 9 ERROR neutron_lib.callbacks.manager raise RowNotFound(table=table, col=column, match=match)
2026-05-25 01:51:58.942 9 ERROR neutron_lib.callbacks.manager ovsdbapp.backend.ovs_idl.idlutils.RowNotFound: Cannot find Logical_Router_Port with name=lrp-c7618f9f-93c8-4209-9db2-989e1ead706f
2026-05-25 01:51:58.942 9 ERROR neutron_lib.callbacks.manager 
2026-05-25 01:51:58.943 10 INFO neutron.wsgi [None req-4fcfc44e-c5fc-41a4-bcb6-6c4feecfa3f1 ce4a04f917cb4b6e905513d0c5fcf434 8265e4f5f95a4b21a5945ba2445e322e - - default default] 10.0.0.86 "GET /v2.0/networks HTTP/1.1" status: 200 len: 1507 time: 0.0792372
2026-05-25 01:51:58.983 10 INFO neutron.wsgi [None req-fb42e597-7d7c-4fd4-a1c1-2cf92e294328 ce4a04f917cb4b6e905513d0c5fcf434 8265e4f5f95a4b21a5945ba2445e322e - - default default] 10.0.0.86 "GET /v2.0/subnets HTTP/1.1" status: 200 len: 1460 time: 0.0333858
2026-05-25 01:51:59.037 9 INFO neutron.wsgi [None req-74c72f77-1075-445b-b080-1cd9fe33f590 7e300b396db94b24b25968d039d9cabe 6ef05087d76e44928760242c774eb022 - - default default] 10.0.0.86 "DELETE /v2.0/security-groups/34cb06f4-b17e-4c0b-8864-10186eb8f05f HTTP/1.1" status: 204 len: 168 time: 0.5464182
2026-05-25 01:51:59.052 10 INFO neutron.wsgi [None req-008db845-a55f-4f89-9fe4-3764f2087f59 ce4a04f917cb4b6e905513d0c5fcf434 8265e4f5f95a4b21a5945ba2445e322e - - default default] 10.0.0.86 "GET /v2.0/networks/2047dfd1-42b3-467a-bc90-ad0c4f307c88 HTTP/1.1" status: 200 len: 866 time: 0.0612626
