2026-05-25 01:52:49.621 10 INFO neutron.wsgi [None req-0c352197-a2f5-44a3-ab36-e81072d02e18 52ebb7123239468fa23ca519cb101ab0 bd973989b5834eaf9ceeca8ab248088d - - default default] 10.0.0.86 "PUT /v2.0/floatingips/d670c441-3032-47b0-914c-3c0d33d26c88/tags HTTP/1.1" status: 200 len: 230 time: 0.0594497
2026-05-25 01:52:49.667 10 INFO neutron.wsgi [None req-6cc4b413-de41-4fa2-9b7d-96759d0ac7bc 52ebb7123239468fa23ca519cb101ab0 bd973989b5834eaf9ceeca8ab248088d - - default default] 10.0.0.86 "GET /v2.0/floatingips/d670c441-3032-47b0-914c-3c0d33d26c88/tags HTTP/1.1" status: 200 len: 230 time: 0.0395453
2026-05-25 01:52:49.708 10 INFO neutron.wsgi [None req-d7b00c68-4b3e-47ce-bc57-d87d47fb9b9b 52ebb7123239468fa23ca519cb101ab0 bd973989b5834eaf9ceeca8ab248088d - - default default] 10.0.0.86 "GET /v2.0/floatingips/d670c441-3032-47b0-914c-3c0d33d26c88/tags/red HTTP/1.1" status: 204 len: 168 time: 0.0340099
2026-05-25 01:52:49.764 10 INFO neutron.api.v2.resource [None req-d8cb8550-8811-4fb2-b9fb-4980e3f7d93c 52ebb7123239468fa23ca519cb101ab0 bd973989b5834eaf9ceeca8ab248088d - - default default] show failed (client error): The resource could not be found.
2026-05-25 01:52:49.766 10 INFO neutron.wsgi [None req-d8cb8550-8811-4fb2-b9fb-4980e3f7d93c 52ebb7123239468fa23ca519cb101ab0 bd973989b5834eaf9ceeca8ab248088d - - default default] 10.0.0.86 "GET /v2.0/floatingips/d670c441-3032-47b0-914c-3c0d33d26c88/tags/green HTTP/1.1" status: 404 len: 299 time: 0.0522006
2026-05-25 01:52:49.770 10 INFO neutron.wsgi [None req-89a63562-9ef3-4f63-843e-dc72d50595ec 7e300b396db94b24b25968d039d9cabe 6ef05087d76e44928760242c774eb022 - - default default] 10.0.0.86 "DELETE /v2.0/security-groups/7c88e21c-264b-4469-b335-f049a7567b9a HTTP/1.1" status: 204 len: 168 time: 0.3724053
2026-05-25 01:52:49.810 10 INFO neutron.wsgi [None req-58f19730-768d-420f-8724-df4dbaa398e1 52ebb7123239468fa23ca519cb101ab0 bd973989b5834eaf9ceeca8ab248088d - - default default] 10.0.0.86 "DELETE /v2.0/floatingips/d670c441-3032-47b0-914c-3c0d33d26c88/tags/red HTTP/1.1" status: 204 len: 168 time: 0.0382488
2026-05-25 01:52:49.875 9 INFO neutron.wsgi [None req-477c3b91-f11b-4dbc-9a6a-d7f6edc2e77f 52ebb7123239468fa23ca519cb101ab0 bd973989b5834eaf9ceeca8ab248088d - - default default] 10.0.0.86 "GET /v2.0/floatingips/d670c441-3032-47b0-914c-3c0d33d26c88/tags HTTP/1.1" status: 200 len: 223 time: 0.0563171
2026-05-25 01:52:49.918 10 INFO neutron.api.v2.resource [None req-38474718-26fd-4609-bbd6-5b1392123e87 52ebb7123239468fa23ca519cb101ab0 bd973989b5834eaf9ceeca8ab248088d - - default default] delete failed (client error): The resource could not be found.
2026-05-25 01:52:49.920 10 INFO neutron.wsgi [None req-38474718-26fd-4609-bbd6-5b1392123e87 52ebb7123239468fa23ca519cb101ab0 bd973989b5834eaf9ceeca8ab248088d - - default default] 10.0.0.86 "DELETE /v2.0/floatingips/d670c441-3032-47b0-914c-3c0d33d26c88/tags/green HTTP/1.1" status: 404 len: 299 time: 0.0388396
2026-05-25 01:52:49.983 10 INFO neutron.wsgi [None req-e34b95e6-aab8-4f46-9187-282549590e3b 52ebb7123239468fa23ca519cb101ab0 bd973989b5834eaf9ceeca8ab248088d - - default default] 10.0.0.86 "DELETE /v2.0/floatingips/d670c441-3032-47b0-914c-3c0d33d26c88/tags HTTP/1.1" status: 204 len: 168 time: 0.0569668
2026-05-25 01:52:50.027 10 INFO neutron.wsgi [None req-eb1719b6-7e16-4ddf-a046-979d6e7fc9b5 52ebb7123239468fa23ca519cb101ab0 bd973989b5834eaf9ceeca8ab248088d - - default default] 10.0.0.86 "GET /v2.0/floatingips/d670c441-3032-47b0-914c-3c0d33d26c88/tags HTTP/1.1" status: 200 len: 205 time: 0.0367486
2026-05-25 01:52:50.193 9 INFO neutron.wsgi [None req-63e8fe07-804a-48f4-92b8-59040e4c8828 7e300b396db94b24b25968d039d9cabe 6ef05087d76e44928760242c774eb022 - - default default] 10.0.0.86 "PUT /v2.0/routers/97124f88-a0fc-4175-9de2-b034b409df89/remove_router_interface HTTP/1.1" status: 200 len: 503 time: 1.4690249 /var/lib/openstack/lib/python3.10/site-packages/pycadf/identifier.py:71: UserWarning: Invalid uuid: neutron. To ensure interoperability, identifiers should be a valid uuid. warnings.warn(('Invalid uuid: %s. To ensure interoperability, '
2026-05-25 01:52:50.376 10 INFO neutron.wsgi [None req-50ac985b-7d7e-4e67-91fe-c0b547fb0c0c 52ebb7123239468fa23ca519cb101ab0 bd973989b5834eaf9ceeca8ab248088d - - default default] 10.0.0.86 "DELETE /v2.0/floatingips/d670c441-3032-47b0-914c-3c0d33d26c88 HTTP/1.1" status: 204 len: 168 time: 0.3363919
2026-05-25 01:52:51.034 9 INFO neutron.wsgi [None req-f1c2221d-3c41-4d2a-9569-8d9e78252a70 7e300b396db94b24b25968d039d9cabe 6ef05087d76e44928760242c774eb022 - - default default] 10.0.0.86 "DELETE /v2.0/routers/97124f88-a0fc-4175-9de2-b034b409df89 HTTP/1.1" status: 204 len: 168 time: 0.8345327
2026-05-25 01:52:51.239 9 INFO neutron.wsgi [req-0503aea5-2c5f-4c32-b26d-0f63192900d4 req-7294991d-4460-43bb-a470-5b250c0ad7a4 2af45385c8c54074a1be8669ec1f53c0 10730293bca14780ad94eb382d592dfc - - 7b06d5d001a940d48d280bf8624ee0a4 7b06d5d001a940d48d280bf8624ee0a4] 10.0.0.68 "GET /v2.0/ports?device_id=3855459a-b93e-495b-905c-693f05a066b4 HTTP/1.1" status: 200 len: 1409 time: 0.0452356
2026-05-25 01:52:51.291 9 INFO neutron.wsgi [req-0503aea5-2c5f-4c32-b26d-0f63192900d4 req-a7ee9864-0ce5-4154-ac7b-4943339d3520 2af45385c8c54074a1be8669ec1f53c0 10730293bca14780ad94eb382d592dfc - - 7b06d5d001a940d48d280bf8624ee0a4 7b06d5d001a940d48d280bf8624ee0a4] 10.0.0.68 "GET /v2.0/security-groups?id=955d5b11-f2bc-44f1-9bef-b441f00167da&fields=id&fields=name HTTP/1.1" status: 200 len: 312 time: 0.0506301
2026-05-25 01:52:51.323 10 INFO neutron.wsgi [None req-4319a5fd-1602-4895-b427-91dd5cc09709 7e300b396db94b24b25968d039d9cabe 6ef05087d76e44928760242c774eb022 - - default default] 10.0.0.86 "DELETE /v2.0/subnets/b4c60843-a40d-4266-a86f-7ed859a7e156 HTTP/1.1" status: 204 len: 168 time: 0.2842793
2026-05-25 01:52:51.381 10 INFO neutron.db.ovn_revision_numbers_db [None req-aff0647c-eac4-422d-84f8-69439362aecf 7e300b396db94b24b25968d039d9cabe 6ef05087d76e44928760242c774eb022 - - default default] Successfully bumped revision number for resource 4466d0f4-c290-475a-8dfb-37a713b1cf56 (type: security_groups) to 1
2026-05-25 01:52:51.395 10 INFO neutron.db.ovn_revision_numbers_db [None req-aff0647c-eac4-422d-84f8-69439362aecf 7e300b396db94b24b25968d039d9cabe 6ef05087d76e44928760242c774eb022 - - default default] Successfully bumped revision number for resource 56fd400b-27bd-4a04-a8d9-e46e27515e28 (type: security_group_rules) to 0
2026-05-25 01:52:51.418 10 INFO neutron.db.ovn_revision_numbers_db [None req-aff0647c-eac4-422d-84f8-69439362aecf 7e300b396db94b24b25968d039d9cabe 6ef05087d76e44928760242c774eb022 - - default default] Successfully bumped revision number for resource 88706cc3-2b7f-4190-b1db-3ad74a6c72ba (type: security_group_rules) to 0
2026-05-25 01:52:51.433 10 INFO neutron.db.ovn_revision_numbers_db [None req-aff0647c-eac4-422d-84f8-69439362aecf 7e300b396db94b24b25968d039d9cabe 6ef05087d76e44928760242c774eb022 - - default default] Successfully bumped revision number for resource b780eef2-6f3c-46fe-92e5-e7b8f62a0d8d (type: security_group_rules) to 0
2026-05-25 01:52:51.450 10 INFO neutron.db.ovn_revision_numbers_db [None req-aff0647c-eac4-422d-84f8-69439362aecf 7e300b396db94b24b25968d039d9cabe 6ef05087d76e44928760242c774eb022 - - default default] Successfully bumped revision number for resource f7674e4f-ef8c-4d30-8d67-a32dc23682b9 (type: security_group_rules) to 0
2026-05-25 01:52:51.469 10 INFO neutron.wsgi [None req-aff0647c-eac4-422d-84f8-69439362aecf 7e300b396db94b24b25968d039d9cabe 6ef05087d76e44928760242c774eb022 - - default default] 10.0.0.86 "GET /v2.0/security-groups?tenant_id=bd973989b5834eaf9ceeca8ab248088d&name=default HTTP/1.1" status: 200 len: 3120 time: 0.5074968
2026-05-25 01:52:51.714 9 INFO neutron.services.segments.plugin [-] Segment dab10ea1-213b-422a-9e7f-a0ce418f20c3 resource provider aggregate not found
2026-05-25 01:52:51.718 9 INFO neutron.services.segments.plugin [-] Segment dab10ea1-213b-422a-9e7f-a0ce418f20c3 resource provider aggregate not found
2026-05-25 01:52:51.737 9 INFO neutron.services.segments.plugin [-] Segment dab10ea1-213b-422a-9e7f-a0ce418f20c3 resource provider not found; error: Placement Client Error (4xx): {"errors": [{"status": 404, "title": "Not Found", "detail": "The resource could not be found.\n\n No resource provider with uuid dab10ea1-213b-422a-9e7f-a0ce418f20c3 found for delete ", "request_id": "req-7306b8bd-d412-40f0-98a8-0cdce42e05de"}]}
2026-05-25 01:52:51.743 9 INFO neutron.services.segments.plugin [-] Segment dab10ea1-213b-422a-9e7f-a0ce418f20c3 resource provider not found; error: Placement Client Error (4xx): {"errors": [{"status": 404, "title": "Not Found", "detail": "The resource could not be found.\n\n No resource provider with uuid dab10ea1-213b-422a-9e7f-a0ce418f20c3 found for delete ", "request_id": "req-bf02317a-13c7-4008-a0d9-77dd03580468"}]}
2026-05-25 01:52:51.755 9 INFO neutron.wsgi [None req-01dfb907-3ff0-4ae7-a80b-94f7c91672ea 7e300b396db94b24b25968d039d9cabe 6ef05087d76e44928760242c774eb022 - - default default] 10.0.0.86 "DELETE /v2.0/networks/d4bb1ef8-8e3b-4fb3-a051-e19b0ebf9ed6 HTTP/1.1" status: 204 len: 168 time: 0.4262898
2026-05-25 01:52:51.937 10 INFO neutron.wsgi [None req-ea40e84e-4a0f-498d-b5ba-efbbb80afc96 7e300b396db94b24b25968d039d9cabe 6ef05087d76e44928760242c774eb022 - - default default] 10.0.0.86 "DELETE /v2.0/security-groups/4466d0f4-c290-475a-8dfb-37a713b1cf56 HTTP/1.1" status: 204 len: 168 time: 0.4621937
2026-05-25 01:52:52.166 10 INFO neutron.wsgi [None req-e85e012f-6c5c-46b4-ad01-411b3f2b90ba 7e300b396db94b24b25968d039d9cabe 6ef05087d76e44928760242c774eb022 - - default default] 10.0.0.86 "GET /v2.0/security-groups?tenant_id=622ecc4d23ce41bd814a7512fdf9c7eb&name=default HTTP/1.1" status: 200 len: 3120 time: 0.0555389
2026-05-25 01:52:52.227 10 INFO neutron.db.ovn_revision_numbers_db [None req-9acfc716-1af4-4d34-95d9-95f09c234eae 7e300b396db94b24b25968d039d9cabe 6ef05087d76e44928760242c774eb022 - - default default] Successfully bumped revision number for resource c2624991-9c23-4b4f-acf7-7a0ccc8bbd30 (type: security_groups) to 1
2026-05-25 01:52:52.240 10 INFO neutron.db.ovn_revision_numbers_db [None req-9acfc716-1af4-4d34-95d9-95f09c234eae 7e300b396db94b24b25968d039d9cabe 6ef05087d76e44928760242c774eb022 - - default default] Successfully bumped revision number for resource 3b270703-f789-4b69-8c0e-acc91dfd11f3 (type: security_group_rules) to 0
2026-05-25 01:52:52.253 10 INFO neutron.db.ovn_revision_numbers_db [None req-9acfc716-1af4-4d34-95d9-95f09c234eae 7e300b396db94b24b25968d039d9cabe 6ef05087d76e44928760242c774eb022 - - default default] Successfully bumped revision number for resource 4b9a7029-231c-43f5-b384-c8c4eaff11af (type: security_group_rules) to 0
2026-05-25 01:52:52.266 10 INFO neutron.db.ovn_revision_numbers_db [None req-9acfc716-1af4-4d34-95d9-95f09c234eae 7e300b396db94b24b25968d039d9cabe 6ef05087d76e44928760242c774eb022 - - default default] Successfully bumped revision number for resource 94401e9e-a705-4db7-ad09-f6bb107981db (type: security_group_rules) to 0
2026-05-25 01:52:52.279 10 INFO neutron.db.ovn_revision_numbers_db [None req-9acfc716-1af4-4d34-95d9-95f09c234eae 7e300b396db94b24b25968d039d9cabe 6ef05087d76e44928760242c774eb022 - - default default] Successfully bumped revision number for resource beb40a1a-144a-4b3e-99eb-f7d1439e98dd (type: security_group_rules) to 0
2026-05-25 01:52:52.303 10 INFO neutron.wsgi [None req-9acfc716-1af4-4d34-95d9-95f09c234eae 7e300b396db94b24b25968d039d9cabe 6ef05087d76e44928760242c774eb022 - - default default] 10.0.0.86 "GET /v2.0/security-groups?tenant_id=f9c79869f1bd48d1bb81629593764202&name=default HTTP/1.1" status: 200 len: 3120 time: 0.2096894
2026-05-25 01:52:52.431 9 INFO neutron.wsgi [None req-f7cfde6d-52d8-4d43-a961-5384ae2a83af 7e300b396db94b24b25968d039d9cabe 6ef05087d76e44928760242c774eb022 - - default default] 10.0.0.86 "DELETE /v2.0/security-groups/50a87723-bf4d-4f46-a74c-2231e7ddb1bf HTTP/1.1" status: 204 len: 168 time: 0.2597599
2026-05-25 01:52:52.544 9 INFO neutron.wsgi [None req-ab002629-5bf6-441e-93d0-0c2d02c87f68 7e300b396db94b24b25968d039d9cabe 6ef05087d76e44928760242c774eb022 - - default default] 10.0.0.86 "DELETE /v2.0/security-groups/c2624991-9c23-4b4f-acf7-7a0ccc8bbd30 HTTP/1.1" status: 204 len: 168 time: 0.2347519
2026-05-25 01:52:52.629 9 INFO neutron.wsgi [None req-274a905f-ef9f-44de-aeac-ea46540142c4 7e300b396db94b24b25968d039d9cabe 6ef05087d76e44928760242c774eb022 - - default default] 10.0.0.86 "GET /v2.0/security-groups?tenant_id=34c3b8afdca749d9b3141efaa4c6cc7c&name=default HTTP/1.1" status: 200 len: 3120 time: 0.0375330
2026-05-25 01:52:52.848 9 INFO neutron.wsgi [None req-a51bb10b-9965-4550-bebb-03373445001f 7e300b396db94b24b25968d039d9cabe 6ef05087d76e44928760242c774eb022 - - default default] 10.0.0.86 "DELETE /v2.0/security-groups/a9eab3c2-d0d6-401b-91d7-fafa441c7a26 HTTP/1.1" status: 204 len: 168 time: 0.2145841
2026-05-25 01:52:53.864 10 INFO neutron.wsgi [None req-0adfeb53-ec1b-4608-9251-4ed9445dd8fb ae3a56d7421b41138efd1297aa79f9b5 5fefe4673c7e4ce99fe06215c8f3c1e8 - - default default] 10.0.0.86 "GET /v2.0/ports?project_id=9bdbf2d932a64691b406b025dfcb7089&network_id=dbc8efb9-8986-42ad-ae53-64446d5b50d5 HTTP/1.1" status: 200 len: 3510 time: 0.0531726
2026-05-25 01:52:54.103 10 INFO neutron.wsgi [None req-0804e4a9-e036-466b-af86-bc1786121dce ae3a56d7421b41138efd1297aa79f9b5 5fefe4673c7e4ce99fe06215c8f3c1e8 - - default default] 10.0.0.86 "GET /v2.0/subnets?network_id=cfc7aae0-a83b-45ab-ac0f-fce7ceafa9f4 HTTP/1.1" status: 200 len: 838 time: 0.0395358
2026-05-25 01:52:54.414 10 WARNING neutron_lib.context [None req-991e3deb-9f51-4341-8ab6-f7c512bd2068 9cab76ac0fa8442e89981084d3c15dbc b45e1323397845fe816913df688f673d - - default default] Method 'is_advsvc' is deprecated since 2023.2 release (neutron-lib 3.8.0) and will be removed once support for the old RBAC API policies will be removed from Neutron. Please use method 'is_service_role' instead.
2026-05-25 01:52:54.499 10 INFO neutron.db.ovn_revision_numbers_db [None req-42afb073-9516-4ade-9b1f-2acaa31ee224 610567179ae142609b4b87377e8beff6 9bdbf2d932a64691b406b025dfcb7089 - - default default] Successfully bumped revision number for resource 15c4ba5f-2973-46e6-bcfc-9c20c7b9f1b0 (type: floatingips) to 2
2026-05-25 01:52:54.517 10 INFO neutron.wsgi [None req-991e3deb-9f51-4341-8ab6-f7c512bd2068 9cab76ac0fa8442e89981084d3c15dbc b45e1323397845fe816913df688f673d - - default default] 10.0.0.86 "POST /v2.0/subnetpools HTTP/1.1" status: 201 len: 715 time: 0.3673806 /var/lib/openstack/lib/python3.10/site-packages/pycadf/identifier.py:71: UserWarning: Invalid uuid: neutron. To ensure interoperability, identifiers should be a valid uuid. warnings.warn(('Invalid uuid: %s. To ensure interoperability, '
2026-05-25 01:52:54.532 9 WARNING neutron_lib.context [None req-ce2f0767-0853-47fb-bf73-1b45ad1eee60 9cab76ac0fa8442e89981084d3c15dbc b45e1323397845fe816913df688f673d - - default default] Method 'is_advsvc' is deprecated since 2023.2 release (neutron-lib 3.8.0) and will be removed once support for the old RBAC API policies will be removed from Neutron. Please use method 'is_service_role' instead.
2026-05-25 01:52:54.569 10 INFO neutron.db.l3_db [None req-42afb073-9516-4ade-9b1f-2acaa31ee224 610567179ae142609b4b87377e8beff6 9bdbf2d932a64691b406b025dfcb7089 - - default default] Floating IP 15c4ba5f-2973-46e6-bcfc-9c20c7b9f1b0 disassociated. External IP: 10.96.250.211, port: dac75c8f-0a26-491c-aed1-a8e10194171b.
2026-05-25 01:52:54.589 9 INFO neutron.wsgi [None req-ce2f0767-0853-47fb-bf73-1b45ad1eee60 9cab76ac0fa8442e89981084d3c15dbc b45e1323397845fe816913df688f673d - - default default] 10.0.0.86 "POST /v2.0/subnetpools HTTP/1.1" status: 201 len: 715 time: 0.0658038
2026-05-25 01:52:54.597 9 WARNING neutron_lib.context [None req-1b455b52-e5d2-45fb-86c2-6d56aa2068e6 9cab76ac0fa8442e89981084d3c15dbc b45e1323397845fe816913df688f673d - - default default] Method 'is_advsvc' is deprecated since 2023.2 release (neutron-lib 3.8.0) and will be removed once support for the old RBAC API policies will be removed from Neutron. Please use method 'is_service_role' instead.
2026-05-25 01:52:54.598 10 INFO neutron.wsgi [None req-42afb073-9516-4ade-9b1f-2acaa31ee224 610567179ae142609b4b87377e8beff6 9bdbf2d932a64691b406b025dfcb7089 - - default default] 10.0.0.86 "PUT /v2.0/floatingips/15c4ba5f-2973-46e6-bcfc-9c20c7b9f1b0 HTTP/1.1" status: 200 len: 748 time: 0.3146162
2026-05-25 01:52:54.633 9 INFO neutron.wsgi [None req-fb90c6e4-ba98-4e24-8671-57feeb2300dd 610567179ae142609b4b87377e8beff6 9bdbf2d932a64691b406b025dfcb7089 - - default default] 10.0.0.86 "GET /v2.0/floatingips/15c4ba5f-2973-46e6-bcfc-9c20c7b9f1b0 HTTP/1.1" status: 200 len: 746 time: 0.0261397
2026-05-25 01:52:54.641 10 INFO neutron.notifiers.nova [-] Nova event matching ['req-0c147f8a-70ca-4df8-8104-e90e4d06eb3a'] response: {'name': 'network-changed', 'server_uuid': '3855459a-b93e-495b-905c-693f05a066b4', 'tag': 'dac75c8f-0a26-491c-aed1-a8e10194171b', 'status': 'completed', 'code': 200}
2026-05-25 01:52:54.671 9 INFO neutron.wsgi [None req-1b455b52-e5d2-45fb-86c2-6d56aa2068e6 9cab76ac0fa8442e89981084d3c15dbc b45e1323397845fe816913df688f673d - - default default] 10.0.0.86 "POST /v2.0/subnetpools HTTP/1.1" status: 201 len: 715 time: 0.0776014
2026-05-25 01:52:54.685 10 WARNING neutron_lib.context [None req-8b56bf91-1e57-4157-bbd4-239242aa96d0 9cab76ac0fa8442e89981084d3c15dbc b45e1323397845fe816913df688f673d - - default default] Method 'is_advsvc' is deprecated since 2023.2 release (neutron-lib 3.8.0) and will be removed once support for the old RBAC API policies will be removed from Neutron. Please use method 'is_service_role' instead.
2026-05-25 01:52:54.694 9 INFO neutron.wsgi [req-6a80b978-d03b-4981-88e7-8e65caa8bbad req-08b63c8a-a011-4870-8e42-af338dba3049 2af45385c8c54074a1be8669ec1f53c0 10730293bca14780ad94eb382d592dfc - - 7b06d5d001a940d48d280bf8624ee0a4 7b06d5d001a940d48d280bf8624ee0a4] 199.204.45.3 "GET /v2.0/ports?tenant_id=9bdbf2d932a64691b406b025dfcb7089&device_id=3855459a-b93e-495b-905c-693f05a066b4 HTTP/1.1" status: 200 len: 1409 time: 0.0354793
2026-05-25 01:52:54.746 10 INFO neutron.wsgi [None req-8b56bf91-1e57-4157-bbd4-239242aa96d0 9cab76ac0fa8442e89981084d3c15dbc b45e1323397845fe816913df688f673d - - default default] 10.0.0.86 "POST /v2.0/subnetpools HTTP/1.1" status: 201 len: 715 time: 0.0659418
2026-05-25 01:52:54.756 10 WARNING neutron_lib.context [None req-97929390-a5c5-4055-8335-e19a82caa1bc 9cab76ac0fa8442e89981084d3c15dbc b45e1323397845fe816913df688f673d - - default default] Method 'is_advsvc' is deprecated since 2023.2 release (neutron-lib 3.8.0) and will be removed once support for the old RBAC API policies will be removed from Neutron. Please use method 'is_service_role' instead.
2026-05-25 01:52:54.768 9 INFO neutron.wsgi [req-6a80b978-d03b-4981-88e7-8e65caa8bbad req-20e90948-42c4-4dca-820f-06726c448934 2af45385c8c54074a1be8669ec1f53c0 10730293bca14780ad94eb382d592dfc - - 7b06d5d001a940d48d280bf8624ee0a4 7b06d5d001a940d48d280bf8624ee0a4] 199.204.45.3 "GET /v2.0/networks?id=dbc8efb9-8986-42ad-ae53-64446d5b50d5 HTTP/1.1" status: 200 len: 958 time: 0.0693269
2026-05-25 01:52:54.801 10 INFO neutron.wsgi [None req-97929390-a5c5-4055-8335-e19a82caa1bc 9cab76ac0fa8442e89981084d3c15dbc b45e1323397845fe816913df688f673d - - default default] 10.0.0.86 "POST /v2.0/subnetpools HTTP/1.1" status: 201 len: 715 time: 0.0504324
2026-05-25 01:52:54.848 10 INFO neutron.wsgi [None req-ceab17a2-9271-4384-980c-a0a379480ff4 9cab76ac0fa8442e89981084d3c15dbc b45e1323397845fe816913df688f673d - - default default] 10.0.0.86 "PUT /v2.0/subnetpools/734b3609-069c-43bf-990a-4dc52f5badb0/tags HTTP/1.1" status: 200 len: 210 time: 0.0416887
2026-05-25 01:52:54.887 10 INFO neutron.wsgi [None req-1c998802-643f-4eaf-ace1-466e942e2c6a 9cab76ac0fa8442e89981084d3c15dbc b45e1323397845fe816913df688f673d - - default default] 10.0.0.86 "PUT /v2.0/subnetpools/70daed64-0e61-48cc-8ff1-95a0b5e361e1/tags HTTP/1.1" status: 200 len: 218 time: 0.0333581
2026-05-25 01:52:54.926 10 INFO neutron.wsgi [None req-c98ee9fd-681d-4234-b39c-d4685ff71d1b 9cab76ac0fa8442e89981084d3c15dbc b45e1323397845fe816913df688f673d - - default default] 10.0.0.86 "PUT /v2.0/subnetpools/8f7a609e-4114-4376-b719-44640ec29932/tags HTTP/1.1" status: 200 len: 227 time: 0.0338335
2026-05-25 01:52:54.963 10 INFO neutron.wsgi [None req-263bb9be-6138-4892-9340-6636f8639fd9 9cab76ac0fa8442e89981084d3c15dbc b45e1323397845fe816913df688f673d - - default default] 10.0.0.86 "PUT /v2.0/subnetpools/5ae20e51-c6e2-4b2f-ad37-efeef331d4e3/tags HTTP/1.1" status: 200 len: 212 time: 0.0339189
2026-05-25 01:52:54.995 10 INFO neutron.wsgi [None req-8f06fdc7-1054-41c3-8fcc-9d009197c8ca 9cab76ac0fa8442e89981084d3c15dbc b45e1323397845fe816913df688f673d - - default default] 10.0.0.86 "GET /v2.0/subnetpools?tags=red HTTP/1.1" status: 200 len: 1758 time: 0.0258222
2026-05-25 01:52:55.012 9 INFO neutron.wsgi [req-6a80b978-d03b-4981-88e7-8e65caa8bbad req-5776a1c7-6a43-4469-800f-b5fb04f15b82 2af45385c8c54074a1be8669ec1f53c0 10730293bca14780ad94eb382d592dfc - - 7b06d5d001a940d48d280bf8624ee0a4 7b06d5d001a940d48d280bf8624ee0a4] 199.204.45.3 "GET /v2.0/floatingips?fixed_ip_address=10.100.0.9&port_id=dac75c8f-0a26-491c-aed1-a8e10194171b HTTP/1.1" status: 200 len: 217 time: 0.2380850
2026-05-25 01:52:55.024 10 INFO neutron.wsgi [None req-8021de8f-6345-4c4d-a4b2-f87aebd48150 9cab76ac0fa8442e89981084d3c15dbc b45e1323397845fe816913df688f673d - - default default] 10.0.0.86 "GET /v2.0/subnetpools?tags=red%2Cblue HTTP/1.1" status: 200 len: 1251 time: 0.0240829
2026-05-25 01:52:55.043 9 INFO neutron.wsgi [req-6a80b978-d03b-4981-88e7-8e65caa8bbad req-1f9cd0c8-11de-42e2-a2fc-02d046b031bf 2af45385c8c54074a1be8669ec1f53c0 10730293bca14780ad94eb382d592dfc - - 7b06d5d001a940d48d280bf8624ee0a4 7b06d5d001a940d48d280bf8624ee0a4] 199.204.45.3 "GET /v2.0/subnets?id=e3fb390a-71a5-4f7c-82c4-4e6b482e13ee HTTP/1.1" status: 200 len: 852 time: 0.0257399
2026-05-25 01:52:55.054 10 INFO neutron.wsgi [None req-7c7e4546-54b2-4680-ab4f-eb9531bbdd19 9cab76ac0fa8442e89981084d3c15dbc b45e1323397845fe816913df688f673d - - default default] 10.0.0.86 "GET /v2.0/subnetpools?tags-any=blue HTTP/1.1" status: 200 len: 1251 time: 0.0253427
2026-05-25 01:52:55.064 9 INFO neutron.wsgi [req-6a80b978-d03b-4981-88e7-8e65caa8bbad req-8774600f-d0ea-4a6e-baaf-218e65ad05a6 2af45385c8c54074a1be8669ec1f53c0 10730293bca14780ad94eb382d592dfc - - 7b06d5d001a940d48d280bf8624ee0a4 7b06d5d001a940d48d280bf8624ee0a4] 199.204.45.3 "GET /v2.0/ports?network_id=dbc8efb9-8986-42ad-ae53-64446d5b50d5&device_owner=network%3Adhcp HTTP/1.1" status: 200 len: 210 time: 0.0160491
2026-05-25 01:52:55.082 10 INFO neutron.wsgi [None req-f9d14683-bd79-401e-a5e2-8b45d5342c9e 9cab76ac0fa8442e89981084d3c15dbc b45e1323397845fe816913df688f673d - - default default] 10.0.0.86 "GET /v2.0/subnetpools?tags-any=red%2Cblue HTTP/1.1" status: 200 len: 1758 time: 0.0232768
2026-05-25 01:52:55.108 10 INFO neutron.wsgi [None req-91aca8a8-ed37-4a0c-8e99-1928e0904bfc 9cab76ac0fa8442e89981084d3c15dbc b45e1323397845fe816913df688f673d - - default default] 10.0.0.86 "GET /v2.0/subnetpools?not-tags=red HTTP/1.1" status: 200 len: 1223 time: 0.0221355
2026-05-25 01:52:55.119 9 INFO neutron.wsgi [req-6a80b978-d03b-4981-88e7-8e65caa8bbad req-deb278e3-cca5-4624-a462-582a38cad46c 2af45385c8c54074a1be8669ec1f53c0 10730293bca14780ad94eb382d592dfc - - 7b06d5d001a940d48d280bf8624ee0a4 7b06d5d001a940d48d280bf8624ee0a4] 199.204.45.3 "GET /v2.0/networks/dbc8efb9-8986-42ad-ae53-64446d5b50d5?fields=segments HTTP/1.1" status: 200 len: 212 time: 0.0504386
2026-05-25 01:52:55.141 10 INFO neutron.wsgi [None req-fc31cba8-21f6-4887-8747-61ca71c298f6 9cab76ac0fa8442e89981084d3c15dbc b45e1323397845fe816913df688f673d - - default default] 10.0.0.86 "GET /v2.0/subnetpools?not-tags=red%2Cblue HTTP/1.1" status: 200 len: 1730 time: 0.0286174
2026-05-25 01:52:55.171 10 INFO neutron.wsgi [None req-10eb750d-3133-44fb-9ce7-0dd768091680 9cab76ac0fa8442e89981084d3c15dbc b45e1323397845fe816913df688f673d - - default default] 10.0.0.86 "GET /v2.0/subnetpools?not-tags-any=blue HTTP/1.1" status: 200 len: 1730 time: 0.0250351
2026-05-25 01:52:55.183 9 INFO neutron.wsgi [req-6a80b978-d03b-4981-88e7-8e65caa8bbad req-182096c6-3f8f-439f-96ef-3e63df4f94aa 2af45385c8c54074a1be8669ec1f53c0 10730293bca14780ad94eb382d592dfc - - 7b06d5d001a940d48d280bf8624ee0a4 7b06d5d001a940d48d280bf8624ee0a4] 199.204.45.3 "GET /v2.0/networks/dbc8efb9-8986-42ad-ae53-64446d5b50d5?fields=provider%3Aphysical_network&fields=provider%3Anetwork_type HTTP/1.1" status: 200 len: 277 time: 0.0547488
2026-05-25 01:52:55.199 10 INFO neutron.wsgi [None req-b6eee617-0a75-4261-9930-bb9fdf576f88 9cab76ac0fa8442e89981084d3c15dbc b45e1323397845fe816913df688f673d - - default default] 10.0.0.86 "GET /v2.0/subnetpools?not-tags-any=red%2Cblue HTTP/1.1" status: 200 len: 1223 time: 0.0237451
2026-05-25 01:52:55.264 10 INFO neutron.wsgi [None req-2230a2af-8897-4d14-a21f-252485a57286 9cab76ac0fa8442e89981084d3c15dbc b45e1323397845fe816913df688f673d - - default default] 10.0.0.86 "DELETE /v2.0/subnetpools/734b3609-069c-43bf-990a-4dc52f5badb0 HTTP/1.1" status: 204 len: 168 time: 0.0588498
2026-05-25 01:52:55.322 10 INFO neutron.wsgi [None req-ad0e77cc-c867-460e-9be9-1f26835d0960 9cab76ac0fa8442e89981084d3c15dbc b45e1323397845fe816913df688f673d - - default default] 10.0.0.86 "DELETE /v2.0/subnetpools/70daed64-0e61-48cc-8ff1-95a0b5e361e1 HTTP/1.1" status: 204 len: 168 time: 0.0511281
2026-05-25 01:52:55.377 10 INFO neutron.wsgi [None req-f75f27a3-dba9-4bd2-b83f-e282a6593000 9cab76ac0fa8442e89981084d3c15dbc b45e1323397845fe816913df688f673d - - default default] 10.0.0.86 "DELETE /v2.0/subnetpools/8f7a609e-4114-4376-b719-44640ec29932 HTTP/1.1" status: 204 len: 168 time: 0.0503623
2026-05-25 01:52:55.439 10 INFO neutron.wsgi [None req-80dc727f-7168-4990-88ba-d0b1505a4076 9cab76ac0fa8442e89981084d3c15dbc b45e1323397845fe816913df688f673d - - default default] 10.0.0.86 "DELETE /v2.0/subnetpools/5ae20e51-c6e2-4b2f-ad37-efeef331d4e3 HTTP/1.1" status: 204 len: 168 time: 0.0573211
2026-05-25 01:52:55.497 10 INFO neutron.wsgi [None req-0f3a5096-0d23-4aff-8653-b346eabc9e6d 9cab76ac0fa8442e89981084d3c15dbc b45e1323397845fe816913df688f673d - - default default] 10.0.0.86 "DELETE /v2.0/subnetpools/207289e5-3d5f-4400-94f5-54a784149775 HTTP/1.1" status: 204 len: 168 time: 0.0534143
2026-05-25 01:52:55.693 10 WARNING neutron_lib.context [None req-7eb5e25d-f5a8-4f75-9990-8ff1279c49a1 610567179ae142609b4b87377e8beff6 9bdbf2d932a64691b406b025dfcb7089 - - default default] Method 'is_advsvc' is deprecated since 2023.2 release (neutron-lib 3.8.0) and will be removed once support for the old RBAC API policies will be removed from Neutron. Please use method 'is_service_role' instead.
2026-05-25 01:52:55.847 10 INFO neutron.db.ovn_revision_numbers_db [None req-7eb5e25d-f5a8-4f75-9990-8ff1279c49a1 610567179ae142609b4b87377e8beff6 9bdbf2d932a64691b406b025dfcb7089 - - default default] Successfully bumped revision number for resource dec304f0-3ed1-472f-a21f-cdd9984011fb (type: security_groups) to 1
2026-05-25 01:52:55.861 10 INFO neutron.db.ovn_revision_numbers_db [None req-7eb5e25d-f5a8-4f75-9990-8ff1279c49a1 610567179ae142609b4b87377e8beff6 9bdbf2d932a64691b406b025dfcb7089 - - default default] Successfully bumped revision number for resource cc55a63f-db1a-47a5-b663-73b016a5de0e (type: security_group_rules) to 0
2026-05-25 01:52:55.879 10 INFO neutron.db.ovn_revision_numbers_db [None req-7eb5e25d-f5a8-4f75-9990-8ff1279c49a1 610567179ae142609b4b87377e8beff6 9bdbf2d932a64691b406b025dfcb7089 - - default default] Successfully bumped revision number for resource d11f91a9-0e57-4a81-9441-edc5090fb72b (type: security_group_rules) to 0
2026-05-25 01:52:55.901 10 INFO neutron.wsgi [None req-7eb5e25d-f5a8-4f75-9990-8ff1279c49a1 610567179ae142609b4b87377e8beff6 9bdbf2d932a64691b406b025dfcb7089 - - default default] 10.0.0.86 "POST /v2.0/security-groups HTTP/1.1" status: 201 len: 1875 time: 0.2125368
2026-05-25 01:52:55.914 9 WARNING neutron_lib.context [None req-1b3e1053-da52-4219-a115-118e768e28cb 610567179ae142609b4b87377e8beff6 9bdbf2d932a64691b406b025dfcb7089 - - default default] Method 'is_advsvc' is deprecated since 2023.2 release (neutron-lib 3.8.0) and will be removed once support for the old RBAC API policies will be removed from Neutron. Please use method 'is_service_role' instead.
2026-05-25 01:52:56.073 9 INFO neutron.db.ovn_revision_numbers_db [None req-1b3e1053-da52-4219-a115-118e768e28cb 610567179ae142609b4b87377e8beff6 9bdbf2d932a64691b406b025dfcb7089 - - default default] Successfully bumped revision number for resource 72cbe0d5-662c-413a-8768-a435fead9eac (type: security_group_rules) to 0
2026-05-25 01:52:56.080 9 INFO neutron.wsgi [None req-613a5583-2571-4866-86e3-5afb11602e38 e704b584e2a64d86914daeef4533fa16 4467a5e8947445139dd98a940c6bc50d - - default default] 10.0.0.86 "POST /v2.0/qos/policies HTTP/1.1" status: 201 len: 558 time: 0.3131874
2026-05-25 01:52:56.103 9 INFO neutron.wsgi [None req-1b3e1053-da52-4219-a115-118e768e28cb 610567179ae142609b4b87377e8beff6 9bdbf2d932a64691b406b025dfcb7089 - - default default] 10.0.0.86 "POST /v2.0/security-group-rules HTTP/1.1" status: 201 len: 796 time: 0.1942837
2026-05-25 01:52:56.111 9 WARNING neutron_lib.context [None req-b07f2fd5-b629-4430-a4c6-4eb3a2700a5c 610567179ae142609b4b87377e8beff6 9bdbf2d932a64691b406b025dfcb7089 - - default default] Method 'is_advsvc' is deprecated since 2023.2 release (neutron-lib 3.8.0) and will be removed once support for the old RBAC API policies will be removed from Neutron. Please use method 'is_service_role' instead.
2026-05-25 01:52:56.115 10 INFO neutron.wsgi [None req-24001294-eb20-4fa0-8323-1d860e0f458a e704b584e2a64d86914daeef4533fa16 4467a5e8947445139dd98a940c6bc50d - - default default] 10.0.0.86 "PUT /v2.0/policies/29a22ae0-b237-459d-89d1-2d2f7846a488/tags HTTP/1.1" status: 200 len: 218 time: 0.0263298
2026-05-25 01:52:56.136 10 INFO neutron.wsgi [None req-85ca9a5d-0462-476f-9907-9109eaa6577d e704b584e2a64d86914daeef4533fa16 4467a5e8947445139dd98a940c6bc50d - - default default] 10.0.0.86 "GET /v2.0/policies/29a22ae0-b237-459d-89d1-2d2f7846a488/tags HTTP/1.1" status: 200 len: 218 time: 0.0167940
2026-05-25 01:52:56.168 10 INFO neutron.wsgi [None req-531a9691-e384-4cdd-9280-4dce4bc1e0f1 e704b584e2a64d86914daeef4533fa16 4467a5e8947445139dd98a940c6bc50d - - default default] 10.0.0.86 "PUT /v2.0/policies/29a22ae0-b237-459d-89d1-2d2f7846a488/tags/green HTTP/1.1" status: 201 len: 201 time: 0.0254250
2026-05-25 01:52:56.188 10 INFO neutron.wsgi [None req-13da053b-9129-4533-8e2a-bba17e72d1b4 e704b584e2a64d86914daeef4533fa16 4467a5e8947445139dd98a940c6bc50d - - default default] 10.0.0.86 "GET /v2.0/policies/29a22ae0-b237-459d-89d1-2d2f7846a488/tags HTTP/1.1" status: 200 len: 227 time: 0.0152128
2026-05-25 01:52:56.225 9 WARNING neutron_lib.context [None req-cf49cc17-30cd-45d3-aeae-a767964f6f22 e564c6bca2e84413816d308b5c7e40a8 0cbe17bbb23d4f4cb94e5b592512d751 - - default default] Method 'is_advsvc' is deprecated since 2023.2 release (neutron-lib 3.8.0) and will be removed once support for the old RBAC API policies will be removed from Neutron. Please use method 'is_service_role' instead.
2026-05-25 01:52:56.229 10 INFO neutron.wsgi [None req-89752c7d-79c8-4fab-9a96-ade86e3d9057 e704b584e2a64d86914daeef4533fa16 4467a5e8947445139dd98a940c6bc50d - - default default] 10.0.0.86 "PUT /v2.0/policies/29a22ae0-b237-459d-89d1-2d2f7846a488/tags/red HTTP/1.1" status: 201 len: 201 time: 0.0384431
2026-05-25 01:52:56.257 10 INFO neutron.wsgi [None req-82c36c78-3b8b-4144-9872-c70d48767648 e704b584e2a64d86914daeef4533fa16 4467a5e8947445139dd98a940c6bc50d - - default default] 10.0.0.86 "GET /v2.0/policies/29a22ae0-b237-459d-89d1-2d2f7846a488/tags HTTP/1.1" status: 200 len: 227 time: 0.0224495
2026-05-25 01:52:56.265 9 INFO neutron.db.ovn_revision_numbers_db [None req-b07f2fd5-b629-4430-a4c6-4eb3a2700a5c 610567179ae142609b4b87377e8beff6 9bdbf2d932a64691b406b025dfcb7089 - - default default] Successfully bumped revision number for resource 463ddee1-542c-49de-a43c-154fb0ec25f2 (type: security_group_rules) to 0
2026-05-25 01:52:56.291 10 INFO neutron.wsgi [None req-d9868e50-528c-4494-9a3a-7a14e056ecc6 e704b584e2a64d86914daeef4533fa16 4467a5e8947445139dd98a940c6bc50d - - default default] 10.0.0.86 "PUT /v2.0/policies/29a22ae0-b237-459d-89d1-2d2f7846a488/tags/black.or.white HTTP/1.1" status: 201 len: 201 time: 0.0289295
2026-05-25 01:52:56.292 9 INFO neutron.wsgi [None req-b07f2fd5-b629-4430-a4c6-4eb3a2700a5c 610567179ae142609b4b87377e8beff6 9bdbf2d932a64691b406b025dfcb7089 - - default default] 10.0.0.86 "POST /v2.0/security-group-rules HTTP/1.1" status: 201 len: 795 time: 0.1856289
2026-05-25 01:52:56.302 10 WARNING neutron_lib.context [None req-f91f0e21-4fb6-47e4-8529-aef5c1760f0e 610567179ae142609b4b87377e8beff6 9bdbf2d932a64691b406b025dfcb7089 - - default default] Method 'is_advsvc' is deprecated since 2023.2 release (neutron-lib 3.8.0) and will be removed once support for the old RBAC API policies will be removed from Neutron. Please use method 'is_service_role' instead.
2026-05-25 01:52:56.329 10 INFO neutron.wsgi [None req-37445e48-ccd5-4b31-9ecb-ec5816fecd3b e704b584e2a64d86914daeef4533fa16 4467a5e8947445139dd98a940c6bc50d - - default default] 10.0.0.86 "GET /v2.0/policies/29a22ae0-b237-459d-89d1-2d2f7846a488/tags HTTP/1.1" status: 200 len: 245 time: 0.0314701
2026-05-25 01:52:56.372 9 INFO neutron.db.ovn_revision_numbers_db [None req-cf49cc17-30cd-45d3-aeae-a767964f6f22 e564c6bca2e84413816d308b5c7e40a8 0cbe17bbb23d4f4cb94e5b592512d751 - - default default] Successfully bumped revision number for resource 6bcbda04-b5e1-48de-8369-713ef676752a (type: security_groups) to 1
2026-05-25 01:52:56.385 10 INFO neutron.wsgi [None req-7a535567-2bf2-43b0-a990-a339bf6643ce e704b584e2a64d86914daeef4533fa16 4467a5e8947445139dd98a940c6bc50d - - default default] 10.0.0.86 "PUT /v2.0/policies/29a22ae0-b237-459d-89d1-2d2f7846a488/tags HTTP/1.1" status: 200 len: 230 time: 0.0499876
2026-05-25 01:52:56.388 9 INFO neutron.db.ovn_revision_numbers_db [None req-cf49cc17-30cd-45d3-aeae-a767964f6f22 e564c6bca2e84413816d308b5c7e40a8 0cbe17bbb23d4f4cb94e5b592512d751 - - default default] Successfully bumped revision number for resource 93ba956f-eb4c-4f7b-a23c-9e1fd4e79d8b (type: security_group_rules) to 0
2026-05-25 01:52:56.410 9 INFO neutron.wsgi [None req-68c23540-9de9-4b9f-8ca3-f7564caa7651 e704b584e2a64d86914daeef4533fa16 4467a5e8947445139dd98a940c6bc50d - - default default] 10.0.0.86 "GET /v2.0/policies/29a22ae0-b237-459d-89d1-2d2f7846a488/tags HTTP/1.1" status: 200 len: 230 time: 0.0206847
2026-05-25 01:52:56.412 9 INFO neutron.db.ovn_revision_numbers_db [None req-cf49cc17-30cd-45d3-aeae-a767964f6f22 e564c6bca2e84413816d308b5c7e40a8 0cbe17bbb23d4f4cb94e5b592512d751 - - default default] Successfully bumped revision number for resource 98f9be16-6634-442e-ba27-487199954fef (type: security_group_rules) to 0
2026-05-25 01:52:56.429 9 INFO neutron.db.ovn_revision_numbers_db [None req-cf49cc17-30cd-45d3-aeae-a767964f6f22 e564c6bca2e84413816d308b5c7e40a8 0cbe17bbb23d4f4cb94e5b592512d751 - - default default] Successfully bumped revision number for resource d61db4b1-6172-4285-84af-d0a3b4765ffa (type: security_group_rules) to 0
2026-05-25 01:52:56.445 9 INFO neutron.wsgi [None req-1af3b641-9441-4b96-9429-07c6f183c115 e704b584e2a64d86914daeef4533fa16 4467a5e8947445139dd98a940c6bc50d - - default default] 10.0.0.86 "GET /v2.0/policies/29a22ae0-b237-459d-89d1-2d2f7846a488/tags/red HTTP/1.1" status: 204 len: 168 time: 0.0202479
2026-05-25 01:52:56.447 9 INFO neutron.db.ovn_revision_numbers_db [None req-cf49cc17-30cd-45d3-aeae-a767964f6f22 e564c6bca2e84413816d308b5c7e40a8 0cbe17bbb23d4f4cb94e5b592512d751 - - default default] Successfully bumped revision number for resource fbb1a973-ebcc-4e41-9b0c-cbec7c3508db (type: security_group_rules) to 0
2026-05-25 01:52:56.500 9 INFO neutron.api.v2.resource [None req-4194a171-675f-40db-9a79-1de4c624236c e704b584e2a64d86914daeef4533fa16 4467a5e8947445139dd98a940c6bc50d - - default default] show failed (client error): The resource could not be found.
2026-05-25 01:52:56.501 10 INFO neutron.db.ovn_revision_numbers_db [None req-f91f0e21-4fb6-47e4-8529-aef5c1760f0e 610567179ae142609b4b87377e8beff6 9bdbf2d932a64691b406b025dfcb7089 - - default default] Successfully bumped revision number for resource 39b2aeb0-8ddb-4cb5-a823-014fc73d8b0d (type: security_group_rules) to 0
2026-05-25 01:52:56.502 9 INFO neutron.wsgi [None req-4194a171-675f-40db-9a79-1de4c624236c e704b584e2a64d86914daeef4533fa16 4467a5e8947445139dd98a940c6bc50d - - default default] 10.0.0.86 "GET /v2.0/policies/29a22ae0-b237-459d-89d1-2d2f7846a488/tags/green HTTP/1.1" status: 404 len: 299 time: 0.0512233
2026-05-25 01:52:56.506 9 INFO neutron.db.segments_db [None req-cf49cc17-30cd-45d3-aeae-a767964f6f22 e564c6bca2e84413816d308b5c7e40a8 0cbe17bbb23d4f4cb94e5b592512d751 - - default default] Added segment 41e25053-f9d3-4c9b-a6f2-dd858931ffcf of type geneve for network f7f4a4c0-0f35-4a16-a1cb-edd8bbdae807
2026-05-25 01:52:56.519 10 INFO neutron.db.ovn_revision_numbers_db [None req-ef05be39-0e93-48e2-b663-014824843c8f 7e300b396db94b24b25968d039d9cabe 6ef05087d76e44928760242c774eb022 - - default default] Successfully bumped revision number for resource e7a2e571-7aec-42e2-ab6e-a091b6d4b83f (type: security_groups) to 1
2026-05-25 01:52:56.534 10 INFO neutron.wsgi [None req-f91f0e21-4fb6-47e4-8529-aef5c1760f0e 610567179ae142609b4b87377e8beff6 9bdbf2d932a64691b406b025dfcb7089 - - default default] 10.0.0.86 "POST /v2.0/security-group-rules HTTP/1.1" status: 201 len: 801 time: 0.2370906
2026-05-25 01:52:56.543 10 WARNING neutron_lib.context [None req-6b0785e0-25c2-4ae2-b7d2-6b84fe55e79a 610567179ae142609b4b87377e8beff6 9bdbf2d932a64691b406b025dfcb7089 - - default default] Method 'is_advsvc' is deprecated since 2023.2 release (neutron-lib 3.8.0) and will be removed once support for the old RBAC API policies will be removed from Neutron. Please use method 'is_service_role' instead.
2026-05-25 01:52:56.546 10 INFO neutron.db.ovn_revision_numbers_db [None req-ef05be39-0e93-48e2-b663-014824843c8f 7e300b396db94b24b25968d039d9cabe 6ef05087d76e44928760242c774eb022 - - default default] Successfully bumped revision number for resource 29d4aef0-db60-4374-b41d-06392a35ca75 (type: security_group_rules) to 0
2026-05-25 01:52:56.560 9 INFO neutron.wsgi [None req-064f4264-a12c-4100-8ecb-726bb3e27d6f e704b584e2a64d86914daeef4533fa16 4467a5e8947445139dd98a940c6bc50d - - default default] 10.0.0.86 "DELETE /v2.0/policies/29a22ae0-b237-459d-89d1-2d2f7846a488/tags/red HTTP/1.1" status: 204 len: 168 time: 0.0547659
2026-05-25 01:52:56.567 10 INFO neutron.db.ovn_revision_numbers_db [None req-ef05be39-0e93-48e2-b663-014824843c8f 7e300b396db94b24b25968d039d9cabe 6ef05087d76e44928760242c774eb022 - - default default] Successfully bumped revision number for resource 2a81d0ab-7842-431f-a13b-e4cade398873 (type: security_group_rules) to 0
2026-05-25 01:52:56.590 10 INFO neutron.db.ovn_revision_numbers_db [None req-ef05be39-0e93-48e2-b663-014824843c8f 7e300b396db94b24b25968d039d9cabe 6ef05087d76e44928760242c774eb022 - - default default] Successfully bumped revision number for resource 856ae9c6-602f-4bef-ba6c-8f2446816571 (type: security_group_rules) to 0
2026-05-25 01:52:56.597 10 INFO neutron.wsgi [None req-b7997ab7-f9ad-415b-abde-84a07474f86b e704b584e2a64d86914daeef4533fa16 4467a5e8947445139dd98a940c6bc50d - - default default] 10.0.0.86 "GET /v2.0/policies/29a22ae0-b237-459d-89d1-2d2f7846a488/tags HTTP/1.1" status: 200 len: 223 time: 0.0311852
2026-05-25 01:52:56.618 10 INFO neutron.db.ovn_revision_numbers_db [None req-ef05be39-0e93-48e2-b663-014824843c8f 7e300b396db94b24b25968d039d9cabe 6ef05087d76e44928760242c774eb022 - - default default] Successfully bumped revision number for resource c8135070-d9ef-44ca-9520-3767f060c13e (type: security_group_rules) to 0
2026-05-25 01:52:56.652 10 INFO neutron.wsgi [None req-ef05be39-0e93-48e2-b663-014824843c8f 7e300b396db94b24b25968d039d9cabe 6ef05087d76e44928760242c774eb022 - - default default] 10.0.0.86 "GET /v2.0/security-groups?tenant_id=d1e862a50dae4559a03c3b03082df9de&name=default HTTP/1.1" status: 200 len: 3120 time: 0.3375156
2026-05-25 01:52:56.666 10 INFO neutron.api.v2.resource [None req-f57dad80-1074-4c50-8310-530dad0dfb54 e704b584e2a64d86914daeef4533fa16 4467a5e8947445139dd98a940c6bc50d - - default default] delete failed (client error): The resource could not be found.
2026-05-25 01:52:56.666 9 INFO neutron.db.ovn_revision_numbers_db [None req-cf49cc17-30cd-45d3-aeae-a767964f6f22 e564c6bca2e84413816d308b5c7e40a8 0cbe17bbb23d4f4cb94e5b592512d751 - - default default] Successfully bumped revision number for resource f7f4a4c0-0f35-4a16-a1cb-edd8bbdae807 (type: networks) to 1
2026-05-25 01:52:56.667 10 INFO neutron.wsgi [None req-f57dad80-1074-4c50-8310-530dad0dfb54 e704b584e2a64d86914daeef4533fa16 4467a5e8947445139dd98a940c6bc50d - - default default] 10.0.0.86 "DELETE /v2.0/policies/29a22ae0-b237-459d-89d1-2d2f7846a488/tags/green HTTP/1.1" status: 404 len: 299 time: 0.0626426
2026-05-25 01:52:56.726 10 INFO neutron.wsgi [None req-962ba42d-68fe-4fb6-9f20-5e16de052c32 e704b584e2a64d86914daeef4533fa16 4467a5e8947445139dd98a940c6bc50d - - default default] 10.0.0.86 "DELETE /v2.0/policies/29a22ae0-b237-459d-89d1-2d2f7846a488/tags HTTP/1.1" status: 204 len: 168 time: 0.0536809
2026-05-25 01:52:56.735 10 INFO neutron.db.ovn_revision_numbers_db [None req-6b0785e0-25c2-4ae2-b7d2-6b84fe55e79a 610567179ae142609b4b87377e8beff6 9bdbf2d932a64691b406b025dfcb7089 - - default default] Successfully bumped revision number for resource 510a80a4-0d43-438a-bbab-c9d665e008f8 (type: security_group_rules) to 0
2026-05-25 01:52:56.754 10 INFO neutron.wsgi [None req-53e30d3c-2c91-49d4-afc4-c933c6f0eaa8 e704b584e2a64d86914daeef4533fa16 4467a5e8947445139dd98a940c6bc50d - - default default] 10.0.0.86 "GET /v2.0/policies/29a22ae0-b237-459d-89d1-2d2f7846a488/tags HTTP/1.1" status: 200 len: 205 time: 0.0232627
2026-05-25 01:52:56.771 10 INFO neutron.wsgi [None req-6b0785e0-25c2-4ae2-b7d2-6b84fe55e79a 610567179ae142609b4b87377e8beff6 9bdbf2d932a64691b406b025dfcb7089 - - default default] 10.0.0.86 "POST /v2.0/security-group-rules HTTP/1.1" status: 201 len: 800 time: 0.2327516
2026-05-25 01:52:56.781 10 WARNING neutron_lib.context [None req-9ddf56a1-3cea-484d-a24d-5974cca98ed6 610567179ae142609b4b87377e8beff6 9bdbf2d932a64691b406b025dfcb7089 - - default default] Method 'is_advsvc' is deprecated since 2023.2 release (neutron-lib 3.8.0) and will be removed once support for the old RBAC API policies will be removed from Neutron. Please use method 'is_service_role' instead.
2026-05-25 01:52:56.817 10 INFO neutron.db.securitygroups_db [None req-9ddf56a1-3cea-484d-a24d-5974cca98ed6 610567179ae142609b4b87377e8beff6 9bdbf2d932a64691b406b025dfcb7089 - - default default] Project 9bdbf2d932a64691b406b025dfcb7089 added a security group rule with legacy IPv6 ICMP protocol name icmp, ipv6-icmp should be used instead. It was automatically converted.
2026-05-25 01:52:56.834 10 INFO neutron.wsgi [None req-d1f634c8-cd43-4037-aac5-094caa77aa90 e704b584e2a64d86914daeef4533fa16 4467a5e8947445139dd98a940c6bc50d - - default default] 10.0.0.86 "DELETE /v2.0/qos/policies/29a22ae0-b237-459d-89d1-2d2f7846a488 HTTP/1.1" status: 204 len: 168 time: 0.0732546
2026-05-25 01:52:56.879 9 WARNING neutron.scheduler.dhcp_agent_scheduler [None req-cf49cc17-30cd-45d3-aeae-a767964f6f22 e564c6bca2e84413816d308b5c7e40a8 0cbe17bbb23d4f4cb94e5b592512d751 - - default default] No more DHCP agents
2026-05-25 01:52:56.882 9 WARNING neutron.api.rpc.agentnotifiers.dhcp_rpc_agent_api [None req-cf49cc17-30cd-45d3-aeae-a767964f6f22 e564c6bca2e84413816d308b5c7e40a8 0cbe17bbb23d4f4cb94e5b592512d751 - - default default] Unable to schedule network f7f4a4c0-0f35-4a16-a1cb-edd8bbdae807: no agents available; will retry on subsequent port and subnet creation events.
2026-05-25 01:52:56.921 10 INFO neutron.db.ovn_revision_numbers_db [None req-9ddf56a1-3cea-484d-a24d-5974cca98ed6 610567179ae142609b4b87377e8beff6 9bdbf2d932a64691b406b025dfcb7089 - - default default] Successfully bumped revision number for resource f3d62279-de8d-4e45-9a86-30294c791f73 (type: security_group_rules) to 0
2026-05-25 01:52:56.952 10 INFO neutron.wsgi [None req-9ddf56a1-3cea-484d-a24d-5974cca98ed6 610567179ae142609b4b87377e8beff6 9bdbf2d932a64691b406b025dfcb7089 - - default default] 10.0.0.86 "POST /v2.0/security-group-rules HTTP/1.1" status: 201 len: 806 time: 0.1751914
2026-05-25 01:52:56.963 10 WARNING neutron_lib.context [None req-d0577a66-f11b-498c-b6cc-d947dbcc0a3c 610567179ae142609b4b87377e8beff6 9bdbf2d932a64691b406b025dfcb7089 - - default default] Method 'is_advsvc' is deprecated since 2023.2 release (neutron-lib 3.8.0) and will be removed once support for the old RBAC API policies will be removed from Neutron. Please use method 'is_service_role' instead.
2026-05-25 01:52:56.970 9 INFO neutron.wsgi [None req-b0296338-9feb-47d2-a52c-25821f08aa46 7e300b396db94b24b25968d039d9cabe 6ef05087d76e44928760242c774eb022 - - default default] 10.0.0.86 "DELETE /v2.0/security-groups/e7a2e571-7aec-42e2-ab6e-a091b6d4b83f HTTP/1.1" status: 204 len: 168 time: 0.3115997
2026-05-25 01:52:56.972 9 INFO neutron.db.ovn_revision_numbers_db [None req-cf49cc17-30cd-45d3-aeae-a767964f6f22 e564c6bca2e84413816d308b5c7e40a8 0cbe17bbb23d4f4cb94e5b592512d751 - - default default] Successfully bumped revision number for resource b9e4761f-752c-4f02-827b-938c494c6a04 (type: ports) to 1
2026-05-25 01:52:56.989 9 INFO neutron.wsgi [None req-cf49cc17-30cd-45d3-aeae-a767964f6f22 e564c6bca2e84413816d308b5c7e40a8 0cbe17bbb23d4f4cb94e5b592512d751 - - default default] 10.0.0.86 "POST /v2.0/networks HTTP/1.1" status: 201 len: 830 time: 0.8722970
2026-05-25 01:52:57.001 10 INFO neutron.db.securitygroups_db [None req-d0577a66-f11b-498c-b6cc-d947dbcc0a3c 610567179ae142609b4b87377e8beff6 9bdbf2d932a64691b406b025dfcb7089 - - default default] Project 9bdbf2d932a64691b406b025dfcb7089 added a security group rule with legacy IPv6 ICMP protocol name icmp, ipv6-icmp should be used instead. It was automatically converted.
2026-05-25 01:52:57.056 10 INFO neutron.wsgi [None req-2b08ab3b-2cb5-47e0-942f-22f948d0925d e564c6bca2e84413816d308b5c7e40a8 0cbe17bbb23d4f4cb94e5b592512d751 - - default default] 10.0.0.86 "PUT /v2.0/networks/f7f4a4c0-0f35-4a16-a1cb-edd8bbdae807/tags HTTP/1.1" status: 200 len: 218 time: 0.0616117
2026-05-25 01:52:57.127 10 INFO neutron.wsgi [None req-63cc7f16-737c-4798-8961-96cbc74fdc66 e564c6bca2e84413816d308b5c7e40a8 0cbe17bbb23d4f4cb94e5b592512d751 - - default default] 10.0.0.86 "GET /v2.0/networks/f7f4a4c0-0f35-4a16-a1cb-edd8bbdae807/tags HTTP/1.1" status: 200 len: 218 time: 0.0661197
2026-05-25 01:52:57.169 10 INFO neutron.db.ovn_revision_numbers_db [None req-d0577a66-f11b-498c-b6cc-d947dbcc0a3c 610567179ae142609b4b87377e8beff6 9bdbf2d932a64691b406b025dfcb7089 - - default default] Successfully bumped revision number for resource e6c1ea29-9951-402d-838a-11fd2e989905 (type: security_group_rules) to 0
2026-05-25 01:52:57.199 10 INFO neutron.wsgi [None req-d0577a66-f11b-498c-b6cc-d947dbcc0a3c 610567179ae142609b4b87377e8beff6 9bdbf2d932a64691b406b025dfcb7089 - - default default] 10.0.0.86 "POST /v2.0/security-group-rules HTTP/1.1" status: 201 len: 805 time: 0.2405355
2026-05-25 01:52:57.204 9 INFO neutron.wsgi [None req-b40b7294-fb21-46e5-b073-6dac83d12976 e564c6bca2e84413816d308b5c7e40a8 0cbe17bbb23d4f4cb94e5b592512d751 - - default default] 10.0.0.86 "PUT /v2.0/networks/f7f4a4c0-0f35-4a16-a1cb-edd8bbdae807/tags/green HTTP/1.1" status: 201 len: 201 time: 0.0717330
2026-05-25 01:52:57.256 10 INFO neutron.wsgi [None req-1d84044c-caa0-4c51-bb04-2193b1af6122 e564c6bca2e84413816d308b5c7e40a8 0cbe17bbb23d4f4cb94e5b592512d751 - - default default] 10.0.0.86 "GET /v2.0/networks/f7f4a4c0-0f35-4a16-a1cb-edd8bbdae807/tags HTTP/1.1" status: 200 len: 227 time: 0.0480504
2026-05-25 01:52:57.312 9 INFO neutron.wsgi [None req-020f8040-fc73-4987-836a-bbb99cf3f914 e564c6bca2e84413816d308b5c7e40a8 0cbe17bbb23d4f4cb94e5b592512d751 - - default default] 10.0.0.86 "PUT /v2.0/networks/f7f4a4c0-0f35-4a16-a1cb-edd8bbdae807/tags/red HTTP/1.1" status: 201 len: 201 time: 0.0500007
2026-05-25 01:52:57.318 9 INFO neutron.db.ovn_revision_numbers_db [None req-fc4bb1f9-c114-41dc-b16d-4852f25447be 7e300b396db94b24b25968d039d9cabe 6ef05087d76e44928760242c774eb022 - - default default] Successfully bumped revision number for resource 9aa51c57-0a74-4fa5-ae8b-7b4e670f53ae (type: security_groups) to 1
2026-05-25 01:52:57.353 9 INFO neutron.db.ovn_revision_numbers_db [None req-fc4bb1f9-c114-41dc-b16d-4852f25447be 7e300b396db94b24b25968d039d9cabe 6ef05087d76e44928760242c774eb022 - - default default] Successfully bumped revision number for resource 51f39938-2bff-414b-ab90-78da1f5386b0 (type: security_group_rules) to 0
2026-05-25 01:52:57.365 9 INFO neutron.wsgi [None req-bb1a3ff9-14a8-47b9-9031-1a7603074afa e564c6bca2e84413816d308b5c7e40a8 0cbe17bbb23d4f4cb94e5b592512d751 - - default default] 10.0.0.86 "GET /v2.0/networks/f7f4a4c0-0f35-4a16-a1cb-edd8bbdae807/tags HTTP/1.1" status: 200 len: 227 time: 0.0452473
2026-05-25 01:52:57.371 9 INFO neutron.db.ovn_revision_numbers_db [None req-fc4bb1f9-c114-41dc-b16d-4852f25447be 7e300b396db94b24b25968d039d9cabe 6ef05087d76e44928760242c774eb022 - - default default] Successfully bumped revision number for resource bb9b1439-f030-49c4-8f1a-e2004db85b9d (type: security_group_rules) to 0
2026-05-25 01:52:57.407 9 INFO neutron.db.ovn_revision_numbers_db [None req-fc4bb1f9-c114-41dc-b16d-4852f25447be 7e300b396db94b24b25968d039d9cabe 6ef05087d76e44928760242c774eb022 - - default default] Successfully bumped revision number for resource dd244e4e-a95b-4014-b054-0bd0ff4a80ca (type: security_group_rules) to 0
