2026-05-11 11:49:13.648 10 INFO neutron.api.wsgi [None req-26042e88-345b-4d3f-b311-75857fb2ab91 21f213de4a904c03bf20b2f226e2c45a 1c5074aad43e4f538ffabfc416f3d63b - - default default] 10.0.0.168 "GET /v2.0/agents HTTP/1.1" status: 200 len: 1390 time: 0.0280666
2026-05-11 11:49:13.697 10 INFO neutron.api.wsgi [None req-59030969-152e-4000-a6d4-80602b619da0 21f213de4a904c03bf20b2f226e2c45a 1c5074aad43e4f538ffabfc416f3d63b - - default default] 10.0.0.168 "GET /v2.0/networks HTTP/1.1" status: 200 len: 2350 time: 0.0477004
2026-05-11 11:49:13.727 10 INFO neutron.api.wsgi [None req-9f47313e-ddcb-4cfd-b8cc-85aad10718e1 21f213de4a904c03bf20b2f226e2c45a 1c5074aad43e4f538ffabfc416f3d63b - - default default] 10.0.0.168 "GET /v2.0/subnets HTTP/1.1" status: 200 len: 1484 time: 0.0253999
2026-05-11 11:49:13.766 10 INFO neutron.api.wsgi [None req-b6e2a9a5-d352-4650-9957-82789c150280 21f213de4a904c03bf20b2f226e2c45a 1c5074aad43e4f538ffabfc416f3d63b - - default default] 10.0.0.168 "GET /v2.0/ports HTTP/1.1" status: 200 len: 5347 time: 0.0379224
2026-05-11 11:49:13.785 10 INFO neutron.api.wsgi [None req-e9157720-2e82-43a3-9c17-b3b5f779e03b 21f213de4a904c03bf20b2f226e2c45a 1c5074aad43e4f538ffabfc416f3d63b - - default default] 10.0.0.168 "GET /v2.0/routers HTTP/1.1" status: 200 len: 189 time: 0.0126300
2026-05-11 11:49:13.793 10 INFO neutron.api.wsgi [None req-b68b606d-4bc4-4ca3-b07b-2e8c7c5b0b81 21f213de4a904c03bf20b2f226e2c45a 1c5074aad43e4f538ffabfc416f3d63b - - default default] 10.0.0.168 "GET /v2.0/agents?binary=ovn-controller HTTP/1.1" status: 200 len: 591 time: 0.0073903
2026-05-11 11:49:13.816 10 INFO neutron.api.wsgi [None req-8a0a5b8c-354d-4745-8b47-fbd9f6543de6 21f213de4a904c03bf20b2f226e2c45a 1c5074aad43e4f538ffabfc416f3d63b - - default default] 10.0.0.168 "GET /v2.0/subnets HTTP/1.1" status: 200 len: 1484 time: 0.0221071
2026-05-11 11:49:13.823 10 INFO neutron.api.wsgi [None req-9a2d60d8-f9d4-45af-bc29-8f957ce1a00f 21f213de4a904c03bf20b2f226e2c45a 1c5074aad43e4f538ffabfc416f3d63b - - default default] 10.0.0.168 "GET /v2.0/subnetpools HTTP/1.1" status: 200 len: 193 time: 0.0053961
2026-05-11 11:49:13.838 10 INFO neutron.api.wsgi [None req-75459738-8194-4aaa-98e9-0950254f0092 21f213de4a904c03bf20b2f226e2c45a 1c5074aad43e4f538ffabfc416f3d63b - - default default] 10.0.0.168 "GET /v2.0/floatingips HTTP/1.1" status: 200 len: 193 time: 0.0148377
2026-05-11 11:49:20.850 10 INFO neutron.api.wsgi [-] 10.0.0.118 "GET / HTTP/1.1" status: 200 len: 246 time: 0.0023637
2026-05-11 11:49:20.851 9 INFO neutron.api.wsgi [-] 10.0.0.118 "GET / HTTP/1.1" status: 200 len: 246 time: 0.0031543
2026-05-11 11:49:25.729 15 INFO neutron.plugins.ml2.drivers.ovn.mech_driver.ovsdb.maintenance [None req-26340952-0d88-4d3d-8d70-12719f37a96b - - - - - -] OVN maintenance task check_for_inconsistencies finished in 0.019 seconds
2026-05-11 11:49:35.850 10 INFO neutron.api.wsgi [-] 10.0.0.118 "GET / HTTP/1.1" status: 200 len: 246 time: 0.0025361
2026-05-11 11:49:35.850 9 INFO neutron.api.wsgi [-] 10.0.0.118 "GET / HTTP/1.1" status: 200 len: 246 time: 0.0028360
2026-05-11 11:49:50.850 9 INFO neutron.api.wsgi [-] 10.0.0.118 "GET / HTTP/1.1" status: 200 len: 246 time: 0.0032926
2026-05-11 11:49:50.853 9 INFO neutron.api.wsgi [-] 10.0.0.118 "GET / HTTP/1.1" status: 200 len: 246 time: 0.0019119
2026-05-11 11:50:05.850 9 INFO neutron.api.wsgi [-] 10.0.0.118 "GET / HTTP/1.1" status: 200 len: 246 time: 0.0027840
2026-05-11 11:50:05.853 9 INFO neutron.api.wsgi [-] 10.0.0.118 "GET / HTTP/1.1" status: 200 len: 246 time: 0.0020454
2026-05-11 11:50:13.597 10 INFO neutron.api.wsgi [None req-0e6b7bb4-1081-487e-9f21-6bb3decaa1e4 21f213de4a904c03bf20b2f226e2c45a 1c5074aad43e4f538ffabfc416f3d63b - - default default] 10.0.0.168 "GET /v2.0/agents HTTP/1.1" status: 200 len: 1390 time: 0.0770452
2026-05-11 11:50:13.607 10 INFO neutron.api.wsgi [None req-610aa368-ad0b-4045-899b-17602774282f 21f213de4a904c03bf20b2f226e2c45a 1c5074aad43e4f538ffabfc416f3d63b - - default default] 10.0.0.168 "GET /v2.0/network-ip-availabilities HTTP/1.1" status: 200 len: 1280 time: 0.0094483
2026-05-11 11:50:13.619 10 INFO neutron.api.wsgi [None req-0946fe88-03f9-4523-8f09-854b2a71591b 21f213de4a904c03bf20b2f226e2c45a 1c5074aad43e4f538ffabfc416f3d63b - - default default] 10.0.0.168 "GET /v2.0/floatingips HTTP/1.1" status: 200 len: 193 time: 0.0112815
2026-05-11 11:50:13.665 10 INFO neutron.api.wsgi [None req-f7a68e18-0cd5-41d6-a193-65c624456563 21f213de4a904c03bf20b2f226e2c45a 1c5074aad43e4f538ffabfc416f3d63b - - default default] 10.0.0.168 "GET /v2.0/networks HTTP/1.1" status: 200 len: 2350 time: 0.0443201
2026-05-11 11:50:13.695 10 INFO neutron.api.wsgi [None req-69675d76-605b-4a58-a619-69d29283dbe5 21f213de4a904c03bf20b2f226e2c45a 1c5074aad43e4f538ffabfc416f3d63b - - default default] 10.0.0.168 "GET /v2.0/security-groups HTTP/1.1" status: 200 len: 17574 time: 0.0280218
2026-05-11 11:50:13.724 10 INFO neutron.api.wsgi [None req-9d948f59-8657-4058-bca5-1c02d8139fab 21f213de4a904c03bf20b2f226e2c45a 1c5074aad43e4f538ffabfc416f3d63b - - default default] 10.0.0.168 "GET /v2.0/subnets HTTP/1.1" status: 200 len: 1484 time: 0.0207660
2026-05-11 11:50:13.738 10 INFO neutron.api.wsgi [None req-0962949b-a2f8-4be0-ac4d-13dd604f1711 21f213de4a904c03bf20b2f226e2c45a 1c5074aad43e4f538ffabfc416f3d63b - - default default] 10.0.0.168 "GET /v2.0/routers HTTP/1.1" status: 200 len: 189 time: 0.0123501
2026-05-11 11:50:13.747 10 INFO neutron.api.wsgi [None req-b7c64bd7-4b18-4a6e-a740-d06b69c2dfed 21f213de4a904c03bf20b2f226e2c45a 1c5074aad43e4f538ffabfc416f3d63b - - default default] 10.0.0.168 "GET /v2.0/agents?binary=ovn-controller HTTP/1.1" status: 200 len: 591 time: 0.0087771
2026-05-11 11:50:13.768 10 INFO neutron.api.wsgi [None req-7cf3be80-0980-4c93-989a-889213c849dd 21f213de4a904c03bf20b2f226e2c45a 1c5074aad43e4f538ffabfc416f3d63b - - default default] 10.0.0.168 "GET /v2.0/subnets HTTP/1.1" status: 200 len: 1484 time: 0.0201137
2026-05-11 11:50:13.774 10 INFO neutron.api.wsgi [None req-cec3730e-d32a-4b5c-bd4e-d590724de24a 21f213de4a904c03bf20b2f226e2c45a 1c5074aad43e4f538ffabfc416f3d63b - - default default] 10.0.0.168 "GET /v2.0/subnetpools HTTP/1.1" status: 200 len: 193 time: 0.0053184
2026-05-11 11:50:13.810 10 INFO neutron.api.wsgi [None req-8e9145b5-ea9e-4504-aaf7-8ae604eb223a 21f213de4a904c03bf20b2f226e2c45a 1c5074aad43e4f538ffabfc416f3d63b - - default default] 10.0.0.168 "GET /v2.0/ports HTTP/1.1" status: 200 len: 5347 time: 0.0355082
2026-05-11 11:50:20.849 10 INFO neutron.api.wsgi [-] 10.0.0.118 "GET / HTTP/1.1" status: 200 len: 246 time: 0.0014517
2026-05-11 11:50:20.850 9 INFO neutron.api.wsgi [-] 10.0.0.118 "GET / HTTP/1.1" status: 200 len: 246 time: 0.0027134
2026-05-11 11:50:35.851 9 INFO neutron.api.wsgi [-] 10.0.0.118 "GET / HTTP/1.1" status: 200 len: 246 time: 0.0035911
2026-05-11 11:50:35.851 10 INFO neutron.api.wsgi [-] 10.0.0.118 "GET / HTTP/1.1" status: 200 len: 246 time: 0.0035908
2026-05-11 11:50:50.851 9 INFO neutron.api.wsgi [-] 10.0.0.118 "GET / HTTP/1.1" status: 200 len: 246 time: 0.0029557
2026-05-11 11:50:50.851 10 INFO neutron.api.wsgi [-] 10.0.0.118 "GET / HTTP/1.1" status: 200 len: 246 time: 0.0031552
2026-05-11 11:51:05.849 9 INFO neutron.api.wsgi [-] 10.0.0.118 "GET / HTTP/1.1" status: 200 len: 246 time: 0.0022876
2026-05-11 11:51:05.852 9 INFO neutron.api.wsgi [-] 10.0.0.118 "GET / HTTP/1.1" status: 200 len: 246 time: 0.0019085
2026-05-11 11:51:13.566 10 INFO neutron.api.wsgi [None req-d6765288-6bc1-416f-9335-afcb9ac6892e 21f213de4a904c03bf20b2f226e2c45a 1c5074aad43e4f538ffabfc416f3d63b - - default default] 10.0.0.168 "GET /v2.0/routers HTTP/1.1" status: 200 len: 189 time: 0.0566976
2026-05-11 11:51:13.604 10 INFO neutron.api.wsgi [None req-bf3bd8a2-a9b4-46e9-a81d-e16e13c04910 21f213de4a904c03bf20b2f226e2c45a 1c5074aad43e4f538ffabfc416f3d63b - - default default] 10.0.0.168 "GET /v2.0/agents?binary=ovn-controller HTTP/1.1" status: 200 len: 591 time: 0.0369546
2026-05-11 11:51:13.641 10 INFO neutron.api.wsgi [None req-3686a8d9-57db-41f0-8cb9-c9781316109a 21f213de4a904c03bf20b2f226e2c45a 1c5074aad43e4f538ffabfc416f3d63b - - default default] 10.0.0.168 "GET /v2.0/security-groups HTTP/1.1" status: 200 len: 17574 time: 0.0357826
2026-05-11 11:51:13.681 10 INFO neutron.api.wsgi [None req-8fc958eb-1056-4f74-9544-e88892806977 21f213de4a904c03bf20b2f226e2c45a 1c5074aad43e4f538ffabfc416f3d63b - - default default] 10.0.0.168 "GET /v2.0/subnets HTTP/1.1" status: 200 len: 1484 time: 0.0335498
2026-05-11 11:51:13.726 10 INFO neutron.api.wsgi [None req-d40220e3-0d0f-4016-8f6e-65b4f80263fb 21f213de4a904c03bf20b2f226e2c45a 1c5074aad43e4f538ffabfc416f3d63b - - default default] 10.0.0.168 "GET /v2.0/networks HTTP/1.1" status: 200 len: 2350 time: 0.0425208
2026-05-11 11:51:13.739 10 INFO neutron.api.wsgi [None req-efbfb1ed-6560-4838-b9a0-15058b6a2dd0 21f213de4a904c03bf20b2f226e2c45a 1c5074aad43e4f538ffabfc416f3d63b - - default default] 10.0.0.168 "GET /v2.0/floatingips HTTP/1.1" status: 200 len: 193 time: 0.0105913
2026-05-11 11:51:13.747 10 INFO neutron.api.wsgi [None req-393c4d9d-b43b-4994-80ba-58430e5399b2 21f213de4a904c03bf20b2f226e2c45a 1c5074aad43e4f538ffabfc416f3d63b - - default default] 10.0.0.168 "GET /v2.0/agents HTTP/1.1" status: 200 len: 1390 time: 0.0080214
2026-05-11 11:51:13.767 10 INFO neutron.api.wsgi [None req-0357762b-ddd3-46c6-9ab9-5bca9b0071c0 21f213de4a904c03bf20b2f226e2c45a 1c5074aad43e4f538ffabfc416f3d63b - - default default] 10.0.0.168 "GET /v2.0/network-ip-availabilities HTTP/1.1" status: 200 len: 1280 time: 0.0187607
2026-05-11 11:51:13.796 10 INFO neutron.api.wsgi [None req-767be9c5-0949-4731-9355-e68a72903658 21f213de4a904c03bf20b2f226e2c45a 1c5074aad43e4f538ffabfc416f3d63b - - default default] 10.0.0.168 "GET /v2.0/subnets HTTP/1.1" status: 200 len: 1484 time: 0.0274673
2026-05-11 11:51:13.803 10 INFO neutron.api.wsgi [None req-00351472-3a83-4536-8eb2-863ef8ad3486 21f213de4a904c03bf20b2f226e2c45a 1c5074aad43e4f538ffabfc416f3d63b - - default default] 10.0.0.168 "GET /v2.0/subnetpools HTTP/1.1" status: 200 len: 193 time: 0.0061767
2026-05-11 11:51:13.843 10 INFO neutron.api.wsgi [None req-4e5d5b7c-f1f3-4d20-be3f-392b26cbd03d 21f213de4a904c03bf20b2f226e2c45a 1c5074aad43e4f538ffabfc416f3d63b - - default default] 10.0.0.168 "GET /v2.0/ports HTTP/1.1" status: 200 len: 5347 time: 0.0385895
2026-05-11 11:51:20.849 9 INFO neutron.api.wsgi [-] 10.0.0.118 "GET / HTTP/1.1" status: 200 len: 246 time: 0.0025039
2026-05-11 11:51:20.850 10 INFO neutron.api.wsgi [-] 10.0.0.118 "GET / HTTP/1.1" status: 200 len: 246 time: 0.0029430
2026-05-11 11:51:35.850 10 INFO neutron.api.wsgi [-] 10.0.0.118 "GET / HTTP/1.1" status: 200 len: 246 time: 0.0026333
2026-05-11 11:51:35.850 9 INFO neutron.api.wsgi [-] 10.0.0.118 "GET / HTTP/1.1" status: 200 len: 246 time: 0.0029438
2026-05-11 11:51:50.850 9 INFO neutron.api.wsgi [-] 10.0.0.118 "GET / HTTP/1.1" status: 200 len: 246 time: 0.0031910
2026-05-11 11:51:50.851 10 INFO neutron.api.wsgi [-] 10.0.0.118 "GET / HTTP/1.1" status: 200 len: 246 time: 0.0037143
2026-05-11 11:52:05.848 9 INFO neutron.api.wsgi [-] 10.0.0.118 "GET / HTTP/1.1" status: 200 len: 246 time: 0.0016196
2026-05-11 11:52:05.850 9 INFO neutron.api.wsgi [-] 10.0.0.118 "GET / HTTP/1.1" status: 200 len: 246 time: 0.0012929
2026-05-11 11:52:13.675 10 INFO neutron.api.wsgi [None req-445c6c96-e2d6-4855-8f4d-efa2afc4dbe0 21f213de4a904c03bf20b2f226e2c45a 1c5074aad43e4f538ffabfc416f3d63b - - default default] 10.0.0.168 "GET /v2.0/subnets HTTP/1.1" status: 200 len: 1484 time: 0.1148081
2026-05-11 11:52:13.739 10 INFO neutron.api.wsgi [None req-fa3a5354-5c17-4343-83ef-207f8309d54b 21f213de4a904c03bf20b2f226e2c45a 1c5074aad43e4f538ffabfc416f3d63b - - default default] 10.0.0.168 "GET /v2.0/networks HTTP/1.1" status: 200 len: 2350 time: 0.0620093
2026-05-11 11:52:13.780 10 INFO neutron.api.wsgi [None req-bae078a4-98cf-4f45-b15d-a699e8292452 21f213de4a904c03bf20b2f226e2c45a 1c5074aad43e4f538ffabfc416f3d63b - - default default] 10.0.0.168 "GET /v2.0/agents HTTP/1.1" status: 200 len: 1390 time: 0.0388186
2026-05-11 11:52:13.791 10 INFO neutron.api.wsgi [None req-8af28384-59fb-45f1-b500-397e1530d45f 21f213de4a904c03bf20b2f226e2c45a 1c5074aad43e4f538ffabfc416f3d63b - - default default] 10.0.0.168 "GET /v2.0/network-ip-availabilities HTTP/1.1" status: 200 len: 1280 time: 0.0101509
2026-05-11 11:52:13.806 10 INFO neutron.api.wsgi [None req-2c258558-00b0-4889-a084-c2901b52d036 21f213de4a904c03bf20b2f226e2c45a 1c5074aad43e4f538ffabfc416f3d63b - - default default] 10.0.0.168 "GET /v2.0/floatingips HTTP/1.1" status: 200 len: 193 time: 0.0142410
2026-05-11 11:52:13.844 10 INFO neutron.api.wsgi [None req-ace48e74-e633-495d-aa65-4363d29c835c 21f213de4a904c03bf20b2f226e2c45a 1c5074aad43e4f538ffabfc416f3d63b - - default default] 10.0.0.168 "GET /v2.0/security-groups HTTP/1.1" status: 200 len: 17574 time: 0.0370870
2026-05-11 11:52:13.877 10 INFO neutron.api.wsgi [None req-c37a9691-8d92-4855-bd90-489dd45345f4 21f213de4a904c03bf20b2f226e2c45a 1c5074aad43e4f538ffabfc416f3d63b - - default default] 10.0.0.168 "GET /v2.0/subnets HTTP/1.1" status: 200 len: 1484 time: 0.0255990
2026-05-11 11:52:13.883 10 INFO neutron.api.wsgi [None req-59162c7b-5ea8-4474-95cc-0caf30bedec8 21f213de4a904c03bf20b2f226e2c45a 1c5074aad43e4f538ffabfc416f3d63b - - default default] 10.0.0.168 "GET /v2.0/subnetpools HTTP/1.1" status: 200 len: 193 time: 0.0052154
2026-05-11 11:52:13.923 10 INFO neutron.api.wsgi [None req-a719c7ce-e6b0-4a4e-8910-5a5ab8cb6f18 21f213de4a904c03bf20b2f226e2c45a 1c5074aad43e4f538ffabfc416f3d63b - - default default] 10.0.0.168 "GET /v2.0/ports HTTP/1.1" status: 200 len: 5347 time: 0.0392132
2026-05-11 11:52:13.942 10 INFO neutron.api.wsgi [None req-c158dc45-134e-433e-baa2-c21ac896d940 21f213de4a904c03bf20b2f226e2c45a 1c5074aad43e4f538ffabfc416f3d63b - - default default] 10.0.0.168 "GET /v2.0/routers HTTP/1.1" status: 200 len: 189 time: 0.0150015
2026-05-11 11:52:13.950 10 INFO neutron.api.wsgi [None req-372992da-da2a-4d02-91e5-17594eb1fcae 21f213de4a904c03bf20b2f226e2c45a 1c5074aad43e4f538ffabfc416f3d63b - - default default] 10.0.0.168 "GET /v2.0/agents?binary=ovn-controller HTTP/1.1" status: 200 len: 591 time: 0.0078690
2026-05-11 11:52:20.849 10 INFO neutron.api.wsgi [-] 10.0.0.118 "GET / HTTP/1.1" status: 200 len: 246 time: 0.0022733
2026-05-11 11:52:20.850 9 INFO neutron.api.wsgi [-] 10.0.0.118 "GET / HTTP/1.1" status: 200 len: 246 time: 0.0033202
2026-05-11 11:52:35.849 10 INFO neutron.api.wsgi [-] 10.0.0.118 "GET / HTTP/1.1" status: 200 len: 246 time: 0.0021851
2026-05-11 11:52:35.851 9 INFO neutron.api.wsgi [-] 10.0.0.118 "GET / HTTP/1.1" status: 200 len: 246 time: 0.0034790
2026-05-11 11:52:50.851 10 INFO neutron.api.wsgi [-] 10.0.0.118 "GET / HTTP/1.1" status: 200 len: 246 time: 0.0034447
2026-05-11 11:52:50.852 9 INFO neutron.api.wsgi [-] 10.0.0.118 "GET / HTTP/1.1" status: 200 len: 246 time: 0.0042357
2026-05-11 11:53:05.850 9 INFO neutron.api.wsgi [-] 10.0.0.118 "GET / HTTP/1.1" status: 200 len: 246 time: 0.0023694
2026-05-11 11:53:05.850 10 INFO neutron.api.wsgi [-] 10.0.0.118 "GET / HTTP/1.1" status: 200 len: 246 time: 0.0026116
2026-05-11 11:53:13.593 10 INFO neutron.api.wsgi [None req-4a5e7661-2d84-437b-ad66-36516546c0f6 21f213de4a904c03bf20b2f226e2c45a 1c5074aad43e4f538ffabfc416f3d63b - - default default] 10.0.0.168 "GET /v2.0/floatingips HTTP/1.1" status: 200 len: 193 time: 0.0684831
2026-05-11 11:53:13.605 10 INFO neutron.api.wsgi [None req-3a3b23b8-b4a4-4b60-92df-e1646d2475bb 21f213de4a904c03bf20b2f226e2c45a 1c5074aad43e4f538ffabfc416f3d63b - - default default] 10.0.0.168 "GET /v2.0/network-ip-availabilities HTTP/1.1" status: 200 len: 1280 time: 0.0112956
2026-05-11 11:53:13.635 10 INFO neutron.api.wsgi [None req-3aa6f599-c4f2-4821-9009-30bb0b0caa51 21f213de4a904c03bf20b2f226e2c45a 1c5074aad43e4f538ffabfc416f3d63b - - default default] 10.0.0.168 "GET /v2.0/agents HTTP/1.1" status: 200 len: 1390 time: 0.0287564
2026-05-11 11:53:13.658 10 INFO neutron.api.wsgi [None req-724cc337-4eb9-4062-affb-c16fcc7804ea 21f213de4a904c03bf20b2f226e2c45a 1c5074aad43e4f538ffabfc416f3d63b - - default default] 10.0.0.168 "GET /v2.0/subnets HTTP/1.1" status: 200 len: 1484 time: 0.0224311
2026-05-11 11:53:13.665 10 INFO neutron.api.wsgi [None req-9060568b-6a31-4632-bf3b-c12caff24c81 21f213de4a904c03bf20b2f226e2c45a 1c5074aad43e4f538ffabfc416f3d63b - - default default] 10.0.0.168 "GET /v2.0/subnetpools HTTP/1.1" status: 200 len: 193 time: 0.0061460
2026-05-11 11:53:13.711 10 INFO neutron.api.wsgi [None req-b8148db6-ecd0-44fc-be06-81faf48f3874 21f213de4a904c03bf20b2f226e2c45a 1c5074aad43e4f538ffabfc416f3d63b - - default default] 10.0.0.168 "GET /v2.0/networks HTTP/1.1" status: 200 len: 2350 time: 0.0447240
2026-05-11 11:53:13.750 10 INFO neutron.api.wsgi [None req-5647bedb-0fff-49c6-be0b-a590f1e889a6 21f213de4a904c03bf20b2f226e2c45a 1c5074aad43e4f538ffabfc416f3d63b - - default default] 10.0.0.168 "GET /v2.0/security-groups HTTP/1.1" status: 200 len: 17574 time: 0.0345104
2026-05-11 11:53:13.780 10 INFO neutron.api.wsgi [None req-0e8b833b-0f64-4b8d-b78b-d127379e3b62 21f213de4a904c03bf20b2f226e2c45a 1c5074aad43e4f538ffabfc416f3d63b - - default default] 10.0.0.168 "GET /v2.0/subnets HTTP/1.1" status: 200 len: 1484 time: 0.0251198
2026-05-11 11:53:13.824 10 INFO neutron.api.wsgi [None req-d8ac9f6b-a121-4c98-abf5-73e7a6d4727d 21f213de4a904c03bf20b2f226e2c45a 1c5074aad43e4f538ffabfc416f3d63b - - default default] 10.0.0.168 "GET /v2.0/ports HTTP/1.1" status: 200 len: 5347 time: 0.0392785
2026-05-11 11:53:13.842 10 INFO neutron.api.wsgi [None req-5e73f546-6d7c-40ab-a6b4-a9b0abfb86fc 21f213de4a904c03bf20b2f226e2c45a 1c5074aad43e4f538ffabfc416f3d63b - - default default] 10.0.0.168 "GET /v2.0/routers HTTP/1.1" status: 200 len: 189 time: 0.0134346
2026-05-11 11:53:13.850 10 INFO neutron.api.wsgi [None req-2fa0d3f3-9cea-4949-b33f-48e7bf4d00e0 21f213de4a904c03bf20b2f226e2c45a 1c5074aad43e4f538ffabfc416f3d63b - - default default] 10.0.0.168 "GET /v2.0/agents?binary=ovn-controller HTTP/1.1" status: 200 len: 591 time: 0.0075405
2026-05-11 11:53:20.849 10 INFO neutron.api.wsgi [-] 10.0.0.118 "GET / HTTP/1.1" status: 200 len: 246 time: 0.0024564
2026-05-11 11:53:20.849 9 INFO neutron.api.wsgi [-] 10.0.0.118 "GET / HTTP/1.1" status: 200 len: 246 time: 0.0025539
2026-05-11 11:53:35.850 9 INFO neutron.api.wsgi [-] 10.0.0.118 "GET / HTTP/1.1" status: 200 len: 246 time: 0.0032637
2026-05-11 11:53:35.853 9 INFO neutron.api.wsgi [-] 10.0.0.118 "GET / HTTP/1.1" status: 200 len: 246 time: 0.0021071
2026-05-11 11:53:39.258 9 INFO neutron.pecan_wsgi.hooks.translation [None req-97f4ea94-1272-4041-9311-5aa7ede59ca4 21f213de4a904c03bf20b2f226e2c45a 1c5074aad43e4f538ffabfc416f3d63b - - default default] GET failed (client error): The resource could not be found.
2026-05-11 11:53:39.260 9 INFO neutron.api.wsgi [None req-97f4ea94-1272-4041-9311-5aa7ede59ca4 21f213de4a904c03bf20b2f226e2c45a 1c5074aad43e4f538ffabfc416f3d63b - - default default] 199.204.45.72,10.0.0.118 "GET /v2.0/networks/public HTTP/1.1" status: 404 len: 290 time: 0.0511990
2026-05-11 11:53:39.307 9 INFO neutron.api.wsgi [None req-51b2b61a-5915-4a15-9060-bbe6c2795910 21f213de4a904c03bf20b2f226e2c45a 1c5074aad43e4f538ffabfc416f3d63b - - default default] 199.204.45.72,10.0.0.118 "GET /v2.0/networks?name=public HTTP/1.1" status: 200 len: 928 time: 0.0428340
2026-05-11 11:53:40.453 9 INFO neutron.pecan_wsgi.hooks.translation [None req-c0896856-1245-417d-9388-d04b465b9193 21f213de4a904c03bf20b2f226e2c45a 1c5074aad43e4f538ffabfc416f3d63b - - default default] GET failed (client error): The resource could not be found.
2026-05-11 11:53:40.455 9 INFO neutron.api.wsgi [None req-c0896856-1245-417d-9388-d04b465b9193 21f213de4a904c03bf20b2f226e2c45a 1c5074aad43e4f538ffabfc416f3d63b - - default default] 199.204.45.72,10.0.0.118 "GET /v2.0/networks/public HTTP/1.1" status: 404 len: 290 time: 0.0467587
2026-05-11 11:53:40.506 9 INFO neutron.api.wsgi [None req-0a23ab37-de4c-4c33-9b58-004f069ecf93 21f213de4a904c03bf20b2f226e2c45a 1c5074aad43e4f538ffabfc416f3d63b - - default default] 199.204.45.72,10.0.0.118 "GET /v2.0/networks?name=public HTTP/1.1" status: 200 len: 928 time: 0.0467768
2026-05-11 11:53:40.527 9 INFO neutron.pecan_wsgi.hooks.translation [None req-f7356871-6fe6-48f0-a92a-6cdacebe89a4 21f213de4a904c03bf20b2f226e2c45a 1c5074aad43e4f538ffabfc416f3d63b - - default default] GET failed (client error): The resource could not be found.
2026-05-11 11:53:40.528 9 INFO neutron.api.wsgi [None req-f7356871-6fe6-48f0-a92a-6cdacebe89a4 21f213de4a904c03bf20b2f226e2c45a 1c5074aad43e4f538ffabfc416f3d63b - - default default] 199.204.45.72,10.0.0.118 "GET /v2.0/subnets/public-subnet?network_id=0d717159-7539-4bff-a424-916c146de2d1 HTTP/1.1" status: 404 len: 295 time: 0.0136411
2026-05-11 11:53:40.551 9 INFO neutron.api.wsgi [None req-4a2f329c-e8ea-4df0-a057-33cb7145414e 21f213de4a904c03bf20b2f226e2c45a 1c5074aad43e4f538ffabfc416f3d63b - - default default] 199.204.45.72,10.0.0.118 "GET /v2.0/subnets?name=public-subnet&network_id=0d717159-7539-4bff-a424-916c146de2d1 HTTP/1.1" status: 200 len: 842 time: 0.0201864
2026-05-11 11:53:50.850 9 INFO neutron.api.wsgi [-] 10.0.0.118 "GET / HTTP/1.1" status: 200 len: 246 time: 0.0025218
2026-05-11 11:53:50.850 10 INFO neutron.api.wsgi [-] 10.0.0.118 "GET / HTTP/1.1" status: 200 len: 246 time: 0.0032761
2026-05-11 11:54:05.851 9 INFO neutron.api.wsgi [-] 10.0.0.118 "GET / HTTP/1.1" status: 200 len: 246 time: 0.0036132
2026-05-11 11:54:05.854 9 INFO neutron.api.wsgi [-] 10.0.0.118 "GET / HTTP/1.1" status: 200 len: 246 time: 0.0019326
2026-05-11 11:54:07.316 9 INFO neutron.pecan_wsgi.hooks.translation [None req-f6c9c8c5-9524-4460-af19-8dd2de696b94 21f213de4a904c03bf20b2f226e2c45a 1c5074aad43e4f538ffabfc416f3d63b - - default default] GET failed (client error): The resource could not be found.
2026-05-11 11:54:07.317 9 INFO neutron.api.wsgi [None req-f6c9c8c5-9524-4460-af19-8dd2de696b94 21f213de4a904c03bf20b2f226e2c45a 1c5074aad43e4f538ffabfc416f3d63b - - default default] 199.204.45.72,10.0.0.118 "GET /v2.0/networks/lb-mgmt-net HTTP/1.1" status: 404 len: 295 time: 0.0645308
2026-05-11 11:54:07.377 9 INFO neutron.api.wsgi [None req-9aff1d1d-33a4-43c6-92ed-8a8dbff07525 21f213de4a904c03bf20b2f226e2c45a 1c5074aad43e4f538ffabfc416f3d63b - - default default] 199.204.45.72,10.0.0.118 "GET /v2.0/networks?name=lb-mgmt-net HTTP/1.1" status: 200 len: 913 time: 0.0546918
2026-05-11 11:54:08.320 9 INFO neutron.pecan_wsgi.hooks.translation [None req-915c9423-29e3-4ada-b679-589e8c577364 21f213de4a904c03bf20b2f226e2c45a 1c5074aad43e4f538ffabfc416f3d63b - - default default] GET failed (client error): The resource could not be found.
2026-05-11 11:54:08.321 9 INFO neutron.api.wsgi [None req-915c9423-29e3-4ada-b679-589e8c577364 21f213de4a904c03bf20b2f226e2c45a 1c5074aad43e4f538ffabfc416f3d63b - - default default] 199.204.45.72,10.0.0.118 "GET /v2.0/networks/lb-mgmt-net HTTP/1.1" status: 404 len: 295 time: 0.0374887
2026-05-11 11:54:08.364 9 INFO neutron.api.wsgi [None req-55f09bd4-62db-48b7-9000-812b780c02c3 21f213de4a904c03bf20b2f226e2c45a 1c5074aad43e4f538ffabfc416f3d63b - - default default] 199.204.45.72,10.0.0.118 "GET /v2.0/networks?name=lb-mgmt-net HTTP/1.1" status: 200 len: 913 time: 0.0403700
2026-05-11 11:54:08.379 9 INFO neutron.pecan_wsgi.hooks.translation [None req-d781d651-8b95-4b22-84a0-96275d47f6ec 21f213de4a904c03bf20b2f226e2c45a 1c5074aad43e4f538ffabfc416f3d63b - - default default] GET failed (client error): The resource could not be found.
2026-05-11 11:54:08.380 9 INFO neutron.api.wsgi [None req-d781d651-8b95-4b22-84a0-96275d47f6ec 21f213de4a904c03bf20b2f226e2c45a 1c5074aad43e4f538ffabfc416f3d63b - - default default] 199.204.45.72,10.0.0.118 "GET /v2.0/subnets/lb-mgmt-subnet?network_id=c0a5bae3-10c4-47db-b260-9acb5fe5ef21 HTTP/1.1" status: 404 len: 296 time: 0.0102303
2026-05-11 11:54:08.405 9 INFO neutron.api.wsgi [None req-6658ea3b-5faf-4e35-afb1-03f6a1dace52 21f213de4a904c03bf20b2f226e2c45a 1c5074aad43e4f538ffabfc416f3d63b - - default default] 199.204.45.72,10.0.0.118 "GET /v2.0/subnets?name=lb-mgmt-subnet&network_id=c0a5bae3-10c4-47db-b260-9acb5fe5ef21 HTTP/1.1" status: 200 len: 829 time: 0.0221152
2026-05-11 11:54:09.522 9 INFO neutron.api.v2.resource [None req-6bdadb8a-030b-4a94-bd15-b6e48e9747d2 21f213de4a904c03bf20b2f226e2c45a 1c5074aad43e4f538ffabfc416f3d63b - - default default] show failed (client error): The resource could not be found.
2026-05-11 11:54:09.523 9 INFO neutron.api.wsgi [None req-6bdadb8a-030b-4a94-bd15-b6e48e9747d2 21f213de4a904c03bf20b2f226e2c45a 1c5074aad43e4f538ffabfc416f3d63b - - default default] 199.204.45.72,10.0.0.118 "GET /v2.0/security-groups/lb-health-mgr-sec-grp HTTP/1.1" status: 404 len: 313 time: 0.0378275
2026-05-11 11:54:09.576 9 INFO neutron.api.wsgi [None req-f0590562-d390-4087-99e4-f493df4afffd 21f213de4a904c03bf20b2f226e2c45a 1c5074aad43e4f538ffabfc416f3d63b - - default default] 199.204.45.72,10.0.0.118 "GET /v2.0/security-groups?name=lb-health-mgr-sec-grp HTTP/1.1" status: 200 len: 4866 time: 0.0481052
2026-05-11 11:54:10.753 9 INFO neutron.api.wsgi [None req-e725d89e-93f9-4652-b6f5-ca98e0e11c69 21f213de4a904c03bf20b2f226e2c45a 1c5074aad43e4f538ffabfc416f3d63b - - default default] 199.204.45.72,10.0.0.118 "GET /v2.0/security-groups/261fbc6b-6b77-4024-9221-97911159b051 HTTP/1.1" status: 200 len: 4870 time: 0.0622303
2026-05-11 11:54:10.789 9 INFO neutron.api.wsgi [None req-6a532892-afb7-4455-8529-e27f7d1b0fdb 21f213de4a904c03bf20b2f226e2c45a 1c5074aad43e4f538ffabfc416f3d63b - - default default] 199.204.45.72,10.0.0.118 "GET /v2.0/security-groups/261fbc6b-6b77-4024-9221-97911159b051 HTTP/1.1" status: 200 len: 4870 time: 0.0289257
2026-05-11 11:54:10.808 9 INFO neutron.api.wsgi [None req-7684031a-d5df-4cf9-b47b-f3a2a0aa8869 21f213de4a904c03bf20b2f226e2c45a 1c5074aad43e4f538ffabfc416f3d63b - - default default] 199.204.45.72,10.0.0.118 "GET /v2.0/security-group-rules/a5328074-d652-4841-95a8-b1607a66e436 HTTP/1.1" status: 200 len: 776 time: 0.0121903
2026-05-11 11:54:11.698 9 INFO neutron.api.wsgi [None req-b42154f2-9c73-46fd-87e1-37fa6eb46156 21f213de4a904c03bf20b2f226e2c45a 1c5074aad43e4f538ffabfc416f3d63b - - default default] 199.204.45.72,10.0.0.118 "GET /v2.0/security-groups/261fbc6b-6b77-4024-9221-97911159b051 HTTP/1.1" status: 200 len: 4870 time: 0.0608113
2026-05-11 11:54:11.740 9 INFO neutron.api.wsgi [None req-446cb2d3-4959-4d12-accf-cb0811201a11 21f213de4a904c03bf20b2f226e2c45a 1c5074aad43e4f538ffabfc416f3d63b - - default default] 199.204.45.72,10.0.0.118 "GET /v2.0/security-groups/261fbc6b-6b77-4024-9221-97911159b051 HTTP/1.1" status: 200 len: 4870 time: 0.0342181
2026-05-11 11:54:11.762 9 INFO neutron.api.wsgi [None req-882580fa-18ed-465c-b4ef-0ebf947ab85d 21f213de4a904c03bf20b2f226e2c45a 1c5074aad43e4f538ffabfc416f3d63b - - default default] 199.204.45.72,10.0.0.118 "GET /v2.0/security-group-rules/9911d3f0-f6bb-43cf-9ad9-ea99186bb175 HTTP/1.1" status: 200 len: 778 time: 0.0181291
2026-05-11 11:54:12.675 9 INFO neutron.api.wsgi [None req-13724e9e-aa16-4274-8daa-fa9b1e029be1 21f213de4a904c03bf20b2f226e2c45a 1c5074aad43e4f538ffabfc416f3d63b - - default default] 199.204.45.72,10.0.0.118 "GET /v2.0/security-groups/261fbc6b-6b77-4024-9221-97911159b051 HTTP/1.1" status: 200 len: 4870 time: 0.0622301
2026-05-11 11:54:12.711 9 INFO neutron.api.wsgi [None req-60f07b18-1cf2-45ca-b73c-01d2a19ec148 21f213de4a904c03bf20b2f226e2c45a 1c5074aad43e4f538ffabfc416f3d63b - - default default] 199.204.45.72,10.0.0.118 "GET /v2.0/security-groups/261fbc6b-6b77-4024-9221-97911159b051 HTTP/1.1" status: 200 len: 4870 time: 0.0293956
2026-05-11 11:54:12.731 9 INFO neutron.api.wsgi [None req-fd83d73b-a6a7-4244-83be-53fb028a679b 21f213de4a904c03bf20b2f226e2c45a 1c5074aad43e4f538ffabfc416f3d63b - - default default] 199.204.45.72,10.0.0.118 "GET /v2.0/security-group-rules/2a463c83-45bc-4367-8c78-ddee09a9ae1d HTTP/1.1" status: 200 len: 778 time: 0.0120630
2026-05-11 11:54:13.592 10 INFO neutron.api.wsgi [None req-745f8219-90eb-45df-9fe3-032211c8adeb 21f213de4a904c03bf20b2f226e2c45a 1c5074aad43e4f538ffabfc416f3d63b - - default default] 10.0.0.168 "GET /v2.0/agents HTTP/1.1" status: 200 len: 1390 time: 0.0689590
2026-05-11 11:54:13.603 9 INFO neutron.api.wsgi [None req-9df80fab-0954-4fbb-998e-263e6bcfd691 21f213de4a904c03bf20b2f226e2c45a 1c5074aad43e4f538ffabfc416f3d63b - - default default] 199.204.45.72,10.0.0.118 "GET /v2.0/security-groups/261fbc6b-6b77-4024-9221-97911159b051 HTTP/1.1" status: 200 len: 4870 time: 0.0685549
2026-05-11 11:54:13.628 10 INFO neutron.api.wsgi [None req-f4a0256e-594d-4ed9-8e84-8b2123a5b2de 21f213de4a904c03bf20b2f226e2c45a 1c5074aad43e4f538ffabfc416f3d63b - - default default] 10.0.0.168 "GET /v2.0/ports HTTP/1.1" status: 200 len: 5347 time: 0.0352714
2026-05-11 11:54:13.640 9 INFO neutron.api.wsgi [None req-a06891f3-dce4-4490-adc3-111e57c15438 21f213de4a904c03bf20b2f226e2c45a 1c5074aad43e4f538ffabfc416f3d63b - - default default] 199.204.45.72,10.0.0.118 "GET /v2.0/security-groups/261fbc6b-6b77-4024-9221-97911159b051 HTTP/1.1" status: 200 len: 4870 time: 0.0287104
2026-05-11 11:54:13.660 9 INFO neutron.api.wsgi [None req-3cc74117-0b2c-4f70-85d6-35b8d86831ac 21f213de4a904c03bf20b2f226e2c45a 1c5074aad43e4f538ffabfc416f3d63b - - default default] 199.204.45.72,10.0.0.118 "GET /v2.0/security-group-rules/cb4f2211-0fb0-4dce-8eb3-3d2b91b0672f HTTP/1.1" status: 200 len: 778 time: 0.0143740
2026-05-11 11:54:13.666 10 INFO neutron.api.wsgi [None req-8bdec97e-0a77-4a4b-bc2e-767a84b9e188 21f213de4a904c03bf20b2f226e2c45a 1c5074aad43e4f538ffabfc416f3d63b - - default default] 10.0.0.168 "GET /v2.0/security-groups HTTP/1.1" status: 200 len: 17574 time: 0.0336781
2026-05-11 11:54:13.698 10 INFO neutron.api.wsgi [None req-3aaa81eb-7707-442c-8618-178dc96d12fa 21f213de4a904c03bf20b2f226e2c45a 1c5074aad43e4f538ffabfc416f3d63b - - default default] 10.0.0.168 "GET /v2.0/subnets HTTP/1.1" status: 200 len: 1484 time: 0.0254140
2026-05-11 11:54:13.708 10 INFO neutron.api.wsgi [None req-e101ddb7-5d3f-4db8-a58e-91bd7421bb8d 21f213de4a904c03bf20b2f226e2c45a 1c5074aad43e4f538ffabfc416f3d63b - - default default] 10.0.0.168 "GET /v2.0/network-ip-availabilities HTTP/1.1" status: 200 len: 1280 time: 0.0090103
2026-05-11 11:54:13.721 10 INFO neutron.api.wsgi [None req-0819742b-8bfb-48b8-a9b3-6ec620ae9047 21f213de4a904c03bf20b2f226e2c45a 1c5074aad43e4f538ffabfc416f3d63b - - default default] 10.0.0.168 "GET /v2.0/floatingips HTTP/1.1" status: 200 len: 193 time: 0.0127599
2026-05-11 11:54:13.741 10 INFO neutron.api.wsgi [None req-f5eb7db2-5de8-4a96-9fd0-00636719af0b 21f213de4a904c03bf20b2f226e2c45a 1c5074aad43e4f538ffabfc416f3d63b - - default default] 10.0.0.168 "GET /v2.0/routers HTTP/1.1" status: 200 len: 189 time: 0.0189488
2026-05-11 11:54:13.751 10 INFO neutron.api.wsgi [None req-b3a926e9-a471-4eb9-8540-58b91d3e555d 21f213de4a904c03bf20b2f226e2c45a 1c5074aad43e4f538ffabfc416f3d63b - - default default] 10.0.0.168 "GET /v2.0/agents?binary=ovn-controller HTTP/1.1" status: 200 len: 591 time: 0.0093324
2026-05-11 11:54:13.773 10 INFO neutron.api.wsgi [None req-1ac12438-094f-446a-830a-f69689aa45c4 21f213de4a904c03bf20b2f226e2c45a 1c5074aad43e4f538ffabfc416f3d63b - - default default] 10.0.0.168 "GET /v2.0/subnets HTTP/1.1" status: 200 len: 1484 time: 0.0208149
2026-05-11 11:54:13.781 10 INFO neutron.api.wsgi [None req-692e9417-7f3f-423a-9beb-c0db2b2a9383 21f213de4a904c03bf20b2f226e2c45a 1c5074aad43e4f538ffabfc416f3d63b - - default default] 10.0.0.168 "GET /v2.0/subnetpools HTTP/1.1" status: 200 len: 193 time: 0.0068684
2026-05-11 11:54:13.819 10 INFO neutron.api.wsgi [None req-70ae36d9-d80b-4cfd-8b61-c1770a0cc30d 21f213de4a904c03bf20b2f226e2c45a 1c5074aad43e4f538ffabfc416f3d63b - - default default] 10.0.0.168 "GET /v2.0/networks HTTP/1.1" status: 200 len: 2350 time: 0.0374877
2026-05-11 11:54:14.501 9 INFO neutron.api.wsgi [None req-9883344e-b3b4-49cb-9db1-e37bce696d2a 21f213de4a904c03bf20b2f226e2c45a 1c5074aad43e4f538ffabfc416f3d63b - - default default] 199.204.45.72,10.0.0.118 "GET /v2.0/security-groups/261fbc6b-6b77-4024-9221-97911159b051 HTTP/1.1" status: 200 len: 4870 time: 0.0593348
2026-05-11 11:54:14.539 9 INFO neutron.api.wsgi [None req-ff84e229-cc32-4355-89eb-49d2d11b0d18 21f213de4a904c03bf20b2f226e2c45a 1c5074aad43e4f538ffabfc416f3d63b - - default default] 199.204.45.72,10.0.0.118 "GET /v2.0/security-groups/261fbc6b-6b77-4024-9221-97911159b051 HTTP/1.1" status: 200 len: 4870 time: 0.0295844
2026-05-11 11:54:14.557 9 INFO neutron.api.wsgi [None req-cbd6f24b-4ec2-46c1-85bb-31c8d9bf2205 21f213de4a904c03bf20b2f226e2c45a 1c5074aad43e4f538ffabfc416f3d63b - - default default] 199.204.45.72,10.0.0.118 "GET /v2.0/security-group-rules/d1d543c6-ad98-4698-8929-4d3dcda0fef7 HTTP/1.1" status: 200 len: 778 time: 0.0110850
2026-05-11 11:54:15.810 9 INFO neutron.api.wsgi [None req-aa782394-4454-4a22-8360-fd44f35dbba1 21f213de4a904c03bf20b2f226e2c45a 1c5074aad43e4f538ffabfc416f3d63b - - default default] 199.204.45.72,10.0.0.118 "GET /v2.0/networks/c0a5bae3-10c4-47db-b260-9acb5fe5ef21 HTTP/1.1" status: 200 len: 910 time: 0.0818231
2026-05-11 11:54:15.834 9 INFO neutron.pecan_wsgi.hooks.translation [None req-c6248c0d-78de-424b-873a-c30ca1bceda6 21f213de4a904c03bf20b2f226e2c45a 1c5074aad43e4f538ffabfc416f3d63b - - default default] GET failed (client error): The resource could not be found.
2026-05-11 11:54:15.835 9 INFO neutron.api.wsgi [None req-c6248c0d-78de-424b-873a-c30ca1bceda6 21f213de4a904c03bf20b2f226e2c45a 1c5074aad43e4f538ffabfc416f3d63b - - default default] 199.204.45.72,10.0.0.118 "GET /v2.0/ports/octavia-health-manager-port-instance?network_id=c0a5bae3-10c4-47db-b260-9acb5fe5ef21 HTTP/1.1" status: 404 len: 314 time: 0.0161691
2026-05-11 11:54:15.882 9 INFO neutron.api.wsgi [None req-23419838-ffc5-4cb2-b758-68cd439659e0 21f213de4a904c03bf20b2f226e2c45a 1c5074aad43e4f538ffabfc416f3d63b - - default default] 199.204.45.72,10.0.0.118 "GET /v2.0/ports?name=octavia-health-manager-port-instance&network_id=c0a5bae3-10c4-47db-b260-9acb5fe5ef21 HTTP/1.1" status: 200 len: 1395 time: 0.0445843
2026-05-11 11:54:15.920 9 INFO neutron.api.wsgi [None req-24dda7ab-c5c3-48a1-8630-67a4825f190e 21f213de4a904c03bf20b2f226e2c45a 1c5074aad43e4f538ffabfc416f3d63b - - default default] 199.204.45.72,10.0.0.118 "GET /v2.0/security-groups/261fbc6b-6b77-4024-9221-97911159b051 HTTP/1.1" status: 200 len: 4870 time: 0.0272801
2026-05-11 11:54:20.851 9 INFO neutron.api.wsgi [-] 10.0.0.118 "GET / HTTP/1.1" status: 200 len: 246 time: 0.0030487
2026-05-11 11:54:20.852 9 INFO neutron.api.wsgi [-] 10.0.0.118 "GET / HTTP/1.1" status: 200 len: 246 time: 0.0012672
2026-05-11 11:54:22.634 9 INFO neutron.pecan_wsgi.hooks.translation [None req-7f87a9d7-6ab3-4d1e-9940-b8345fc9fe7d 21f213de4a904c03bf20b2f226e2c45a 1c5074aad43e4f538ffabfc416f3d63b - - default default] GET failed (client error): The resource could not be found.
2026-05-11 11:54:22.636 9 INFO neutron.api.wsgi [None req-7f87a9d7-6ab3-4d1e-9940-b8345fc9fe7d 21f213de4a904c03bf20b2f226e2c45a 1c5074aad43e4f538ffabfc416f3d63b - - default default] 199.204.45.72,10.0.0.118 "GET /v2.0/ports/octavia-health-manager-port-instance HTTP/1.1" status: 404 len: 314 time: 0.0449486
2026-05-11 11:54:22.669 9 INFO neutron.api.wsgi [None req-3534cd6e-777e-4589-a007-74789dda750b 21f213de4a904c03bf20b2f226e2c45a 1c5074aad43e4f538ffabfc416f3d63b - - default default] 199.204.45.72,10.0.0.118 "GET /v2.0/ports?name=octavia-health-manager-port-instance HTTP/1.1" status: 200 len: 1395 time: 0.0296826
2026-05-11 11:54:24.265 9 INFO neutron.api.wsgi [None req-c3a9360f-e48e-4ae3-8f58-34c77480148a 21f213de4a904c03bf20b2f226e2c45a 1c5074aad43e4f538ffabfc416f3d63b - - default default] 199.204.45.72,10.0.0.118 "GET /v2.0/ports HTTP/1.1" status: 200 len: 5347 time: 0.1103394
2026-05-11 11:54:25.348 9 INFO neutron.api.v2.resource [None req-9583966f-1611-4c0b-b0a2-e77e265959a9 21f213de4a904c03bf20b2f226e2c45a 1c5074aad43e4f538ffabfc416f3d63b - - default default] show failed (client error): The resource could not be found.
2026-05-11 11:54:25.350 9 INFO neutron.api.wsgi [None req-9583966f-1611-4c0b-b0a2-e77e265959a9 21f213de4a904c03bf20b2f226e2c45a 1c5074aad43e4f538ffabfc416f3d63b - - default default] 199.204.45.72,10.0.0.118 "GET /v2.0/security-groups/lb-mgmt-sec-grp HTTP/1.1" status: 404 len: 307 time: 0.0559263
2026-05-11 11:54:25.389 9 INFO neutron.api.wsgi [None req-41cc2c26-0f69-4973-84ab-39ff53bf85c7 21f213de4a904c03bf20b2f226e2c45a 1c5074aad43e4f538ffabfc416f3d63b - - default default] 199.204.45.72,10.0.0.118 "GET /v2.0/security-groups?name=lb-mgmt-sec-grp HTTP/1.1" status: 200 len: 3057 time: 0.0343020
2026-05-11 11:54:25.733 15 INFO neutron.plugins.ml2.drivers.ovn.mech_driver.ovsdb.maintenance [None req-26340952-0d88-4d3d-8d70-12719f37a96b - - - - - -] OVN maintenance task check_for_inconsistencies finished in 0.019 seconds
2026-05-11 11:54:26.367 9 INFO neutron.api.wsgi [None req-6525826c-80aa-4988-8d51-1e6400f4976d 21f213de4a904c03bf20b2f226e2c45a 1c5074aad43e4f538ffabfc416f3d63b - - default default] 199.204.45.72,10.0.0.118 "GET /v2.0/security-groups/66493c60-41d2-4722-aa6d-5fe9b2de63b8 HTTP/1.1" status: 200 len: 3058 time: 0.0584917
2026-05-11 11:54:26.401 9 INFO neutron.api.wsgi [None req-e71bcb2f-c61c-4cd4-aa92-2c16464e8939 21f213de4a904c03bf20b2f226e2c45a 1c5074aad43e4f538ffabfc416f3d63b - - default default] 199.204.45.72,10.0.0.118 "GET /v2.0/security-groups/66493c60-41d2-4722-aa6d-5fe9b2de63b8 HTTP/1.1" status: 200 len: 3058 time: 0.0270269
2026-05-11 11:54:26.421 9 INFO neutron.api.wsgi [None req-879fb20a-7e14-4b24-b59d-9d01d066de76 21f213de4a904c03bf20b2f226e2c45a 1c5074aad43e4f538ffabfc416f3d63b - - default default] 199.204.45.72,10.0.0.118 "GET /v2.0/security-group-rules/0921d03c-2fde-486e-b21f-b2f773bb8fd0 HTTP/1.1" status: 200 len: 796 time: 0.0134401
2026-05-11 11:54:27.290 9 INFO neutron.api.wsgi [None req-79ad7109-aaad-4b51-b1af-01156a97df2a 21f213de4a904c03bf20b2f226e2c45a 1c5074aad43e4f538ffabfc416f3d63b - - default default] 199.204.45.72,10.0.0.118 "GET /v2.0/security-groups/66493c60-41d2-4722-aa6d-5fe9b2de63b8 HTTP/1.1" status: 200 len: 3058 time: 0.0545001
2026-05-11 11:54:27.322 9 INFO neutron.api.wsgi [None req-0dc3d7aa-1dfd-4a05-8cd3-862e17495027 21f213de4a904c03bf20b2f226e2c45a 1c5074aad43e4f538ffabfc416f3d63b - - default default] 199.204.45.72,10.0.0.118 "GET /v2.0/security-groups/66493c60-41d2-4722-aa6d-5fe9b2de63b8 HTTP/1.1" status: 200 len: 3058 time: 0.0272293
2026-05-11 11:54:27.339 9 INFO neutron.api.wsgi [None req-7cdbf311-f258-4b4f-91a0-bedf393e5ea0 21f213de4a904c03bf20b2f226e2c45a 1c5074aad43e4f538ffabfc416f3d63b - - default default] 199.204.45.72,10.0.0.118 "GET /v2.0/security-group-rules/032e2701-b1a4-4b24-bc83-fd739e075c84 HTTP/1.1" status: 200 len: 800 time: 0.0134768
2026-05-11 11:54:35.850 9 INFO neutron.api.wsgi [-] 10.0.0.118 "GET / HTTP/1.1" status: 200 len: 246 time: 0.0023551
2026-05-11 11:54:35.850 10 INFO neutron.api.wsgi [-] 10.0.0.118 "GET / HTTP/1.1" status: 200 len: 246 time: 0.0023263
2026-05-11 11:54:38.594 9 INFO neutron.api.wsgi [None req-73961a87-c4e0-4601-bd48-08eebc635122 21f213de4a904c03bf20b2f226e2c45a 1c5074aad43e4f538ffabfc416f3d63b - - default default] 199.204.45.72,10.0.0.118 "GET /v2.0/quotas/1c5074aad43e4f538ffabfc416f3d63b HTTP/1.1" status: 200 len: 466 time: 0.0106204
2026-05-11 11:54:50.849 10 INFO neutron.api.wsgi [-] 10.0.0.118 "GET / HTTP/1.1" status: 200 len: 246 time: 0.0021815
2026-05-11 11:54:50.850 9 INFO neutron.api.wsgi [-] 10.0.0.118 "GET / HTTP/1.1" status: 200 len: 246 time: 0.0030749
2026-05-11 11:55:05.849 9 INFO neutron.api.wsgi [-] 10.0.0.118 "GET / HTTP/1.1" status: 200 len: 246 time: 0.0022233
2026-05-11 11:55:05.850 10 INFO neutron.api.wsgi [-] 10.0.0.118 "GET / HTTP/1.1" status: 200 len: 246 time: 0.0026686
2026-05-11 11:55:13.596 10 INFO neutron.api.wsgi [None req-f0d80b6d-190a-42ab-8a11-66a040f5dad7 21f213de4a904c03bf20b2f226e2c45a 1c5074aad43e4f538ffabfc416f3d63b - - default default] 10.0.0.168 "GET /v2.0/network-ip-availabilities HTTP/1.1" status: 200 len: 1280 time: 0.0689471
2026-05-11 11:55:13.617 10 INFO neutron.api.wsgi [None req-b2b06dc3-49ce-4e83-afbb-13b92a4f3cf4 21f213de4a904c03bf20b2f226e2c45a 1c5074aad43e4f538ffabfc416f3d63b - - default default] 10.0.0.168 "GET /v2.0/floatingips HTTP/1.1" status: 200 len: 193 time: 0.0195365
2026-05-11 11:55:13.629 10 INFO neutron.api.wsgi [None req-0c61e938-5574-44d1-a913-256f2af6e4e3 21f213de4a904c03bf20b2f226e2c45a 1c5074aad43e4f538ffabfc416f3d63b - - default default] 10.0.0.168 "GET /v2.0/routers HTTP/1.1" status: 200 len: 189 time: 0.0115092
2026-05-11 11:55:13.665 10 INFO neutron.api.wsgi [None req-de9eb214-4d58-4431-93ba-8281354b48fe 21f213de4a904c03bf20b2f226e2c45a 1c5074aad43e4f538ffabfc416f3d63b - - default default] 10.0.0.168 "GET /v2.0/agents?binary=ovn-controller HTTP/1.1" status: 200 len: 591 time: 0.0351613
2026-05-11 11:55:13.700 10 INFO neutron.api.wsgi [None req-63d15f49-b5d2-4188-a88b-49fc7c22720f 21f213de4a904c03bf20b2f226e2c45a 1c5074aad43e4f538ffabfc416f3d63b - - default default] 10.0.0.168 "GET /v2.0/security-groups HTTP/1.1" status: 200 len: 17574 time: 0.0334954
2026-05-11 11:55:13.733 10 INFO neutron.api.wsgi [None req-48a6d55b-b567-47d0-8779-10f37ab247de 21f213de4a904c03bf20b2f226e2c45a 1c5074aad43e4f538ffabfc416f3d63b - - default default] 10.0.0.168 "GET /v2.0/subnets HTTP/1.1" status: 200 len: 1484 time: 0.0245216
2026-05-11 11:55:13.740 10 INFO neutron.api.wsgi [None req-4b69a9b9-668d-4589-a896-1deae6a3af24 21f213de4a904c03bf20b2f226e2c45a 1c5074aad43e4f538ffabfc416f3d63b - - default default] 10.0.0.168 "GET /v2.0/subnetpools HTTP/1.1" status: 200 len: 193 time: 0.0057993
2026-05-11 11:55:13.776 10 INFO neutron.api.wsgi [None req-ca4b86ae-df8a-4943-9ce3-9cc50df77ac9 21f213de4a904c03bf20b2f226e2c45a 1c5074aad43e4f538ffabfc416f3d63b - - default default] 10.0.0.168 "GET /v2.0/ports HTTP/1.1" status: 200 len: 5347 time: 0.0350289
2026-05-11 11:55:13.830 10 INFO neutron.api.wsgi [None req-ab087929-abd9-4d72-8012-11b6e7558d48 21f213de4a904c03bf20b2f226e2c45a 1c5074aad43e4f538ffabfc416f3d63b - - default default] 10.0.0.168 "GET /v2.0/networks HTTP/1.1" status: 200 len: 2350 time: 0.0502198
2026-05-11 11:55:13.855 10 INFO neutron.api.wsgi [None req-6df2bc08-b2e2-4ed7-bfaa-25934ec03580 21f213de4a904c03bf20b2f226e2c45a 1c5074aad43e4f538ffabfc416f3d63b - - default default] 10.0.0.168 "GET /v2.0/subnets HTTP/1.1" status: 200 len: 1484 time: 0.0226657
2026-05-11 11:55:13.864 10 INFO neutron.api.wsgi [None req-a8970cfe-5e88-42e4-a199-7f4a0da989e2 21f213de4a904c03bf20b2f226e2c45a 1c5074aad43e4f538ffabfc416f3d63b - - default default] 10.0.0.168 "GET /v2.0/agents HTTP/1.1" status: 200 len: 1390 time: 0.0078738
2026-05-11 11:55:20.850 9 INFO neutron.api.wsgi [-] 10.0.0.118 "GET / HTTP/1.1" status: 200 len: 246 time: 0.0023034
2026-05-11 11:55:20.850 10 INFO neutron.api.wsgi [-] 10.0.0.118 "GET / HTTP/1.1" status: 200 len: 246 time: 0.0024168
2026-05-11 11:55:27.547 9 INFO neutron.api.v2.resource [None req-ec5b028b-268a-41a1-9aa7-f0f4c9ec2f1f 21f213de4a904c03bf20b2f226e2c45a 1c5074aad43e4f538ffabfc416f3d63b - - default default] show failed (client error): The resource could not be found.
2026-05-11 11:55:27.548 9 INFO neutron.api.wsgi [None req-ec5b028b-268a-41a1-9aa7-f0f4c9ec2f1f 21f213de4a904c03bf20b2f226e2c45a 1c5074aad43e4f538ffabfc416f3d63b - - default default] 199.204.45.72,10.0.0.118 "GET /v2.0/security-groups/manila-service-security-group?project_id=c38a8d7371ab450cbb258205ee89a7fd HTTP/1.1" status: 404 len: 321 time: 0.0618904
2026-05-11 11:55:27.580 9 INFO neutron.api.wsgi [None req-1bae37eb-36b3-45a4-975d-99a8472cb415 21f213de4a904c03bf20b2f226e2c45a 1c5074aad43e4f538ffabfc416f3d63b - - default default] 199.204.45.72,10.0.0.118 "GET /v2.0/security-groups?name=manila-service-security-group&project_id=c38a8d7371ab450cbb258205ee89a7fd HTTP/1.1" status: 200 len: 4248 time: 0.0283246
2026-05-11 11:55:28.563 9 INFO neutron.api.wsgi [None req-644c6cb0-113c-4d0e-808d-ea5d05eff85d 21f213de4a904c03bf20b2f226e2c45a 1c5074aad43e4f538ffabfc416f3d63b - - default default] 199.204.45.72,10.0.0.118 "GET /v2.0/security-groups/fcc6d18f-8e32-4251-9045-fda3d03b6d8a?project_id=c38a8d7371ab450cbb258205ee89a7fd HTTP/1.1" status: 200 len: 4251 time: 0.0534246
2026-05-11 11:55:28.602 9 INFO neutron.api.wsgi [None req-c0458150-50aa-4adb-b784-e0f6e1611d0e 21f213de4a904c03bf20b2f226e2c45a 1c5074aad43e4f538ffabfc416f3d63b - - default default] 199.204.45.72,10.0.0.118 "GET /v2.0/security-groups/fcc6d18f-8e32-4251-9045-fda3d03b6d8a HTTP/1.1" status: 200 len: 4251 time: 0.0313504
2026-05-11 11:55:28.622 9 INFO neutron.api.wsgi [None req-06ccdc1f-8814-4878-ab39-98b6976ac6dc 21f213de4a904c03bf20b2f226e2c45a 1c5074aad43e4f538ffabfc416f3d63b - - default default] 199.204.45.72,10.0.0.118 "GET /v2.0/security-group-rules/d0d39c55-561d-4705-95c9-2d679bb849e5 HTTP/1.1" status: 200 len: 772 time: 0.0128391
2026-05-11 11:55:29.536 9 INFO neutron.api.wsgi [None req-a985cef9-6569-4aea-855b-e5d8b61d4391 21f213de4a904c03bf20b2f226e2c45a 1c5074aad43e4f538ffabfc416f3d63b - - default default] 199.204.45.72,10.0.0.118 "GET /v2.0/security-groups/fcc6d18f-8e32-4251-9045-fda3d03b6d8a?project_id=c38a8d7371ab450cbb258205ee89a7fd HTTP/1.1" status: 200 len: 4251 time: 0.0536685
2026-05-11 11:55:29.579 9 INFO neutron.api.wsgi [None req-40bbc86b-4dd2-4427-ba68-9e5488c30ec5 21f213de4a904c03bf20b2f226e2c45a 1c5074aad43e4f538ffabfc416f3d63b - - default default] 199.204.45.72,10.0.0.118 "GET /v2.0/security-groups/fcc6d18f-8e32-4251-9045-fda3d03b6d8a HTTP/1.1" status: 200 len: 4251 time: 0.0353897
2026-05-11 11:55:29.601 9 INFO neutron.api.wsgi [None req-60bff200-6a58-4a6c-b10a-81438ff00286 21f213de4a904c03bf20b2f226e2c45a 1c5074aad43e4f538ffabfc416f3d63b - - default default] 199.204.45.72,10.0.0.118 "GET /v2.0/security-group-rules/663d91fe-8f80-43b7-9665-3a4b4e59cfe3 HTTP/1.1" status: 200 len: 774 time: 0.0159745
2026-05-11 11:55:30.538 9 INFO neutron.api.wsgi [None req-4f66f268-a6a2-4e1f-8065-b6b8efaaffe5 21f213de4a904c03bf20b2f226e2c45a 1c5074aad43e4f538ffabfc416f3d63b - - default default] 199.204.45.72,10.0.0.118 "GET /v2.0/security-groups/fcc6d18f-8e32-4251-9045-fda3d03b6d8a?project_id=c38a8d7371ab450cbb258205ee89a7fd HTTP/1.1" status: 200 len: 4251 time: 0.0508246
2026-05-11 11:55:30.573 9 INFO neutron.api.wsgi [None req-bf78e04c-a20f-4869-92e3-135fc5e75ffb 21f213de4a904c03bf20b2f226e2c45a 1c5074aad43e4f538ffabfc416f3d63b - - default default] 199.204.45.72,10.0.0.118 "GET /v2.0/security-groups/fcc6d18f-8e32-4251-9045-fda3d03b6d8a HTTP/1.1" status: 200 len: 4251 time: 0.0279870
2026-05-11 11:55:30.594 9 INFO neutron.api.wsgi [None req-6b76d1f8-e6d0-4d26-9eea-3507e4e0ff62 21f213de4a904c03bf20b2f226e2c45a 1c5074aad43e4f538ffabfc416f3d63b - - default default] 199.204.45.72,10.0.0.118 "GET /v2.0/security-group-rules/07a84de7-3314-40b2-b1d3-4e40887d93c6 HTTP/1.1" status: 200 len: 776 time: 0.0134571
2026-05-11 11:55:31.582 9 INFO neutron.api.wsgi [None req-e66550b8-cd92-43c4-b38e-a8c8f0f51704 21f213de4a904c03bf20b2f226e2c45a 1c5074aad43e4f538ffabfc416f3d63b - - default default] 199.204.45.72,10.0.0.118 "GET /v2.0/security-groups/fcc6d18f-8e32-4251-9045-fda3d03b6d8a?project_id=c38a8d7371ab450cbb258205ee89a7fd HTTP/1.1" status: 200 len: 4251 time: 0.0535276
2026-05-11 11:55:31.616 9 INFO neutron.api.wsgi [None req-a45f8ecd-4707-4e1a-bdd9-75e7dfc95bed 21f213de4a904c03bf20b2f226e2c45a 1c5074aad43e4f538ffabfc416f3d63b - - default default] 199.204.45.72,10.0.0.118 "GET /v2.0/security-groups/fcc6d18f-8e32-4251-9045-fda3d03b6d8a HTTP/1.1" status: 200 len: 4251 time: 0.0276518
2026-05-11 11:55:31.636 9 INFO neutron.api.wsgi [None req-e330dca4-8789-4e08-b3f3-d7176076fa50 21f213de4a904c03bf20b2f226e2c45a 1c5074aad43e4f538ffabfc416f3d63b - - default default] 199.204.45.72,10.0.0.118 "GET /v2.0/security-group-rules/7666c7fc-8e35-4f4a-8951-1809228709c7 HTTP/1.1" status: 200 len: 777 time: 0.0115221
2026-05-11 11:55:35.849 9 INFO neutron.api.wsgi [-] 10.0.0.118 "GET / HTTP/1.1" status: 200 len: 246 time: 0.0016983
2026-05-11 11:55:35.851 10 INFO neutron.api.wsgi [-] 10.0.0.118 "GET / HTTP/1.1" status: 200 len: 246 time: 0.0031843
2026-05-11 11:55:38.694 9 INFO neutron.api.wsgi [None req-1b96b0f7-1379-4757-8031-d803d8358892 21f213de4a904c03bf20b2f226e2c45a 1c5074aad43e4f538ffabfc416f3d63b - - default default] 199.204.45.72,10.0.0.118 "GET /v2.0/quotas/c38a8d7371ab450cbb258205ee89a7fd HTTP/1.1" status: 200 len: 466 time: 0.0124369
2026-05-11 11:55:50.849 9 INFO neutron.api.wsgi [-] 10.0.0.118 "GET / HTTP/1.1" status: 200 len: 246 time: 0.0021846
2026-05-11 11:55:50.852 10 INFO neutron.api.wsgi [-] 10.0.0.118 "GET / HTTP/1.1" status: 200 len: 246 time: 0.0051689
2026-05-11 11:56:05.850 10 INFO neutron.api.wsgi [-] 10.0.0.118 "GET / HTTP/1.1" status: 200 len: 246 time: 0.0024836
2026-05-11 11:56:05.850 9 INFO neutron.api.wsgi [-] 10.0.0.118 "GET / HTTP/1.1" status: 200 len: 246 time: 0.0030909
2026-05-11 11:56:13.600 10 INFO neutron.api.wsgi [None req-587e74cb-07c4-4e9e-a4ea-4b5e8625e26d 21f213de4a904c03bf20b2f226e2c45a 1c5074aad43e4f538ffabfc416f3d63b - - default default] 10.0.0.168 "GET /v2.0/floatingips HTTP/1.1" status: 200 len: 193 time: 0.0838425
2026-05-11 11:56:13.644 10 INFO neutron.api.wsgi [None req-65ea582d-7cef-4f20-9886-11818f833280 21f213de4a904c03bf20b2f226e2c45a 1c5074aad43e4f538ffabfc416f3d63b - - default default] 10.0.0.168 "GET /v2.0/networks HTTP/1.1" status: 200 len: 2350 time: 0.0426910
2026-05-11 11:56:13.681 10 INFO neutron.api.wsgi [None req-85a28a6b-5bf0-45d7-be8b-f55203ae0c09 21f213de4a904c03bf20b2f226e2c45a 1c5074aad43e4f538ffabfc416f3d63b - - default default] 10.0.0.168 "GET /v2.0/security-groups HTTP/1.1" status: 200 len: 17574 time: 0.0330105
2026-05-11 11:56:13.698 10 INFO neutron.api.wsgi [None req-db89312a-e3c5-4c3d-a9a9-494471fa0401 21f213de4a904c03bf20b2f226e2c45a 1c5074aad43e4f538ffabfc416f3d63b - - default default] 10.0.0.168 "GET /v2.0/routers HTTP/1.1" status: 200 len: 189 time: 0.0121930
