2026-05-11 11:59:21.345 9 INFO neutron.pecan_wsgi.hooks.translation [None req-d2d4c83d-1348-4252-a12f-829e9d46fe21 344781b6fe384ea397babaa2aa9e54c9 3daaa9c5d33442b19cf54d2bcb8ec793 - - default default] GET failed (client error): The resource could not be found.
2026-05-11 11:59:21.346 9 INFO neutron.api.wsgi [None req-d2d4c83d-1348-4252-a12f-829e9d46fe21 344781b6fe384ea397babaa2aa9e54c9 3daaa9c5d33442b19cf54d2bcb8ec793 - - default default] 10.0.0.95 "GET /v2.0/ports/d8325228-60c9-48c1-b1e0-c94a1a742a2f HTTP/1.1" status: 404 len: 333 time: 0.0203700
2026-05-11 11:59:21.374 10 INFO neutron.api.wsgi [req-6b3cf842-5527-4a6d-a73b-451baea2a137 req-8665257c-da2a-4dd0-95b4-3a8c39be9fe2 38d510e7a3fd4a80907efb70012546ca c38a8d7371ab450cbb258205ee89a7fd - - e4896e14d21a4d678fd41e97fb08e427 e4896e14d21a4d678fd41e97fb08e427] 199.204.45.72 "GET /v2.0/networks/63676d93-8aba-4cf5-8806-18633dc0690e?fields=segments HTTP/1.1" status: 200 len: 212 time: 0.0655479
2026-05-11 11:59:21.438 10 INFO neutron.api.wsgi [req-6b3cf842-5527-4a6d-a73b-451baea2a137 req-8fcb25a2-b793-43ab-b456-695a55197df7 38d510e7a3fd4a80907efb70012546ca c38a8d7371ab450cbb258205ee89a7fd - - e4896e14d21a4d678fd41e97fb08e427 e4896e14d21a4d678fd41e97fb08e427] 199.204.45.72 "GET /v2.0/networks/63676d93-8aba-4cf5-8806-18633dc0690e?fields=provider%3Aphysical_network&fields=provider%3Anetwork_type HTTP/1.1" status: 200 len: 277 time: 0.0589406
2026-05-11 11:59:21.515 10 INFO neutron.db.ovn_revision_numbers_db [None req-0337b701-3c09-4896-ad0e-fa52d4b3895f 0ea5445e73b44f56bee2c8bc447ff126 d2931fd4aea146dbbe9c12e461ca1d55 - - default default] Successfully bumped revision number for resource eec6810c-e6da-4156-adbb-9548090054cc (type: security_groups) to 1
2026-05-11 11:59:21.530 10 INFO neutron.db.ovn_revision_numbers_db [None req-0337b701-3c09-4896-ad0e-fa52d4b3895f 0ea5445e73b44f56bee2c8bc447ff126 d2931fd4aea146dbbe9c12e461ca1d55 - - default default] Successfully bumped revision number for resource 7195bcd1-a488-43bd-bd11-275d16f6b226 (type: security_group_rules) to 0
2026-05-11 11:59:21.546 10 INFO neutron.api.wsgi [None req-0d3bf997-6c9f-434f-8c2a-c3a672a10567 344781b6fe384ea397babaa2aa9e54c9 3daaa9c5d33442b19cf54d2bcb8ec793 - - default default] 10.0.0.95 "DELETE /v2.0/subnets/abe9b3af-2c6a-41ac-94b0-f98910e61b0e HTTP/1.1" status: 204 len: 168 time: 0.1943638
2026-05-11 11:59:21.548 10 INFO neutron.db.ovn_revision_numbers_db [None req-0337b701-3c09-4896-ad0e-fa52d4b3895f 0ea5445e73b44f56bee2c8bc447ff126 d2931fd4aea146dbbe9c12e461ca1d55 - - default default] Successfully bumped revision number for resource 8097cc16-f549-4313-962d-6ae2a959ff0c (type: security_group_rules) to 0
2026-05-11 11:59:21.573 10 INFO neutron.db.ovn_revision_numbers_db [None req-0337b701-3c09-4896-ad0e-fa52d4b3895f 0ea5445e73b44f56bee2c8bc447ff126 d2931fd4aea146dbbe9c12e461ca1d55 - - default default] Successfully bumped revision number for resource a2a82833-8405-4672-833c-7699fc04fe32 (type: security_group_rules) to 0
2026-05-11 11:59:21.587 10 INFO neutron.db.ovn_revision_numbers_db [None req-0337b701-3c09-4896-ad0e-fa52d4b3895f 0ea5445e73b44f56bee2c8bc447ff126 d2931fd4aea146dbbe9c12e461ca1d55 - - default default] Successfully bumped revision number for resource cf3ae49d-2080-44ab-9ce4-73c2570b88fe (type: security_group_rules) to 0
2026-05-11 11:59:21.698 10 INFO neutron.db.ovn_revision_numbers_db [None req-0337b701-3c09-4896-ad0e-fa52d4b3895f 0ea5445e73b44f56bee2c8bc447ff126 d2931fd4aea146dbbe9c12e461ca1d55 - - default default] Successfully bumped revision number for resource 92145a97-6f59-4634-ab89-7e6d5d2047a3 (type: security_groups) to 1
2026-05-11 11:59:21.990 10 INFO neutron.db.ovn_revision_numbers_db [None req-0337b701-3c09-4896-ad0e-fa52d4b3895f 0ea5445e73b44f56bee2c8bc447ff126 d2931fd4aea146dbbe9c12e461ca1d55 - - default default] Successfully bumped revision number for resource 0f63a64b-6290-4157-8e32-a4f83624c9a3 (type: security_group_rules) to 0
2026-05-11 11:59:22.004 10 INFO neutron.db.ovn_revision_numbers_db [None req-0337b701-3c09-4896-ad0e-fa52d4b3895f 0ea5445e73b44f56bee2c8bc447ff126 d2931fd4aea146dbbe9c12e461ca1d55 - - default default] Successfully bumped revision number for resource d7109466-35ed-4cec-b7d2-02ab12b8fcc4 (type: security_group_rules) to 0
2026-05-11 11:59:22.041 10 INFO neutron.api.wsgi [None req-0337b701-3c09-4896-ad0e-fa52d4b3895f 0ea5445e73b44f56bee2c8bc447ff126 d2931fd4aea146dbbe9c12e461ca1d55 - - default default] 10.0.0.95 "POST /v2.0/security-groups HTTP/1.1" status: 201 len: 1801 time: 0.8750527
2026-05-11 11:59:22.055 10 WARNING neutron_lib.context [None req-6e0cda41-c068-47dc-9bd3-26d696b0d31e 0ea5445e73b44f56bee2c8bc447ff126 d2931fd4aea146dbbe9c12e461ca1d55 - - default default] Method 'is_advsvc' is deprecated since 2023.2 release (neutron-lib 3.8.0) and will be removed once support for the old RBAC API policies will be removed from Neutron. Please use method 'is_service_role' instead.
2026-05-11 11:59:22.149 10 INFO neutron.services.segments.plugin [-] Segment 3a32ac03-d133-44b6-be4a-1d5b46ac65ff resource provider aggregate not found
2026-05-11 11:59:22.152 10 INFO neutron.services.segments.plugin [-] Segment 3a32ac03-d133-44b6-be4a-1d5b46ac65ff resource provider aggregate not found
2026-05-11 11:59:22.165 10 INFO neutron.services.segments.plugin [-] Segment 3a32ac03-d133-44b6-be4a-1d5b46ac65ff resource provider not found; error: Placement Client Error (4xx): {"errors": [{"status": 404, "title": "Not Found", "detail": "The resource could not be found.\n\n No resource provider with uuid 3a32ac03-d133-44b6-be4a-1d5b46ac65ff found for delete ", "request_id": "req-1333f101-05c5-4569-b6f6-3bf9ac668658"}]}
2026-05-11 11:59:22.184 10 INFO neutron.services.segments.plugin [-] Segment 3a32ac03-d133-44b6-be4a-1d5b46ac65ff resource provider not found; error: Placement Client Error (4xx): {"errors": [{"status": 404, "title": "Not Found", "detail": "The resource could not be found.\n\n No resource provider with uuid 3a32ac03-d133-44b6-be4a-1d5b46ac65ff found for delete ", "request_id": "req-c0f80cc2-7f0e-4822-b227-90a20c3e03c7"}]}
2026-05-11 11:59:22.204 10 INFO neutron.api.wsgi [None req-1f4c814e-b573-4b2b-9f07-75de1a8f50d7 344781b6fe384ea397babaa2aa9e54c9 3daaa9c5d33442b19cf54d2bcb8ec793 - - default default] 10.0.0.95 "DELETE /v2.0/networks/f4e9f9a9-77a2-4c66-96cd-aa1693e868d3 HTTP/1.1" status: 204 len: 168 time: 0.6518826
2026-05-11 11:59:22.219 9 WARNING neutron_lib.context [None req-345ef634-266a-444c-9dde-24a88478232c 344781b6fe384ea397babaa2aa9e54c9 3daaa9c5d33442b19cf54d2bcb8ec793 - - default default] Method 'is_advsvc' is deprecated since 2023.2 release (neutron-lib 3.8.0) and will be removed once support for the old RBAC API policies will be removed from Neutron. Please use method 'is_service_role' instead.
2026-05-11 11:59:22.252 9 INFO neutron.api.wsgi [None req-a91fa636-ea3d-455a-ac72-4c41731eb776 21f213de4a904c03bf20b2f226e2c45a 1c5074aad43e4f538ffabfc416f3d63b - - default default] 10.0.0.95 "DELETE /v2.0/routers/ec7999b0-bf02-4f5a-ac1b-5c174c4cbe3e HTTP/1.1" status: 204 len: 168 time: 0.9764214
2026-05-11 11:59:22.304 10 INFO neutron.db.ovn_revision_numbers_db [None req-6e0cda41-c068-47dc-9bd3-26d696b0d31e 0ea5445e73b44f56bee2c8bc447ff126 d2931fd4aea146dbbe9c12e461ca1d55 - - default default] Successfully bumped revision number for resource 169c1d57-da64-49e8-8fad-6264bf5b0ba4 (type: security_groups) to 1
2026-05-11 11:59:22.331 10 INFO neutron.db.ovn_revision_numbers_db [None req-6e0cda41-c068-47dc-9bd3-26d696b0d31e 0ea5445e73b44f56bee2c8bc447ff126 d2931fd4aea146dbbe9c12e461ca1d55 - - default default] Successfully bumped revision number for resource 8e8954b3-310a-432b-97f7-af0a4908d1d6 (type: security_group_rules) to 0
2026-05-11 11:59:22.394 10 INFO neutron.db.ovn_revision_numbers_db [None req-6e0cda41-c068-47dc-9bd3-26d696b0d31e 0ea5445e73b44f56bee2c8bc447ff126 d2931fd4aea146dbbe9c12e461ca1d55 - - default default] Successfully bumped revision number for resource a164537e-a315-4249-91c9-3f25ccd70cb4 (type: security_group_rules) to 0
2026-05-11 11:59:24.882 10 INFO neutron.api.wsgi [None req-6e0cda41-c068-47dc-9bd3-26d696b0d31e 0ea5445e73b44f56bee2c8bc447ff126 d2931fd4aea146dbbe9c12e461ca1d55 - - default default] 10.0.0.95 "POST /v2.0/security-groups HTTP/1.1" status: 201 len: 1801 time: 2.8327715
2026-05-11 11:59:24.893 10 WARNING neutron_lib.context [None req-588694d0-e9ad-4cb0-80c9-e77e72f3cabf 0ea5445e73b44f56bee2c8bc447ff126 d2931fd4aea146dbbe9c12e461ca1d55 - - default default] Method 'is_advsvc' is deprecated since 2023.2 release (neutron-lib 3.8.0) and will be removed once support for the old RBAC API policies will be removed from Neutron. Please use method 'is_service_role' instead.
2026-05-11 11:59:24.945 10 INFO neutron.api.wsgi [None req-5eb139ff-ae07-4a37-b95e-8835b4e8f9ab 21f213de4a904c03bf20b2f226e2c45a 1c5074aad43e4f538ffabfc416f3d63b - - default default] 10.0.0.95 "DELETE /v2.0/subnets/3ebd85c6-dc13-47c1-8a3c-78e968387355 HTTP/1.1" status: 204 len: 168 time: 2.6889176 /var/lib/openstack/lib/python3.12/site-packages/pycadf/identifier.py:71: UserWarning: Invalid uuid: neutron. To ensure interoperability, identifiers should be a valid uuid. warnings.warn(('Invalid uuid: %s. To ensure interoperability, '
2026-05-11 11:59:24.987 9 WARNING neutron.scheduler.dhcp_agent_scheduler [None req-345ef634-266a-444c-9dde-24a88478232c 344781b6fe384ea397babaa2aa9e54c9 3daaa9c5d33442b19cf54d2bcb8ec793 - - default default] No more DHCP agents
2026-05-11 11:59:24.988 9 WARNING neutron.api.rpc.agentnotifiers.dhcp_rpc_agent_api [None req-345ef634-266a-444c-9dde-24a88478232c 344781b6fe384ea397babaa2aa9e54c9 3daaa9c5d33442b19cf54d2bcb8ec793 - - default default] Unable to schedule network fbf8b893-5e60-4bbf-a602-9ae216e12a8c: no agents available; will retry on subsequent port and subnet creation events.
2026-05-11 11:59:25.098 9 INFO neutron.db.ovn_revision_numbers_db [None req-345ef634-266a-444c-9dde-24a88478232c 344781b6fe384ea397babaa2aa9e54c9 3daaa9c5d33442b19cf54d2bcb8ec793 - - default default] Successfully bumped revision number for resource f046c76d-2084-4547-823e-1a904740e8e3 (type: ports) to 1
2026-05-11 11:59:25.143 10 INFO neutron.db.ovn_revision_numbers_db [None req-588694d0-e9ad-4cb0-80c9-e77e72f3cabf 0ea5445e73b44f56bee2c8bc447ff126 d2931fd4aea146dbbe9c12e461ca1d55 - - default default] Successfully bumped revision number for resource 0d4d6f84-4759-417a-a468-214ff10121ab (type: security_groups) to 1
2026-05-11 11:59:25.198 9 INFO neutron.api.wsgi [None req-345ef634-266a-444c-9dde-24a88478232c 344781b6fe384ea397babaa2aa9e54c9 3daaa9c5d33442b19cf54d2bcb8ec793 - - default default] 10.0.0.95 "POST /v2.0/ports HTTP/1.1" status: 201 len: 973 time: 2.9836884
2026-05-11 11:59:25.247 10 INFO neutron.db.ovn_revision_numbers_db [None req-588694d0-e9ad-4cb0-80c9-e77e72f3cabf 0ea5445e73b44f56bee2c8bc447ff126 d2931fd4aea146dbbe9c12e461ca1d55 - - default default] Successfully bumped revision number for resource 0e3bdf80-3b89-4f1b-a6ba-999754131639 (type: security_group_rules) to 0
2026-05-11 11:59:25.373 10 INFO neutron.db.ovn_revision_numbers_db [None req-588694d0-e9ad-4cb0-80c9-e77e72f3cabf 0ea5445e73b44f56bee2c8bc447ff126 d2931fd4aea146dbbe9c12e461ca1d55 - - default default] Successfully bumped revision number for resource b21caca2-ad92-48a7-a0a7-1fb01ac16530 (type: security_group_rules) to 0
2026-05-11 11:59:25.422 9 INFO neutron.services.segments.plugin [-] Segment 79bd6837-dde5-4248-a8f5-86019882539b resource provider aggregate not found
2026-05-11 11:59:25.429 9 INFO neutron.services.segments.plugin [-] Segment 79bd6837-dde5-4248-a8f5-86019882539b resource provider aggregate not found
2026-05-11 11:59:25.445 9 INFO neutron.services.segments.plugin [-] Segment 79bd6837-dde5-4248-a8f5-86019882539b resource provider not found; error: Placement Client Error (4xx): {"errors": [{"status": 404, "title": "Not Found", "detail": "The resource could not be found.\n\n No resource provider with uuid 79bd6837-dde5-4248-a8f5-86019882539b found for delete ", "request_id": "req-c8e0a81b-0765-411c-975f-8ebb77490514"}]}
2026-05-11 11:59:25.447 9 INFO neutron.services.segments.plugin [-] Segment 79bd6837-dde5-4248-a8f5-86019882539b resource provider not found; error: Placement Client Error (4xx): {"errors": [{"status": 404, "title": "Not Found", "detail": "The resource could not be found.\n\n No resource provider with uuid 79bd6837-dde5-4248-a8f5-86019882539b found for delete ", "request_id": "req-76e7ee5a-556b-4a30-8fe2-12bc862afbc8"}]}
2026-05-11 11:59:25.475 9 INFO neutron.plugins.ml2.drivers.ovn.mech_driver.mech_driver [None req-4a6b5cdf-db0a-402d-98a7-d3b7f5083f52 - - - - - -] OVN reports status down for port: f046c76d-2084-4547-823e-1a904740e8e3
2026-05-11 11:59:25.488 10 INFO neutron.api.wsgi [None req-588694d0-e9ad-4cb0-80c9-e77e72f3cabf 0ea5445e73b44f56bee2c8bc447ff126 d2931fd4aea146dbbe9c12e461ca1d55 - - default default] 10.0.0.95 "POST /v2.0/security-groups HTTP/1.1" status: 201 len: 1801 time: 0.5985153 /var/lib/openstack/lib/python3.12/site-packages/pycadf/identifier.py:71: UserWarning: Invalid uuid: neutron. To ensure interoperability, identifiers should be a valid uuid. warnings.warn(('Invalid uuid: %s. To ensure interoperability, '
2026-05-11 11:59:25.499 9 WARNING neutron_lib.context [None req-7972e6ab-bd5e-44b3-b6a8-bdc200bcc7c9 0ea5445e73b44f56bee2c8bc447ff126 d2931fd4aea146dbbe9c12e461ca1d55 - - default default] Method 'is_advsvc' is deprecated since 2023.2 release (neutron-lib 3.8.0) and will be removed once support for the old RBAC API policies will be removed from Neutron. Please use method 'is_service_role' instead.
2026-05-11 11:59:25.580 10 INFO neutron.db.ovn_revision_numbers_db [None req-ee32200c-a195-46c5-ad39-f1487f6f239a 344781b6fe384ea397babaa2aa9e54c9 3daaa9c5d33442b19cf54d2bcb8ec793 - - default default] Successfully bumped revision number for resource f046c76d-2084-4547-823e-1a904740e8e3 (type: ports) to 2
2026-05-11 11:59:25.594 10 INFO neutron.api.wsgi [None req-ee32200c-a195-46c5-ad39-f1487f6f239a 344781b6fe384ea397babaa2aa9e54c9 3daaa9c5d33442b19cf54d2bcb8ec793 - - default default] 10.0.0.95 "PUT /v2.0/ports/f046c76d-2084-4547-823e-1a904740e8e3 HTTP/1.1" status: 200 len: 946 time: 0.3902676 /var/lib/openstack/lib/python3.12/site-packages/pycadf/identifier.py:71: UserWarning: Invalid uuid: neutron. To ensure interoperability, identifiers should be a valid uuid. warnings.warn(('Invalid uuid: %s. To ensure interoperability, '
2026-05-11 11:59:25.646 9 INFO neutron.api.wsgi [None req-c2710397-489e-484f-9518-e06dc754529a 21f213de4a904c03bf20b2f226e2c45a 1c5074aad43e4f538ffabfc416f3d63b - - default default] 10.0.0.95 "DELETE /v2.0/networks/cfc027c2-a7a5-4767-96b4-3446e288d1a3 HTTP/1.1" status: 204 len: 168 time: 0.6976609
2026-05-11 11:59:25.954 9 INFO neutron.db.ovn_revision_numbers_db [None req-7972e6ab-bd5e-44b3-b6a8-bdc200bcc7c9 0ea5445e73b44f56bee2c8bc447ff126 d2931fd4aea146dbbe9c12e461ca1d55 - - default default] Successfully bumped revision number for resource d86687ea-1e48-414a-ae3b-3f3781e50b8d (type: security_groups) to 1
2026-05-11 11:59:26.021 10 INFO neutron.api.wsgi [None req-db00ac95-092e-4c58-bd16-ee3b173bba22 344781b6fe384ea397babaa2aa9e54c9 3daaa9c5d33442b19cf54d2bcb8ec793 - - default default] 10.0.0.95 "DELETE /v2.0/ports/f046c76d-2084-4547-823e-1a904740e8e3 HTTP/1.1" status: 204 len: 168 time: 0.4219074
2026-05-11 11:59:26.059 10 INFO neutron.api.wsgi [None req-139bf3e5-8f4a-4354-965a-07d2116bd27e 344781b6fe384ea397babaa2aa9e54c9 3daaa9c5d33442b19cf54d2bcb8ec793 - - default default] 10.0.0.95 "GET /v2.0/ports HTTP/1.1" status: 200 len: 1729 time: 0.0326238
2026-05-11 11:59:26.060 9 INFO neutron.api.wsgi [None req-d96e528e-d38a-43b8-aef4-9c2f03e1b099 21f213de4a904c03bf20b2f226e2c45a 1c5074aad43e4f538ffabfc416f3d63b - - default default] 10.0.0.95 "GET /v2.0/security-groups?tenant_id=00dbd8f8f2c942679f14996c4a3b9174&name=default HTTP/1.1" status: 200 len: 3120 time: 0.0337417
2026-05-11 11:59:26.075 9 INFO neutron.pecan_wsgi.hooks.translation [None req-a927f4d2-f8a0-4dda-b5b2-f2bc93dea9f7 344781b6fe384ea397babaa2aa9e54c9 3daaa9c5d33442b19cf54d2bcb8ec793 - - default default] GET failed (client error): The resource could not be found.
2026-05-11 11:59:26.077 9 INFO neutron.api.wsgi [None req-a927f4d2-f8a0-4dda-b5b2-f2bc93dea9f7 344781b6fe384ea397babaa2aa9e54c9 3daaa9c5d33442b19cf54d2bcb8ec793 - - default default] 10.0.0.95 "GET /v2.0/ports/f046c76d-2084-4547-823e-1a904740e8e3 HTTP/1.1" status: 404 len: 333 time: 0.0132949
2026-05-11 11:59:26.140 9 INFO neutron.api.wsgi [None req-cf0bbd73-1f00-47e7-b804-9538931dd2cc 344781b6fe384ea397babaa2aa9e54c9 3daaa9c5d33442b19cf54d2bcb8ec793 - - default default] 10.0.0.95 "GET /v2.0/ports HTTP/1.1" status: 200 len: 1729 time: 0.0567281
2026-05-11 11:59:26.177 9 INFO neutron.api.wsgi [None req-26d2d689-77c7-49fc-89c6-643e61570853 344781b6fe384ea397babaa2aa9e54c9 3daaa9c5d33442b19cf54d2bcb8ec793 - - default default] 10.0.0.95 "GET /v2.0/ports/a32d8ac7-ecf4-4c58-bde7-610acf781e41 HTTP/1.1" status: 200 len: 969 time: 0.0316303
2026-05-11 11:59:26.197 9 INFO neutron.pecan_wsgi.hooks.translation [None req-03151b48-6d28-4e2c-af5d-dfa7229f999a 344781b6fe384ea397babaa2aa9e54c9 3daaa9c5d33442b19cf54d2bcb8ec793 - - default default] DELETE failed (client error): The resource could not be found.
2026-05-11 11:59:26.200 9 INFO neutron.api.wsgi [None req-03151b48-6d28-4e2c-af5d-dfa7229f999a 344781b6fe384ea397babaa2aa9e54c9 3daaa9c5d33442b19cf54d2bcb8ec793 - - default default] 10.0.0.95 "DELETE /v2.0/ports/d8325228-60c9-48c1-b1e0-c94a1a742a2f HTTP/1.1" status: 404 len: 333 time: 0.0193801
2026-05-11 11:59:26.212 9 INFO neutron.pecan_wsgi.hooks.translation [None req-07cb67b7-9fbc-4c94-8034-995082086211 344781b6fe384ea397babaa2aa9e54c9 3daaa9c5d33442b19cf54d2bcb8ec793 - - default default] DELETE failed (client error): The resource could not be found.
2026-05-11 11:59:26.215 9 INFO neutron.api.wsgi [None req-07cb67b7-9fbc-4c94-8034-995082086211 344781b6fe384ea397babaa2aa9e54c9 3daaa9c5d33442b19cf54d2bcb8ec793 - - default default] 10.0.0.95 "DELETE /v2.0/subnets/abe9b3af-2c6a-41ac-94b0-f98910e61b0e HTTP/1.1" status: 404 len: 337 time: 0.0110934
2026-05-11 11:59:26.224 9 INFO neutron.pecan_wsgi.hooks.translation [None req-72fa1ad2-7938-42eb-a8cd-51bcde45ea23 344781b6fe384ea397babaa2aa9e54c9 3daaa9c5d33442b19cf54d2bcb8ec793 - - default default] DELETE failed (client error): The resource could not be found.
2026-05-11 11:59:26.226 9 INFO neutron.api.wsgi [None req-72fa1ad2-7938-42eb-a8cd-51bcde45ea23 344781b6fe384ea397babaa2aa9e54c9 3daaa9c5d33442b19cf54d2bcb8ec793 - - default default] 10.0.0.95 "DELETE /v2.0/subnets/15b55ec3-4dfb-4bbe-b44f-626f0efa4b0e HTTP/1.1" status: 404 len: 337 time: 0.0087838
2026-05-11 11:59:26.339 9 INFO neutron.db.ovn_revision_numbers_db [None req-7972e6ab-bd5e-44b3-b6a8-bdc200bcc7c9 0ea5445e73b44f56bee2c8bc447ff126 d2931fd4aea146dbbe9c12e461ca1d55 - - default default] Successfully bumped revision number for resource 087bccfe-2287-442a-a464-b18ac2921ea7 (type: security_group_rules) to 0
2026-05-11 11:59:26.525 9 INFO neutron.db.ovn_revision_numbers_db [None req-7972e6ab-bd5e-44b3-b6a8-bdc200bcc7c9 0ea5445e73b44f56bee2c8bc447ff126 d2931fd4aea146dbbe9c12e461ca1d55 - - default default] Successfully bumped revision number for resource 3b5fe401-642b-4c5a-870f-85bc25fded41 (type: security_group_rules) to 0
2026-05-11 11:59:26.692 9 INFO neutron.api.wsgi [None req-7972e6ab-bd5e-44b3-b6a8-bdc200bcc7c9 0ea5445e73b44f56bee2c8bc447ff126 d2931fd4aea146dbbe9c12e461ca1d55 - - default default] 10.0.0.95 "POST /v2.0/security-groups HTTP/1.1" status: 201 len: 1801 time: 1.1992869
2026-05-11 11:59:26.696 9 INFO neutron.api.wsgi [None req-05d1e67d-a9b2-42a8-8a04-0621b7726483 344781b6fe384ea397babaa2aa9e54c9 3daaa9c5d33442b19cf54d2bcb8ec793 - - default default] 10.0.0.95 "DELETE /v2.0/ports/a32d8ac7-ecf4-4c58-bde7-610acf781e41 HTTP/1.1" status: 204 len: 168 time: 0.4668832
2026-05-11 11:59:26.701 9 WARNING neutron_lib.context [None req-df76a934-1626-41b4-9133-bf0d326cc8d2 0ea5445e73b44f56bee2c8bc447ff126 d2931fd4aea146dbbe9c12e461ca1d55 - - default default] Method 'is_advsvc' is deprecated since 2023.2 release (neutron-lib 3.8.0) and will be removed once support for the old RBAC API policies will be removed from Neutron. Please use method 'is_service_role' instead.
2026-05-11 11:59:26.791 10 INFO neutron.api.wsgi [None req-4d10fc75-ed90-4d8c-90fc-f4d82ea933ee 21f213de4a904c03bf20b2f226e2c45a 1c5074aad43e4f538ffabfc416f3d63b - - default default] 10.0.0.95 "DELETE /v2.0/security-groups/2f18649b-596d-4a86-b4e8-d8298dedcf97 HTTP/1.1" status: 204 len: 168 time: 0.7277124
2026-05-11 11:59:26.956 9 INFO neutron.db.ovn_revision_numbers_db [None req-df76a934-1626-41b4-9133-bf0d326cc8d2 0ea5445e73b44f56bee2c8bc447ff126 d2931fd4aea146dbbe9c12e461ca1d55 - - default default] Successfully bumped revision number for resource 3222e438-5e41-4d64-aa6e-99ac8a021909 (type: security_groups) to 1
2026-05-11 11:59:27.145 9 INFO neutron.db.ovn_revision_numbers_db [None req-df76a934-1626-41b4-9133-bf0d326cc8d2 0ea5445e73b44f56bee2c8bc447ff126 d2931fd4aea146dbbe9c12e461ca1d55 - - default default] Successfully bumped revision number for resource 5ffdefc8-462f-45bc-b933-456785c1fea7 (type: security_group_rules) to 0
2026-05-11 11:59:27.192 9 INFO neutron.db.ovn_revision_numbers_db [None req-df76a934-1626-41b4-9133-bf0d326cc8d2 0ea5445e73b44f56bee2c8bc447ff126 d2931fd4aea146dbbe9c12e461ca1d55 - - default default] Successfully bumped revision number for resource 775718f6-fa3e-448d-8b9c-ac95de43340a (type: security_group_rules) to 0
2026-05-11 11:59:27.226 10 INFO neutron.services.segments.plugin [-] Segment 0491cd68-58f7-4672-b9fe-4ef1da8dae09 resource provider aggregate not found
2026-05-11 11:59:27.234 10 INFO neutron.services.segments.plugin [-] Segment 0491cd68-58f7-4672-b9fe-4ef1da8dae09 resource provider aggregate not found
2026-05-11 11:59:27.240 10 INFO neutron.services.segments.plugin [-] Segment 0491cd68-58f7-4672-b9fe-4ef1da8dae09 resource provider not found; error: Placement Client Error (4xx): {"errors": [{"status": 404, "title": "Not Found", "detail": "The resource could not be found.\n\n No resource provider with uuid 0491cd68-58f7-4672-b9fe-4ef1da8dae09 found for delete ", "request_id": "req-a5ff0a68-25c4-4b0e-ac92-89cd57832cb3"}]}
2026-05-11 11:59:27.253 10 INFO neutron.services.segments.plugin [-] Segment 0491cd68-58f7-4672-b9fe-4ef1da8dae09 resource provider not found; error: Placement Client Error (4xx): {"errors": [{"status": 404, "title": "Not Found", "detail": "The resource could not be found.\n\n No resource provider with uuid 0491cd68-58f7-4672-b9fe-4ef1da8dae09 found for delete ", "request_id": "req-9e8efaae-da4f-40f8-bf2a-f391238bfeb1"}]}
2026-05-11 11:59:27.279 9 INFO neutron.api.wsgi [None req-df76a934-1626-41b4-9133-bf0d326cc8d2 0ea5445e73b44f56bee2c8bc447ff126 d2931fd4aea146dbbe9c12e461ca1d55 - - default default] 10.0.0.95 "POST /v2.0/security-groups HTTP/1.1" status: 201 len: 1801 time: 0.5811224
2026-05-11 11:59:27.391 10 INFO neutron.api.wsgi [None req-1f400b60-cb27-49be-a24b-8c94973281e9 0ea5445e73b44f56bee2c8bc447ff126 d2931fd4aea146dbbe9c12e461ca1d55 - - default default] 10.0.0.95 "PUT /v2.0/security-groups/92145a97-6f59-4634-ab89-7e6d5d2047a3/tags HTTP/1.1" status: 200 len: 210 time: 0.1049404
2026-05-11 11:59:27.440 10 INFO neutron.api.wsgi [None req-38b6dd81-94bb-4684-9370-3e7daaa25469 344781b6fe384ea397babaa2aa9e54c9 3daaa9c5d33442b19cf54d2bcb8ec793 - - default default] 10.0.0.95 "DELETE /v2.0/networks/fbf8b893-5e60-4bbf-a602-9ae216e12a8c HTTP/1.1" status: 204 len: 168 time: 0.7378578
2026-05-11 11:59:27.472 10 INFO neutron.api.wsgi [None req-4e3fb82b-f97f-48c7-bfd9-1a5956b3de10 0ea5445e73b44f56bee2c8bc447ff126 d2931fd4aea146dbbe9c12e461ca1d55 - - default default] 10.0.0.95 "PUT /v2.0/security-groups/169c1d57-da64-49e8-8fad-6264bf5b0ba4/tags HTTP/1.1" status: 200 len: 218 time: 0.0758522
2026-05-11 11:59:27.644 10 INFO neutron.api.wsgi [None req-a1c793c2-c846-46ad-bff2-d340f8702f4f 0ea5445e73b44f56bee2c8bc447ff126 d2931fd4aea146dbbe9c12e461ca1d55 - - default default] 10.0.0.95 "PUT /v2.0/security-groups/0d4d6f84-4759-417a-a468-214ff10121ab/tags HTTP/1.1" status: 200 len: 227 time: 0.1672251
2026-05-11 11:59:27.752 10 INFO neutron.api.wsgi [None req-4578a92f-2b12-4cce-9fcc-a62aaf4029fe 0ea5445e73b44f56bee2c8bc447ff126 d2931fd4aea146dbbe9c12e461ca1d55 - - default default] 10.0.0.95 "PUT /v2.0/security-groups/d86687ea-1e48-414a-ae3b-3f3781e50b8d/tags HTTP/1.1" status: 200 len: 212 time: 0.1030922
2026-05-11 11:59:27.762 9 INFO neutron.api.wsgi [req-f05289ec-5c15-4b53-9235-c9394bfb77b2 req-358c9081-9f51-4dc2-a987-da6ced24e29d 38d510e7a3fd4a80907efb70012546ca c38a8d7371ab450cbb258205ee89a7fd - - e4896e14d21a4d678fd41e97fb08e427 e4896e14d21a4d678fd41e97fb08e427] 10.0.0.46 "GET /v2.0/ports?device_id=7eb5f240-19a6-493c-94a3-7aa8026383e8 HTTP/1.1" status: 200 len: 1409 time: 0.0440269
2026-05-11 11:59:27.796 10 INFO neutron.api.wsgi [None req-f2f2c1d1-abdc-4b02-aeb8-89236821a2c5 0ea5445e73b44f56bee2c8bc447ff126 d2931fd4aea146dbbe9c12e461ca1d55 - - default default] 10.0.0.95 "GET /v2.0/security-groups?tags=red HTTP/1.1" status: 200 len: 4999 time: 0.0385664
2026-05-11 11:59:27.808 9 INFO neutron.api.wsgi [req-f05289ec-5c15-4b53-9235-c9394bfb77b2 req-e37db134-f100-440f-9d9d-928ad1dd37a2 38d510e7a3fd4a80907efb70012546ca c38a8d7371ab450cbb258205ee89a7fd - - e4896e14d21a4d678fd41e97fb08e427 e4896e14d21a4d678fd41e97fb08e427] 10.0.0.46 "GET /v2.0/security-groups?id=4c390a8a-1d4c-4883-9f11-6657f8790784&fields=id&fields=name HTTP/1.1" status: 200 len: 313 time: 0.0386848
2026-05-11 11:59:27.849 10 INFO neutron.api.wsgi [None req-a77982b3-491c-47c6-802c-66a2746814c5 0ea5445e73b44f56bee2c8bc447ff126 d2931fd4aea146dbbe9c12e461ca1d55 - - default default] 10.0.0.95 "GET /v2.0/security-groups?tags=red%2Cblue HTTP/1.1" status: 200 len: 3413 time: 0.0454838
2026-05-11 11:59:27.893 10 INFO neutron.api.wsgi [None req-05fbd0e3-1a7e-48ca-8a06-f0e58d2d8f11 0ea5445e73b44f56bee2c8bc447ff126 d2931fd4aea146dbbe9c12e461ca1d55 - - default default] 10.0.0.95 "GET /v2.0/security-groups?tags-any=blue HTTP/1.1" status: 200 len: 3413 time: 0.0374353
2026-05-11 11:59:27.936 10 INFO neutron.api.wsgi [None req-349a973c-a905-4c5d-8045-7f2f6f794aeb 0ea5445e73b44f56bee2c8bc447ff126 d2931fd4aea146dbbe9c12e461ca1d55 - - default default] 10.0.0.95 "GET /v2.0/security-groups?tags-any=red%2Cblue HTTP/1.1" status: 200 len: 4999 time: 0.0374088
2026-05-11 11:59:27.995 10 INFO neutron.api.wsgi [None req-8d8a02b3-6446-432b-bc24-dc4949c629d1 0ea5445e73b44f56bee2c8bc447ff126 d2931fd4aea146dbbe9c12e461ca1d55 - - default default] 10.0.0.95 "GET /v2.0/security-groups?not-tags=red HTTP/1.1" status: 200 len: 6289 time: 0.0543718
2026-05-11 11:59:28.040 10 INFO neutron.api.wsgi [None req-1ec99fe8-09f3-41a5-8be0-7f9a3e21cfe4 0ea5445e73b44f56bee2c8bc447ff126 d2931fd4aea146dbbe9c12e461ca1d55 - - default default] 10.0.0.95 "GET /v2.0/security-groups?not-tags=red%2Cblue HTTP/1.1" status: 200 len: 7875 time: 0.0385685
2026-05-11 11:59:28.095 10 INFO neutron.api.wsgi [None req-9290528f-5e80-4d8e-a595-7e088838b6da 0ea5445e73b44f56bee2c8bc447ff126 d2931fd4aea146dbbe9c12e461ca1d55 - - default default] 10.0.0.95 "GET /v2.0/security-groups?not-tags-any=blue HTTP/1.1" status: 200 len: 7875 time: 0.0468674
2026-05-11 11:59:28.136 10 INFO neutron.api.wsgi [None req-c7fc9d02-951f-4a3b-9ce2-12669a9d4865 0ea5445e73b44f56bee2c8bc447ff126 d2931fd4aea146dbbe9c12e461ca1d55 - - default default] 10.0.0.95 "GET /v2.0/security-groups?not-tags-any=red%2Cblue HTTP/1.1" status: 200 len: 6289 time: 0.0353625
2026-05-11 11:59:28.293 10 INFO neutron.api.wsgi [None req-dba2df66-1633-4239-b219-5a1612147bbb 0ea5445e73b44f56bee2c8bc447ff126 d2931fd4aea146dbbe9c12e461ca1d55 - - default default] 10.0.0.95 "DELETE /v2.0/security-groups/92145a97-6f59-4634-ab89-7e6d5d2047a3 HTTP/1.1" status: 204 len: 168 time: 0.1500449
2026-05-11 11:59:28.362 9 INFO neutron.api.wsgi [None req-13f174ef-25a6-4329-b46d-df8224465425 21f213de4a904c03bf20b2f226e2c45a 1c5074aad43e4f538ffabfc416f3d63b - - default default] 10.0.0.95 "GET /v2.0/security-groups?tenant_id=3daaa9c5d33442b19cf54d2bcb8ec793&name=default HTTP/1.1" status: 200 len: 3120 time: 0.2187014
2026-05-11 11:59:28.587 10 INFO neutron.api.wsgi [None req-903aedcb-80cf-434b-be14-d446cf9fb383 0ea5445e73b44f56bee2c8bc447ff126 d2931fd4aea146dbbe9c12e461ca1d55 - - default default] 10.0.0.95 "DELETE /v2.0/security-groups/169c1d57-da64-49e8-8fad-6264bf5b0ba4 HTTP/1.1" status: 204 len: 168 time: 0.2878067
2026-05-11 11:59:28.770 10 INFO neutron.api.wsgi [None req-298c3884-740b-4ec6-8b25-39046444ee9d 0ea5445e73b44f56bee2c8bc447ff126 d2931fd4aea146dbbe9c12e461ca1d55 - - default default] 10.0.0.95 "DELETE /v2.0/security-groups/0d4d6f84-4759-417a-a468-214ff10121ab HTTP/1.1" status: 204 len: 168 time: 0.1783369
2026-05-11 11:59:28.800 10 INFO neutron.api.wsgi [None req-62d275ce-4cd7-4f42-a4ad-96a7404b49f5 21f213de4a904c03bf20b2f226e2c45a 1c5074aad43e4f538ffabfc416f3d63b - - default default] 10.0.0.95 "DELETE /v2.0/security-groups/71b784f4-10f3-40fc-8734-c6692cef7c58 HTTP/1.1" status: 204 len: 168 time: 0.4310222
2026-05-11 11:59:28.868 9 INFO neutron.api.wsgi [None req-828bc9a0-de67-4389-ab7e-4b76593ff98c 0ea5445e73b44f56bee2c8bc447ff126 d2931fd4aea146dbbe9c12e461ca1d55 - - default default] 10.0.0.95 "DELETE /v2.0/security-groups/d86687ea-1e48-414a-ae3b-3f3781e50b8d HTTP/1.1" status: 204 len: 168 time: 0.0930519
2026-05-11 11:59:28.987 10 INFO neutron.api.wsgi [None req-3da43e0e-0537-4f16-be5d-2201de8f55d3 0ea5445e73b44f56bee2c8bc447ff126 d2931fd4aea146dbbe9c12e461ca1d55 - - default default] 10.0.0.95 "DELETE /v2.0/security-groups/3222e438-5e41-4d64-aa6e-99ac8a021909 HTTP/1.1" status: 204 len: 168 time: 0.1134427
2026-05-11 11:59:29.410 10 INFO neutron.api.wsgi [None req-02c393ec-8bf3-461c-a4b7-b1be4a19482c c21a0cb5a924423095ce91ecb862b232 b7cd30196dee4151a3d7258c023410b5 - - default default] 10.0.0.95 "GET /v2.0/ports?project_id=1dcfcaee710f403f835758029f04e121&network_id=63676d93-8aba-4cf5-8806-18633dc0690e HTTP/1.1" status: 200 len: 3510 time: 0.0687897
2026-05-11 11:59:29.501 15 INFO neutron.plugins.ml2.drivers.ovn.mech_driver.ovsdb.maintenance [None req-26340952-0d88-4d3d-8d70-12719f37a96b - - - - - -] OVN maintenance task check_for_inconsistencies finished in 3.787 seconds
2026-05-11 11:59:29.554 10 INFO neutron.db.ovn_revision_numbers_db [None req-cb007048-bf5a-44b1-9129-bf761a74d268 21f213de4a904c03bf20b2f226e2c45a 1c5074aad43e4f538ffabfc416f3d63b - - default default] Successfully bumped revision number for resource aad6b1f9-f5b6-41c6-8934-a50f007d5087 (type: security_groups) to 1
2026-05-11 11:59:29.584 10 INFO neutron.db.ovn_revision_numbers_db [None req-cb007048-bf5a-44b1-9129-bf761a74d268 21f213de4a904c03bf20b2f226e2c45a 1c5074aad43e4f538ffabfc416f3d63b - - default default] Successfully bumped revision number for resource 1104fec4-2360-4a67-bb1d-67082ca3b3f9 (type: security_group_rules) to 0
2026-05-11 11:59:29.606 10 INFO neutron.db.ovn_revision_numbers_db [None req-cb007048-bf5a-44b1-9129-bf761a74d268 21f213de4a904c03bf20b2f226e2c45a 1c5074aad43e4f538ffabfc416f3d63b - - default default] Successfully bumped revision number for resource 3f19818f-30c8-48dc-812e-2ad6cb32420d (type: security_group_rules) to 0
2026-05-11 11:59:29.622 10 INFO neutron.db.ovn_revision_numbers_db [None req-cb007048-bf5a-44b1-9129-bf761a74d268 21f213de4a904c03bf20b2f226e2c45a 1c5074aad43e4f538ffabfc416f3d63b - - default default] Successfully bumped revision number for resource bb026f35-30cb-4b25-b52e-8612e93ac053 (type: security_group_rules) to 0
2026-05-11 11:59:29.636 10 INFO neutron.db.ovn_revision_numbers_db [None req-cb007048-bf5a-44b1-9129-bf761a74d268 21f213de4a904c03bf20b2f226e2c45a 1c5074aad43e4f538ffabfc416f3d63b - - default default] Successfully bumped revision number for resource ebb9ede3-b767-4b9c-891f-7ae7e8917424 (type: security_group_rules) to 0
2026-05-11 11:59:29.686 9 INFO neutron.api.wsgi [None req-96676cdf-72ee-4431-b483-e66889bc878e c21a0cb5a924423095ce91ecb862b232 b7cd30196dee4151a3d7258c023410b5 - - default default] 10.0.0.95 "GET /v2.0/subnets?network_id=0d717159-7539-4bff-a424-916c146de2d1 HTTP/1.1" status: 200 len: 861 time: 0.0354288
2026-05-11 11:59:29.710 10 INFO neutron.db.segments_db [None req-cb007048-bf5a-44b1-9129-bf761a74d268 21f213de4a904c03bf20b2f226e2c45a 1c5074aad43e4f538ffabfc416f3d63b - - default default] Added segment 6520e299-c508-4811-b759-75ff0f8b1f3a of type geneve for network 0a765aa3-88eb-4c95-be03-351efc9a7c29
2026-05-11 11:59:29.827 10 INFO neutron.db.ovn_revision_numbers_db [None req-cb007048-bf5a-44b1-9129-bf761a74d268 21f213de4a904c03bf20b2f226e2c45a 1c5074aad43e4f538ffabfc416f3d63b - - default default] Successfully bumped revision number for resource 0a765aa3-88eb-4c95-be03-351efc9a7c29 (type: networks) to 1
2026-05-11 11:59:30.033 10 WARNING neutron.scheduler.dhcp_agent_scheduler [None req-cb007048-bf5a-44b1-9129-bf761a74d268 21f213de4a904c03bf20b2f226e2c45a 1c5074aad43e4f538ffabfc416f3d63b - - default default] No more DHCP agents
2026-05-11 11:59:30.035 10 WARNING neutron.api.rpc.agentnotifiers.dhcp_rpc_agent_api [None req-cb007048-bf5a-44b1-9129-bf761a74d268 21f213de4a904c03bf20b2f226e2c45a 1c5074aad43e4f538ffabfc416f3d63b - - default default] Unable to schedule network 0a765aa3-88eb-4c95-be03-351efc9a7c29: no agents available; will retry on subsequent port and subnet creation events.
2026-05-11 11:59:30.044 10 INFO neutron.db.ovn_revision_numbers_db [None req-f5f93057-cff4-499e-843e-24a8f2a1cf92 9a4e2b9214d24cb6af2303f7d8eab562 1dcfcaee710f403f835758029f04e121 - - default default] Successfully bumped revision number for resource ab09a286-5862-47cb-a180-e8f07d8af77a (type: floatingips) to 2
2026-05-11 11:59:30.112 10 INFO neutron.db.l3_db [None req-f5f93057-cff4-499e-843e-24a8f2a1cf92 9a4e2b9214d24cb6af2303f7d8eab562 1dcfcaee710f403f835758029f04e121 - - default default] Floating IP ab09a286-5862-47cb-a180-e8f07d8af77a disassociated. External IP: 10.96.250.211, port: 7b011df3-9890-4a01-a35d-e37e6bf084bf.
2026-05-11 11:59:30.123 10 INFO neutron.db.ovn_revision_numbers_db [None req-cb007048-bf5a-44b1-9129-bf761a74d268 21f213de4a904c03bf20b2f226e2c45a 1c5074aad43e4f538ffabfc416f3d63b - - default default] Successfully bumped revision number for resource a10c5efe-db8a-4c81-b1fc-81d44b32c5bc (type: ports) to 1
2026-05-11 11:59:30.141 10 INFO neutron.api.wsgi [None req-f5f93057-cff4-499e-843e-24a8f2a1cf92 9a4e2b9214d24cb6af2303f7d8eab562 1dcfcaee710f403f835758029f04e121 - - default default] 10.0.0.95 "PUT /v2.0/floatingips/ab09a286-5862-47cb-a180-e8f07d8af77a HTTP/1.1" status: 200 len: 748 time: 0.2662816
2026-05-11 11:59:30.157 9 INFO neutron.db.ovn_revision_numbers_db [None req-3d3d8847-4463-4371-95bd-79021fed3a8b 21f213de4a904c03bf20b2f226e2c45a 1c5074aad43e4f538ffabfc416f3d63b - - default default] Successfully bumped revision number for resource 7cfe1408-d48c-426b-ab5c-6f9533052978 (type: security_groups) to 1
2026-05-11 11:59:30.161 10 INFO neutron.api.wsgi [None req-cb007048-bf5a-44b1-9129-bf761a74d268 21f213de4a904c03bf20b2f226e2c45a 1c5074aad43e4f538ffabfc416f3d63b - - default default] 10.0.0.95 "POST /v2.0/networks HTTP/1.1" status: 201 len: 946 time: 1.0108426
2026-05-11 11:59:30.168 10 INFO neutron.api.wsgi [None req-b2c668b6-de62-4d6c-a81d-f6813d5e3860 9a4e2b9214d24cb6af2303f7d8eab562 1dcfcaee710f403f835758029f04e121 - - default default] 10.0.0.95 "GET /v2.0/floatingips/ab09a286-5862-47cb-a180-e8f07d8af77a HTTP/1.1" status: 200 len: 746 time: 0.0216880 /var/lib/openstack/lib/python3.12/site-packages/pycadf/identifier.py:71: UserWarning: Invalid uuid: neutron. To ensure interoperability, identifiers should be a valid uuid. warnings.warn(('Invalid uuid: %s. To ensure interoperability, '
2026-05-11 11:59:30.177 9 INFO neutron.db.ovn_revision_numbers_db [None req-3d3d8847-4463-4371-95bd-79021fed3a8b 21f213de4a904c03bf20b2f226e2c45a 1c5074aad43e4f538ffabfc416f3d63b - - default default] Successfully bumped revision number for resource 6bd5d615-ee6b-4420-8c04-dccb700083c0 (type: security_group_rules) to 0
2026-05-11 11:59:30.181 10 INFO neutron.notifiers.nova [-] Nova event matching ['req-04cce28e-3641-4d7f-8b30-7d4bddd05bff'] response: {'name': 'network-changed', 'server_uuid': '7eb5f240-19a6-493c-94a3-7aa8026383e8', 'tag': '7b011df3-9890-4a01-a35d-e37e6bf084bf', 'status': 'completed', 'code': 200}
2026-05-11 11:59:30.190 9 INFO neutron.db.ovn_revision_numbers_db [None req-3d3d8847-4463-4371-95bd-79021fed3a8b 21f213de4a904c03bf20b2f226e2c45a 1c5074aad43e4f538ffabfc416f3d63b - - default default] Successfully bumped revision number for resource 77f889ea-9ed9-49c6-b76a-eaf4b7b3864c (type: security_group_rules) to 0
2026-05-11 11:59:30.208 9 INFO neutron.db.ovn_revision_numbers_db [None req-3d3d8847-4463-4371-95bd-79021fed3a8b 21f213de4a904c03bf20b2f226e2c45a 1c5074aad43e4f538ffabfc416f3d63b - - default default] Successfully bumped revision number for resource 84edac2f-0049-4f04-9d5a-5d2d4dc0a73a (type: security_group_rules) to 0
2026-05-11 11:59:30.222 9 INFO neutron.db.ovn_revision_numbers_db [None req-3d3d8847-4463-4371-95bd-79021fed3a8b 21f213de4a904c03bf20b2f226e2c45a 1c5074aad43e4f538ffabfc416f3d63b - - default default] Successfully bumped revision number for resource c10c15e6-9545-4a1d-88a1-fbaddeb63b89 (type: security_group_rules) to 0
2026-05-11 11:59:30.257 9 INFO neutron.api.wsgi [None req-3d3d8847-4463-4371-95bd-79021fed3a8b 21f213de4a904c03bf20b2f226e2c45a 1c5074aad43e4f538ffabfc416f3d63b - - default default] 10.0.0.95 "GET /v2.0/security-groups?tenant_id=c8f163c729d24b6c8e6bdd38d4f957ed&name=default HTTP/1.1" status: 200 len: 3120 time: 0.3727345
2026-05-11 11:59:30.305 9 WARNING neutron.scheduler.dhcp_agent_scheduler [None req-6531e3a0-f34e-48dc-8779-cfe5fa4b80ac 21f213de4a904c03bf20b2f226e2c45a 1c5074aad43e4f538ffabfc416f3d63b - - default default] No more DHCP agents
2026-05-11 11:59:30.306 9 WARNING neutron.api.rpc.agentnotifiers.dhcp_rpc_agent_api [None req-6531e3a0-f34e-48dc-8779-cfe5fa4b80ac 21f213de4a904c03bf20b2f226e2c45a 1c5074aad43e4f538ffabfc416f3d63b - - default default] Unable to schedule network 0a765aa3-88eb-4c95-be03-351efc9a7c29: no agents available; will retry on subsequent port and subnet creation events.
2026-05-11 11:59:30.464 10 INFO neutron.api.wsgi [None req-50a16232-7ff4-4cfb-8d1f-fbe16672afc4 21f213de4a904c03bf20b2f226e2c45a 1c5074aad43e4f538ffabfc416f3d63b - - default default] 10.0.0.95 "DELETE /v2.0/security-groups/7cfe1408-d48c-426b-ab5c-6f9533052978 HTTP/1.1" status: 204 len: 168 time: 0.2018294
2026-05-11 11:59:30.634 9 INFO neutron.api.wsgi [None req-36fd0f36-4cc9-43b9-aa14-4681b5f0a1b8 21f213de4a904c03bf20b2f226e2c45a 1c5074aad43e4f538ffabfc416f3d63b - - default default] 10.0.0.95 "GET /v2.0/security-groups?tenant_id=d2931fd4aea146dbbe9c12e461ca1d55&name=default HTTP/1.1" status: 200 len: 3120 time: 0.0340679
2026-05-11 11:59:30.703 10 WARNING neutron_lib.context [None req-7dfe1a1f-1137-4c14-88bd-ef50d9bd4900 e19686a30ffd44e39cddabdc8ab73d51 03acdb2d4e994d9da07593807b0e45db - - default default] Method 'is_advsvc' is deprecated since 2023.2 release (neutron-lib 3.8.0) and will be removed once support for the old RBAC API policies will be removed from Neutron. Please use method 'is_service_role' instead.
2026-05-11 11:59:30.718 9 INFO neutron.db.ovn_revision_numbers_db [None req-0a50be4b-4704-4feb-a755-645a16854ae5 - - - - - -] Successfully bumped revision number for resource a10c5efe-db8a-4c81-b1fc-81d44b32c5bc (type: ports) to 2
2026-05-11 11:59:30.723 10 INFO neutron.api.wsgi [req-8c31802f-880f-4376-a58e-4b0edf5699bc req-d9092aa7-f5af-47de-ae07-70916cc3ee78 38d510e7a3fd4a80907efb70012546ca c38a8d7371ab450cbb258205ee89a7fd - - e4896e14d21a4d678fd41e97fb08e427 e4896e14d21a4d678fd41e97fb08e427] 199.204.45.72 "GET /v2.0/ports?tenant_id=1dcfcaee710f403f835758029f04e121&device_id=7eb5f240-19a6-493c-94a3-7aa8026383e8 HTTP/1.1" status: 200 len: 1409 time: 0.0336902
2026-05-11 11:59:30.749 9 INFO neutron.db.ovn_revision_numbers_db [None req-0a50be4b-4704-4feb-a755-645a16854ae5 - - - - - -] Successfully bumped revision number for resource dadb21db-fad0-4961-b3ca-15ebb2435eea (type: subnets) to 0
2026-05-11 11:59:30.765 9 INFO neutron.api.wsgi [None req-6531e3a0-f34e-48dc-8779-cfe5fa4b80ac 21f213de4a904c03bf20b2f226e2c45a 1c5074aad43e4f538ffabfc416f3d63b - - default default] 10.0.0.95 "POST /v2.0/subnets HTTP/1.1" status: 201 len: 890 time: 0.5968716
2026-05-11 11:59:30.771 10 INFO neutron.api.wsgi [req-8c31802f-880f-4376-a58e-4b0edf5699bc req-8201957f-6b41-4860-af7d-6fdd738f2dc4 38d510e7a3fd4a80907efb70012546ca c38a8d7371ab450cbb258205ee89a7fd - - e4896e14d21a4d678fd41e97fb08e427 e4896e14d21a4d678fd41e97fb08e427] 199.204.45.72 "GET /v2.0/networks?id=63676d93-8aba-4cf5-8806-18633dc0690e HTTP/1.1" status: 200 len: 958 time: 0.0419464
2026-05-11 11:59:30.798 10 INFO neutron.api.wsgi [req-8c31802f-880f-4376-a58e-4b0edf5699bc req-b4882a23-f848-46b1-a19e-3e716ba095cb 38d510e7a3fd4a80907efb70012546ca c38a8d7371ab450cbb258205ee89a7fd - - e4896e14d21a4d678fd41e97fb08e427 e4896e14d21a4d678fd41e97fb08e427] 199.204.45.72 "GET /v2.0/floatingips?fixed_ip_address=10.100.0.4&port_id=7b011df3-9890-4a01-a35d-e37e6bf084bf HTTP/1.1" status: 200 len: 217 time: 0.0199010
2026-05-11 11:59:30.830 9 INFO neutron.api.wsgi [None req-d1cafe28-8f84-47b9-b18f-ea47c5f80c6b 21f213de4a904c03bf20b2f226e2c45a 1c5074aad43e4f538ffabfc416f3d63b - - default default] 10.0.0.95 "DELETE /v2.0/security-groups/eec6810c-e6da-4156-adbb-9548090054cc HTTP/1.1" status: 204 len: 168 time: 0.1916418
2026-05-11 11:59:30.846 10 INFO neutron.api.wsgi [req-8c31802f-880f-4376-a58e-4b0edf5699bc req-e7794ec5-2247-4d24-9d49-626286832bdd 38d510e7a3fd4a80907efb70012546ca c38a8d7371ab450cbb258205ee89a7fd - - e4896e14d21a4d678fd41e97fb08e427 e4896e14d21a4d678fd41e97fb08e427] 199.204.45.72 "GET /v2.0/subnets?id=9a23c8b4-ca65-47b6-9e4c-3de66424a766 HTTP/1.1" status: 200 len: 876 time: 0.0403740
2026-05-11 11:59:30.871 10 INFO neutron.api.wsgi [req-8c31802f-880f-4376-a58e-4b0edf5699bc req-49b9e31f-3c2e-4e4b-9c79-03541304a3b9 38d510e7a3fd4a80907efb70012546ca c38a8d7371ab450cbb258205ee89a7fd - - e4896e14d21a4d678fd41e97fb08e427 e4896e14d21a4d678fd41e97fb08e427] 199.204.45.72 "GET /v2.0/ports?network_id=63676d93-8aba-4cf5-8806-18633dc0690e&device_owner=network%3Adhcp HTTP/1.1" status: 200 len: 210 time: 0.0157580
2026-05-11 11:59:30.905 10 INFO neutron.db.ovn_revision_numbers_db [None req-7dfe1a1f-1137-4c14-88bd-ef50d9bd4900 e19686a30ffd44e39cddabdc8ab73d51 03acdb2d4e994d9da07593807b0e45db - - default default] Successfully bumped revision number for resource 60ff822f-9d23-4b4e-904c-7522d72271c7 (type: security_groups) to 1
2026-05-11 11:59:30.939 10 INFO neutron.db.ovn_revision_numbers_db [None req-7dfe1a1f-1137-4c14-88bd-ef50d9bd4900 e19686a30ffd44e39cddabdc8ab73d51 03acdb2d4e994d9da07593807b0e45db - - default default] Successfully bumped revision number for resource 00531e9d-b4c6-495c-a371-98512750f52b (type: security_group_rules) to 0
2026-05-11 11:59:30.948 10 INFO neutron.api.wsgi [req-8c31802f-880f-4376-a58e-4b0edf5699bc req-53efaf2d-6afd-471f-9a44-0c4a9325191d 38d510e7a3fd4a80907efb70012546ca c38a8d7371ab450cbb258205ee89a7fd - - e4896e14d21a4d678fd41e97fb08e427 e4896e14d21a4d678fd41e97fb08e427] 199.204.45.72 "GET /v2.0/networks/63676d93-8aba-4cf5-8806-18633dc0690e?fields=segments HTTP/1.1" status: 200 len: 212 time: 0.0668926
2026-05-11 11:59:30.962 10 INFO neutron.db.ovn_revision_numbers_db [None req-7dfe1a1f-1137-4c14-88bd-ef50d9bd4900 e19686a30ffd44e39cddabdc8ab73d51 03acdb2d4e994d9da07593807b0e45db - - default default] Successfully bumped revision number for resource 1ade440c-6346-4e5c-800a-ba6de7810cf9 (type: security_group_rules) to 0
2026-05-11 11:59:30.987 10 INFO neutron.db.ovn_revision_numbers_db [None req-7dfe1a1f-1137-4c14-88bd-ef50d9bd4900 e19686a30ffd44e39cddabdc8ab73d51 03acdb2d4e994d9da07593807b0e45db - - default default] Successfully bumped revision number for resource 273863de-f217-443c-a064-1225f9ba0f93 (type: security_group_rules) to 0
2026-05-11 11:59:31.011 10 INFO neutron.api.wsgi [req-8c31802f-880f-4376-a58e-4b0edf5699bc req-536f216e-c31b-4dc4-9e0d-85ecfcd35a67 38d510e7a3fd4a80907efb70012546ca c38a8d7371ab450cbb258205ee89a7fd - - e4896e14d21a4d678fd41e97fb08e427 e4896e14d21a4d678fd41e97fb08e427] 199.204.45.72 "GET /v2.0/networks/63676d93-8aba-4cf5-8806-18633dc0690e?fields=provider%3Aphysical_network&fields=provider%3Anetwork_type HTTP/1.1" status: 200 len: 277 time: 0.0567174
2026-05-11 11:59:31.012 10 INFO neutron.db.ovn_revision_numbers_db [None req-7dfe1a1f-1137-4c14-88bd-ef50d9bd4900 e19686a30ffd44e39cddabdc8ab73d51 03acdb2d4e994d9da07593807b0e45db - - default default] Successfully bumped revision number for resource cf331bf3-a11b-4ce1-ae01-1ddc1be83cb6 (type: security_group_rules) to 0
2026-05-11 11:59:31.097 9 INFO neutron.db.ovn_revision_numbers_db [None req-312646a8-5446-452b-964c-f550eafdc62a 21f213de4a904c03bf20b2f226e2c45a 1c5074aad43e4f538ffabfc416f3d63b - - default default] Successfully bumped revision number for resource 047aa2ad-d240-4df8-830e-040ce7b4b0ce (type: security_groups) to 1
2026-05-11 11:59:31.101 10 INFO neutron.db.segments_db [None req-7dfe1a1f-1137-4c14-88bd-ef50d9bd4900 e19686a30ffd44e39cddabdc8ab73d51 03acdb2d4e994d9da07593807b0e45db - - default default] Added segment 65056123-bc6b-4147-9abe-055bf2b3265c of type geneve for network 675e1d7d-0dad-4e15-a839-60ee695d9379
2026-05-11 11:59:31.108 9 INFO neutron.db.ovn_revision_numbers_db [None req-312646a8-5446-452b-964c-f550eafdc62a 21f213de4a904c03bf20b2f226e2c45a 1c5074aad43e4f538ffabfc416f3d63b - - default default] Successfully bumped revision number for resource 01fc7315-f78a-4730-b2b8-943034ed1ddf (type: security_group_rules) to 0
2026-05-11 11:59:31.121 9 INFO neutron.db.ovn_revision_numbers_db [None req-312646a8-5446-452b-964c-f550eafdc62a 21f213de4a904c03bf20b2f226e2c45a 1c5074aad43e4f538ffabfc416f3d63b - - default default] Successfully bumped revision number for resource a17de642-1828-4165-96dd-e42a01a5968d (type: security_group_rules) to 0
2026-05-11 11:59:31.133 9 INFO neutron.db.ovn_revision_numbers_db [None req-312646a8-5446-452b-964c-f550eafdc62a 21f213de4a904c03bf20b2f226e2c45a 1c5074aad43e4f538ffabfc416f3d63b - - default default] Successfully bumped revision number for resource ba6a78b6-b456-4a82-a5dc-4d10d74d796c (type: security_group_rules) to 0
2026-05-11 11:59:31.146 9 INFO neutron.db.ovn_revision_numbers_db [None req-312646a8-5446-452b-964c-f550eafdc62a 21f213de4a904c03bf20b2f226e2c45a 1c5074aad43e4f538ffabfc416f3d63b - - default default] Successfully bumped revision number for resource ccc7a416-704a-45ad-bdd7-2e7883bd8fb5 (type: security_group_rules) to 0
2026-05-11 11:59:31.179 9 INFO neutron.api.wsgi [None req-312646a8-5446-452b-964c-f550eafdc62a 21f213de4a904c03bf20b2f226e2c45a 1c5074aad43e4f538ffabfc416f3d63b - - default default] 10.0.0.95 "GET /v2.0/security-groups?tenant_id=fd9886531a3c4d889f46daf2f0080641&name=default HTTP/1.1" status: 200 len: 3120 time: 0.2034485
2026-05-11 11:59:31.235 9 WARNING neutron_lib.context [None req-f6533259-d199-439e-9601-a3da992a9109 9a4e2b9214d24cb6af2303f7d8eab562 1dcfcaee710f403f835758029f04e121 - - default default] Method 'is_advsvc' is deprecated since 2023.2 release (neutron-lib 3.8.0) and will be removed once support for the old RBAC API policies will be removed from Neutron. Please use method 'is_service_role' instead.
2026-05-11 11:59:31.271 10 WARNING neutron.scheduler.dhcp_agent_scheduler [None req-97525aa6-1999-458f-9b8f-4a10e2716312 21f213de4a904c03bf20b2f226e2c45a 1c5074aad43e4f538ffabfc416f3d63b - - default default] No more DHCP agents
2026-05-11 11:59:31.271 10 INFO neutron.db.ovn_revision_numbers_db [None req-7dfe1a1f-1137-4c14-88bd-ef50d9bd4900 e19686a30ffd44e39cddabdc8ab73d51 03acdb2d4e994d9da07593807b0e45db - - default default] Successfully bumped revision number for resource 675e1d7d-0dad-4e15-a839-60ee695d9379 (type: networks) to 1
2026-05-11 11:59:31.274 10 WARNING neutron.api.rpc.agentnotifiers.dhcp_rpc_agent_api [None req-97525aa6-1999-458f-9b8f-4a10e2716312 21f213de4a904c03bf20b2f226e2c45a 1c5074aad43e4f538ffabfc416f3d63b - - default default] Unable to schedule network 0d717159-7539-4bff-a424-916c146de2d1: no agents available; will retry on subsequent port and subnet creation events.
2026-05-11 11:59:31.330 9 INFO neutron.db.ovn_revision_numbers_db [None req-f6533259-d199-439e-9601-a3da992a9109 9a4e2b9214d24cb6af2303f7d8eab562 1dcfcaee710f403f835758029f04e121 - - default default] Successfully bumped revision number for resource 27110894-2ffb-44dc-9c4d-d00203397573 (type: security_groups) to 1
2026-05-11 11:59:31.341 9 INFO neutron.db.ovn_revision_numbers_db [None req-f6533259-d199-439e-9601-a3da992a9109 9a4e2b9214d24cb6af2303f7d8eab562 1dcfcaee710f403f835758029f04e121 - - default default] Successfully bumped revision number for resource 5711b00f-8fb1-45c4-9a11-83ff73bbdc51 (type: security_group_rules) to 0
2026-05-11 11:59:31.355 9 INFO neutron.db.ovn_revision_numbers_db [None req-f6533259-d199-439e-9601-a3da992a9109 9a4e2b9214d24cb6af2303f7d8eab562 1dcfcaee710f403f835758029f04e121 - - default default] Successfully bumped revision number for resource 7d7415d6-235c-4019-8d34-cb4fdd24d2ac (type: security_group_rules) to 0
2026-05-11 11:59:31.383 9 INFO neutron.api.wsgi [None req-f6533259-d199-439e-9601-a3da992a9109 9a4e2b9214d24cb6af2303f7d8eab562 1dcfcaee710f403f835758029f04e121 - - default default] 10.0.0.95 "POST /v2.0/security-groups HTTP/1.1" status: 201 len: 1875 time: 0.1523719
