2026-05-11 11:59:51.830 10 INFO neutron.api.wsgi [None req-aa30a33c-e468-403e-a4c0-fbdbf649933e a13d16c4497b4786969dd59b07a40ba4 1df445a068234506bfd63cad6d6bdf34 - - default default] 10.0.0.95 "DELETE /v2.0/security-groups/9ae508aa-1009-44dc-afbf-247848367cbb/tags/green HTTP/1.1" status: 404 len: 299 time: 0.0180807
2026-05-11 11:59:51.862 10 INFO neutron.api.wsgi [None req-a2649728-4b9f-415f-9e2f-e7d5a7bfeeba a13d16c4497b4786969dd59b07a40ba4 1df445a068234506bfd63cad6d6bdf34 - - default default] 10.0.0.95 "DELETE /v2.0/security-groups/9ae508aa-1009-44dc-afbf-247848367cbb/tags HTTP/1.1" status: 204 len: 168 time: 0.0271547
2026-05-11 11:59:51.885 10 INFO neutron.api.wsgi [None req-36b32ac5-cd23-408b-b29a-5bb92d6e40e1 a13d16c4497b4786969dd59b07a40ba4 1df445a068234506bfd63cad6d6bdf34 - - default default] 10.0.0.95 "GET /v2.0/security-groups/9ae508aa-1009-44dc-afbf-247848367cbb/tags HTTP/1.1" status: 200 len: 205 time: 0.0177150
2026-05-11 11:59:51.989 10 INFO neutron.api.wsgi [None req-c37ee383-85ae-4564-86b8-82b2d25b5547 a13d16c4497b4786969dd59b07a40ba4 1df445a068234506bfd63cad6d6bdf34 - - default default] 10.0.0.95 "DELETE /v2.0/security-groups/9ae508aa-1009-44dc-afbf-247848367cbb HTTP/1.1" status: 204 len: 168 time: 0.0980051
2026-05-11 11:59:52.097 9 INFO neutron.api.wsgi [None req-68de9bb9-a789-4f32-b64c-4aa300cf3897 e19686a30ffd44e39cddabdc8ab73d51 03acdb2d4e994d9da07593807b0e45db - - default default] 10.0.0.95 "PUT /v2.0/routers/a903db30-ac67-4bde-9441-7110130d8ce3/remove_router_interface HTTP/1.1" status: 200 len: 503 time: 0.5056014
2026-05-11 11:59:52.157 10 INFO neutron.api.v2.resource [None req-50396ece-0d27-4f37-81e7-36243b35cc43 e19686a30ffd44e39cddabdc8ab73d51 03acdb2d4e994d9da07593807b0e45db - - default default] remove_router_interface failed (client error): The resource could not be found.
2026-05-11 11:59:52.161 10 INFO neutron.api.wsgi [None req-50396ece-0d27-4f37-81e7-36243b35cc43 e19686a30ffd44e39cddabdc8ab73d51 03acdb2d4e994d9da07593807b0e45db - - default default] 10.0.0.95 "PUT /v2.0/routers/a903db30-ac67-4bde-9441-7110130d8ce3/remove_router_interface HTTP/1.1" status: 404 len: 398 time: 0.0591104 /var/lib/openstack/lib/python3.12/site-packages/pycadf/identifier.py:71: UserWarning: Invalid uuid: neutron. To ensure interoperability, identifiers should be a valid uuid. warnings.warn(('Invalid uuid: %s. To ensure interoperability, '
2026-05-11 11:59:52.181 9 INFO neutron.api.wsgi [None req-f27fd105-ea48-476e-b027-71b9dbdc4fdc e19686a30ffd44e39cddabdc8ab73d51 03acdb2d4e994d9da07593807b0e45db - - default default] 10.0.0.95 "GET /v2.0/ports?device_id=a903db30-ac67-4bde-9441-7110130d8ce3 HTTP/1.1" status: 200 len: 205 time: 0.0152366
2026-05-11 11:59:52.347 9 INFO neutron.api.wsgi [None req-017ba189-b32e-43df-9e9e-8c46618fa2fa e19686a30ffd44e39cddabdc8ab73d51 03acdb2d4e994d9da07593807b0e45db - - default default] 10.0.0.95 "DELETE /v2.0/routers/a903db30-ac67-4bde-9441-7110130d8ce3 HTTP/1.1" status: 204 len: 168 time: 0.1619067
2026-05-11 11:59:52.483 10 INFO neutron.api.wsgi [None req-462d134c-d29e-4b20-99e7-2cb9d3d344a6 e19686a30ffd44e39cddabdc8ab73d51 03acdb2d4e994d9da07593807b0e45db - - default default] 10.0.0.95 "DELETE /v2.0/subnets/9fed6b02-9a31-4456-bcc8-587b48399633 HTTP/1.1" status: 204 len: 168 time: 0.1305358
2026-05-11 11:59:52.728 9 INFO neutron.api.wsgi [None req-9c010787-3218-4e74-9ff6-a10f58a2f25a 21f213de4a904c03bf20b2f226e2c45a 1c5074aad43e4f538ffabfc416f3d63b - - default default] 10.0.0.95 "GET /v2.0/security-groups?tenant_id=1df445a068234506bfd63cad6d6bdf34&name=default HTTP/1.1" status: 200 len: 3120 time: 0.1121738
2026-05-11 11:59:52.742 10 INFO neutron.services.segments.plugin [-] Segment 5e7f1907-8c4e-4c8c-a1c3-ea7449b99ab4 resource provider aggregate not found
2026-05-11 11:59:52.746 10 INFO neutron.services.segments.plugin [-] Segment 5e7f1907-8c4e-4c8c-a1c3-ea7449b99ab4 resource provider aggregate not found
2026-05-11 11:59:52.752 10 INFO neutron.services.segments.plugin [-] Segment 5e7f1907-8c4e-4c8c-a1c3-ea7449b99ab4 resource provider not found; error: Placement Client Error (4xx): {"errors": [{"status": 404, "title": "Not Found", "detail": "The resource could not be found.\n\n No resource provider with uuid 5e7f1907-8c4e-4c8c-a1c3-ea7449b99ab4 found for delete ", "request_id": "req-18ee716e-1bfe-4b47-89ac-bd316fde8a22"}]}
2026-05-11 11:59:52.761 10 INFO neutron.services.segments.plugin [-] Segment 5e7f1907-8c4e-4c8c-a1c3-ea7449b99ab4 resource provider not found; error: Placement Client Error (4xx): {"errors": [{"status": 404, "title": "Not Found", "detail": "The resource could not be found.\n\n No resource provider with uuid 5e7f1907-8c4e-4c8c-a1c3-ea7449b99ab4 found for delete ", "request_id": "req-fda4ad1d-6a0c-410b-ba96-3d9bb191c473"}]}
2026-05-11 11:59:52.780 10 INFO neutron.api.wsgi [None req-f0d9d3b3-0d25-43c4-b192-c2692a53b3d4 e19686a30ffd44e39cddabdc8ab73d51 03acdb2d4e994d9da07593807b0e45db - - default default] 10.0.0.95 "DELETE /v2.0/networks/00065386-10c5-4676-a67f-9f786436e50f HTTP/1.1" status: 204 len: 168 time: 0.2903919
2026-05-11 11:59:52.792 10 WARNING neutron_lib.context [None req-b8920546-4e7c-48d4-bf25-77cac03d2115 e19686a30ffd44e39cddabdc8ab73d51 03acdb2d4e994d9da07593807b0e45db - - default default] Method 'is_advsvc' is deprecated since 2023.2 release (neutron-lib 3.8.0) and will be removed once support for the old RBAC API policies will be removed from Neutron. Please use method 'is_service_role' instead.
2026-05-11 11:59:52.865 10 INFO neutron.db.segments_db [None req-b8920546-4e7c-48d4-bf25-77cac03d2115 e19686a30ffd44e39cddabdc8ab73d51 03acdb2d4e994d9da07593807b0e45db - - default default] Added segment da49919f-1c4e-4386-9bae-136379c433ce of type geneve for network 464135c8-893a-4147-966d-1ad8b6a877f7
2026-05-11 11:59:52.934 9 INFO neutron.api.wsgi [None req-cdf29c08-e64b-4254-bee4-9f643ce1c165 21f213de4a904c03bf20b2f226e2c45a 1c5074aad43e4f538ffabfc416f3d63b - - default default] 10.0.0.95 "DELETE /v2.0/security-groups/bdec5fb2-0495-414f-a0f2-5f4c98cf1295 HTTP/1.1" status: 204 len: 168 time: 0.2023757
2026-05-11 11:59:52.967 10 INFO neutron.db.ovn_revision_numbers_db [None req-b8920546-4e7c-48d4-bf25-77cac03d2115 e19686a30ffd44e39cddabdc8ab73d51 03acdb2d4e994d9da07593807b0e45db - - default default] Successfully bumped revision number for resource 464135c8-893a-4147-966d-1ad8b6a877f7 (type: networks) to 1
2026-05-11 11:59:53.130 10 WARNING neutron.scheduler.dhcp_agent_scheduler [None req-b8920546-4e7c-48d4-bf25-77cac03d2115 e19686a30ffd44e39cddabdc8ab73d51 03acdb2d4e994d9da07593807b0e45db - - default default] No more DHCP agents
2026-05-11 11:59:53.132 10 WARNING neutron.api.rpc.agentnotifiers.dhcp_rpc_agent_api [None req-b8920546-4e7c-48d4-bf25-77cac03d2115 e19686a30ffd44e39cddabdc8ab73d51 03acdb2d4e994d9da07593807b0e45db - - default default] Unable to schedule network 464135c8-893a-4147-966d-1ad8b6a877f7: no agents available; will retry on subsequent port and subnet creation events.
2026-05-11 11:59:53.137 9 INFO neutron.db.ovn_revision_numbers_db [None req-c70c43c4-075c-45d5-aa7a-150a1c2870d4 21f213de4a904c03bf20b2f226e2c45a 1c5074aad43e4f538ffabfc416f3d63b - - default default] Successfully bumped revision number for resource c17d26ba-d855-4a5b-aef8-068f7e11c076 (type: security_groups) to 1
2026-05-11 11:59:53.151 9 INFO neutron.db.ovn_revision_numbers_db [None req-c70c43c4-075c-45d5-aa7a-150a1c2870d4 21f213de4a904c03bf20b2f226e2c45a 1c5074aad43e4f538ffabfc416f3d63b - - default default] Successfully bumped revision number for resource 8efccd5b-678d-484f-82fd-a5b346bec5cf (type: security_group_rules) to 0
2026-05-11 11:59:53.172 9 INFO neutron.db.ovn_revision_numbers_db [None req-c70c43c4-075c-45d5-aa7a-150a1c2870d4 21f213de4a904c03bf20b2f226e2c45a 1c5074aad43e4f538ffabfc416f3d63b - - default default] Successfully bumped revision number for resource a793a79d-fde6-4cd2-920e-707d06e845aa (type: security_group_rules) to 0
2026-05-11 11:59:53.186 9 INFO neutron.db.ovn_revision_numbers_db [None req-c70c43c4-075c-45d5-aa7a-150a1c2870d4 21f213de4a904c03bf20b2f226e2c45a 1c5074aad43e4f538ffabfc416f3d63b - - default default] Successfully bumped revision number for resource af5e33e8-3359-47f1-a246-ff8903faf77c (type: security_group_rules) to 0
2026-05-11 11:59:53.191 10 INFO neutron.db.ovn_revision_numbers_db [None req-b8920546-4e7c-48d4-bf25-77cac03d2115 e19686a30ffd44e39cddabdc8ab73d51 03acdb2d4e994d9da07593807b0e45db - - default default] Successfully bumped revision number for resource c95f821b-00e1-4890-8b7d-8f2d721d9769 (type: ports) to 1
2026-05-11 11:59:53.199 9 INFO neutron.db.ovn_revision_numbers_db [None req-c70c43c4-075c-45d5-aa7a-150a1c2870d4 21f213de4a904c03bf20b2f226e2c45a 1c5074aad43e4f538ffabfc416f3d63b - - default default] Successfully bumped revision number for resource b157b792-be43-48eb-9501-969966e90c8c (type: security_group_rules) to 0
2026-05-11 11:59:53.210 10 INFO neutron.api.wsgi [None req-b8920546-4e7c-48d4-bf25-77cac03d2115 e19686a30ffd44e39cddabdc8ab73d51 03acdb2d4e994d9da07593807b0e45db - - default default] 10.0.0.95 "POST /v2.0/networks HTTP/1.1" status: 201 len: 833 time: 0.4213409
2026-05-11 11:59:53.223 10 WARNING neutron_lib.context [None req-be7b888c-0cbb-4d94-a142-1b77d2a714ca e19686a30ffd44e39cddabdc8ab73d51 03acdb2d4e994d9da07593807b0e45db - - default default] Method 'is_advsvc' is deprecated since 2023.2 release (neutron-lib 3.8.0) and will be removed once support for the old RBAC API policies will be removed from Neutron. Please use method 'is_service_role' instead.
2026-05-11 11:59:53.241 9 INFO neutron.api.wsgi [None req-c70c43c4-075c-45d5-aa7a-150a1c2870d4 21f213de4a904c03bf20b2f226e2c45a 1c5074aad43e4f538ffabfc416f3d63b - - default default] 10.0.0.95 "GET /v2.0/security-groups?tenant_id=e23b0b03068841779bbeba593bdb7bdd&name=default HTTP/1.1" status: 200 len: 3120 time: 0.2255936
2026-05-11 11:59:53.392 10 WARNING neutron.scheduler.dhcp_agent_scheduler [None req-be7b888c-0cbb-4d94-a142-1b77d2a714ca e19686a30ffd44e39cddabdc8ab73d51 03acdb2d4e994d9da07593807b0e45db - - default default] No more DHCP agents
2026-05-11 11:59:53.393 10 WARNING neutron.api.rpc.agentnotifiers.dhcp_rpc_agent_api [None req-be7b888c-0cbb-4d94-a142-1b77d2a714ca e19686a30ffd44e39cddabdc8ab73d51 03acdb2d4e994d9da07593807b0e45db - - default default] Unable to schedule network 464135c8-893a-4147-966d-1ad8b6a877f7: no agents available; will retry on subsequent port and subnet creation events.
2026-05-11 11:59:53.417 10 INFO neutron.db.ovn_revision_numbers_db [None req-be7b888c-0cbb-4d94-a142-1b77d2a714ca e19686a30ffd44e39cddabdc8ab73d51 03acdb2d4e994d9da07593807b0e45db - - default default] Successfully bumped revision number for resource 33278bfa-07b7-4130-a61a-892f57121054 (type: subnets) to 0
2026-05-11 11:59:53.430 10 INFO neutron.api.wsgi [None req-be7b888c-0cbb-4d94-a142-1b77d2a714ca e19686a30ffd44e39cddabdc8ab73d51 03acdb2d4e994d9da07593807b0e45db - - default default] 10.0.0.95 "POST /v2.0/subnets HTTP/1.1" status: 201 len: 845 time: 0.2120733
2026-05-11 11:59:53.440 10 WARNING neutron_lib.context [None req-d27b8eb9-78c5-4015-a14a-5048ae2c598e e19686a30ffd44e39cddabdc8ab73d51 03acdb2d4e994d9da07593807b0e45db - - default default] Method 'is_advsvc' is deprecated since 2023.2 release (neutron-lib 3.8.0) and will be removed once support for the old RBAC API policies will be removed from Neutron. Please use method 'is_service_role' instead.
2026-05-11 11:59:53.454 9 INFO neutron.api.wsgi [None req-58142b1f-6c69-4a10-8ff3-cfe74d5409ca 21f213de4a904c03bf20b2f226e2c45a 1c5074aad43e4f538ffabfc416f3d63b - - default default] 10.0.0.95 "DELETE /v2.0/security-groups/c17d26ba-d855-4a5b-aef8-068f7e11c076 HTTP/1.1" status: 204 len: 168 time: 0.2083693
2026-05-11 11:59:53.555 10 INFO neutron.db.ovn_revision_numbers_db [None req-d27b8eb9-78c5-4015-a14a-5048ae2c598e e19686a30ffd44e39cddabdc8ab73d51 03acdb2d4e994d9da07593807b0e45db - - default default] Successfully bumped revision number for resource bb5dc8cc-d547-49da-9027-225367619920 (type: routers) to 1
2026-05-11 11:59:53.569 10 INFO neutron.api.wsgi [None req-d27b8eb9-78c5-4015-a14a-5048ae2c598e e19686a30ffd44e39cddabdc8ab73d51 03acdb2d4e994d9da07593807b0e45db - - default default] 10.0.0.95 "POST /v2.0/routers HTTP/1.1" status: 201 len: 806 time: 0.1329098
2026-05-11 11:59:53.897 10 WARNING neutron.scheduler.dhcp_agent_scheduler [None req-2ca0fd46-0b30-444b-b285-0ddc8acdff36 e19686a30ffd44e39cddabdc8ab73d51 03acdb2d4e994d9da07593807b0e45db - - default default] No more DHCP agents
2026-05-11 11:59:53.898 10 WARNING neutron.api.rpc.agentnotifiers.dhcp_rpc_agent_api [None req-2ca0fd46-0b30-444b-b285-0ddc8acdff36 e19686a30ffd44e39cddabdc8ab73d51 03acdb2d4e994d9da07593807b0e45db - - default default] Unable to schedule network 464135c8-893a-4147-966d-1ad8b6a877f7: no agents available; will retry on subsequent port and subnet creation events.
2026-05-11 11:59:53.983 10 INFO neutron.db.ovn_revision_numbers_db [None req-2ca0fd46-0b30-444b-b285-0ddc8acdff36 e19686a30ffd44e39cddabdc8ab73d51 03acdb2d4e994d9da07593807b0e45db - - default default] Successfully bumped revision number for resource 6cfc467d-2e1b-4d02-ab6b-8b011fd54f9a (type: ports) to 1
2026-05-11 11:59:54.412 10 INFO neutron.db.ovn_revision_numbers_db [None req-2ca0fd46-0b30-444b-b285-0ddc8acdff36 e19686a30ffd44e39cddabdc8ab73d51 03acdb2d4e994d9da07593807b0e45db - - default default] Successfully bumped revision number for resource 6cfc467d-2e1b-4d02-ab6b-8b011fd54f9a (type: ports) to 1
2026-05-11 11:59:54.462 10 WARNING neutron.scheduler.dhcp_agent_scheduler [None req-2ca0fd46-0b30-444b-b285-0ddc8acdff36 e19686a30ffd44e39cddabdc8ab73d51 03acdb2d4e994d9da07593807b0e45db - - default default] No more DHCP agents
2026-05-11 11:59:54.463 10 WARNING neutron.api.rpc.agentnotifiers.dhcp_rpc_agent_api [None req-2ca0fd46-0b30-444b-b285-0ddc8acdff36 e19686a30ffd44e39cddabdc8ab73d51 03acdb2d4e994d9da07593807b0e45db - - default default] Unable to schedule network 464135c8-893a-4147-966d-1ad8b6a877f7: no agents available; will retry on subsequent port and subnet creation events.
2026-05-11 11:59:54.697 10 INFO neutron.db.ovn_revision_numbers_db [None req-2ca0fd46-0b30-444b-b285-0ddc8acdff36 e19686a30ffd44e39cddabdc8ab73d51 03acdb2d4e994d9da07593807b0e45db - - default default] Successfully bumped revision number for resource 6cfc467d-2e1b-4d02-ab6b-8b011fd54f9a (type: router_ports) to 1
2026-05-11 11:59:54.705 10 INFO neutron.api.wsgi [None req-2ca0fd46-0b30-444b-b285-0ddc8acdff36 e19686a30ffd44e39cddabdc8ab73d51 03acdb2d4e994d9da07593807b0e45db - - default default] 10.0.0.95 "PUT /v2.0/routers/bb5dc8cc-d547-49da-9027-225367619920/add_router_interface HTTP/1.1" status: 200 len: 503 time: 1.1307731
2026-05-11 11:59:54.744 10 INFO neutron.api.wsgi [None req-5bf77d57-3ca4-4199-b4df-3fe0b23a71e1 e19686a30ffd44e39cddabdc8ab73d51 03acdb2d4e994d9da07593807b0e45db - - default default] 10.0.0.95 "GET /v2.0/ports/6cfc467d-2e1b-4d02-ab6b-8b011fd54f9a HTTP/1.1" status: 200 len: 1139 time: 0.0327630
2026-05-11 11:59:54.774 10 INFO neutron.api.wsgi [None req-da4f721a-8c8a-4213-b43f-fbf82187e93b e19686a30ffd44e39cddabdc8ab73d51 03acdb2d4e994d9da07593807b0e45db - - default default] 10.0.0.95 "GET /v2.0/ports/6cfc467d-2e1b-4d02-ab6b-8b011fd54f9a HTTP/1.1" status: 200 len: 1139 time: 0.0247703
2026-05-11 11:59:55.495 10 WARNING neutron.plugins.ml2.drivers.ovn.mech_driver.ovsdb.ovn_client [None req-0aed0d7d-51ee-4eca-b2e0-d90fc372914d - - - - - -] No port found with ID 3d4c7fac-a46f-4d39-9790-22790b437596: RuntimeError: No port found with ID 3d4c7fac-a46f-4d39-9790-22790b437596
2026-05-11 11:59:55.512 10 INFO neutron.plugins.ml2.drivers.ovn.mech_driver.mech_driver [None req-0aed0d7d-51ee-4eca-b2e0-d90fc372914d - - - - - -] OVN reports status up for port: 6cfc467d-2e1b-4d02-ab6b-8b011fd54f9a
2026-05-11 11:59:55.519 10 INFO neutron.plugins.ml2.plugin [None req-0aed0d7d-51ee-4eca-b2e0-d90fc372914d - - - - - -] Attempt 1 to provision port 6cfc467d-2e1b-4d02-ab6b-8b011fd54f9a
2026-05-11 11:59:55.842 10 INFO neutron.db.ovn_revision_numbers_db [None req-0aed0d7d-51ee-4eca-b2e0-d90fc372914d - - - - - -] Successfully bumped revision number for resource 6cfc467d-2e1b-4d02-ab6b-8b011fd54f9a (type: ports) to 2
2026-05-11 11:59:55.852 9 INFO neutron.api.wsgi [None req-76916144-b454-408b-9fff-aff0c60d0099 e19686a30ffd44e39cddabdc8ab73d51 03acdb2d4e994d9da07593807b0e45db - - default default] 10.0.0.95 "GET /v2.0/ports/6cfc467d-2e1b-4d02-ab6b-8b011fd54f9a HTTP/1.1" status: 200 len: 1141 time: 0.0718317
2026-05-11 11:59:56.346 9 INFO neutron.api.wsgi [None req-6dd3d214-25e8-41f3-a313-d99debbc8830 e19686a30ffd44e39cddabdc8ab73d51 03acdb2d4e994d9da07593807b0e45db - - default default] 10.0.0.95 "PUT /v2.0/routers/bb5dc8cc-d547-49da-9027-225367619920/remove_router_interface HTTP/1.1" status: 200 len: 503 time: 0.4891682 /var/lib/openstack/lib/python3.12/site-packages/pycadf/identifier.py:71: UserWarning: Invalid uuid: neutron. To ensure interoperability, identifiers should be a valid uuid. warnings.warn(('Invalid uuid: %s. To ensure interoperability, '
2026-05-11 11:59:56.371 9 INFO neutron.api.wsgi [None req-4b1de741-5e6b-4c6e-b43b-b0a6df927499 e19686a30ffd44e39cddabdc8ab73d51 03acdb2d4e994d9da07593807b0e45db - - default default] 10.0.0.95 "GET /v2.0/ports?device_id=bb5dc8cc-d547-49da-9027-225367619920 HTTP/1.1" status: 200 len: 205 time: 0.0196345
2026-05-11 11:59:56.714 10 WARNING neutron_lib.context [None req-0e55be01-2126-46a6-8bc8-5d17d00b4a2f fe81f8ccdfa24e3097e937b1e3b230fe ff1b9973f08f4c5caa4929fd29b30977 - - default default] Method 'is_advsvc' is deprecated since 2023.2 release (neutron-lib 3.8.0) and will be removed once support for the old RBAC API policies will be removed from Neutron. Please use method 'is_service_role' instead.
2026-05-11 11:59:56.765 10 INFO neutron.api.wsgi [None req-0e55be01-2126-46a6-8bc8-5d17d00b4a2f fe81f8ccdfa24e3097e937b1e3b230fe ff1b9973f08f4c5caa4929fd29b30977 - - default default] 10.0.0.95 "POST /v2.0/subnetpools HTTP/1.1" status: 201 len: 715 time: 0.2121956
2026-05-11 11:59:56.801 10 INFO neutron.api.wsgi [None req-58938a78-cb15-49c0-a9fd-95aefa897928 fe81f8ccdfa24e3097e937b1e3b230fe ff1b9973f08f4c5caa4929fd29b30977 - - default default] 10.0.0.95 "PUT /v2.0/subnetpools/d367824a-e320-43f5-b9a6-6b5c08377fe2/tags HTTP/1.1" status: 200 len: 218 time: 0.0293839
2026-05-11 11:59:56.819 9 INFO neutron.api.wsgi [None req-f7e1ffad-510a-40bc-b80c-46f3bfcdaa97 e19686a30ffd44e39cddabdc8ab73d51 03acdb2d4e994d9da07593807b0e45db - - default default] 10.0.0.95 "DELETE /v2.0/routers/bb5dc8cc-d547-49da-9027-225367619920 HTTP/1.1" status: 204 len: 168 time: 0.4421747
2026-05-11 11:59:56.823 10 INFO neutron.api.wsgi [None req-1bfb4a68-bce2-43ea-94f9-b0a9b6ab5605 fe81f8ccdfa24e3097e937b1e3b230fe ff1b9973f08f4c5caa4929fd29b30977 - - default default] 10.0.0.95 "GET /v2.0/subnetpools/d367824a-e320-43f5-b9a6-6b5c08377fe2/tags HTTP/1.1" status: 200 len: 218 time: 0.0176263
2026-05-11 11:59:56.857 10 INFO neutron.api.wsgi [None req-79181001-f0bd-46f0-9f10-9d4aa9b54d3b fe81f8ccdfa24e3097e937b1e3b230fe ff1b9973f08f4c5caa4929fd29b30977 - - default default] 10.0.0.95 "PUT /v2.0/subnetpools/d367824a-e320-43f5-b9a6-6b5c08377fe2/tags/green HTTP/1.1" status: 201 len: 201 time: 0.0291896
2026-05-11 11:59:56.890 9 INFO neutron.api.wsgi [None req-09863390-8f41-4c66-9c20-2f57b9abfaa1 fe81f8ccdfa24e3097e937b1e3b230fe ff1b9973f08f4c5caa4929fd29b30977 - - default default] 10.0.0.95 "GET /v2.0/subnetpools/d367824a-e320-43f5-b9a6-6b5c08377fe2/tags HTTP/1.1" status: 200 len: 227 time: 0.0279942
2026-05-11 11:59:56.922 10 INFO neutron.api.wsgi [None req-cd1d170e-32a5-4977-82ba-7b7f91abb07b fe81f8ccdfa24e3097e937b1e3b230fe ff1b9973f08f4c5caa4929fd29b30977 - - default default] 10.0.0.95 "PUT /v2.0/subnetpools/d367824a-e320-43f5-b9a6-6b5c08377fe2/tags/red HTTP/1.1" status: 201 len: 201 time: 0.0260558
2026-05-11 11:59:56.947 10 INFO neutron.api.wsgi [None req-5ae70578-6ba4-4b53-8aa7-f34be137edcb fe81f8ccdfa24e3097e937b1e3b230fe ff1b9973f08f4c5caa4929fd29b30977 - - default default] 10.0.0.95 "GET /v2.0/subnetpools/d367824a-e320-43f5-b9a6-6b5c08377fe2/tags HTTP/1.1" status: 200 len: 227 time: 0.0202897
2026-05-11 11:59:56.974 9 INFO neutron.api.wsgi [None req-1be2e51b-a5ab-4dd7-a900-5f5388bd7ca2 e19686a30ffd44e39cddabdc8ab73d51 03acdb2d4e994d9da07593807b0e45db - - default default] 10.0.0.95 "DELETE /v2.0/subnets/33278bfa-07b7-4130-a61a-892f57121054 HTTP/1.1" status: 204 len: 168 time: 0.1511106
2026-05-11 11:59:56.993 9 INFO neutron.api.wsgi [None req-91dc124c-d866-4114-8197-46843b7be665 fe81f8ccdfa24e3097e937b1e3b230fe ff1b9973f08f4c5caa4929fd29b30977 - - default default] 10.0.0.95 "PUT /v2.0/subnetpools/d367824a-e320-43f5-b9a6-6b5c08377fe2/tags/black.or.white HTTP/1.1" status: 201 len: 201 time: 0.0399303
2026-05-11 11:59:57.016 10 INFO neutron.api.wsgi [None req-88ce1378-67ce-49b1-b97f-3b3813b381b6 fe81f8ccdfa24e3097e937b1e3b230fe ff1b9973f08f4c5caa4929fd29b30977 - - default default] 10.0.0.95 "GET /v2.0/subnetpools/d367824a-e320-43f5-b9a6-6b5c08377fe2/tags HTTP/1.1" status: 200 len: 245 time: 0.0178549
2026-05-11 11:59:57.053 10 INFO neutron.api.wsgi [None req-86f4ea91-3533-4e89-b69e-a574d3d10db7 fe81f8ccdfa24e3097e937b1e3b230fe ff1b9973f08f4c5caa4929fd29b30977 - - default default] 10.0.0.95 "PUT /v2.0/subnetpools/d367824a-e320-43f5-b9a6-6b5c08377fe2/tags HTTP/1.1" status: 200 len: 230 time: 0.0334673
2026-05-11 11:59:57.077 10 INFO neutron.api.wsgi [None req-2f6b05f4-9328-4c55-9744-dd581352a36b fe81f8ccdfa24e3097e937b1e3b230fe ff1b9973f08f4c5caa4929fd29b30977 - - default default] 10.0.0.95 "GET /v2.0/subnetpools/d367824a-e320-43f5-b9a6-6b5c08377fe2/tags HTTP/1.1" status: 200 len: 230 time: 0.0194602
2026-05-11 11:59:57.097 10 INFO neutron.api.wsgi [None req-74a8b6d8-e204-41fe-a974-47d31b1daa37 fe81f8ccdfa24e3097e937b1e3b230fe ff1b9973f08f4c5caa4929fd29b30977 - - default default] 10.0.0.95 "GET /v2.0/subnetpools/d367824a-e320-43f5-b9a6-6b5c08377fe2/tags/red HTTP/1.1" status: 204 len: 168 time: 0.0148976
2026-05-11 11:59:57.113 10 INFO neutron.api.v2.resource [None req-67180f70-bd33-402c-aa0b-6eff53048af4 fe81f8ccdfa24e3097e937b1e3b230fe ff1b9973f08f4c5caa4929fd29b30977 - - default default] show failed (client error): The resource could not be found.
2026-05-11 11:59:57.114 10 INFO neutron.api.wsgi [None req-67180f70-bd33-402c-aa0b-6eff53048af4 fe81f8ccdfa24e3097e937b1e3b230fe ff1b9973f08f4c5caa4929fd29b30977 - - default default] 10.0.0.95 "GET /v2.0/subnetpools/d367824a-e320-43f5-b9a6-6b5c08377fe2/tags/green HTTP/1.1" status: 404 len: 299 time: 0.0134976
2026-05-11 11:59:57.151 10 INFO neutron.api.wsgi [None req-44ce6cf4-91b7-4368-b4c1-ec43890a068e fe81f8ccdfa24e3097e937b1e3b230fe ff1b9973f08f4c5caa4929fd29b30977 - - default default] 10.0.0.95 "DELETE /v2.0/subnetpools/d367824a-e320-43f5-b9a6-6b5c08377fe2/tags/red HTTP/1.1" status: 204 len: 168 time: 0.0317197
2026-05-11 11:59:57.175 10 INFO neutron.api.wsgi [None req-3ef3cab0-fc5c-4c22-a9a1-a037738607e5 fe81f8ccdfa24e3097e937b1e3b230fe ff1b9973f08f4c5caa4929fd29b30977 - - default default] 10.0.0.95 "GET /v2.0/subnetpools/d367824a-e320-43f5-b9a6-6b5c08377fe2/tags HTTP/1.1" status: 200 len: 223 time: 0.0195873
2026-05-11 11:59:57.210 9 INFO neutron.api.v2.resource [None req-b8fcfb2a-8312-4a2b-a39f-cf060ac96295 fe81f8ccdfa24e3097e937b1e3b230fe ff1b9973f08f4c5caa4929fd29b30977 - - default default] delete failed (client error): The resource could not be found.
2026-05-11 11:59:57.211 9 INFO neutron.api.wsgi [None req-b8fcfb2a-8312-4a2b-a39f-cf060ac96295 fe81f8ccdfa24e3097e937b1e3b230fe ff1b9973f08f4c5caa4929fd29b30977 - - default default] 10.0.0.95 "DELETE /v2.0/subnetpools/d367824a-e320-43f5-b9a6-6b5c08377fe2/tags/green HTTP/1.1" status: 404 len: 299 time: 0.0323286
2026-05-11 11:59:57.250 10 INFO neutron.api.wsgi [None req-5c925858-5b83-45c8-9b64-e249f2044420 fe81f8ccdfa24e3097e937b1e3b230fe ff1b9973f08f4c5caa4929fd29b30977 - - default default] 10.0.0.95 "DELETE /v2.0/subnetpools/d367824a-e320-43f5-b9a6-6b5c08377fe2/tags HTTP/1.1" status: 204 len: 168 time: 0.0338194
2026-05-11 11:59:57.256 9 INFO neutron.services.segments.plugin [-] Segment da49919f-1c4e-4386-9bae-136379c433ce resource provider aggregate not found
2026-05-11 11:59:57.261 9 INFO neutron.services.segments.plugin [-] Segment da49919f-1c4e-4386-9bae-136379c433ce resource provider aggregate not found
2026-05-11 11:59:57.269 9 INFO neutron.services.segments.plugin [-] Segment da49919f-1c4e-4386-9bae-136379c433ce resource provider not found; error: Placement Client Error (4xx): {"errors": [{"status": 404, "title": "Not Found", "detail": "The resource could not be found.\n\n No resource provider with uuid da49919f-1c4e-4386-9bae-136379c433ce found for delete ", "request_id": "req-59ac64d1-8fd0-4ea8-b64e-5b381fc8f680"}]}
2026-05-11 11:59:57.284 9 INFO neutron.services.segments.plugin [-] Segment da49919f-1c4e-4386-9bae-136379c433ce resource provider not found; error: Placement Client Error (4xx): {"errors": [{"status": 404, "title": "Not Found", "detail": "The resource could not be found.\n\n No resource provider with uuid da49919f-1c4e-4386-9bae-136379c433ce found for delete ", "request_id": "req-7bc2cf39-636b-49aa-9d0b-49cbae364d71"}]}
2026-05-11 11:59:57.287 10 INFO neutron.api.wsgi [None req-29bd6fc3-0ac1-491b-967d-f025838ad65c fe81f8ccdfa24e3097e937b1e3b230fe ff1b9973f08f4c5caa4929fd29b30977 - - default default] 10.0.0.95 "GET /v2.0/subnetpools/d367824a-e320-43f5-b9a6-6b5c08377fe2/tags HTTP/1.1" status: 200 len: 205 time: 0.0326529
2026-05-11 11:59:57.297 9 INFO neutron.api.wsgi [None req-cb6b32bd-3334-4c5d-bef3-90e2db71e9fe e19686a30ffd44e39cddabdc8ab73d51 03acdb2d4e994d9da07593807b0e45db - - default default] 10.0.0.95 "DELETE /v2.0/networks/464135c8-893a-4147-966d-1ad8b6a877f7 HTTP/1.1" status: 204 len: 168 time: 0.3184834
2026-05-11 11:59:57.307 10 WARNING neutron_lib.context [None req-438f839a-1160-45ad-8a4b-a59d7c8fb8ab e19686a30ffd44e39cddabdc8ab73d51 03acdb2d4e994d9da07593807b0e45db - - default default] Method 'is_advsvc' is deprecated since 2023.2 release (neutron-lib 3.8.0) and will be removed once support for the old RBAC API policies will be removed from Neutron. Please use method 'is_service_role' instead.
2026-05-11 11:59:57.355 10 INFO neutron.api.wsgi [None req-5b694c5f-3784-472d-8be5-aabd0f9e0478 fe81f8ccdfa24e3097e937b1e3b230fe ff1b9973f08f4c5caa4929fd29b30977 - - default default] 10.0.0.95 "DELETE /v2.0/subnetpools/d367824a-e320-43f5-b9a6-6b5c08377fe2 HTTP/1.1" status: 204 len: 168 time: 0.0598340
2026-05-11 11:59:57.727 10 WARNING neutron.scheduler.dhcp_agent_scheduler [None req-438f839a-1160-45ad-8a4b-a59d7c8fb8ab e19686a30ffd44e39cddabdc8ab73d51 03acdb2d4e994d9da07593807b0e45db - - default default] No more DHCP agents
2026-05-11 11:59:57.729 10 WARNING neutron.api.rpc.agentnotifiers.dhcp_rpc_agent_api [None req-438f839a-1160-45ad-8a4b-a59d7c8fb8ab e19686a30ffd44e39cddabdc8ab73d51 03acdb2d4e994d9da07593807b0e45db - - default default] Unable to schedule network 0d717159-7539-4bff-a424-916c146de2d1: no agents available; will retry on subsequent port and subnet creation events.
2026-05-11 11:59:57.852 10 INFO neutron.db.ovn_revision_numbers_db [None req-438f839a-1160-45ad-8a4b-a59d7c8fb8ab e19686a30ffd44e39cddabdc8ab73d51 03acdb2d4e994d9da07593807b0e45db - - default default] Successfully bumped revision number for resource 007f3c02-f209-467e-8895-31156631d301 (type: ports) to 1
2026-05-11 11:59:57.875 9 INFO neutron.api.wsgi [req-f3d85402-5522-41ce-a418-5e108ba59b9b req-785bb81d-b579-47fb-b80e-ca298b29e215 38d510e7a3fd4a80907efb70012546ca c38a8d7371ab450cbb258205ee89a7fd - - e4896e14d21a4d678fd41e97fb08e427 e4896e14d21a4d678fd41e97fb08e427] 10.0.0.46 "GET /v2.0/ports?device_id=5521c7de-7fa8-4422-9da1-ffc9986e214c HTTP/1.1" status: 200 len: 1409 time: 0.2418206
2026-05-11 11:59:57.919 9 INFO neutron.api.wsgi [req-f3d85402-5522-41ce-a418-5e108ba59b9b req-e59b9588-7ecd-48ea-bf6a-9b8848e78493 38d510e7a3fd4a80907efb70012546ca c38a8d7371ab450cbb258205ee89a7fd - - e4896e14d21a4d678fd41e97fb08e427 e4896e14d21a4d678fd41e97fb08e427] 10.0.0.46 "GET /v2.0/security-groups?id=27110894-2ffb-44dc-9c4d-d00203397573&fields=id&fields=name HTTP/1.1" status: 200 len: 313 time: 0.0353248
2026-05-11 11:59:58.177 10 INFO neutron.db.ovn_revision_numbers_db [None req-11c73498-c3ff-4219-a7a7-9ee75e92f65f 21f213de4a904c03bf20b2f226e2c45a 1c5074aad43e4f538ffabfc416f3d63b - - default default] Successfully bumped revision number for resource 48ea24e9-0590-4b25-a8ef-bf299cf3c363 (type: security_groups) to 1
2026-05-11 11:59:58.195 10 INFO neutron.db.ovn_revision_numbers_db [None req-11c73498-c3ff-4219-a7a7-9ee75e92f65f 21f213de4a904c03bf20b2f226e2c45a 1c5074aad43e4f538ffabfc416f3d63b - - default default] Successfully bumped revision number for resource 0348a7d7-79cf-4aed-b6aa-38d65767fbd8 (type: security_group_rules) to 0
2026-05-11 11:59:58.218 10 INFO neutron.db.ovn_revision_numbers_db [None req-11c73498-c3ff-4219-a7a7-9ee75e92f65f 21f213de4a904c03bf20b2f226e2c45a 1c5074aad43e4f538ffabfc416f3d63b - - default default] Successfully bumped revision number for resource 6a512564-e57f-4eda-a87d-e0a3c36f6330 (type: security_group_rules) to 0
2026-05-11 11:59:58.232 10 INFO neutron.db.ovn_revision_numbers_db [None req-11c73498-c3ff-4219-a7a7-9ee75e92f65f 21f213de4a904c03bf20b2f226e2c45a 1c5074aad43e4f538ffabfc416f3d63b - - default default] Successfully bumped revision number for resource 6cd98819-0bf8-4153-9702-22d05c4e9d38 (type: security_group_rules) to 0
2026-05-11 11:59:58.247 10 INFO neutron.db.ovn_revision_numbers_db [None req-11c73498-c3ff-4219-a7a7-9ee75e92f65f 21f213de4a904c03bf20b2f226e2c45a 1c5074aad43e4f538ffabfc416f3d63b - - default default] Successfully bumped revision number for resource ac240457-eda8-4c42-a21c-37fbbfcabf7e (type: security_group_rules) to 0
2026-05-11 11:59:58.287 10 INFO neutron.api.wsgi [None req-11c73498-c3ff-4219-a7a7-9ee75e92f65f 21f213de4a904c03bf20b2f226e2c45a 1c5074aad43e4f538ffabfc416f3d63b - - default default] 10.0.0.95 "GET /v2.0/security-groups?tenant_id=b904323bcb9b497ba10813b115a9229c&name=default HTTP/1.1" status: 200 len: 3120 time: 0.2855389
2026-05-11 11:59:58.468 10 INFO neutron.plugins.ml2.drivers.ovn.mech_driver.ovsdb.commands [None req-6c5f38b8-b29e-4e5d-8c16-29d217ad5b34 - - - - - -] Schedule LRP lrp-007f3c02-f209-467e-8895-31156631d301 on gateway d5737e58-4696-432e-9e87-cb0cb76837e0 with priority 1
2026-05-11 11:59:58.478 9 INFO neutron.plugins.ml2.drivers.ovn.mech_driver.mech_driver [None req-f5927e41-cfd0-4112-9f49-6595d2dceaee - - - - - -] OVN reports status up for port: 007f3c02-f209-467e-8895-31156631d301
2026-05-11 11:59:58.486 9 INFO neutron.plugins.ml2.plugin [None req-f5927e41-cfd0-4112-9f49-6595d2dceaee - - - - - -] Attempt 1 to provision port 007f3c02-f209-467e-8895-31156631d301
2026-05-11 11:59:58.513 10 INFO neutron.db.ovn_revision_numbers_db [None req-438f839a-1160-45ad-8a4b-a59d7c8fb8ab e19686a30ffd44e39cddabdc8ab73d51 03acdb2d4e994d9da07593807b0e45db - - default default] Successfully bumped revision number for resource 007f3c02-f209-467e-8895-31156631d301 (type: router_ports) to 1
2026-05-11 11:59:58.561 10 INFO neutron.api.wsgi [None req-94028d6a-8479-4919-94b3-2cb4ad2d6303 21f213de4a904c03bf20b2f226e2c45a 1c5074aad43e4f538ffabfc416f3d63b - - default default] 10.0.0.95 "DELETE /v2.0/security-groups/48ea24e9-0590-4b25-a8ef-bf299cf3c363 HTTP/1.1" status: 204 len: 168 time: 0.2687478
2026-05-11 11:59:58.587 10 INFO neutron.db.ovn_revision_numbers_db [None req-438f839a-1160-45ad-8a4b-a59d7c8fb8ab e19686a30ffd44e39cddabdc8ab73d51 03acdb2d4e994d9da07593807b0e45db - - default default] Successfully bumped revision number for resource e55494a5-0ee6-457e-a3b3-18eef7361c18 (type: routers) to 2
2026-05-11 11:59:58.605 10 INFO neutron.api.wsgi [None req-438f839a-1160-45ad-8a4b-a59d7c8fb8ab e19686a30ffd44e39cddabdc8ab73d51 03acdb2d4e994d9da07593807b0e45db - - default default] 10.0.0.95 "POST /v2.0/routers HTTP/1.1" status: 201 len: 1151 time: 1.3020308
2026-05-11 11:59:58.678 10 INFO neutron.api.wsgi [None req-bfdadf2a-60b7-4913-9464-9ed5a3849823 e19686a30ffd44e39cddabdc8ab73d51 03acdb2d4e994d9da07593807b0e45db - - default default] 10.0.0.95 "GET /v2.0/routers/e55494a5-0ee6-457e-a3b3-18eef7361c18 HTTP/1.1" status: 200 len: 1152 time: 0.0657916
2026-05-11 11:59:58.769 10 INFO neutron.db.ovn_revision_numbers_db [None req-b9964d99-e4ba-4d15-b88c-4d9b871c8e1e 21f213de4a904c03bf20b2f226e2c45a 1c5074aad43e4f538ffabfc416f3d63b - - default default] Successfully bumped revision number for resource f171059b-304e-41f9-9415-42da0344654b (type: security_groups) to 1
2026-05-11 11:59:58.769 9 INFO neutron.api.wsgi [None req-c10e38df-d012-4fa6-9f1b-97dc6556e17a e19686a30ffd44e39cddabdc8ab73d51 03acdb2d4e994d9da07593807b0e45db - - default default] 10.0.0.95 "GET /v2.0/routers HTTP/1.1" status: 200 len: 1155 time: 0.0852215
2026-05-11 11:59:58.784 10 INFO neutron.db.ovn_revision_numbers_db [None req-b9964d99-e4ba-4d15-b88c-4d9b871c8e1e 21f213de4a904c03bf20b2f226e2c45a 1c5074aad43e4f538ffabfc416f3d63b - - default default] Successfully bumped revision number for resource 0f7dc43e-93f7-4721-a931-d0b8d0f2ea23 (type: security_group_rules) to 0
2026-05-11 11:59:58.799 10 INFO neutron.db.ovn_revision_numbers_db [None req-b9964d99-e4ba-4d15-b88c-4d9b871c8e1e 21f213de4a904c03bf20b2f226e2c45a 1c5074aad43e4f538ffabfc416f3d63b - - default default] Successfully bumped revision number for resource 96a5f8a6-6856-4678-a7d0-872776013a19 (type: security_group_rules) to 0
2026-05-11 11:59:58.813 10 INFO neutron.db.ovn_revision_numbers_db [None req-b9964d99-e4ba-4d15-b88c-4d9b871c8e1e 21f213de4a904c03bf20b2f226e2c45a 1c5074aad43e4f538ffabfc416f3d63b - - default default] Successfully bumped revision number for resource df06ff58-887a-4ca2-a87b-1342393c3d95 (type: security_group_rules) to 0
2026-05-11 11:59:58.827 10 INFO neutron.db.ovn_revision_numbers_db [None req-b9964d99-e4ba-4d15-b88c-4d9b871c8e1e 21f213de4a904c03bf20b2f226e2c45a 1c5074aad43e4f538ffabfc416f3d63b - - default default] Successfully bumped revision number for resource fccbb1ce-1396-4027-8b4f-ca34b3d4e1eb (type: security_group_rules) to 0
2026-05-11 11:59:58.865 10 INFO neutron.api.wsgi [None req-b9964d99-e4ba-4d15-b88c-4d9b871c8e1e 21f213de4a904c03bf20b2f226e2c45a 1c5074aad43e4f538ffabfc416f3d63b - - default default] 10.0.0.95 "GET /v2.0/security-groups?tenant_id=ff1b9973f08f4c5caa4929fd29b30977&name=default HTTP/1.1" status: 200 len: 3120 time: 0.2201316
2026-05-11 11:59:59.043 10 INFO neutron.api.wsgi [req-c418d0b2-bbbf-4f87-aa6f-0c51b22a12ac req-8beee0bf-173a-4893-8de7-547d653133ba 9a4e2b9214d24cb6af2303f7d8eab562 1dcfcaee710f403f835758029f04e121 - - default default] 10.0.0.123 "GET /v2.0/ports?device_id=5521c7de-7fa8-4422-9da1-ffc9986e214c HTTP/1.1" status: 200 len: 1170 time: 0.0728247
2026-05-11 11:59:59.087 10 INFO neutron.api.wsgi [req-c418d0b2-bbbf-4f87-aa6f-0c51b22a12ac req-39990cc3-3a84-40d4-96e7-4366b522ce00 9a4e2b9214d24cb6af2303f7d8eab562 1dcfcaee710f403f835758029f04e121 - - default default] 10.0.0.123 "GET /v2.0/security-groups?id=27110894-2ffb-44dc-9c4d-d00203397573&fields=id&fields=name HTTP/1.1" status: 200 len: 313 time: 0.0390277
2026-05-11 11:59:59.103 10 INFO neutron.api.wsgi [None req-9339c99b-1ba1-41b2-b234-077b38a154b7 21f213de4a904c03bf20b2f226e2c45a 1c5074aad43e4f538ffabfc416f3d63b - - default default] 10.0.0.95 "DELETE /v2.0/security-groups/f171059b-304e-41f9-9415-42da0344654b HTTP/1.1" status: 204 len: 168 time: 0.2336509
2026-05-11 11:59:59.164 9 INFO neutron.db.ovn_revision_numbers_db [None req-32387309-5b28-41c7-ae0e-fd5a6b6c2f57 e19686a30ffd44e39cddabdc8ab73d51 03acdb2d4e994d9da07593807b0e45db - - default default] Successfully bumped revision number for resource e55494a5-0ee6-457e-a3b3-18eef7361c18 (type: routers) to 3
2026-05-11 11:59:59.170 9 INFO neutron.api.wsgi [None req-32387309-5b28-41c7-ae0e-fd5a6b6c2f57 e19686a30ffd44e39cddabdc8ab73d51 03acdb2d4e994d9da07593807b0e45db - - default default] 10.0.0.95 "PUT /v2.0/routers/e55494a5-0ee6-457e-a3b3-18eef7361c18 HTTP/1.1" status: 200 len: 1159 time: 0.3977096
2026-05-11 11:59:59.268 9 INFO neutron.api.wsgi [None req-6fe55ec2-4292-4df6-8f13-54bb605200e3 e19686a30ffd44e39cddabdc8ab73d51 03acdb2d4e994d9da07593807b0e45db - - default default] 10.0.0.95 "GET /v2.0/routers/e55494a5-0ee6-457e-a3b3-18eef7361c18 HTTP/1.1" status: 200 len: 1159 time: 0.0941505
2026-05-11 11:59:59.294 9 INFO neutron.api.wsgi [None req-df291a03-c41e-473d-aa48-46c6536c70c9 e19686a30ffd44e39cddabdc8ab73d51 03acdb2d4e994d9da07593807b0e45db - - default default] 10.0.0.95 "GET /v2.0/ports?device_id=e55494a5-0ee6-457e-a3b3-18eef7361c18 HTTP/1.1" status: 200 len: 205 time: 0.0202308
2026-05-11 11:59:59.769 9 INFO neutron.api.wsgi [req-878e8d1f-43b1-485a-9791-267b0b999c67 req-5e93ea0d-91f4-4fca-9511-a0b5979c5ea7 38d510e7a3fd4a80907efb70012546ca c38a8d7371ab450cbb258205ee89a7fd - - e4896e14d21a4d678fd41e97fb08e427 e4896e14d21a4d678fd41e97fb08e427] 10.0.0.46 "GET /v2.0/ports?device_id=927f8e0b-6270-4139-a075-e00d8807820d HTTP/1.1" status: 200 len: 1409 time: 0.0381138
2026-05-11 11:59:59.815 9 INFO neutron.api.wsgi [req-878e8d1f-43b1-485a-9791-267b0b999c67 req-b2e8ff50-a803-4690-8931-5c771dabb0d9 38d510e7a3fd4a80907efb70012546ca c38a8d7371ab450cbb258205ee89a7fd - - e4896e14d21a4d678fd41e97fb08e427 e4896e14d21a4d678fd41e97fb08e427] 10.0.0.46 "GET /v2.0/security-groups?id=39908fd4-b7f6-48b9-8f56-e5928275521d&fields=id&fields=name HTTP/1.1" status: 200 len: 313 time: 0.0397406
2026-05-11 11:59:59.965 9 INFO neutron.api.wsgi [None req-ff622f48-4b02-450a-9f83-884d70391aaa e19686a30ffd44e39cddabdc8ab73d51 03acdb2d4e994d9da07593807b0e45db - - default default] 10.0.0.95 "DELETE /v2.0/routers/e55494a5-0ee6-457e-a3b3-18eef7361c18 HTTP/1.1" status: 204 len: 168 time: 0.6677825
2026-05-11 11:59:59.985 9 INFO neutron.api.wsgi [None req-db4245bf-28cf-4879-8f5a-3bb2206ef338 e19686a30ffd44e39cddabdc8ab73d51 03acdb2d4e994d9da07593807b0e45db - - default default] 10.0.0.95 "GET /v2.0/ports?device_id=e55494a5-0ee6-457e-a3b3-18eef7361c18 HTTP/1.1" status: 200 len: 205 time: 0.0140882
2026-05-11 12:00:00.005 9 INFO neutron.api.v2.resource [None req-2705205f-4d78-4d9a-b7bd-5ca17de2fe23 e19686a30ffd44e39cddabdc8ab73d51 03acdb2d4e994d9da07593807b0e45db - - default default] delete failed (client error): The resource could not be found.
2026-05-11 12:00:00.006 9 INFO neutron.api.wsgi [None req-2705205f-4d78-4d9a-b7bd-5ca17de2fe23 e19686a30ffd44e39cddabdc8ab73d51 03acdb2d4e994d9da07593807b0e45db - - default default] 10.0.0.95 "DELETE /v2.0/routers/e55494a5-0ee6-457e-a3b3-18eef7361c18 HTTP/1.1" status: 404 len: 336 time: 0.0162630
2026-05-11 12:00:00.024 9 INFO neutron.api.wsgi [None req-8a454501-52c5-43c2-91ba-1d7a007b5831 e19686a30ffd44e39cddabdc8ab73d51 03acdb2d4e994d9da07593807b0e45db - - default default] 10.0.0.95 "GET /v2.0/ports?device_id=bb5dc8cc-d547-49da-9027-225367619920 HTTP/1.1" status: 200 len: 205 time: 0.0138063
2026-05-11 12:00:00.045 10 INFO neutron.api.v2.resource [None req-e9f46145-4dab-4b97-b022-d7935c85e98e e19686a30ffd44e39cddabdc8ab73d51 03acdb2d4e994d9da07593807b0e45db - - default default] delete failed (client error): The resource could not be found.
2026-05-11 12:00:00.046 10 INFO neutron.api.wsgi [None req-e9f46145-4dab-4b97-b022-d7935c85e98e e19686a30ffd44e39cddabdc8ab73d51 03acdb2d4e994d9da07593807b0e45db - - default default] 10.0.0.95 "DELETE /v2.0/routers/bb5dc8cc-d547-49da-9027-225367619920 HTTP/1.1" status: 404 len: 336 time: 0.0158432
2026-05-11 12:00:00.059 10 INFO neutron.pecan_wsgi.hooks.translation [None req-b859a1a4-5381-4e09-85d3-af670c2ca9d8 e19686a30ffd44e39cddabdc8ab73d51 03acdb2d4e994d9da07593807b0e45db - - default default] DELETE failed (client error): The resource could not be found.
2026-05-11 12:00:00.061 10 INFO neutron.api.wsgi [None req-b859a1a4-5381-4e09-85d3-af670c2ca9d8 e19686a30ffd44e39cddabdc8ab73d51 03acdb2d4e994d9da07593807b0e45db - - default default] 10.0.0.95 "DELETE /v2.0/subnets/33278bfa-07b7-4130-a61a-892f57121054 HTTP/1.1" status: 404 len: 337 time: 0.0112565
2026-05-11 12:00:00.081 10 INFO neutron.api.wsgi [None req-a4798e55-0abd-470f-a2aa-31af59e9af11 e19686a30ffd44e39cddabdc8ab73d51 03acdb2d4e994d9da07593807b0e45db - - default default] 10.0.0.95 "GET /v2.0/ports?device_id=a903db30-ac67-4bde-9441-7110130d8ce3 HTTP/1.1" status: 200 len: 205 time: 0.0156980
2026-05-11 12:00:00.101 10 INFO neutron.api.v2.resource [None req-1d5b3908-08fc-4af8-bd17-3da59de36058 e19686a30ffd44e39cddabdc8ab73d51 03acdb2d4e994d9da07593807b0e45db - - default default] delete failed (client error): The resource could not be found.
2026-05-11 12:00:00.103 10 INFO neutron.api.wsgi [None req-1d5b3908-08fc-4af8-bd17-3da59de36058 e19686a30ffd44e39cddabdc8ab73d51 03acdb2d4e994d9da07593807b0e45db - - default default] 10.0.0.95 "DELETE /v2.0/routers/a903db30-ac67-4bde-9441-7110130d8ce3 HTTP/1.1" status: 404 len: 336 time: 0.0178454
2026-05-11 12:00:00.126 10 INFO neutron.pecan_wsgi.hooks.translation [None req-7d1aee83-887e-4e77-875f-caf7fe743257 e19686a30ffd44e39cddabdc8ab73d51 03acdb2d4e994d9da07593807b0e45db - - default default] DELETE failed (client error): The resource could not be found.
2026-05-11 12:00:00.129 10 INFO neutron.api.wsgi [None req-7d1aee83-887e-4e77-875f-caf7fe743257 e19686a30ffd44e39cddabdc8ab73d51 03acdb2d4e994d9da07593807b0e45db - - default default] 10.0.0.95 "DELETE /v2.0/subnets/9fed6b02-9a31-4456-bcc8-587b48399633 HTTP/1.1" status: 404 len: 337 time: 0.0180910
2026-05-11 12:00:00.168 10 INFO neutron.api.wsgi [None req-25a57bc5-dd58-4dbb-b8fa-690beb59ff23 e19686a30ffd44e39cddabdc8ab73d51 03acdb2d4e994d9da07593807b0e45db - - default default] 10.0.0.95 "GET /v2.0/ports?device_id=5f4c4418-7760-4923-9217-ae8c4eceaa54 HTTP/1.1" status: 200 len: 205 time: 0.0347359
2026-05-11 12:00:00.193 10 INFO neutron.api.v2.resource [None req-a1ee6605-56af-4461-9689-0ad521b44865 e19686a30ffd44e39cddabdc8ab73d51 03acdb2d4e994d9da07593807b0e45db - - default default] delete failed (client error): The resource could not be found.
2026-05-11 12:00:00.194 10 INFO neutron.api.wsgi [None req-a1ee6605-56af-4461-9689-0ad521b44865 e19686a30ffd44e39cddabdc8ab73d51 03acdb2d4e994d9da07593807b0e45db - - default default] 10.0.0.95 "DELETE /v2.0/routers/5f4c4418-7760-4923-9217-ae8c4eceaa54 HTTP/1.1" status: 404 len: 336 time: 0.0182569
2026-05-11 12:00:00.214 10 INFO neutron.pecan_wsgi.hooks.translation [None req-e4f644f1-9fb7-41f7-a39f-621553cceedb e19686a30ffd44e39cddabdc8ab73d51 03acdb2d4e994d9da07593807b0e45db - - default default] DELETE failed (client error): The resource could not be found.
2026-05-11 12:00:00.217 10 INFO neutron.api.wsgi [None req-e4f644f1-9fb7-41f7-a39f-621553cceedb e19686a30ffd44e39cddabdc8ab73d51 03acdb2d4e994d9da07593807b0e45db - - default default] 10.0.0.95 "DELETE /v2.0/subnets/9fdd8db6-1efd-430b-b8fb-f3f2dbb5a06a HTTP/1.1" status: 404 len: 337 time: 0.0183804
2026-05-11 12:00:00.242 9 INFO neutron.pecan_wsgi.hooks.translation [None req-5a80755c-9d81-4992-ae7d-228ce8e049e4 e19686a30ffd44e39cddabdc8ab73d51 03acdb2d4e994d9da07593807b0e45db - - default default] DELETE failed (client error): The resource could not be found.
2026-05-11 12:00:00.244 9 INFO neutron.api.wsgi [None req-5a80755c-9d81-4992-ae7d-228ce8e049e4 e19686a30ffd44e39cddabdc8ab73d51 03acdb2d4e994d9da07593807b0e45db - - default default] 10.0.0.95 "DELETE /v2.0/subnets/b3bf9921-7ad1-4e0c-ad42-d5e4b232a9d5 HTTP/1.1" status: 404 len: 337 time: 0.0208881
2026-05-11 12:00:00.275 9 INFO neutron.api.wsgi [req-acafc9f5-7479-4f78-8b77-a4a538db18a3 req-2cfd6820-d46c-4e79-9718-5df3247adf93 9a4e2b9214d24cb6af2303f7d8eab562 1dcfcaee710f403f835758029f04e121 - - default default] 10.0.0.123 "GET /v2.0/ports?device_id=5521c7de-7fa8-4422-9da1-ffc9986e214c HTTP/1.1" status: 200 len: 1170 time: 0.1108050
2026-05-11 12:00:00.319 9 INFO neutron.api.wsgi [req-acafc9f5-7479-4f78-8b77-a4a538db18a3 req-45d89392-f8b6-4ec9-8aec-25b5ab3adfb5 9a4e2b9214d24cb6af2303f7d8eab562 1dcfcaee710f403f835758029f04e121 - - default default] 10.0.0.123 "GET /v2.0/security-groups?id=27110894-2ffb-44dc-9c4d-d00203397573&fields=id&fields=name HTTP/1.1" status: 200 len: 313 time: 0.0395112
2026-05-11 12:00:00.764 10 INFO neutron.api.wsgi [req-fccf2207-c15a-4538-abb4-8e59b0d5f151 req-ac8cb119-0dc3-42f6-8a78-507829d4aeb6 9a4e2b9214d24cb6af2303f7d8eab562 1dcfcaee710f403f835758029f04e121 - - default default] 199.204.45.72 "GET /v2.0/ports?device_id=5521c7de-7fa8-4422-9da1-ffc9986e214c HTTP/1.1" status: 200 len: 1170 time: 0.0355175
2026-05-11 12:00:00.935 10 WARNING neutron.plugins.ml2.drivers.ovn.mech_driver.ovsdb.ovn_client [None req-36cc73af-aa02-43f7-a655-8cd1391a9981 - - - - - -] No port found with ID 6cfc467d-2e1b-4d02-ab6b-8b011fd54f9a: RuntimeError: No port found with ID 6cfc467d-2e1b-4d02-ab6b-8b011fd54f9a
2026-05-11 12:00:00.958 10 INFO neutron.plugins.ml2.drivers.ovn.mech_driver.mech_driver [None req-36cc73af-aa02-43f7-a655-8cd1391a9981 - - - - - -] OVN reports status down for port: 934a2268-0744-4dc1-a82a-1052cc0faaa6
2026-05-11 12:00:01.014 9 INFO neutron.api.wsgi [None req-8cd15425-61ce-4e0e-8a94-f518811f1f29 21f213de4a904c03bf20b2f226e2c45a 1c5074aad43e4f538ffabfc416f3d63b - - default default] 10.0.0.95 "GET /v2.0/security-groups?tenant_id=03acdb2d4e994d9da07593807b0e45db&name=default HTTP/1.1" status: 200 len: 3120 time: 0.2627079
2026-05-11 12:00:01.077 10 INFO neutron.db.l3_db [req-fccf2207-c15a-4538-abb4-8e59b0d5f151 req-9596af3e-45b9-47e0-a1f2-de5cb2ba4f26 9a4e2b9214d24cb6af2303f7d8eab562 1dcfcaee710f403f835758029f04e121 - - default default] Floating IP ab09a286-5862-47cb-a180-e8f07d8af77a disassociated. External IP: 10.96.250.211, port: 934a2268-0744-4dc1-a82a-1052cc0faaa6.
2026-05-11 12:00:01.219 10 INFO neutron.api.wsgi [req-fccf2207-c15a-4538-abb4-8e59b0d5f151 req-9596af3e-45b9-47e0-a1f2-de5cb2ba4f26 9a4e2b9214d24cb6af2303f7d8eab562 1dcfcaee710f403f835758029f04e121 - - default default] 199.204.45.72 "DELETE /v2.0/ports/934a2268-0744-4dc1-a82a-1052cc0faaa6 HTTP/1.1" status: 204 len: 173 time: 0.4510634
2026-05-11 12:00:01.251 10 INFO neutron.notifiers.nova [-] Nova event matching ['req-9d98b091-b708-41d7-b9bf-009cbf186b24'] response: {'server_uuid': '5521c7de-7fa8-4422-9da1-ffc9986e214c', 'name': 'network-vif-deleted', 'tag': '934a2268-0744-4dc1-a82a-1052cc0faaa6', 'status': 'completed', 'code': 200}
2026-05-11 12:00:01.273 9 INFO neutron.api.wsgi [None req-c5eecd0c-58ad-436c-a5ef-944f49a746eb 21f213de4a904c03bf20b2f226e2c45a 1c5074aad43e4f538ffabfc416f3d63b - - default default] 10.0.0.95 "DELETE /v2.0/security-groups/60ff822f-9d23-4b4e-904c-7522d72271c7 HTTP/1.1" status: 204 len: 168 time: 0.2515666
2026-05-11 12:00:01.433 9 INFO neutron.api.wsgi [req-bb2c7642-5320-45c1-9be9-5c5a59ab9f8d req-c0835a76-71b0-4b57-9993-e44da8b71c9c 9a4e2b9214d24cb6af2303f7d8eab562 1dcfcaee710f403f835758029f04e121 - - default default] 10.0.0.123 "GET /v2.0/ports?device_id=5521c7de-7fa8-4422-9da1-ffc9986e214c HTTP/1.1" status: 200 len: 210 time: 0.0172224
2026-05-11 12:00:01.715 10 ERROR ovsdbapp.backend.ovs_idl.command [None req-36cc73af-aa02-43f7-a655-8cd1391a9981 - - - - - -] Error executing command (LspGetUpCommand): ovsdbapp.backend.ovs_idl.idlutils.RowNotFound: Cannot find Logical_Switch_Port with name=934a2268-0744-4dc1-a82a-1052cc0faaa6
2026-05-11 12:00:01.715 10 ERROR ovsdbapp.backend.ovs_idl.command
Traceback (most recent call last):
2026-05-11 12:00:01.715 10 ERROR ovsdbapp.backend.ovs_idl.command
File "/var/lib/openstack/lib/python3.12/site-packages/ovsdbapp/backend/ovs_idl/command.py", line 47, in execute
2026-05-11 12:00:01.715 10 ERROR ovsdbapp.backend.ovs_idl.command self.run_idl(None)
2026-05-11 12:00:01.715 10 ERROR ovsdbapp.backend.ovs_idl.command
File "/var/lib/openstack/lib/python3.12/site-packages/ovsdbapp/schema/ovn_northbound/commands.py", line 679, in run_idl
2026-05-11 12:00:01.715 10 ERROR ovsdbapp.backend.ovs_idl.command lsp = self.api.lookup('Logical_Switch_Port', self.port)
2026-05-11 12:00:01.715 10 ERROR ovsdbapp.backend.ovs_idl.command ^^^^^^^^^^^^^^^^^^^^^^^^^^^^^^^^^^^^^^^^^^^^^^^^^
2026-05-11 12:00:01.715 10 ERROR ovsdbapp.backend.ovs_idl.command
File "/var/lib/openstack/lib/python3.12/site-packages/ovsdbapp/backend/ovs_idl/__init__.py", line 184, in lookup
2026-05-11 12:00:01.715 10 ERROR ovsdbapp.backend.ovs_idl.command return self._lookup(table, record)
2026-05-11 12:00:01.715 10 ERROR ovsdbapp.backend.ovs_idl.command ^^^^^^^^^^^^^^^^^^^^^^^^^^^
2026-05-11 12:00:01.715 10 ERROR ovsdbapp.backend.ovs_idl.command
File "/var/lib/openstack/lib/python3.12/site-packages/ovsdbapp/backend/ovs_idl/__init__.py", line 235, in _lookup
2026-05-11 12:00:01.715 10 ERROR ovsdbapp.backend.ovs_idl.command row = idlutils.row_by_value(self, rl.table, rl.column, record)
2026-05-11 12:00:01.715 10 ERROR ovsdbapp.backend.ovs_idl.command ^^^^^^^^^^^^^^^^^^^^^^^^^^^^^^^^^^^^^^^^^^^^^^^^^^^^^^^^
2026-05-11 12:00:01.715 10 ERROR ovsdbapp.backend.ovs_idl.command
File "/var/lib/openstack/lib/python3.12/site-packages/ovsdbapp/backend/ovs_idl/idlutils.py", line 114, in row_by_value
2026-05-11 12:00:01.715 10 ERROR ovsdbapp.backend.ovs_idl.command raise RowNotFound(table=table, col=column, match=match)
2026-05-11 12:00:01.715 10 ERROR ovsdbapp.backend.ovs_idl.command ovsdbapp.backend.ovs_idl.idlutils.RowNotFound: Cannot find Logical_Switch_Port with name=934a2268-0744-4dc1-a82a-1052cc0faaa6
2026-05-11 12:00:01.715 10 ERROR ovsdbapp.backend.ovs_idl.command
2026-05-11 12:00:01.717 10 ERROR ovsdbapp.event [None req-36cc73af-aa02-43f7-a655-8cd1391a9981 - - - - - -] Unexpected exception in notify_loop: ovsdbapp.backend.ovs_idl.idlutils.RowNotFound: Cannot find Logical_Switch_Port with name=934a2268-0744-4dc1-a82a-1052cc0faaa6
2026-05-11 12:00:01.717 10 ERROR ovsdbapp.event
Traceback (most recent call last):
2026-05-11 12:00:01.717 10 ERROR ovsdbapp.event
File "/var/lib/openstack/lib/python3.12/site-packages/ovsdbapp/event.py", line 177, in notify_loop
