2026-05-11 11:58:58.301 9 WARNING neutron.api.rpc.agentnotifiers.dhcp_rpc_agent_api [None req-f8439d7f-b055-4151-be51-e618a22b32e4 9a4e2b9214d24cb6af2303f7d8eab562 1dcfcaee710f403f835758029f04e121 - - default default] Unable to schedule network 0d717159-7539-4bff-a424-916c146de2d1: no agents available; will retry on subsequent port and subnet creation events.
2026-05-11 11:58:58.429 9 INFO neutron.db.ovn_revision_numbers_db [None req-f8439d7f-b055-4151-be51-e618a22b32e4 9a4e2b9214d24cb6af2303f7d8eab562 1dcfcaee710f403f835758029f04e121 - - default default] Successfully bumped revision number for resource 2aa155bb-1406-433e-90d2-0ddf1d6c5f99 (type: ports) to 1
2026-05-11 11:58:58.469 10 INFO neutron.api.wsgi [req-3170a33a-bd9b-47a9-9d06-e778c2bbed63 req-e3a5df09-b667-4c82-a712-de80587100c5 975d112869a84c139a938d1fe5ebfcc4 00dbd8f8f2c942679f14996c4a3b9174 - - default default] 199.204.45.72 "GET /v2.0/networks?id=cfc027c2-a7a5-4767-96b4-3446e288d1a3 HTTP/1.1" status: 200 len: 874 time: 0.0594306
2026-05-11 11:58:58.516 10 INFO neutron.api.wsgi [req-3170a33a-bd9b-47a9-9d06-e778c2bbed63 req-5ca1bfcd-ef05-40fa-aa62-10131e32ec17 975d112869a84c139a938d1fe5ebfcc4 00dbd8f8f2c942679f14996c4a3b9174 - - default default] 199.204.45.72 "GET /v2.0/security-groups?fields=id&fields=name&tenant_id=00dbd8f8f2c942679f14996c4a3b9174 HTTP/1.1" status: 200 len: 380 time: 0.0384710
2026-05-11 11:58:58.525 10 WARNING neutron_lib.context [req-3170a33a-bd9b-47a9-9d06-e778c2bbed63 req-dac9fbe2-71d4-44a5-857f-7473865d5996 975d112869a84c139a938d1fe5ebfcc4 00dbd8f8f2c942679f14996c4a3b9174 - - default default] Method 'is_advsvc' is deprecated since 2023.2 release (neutron-lib 3.8.0) and will be removed once support for the old RBAC API policies will be removed from Neutron. Please use method 'is_service_role' instead.
2026-05-11 11:58:58.534 9 INFO neutron.api.wsgi [req-0249bd4c-1cb8-4a3e-b8f9-8fa37c32d888 req-eefdf203-4641-4cbf-84d1-b072d3fa01bf 975d112869a84c139a938d1fe5ebfcc4 00dbd8f8f2c942679f14996c4a3b9174 - - default default] 10.0.0.123 "GET /v2.0/ports?device_id=be176727-29ea-4595-8117-5d229b7aa768 HTTP/1.1" status: 200 len: 210 time: 0.0221379
2026-05-11 11:58:58.783 10 WARNING neutron.scheduler.dhcp_agent_scheduler [req-3170a33a-bd9b-47a9-9d06-e778c2bbed63 req-dac9fbe2-71d4-44a5-857f-7473865d5996 975d112869a84c139a938d1fe5ebfcc4 00dbd8f8f2c942679f14996c4a3b9174 - - default default] No more DHCP agents
2026-05-11 11:58:58.784 10 WARNING neutron.api.rpc.agentnotifiers.dhcp_rpc_agent_api [req-3170a33a-bd9b-47a9-9d06-e778c2bbed63 req-dac9fbe2-71d4-44a5-857f-7473865d5996 975d112869a84c139a938d1fe5ebfcc4 00dbd8f8f2c942679f14996c4a3b9174 - - default default] Unable to schedule network cfc027c2-a7a5-4767-96b4-3446e288d1a3: no agents available; will retry on subsequent port and subnet creation events.
2026-05-11 11:58:58.907 10 INFO neutron.db.ovn_revision_numbers_db [req-3170a33a-bd9b-47a9-9d06-e778c2bbed63 req-dac9fbe2-71d4-44a5-857f-7473865d5996 975d112869a84c139a938d1fe5ebfcc4 00dbd8f8f2c942679f14996c4a3b9174 - - default default] Successfully bumped revision number for resource ad0435f1-2a56-4c64-87f0-1fd9ce7a60ea (type: ports) to 1
2026-05-11 11:58:58.931 10 INFO neutron.api.wsgi [req-3170a33a-bd9b-47a9-9d06-e778c2bbed63 req-dac9fbe2-71d4-44a5-857f-7473865d5996 975d112869a84c139a938d1fe5ebfcc4 00dbd8f8f2c942679f14996c4a3b9174 - - default default] 199.204.45.72 "POST /v2.0/ports HTTP/1.1" status: 201 len: 1158 time: 0.4113610 /var/lib/openstack/lib/python3.12/site-packages/pycadf/identifier.py:71: UserWarning: Invalid uuid: neutron. To ensure interoperability, identifiers should be a valid uuid. warnings.warn(('Invalid uuid: %s. To ensure interoperability, '
2026-05-11 11:58:58.998 9 INFO neutron.plugins.ml2.drivers.ovn.mech_driver.ovsdb.commands [None req-9707413f-8edd-4f64-9359-b738aeae1bb4 - - - - - -] Schedule LRP lrp-2aa155bb-1406-433e-90d2-0ddf1d6c5f99 on gateway d5737e58-4696-432e-9e87-cb0cb76837e0 with priority 1
2026-05-11 11:58:59.022 10 INFO neutron.plugins.ml2.drivers.ovn.mech_driver.ovsdb.ovsdb_monitor [None req-6c8b0a68-6fe8-433c-b596-f84bed55a357 - - - - - -] Router e86310b1-3b24-4f34-bd8a-5e5939262711 is bound to host instance
2026-05-11 11:58:59.029 9 INFO neutron.plugins.ml2.drivers.ovn.mech_driver.mech_driver [None req-4a6b5cdf-db0a-402d-98a7-d3b7f5083f52 - - - - - -] OVN reports status up for port: 2aa155bb-1406-433e-90d2-0ddf1d6c5f99
2026-05-11 11:58:59.042 9 INFO neutron.plugins.ml2.plugin [None req-4a6b5cdf-db0a-402d-98a7-d3b7f5083f52 - - - - - -] Attempt 1 to provision port 2aa155bb-1406-433e-90d2-0ddf1d6c5f99
2026-05-11 11:58:59.066 9 INFO neutron.db.ovn_revision_numbers_db [None req-f8439d7f-b055-4151-be51-e618a22b32e4 9a4e2b9214d24cb6af2303f7d8eab562 1dcfcaee710f403f835758029f04e121 - - default default] Successfully bumped revision number for resource 2aa155bb-1406-433e-90d2-0ddf1d6c5f99 (type: router_ports) to 1
2026-05-11 11:58:59.138 9 INFO neutron.db.ovn_revision_numbers_db [None req-f8439d7f-b055-4151-be51-e618a22b32e4 9a4e2b9214d24cb6af2303f7d8eab562 1dcfcaee710f403f835758029f04e121 - - default default] Successfully bumped revision number for resource e86310b1-3b24-4f34-bd8a-5e5939262711 (type: routers) to 2
2026-05-11 11:58:59.172 9 INFO neutron.api.wsgi [None req-f8439d7f-b055-4151-be51-e618a22b32e4 9a4e2b9214d24cb6af2303f7d8eab562 1dcfcaee710f403f835758029f04e121 - - default default] 10.0.0.95 "POST /v2.0/routers HTTP/1.1" status: 201 len: 1154 time: 1.2613802
2026-05-11 11:58:59.476 10 INFO neutron.db.ovn_revision_numbers_db [req-3170a33a-bd9b-47a9-9d06-e778c2bbed63 req-bd5895fd-00e8-43a9-95ec-d7c735cb968f 38d510e7a3fd4a80907efb70012546ca c38a8d7371ab450cbb258205ee89a7fd - - e4896e14d21a4d678fd41e97fb08e427 e4896e14d21a4d678fd41e97fb08e427] Successfully bumped revision number for resource ad0435f1-2a56-4c64-87f0-1fd9ce7a60ea (type: ports) to 2
2026-05-11 11:58:59.538 9 INFO neutron.api.wsgi [None req-7845b25c-adf9-4bb9-81fd-870316246b71 c21a0cb5a924423095ce91ecb862b232 b7cd30196dee4151a3d7258c023410b5 - - default default] 10.0.0.95 "GET /v2.0/subnets?project_id=1dcfcaee710f403f835758029f04e121&cidr=10.100.0.0%2F28 HTTP/1.1" status: 200 len: 207 time: 0.3557725
2026-05-11 11:58:59.601 9 INFO neutron.api.wsgi [None req-958204b5-ceab-41d5-8acc-aa469d3f7c5f c21a0cb5a924423095ce91ecb862b232 b7cd30196dee4151a3d7258c023410b5 - - default default] 10.0.0.95 "GET /v2.0/networks?router%3Aexternal=True HTTP/1.1" status: 200 len: 947 time: 0.0594320
2026-05-11 11:58:59.615 10 INFO neutron.db.ovn_revision_numbers_db [None req-8bd5e0dc-cec9-4e55-bff0-7daaf1f2ea1a - - - - - -] Successfully bumped revision number for resource 2aa155bb-1406-433e-90d2-0ddf1d6c5f99 (type: ports) to 1
2026-05-11 11:58:59.622 9 INFO neutron.api.wsgi [None req-7a7e5fb7-ebed-439f-a81b-e209fb4eec21 c21a0cb5a924423095ce91ecb862b232 b7cd30196dee4151a3d7258c023410b5 - - default default] 10.0.0.95 "GET /v2.0/subnets?network_id=0d717159-7539-4bff-a424-916c146de2d1&cidr=10.100.0.0%2F28 HTTP/1.1" status: 200 len: 207 time: 0.0156562 /var/lib/openstack/lib/python3.12/site-packages/pycadf/identifier.py:71: UserWarning: Invalid uuid: neutron. To ensure interoperability, identifiers should be a valid uuid. warnings.warn(('Invalid uuid: %s. To ensure interoperability, '
2026-05-11 11:58:59.629 9 WARNING neutron_lib.context [None req-640e1258-d260-4b76-855c-62935292296d 9a4e2b9214d24cb6af2303f7d8eab562 1dcfcaee710f403f835758029f04e121 - - default default] Method 'is_advsvc' is deprecated since 2023.2 release (neutron-lib 3.8.0) and will be removed once support for the old RBAC API policies will be removed from Neutron. Please use method 'is_service_role' instead.
2026-05-11 11:58:59.724 10 INFO neutron.api.wsgi [req-190bfe94-bdba-4064-a4fe-47fab8ecd80a req-15583da4-070f-4d04-be34-9c3d5c357acc 975d112869a84c139a938d1fe5ebfcc4 00dbd8f8f2c942679f14996c4a3b9174 - - default default] 10.0.0.123 "GET /v2.0/ports?device_id=be176727-29ea-4595-8117-5d229b7aa768 HTTP/1.1" status: 200 len: 1168 time: 0.1034768
2026-05-11 11:58:59.777 10 INFO neutron.db.ovn_revision_numbers_db [req-3170a33a-bd9b-47a9-9d06-e778c2bbed63 req-bd5895fd-00e8-43a9-95ec-d7c735cb968f 38d510e7a3fd4a80907efb70012546ca c38a8d7371ab450cbb258205ee89a7fd - - e4896e14d21a4d678fd41e97fb08e427 e4896e14d21a4d678fd41e97fb08e427] Successfully bumped revision number for resource ad0435f1-2a56-4c64-87f0-1fd9ce7a60ea (type: ports) to 4
2026-05-11 11:58:59.790 10 INFO neutron.api.wsgi [req-190bfe94-bdba-4064-a4fe-47fab8ecd80a req-6f2b49dc-f6b7-4b24-ae85-8009435b02fd 975d112869a84c139a938d1fe5ebfcc4 00dbd8f8f2c942679f14996c4a3b9174 - - default default] 10.0.0.123 "GET /v2.0/security-groups?id=6f8d1221-cda4-47d5-9096-c42269407bfd&fields=id&fields=name HTTP/1.1" status: 200 len: 313 time: 0.0587852
2026-05-11 11:58:59.798 9 WARNING neutron.scheduler.dhcp_agent_scheduler [None req-640e1258-d260-4b76-855c-62935292296d 9a4e2b9214d24cb6af2303f7d8eab562 1dcfcaee710f403f835758029f04e121 - - default default] No more DHCP agents
2026-05-11 11:58:59.799 9 WARNING neutron.api.rpc.agentnotifiers.dhcp_rpc_agent_api [None req-640e1258-d260-4b76-855c-62935292296d 9a4e2b9214d24cb6af2303f7d8eab562 1dcfcaee710f403f835758029f04e121 - - default default] Unable to schedule network 63676d93-8aba-4cf5-8806-18633dc0690e: no agents available; will retry on subsequent port and subnet creation events.
2026-05-11 11:58:59.801 10 INFO neutron.api.wsgi [req-3170a33a-bd9b-47a9-9d06-e778c2bbed63 req-bd5895fd-00e8-43a9-95ec-d7c735cb968f 38d510e7a3fd4a80907efb70012546ca c38a8d7371ab450cbb258205ee89a7fd - - e4896e14d21a4d678fd41e97fb08e427 e4896e14d21a4d678fd41e97fb08e427] 199.204.45.72 "PUT /v2.0/ports/ad0435f1-2a56-4c64-87f0-1fd9ce7a60ea HTTP/1.1" status: 200 len: 1404 time: 0.8650844
2026-05-11 11:58:59.836 10 INFO neutron.notifiers.nova [-] Nova event matching ['req-25ff309f-efef-40c0-a7f1-f7d5062a3a5d'] response: {'name': 'network-changed', 'server_uuid': 'be176727-29ea-4595-8117-5d229b7aa768', 'tag': 'ad0435f1-2a56-4c64-87f0-1fd9ce7a60ea', 'status': 'completed', 'code': 200}
2026-05-11 11:58:59.982 10 INFO neutron.db.ovn_revision_numbers_db [None req-8bd5e0dc-cec9-4e55-bff0-7daaf1f2ea1a - - - - - -] Successfully bumped revision number for resource 2aa155bb-1406-433e-90d2-0ddf1d6c5f99 (type: ports) to 4
2026-05-11 11:59:00.176 9 INFO neutron.db.ovn_revision_numbers_db [None req-5befbf96-de72-4a25-9972-c6704f539b25 - - - - - -] Successfully bumped revision number for resource 63a1b49b-405a-4f14-93b4-4332d933cd02 (type: ports) to 2
2026-05-11 11:59:00.202 9 INFO neutron.db.ovn_revision_numbers_db [None req-5befbf96-de72-4a25-9972-c6704f539b25 - - - - - -] Successfully bumped revision number for resource 9a23c8b4-ca65-47b6-9e4c-3de66424a766 (type: subnets) to 0
2026-05-11 11:59:00.221 9 INFO neutron.api.wsgi [None req-640e1258-d260-4b76-855c-62935292296d 9a4e2b9214d24cb6af2303f7d8eab562 1dcfcaee710f403f835758029f04e121 - - default default] 10.0.0.95 "POST /v2.0/subnets HTTP/1.1" status: 201 len: 855 time: 0.5946057
2026-05-11 11:59:00.234 10 INFO neutron.db.ovn_revision_numbers_db [None req-8bd5e0dc-cec9-4e55-bff0-7daaf1f2ea1a - - - - - -] Successfully bumped revision number for resource 2aa155bb-1406-433e-90d2-0ddf1d6c5f99 (type: ports) to 5
2026-05-11 11:59:00.376 10 INFO neutron.api.wsgi [req-7d44a554-15d6-4fa1-8c11-b324ffe58ccf req-2a9ba736-d858-47ca-9333-7719d427c057 38d510e7a3fd4a80907efb70012546ca c38a8d7371ab450cbb258205ee89a7fd - - e4896e14d21a4d678fd41e97fb08e427 e4896e14d21a4d678fd41e97fb08e427] 199.204.45.72 "GET /v2.0/ports?tenant_id=00dbd8f8f2c942679f14996c4a3b9174&device_id=be176727-29ea-4595-8117-5d229b7aa768 HTTP/1.1" status: 200 len: 1407 time: 0.0305600
2026-05-11 11:59:00.420 10 INFO neutron.api.wsgi [req-7d44a554-15d6-4fa1-8c11-b324ffe58ccf req-f40c97b6-0ce1-4ebc-9392-0d4d02be432f 38d510e7a3fd4a80907efb70012546ca c38a8d7371ab450cbb258205ee89a7fd - - e4896e14d21a4d678fd41e97fb08e427 e4896e14d21a4d678fd41e97fb08e427] 199.204.45.72 "GET /v2.0/networks?tenant_id=00dbd8f8f2c942679f14996c4a3b9174&shared=False HTTP/1.1" status: 200 len: 973 time: 0.0391331
2026-05-11 11:59:00.461 10 INFO neutron.api.wsgi [req-7d44a554-15d6-4fa1-8c11-b324ffe58ccf req-bfe29739-0248-438d-bf0b-42103a5ae6e3 38d510e7a3fd4a80907efb70012546ca c38a8d7371ab450cbb258205ee89a7fd - - e4896e14d21a4d678fd41e97fb08e427 e4896e14d21a4d678fd41e97fb08e427] 199.204.45.72 "GET /v2.0/networks?shared=True HTTP/1.1" status: 200 len: 952 time: 0.0358710
2026-05-11 11:59:00.685 9 WARNING neutron.scheduler.dhcp_agent_scheduler [None req-cfe03d70-8740-442c-b947-91f344d0e61c 9a4e2b9214d24cb6af2303f7d8eab562 1dcfcaee710f403f835758029f04e121 - - default default] No more DHCP agents
2026-05-11 11:59:00.687 9 WARNING neutron.api.rpc.agentnotifiers.dhcp_rpc_agent_api [None req-cfe03d70-8740-442c-b947-91f344d0e61c 9a4e2b9214d24cb6af2303f7d8eab562 1dcfcaee710f403f835758029f04e121 - - default default] Unable to schedule network 63676d93-8aba-4cf5-8806-18633dc0690e: no agents available; will retry on subsequent port and subnet creation events.
2026-05-11 11:59:00.798 9 INFO neutron.db.ovn_revision_numbers_db [None req-cfe03d70-8740-442c-b947-91f344d0e61c 9a4e2b9214d24cb6af2303f7d8eab562 1dcfcaee710f403f835758029f04e121 - - default default] Successfully bumped revision number for resource 09a320e1-f12a-46c5-91c1-0dbb8c517cde (type: ports) to 1
2026-05-11 11:59:00.878 10 INFO neutron.api.wsgi [req-c3195c6a-7f47-4e03-904c-b335f04b5114 req-3da5299d-25e3-4349-b0c9-4d91475c6cb0 975d112869a84c139a938d1fe5ebfcc4 00dbd8f8f2c942679f14996c4a3b9174 - - default default] 10.0.0.123 "GET /v2.0/ports?device_id=be176727-29ea-4595-8117-5d229b7aa768 HTTP/1.1" status: 200 len: 1168 time: 0.0289562
2026-05-11 11:59:00.909 10 INFO neutron.api.wsgi [req-c3195c6a-7f47-4e03-904c-b335f04b5114 req-f876a589-f2d5-434c-921f-d7c4631cda07 975d112869a84c139a938d1fe5ebfcc4 00dbd8f8f2c942679f14996c4a3b9174 - - default default] 10.0.0.123 "GET /v2.0/security-groups?id=6f8d1221-cda4-47d5-9096-c42269407bfd&fields=id&fields=name HTTP/1.1" status: 200 len: 313 time: 0.0277719
2026-05-11 11:59:01.475 10 INFO neutron.plugins.ml2.drivers.ovn.mech_driver.mech_driver [None req-0535ec7f-fcd7-4494-9b1f-75dab44850a9 - - - - - -] OVN reports status up for port: 09a320e1-f12a-46c5-91c1-0dbb8c517cde
2026-05-11 11:59:01.488 9 INFO neutron.db.ovn_revision_numbers_db [None req-cfe03d70-8740-442c-b947-91f344d0e61c 9a4e2b9214d24cb6af2303f7d8eab562 1dcfcaee710f403f835758029f04e121 - - default default] Successfully bumped revision number for resource 09a320e1-f12a-46c5-91c1-0dbb8c517cde (type: ports) to 1
2026-05-11 11:59:01.497 10 INFO neutron.plugins.ml2.plugin [None req-0535ec7f-fcd7-4494-9b1f-75dab44850a9 - - - - - -] Attempt 1 to provision port 09a320e1-f12a-46c5-91c1-0dbb8c517cde
2026-05-11 11:59:01.517 10 INFO neutron.api.wsgi [req-3170a33a-bd9b-47a9-9d06-e778c2bbed63 req-ee6245ef-b037-435c-8ab9-ce4d4f681cc9 38d510e7a3fd4a80907efb70012546ca c38a8d7371ab450cbb258205ee89a7fd - - e4896e14d21a4d678fd41e97fb08e427 e4896e14d21a4d678fd41e97fb08e427] 199.204.45.72 "GET /v2.0/ports?tenant_id=00dbd8f8f2c942679f14996c4a3b9174&device_id=be176727-29ea-4595-8117-5d229b7aa768 HTTP/1.1" status: 200 len: 1407 time: 0.0397742
2026-05-11 11:59:01.543 10 INFO neutron.api.wsgi [req-3170a33a-bd9b-47a9-9d06-e778c2bbed63 req-1ca2abe1-e1d1-4093-896a-e5a963e2dd7f 38d510e7a3fd4a80907efb70012546ca c38a8d7371ab450cbb258205ee89a7fd - - e4896e14d21a4d678fd41e97fb08e427 e4896e14d21a4d678fd41e97fb08e427] 199.204.45.72 "GET /v2.0/floatingips?fixed_ip_address=10.100.0.6&port_id=ad0435f1-2a56-4c64-87f0-1fd9ce7a60ea HTTP/1.1" status: 200 len: 217 time: 0.0190191
2026-05-11 11:59:01.550 10 INFO neutron.db.ovn_revision_numbers_db [None req-82b16bfa-ea29-49dc-8f9c-80ff54d2ff23 21f213de4a904c03bf20b2f226e2c45a 1c5074aad43e4f538ffabfc416f3d63b - - default default] Successfully bumped revision number for resource 7678fde5-5793-4d4f-958b-9b0d2ad8c359 (type: security_groups) to 1
2026-05-11 11:59:01.553 9 WARNING neutron.scheduler.dhcp_agent_scheduler [None req-cfe03d70-8740-442c-b947-91f344d0e61c 9a4e2b9214d24cb6af2303f7d8eab562 1dcfcaee710f403f835758029f04e121 - - default default] No more DHCP agents
2026-05-11 11:59:01.554 9 WARNING neutron.api.rpc.agentnotifiers.dhcp_rpc_agent_api [None req-cfe03d70-8740-442c-b947-91f344d0e61c 9a4e2b9214d24cb6af2303f7d8eab562 1dcfcaee710f403f835758029f04e121 - - default default] Unable to schedule network 63676d93-8aba-4cf5-8806-18633dc0690e: no agents available; will retry on subsequent port and subnet creation events.
2026-05-11 11:59:01.578 10 INFO neutron.db.ovn_revision_numbers_db [None req-82b16bfa-ea29-49dc-8f9c-80ff54d2ff23 21f213de4a904c03bf20b2f226e2c45a 1c5074aad43e4f538ffabfc416f3d63b - - default default] Successfully bumped revision number for resource 0bc6792a-6c76-4423-9e7a-70bccefff08d (type: security_group_rules) to 0
2026-05-11 11:59:01.583 10 INFO neutron.api.wsgi [req-3170a33a-bd9b-47a9-9d06-e778c2bbed63 req-60106c8a-33e6-46fa-ae74-f31de8c04835 38d510e7a3fd4a80907efb70012546ca c38a8d7371ab450cbb258205ee89a7fd - - e4896e14d21a4d678fd41e97fb08e427 e4896e14d21a4d678fd41e97fb08e427] 199.204.45.72 "GET /v2.0/subnets?id=3ebd85c6-dc13-47c1-8a3c-78e968387355 HTTP/1.1" status: 200 len: 892 time: 0.0332699
2026-05-11 11:59:01.604 10 INFO neutron.db.ovn_revision_numbers_db [None req-82b16bfa-ea29-49dc-8f9c-80ff54d2ff23 21f213de4a904c03bf20b2f226e2c45a 1c5074aad43e4f538ffabfc416f3d63b - - default default] Successfully bumped revision number for resource 7d76844c-a25f-477e-8133-28385573dd94 (type: security_group_rules) to 0
2026-05-11 11:59:01.607 10 INFO neutron.api.wsgi [req-3170a33a-bd9b-47a9-9d06-e778c2bbed63 req-121f3680-d2fa-4731-b482-3fcaeb2cca71 38d510e7a3fd4a80907efb70012546ca c38a8d7371ab450cbb258205ee89a7fd - - e4896e14d21a4d678fd41e97fb08e427 e4896e14d21a4d678fd41e97fb08e427] 199.204.45.72 "GET /v2.0/ports?network_id=cfc027c2-a7a5-4767-96b4-3446e288d1a3&device_owner=network%3Adhcp HTTP/1.1" status: 200 len: 210 time: 0.0183699
2026-05-11 11:59:01.626 10 INFO neutron.db.ovn_revision_numbers_db [None req-82b16bfa-ea29-49dc-8f9c-80ff54d2ff23 21f213de4a904c03bf20b2f226e2c45a 1c5074aad43e4f538ffabfc416f3d63b - - default default] Successfully bumped revision number for resource aac168c4-d274-4692-ae68-a88531cb5df4 (type: security_group_rules) to 0
2026-05-11 11:59:01.646 10 INFO neutron.db.ovn_revision_numbers_db [None req-82b16bfa-ea29-49dc-8f9c-80ff54d2ff23 21f213de4a904c03bf20b2f226e2c45a 1c5074aad43e4f538ffabfc416f3d63b - - default default] Successfully bumped revision number for resource b2d90fcc-5543-40a3-86dc-41c502bab510 (type: security_group_rules) to 0
2026-05-11 11:59:01.682 10 INFO neutron.api.wsgi [req-3170a33a-bd9b-47a9-9d06-e778c2bbed63 req-60abbb92-b19f-407f-a9c9-83d6106ea641 38d510e7a3fd4a80907efb70012546ca c38a8d7371ab450cbb258205ee89a7fd - - e4896e14d21a4d678fd41e97fb08e427 e4896e14d21a4d678fd41e97fb08e427] 199.204.45.72 "GET /v2.0/networks/cfc027c2-a7a5-4767-96b4-3446e288d1a3?fields=segments HTTP/1.1" status: 200 len: 212 time: 0.0669050
2026-05-11 11:59:01.702 10 INFO neutron.api.wsgi [None req-82b16bfa-ea29-49dc-8f9c-80ff54d2ff23 21f213de4a904c03bf20b2f226e2c45a 1c5074aad43e4f538ffabfc416f3d63b - - default default] 10.0.0.95 "GET /v2.0/security-groups?tenant_id=0221c4f5cf0143cba081fe71e9c44b4a&name=default HTTP/1.1" status: 200 len: 3120 time: 0.4405005
2026-05-11 11:59:01.735 10 INFO neutron.api.wsgi [req-3170a33a-bd9b-47a9-9d06-e778c2bbed63 req-e87356ca-6508-41b8-bf06-37ab35d282e6 38d510e7a3fd4a80907efb70012546ca c38a8d7371ab450cbb258205ee89a7fd - - e4896e14d21a4d678fd41e97fb08e427 e4896e14d21a4d678fd41e97fb08e427] 199.204.45.72 "GET /v2.0/networks/cfc027c2-a7a5-4767-96b4-3446e288d1a3?fields=provider%3Aphysical_network&fields=provider%3Anetwork_type HTTP/1.1" status: 200 len: 277 time: 0.0456576
2026-05-11 11:59:01.777 10 WARNING neutron_lib.context [None req-d74231c6-e1d8-4ea1-8224-77456b2072f7 8267df1716ff466f82438c4c2c2623ea ce5c7f25d738480297a160163cd7ee19 - - default default] Method 'is_advsvc' is deprecated since 2023.2 release (neutron-lib 3.8.0) and will be removed once support for the old RBAC API policies will be removed from Neutron. Please use method 'is_service_role' instead.
2026-05-11 11:59:01.898 9 INFO neutron.db.ovn_revision_numbers_db [None req-cfe03d70-8740-442c-b947-91f344d0e61c 9a4e2b9214d24cb6af2303f7d8eab562 1dcfcaee710f403f835758029f04e121 - - default default] Successfully bumped revision number for resource 09a320e1-f12a-46c5-91c1-0dbb8c517cde (type: router_ports) to 1
2026-05-11 11:59:01.902 9 INFO neutron.api.wsgi [None req-cfe03d70-8740-442c-b947-91f344d0e61c 9a4e2b9214d24cb6af2303f7d8eab562 1dcfcaee710f403f835758029f04e121 - - default default] 10.0.0.95 "PUT /v2.0/routers/e86310b1-3b24-4f34-bd8a-5e5939262711/add_router_interface HTTP/1.1" status: 200 len: 503 time: 1.6763656
2026-05-11 11:59:01.954 10 INFO neutron.db.ovn_revision_numbers_db [None req-d74231c6-e1d8-4ea1-8224-77456b2072f7 8267df1716ff466f82438c4c2c2623ea ce5c7f25d738480297a160163cd7ee19 - - default default] Successfully bumped revision number for resource ae6cf48c-53c2-456a-9cba-e8ba0795a0a0 (type: security_groups) to 1
2026-05-11 11:59:01.961 9 INFO neutron.api.wsgi [None req-f58f8e95-d78b-48bf-ba55-c2b16382ac17 c21a0cb5a924423095ce91ecb862b232 b7cd30196dee4151a3d7258c023410b5 - - default default] 10.0.0.95 "GET /v2.0/networks HTTP/1.1" status: 200 len: 3874 time: 0.0533473
2026-05-11 11:59:01.971 9 INFO neutron.api.wsgi [None req-58c340cb-b554-45f6-a487-9702cff43563 21f213de4a904c03bf20b2f226e2c45a 1c5074aad43e4f538ffabfc416f3d63b - - default default] 10.0.0.95 "DELETE /v2.0/security-groups/7678fde5-5793-4d4f-958b-9b0d2ad8c359 HTTP/1.1" status: 204 len: 168 time: 0.2640033
2026-05-11 11:59:01.975 10 INFO neutron.db.ovn_revision_numbers_db [None req-d74231c6-e1d8-4ea1-8224-77456b2072f7 8267df1716ff466f82438c4c2c2623ea ce5c7f25d738480297a160163cd7ee19 - - default default] Successfully bumped revision number for resource 8c6e0bd2-44c1-48f1-8bc3-f21ba74025f1 (type: security_group_rules) to 0
2026-05-11 11:59:01.991 10 INFO neutron.db.ovn_revision_numbers_db [None req-d74231c6-e1d8-4ea1-8224-77456b2072f7 8267df1716ff466f82438c4c2c2623ea ce5c7f25d738480297a160163cd7ee19 - - default default] Successfully bumped revision number for resource 933b556d-fb7f-4087-b1eb-c413c0b8e8ca (type: security_group_rules) to 0
2026-05-11 11:59:02.002 10 INFO neutron.api.wsgi [None req-e2c33f3f-1fbd-4fef-a8f3-dd82ed065cd2 c21a0cb5a924423095ce91ecb862b232 b7cd30196dee4151a3d7258c023410b5 - - default default] 10.0.0.95 "GET /v2.0/subnets HTTP/1.1" status: 200 len: 2847 time: 0.0347340
2026-05-11 11:59:02.021 10 INFO neutron.db.ovn_revision_numbers_db [None req-d74231c6-e1d8-4ea1-8224-77456b2072f7 8267df1716ff466f82438c4c2c2623ea ce5c7f25d738480297a160163cd7ee19 - - default default] Successfully bumped revision number for resource c431f02f-08a4-42c1-9d83-5dd4041b9a5f (type: security_group_rules) to 0
2026-05-11 11:59:02.025 9 INFO neutron.api.wsgi [req-4a0a72a4-2cc5-4acb-a58c-59129e8e249b req-9c36a9b1-46b1-427f-9b06-bb5f608d3d9e 975d112869a84c139a938d1fe5ebfcc4 00dbd8f8f2c942679f14996c4a3b9174 - - default default] 10.0.0.123 "GET /v2.0/ports?device_id=be176727-29ea-4595-8117-5d229b7aa768 HTTP/1.1" status: 200 len: 1168 time: 0.0631146
2026-05-11 11:59:02.040 10 INFO neutron.db.ovn_revision_numbers_db [None req-0535ec7f-fcd7-4494-9b1f-75dab44850a9 - - - - - -] Successfully bumped revision number for resource 09a320e1-f12a-46c5-91c1-0dbb8c517cde (type: ports) to 2
2026-05-11 11:59:02.041 10 INFO neutron.db.ovn_revision_numbers_db [None req-d74231c6-e1d8-4ea1-8224-77456b2072f7 8267df1716ff466f82438c4c2c2623ea ce5c7f25d738480297a160163cd7ee19 - - default default] Successfully bumped revision number for resource d5610712-3ce7-4b4a-876b-d8972cac0c2b (type: security_group_rules) to 0
2026-05-11 11:59:02.073 9 INFO neutron.api.wsgi [req-4a0a72a4-2cc5-4acb-a58c-59129e8e249b req-7ca1ee77-ec0f-4730-8c8f-d05441baa9b4 975d112869a84c139a938d1fe5ebfcc4 00dbd8f8f2c942679f14996c4a3b9174 - - default default] 10.0.0.123 "GET /v2.0/security-groups?id=6f8d1221-cda4-47d5-9096-c42269407bfd&fields=id&fields=name HTTP/1.1" status: 200 len: 313 time: 0.0403883
2026-05-11 11:59:02.087 10 INFO neutron.api.wsgi [None req-0e5f3bcb-a563-47cb-a3e8-6b16e4ac291a c21a0cb5a924423095ce91ecb862b232 b7cd30196dee4151a3d7258c023410b5 - - default default] 10.0.0.95 "GET /v2.0/routers HTTP/1.1" status: 200 len: 2135 time: 0.0799966
2026-05-11 11:59:02.121 10 INFO neutron.db.segments_db [None req-d74231c6-e1d8-4ea1-8224-77456b2072f7 8267df1716ff466f82438c4c2c2623ea ce5c7f25d738480297a160163cd7ee19 - - default default] Added segment 0bd3cda1-b1e5-423c-b5f3-3e8448b244d3 of type geneve for network bb5c901d-e3e3-4857-992c-904fbf843e0c
2026-05-11 11:59:02.131 9 WARNING neutron_lib.context [None req-497f8c8e-76fb-49ee-a763-c38043babe84 9a4e2b9214d24cb6af2303f7d8eab562 1dcfcaee710f403f835758029f04e121 - - default default] Method 'is_advsvc' is deprecated since 2023.2 release (neutron-lib 3.8.0) and will be removed once support for the old RBAC API policies will be removed from Neutron. Please use method 'is_service_role' instead.
2026-05-11 11:59:02.173 9 INFO neutron.db.ovn_revision_numbers_db [None req-6fa4cf15-dcbe-484d-9707-15f1c12fbfc8 21f213de4a904c03bf20b2f226e2c45a 1c5074aad43e4f538ffabfc416f3d63b - - default default] Successfully bumped revision number for resource 67a7e503-6286-48fb-8c9c-0811d1ca6776 (type: security_groups) to 1
2026-05-11 11:59:02.185 9 INFO neutron.db.ovn_revision_numbers_db [None req-6fa4cf15-dcbe-484d-9707-15f1c12fbfc8 21f213de4a904c03bf20b2f226e2c45a 1c5074aad43e4f538ffabfc416f3d63b - - default default] Successfully bumped revision number for resource 945f7723-5d38-4a10-8411-93fc81bb7a84 (type: security_group_rules) to 0
2026-05-11 11:59:02.201 9 INFO neutron.db.ovn_revision_numbers_db [None req-6fa4cf15-dcbe-484d-9707-15f1c12fbfc8 21f213de4a904c03bf20b2f226e2c45a 1c5074aad43e4f538ffabfc416f3d63b - - default default] Successfully bumped revision number for resource 9ae4e8b6-2794-41d8-9698-499b28cba90f (type: security_group_rules) to 0
2026-05-11 11:59:02.212 10 INFO neutron.db.ovn_revision_numbers_db [None req-d74231c6-e1d8-4ea1-8224-77456b2072f7 8267df1716ff466f82438c4c2c2623ea ce5c7f25d738480297a160163cd7ee19 - - default default] Successfully bumped revision number for resource bb5c901d-e3e3-4857-992c-904fbf843e0c (type: networks) to 1
2026-05-11 11:59:02.214 9 INFO neutron.db.ovn_revision_numbers_db [None req-6fa4cf15-dcbe-484d-9707-15f1c12fbfc8 21f213de4a904c03bf20b2f226e2c45a 1c5074aad43e4f538ffabfc416f3d63b - - default default] Successfully bumped revision number for resource e2975f7d-dbb8-4e3c-a2e7-1a4123eabd7d (type: security_group_rules) to 0
2026-05-11 11:59:02.229 9 INFO neutron.db.ovn_revision_numbers_db [None req-6fa4cf15-dcbe-484d-9707-15f1c12fbfc8 21f213de4a904c03bf20b2f226e2c45a 1c5074aad43e4f538ffabfc416f3d63b - - default default] Successfully bumped revision number for resource e7644aa8-e216-4204-ae58-a7b56c3414b9 (type: security_group_rules) to 0
2026-05-11 11:59:02.240 9 INFO neutron.db.ovn_revision_numbers_db [None req-497f8c8e-76fb-49ee-a763-c38043babe84 9a4e2b9214d24cb6af2303f7d8eab562 1dcfcaee710f403f835758029f04e121 - - default default] Successfully bumped revision number for resource 4c390a8a-1d4c-4883-9f11-6657f8790784 (type: security_groups) to 1
2026-05-11 11:59:02.256 9 INFO neutron.db.ovn_revision_numbers_db [None req-497f8c8e-76fb-49ee-a763-c38043babe84 9a4e2b9214d24cb6af2303f7d8eab562 1dcfcaee710f403f835758029f04e121 - - default default] Successfully bumped revision number for resource a5c14f01-2284-413d-af21-f7736139bbd7 (type: security_group_rules) to 0
2026-05-11 11:59:02.260 9 INFO neutron.api.wsgi [None req-6fa4cf15-dcbe-484d-9707-15f1c12fbfc8 21f213de4a904c03bf20b2f226e2c45a 1c5074aad43e4f538ffabfc416f3d63b - - default default] 10.0.0.95 "GET /v2.0/security-groups?tenant_id=68d42d1a59344af7ab861b6e11414473&name=default HTTP/1.1" status: 200 len: 3120 time: 0.1952322
2026-05-11 11:59:02.269 9 INFO neutron.db.ovn_revision_numbers_db [None req-497f8c8e-76fb-49ee-a763-c38043babe84 9a4e2b9214d24cb6af2303f7d8eab562 1dcfcaee710f403f835758029f04e121 - - default default] Successfully bumped revision number for resource b6b4678c-8f5c-49ad-9489-9b914f2cdddd (type: security_group_rules) to 0
2026-05-11 11:59:02.306 9 INFO neutron.api.wsgi [None req-497f8c8e-76fb-49ee-a763-c38043babe84 9a4e2b9214d24cb6af2303f7d8eab562 1dcfcaee710f403f835758029f04e121 - - default default] 10.0.0.95 "POST /v2.0/security-groups HTTP/1.1" status: 201 len: 1875 time: 0.1798089
2026-05-11 11:59:02.315 9 WARNING neutron_lib.context [None req-976b7234-703c-44b4-ac26-6a8d8a5a9d88 9a4e2b9214d24cb6af2303f7d8eab562 1dcfcaee710f403f835758029f04e121 - - default default] Method 'is_advsvc' is deprecated since 2023.2 release (neutron-lib 3.8.0) and will be removed once support for the old RBAC API policies will be removed from Neutron. Please use method 'is_service_role' instead.
2026-05-11 11:59:02.332 10 WARNING neutron.scheduler.dhcp_agent_scheduler [None req-d74231c6-e1d8-4ea1-8224-77456b2072f7 8267df1716ff466f82438c4c2c2623ea ce5c7f25d738480297a160163cd7ee19 - - default default] No more DHCP agents
2026-05-11 11:59:02.333 10 WARNING neutron.api.rpc.agentnotifiers.dhcp_rpc_agent_api [None req-d74231c6-e1d8-4ea1-8224-77456b2072f7 8267df1716ff466f82438c4c2c2623ea ce5c7f25d738480297a160163cd7ee19 - - default default] Unable to schedule network bb5c901d-e3e3-4857-992c-904fbf843e0c: no agents available; will retry on subsequent port and subnet creation events.
2026-05-11 11:59:02.385 10 INFO neutron.db.ovn_revision_numbers_db [None req-d74231c6-e1d8-4ea1-8224-77456b2072f7 8267df1716ff466f82438c4c2c2623ea ce5c7f25d738480297a160163cd7ee19 - - default default] Successfully bumped revision number for resource be66bb3e-c19e-4951-9da2-4f7030b92c49 (type: ports) to 1
2026-05-11 11:59:02.404 10 INFO neutron.api.wsgi [None req-d74231c6-e1d8-4ea1-8224-77456b2072f7 8267df1716ff466f82438c4c2c2623ea ce5c7f25d738480297a160163cd7ee19 - - default default] 10.0.0.95 "POST /v2.0/networks HTTP/1.1" status: 201 len: 831 time: 0.6569719
2026-05-11 11:59:02.414 10 WARNING neutron_lib.context [None req-45affc52-5d2c-4ddc-ae54-24b7d3d48acd 8267df1716ff466f82438c4c2c2623ea ce5c7f25d738480297a160163cd7ee19 - - default default] Method 'is_advsvc' is deprecated since 2023.2 release (neutron-lib 3.8.0) and will be removed once support for the old RBAC API policies will be removed from Neutron. Please use method 'is_service_role' instead.
2026-05-11 11:59:02.436 9 INFO neutron.db.ovn_revision_numbers_db [None req-976b7234-703c-44b4-ac26-6a8d8a5a9d88 9a4e2b9214d24cb6af2303f7d8eab562 1dcfcaee710f403f835758029f04e121 - - default default] Successfully bumped revision number for resource a8ecc104-3cfa-493d-ac36-258e6038f597 (type: security_group_rules) to 0
2026-05-11 11:59:02.462 9 INFO neutron.api.wsgi [None req-7b1a7236-98af-4758-852e-57d2e43d8929 21f213de4a904c03bf20b2f226e2c45a 1c5074aad43e4f538ffabfc416f3d63b - - default default] 10.0.0.95 "DELETE /v2.0/security-groups/67a7e503-6286-48fb-8c9c-0811d1ca6776 HTTP/1.1" status: 204 len: 168 time: 0.1970031
2026-05-11 11:59:02.464 9 INFO neutron.api.wsgi [None req-976b7234-703c-44b4-ac26-6a8d8a5a9d88 9a4e2b9214d24cb6af2303f7d8eab562 1dcfcaee710f403f835758029f04e121 - - default default] 10.0.0.95 "POST /v2.0/security-group-rules HTTP/1.1" status: 201 len: 796 time: 0.1534727
2026-05-11 11:59:02.477 10 WARNING neutron_lib.context [None req-84202001-ec3a-4420-bf70-d9240d0cc140 9a4e2b9214d24cb6af2303f7d8eab562 1dcfcaee710f403f835758029f04e121 - - default default] Method 'is_advsvc' is deprecated since 2023.2 release (neutron-lib 3.8.0) and will be removed once support for the old RBAC API policies will be removed from Neutron. Please use method 'is_service_role' instead.
2026-05-11 11:59:02.620 10 INFO neutron.db.ovn_revision_numbers_db [None req-84202001-ec3a-4420-bf70-d9240d0cc140 9a4e2b9214d24cb6af2303f7d8eab562 1dcfcaee710f403f835758029f04e121 - - default default] Successfully bumped revision number for resource 665614eb-156a-4a53-bd84-61c88492f020 (type: security_group_rules) to 0
2026-05-11 11:59:02.632 10 WARNING neutron.scheduler.dhcp_agent_scheduler [None req-45affc52-5d2c-4ddc-ae54-24b7d3d48acd 8267df1716ff466f82438c4c2c2623ea ce5c7f25d738480297a160163cd7ee19 - - default default] No more DHCP agents
2026-05-11 11:59:02.634 10 WARNING neutron.api.rpc.agentnotifiers.dhcp_rpc_agent_api [None req-45affc52-5d2c-4ddc-ae54-24b7d3d48acd 8267df1716ff466f82438c4c2c2623ea ce5c7f25d738480297a160163cd7ee19 - - default default] Unable to schedule network bb5c901d-e3e3-4857-992c-904fbf843e0c: no agents available; will retry on subsequent port and subnet creation events.
2026-05-11 11:59:02.648 10 INFO neutron.api.wsgi [None req-84202001-ec3a-4420-bf70-d9240d0cc140 9a4e2b9214d24cb6af2303f7d8eab562 1dcfcaee710f403f835758029f04e121 - - default default] 10.0.0.95 "POST /v2.0/security-group-rules HTTP/1.1" status: 201 len: 795 time: 0.1791921
2026-05-11 11:59:02.660 9 WARNING neutron_lib.context [None req-12acccab-3996-429a-92f6-820a72ae473e 9a4e2b9214d24cb6af2303f7d8eab562 1dcfcaee710f403f835758029f04e121 - - default default] Method 'is_advsvc' is deprecated since 2023.2 release (neutron-lib 3.8.0) and will be removed once support for the old RBAC API policies will be removed from Neutron. Please use method 'is_service_role' instead.
2026-05-11 11:59:02.690 10 INFO neutron.db.ovn_revision_numbers_db [None req-45affc52-5d2c-4ddc-ae54-24b7d3d48acd 8267df1716ff466f82438c4c2c2623ea ce5c7f25d738480297a160163cd7ee19 - - default default] Successfully bumped revision number for resource 709fe1d2-45d7-4950-808b-9a2d2cf39a20 (type: ports) to 1
2026-05-11 11:59:02.710 10 INFO neutron.api.wsgi [None req-45affc52-5d2c-4ddc-ae54-24b7d3d48acd 8267df1716ff466f82438c4c2c2623ea ce5c7f25d738480297a160163cd7ee19 - - default default] 10.0.0.95 "POST /v2.0/ports HTTP/1.1" status: 201 len: 942 time: 0.3015556
2026-05-11 11:59:02.720 9 WARNING neutron_lib.context [None req-d5a16b30-839b-4f32-a619-467f68f59e65 8267df1716ff466f82438c4c2c2623ea ce5c7f25d738480297a160163cd7ee19 - - default default] Method 'is_advsvc' is deprecated since 2023.2 release (neutron-lib 3.8.0) and will be removed once support for the old RBAC API policies will be removed from Neutron. Please use method 'is_service_role' instead.
2026-05-11 11:59:02.805 9 INFO neutron.db.ovn_revision_numbers_db [None req-12acccab-3996-429a-92f6-820a72ae473e 9a4e2b9214d24cb6af2303f7d8eab562 1dcfcaee710f403f835758029f04e121 - - default default] Successfully bumped revision number for resource d94bc550-9f0c-4a7b-a8a5-cf4b4c6823ce (type: security_group_rules) to 0
2026-05-11 11:59:02.817 9 INFO neutron.db.segments_db [None req-d5a16b30-839b-4f32-a619-467f68f59e65 8267df1716ff466f82438c4c2c2623ea ce5c7f25d738480297a160163cd7ee19 - - default default] Added segment 0aaec6c3-c727-43ea-9380-76571c0e8e50 of type geneve for network 291ea3ad-cadb-47b9-a13f-33f4be1b9627
2026-05-11 11:59:02.839 9 INFO neutron.api.wsgi [None req-12acccab-3996-429a-92f6-820a72ae473e 9a4e2b9214d24cb6af2303f7d8eab562 1dcfcaee710f403f835758029f04e121 - - default default] 10.0.0.95 "POST /v2.0/security-group-rules HTTP/1.1" status: 201 len: 801 time: 0.1849508 /var/lib/openstack/lib/python3.12/site-packages/pycadf/identifier.py:71: UserWarning: Invalid uuid: neutron. To ensure interoperability, identifiers should be a valid uuid. warnings.warn(('Invalid uuid: %s. To ensure interoperability, '
2026-05-11 11:59:02.851 10 WARNING neutron_lib.context [None req-b82421b7-2f4c-4f8e-88ca-ad2bfdfde894 9a4e2b9214d24cb6af2303f7d8eab562 1dcfcaee710f403f835758029f04e121 - - default default] Method 'is_advsvc' is deprecated since 2023.2 release (neutron-lib 3.8.0) and will be removed once support for the old RBAC API policies will be removed from Neutron. Please use method 'is_service_role' instead.
2026-05-11 11:59:02.923 9 INFO neutron.db.ovn_revision_numbers_db [None req-d5a16b30-839b-4f32-a619-467f68f59e65 8267df1716ff466f82438c4c2c2623ea ce5c7f25d738480297a160163cd7ee19 - - default default] Successfully bumped revision number for resource 291ea3ad-cadb-47b9-a13f-33f4be1b9627 (type: networks) to 1
2026-05-11 11:59:02.991 10 INFO neutron.db.ovn_revision_numbers_db [None req-b82421b7-2f4c-4f8e-88ca-ad2bfdfde894 9a4e2b9214d24cb6af2303f7d8eab562 1dcfcaee710f403f835758029f04e121 - - default default] Successfully bumped revision number for resource 872b9fe5-c3e6-4491-9dbc-3115d1f40dd1 (type: security_group_rules) to 0
2026-05-11 11:59:03.026 10 INFO neutron.api.wsgi [None req-b82421b7-2f4c-4f8e-88ca-ad2bfdfde894 9a4e2b9214d24cb6af2303f7d8eab562 1dcfcaee710f403f835758029f04e121 - - default default] 10.0.0.95 "POST /v2.0/security-group-rules HTTP/1.1" status: 201 len: 800 time: 0.1814532
2026-05-11 11:59:03.036 10 WARNING neutron_lib.context [None req-76df792c-184b-4e05-8776-87981e02b8bc 9a4e2b9214d24cb6af2303f7d8eab562 1dcfcaee710f403f835758029f04e121 - - default default] Method 'is_advsvc' is deprecated since 2023.2 release (neutron-lib 3.8.0) and will be removed once support for the old RBAC API policies will be removed from Neutron. Please use method 'is_service_role' instead.
2026-05-11 11:59:03.066 10 INFO neutron.db.securitygroups_db [None req-76df792c-184b-4e05-8776-87981e02b8bc 9a4e2b9214d24cb6af2303f7d8eab562 1dcfcaee710f403f835758029f04e121 - - default default] Project 1dcfcaee710f403f835758029f04e121 added a security group rule with legacy IPv6 ICMP protocol name icmp, ipv6-icmp should be used instead. It was automatically converted.
2026-05-11 11:59:03.088 9 WARNING neutron.scheduler.dhcp_agent_scheduler [None req-d5a16b30-839b-4f32-a619-467f68f59e65 8267df1716ff466f82438c4c2c2623ea ce5c7f25d738480297a160163cd7ee19 - - default default] No more DHCP agents
2026-05-11 11:59:03.089 9 WARNING neutron.api.rpc.agentnotifiers.dhcp_rpc_agent_api [None req-d5a16b30-839b-4f32-a619-467f68f59e65 8267df1716ff466f82438c4c2c2623ea ce5c7f25d738480297a160163cd7ee19 - - default default] Unable to schedule network 291ea3ad-cadb-47b9-a13f-33f4be1b9627: no agents available; will retry on subsequent port and subnet creation events.
2026-05-11 11:59:03.150 10 INFO neutron.db.ovn_revision_numbers_db [None req-76df792c-184b-4e05-8776-87981e02b8bc 9a4e2b9214d24cb6af2303f7d8eab562 1dcfcaee710f403f835758029f04e121 - - default default] Successfully bumped revision number for resource 76e7b1cb-225d-4a5d-a429-c35a464947e5 (type: security_group_rules) to 0
2026-05-11 11:59:03.171 9 INFO neutron.api.wsgi [req-ea9e9e2b-c70c-4922-b890-15952babf73f req-678498ff-1162-47b0-93fe-2bc8ae4a4bf8 975d112869a84c139a938d1fe5ebfcc4 00dbd8f8f2c942679f14996c4a3b9174 - - default default] 10.0.0.123 "GET /v2.0/ports?device_id=be176727-29ea-4595-8117-5d229b7aa768 HTTP/1.1" status: 200 len: 1168 time: 0.0385370
2026-05-11 11:59:03.171 9 INFO neutron.db.ovn_revision_numbers_db [None req-d5a16b30-839b-4f32-a619-467f68f59e65 8267df1716ff466f82438c4c2c2623ea ce5c7f25d738480297a160163cd7ee19 - - default default] Successfully bumped revision number for resource b1ead501-ab42-4058-b076-8a2a2dbeecf6 (type: ports) to 1
2026-05-11 11:59:03.177 10 INFO neutron.api.wsgi [None req-76df792c-184b-4e05-8776-87981e02b8bc 9a4e2b9214d24cb6af2303f7d8eab562 1dcfcaee710f403f835758029f04e121 - - default default] 10.0.0.95 "POST /v2.0/security-group-rules HTTP/1.1" status: 201 len: 806 time: 0.1453865
2026-05-11 11:59:03.186 10 WARNING neutron_lib.context [None req-57e2ab80-fcae-43fc-92f2-1ec966e6cff3 9a4e2b9214d24cb6af2303f7d8eab562 1dcfcaee710f403f835758029f04e121 - - default default] Method 'is_advsvc' is deprecated since 2023.2 release (neutron-lib 3.8.0) and will be removed once support for the old RBAC API policies will be removed from Neutron. Please use method 'is_service_role' instead.
2026-05-11 11:59:03.193 9 INFO neutron.api.wsgi [None req-d5a16b30-839b-4f32-a619-467f68f59e65 8267df1716ff466f82438c4c2c2623ea ce5c7f25d738480297a160163cd7ee19 - - default default] 10.0.0.95 "POST /v2.0/networks HTTP/1.1" status: 201 len: 831 time: 0.4774001
2026-05-11 11:59:03.204 10 WARNING neutron_lib.context [None req-389e87f1-5a74-4559-bb97-3c511339545d 8267df1716ff466f82438c4c2c2623ea ce5c7f25d738480297a160163cd7ee19 - - default default] Method 'is_advsvc' is deprecated since 2023.2 release (neutron-lib 3.8.0) and will be removed once support for the old RBAC API policies will be removed from Neutron. Please use method 'is_service_role' instead.
2026-05-11 11:59:03.205 9 INFO neutron.api.wsgi [req-ea9e9e2b-c70c-4922-b890-15952babf73f req-140ecdc3-f79a-40ee-bdec-3fe5bfea053c 975d112869a84c139a938d1fe5ebfcc4 00dbd8f8f2c942679f14996c4a3b9174 - - default default] 10.0.0.123 "GET /v2.0/security-groups?id=6f8d1221-cda4-47d5-9096-c42269407bfd&fields=id&fields=name HTTP/1.1" status: 200 len: 313 time: 0.0310380
2026-05-11 11:59:03.228 10 INFO neutron.db.securitygroups_db [None req-57e2ab80-fcae-43fc-92f2-1ec966e6cff3 9a4e2b9214d24cb6af2303f7d8eab562 1dcfcaee710f403f835758029f04e121 - - default default] Project 1dcfcaee710f403f835758029f04e121 added a security group rule with legacy IPv6 ICMP protocol name icmp, ipv6-icmp should be used instead. It was automatically converted.
2026-05-11 11:59:03.356 10 INFO neutron.db.ovn_revision_numbers_db [None req-57e2ab80-fcae-43fc-92f2-1ec966e6cff3 9a4e2b9214d24cb6af2303f7d8eab562 1dcfcaee710f403f835758029f04e121 - - default default] Successfully bumped revision number for resource fd6e574f-e419-4a21-967f-d71f36ae31c0 (type: security_group_rules) to 0
2026-05-11 11:59:03.396 10 INFO neutron.api.wsgi [None req-57e2ab80-fcae-43fc-92f2-1ec966e6cff3 9a4e2b9214d24cb6af2303f7d8eab562 1dcfcaee710f403f835758029f04e121 - - default default] 10.0.0.95 "POST /v2.0/security-group-rules HTTP/1.1" status: 201 len: 805 time: 0.2135513
2026-05-11 11:59:03.453 10 WARNING neutron.scheduler.dhcp_agent_scheduler [None req-389e87f1-5a74-4559-bb97-3c511339545d 8267df1716ff466f82438c4c2c2623ea ce5c7f25d738480297a160163cd7ee19 - - default default] No more DHCP agents
2026-05-11 11:59:03.454 10 WARNING neutron.api.rpc.agentnotifiers.dhcp_rpc_agent_api [None req-389e87f1-5a74-4559-bb97-3c511339545d 8267df1716ff466f82438c4c2c2623ea ce5c7f25d738480297a160163cd7ee19 - - default default] Unable to schedule network 291ea3ad-cadb-47b9-a13f-33f4be1b9627: no agents available; will retry on subsequent port and subnet creation events.
2026-05-11 11:59:03.518 10 INFO neutron.db.ovn_revision_numbers_db [None req-389e87f1-5a74-4559-bb97-3c511339545d 8267df1716ff466f82438c4c2c2623ea ce5c7f25d738480297a160163cd7ee19 - - default default] Successfully bumped revision number for resource d0a21086-5810-4a21-b94e-afa1beb54f48 (type: ports) to 1
2026-05-11 11:59:03.539 10 INFO neutron.api.wsgi [None req-389e87f1-5a74-4559-bb97-3c511339545d 8267df1716ff466f82438c4c2c2623ea ce5c7f25d738480297a160163cd7ee19 - - default default] 10.0.0.95 "POST /v2.0/ports HTTP/1.1" status: 201 len: 942 time: 0.3405054 /var/lib/openstack/lib/python3.12/site-packages/pycadf/identifier.py:71: UserWarning: Invalid uuid: neutron. To ensure interoperability, identifiers should be a valid uuid. warnings.warn(('Invalid uuid: %s. To ensure interoperability, '
2026-05-11 11:59:03.548 10 WARNING neutron_lib.context [None req-918f7702-2627-4d0a-bc0e-61664853e193 8267df1716ff466f82438c4c2c2623ea ce5c7f25d738480297a160163cd7ee19 - - default default] Method 'is_advsvc' is deprecated since 2023.2 release (neutron-lib 3.8.0) and will be removed once support for the old RBAC API policies will be removed from Neutron. Please use method 'is_service_role' instead.
2026-05-11 11:59:03.632 10 INFO neutron.db.segments_db [None req-918f7702-2627-4d0a-bc0e-61664853e193 8267df1716ff466f82438c4c2c2623ea ce5c7f25d738480297a160163cd7ee19 - - default default] Added segment 2dc0162b-8719-4575-a7c6-2a306e7c1960 of type geneve for network 01478e44-5f05-4b0a-b353-121e461dde98
2026-05-11 11:59:03.733 10 INFO neutron.db.ovn_revision_numbers_db [None req-918f7702-2627-4d0a-bc0e-61664853e193 8267df1716ff466f82438c4c2c2623ea ce5c7f25d738480297a160163cd7ee19 - - default default] Successfully bumped revision number for resource 01478e44-5f05-4b0a-b353-121e461dde98 (type: networks) to 1
2026-05-11 11:59:03.890 10 WARNING neutron.scheduler.dhcp_agent_scheduler [None req-918f7702-2627-4d0a-bc0e-61664853e193 8267df1716ff466f82438c4c2c2623ea ce5c7f25d738480297a160163cd7ee19 - - default default] No more DHCP agents
2026-05-11 11:59:03.892 10 WARNING neutron.api.rpc.agentnotifiers.dhcp_rpc_agent_api [None req-918f7702-2627-4d0a-bc0e-61664853e193 8267df1716ff466f82438c4c2c2623ea ce5c7f25d738480297a160163cd7ee19 - - default default] Unable to schedule network 01478e44-5f05-4b0a-b353-121e461dde98: no agents available; will retry on subsequent port and subnet creation events.
2026-05-11 11:59:03.962 9 INFO neutron.api.wsgi [None req-378d0fd8-1a1c-4e88-a33c-feef84a06db5 9a4e2b9214d24cb6af2303f7d8eab562 1dcfcaee710f403f835758029f04e121 - - default default] 10.0.0.95 "GET /v2.0/networks HTTP/1.1" status: 200 len: 1492 time: 0.2111378
2026-05-11 11:59:03.963 10 INFO neutron.db.ovn_revision_numbers_db [None req-918f7702-2627-4d0a-bc0e-61664853e193 8267df1716ff466f82438c4c2c2623ea ce5c7f25d738480297a160163cd7ee19 - - default default] Successfully bumped revision number for resource ac08c704-cfd1-4062-8ebd-e0e06037a8cf (type: ports) to 1
2026-05-11 11:59:03.998 10 INFO neutron.api.wsgi [None req-918f7702-2627-4d0a-bc0e-61664853e193 8267df1716ff466f82438c4c2c2623ea ce5c7f25d738480297a160163cd7ee19 - - default default] 10.0.0.95 "POST /v2.0/networks HTTP/1.1" status: 201 len: 831 time: 0.4554417
2026-05-11 11:59:04.006 10 WARNING neutron_lib.context [None req-9e50c8eb-5ccd-45d9-bf44-92343657b226 8267df1716ff466f82438c4c2c2623ea ce5c7f25d738480297a160163cd7ee19 - - default default] Method 'is_advsvc' is deprecated since 2023.2 release (neutron-lib 3.8.0) and will be removed once support for the old RBAC API policies will be removed from Neutron. Please use method 'is_service_role' instead.
2026-05-11 11:59:04.053 10 INFO neutron.api.wsgi [req-ea9b39ab-4aeb-4893-b28b-f4c7ac24a6c7 req-6957d728-09d1-4b20-82b9-95f20d3eeb5c 9a4e2b9214d24cb6af2303f7d8eab562 1dcfcaee710f403f835758029f04e121 - - default default] 10.0.0.123 "GET /v2.0/security-groups?name=tempest-secgroup-smoke-1959545310&fields=id&tenant_id=1dcfcaee710f403f835758029f04e121 HTTP/1.1" status: 200 len: 267 time: 0.0359607
2026-05-11 11:59:04.141 10 INFO neutron.api.wsgi [req-ea9b39ab-4aeb-4893-b28b-f4c7ac24a6c7 req-0af77df2-8d44-4260-9bb9-0c1ede569bee 9a4e2b9214d24cb6af2303f7d8eab562 1dcfcaee710f403f835758029f04e121 - - default default] 10.0.0.123 "GET /v2.0/networks?id=63676d93-8aba-4cf5-8806-18633dc0690e HTTP/1.1" status: 200 len: 859 time: 0.0821977
2026-05-11 11:59:04.160 10 INFO neutron.api.wsgi [req-ea9b39ab-4aeb-4893-b28b-f4c7ac24a6c7 req-8d6445ba-5727-4d18-a3cf-8f829405ee03 9a4e2b9214d24cb6af2303f7d8eab562 1dcfcaee710f403f835758029f04e121 - - default default] 10.0.0.123 "GET /v2.0/quotas/1dcfcaee710f403f835758029f04e121 HTTP/1.1" status: 200 len: 491 time: 0.0127189
2026-05-11 11:59:04.270 10 INFO neutron.api.wsgi [req-ea9b39ab-4aeb-4893-b28b-f4c7ac24a6c7 req-4fd58936-fbf0-4b17-8f86-2b71cb48a190 9a4e2b9214d24cb6af2303f7d8eab562 1dcfcaee710f403f835758029f04e121 - - default default] 10.0.0.123 "GET /v2.0/ports?tenant_id=1dcfcaee710f403f835758029f04e121&fields=id HTTP/1.1" status: 200 len: 302 time: 0.1033289 /var/lib/openstack/lib/python3.12/site-packages/pycadf/identifier.py:71: UserWarning: Invalid uuid: neutron. To ensure interoperability, identifiers should be a valid uuid. warnings.warn(('Invalid uuid: %s. To ensure interoperability, '
2026-05-11 11:59:04.307 9 INFO neutron.api.wsgi [req-a77c34ce-4a18-4b58-b685-5013dc1cdce8 req-e71df0d3-570d-4a40-830b-c73e6d1e3567 975d112869a84c139a938d1fe5ebfcc4 00dbd8f8f2c942679f14996c4a3b9174 - - default default] 10.0.0.123 "GET /v2.0/ports?device_id=be176727-29ea-4595-8117-5d229b7aa768 HTTP/1.1" status: 200 len: 1168 time: 0.0397782
2026-05-11 11:59:04.312 10 WARNING neutron.scheduler.dhcp_agent_scheduler [None req-9e50c8eb-5ccd-45d9-bf44-92343657b226 8267df1716ff466f82438c4c2c2623ea ce5c7f25d738480297a160163cd7ee19 - - default default] No more DHCP agents
2026-05-11 11:59:04.315 10 WARNING neutron.api.rpc.agentnotifiers.dhcp_rpc_agent_api [None req-9e50c8eb-5ccd-45d9-bf44-92343657b226 8267df1716ff466f82438c4c2c2623ea ce5c7f25d738480297a160163cd7ee19 - - default default] Unable to schedule network 01478e44-5f05-4b0a-b353-121e461dde98: no agents available; will retry on subsequent port and subnet creation events.
2026-05-11 11:59:04.323 10 INFO neutron.api.wsgi [req-ea9b39ab-4aeb-4893-b28b-f4c7ac24a6c7 req-8152da8d-2450-45e1-ae29-f3edd314d2c3 38d510e7a3fd4a80907efb70012546ca c38a8d7371ab450cbb258205ee89a7fd - - e4896e14d21a4d678fd41e97fb08e427 e4896e14d21a4d678fd41e97fb08e427] 10.0.0.123 "GET /v2.0/networks/63676d93-8aba-4cf5-8806-18633dc0690e?fields=segments HTTP/1.1" status: 200 len: 212 time: 0.0398707 /var/lib/openstack/lib/python3.12/site-packages/pycadf/identifier.py:71: UserWarning: Invalid uuid: neutron. To ensure interoperability, identifiers should be a valid uuid. warnings.warn(('Invalid uuid: %s. To ensure interoperability, '
2026-05-11 11:59:04.381 9 INFO neutron.api.wsgi [req-a77c34ce-4a18-4b58-b685-5013dc1cdce8 req-a99908fe-24da-454b-b825-e78bf6e76616 975d112869a84c139a938d1fe5ebfcc4 00dbd8f8f2c942679f14996c4a3b9174 - - default default] 10.0.0.123 "GET /v2.0/security-groups?id=6f8d1221-cda4-47d5-9096-c42269407bfd&fields=id&fields=name HTTP/1.1" status: 200 len: 313 time: 0.0661626
