2026-05-11 11:56:13.721 10 INFO neutron.api.wsgi [None req-7e2d1024-f12e-4adc-9255-b8fd168fbcec 21f213de4a904c03bf20b2f226e2c45a 1c5074aad43e4f538ffabfc416f3d63b - - default default] 10.0.0.168 "GET /v2.0/agents?binary=ovn-controller HTTP/1.1" status: 200 len: 591 time: 0.0223746
2026-05-11 11:56:13.731 10 INFO neutron.api.wsgi [None req-30f2153b-b953-4cb1-a424-50ffaf25cd14 21f213de4a904c03bf20b2f226e2c45a 1c5074aad43e4f538ffabfc416f3d63b - - default default] 10.0.0.168 "GET /v2.0/network-ip-availabilities HTTP/1.1" status: 200 len: 1280 time: 0.0088520
2026-05-11 11:56:13.754 10 INFO neutron.api.wsgi [None req-421433ae-009d-49d4-8b5c-2e75dd141774 21f213de4a904c03bf20b2f226e2c45a 1c5074aad43e4f538ffabfc416f3d63b - - default default] 10.0.0.168 "GET /v2.0/subnets HTTP/1.1" status: 200 len: 1484 time: 0.0211966
2026-05-11 11:56:13.762 10 INFO neutron.api.wsgi [None req-8fcde293-d2fc-4852-b223-a5ee4208ddf8 21f213de4a904c03bf20b2f226e2c45a 1c5074aad43e4f538ffabfc416f3d63b - - default default] 10.0.0.168 "GET /v2.0/subnetpools HTTP/1.1" status: 200 len: 193 time: 0.0065570
2026-05-11 11:56:13.770 10 INFO neutron.api.wsgi [None req-b3715322-e20d-464e-853d-9be49d19d40f 21f213de4a904c03bf20b2f226e2c45a 1c5074aad43e4f538ffabfc416f3d63b - - default default] 10.0.0.168 "GET /v2.0/agents HTTP/1.1" status: 200 len: 1390 time: 0.0068798
2026-05-11 11:56:13.795 10 INFO neutron.api.wsgi [None req-f6f7e020-9da6-41a2-b272-3925ae0d0ce9 21f213de4a904c03bf20b2f226e2c45a 1c5074aad43e4f538ffabfc416f3d63b - - default default] 10.0.0.168 "GET /v2.0/subnets HTTP/1.1" status: 200 len: 1484 time: 0.0242290
2026-05-11 11:56:13.833 10 INFO neutron.api.wsgi [None req-a4bc29a5-10a4-4039-bce1-5ebdd90a10fb 21f213de4a904c03bf20b2f226e2c45a 1c5074aad43e4f538ffabfc416f3d63b - - default default] 10.0.0.168 "GET /v2.0/ports HTTP/1.1" status: 200 len: 5347 time: 0.0360959
2026-05-11 11:56:20.851 9 INFO neutron.api.wsgi [-] 10.0.0.118 "GET / HTTP/1.1" status: 200 len: 246 time: 0.0032387
2026-05-11 11:56:20.854 9 INFO neutron.api.wsgi [-] 10.0.0.118 "GET / HTTP/1.1" status: 200 len: 246 time: 0.0020952
2026-05-11 11:56:28.558 9 INFO neutron.api.wsgi [None req-49d70386-4f41-413e-aa66-41cfcb9b4ed6 21f213de4a904c03bf20b2f226e2c45a 1c5074aad43e4f538ffabfc416f3d63b - - default default] 199.204.45.72,10.0.0.118 "GET /v2.0/networks?name=public HTTP/1.1" status: 200 len: 928 time: 0.0760736
2026-05-11 11:56:35.850 10 INFO neutron.api.wsgi [-] 10.0.0.118 "GET / HTTP/1.1" status: 200 len: 246 time: 0.0023432
2026-05-11 11:56:35.850 9 INFO neutron.api.wsgi [-] 10.0.0.118 "GET / HTTP/1.1" status: 200 len: 246 time: 0.0023069
2026-05-11 11:56:50.849 9 INFO neutron.api.wsgi [-] 10.0.0.118 "GET / HTTP/1.1" status: 200 len: 246 time: 0.0022795
2026-05-11 11:56:50.849 10 INFO neutron.api.wsgi [-] 10.0.0.118 "GET / HTTP/1.1" status: 200 len: 246 time: 0.0026484
2026-05-11 11:57:05.848 10 INFO neutron.api.wsgi [-] 10.0.0.118 "GET / HTTP/1.1" status: 200 len: 246 time: 0.0012310
2026-05-11 11:57:05.851 9 INFO neutron.api.wsgi [-] 10.0.0.118 "GET / HTTP/1.1" status: 200 len: 246 time: 0.0035050
2026-05-11 11:57:06.195 10 INFO neutron.api.wsgi [None req-ea6d83d2-3012-4522-82d5-b59578ae1907 21f213de4a904c03bf20b2f226e2c45a 1c5074aad43e4f538ffabfc416f3d63b - - default default] 10.0.0.95 "GET /v2.0/networks HTTP/1.1" status: 200 len: 2369 time: 0.1417494
2026-05-11 11:57:07.309 10 INFO neutron.api.wsgi [None req-f8f46cd9-fa26-4ec3-ace3-c7d3dcadb5ff 21f213de4a904c03bf20b2f226e2c45a 1c5074aad43e4f538ffabfc416f3d63b - - default default] 10.0.0.95 "GET /v2.0/floatingips HTTP/1.1" status: 200 len: 212 time: 0.0155437
2026-05-11 11:57:07.325 10 INFO neutron.api.wsgi [None req-9608293b-b849-41a4-97a3-ca9b5b209012 21f213de4a904c03bf20b2f226e2c45a 1c5074aad43e4f538ffabfc416f3d63b - - default default] 10.0.0.95 "GET /v2.0/routers HTTP/1.1" status: 200 len: 208 time: 0.0124807
2026-05-11 11:57:07.375 10 INFO neutron.api.wsgi [None req-28c51f62-b527-43b2-aeb6-760a5c0eb6ff 21f213de4a904c03bf20b2f226e2c45a 1c5074aad43e4f538ffabfc416f3d63b - - default default] 10.0.0.95 "GET /v2.0/ports HTTP/1.1" status: 200 len: 5366 time: 0.0460117
2026-05-11 11:57:07.403 10 INFO neutron.api.wsgi [None req-150f96ef-6a17-47ac-9de4-fabd08deebe4 21f213de4a904c03bf20b2f226e2c45a 1c5074aad43e4f538ffabfc416f3d63b - - default default] 10.0.0.95 "GET /v2.0/subnets HTTP/1.1" status: 200 len: 1503 time: 0.0232420
2026-05-11 11:57:07.447 10 INFO neutron.api.wsgi [None req-6b0391fc-301e-4f8d-961f-49ab188b4b43 21f213de4a904c03bf20b2f226e2c45a 1c5074aad43e4f538ffabfc416f3d63b - - default default] 10.0.0.95 "GET /v2.0/networks HTTP/1.1" status: 200 len: 2369 time: 0.0402012
2026-05-11 11:57:07.487 10 INFO neutron.api.wsgi [None req-d1714037-ff0d-4ba3-8917-aad037085f82 21f213de4a904c03bf20b2f226e2c45a 1c5074aad43e4f538ffabfc416f3d63b - - default default] 10.0.0.95 "GET /v2.0/security-groups HTTP/1.1" status: 200 len: 17593 time: 0.0348330
2026-05-11 11:57:07.498 10 INFO neutron.api.wsgi [None req-e1e29af6-71a4-4f40-ad62-dd9862bed667 21f213de4a904c03bf20b2f226e2c45a 1c5074aad43e4f538ffabfc416f3d63b - - default default] 10.0.0.95 "GET /v2.0/subnetpools HTTP/1.1" status: 200 len: 212 time: 0.0069213
2026-05-11 11:57:13.553 10 INFO neutron.api.wsgi [None req-d6811979-9a35-4a47-ba54-4cf1775bdf94 21f213de4a904c03bf20b2f226e2c45a 1c5074aad43e4f538ffabfc416f3d63b - - default default] 10.0.0.168 "GET /v2.0/subnets HTTP/1.1" status: 200 len: 1484 time: 0.0574937
2026-05-11 11:57:13.562 10 INFO neutron.api.wsgi [None req-877e54b8-479d-4f39-be8b-dc3f7653da60 21f213de4a904c03bf20b2f226e2c45a 1c5074aad43e4f538ffabfc416f3d63b - - default default] 10.0.0.168 "GET /v2.0/subnetpools HTTP/1.1" status: 200 len: 193 time: 0.0067241
2026-05-11 11:57:13.576 10 INFO neutron.api.wsgi [None req-0a4a36e1-5a85-487a-ad8b-da72d45fdf2e 21f213de4a904c03bf20b2f226e2c45a 1c5074aad43e4f538ffabfc416f3d63b - - default default] 10.0.0.168 "GET /v2.0/floatingips HTTP/1.1" status: 200 len: 193 time: 0.0136387
2026-05-11 11:57:13.614 10 INFO neutron.api.wsgi [None req-1e6751ab-c8ba-4a26-9d1a-9f794f457c8a 21f213de4a904c03bf20b2f226e2c45a 1c5074aad43e4f538ffabfc416f3d63b - - default default] 10.0.0.168 "GET /v2.0/ports HTTP/1.1" status: 200 len: 5347 time: 0.0376160
2026-05-11 11:57:13.656 10 INFO neutron.api.wsgi [None req-4d0fa00b-9e12-4429-a924-99be0891ee8c 21f213de4a904c03bf20b2f226e2c45a 1c5074aad43e4f538ffabfc416f3d63b - - default default] 10.0.0.168 "GET /v2.0/security-groups HTTP/1.1" status: 200 len: 17574 time: 0.0380921
2026-05-11 11:57:13.690 10 INFO neutron.api.wsgi [None req-6c3d9c30-4976-4f07-89cd-5be239498c0e 21f213de4a904c03bf20b2f226e2c45a 1c5074aad43e4f538ffabfc416f3d63b - - default default] 10.0.0.168 "GET /v2.0/agents HTTP/1.1" status: 200 len: 1390 time: 0.0275438
2026-05-11 11:57:13.701 10 INFO neutron.api.wsgi [None req-f22052e3-8f8c-47c9-80a3-1b305f41343f 21f213de4a904c03bf20b2f226e2c45a 1c5074aad43e4f538ffabfc416f3d63b - - default default] 10.0.0.168 "GET /v2.0/network-ip-availabilities HTTP/1.1" status: 200 len: 1280 time: 0.0096009
2026-05-11 11:57:13.725 10 INFO neutron.api.wsgi [None req-73596148-6b76-464c-82d5-5f1831c6affe 21f213de4a904c03bf20b2f226e2c45a 1c5074aad43e4f538ffabfc416f3d63b - - default default] 10.0.0.168 "GET /v2.0/subnets HTTP/1.1" status: 200 len: 1484 time: 0.0230534
2026-05-11 11:57:13.763 10 INFO neutron.api.wsgi [None req-edcd96ed-dab1-4c9e-ab22-b3f0bf5eed03 21f213de4a904c03bf20b2f226e2c45a 1c5074aad43e4f538ffabfc416f3d63b - - default default] 10.0.0.168 "GET /v2.0/networks HTTP/1.1" status: 200 len: 2350 time: 0.0367525
2026-05-11 11:57:13.777 10 INFO neutron.api.wsgi [None req-5a2a52e0-711b-4cff-bc0f-693aafc061a5 21f213de4a904c03bf20b2f226e2c45a 1c5074aad43e4f538ffabfc416f3d63b - - default default] 10.0.0.168 "GET /v2.0/routers HTTP/1.1" status: 200 len: 189 time: 0.0108716
2026-05-11 11:57:13.785 10 INFO neutron.api.wsgi [None req-e8b50ff6-7b94-4530-bd7f-fef7beca213e 21f213de4a904c03bf20b2f226e2c45a 1c5074aad43e4f538ffabfc416f3d63b - - default default] 10.0.0.168 "GET /v2.0/agents?binary=ovn-controller HTTP/1.1" status: 200 len: 591 time: 0.0075092
2026-05-11 11:57:18.437 10 INFO neutron.db.ovn_revision_numbers_db [None req-c178ffee-e971-4c95-9090-100120cca959 21f213de4a904c03bf20b2f226e2c45a 1c5074aad43e4f538ffabfc416f3d63b - - default default] Successfully bumped revision number for resource 1c654029-5c65-48f5-ad9d-e216dda154f9 (type: security_groups) to 1
2026-05-11 11:57:18.449 10 INFO neutron.db.ovn_revision_numbers_db [None req-c178ffee-e971-4c95-9090-100120cca959 21f213de4a904c03bf20b2f226e2c45a 1c5074aad43e4f538ffabfc416f3d63b - - default default] Successfully bumped revision number for resource 61e2850e-3b28-4df2-a176-cc649fac9b54 (type: security_group_rules) to 0
2026-05-11 11:57:18.465 10 INFO neutron.db.ovn_revision_numbers_db [None req-c178ffee-e971-4c95-9090-100120cca959 21f213de4a904c03bf20b2f226e2c45a 1c5074aad43e4f538ffabfc416f3d63b - - default default] Successfully bumped revision number for resource 725450fa-8458-485e-916b-9738829ab0ce (type: security_group_rules) to 0
2026-05-11 11:57:18.472 10 INFO neutron.db.ovn_revision_numbers_db [None req-7600f559-2434-4d0a-b275-26fdb419a6f4 21f213de4a904c03bf20b2f226e2c45a 1c5074aad43e4f538ffabfc416f3d63b - - default default] Successfully bumped revision number for resource 6a9ea6b1-348c-462d-9a0b-7e64acb0db5b (type: security_groups) to 1
2026-05-11 11:57:18.482 10 INFO neutron.db.ovn_revision_numbers_db [None req-c178ffee-e971-4c95-9090-100120cca959 21f213de4a904c03bf20b2f226e2c45a 1c5074aad43e4f538ffabfc416f3d63b - - default default] Successfully bumped revision number for resource 936b7461-0248-43f2-af6a-a96ce2cd62be (type: security_group_rules) to 0
2026-05-11 11:57:18.491 10 INFO neutron.db.ovn_revision_numbers_db [None req-7600f559-2434-4d0a-b275-26fdb419a6f4 21f213de4a904c03bf20b2f226e2c45a 1c5074aad43e4f538ffabfc416f3d63b - - default default] Successfully bumped revision number for resource 0f73c6fd-36aa-4008-a470-001db1ed3b86 (type: security_group_rules) to 0
2026-05-11 11:57:18.494 10 INFO neutron.db.ovn_revision_numbers_db [None req-c178ffee-e971-4c95-9090-100120cca959 21f213de4a904c03bf20b2f226e2c45a 1c5074aad43e4f538ffabfc416f3d63b - - default default] Successfully bumped revision number for resource e11d1407-206f-4064-9f40-6b3671a7fc5e (type: security_group_rules) to 0
2026-05-11 11:57:18.508 10 INFO neutron.db.ovn_revision_numbers_db [None req-7600f559-2434-4d0a-b275-26fdb419a6f4 21f213de4a904c03bf20b2f226e2c45a 1c5074aad43e4f538ffabfc416f3d63b - - default default] Successfully bumped revision number for resource 64f056d8-6f5d-485f-92e3-2b6db63357be (type: security_group_rules) to 0
2026-05-11 11:57:18.528 10 INFO neutron.db.ovn_revision_numbers_db [None req-7600f559-2434-4d0a-b275-26fdb419a6f4 21f213de4a904c03bf20b2f226e2c45a 1c5074aad43e4f538ffabfc416f3d63b - - default default] Successfully bumped revision number for resource c785535e-90fe-439c-8fd2-4cbf58e29479 (type: security_group_rules) to 0
2026-05-11 11:57:18.539 10 INFO neutron.db.ovn_revision_numbers_db [None req-7600f559-2434-4d0a-b275-26fdb419a6f4 21f213de4a904c03bf20b2f226e2c45a 1c5074aad43e4f538ffabfc416f3d63b - - default default] Successfully bumped revision number for resource c8900bab-5cff-4ced-936f-caf380230e78 (type: security_group_rules) to 0
2026-05-11 11:57:18.569 10 INFO neutron.db.segments_db [None req-c178ffee-e971-4c95-9090-100120cca959 21f213de4a904c03bf20b2f226e2c45a 1c5074aad43e4f538ffabfc416f3d63b - - default default] Added segment 929b6e3f-2f74-44da-871f-f04ca2864d0f of type geneve for network 02364ce8-a3e9-4e8d-9e2c-ee1e14a5f82b
2026-05-11 11:57:18.602 9 INFO neutron.db.ovn_revision_numbers_db [None req-33aa444d-1843-468f-a2d4-20ce4bc8bac7 21f213de4a904c03bf20b2f226e2c45a 1c5074aad43e4f538ffabfc416f3d63b - - default default] Successfully bumped revision number for resource 5cf05b5a-c4ca-488b-9279-f3af920122d0 (type: security_groups) to 1
2026-05-11 11:57:18.614 10 INFO neutron.db.segments_db [None req-7600f559-2434-4d0a-b275-26fdb419a6f4 21f213de4a904c03bf20b2f226e2c45a 1c5074aad43e4f538ffabfc416f3d63b - - default default] Added segment 28aa4c08-42e2-40b3-b59b-5c4f16dd39de of type geneve for network f896655d-e09e-44c0-b8ba-9c8d4f432d25
2026-05-11 11:57:18.614 9 INFO neutron.db.ovn_revision_numbers_db [None req-33aa444d-1843-468f-a2d4-20ce4bc8bac7 21f213de4a904c03bf20b2f226e2c45a 1c5074aad43e4f538ffabfc416f3d63b - - default default] Successfully bumped revision number for resource 289c3f2f-f554-4b31-929b-9d7935c1d55e (type: security_group_rules) to 0
2026-05-11 11:57:18.626 9 INFO neutron.db.ovn_revision_numbers_db [None req-33aa444d-1843-468f-a2d4-20ce4bc8bac7 21f213de4a904c03bf20b2f226e2c45a 1c5074aad43e4f538ffabfc416f3d63b - - default default] Successfully bumped revision number for resource 95f51dd4-488d-4709-b368-e4387ec53845 (type: security_group_rules) to 0
2026-05-11 11:57:18.640 9 INFO neutron.db.ovn_revision_numbers_db [None req-33aa444d-1843-468f-a2d4-20ce4bc8bac7 21f213de4a904c03bf20b2f226e2c45a 1c5074aad43e4f538ffabfc416f3d63b - - default default] Successfully bumped revision number for resource 9b071999-963b-412f-8d65-5e6d6bb569b2 (type: security_group_rules) to 0
2026-05-11 11:57:18.652 9 INFO neutron.db.ovn_revision_numbers_db [None req-33aa444d-1843-468f-a2d4-20ce4bc8bac7 21f213de4a904c03bf20b2f226e2c45a 1c5074aad43e4f538ffabfc416f3d63b - - default default] Successfully bumped revision number for resource dd782a2e-eb5b-459d-9c0b-c921e617babe (type: security_group_rules) to 0
2026-05-11 11:57:18.697 10 INFO neutron.db.ovn_revision_numbers_db [None req-c178ffee-e971-4c95-9090-100120cca959 21f213de4a904c03bf20b2f226e2c45a 1c5074aad43e4f538ffabfc416f3d63b - - default default] Successfully bumped revision number for resource 02364ce8-a3e9-4e8d-9e2c-ee1e14a5f82b (type: networks) to 1
2026-05-11 11:57:18.738 9 INFO neutron.db.segments_db [None req-33aa444d-1843-468f-a2d4-20ce4bc8bac7 21f213de4a904c03bf20b2f226e2c45a 1c5074aad43e4f538ffabfc416f3d63b - - default default] Added segment a08f127c-a6d5-4c3a-8e12-edb307fe2ae0 of type geneve for network 979306c0-7336-4640-8f5a-5c3a23fc0c41
2026-05-11 11:57:18.742 10 INFO neutron.db.ovn_revision_numbers_db [None req-7600f559-2434-4d0a-b275-26fdb419a6f4 21f213de4a904c03bf20b2f226e2c45a 1c5074aad43e4f538ffabfc416f3d63b - - default default] Successfully bumped revision number for resource f896655d-e09e-44c0-b8ba-9c8d4f432d25 (type: networks) to 1
2026-05-11 11:57:18.841 9 INFO neutron.db.ovn_revision_numbers_db [None req-33aa444d-1843-468f-a2d4-20ce4bc8bac7 21f213de4a904c03bf20b2f226e2c45a 1c5074aad43e4f538ffabfc416f3d63b - - default default] Successfully bumped revision number for resource 979306c0-7336-4640-8f5a-5c3a23fc0c41 (type: networks) to 1
2026-05-11 11:57:18.890 10 WARNING neutron.scheduler.dhcp_agent_scheduler [None req-c178ffee-e971-4c95-9090-100120cca959 21f213de4a904c03bf20b2f226e2c45a 1c5074aad43e4f538ffabfc416f3d63b - - default default] No more DHCP agents
2026-05-11 11:57:18.893 10 WARNING neutron.api.rpc.agentnotifiers.dhcp_rpc_agent_api [None req-c178ffee-e971-4c95-9090-100120cca959 21f213de4a904c03bf20b2f226e2c45a 1c5074aad43e4f538ffabfc416f3d63b - - default default] Unable to schedule network 02364ce8-a3e9-4e8d-9e2c-ee1e14a5f82b: no agents available; will retry on subsequent port and subnet creation events.
2026-05-11 11:57:18.918 10 WARNING neutron.scheduler.dhcp_agent_scheduler [None req-7600f559-2434-4d0a-b275-26fdb419a6f4 21f213de4a904c03bf20b2f226e2c45a 1c5074aad43e4f538ffabfc416f3d63b - - default default] No more DHCP agents
2026-05-11 11:57:18.920 10 WARNING neutron.api.rpc.agentnotifiers.dhcp_rpc_agent_api [None req-7600f559-2434-4d0a-b275-26fdb419a6f4 21f213de4a904c03bf20b2f226e2c45a 1c5074aad43e4f538ffabfc416f3d63b - - default default] Unable to schedule network f896655d-e09e-44c0-b8ba-9c8d4f432d25: no agents available; will retry on subsequent port and subnet creation events.
2026-05-11 11:57:18.951 10 INFO neutron.db.ovn_revision_numbers_db [None req-c178ffee-e971-4c95-9090-100120cca959 21f213de4a904c03bf20b2f226e2c45a 1c5074aad43e4f538ffabfc416f3d63b - - default default] Successfully bumped revision number for resource eeece1a6-4c22-443b-8d56-0cfd2d3b0daf (type: ports) to 1
2026-05-11 11:57:18.975 10 INFO neutron.api.wsgi [None req-c178ffee-e971-4c95-9090-100120cca959 21f213de4a904c03bf20b2f226e2c45a 1c5074aad43e4f538ffabfc416f3d63b - - default default] 10.0.0.95 "POST /v2.0/networks HTTP/1.1" status: 201 len: 947 time: 0.8512831
2026-05-11 11:57:18.984 10 INFO neutron.db.ovn_revision_numbers_db [None req-7600f559-2434-4d0a-b275-26fdb419a6f4 21f213de4a904c03bf20b2f226e2c45a 1c5074aad43e4f538ffabfc416f3d63b - - default default] Successfully bumped revision number for resource f89bd0ca-e1ff-4e6e-a7e5-8573f078f49d (type: ports) to 1
2026-05-11 11:57:19.001 10 INFO neutron.api.wsgi [None req-7600f559-2434-4d0a-b275-26fdb419a6f4 21f213de4a904c03bf20b2f226e2c45a 1c5074aad43e4f538ffabfc416f3d63b - - default default] 10.0.0.95 "POST /v2.0/networks HTTP/1.1" status: 201 len: 952 time: 0.7768085
2026-05-11 11:57:19.042 9 WARNING neutron.scheduler.dhcp_agent_scheduler [None req-33aa444d-1843-468f-a2d4-20ce4bc8bac7 21f213de4a904c03bf20b2f226e2c45a 1c5074aad43e4f538ffabfc416f3d63b - - default default] No more DHCP agents
2026-05-11 11:57:19.046 9 WARNING neutron.api.rpc.agentnotifiers.dhcp_rpc_agent_api [None req-33aa444d-1843-468f-a2d4-20ce4bc8bac7 21f213de4a904c03bf20b2f226e2c45a 1c5074aad43e4f538ffabfc416f3d63b - - default default] Unable to schedule network 979306c0-7336-4640-8f5a-5c3a23fc0c41: no agents available; will retry on subsequent port and subnet creation events.
2026-05-11 11:57:19.133 9 INFO neutron.db.ovn_revision_numbers_db [None req-33aa444d-1843-468f-a2d4-20ce4bc8bac7 21f213de4a904c03bf20b2f226e2c45a 1c5074aad43e4f538ffabfc416f3d63b - - default default] Successfully bumped revision number for resource 0ee8dabe-896e-4b68-a829-dca9511e0021 (type: ports) to 1
2026-05-11 11:57:19.135 10 WARNING neutron.scheduler.dhcp_agent_scheduler [None req-7f7b4cc3-0261-47b2-95d5-03778368fd91 21f213de4a904c03bf20b2f226e2c45a 1c5074aad43e4f538ffabfc416f3d63b - - default default] No more DHCP agents
2026-05-11 11:57:19.137 10 WARNING neutron.api.rpc.agentnotifiers.dhcp_rpc_agent_api [None req-7f7b4cc3-0261-47b2-95d5-03778368fd91 21f213de4a904c03bf20b2f226e2c45a 1c5074aad43e4f538ffabfc416f3d63b - - default default] Unable to schedule network f896655d-e09e-44c0-b8ba-9c8d4f432d25: no agents available; will retry on subsequent port and subnet creation events.
2026-05-11 11:57:19.142 9 INFO neutron.db.ovn_revision_numbers_db [None req-9c4c63c7-c4e9-4aff-bdc9-d7b086e8a5b8 21f213de4a904c03bf20b2f226e2c45a 1c5074aad43e4f538ffabfc416f3d63b - - default default] Successfully bumped revision number for resource 7df3d7aa-6d2f-412a-a4a3-9bf79e8ccf7f (type: security_groups) to 1
2026-05-11 11:57:19.156 9 INFO neutron.api.wsgi [None req-33aa444d-1843-468f-a2d4-20ce4bc8bac7 21f213de4a904c03bf20b2f226e2c45a 1c5074aad43e4f538ffabfc416f3d63b - - default default] 10.0.0.95 "POST /v2.0/networks HTTP/1.1" status: 201 len: 949 time: 0.7284267
2026-05-11 11:57:19.157 9 INFO neutron.db.ovn_revision_numbers_db [None req-9c4c63c7-c4e9-4aff-bdc9-d7b086e8a5b8 21f213de4a904c03bf20b2f226e2c45a 1c5074aad43e4f538ffabfc416f3d63b - - default default] Successfully bumped revision number for resource 4253e7ee-7061-430e-9fe9-74c354b1f1e8 (type: security_group_rules) to 0
2026-05-11 11:57:19.172 9 WARNING neutron.scheduler.dhcp_agent_scheduler [None req-86eb256b-ec5e-436f-a17c-1da9f1007052 21f213de4a904c03bf20b2f226e2c45a 1c5074aad43e4f538ffabfc416f3d63b - - default default] No more DHCP agents
2026-05-11 11:57:19.173 9 WARNING neutron.api.rpc.agentnotifiers.dhcp_rpc_agent_api [None req-86eb256b-ec5e-436f-a17c-1da9f1007052 21f213de4a904c03bf20b2f226e2c45a 1c5074aad43e4f538ffabfc416f3d63b - - default default] Unable to schedule network 02364ce8-a3e9-4e8d-9e2c-ee1e14a5f82b: no agents available; will retry on subsequent port and subnet creation events.
2026-05-11 11:57:19.176 9 INFO neutron.db.ovn_revision_numbers_db [None req-9c4c63c7-c4e9-4aff-bdc9-d7b086e8a5b8 21f213de4a904c03bf20b2f226e2c45a 1c5074aad43e4f538ffabfc416f3d63b - - default default] Successfully bumped revision number for resource 9233e212-aed7-48d6-9910-38c3b1e4d94f (type: security_group_rules) to 0
2026-05-11 11:57:19.200 9 INFO neutron.db.ovn_revision_numbers_db [None req-9c4c63c7-c4e9-4aff-bdc9-d7b086e8a5b8 21f213de4a904c03bf20b2f226e2c45a 1c5074aad43e4f538ffabfc416f3d63b - - default default] Successfully bumped revision number for resource b1475410-904d-4c25-af28-8608dd39513a (type: security_group_rules) to 0
2026-05-11 11:57:19.225 9 INFO neutron.db.ovn_revision_numbers_db [None req-9c4c63c7-c4e9-4aff-bdc9-d7b086e8a5b8 21f213de4a904c03bf20b2f226e2c45a 1c5074aad43e4f538ffabfc416f3d63b - - default default] Successfully bumped revision number for resource dc3b3e3a-8472-441f-a3bb-c3b15a5f875a (type: security_group_rules) to 0
2026-05-11 11:57:19.278 9 INFO neutron.api.wsgi [None req-9c4c63c7-c4e9-4aff-bdc9-d7b086e8a5b8 21f213de4a904c03bf20b2f226e2c45a 1c5074aad43e4f538ffabfc416f3d63b - - default default] 10.0.0.95 "GET /v2.0/security-groups?tenant_id=7afd7cb2424448d6be6e48bc4f4125ca&name=default HTTP/1.1" status: 200 len: 3116 time: 0.3878186
2026-05-11 11:57:19.340 9 WARNING neutron.scheduler.dhcp_agent_scheduler [None req-abe15658-1acf-4694-a2c1-2907dd8b7959 21f213de4a904c03bf20b2f226e2c45a 1c5074aad43e4f538ffabfc416f3d63b - - default default] No more DHCP agents
2026-05-11 11:57:19.342 9 WARNING neutron.api.rpc.agentnotifiers.dhcp_rpc_agent_api [None req-abe15658-1acf-4694-a2c1-2907dd8b7959 21f213de4a904c03bf20b2f226e2c45a 1c5074aad43e4f538ffabfc416f3d63b - - default default] Unable to schedule network 979306c0-7336-4640-8f5a-5c3a23fc0c41: no agents available; will retry on subsequent port and subnet creation events.
2026-05-11 11:57:19.504 10 INFO neutron.api.wsgi [None req-69747ea7-e7b9-4846-9cd1-7ca4a859c03b 21f213de4a904c03bf20b2f226e2c45a 1c5074aad43e4f538ffabfc416f3d63b - - default default] 10.0.0.95 "DELETE /v2.0/security-groups/7df3d7aa-6d2f-412a-a4a3-9bf79e8ccf7f HTTP/1.1" status: 204 len: 168 time: 0.2199020
2026-05-11 11:57:19.554 10 INFO neutron.db.ovn_revision_numbers_db [None req-71d809b2-6486-4584-9d66-dbc93486372a - - - - - -] Successfully bumped revision number for resource f89bd0ca-e1ff-4e6e-a7e5-8573f078f49d (type: ports) to 2
2026-05-11 11:57:19.596 10 INFO neutron.db.ovn_revision_numbers_db [None req-71d809b2-6486-4584-9d66-dbc93486372a - - - - - -] Successfully bumped revision number for resource ddf379eb-dfa7-4797-8d34-9f83bb5af443 (type: subnets) to 0
2026-05-11 11:57:19.614 10 INFO neutron.api.wsgi [None req-7f7b4cc3-0261-47b2-95d5-03778368fd91 21f213de4a904c03bf20b2f226e2c45a 1c5074aad43e4f538ffabfc416f3d63b - - default default] 10.0.0.95 "POST /v2.0/subnets HTTP/1.1" status: 201 len: 897 time: 0.6078658
2026-05-11 11:57:19.634 9 INFO neutron.db.ovn_revision_numbers_db [None req-8415632b-4baa-4dd4-8543-e7f3a225484c - - - - - -] Successfully bumped revision number for resource eeece1a6-4c22-443b-8d56-0cfd2d3b0daf (type: ports) to 2
2026-05-11 11:57:19.663 9 INFO neutron.db.ovn_revision_numbers_db [None req-8415632b-4baa-4dd4-8543-e7f3a225484c - - - - - -] Successfully bumped revision number for resource 54fd9719-beff-49df-abc2-dbcda576f085 (type: subnets) to 0
2026-05-11 11:57:19.675 9 INFO neutron.api.wsgi [None req-86eb256b-ec5e-436f-a17c-1da9f1007052 21f213de4a904c03bf20b2f226e2c45a 1c5074aad43e4f538ffabfc416f3d63b - - default default] 10.0.0.95 "POST /v2.0/subnets HTTP/1.1" status: 201 len: 891 time: 0.6955471
2026-05-11 11:57:19.756 9 INFO neutron.db.ovn_revision_numbers_db [None req-c040e763-64b0-4c9d-bd83-0143df7f49e8 - - - - - -] Successfully bumped revision number for resource 0ee8dabe-896e-4b68-a829-dca9511e0021 (type: ports) to 2
2026-05-11 11:57:19.780 9 INFO neutron.db.ovn_revision_numbers_db [None req-c040e763-64b0-4c9d-bd83-0143df7f49e8 - - - - - -] Successfully bumped revision number for resource ef80a94e-2c98-40ab-b23e-9c7584675066 (type: subnets) to 0
2026-05-11 11:57:19.792 9 INFO neutron.api.wsgi [None req-abe15658-1acf-4694-a2c1-2907dd8b7959 21f213de4a904c03bf20b2f226e2c45a 1c5074aad43e4f538ffabfc416f3d63b - - default default] 10.0.0.95 "POST /v2.0/subnets HTTP/1.1" status: 201 len: 893 time: 0.6299214
2026-05-11 11:57:20.204 10 WARNING neutron.scheduler.dhcp_agent_scheduler [None req-2b7abd87-2dbf-409b-8875-3bd6e0f3648c 21f213de4a904c03bf20b2f226e2c45a 1c5074aad43e4f538ffabfc416f3d63b - - default default] No more DHCP agents
2026-05-11 11:57:20.204 9 WARNING neutron.scheduler.dhcp_agent_scheduler [None req-26378c71-d074-4084-a317-cd163532c8ed 21f213de4a904c03bf20b2f226e2c45a 1c5074aad43e4f538ffabfc416f3d63b - - default default] No more DHCP agents
2026-05-11 11:57:20.206 10 WARNING neutron.api.rpc.agentnotifiers.dhcp_rpc_agent_api [None req-2b7abd87-2dbf-409b-8875-3bd6e0f3648c 21f213de4a904c03bf20b2f226e2c45a 1c5074aad43e4f538ffabfc416f3d63b - - default default] Unable to schedule network 0d717159-7539-4bff-a424-916c146de2d1: no agents available; will retry on subsequent port and subnet creation events.
2026-05-11 11:57:20.207 9 WARNING neutron.api.rpc.agentnotifiers.dhcp_rpc_agent_api [None req-26378c71-d074-4084-a317-cd163532c8ed 21f213de4a904c03bf20b2f226e2c45a 1c5074aad43e4f538ffabfc416f3d63b - - default default] Unable to schedule network 0d717159-7539-4bff-a424-916c146de2d1: no agents available; will retry on subsequent port and subnet creation events.
2026-05-11 11:57:20.216 10 WARNING neutron.scheduler.dhcp_agent_scheduler [None req-fb25a7da-d1de-4da4-8f89-dd77004635e0 21f213de4a904c03bf20b2f226e2c45a 1c5074aad43e4f538ffabfc416f3d63b - - default default] No more DHCP agents
2026-05-11 11:57:20.217 10 WARNING neutron.api.rpc.agentnotifiers.dhcp_rpc_agent_api [None req-fb25a7da-d1de-4da4-8f89-dd77004635e0 21f213de4a904c03bf20b2f226e2c45a 1c5074aad43e4f538ffabfc416f3d63b - - default default] Unable to schedule network 0d717159-7539-4bff-a424-916c146de2d1: no agents available; will retry on subsequent port and subnet creation events.
2026-05-11 11:57:20.286 9 INFO neutron.db.ovn_revision_numbers_db [None req-26378c71-d074-4084-a317-cd163532c8ed 21f213de4a904c03bf20b2f226e2c45a 1c5074aad43e4f538ffabfc416f3d63b - - default default] Successfully bumped revision number for resource 4b9c51fc-c02a-4daa-aad0-85f655275dcf (type: ports) to 1
2026-05-11 11:57:20.311 10 INFO neutron.db.ovn_revision_numbers_db [None req-2b7abd87-2dbf-409b-8875-3bd6e0f3648c 21f213de4a904c03bf20b2f226e2c45a 1c5074aad43e4f538ffabfc416f3d63b - - default default] Successfully bumped revision number for resource 64927420-8d7d-42f4-a0ff-b0a24c83e4e5 (type: ports) to 1
2026-05-11 11:57:20.336 10 INFO neutron.db.ovn_revision_numbers_db [None req-fb25a7da-d1de-4da4-8f89-dd77004635e0 21f213de4a904c03bf20b2f226e2c45a 1c5074aad43e4f538ffabfc416f3d63b - - default default] Successfully bumped revision number for resource 1210a663-421d-484e-b584-f05fe619d956 (type: ports) to 1
2026-05-11 11:57:20.573 9 INFO neutron.plugins.ml2.drivers.ovn.mech_driver.ovsdb.extensions.qos [None req-26378c71-d074-4084-a317-cd163532c8ed 21f213de4a904c03bf20b2f226e2c45a 1c5074aad43e4f538ffabfc416f3d63b - - default default] Starting OVNClientQosExtension
2026-05-11 11:57:20.724 10 INFO neutron.plugins.ml2.drivers.ovn.mech_driver.ovsdb.extensions.qos [None req-2b7abd87-2dbf-409b-8875-3bd6e0f3648c 21f213de4a904c03bf20b2f226e2c45a 1c5074aad43e4f538ffabfc416f3d63b - - default default] Starting OVNClientQosExtension
2026-05-11 11:57:20.848 10 INFO neutron.api.wsgi [-] 10.0.0.118 "GET / HTTP/1.1" status: 200 len: 246 time: 0.0015230
2026-05-11 11:57:20.850 10 INFO neutron.api.wsgi [-] 10.0.0.118 "GET / HTTP/1.1" status: 200 len: 246 time: 0.0010171
2026-05-11 11:57:20.859 9 INFO neutron.plugins.ml2.drivers.ovn.mech_driver.ovsdb.commands [None req-9707413f-8edd-4f64-9359-b738aeae1bb4 - - - - - -] Schedule LRP lrp-4b9c51fc-c02a-4daa-aad0-85f655275dcf on gateway d5737e58-4696-432e-9e87-cb0cb76837e0 with priority 1
2026-05-11 11:57:20.871 10 INFO neutron.plugins.ml2.drivers.ovn.mech_driver.mech_driver [None req-6fb54543-fdb5-49f2-b1b6-6c46c827ad96 - - - - - -] OVN reports status up for port: 4b9c51fc-c02a-4daa-aad0-85f655275dcf
2026-05-11 11:57:20.886 9 INFO neutron.plugins.ml2.drivers.ovn.mech_driver.ovsdb.ovsdb_monitor [-] Router 6f025a55-faae-4ce1-a515-7219bc9d6d28 is bound to host instance
2026-05-11 11:57:20.898 10 INFO neutron.plugins.ml2.plugin [None req-6fb54543-fdb5-49f2-b1b6-6c46c827ad96 - - - - - -] Attempt 1 to provision port 4b9c51fc-c02a-4daa-aad0-85f655275dcf
2026-05-11 11:57:20.916 9 INFO neutron.db.ovn_revision_numbers_db [None req-26378c71-d074-4084-a317-cd163532c8ed 21f213de4a904c03bf20b2f226e2c45a 1c5074aad43e4f538ffabfc416f3d63b - - default default] Successfully bumped revision number for resource 4b9c51fc-c02a-4daa-aad0-85f655275dcf (type: router_ports) to 1
2026-05-11 11:57:20.989 9 INFO neutron.db.ovn_revision_numbers_db [None req-26378c71-d074-4084-a317-cd163532c8ed 21f213de4a904c03bf20b2f226e2c45a 1c5074aad43e4f538ffabfc416f3d63b - - default default] Successfully bumped revision number for resource 6f025a55-faae-4ce1-a515-7219bc9d6d28 (type: routers) to 2
2026-05-11 11:57:21.006 9 INFO neutron.api.wsgi [None req-26378c71-d074-4084-a317-cd163532c8ed 21f213de4a904c03bf20b2f226e2c45a 1c5074aad43e4f538ffabfc416f3d63b - - default default] 10.0.0.95 "POST /v2.0/routers HTTP/1.1" status: 201 len: 1171 time: 1.2029998
2026-05-11 11:57:21.134 10 INFO neutron.plugins.ml2.drivers.ovn.mech_driver.ovsdb.commands [None req-6c5f38b8-b29e-4e5d-8c16-29d217ad5b34 - - - - - -] Schedule LRP lrp-1210a663-421d-484e-b584-f05fe619d956 on gateway d5737e58-4696-432e-9e87-cb0cb76837e0 with priority 1
2026-05-11 11:57:21.141 10 INFO neutron.plugins.ml2.drivers.ovn.mech_driver.ovsdb.commands [None req-6c5f38b8-b29e-4e5d-8c16-29d217ad5b34 - - - - - -] Schedule LRP lrp-64927420-8d7d-42f4-a0ff-b0a24c83e4e5 on gateway d5737e58-4696-432e-9e87-cb0cb76837e0 with priority 1
2026-05-11 11:57:21.149 9 INFO neutron.plugins.ml2.drivers.ovn.mech_driver.mech_driver [-] OVN reports status up for port: 1210a663-421d-484e-b584-f05fe619d956
2026-05-11 11:57:21.165 9 INFO neutron.plugins.ml2.plugin [None req-ece63fd9-c50a-4ca8-88f1-e62a47556ff5 - - - - - -] Attempt 1 to provision port 1210a663-421d-484e-b584-f05fe619d956
2026-05-11 11:57:21.171 10 INFO neutron.plugins.ml2.drivers.ovn.mech_driver.ovsdb.ovsdb_monitor [-] Router baf980c8-37f5-4b52-90dd-de4bb668f4ed is bound to host instance
2026-05-11 11:57:21.204 10 INFO neutron.db.ovn_revision_numbers_db [None req-2b7abd87-2dbf-409b-8875-3bd6e0f3648c 21f213de4a904c03bf20b2f226e2c45a 1c5074aad43e4f538ffabfc416f3d63b - - default default] Successfully bumped revision number for resource 64927420-8d7d-42f4-a0ff-b0a24c83e4e5 (type: router_ports) to 1
2026-05-11 11:57:21.220 10 INFO neutron.db.ovn_revision_numbers_db [None req-fb25a7da-d1de-4da4-8f89-dd77004635e0 21f213de4a904c03bf20b2f226e2c45a 1c5074aad43e4f538ffabfc416f3d63b - - default default] Successfully bumped revision number for resource 1210a663-421d-484e-b584-f05fe619d956 (type: router_ports) to 1
2026-05-11 11:57:21.300 10 INFO neutron.db.ovn_revision_numbers_db [None req-2b7abd87-2dbf-409b-8875-3bd6e0f3648c 21f213de4a904c03bf20b2f226e2c45a 1c5074aad43e4f538ffabfc416f3d63b - - default default] Successfully bumped revision number for resource 7c5a74a6-4326-472d-a928-991b7439f795 (type: routers) to 2
2026-05-11 11:57:21.320 10 INFO neutron.db.ovn_revision_numbers_db [None req-fb25a7da-d1de-4da4-8f89-dd77004635e0 21f213de4a904c03bf20b2f226e2c45a 1c5074aad43e4f538ffabfc416f3d63b - - default default] Successfully bumped revision number for resource baf980c8-37f5-4b52-90dd-de4bb668f4ed (type: routers) to 2
2026-05-11 11:57:21.325 10 INFO neutron.api.wsgi [None req-2b7abd87-2dbf-409b-8875-3bd6e0f3648c 21f213de4a904c03bf20b2f226e2c45a 1c5074aad43e4f538ffabfc416f3d63b - - default default] 10.0.0.95 "POST /v2.0/routers HTTP/1.1" status: 201 len: 1175 time: 1.7053814
2026-05-11 11:57:21.346 10 INFO neutron.api.wsgi [None req-fb25a7da-d1de-4da4-8f89-dd77004635e0 21f213de4a904c03bf20b2f226e2c45a 1c5074aad43e4f538ffabfc416f3d63b - - default default] 10.0.0.95 "POST /v2.0/routers HTTP/1.1" status: 201 len: 1169 time: 1.6648357
2026-05-11 11:57:21.401 9 INFO neutron.db.ovn_revision_numbers_db [None req-5db09c6d-8a43-4dd1-9aa5-a522656c9c1f - - - - - -] Successfully bumped revision number for resource 4b9c51fc-c02a-4daa-aad0-85f655275dcf (type: ports) to 1
2026-05-11 11:57:21.564 9 WARNING neutron.scheduler.dhcp_agent_scheduler [None req-f8258447-d749-4990-b693-d1f0a08d0cd0 21f213de4a904c03bf20b2f226e2c45a 1c5074aad43e4f538ffabfc416f3d63b - - default default] No more DHCP agents
2026-05-11 11:57:21.566 9 WARNING neutron.api.rpc.agentnotifiers.dhcp_rpc_agent_api [None req-f8258447-d749-4990-b693-d1f0a08d0cd0 21f213de4a904c03bf20b2f226e2c45a 1c5074aad43e4f538ffabfc416f3d63b - - default default] Unable to schedule network 979306c0-7336-4640-8f5a-5c3a23fc0c41: no agents available; will retry on subsequent port and subnet creation events.
2026-05-11 11:57:21.687 9 INFO neutron.db.ovn_revision_numbers_db [None req-f8258447-d749-4990-b693-d1f0a08d0cd0 21f213de4a904c03bf20b2f226e2c45a 1c5074aad43e4f538ffabfc416f3d63b - - default default] Successfully bumped revision number for resource a370a7a7-f3ff-4944-818f-c30dac608795 (type: ports) to 1
2026-05-11 11:57:21.843 10 INFO neutron.db.ovn_revision_numbers_db [None req-0fd93ccb-1123-4ef1-9216-04c84324adcd - - - - - -] Successfully bumped revision number for resource 1210a663-421d-484e-b584-f05fe619d956 (type: ports) to 1
2026-05-11 11:57:21.851 9 INFO neutron.db.ovn_revision_numbers_db [None req-5db09c6d-8a43-4dd1-9aa5-a522656c9c1f - - - - - -] Successfully bumped revision number for resource 4b9c51fc-c02a-4daa-aad0-85f655275dcf (type: ports) to 4
2026-05-11 11:57:22.051 10 WARNING neutron.scheduler.dhcp_agent_scheduler [None req-c2ba40cb-5652-4512-99d4-58379bd38446 21f213de4a904c03bf20b2f226e2c45a 1c5074aad43e4f538ffabfc416f3d63b - - default default] No more DHCP agents
2026-05-11 11:57:22.054 10 WARNING neutron.api.rpc.agentnotifiers.dhcp_rpc_agent_api [None req-c2ba40cb-5652-4512-99d4-58379bd38446 21f213de4a904c03bf20b2f226e2c45a 1c5074aad43e4f538ffabfc416f3d63b - - default default] Unable to schedule network f896655d-e09e-44c0-b8ba-9c8d4f432d25: no agents available; will retry on subsequent port and subnet creation events.
2026-05-11 11:57:22.139 10 WARNING neutron.scheduler.dhcp_agent_scheduler [None req-b5227812-e2e6-494c-8dda-6780321a7c1a 21f213de4a904c03bf20b2f226e2c45a 1c5074aad43e4f538ffabfc416f3d63b - - default default] No more DHCP agents
2026-05-11 11:57:22.141 10 WARNING neutron.api.rpc.agentnotifiers.dhcp_rpc_agent_api [None req-b5227812-e2e6-494c-8dda-6780321a7c1a 21f213de4a904c03bf20b2f226e2c45a 1c5074aad43e4f538ffabfc416f3d63b - - default default] Unable to schedule network 02364ce8-a3e9-4e8d-9e2c-ee1e14a5f82b: no agents available; will retry on subsequent port and subnet creation events.
2026-05-11 11:57:22.200 10 INFO neutron.db.ovn_revision_numbers_db [None req-c2ba40cb-5652-4512-99d4-58379bd38446 21f213de4a904c03bf20b2f226e2c45a 1c5074aad43e4f538ffabfc416f3d63b - - default default] Successfully bumped revision number for resource a9e85356-1046-4080-9c08-a42edd0dd844 (type: ports) to 1
2026-05-11 11:57:22.274 9 INFO neutron.db.ovn_revision_numbers_db [None req-5db09c6d-8a43-4dd1-9aa5-a522656c9c1f - - - - - -] Successfully bumped revision number for resource 4b9c51fc-c02a-4daa-aad0-85f655275dcf (type: ports) to 5
2026-05-11 11:57:22.327 10 INFO neutron.db.ovn_revision_numbers_db [None req-b5227812-e2e6-494c-8dda-6780321a7c1a 21f213de4a904c03bf20b2f226e2c45a 1c5074aad43e4f538ffabfc416f3d63b - - default default] Successfully bumped revision number for resource 29eb56e4-156b-4c5e-b459-e40522d51067 (type: ports) to 1
2026-05-11 11:57:22.347 9 INFO neutron.db.ovn_revision_numbers_db [None req-f8258447-d749-4990-b693-d1f0a08d0cd0 21f213de4a904c03bf20b2f226e2c45a 1c5074aad43e4f538ffabfc416f3d63b - - default default] Successfully bumped revision number for resource a370a7a7-f3ff-4944-818f-c30dac608795 (type: ports) to 1
2026-05-11 11:57:22.368 9 INFO neutron.plugins.ml2.drivers.ovn.mech_driver.ovsdb.ovsdb_monitor [None req-5db09c6d-8a43-4dd1-9aa5-a522656c9c1f - - - - - -] Router 7c5a74a6-4326-472d-a928-991b7439f795 is bound to host instance
2026-05-11 11:57:22.389 10 INFO neutron.db.ovn_revision_numbers_db [None req-0fd93ccb-1123-4ef1-9216-04c84324adcd - - - - - -] Successfully bumped revision number for resource 1210a663-421d-484e-b584-f05fe619d956 (type: ports) to 4
2026-05-11 11:57:22.426 9 WARNING neutron.scheduler.dhcp_agent_scheduler [None req-f8258447-d749-4990-b693-d1f0a08d0cd0 21f213de4a904c03bf20b2f226e2c45a 1c5074aad43e4f538ffabfc416f3d63b - - default default] No more DHCP agents
2026-05-11 11:57:22.428 9 WARNING neutron.api.rpc.agentnotifiers.dhcp_rpc_agent_api [None req-f8258447-d749-4990-b693-d1f0a08d0cd0 21f213de4a904c03bf20b2f226e2c45a 1c5074aad43e4f538ffabfc416f3d63b - - default default] Unable to schedule network 979306c0-7336-4640-8f5a-5c3a23fc0c41: no agents available; will retry on subsequent port and subnet creation events.
2026-05-11 11:57:22.896 10 INFO neutron.db.ovn_revision_numbers_db [None req-0fd93ccb-1123-4ef1-9216-04c84324adcd - - - - - -] Successfully bumped revision number for resource 1210a663-421d-484e-b584-f05fe619d956 (type: ports) to 5
2026-05-11 11:57:22.965 9 INFO neutron.db.ovn_revision_numbers_db [None req-3b18341a-4a69-4736-af6d-ca7ea09ddfc1 - - - - - -] Successfully bumped revision number for resource 64927420-8d7d-42f4-a0ff-b0a24c83e4e5 (type: ports) to 1
2026-05-11 11:57:23.068 10 INFO neutron.db.ovn_revision_numbers_db [None req-c2ba40cb-5652-4512-99d4-58379bd38446 21f213de4a904c03bf20b2f226e2c45a 1c5074aad43e4f538ffabfc416f3d63b - - default default] Successfully bumped revision number for resource a9e85356-1046-4080-9c08-a42edd0dd844 (type: ports) to 1
2026-05-11 11:57:23.110 10 INFO neutron.db.ovn_revision_numbers_db [None req-b5227812-e2e6-494c-8dda-6780321a7c1a 21f213de4a904c03bf20b2f226e2c45a 1c5074aad43e4f538ffabfc416f3d63b - - default default] Successfully bumped revision number for resource 29eb56e4-156b-4c5e-b459-e40522d51067 (type: ports) to 1
2026-05-11 11:57:23.118 10 WARNING neutron.scheduler.dhcp_agent_scheduler [None req-c2ba40cb-5652-4512-99d4-58379bd38446 21f213de4a904c03bf20b2f226e2c45a 1c5074aad43e4f538ffabfc416f3d63b - - default default] No more DHCP agents
2026-05-11 11:57:23.119 10 WARNING neutron.api.rpc.agentnotifiers.dhcp_rpc_agent_api [None req-c2ba40cb-5652-4512-99d4-58379bd38446 21f213de4a904c03bf20b2f226e2c45a 1c5074aad43e4f538ffabfc416f3d63b - - default default] Unable to schedule network f896655d-e09e-44c0-b8ba-9c8d4f432d25: no agents available; will retry on subsequent port and subnet creation events.
2026-05-11 11:57:23.171 10 WARNING neutron.scheduler.dhcp_agent_scheduler [None req-b5227812-e2e6-494c-8dda-6780321a7c1a 21f213de4a904c03bf20b2f226e2c45a 1c5074aad43e4f538ffabfc416f3d63b - - default default] No more DHCP agents
2026-05-11 11:57:23.173 10 WARNING neutron.api.rpc.agentnotifiers.dhcp_rpc_agent_api [None req-b5227812-e2e6-494c-8dda-6780321a7c1a 21f213de4a904c03bf20b2f226e2c45a 1c5074aad43e4f538ffabfc416f3d63b - - default default] Unable to schedule network 02364ce8-a3e9-4e8d-9e2c-ee1e14a5f82b: no agents available; will retry on subsequent port and subnet creation events.
2026-05-11 11:57:23.300 9 INFO neutron.db.ovn_revision_numbers_db [None req-f8258447-d749-4990-b693-d1f0a08d0cd0 21f213de4a904c03bf20b2f226e2c45a 1c5074aad43e4f538ffabfc416f3d63b - - default default] Successfully bumped revision number for resource a370a7a7-f3ff-4944-818f-c30dac608795 (type: router_ports) to 1
2026-05-11 11:57:23.305 9 INFO neutron.api.wsgi [None req-f8258447-d749-4990-b693-d1f0a08d0cd0 21f213de4a904c03bf20b2f226e2c45a 1c5074aad43e4f538ffabfc416f3d63b - - default default] 10.0.0.95 "PUT /v2.0/routers/6f025a55-faae-4ce1-a515-7219bc9d6d28/add_router_interface HTTP/1.1" status: 200 len: 503 time: 2.2956908
2026-05-11 11:57:23.306 9 INFO neutron.db.ovn_revision_numbers_db [None req-3b18341a-4a69-4736-af6d-ca7ea09ddfc1 - - - - - -] Successfully bumped revision number for resource 64927420-8d7d-42f4-a0ff-b0a24c83e4e5 (type: ports) to 4
2026-05-11 11:57:23.315 10 INFO neutron.plugins.ml2.drivers.ovn.mech_driver.mech_driver [None req-6fb54543-fdb5-49f2-b1b6-6c46c827ad96 - - - - - -] OVN reports status up for port: a9e85356-1046-4080-9c08-a42edd0dd844
2026-05-11 11:57:23.331 10 INFO neutron.plugins.ml2.plugin [None req-6fb54543-fdb5-49f2-b1b6-6c46c827ad96 - - - - - -] Attempt 1 to provision port a9e85356-1046-4080-9c08-a42edd0dd844
2026-05-11 11:57:23.567 9 INFO neutron.db.ovn_revision_numbers_db [None req-3b18341a-4a69-4736-af6d-ca7ea09ddfc1 - - - - - -] Successfully bumped revision number for resource 64927420-8d7d-42f4-a0ff-b0a24c83e4e5 (type: ports) to 5
2026-05-11 11:57:23.657 9 INFO neutron.plugins.ml2.drivers.ovn.mech_driver.mech_driver [None req-ece63fd9-c50a-4ca8-88f1-e62a47556ff5 - - - - - -] OVN reports status up for port: 64927420-8d7d-42f4-a0ff-b0a24c83e4e5
2026-05-11 11:57:23.672 9 INFO neutron.plugins.ml2.plugin [None req-ece63fd9-c50a-4ca8-88f1-e62a47556ff5 - - - - - -] Attempt 1 to provision port 64927420-8d7d-42f4-a0ff-b0a24c83e4e5
2026-05-11 11:57:23.741 9 INFO neutron.plugins.ml2.drivers.ovn.mech_driver.mech_driver [None req-ece63fd9-c50a-4ca8-88f1-e62a47556ff5 - - - - - -] OVN reports status up for port: a370a7a7-f3ff-4944-818f-c30dac608795
2026-05-11 11:57:23.747 9 INFO neutron.plugins.ml2.plugin [None req-ece63fd9-c50a-4ca8-88f1-e62a47556ff5 - - - - - -] Attempt 1 to provision port a370a7a7-f3ff-4944-818f-c30dac608795
2026-05-11 11:57:23.852 10 INFO neutron.db.ovn_revision_numbers_db [None req-6fb54543-fdb5-49f2-b1b6-6c46c827ad96 - - - - - -] Successfully bumped revision number for resource a9e85356-1046-4080-9c08-a42edd0dd844 (type: ports) to 2
2026-05-11 11:57:23.978 10 INFO neutron.db.ovn_revision_numbers_db [None req-c2ba40cb-5652-4512-99d4-58379bd38446 21f213de4a904c03bf20b2f226e2c45a 1c5074aad43e4f538ffabfc416f3d63b - - default default] Successfully bumped revision number for resource a9e85356-1046-4080-9c08-a42edd0dd844 (type: router_ports) to 1
2026-05-11 11:57:23.982 10 INFO neutron.api.wsgi [None req-c2ba40cb-5652-4512-99d4-58379bd38446 21f213de4a904c03bf20b2f226e2c45a 1c5074aad43e4f538ffabfc416f3d63b - - default default] 10.0.0.95 "PUT /v2.0/routers/7c5a74a6-4326-472d-a928-991b7439f795/add_router_interface HTTP/1.1" status: 200 len: 503 time: 2.6508687
2026-05-11 11:57:23.982 10 INFO neutron.db.ovn_revision_numbers_db [None req-b5227812-e2e6-494c-8dda-6780321a7c1a 21f213de4a904c03bf20b2f226e2c45a 1c5074aad43e4f538ffabfc416f3d63b - - default default] Successfully bumped revision number for resource 29eb56e4-156b-4c5e-b459-e40522d51067 (type: router_ports) to 1
2026-05-11 11:57:23.985 10 INFO neutron.api.wsgi [None req-b5227812-e2e6-494c-8dda-6780321a7c1a 21f213de4a904c03bf20b2f226e2c45a 1c5074aad43e4f538ffabfc416f3d63b - - default default] 10.0.0.95 "PUT /v2.0/routers/baf980c8-37f5-4b52-90dd-de4bb668f4ed/add_router_interface HTTP/1.1" status: 200 len: 503 time: 2.6212199
2026-05-11 11:57:24.156 9 INFO neutron.db.ovn_revision_numbers_db [None req-ece63fd9-c50a-4ca8-88f1-e62a47556ff5 - - - - - -] Successfully bumped revision number for resource a370a7a7-f3ff-4944-818f-c30dac608795 (type: ports) to 2
2026-05-11 11:57:24.406 9 WARNING neutron_lib.context [req-a3cf2c81-504a-42b6-b546-4dfef7fe0c05 req-5968f45f-ceec-4745-9b7c-69be1d553352 7f2c97a7b57c40d3882275012089ee29 874bbb37564143c2b921352e2590b6c2 - - default default] Method 'is_advsvc' is deprecated since 2023.2 release (neutron-lib 3.8.0) and will be removed once support for the old RBAC API policies will be removed from Neutron. Please use method 'is_service_role' instead.
2026-05-11 11:57:24.514 9 INFO neutron.db.ovn_revision_numbers_db [req-a3cf2c81-504a-42b6-b546-4dfef7fe0c05 req-5968f45f-ceec-4745-9b7c-69be1d553352 7f2c97a7b57c40d3882275012089ee29 874bbb37564143c2b921352e2590b6c2 - - default default] Successfully bumped revision number for resource 720cc53e-3556-4765-8cb6-4053d29cd0a6 (type: security_groups) to 1
2026-05-11 11:57:24.526 9 INFO neutron.db.ovn_revision_numbers_db [req-a3cf2c81-504a-42b6-b546-4dfef7fe0c05 req-5968f45f-ceec-4745-9b7c-69be1d553352 7f2c97a7b57c40d3882275012089ee29 874bbb37564143c2b921352e2590b6c2 - - default default] Successfully bumped revision number for resource a2f04cf9-bc26-4331-986e-9638e892de8a (type: security_group_rules) to 0
2026-05-11 11:57:24.537 9 INFO neutron.db.ovn_revision_numbers_db [req-a3cf2c81-504a-42b6-b546-4dfef7fe0c05 req-5968f45f-ceec-4745-9b7c-69be1d553352 7f2c97a7b57c40d3882275012089ee29 874bbb37564143c2b921352e2590b6c2 - - default default] Successfully bumped revision number for resource edc99c44-0396-4341-b145-5c9523857b12 (type: security_group_rules) to 0
2026-05-11 11:57:24.570 9 INFO neutron.api.wsgi [req-a3cf2c81-504a-42b6-b546-4dfef7fe0c05 req-5968f45f-ceec-4745-9b7c-69be1d553352 7f2c97a7b57c40d3882275012089ee29 874bbb37564143c2b921352e2590b6c2 - - default default] 10.0.0.123 "POST /v2.0/security-groups HTTP/1.1" status: 201 len: 1889 time: 0.3469288
2026-05-11 11:57:24.589 9 WARNING neutron_lib.context [None req-ae202413-d8ee-4a32-9c7f-5e805b656e86 809cf25aef014c70a33575d03438502a 4d84f3a64a514c519958f60461837ded - - default default] Method 'is_advsvc' is deprecated since 2023.2 release (neutron-lib 3.8.0) and will be removed once support for the old RBAC API policies will be removed from Neutron. Please use method 'is_service_role' instead.
2026-05-11 11:57:24.613 9 INFO neutron.api.wsgi [req-850bf767-c323-4107-8a90-320a7c5073fc req-00db9b8d-33b9-416a-8f70-3c769ed7581e 7f2c97a7b57c40d3882275012089ee29 874bbb37564143c2b921352e2590b6c2 - - default default] 10.0.0.123 "GET /v2.0/security-groups/720cc53e-3556-4765-8cb6-4053d29cd0a6 HTTP/1.1" status: 200 len: 1884 time: 0.0199151
2026-05-11 11:57:24.622 9 WARNING neutron_lib.context [req-850bf767-c323-4107-8a90-320a7c5073fc req-799fc7e6-05ad-4fd7-85b1-7c94ce59a283 7f2c97a7b57c40d3882275012089ee29 874bbb37564143c2b921352e2590b6c2 - - default default] Method 'is_advsvc' is deprecated since 2023.2 release (neutron-lib 3.8.0) and will be removed once support for the old RBAC API policies will be removed from Neutron. Please use method 'is_service_role' instead.
2026-05-11 11:57:24.699 9 INFO neutron.db.ovn_revision_numbers_db [None req-ae202413-d8ee-4a32-9c7f-5e805b656e86 809cf25aef014c70a33575d03438502a 4d84f3a64a514c519958f60461837ded - - default default] Successfully bumped revision number for resource 64c95d8f-c037-4deb-bacf-de14521dc083 (type: security_groups) to 1
2026-05-11 11:57:24.712 9 INFO neutron.db.ovn_revision_numbers_db [None req-ae202413-d8ee-4a32-9c7f-5e805b656e86 809cf25aef014c70a33575d03438502a 4d84f3a64a514c519958f60461837ded - - default default] Successfully bumped revision number for resource 1b1b0869-15e6-4c11-b7ec-d9b2b1be1998 (type: security_group_rules) to 0
2026-05-11 11:57:24.726 9 INFO neutron.db.ovn_revision_numbers_db [None req-ae202413-d8ee-4a32-9c7f-5e805b656e86 809cf25aef014c70a33575d03438502a 4d84f3a64a514c519958f60461837ded - - default default] Successfully bumped revision number for resource a1f27ffd-2821-43dd-bfc0-c7cd4e8ad042 (type: security_group_rules) to 0
2026-05-11 11:57:24.738 9 INFO neutron.db.ovn_revision_numbers_db [req-850bf767-c323-4107-8a90-320a7c5073fc req-799fc7e6-05ad-4fd7-85b1-7c94ce59a283 7f2c97a7b57c40d3882275012089ee29 874bbb37564143c2b921352e2590b6c2 - - default default] Successfully bumped revision number for resource 8ba28c07-f8c9-4a36-b62f-93db372454c1 (type: security_group_rules) to 0
2026-05-11 11:57:24.757 9 INFO neutron.api.wsgi [None req-ae202413-d8ee-4a32-9c7f-5e805b656e86 809cf25aef014c70a33575d03438502a 4d84f3a64a514c519958f60461837ded - - default default] 10.0.0.95 "POST /v2.0/security-groups HTTP/1.1" status: 201 len: 1857 time: 0.1755743
2026-05-11 11:57:24.765 9 WARNING neutron_lib.context [None req-591a5718-ccc0-43e3-9c5a-04b7d752197e 809cf25aef014c70a33575d03438502a 4d84f3a64a514c519958f60461837ded - - default default] Method 'is_advsvc' is deprecated since 2023.2 release (neutron-lib 3.8.0) and will be removed once support for the old RBAC API policies will be removed from Neutron. Please use method 'is_service_role' instead.
2026-05-11 11:57:24.769 9 INFO neutron.api.wsgi [req-850bf767-c323-4107-8a90-320a7c5073fc req-799fc7e6-05ad-4fd7-85b1-7c94ce59a283 7f2c97a7b57c40d3882275012089ee29 874bbb37564143c2b921352e2590b6c2 - - default default] 10.0.0.123 "POST /v2.0/security-group-rules HTTP/1.1" status: 201 len: 818 time: 0.1513793
2026-05-11 11:57:24.804 9 WARNING neutron_lib.context [req-f8c45e76-8f1e-4314-acf9-2061031191e4 req-94e299db-ec04-4913-b0fa-880b9254cc16 7f2c97a7b57c40d3882275012089ee29 874bbb37564143c2b921352e2590b6c2 - - default default] Method 'is_advsvc' is deprecated since 2023.2 release (neutron-lib 3.8.0) and will be removed once support for the old RBAC API policies will be removed from Neutron. Please use method 'is_service_role' instead.
2026-05-11 11:57:24.906 9 INFO neutron.db.ovn_revision_numbers_db [None req-591a5718-ccc0-43e3-9c5a-04b7d752197e 809cf25aef014c70a33575d03438502a 4d84f3a64a514c519958f60461837ded - - default default] Successfully bumped revision number for resource c43ff2be-af73-422d-8e27-9dd8f4e76590 (type: security_group_rules) to 0
2026-05-11 11:57:24.929 9 INFO neutron.db.ovn_revision_numbers_db [req-f8c45e76-8f1e-4314-acf9-2061031191e4 req-94e299db-ec04-4913-b0fa-880b9254cc16 7f2c97a7b57c40d3882275012089ee29 874bbb37564143c2b921352e2590b6c2 - - default default] Successfully bumped revision number for resource 46a17e12-2ee6-4d63-86f8-ba1eb7865c05 (type: security_groups) to 1
