2026-05-11 12:01:21.233 10 WARNING neutron.scheduler.dhcp_agent_scheduler [req-6486014d-89ca-492d-b994-4d78b3018986 req-dd067126-d3da-4cdd-ac28-8793aa403af5 2c6f8d058d4244dbaecdd0d378a1f26a a22138fe6f3d40bebb66d8e3b2ae24e8 - - default default] No more DHCP agents
2026-05-11 12:01:21.234 10 WARNING neutron.api.rpc.agentnotifiers.dhcp_rpc_agent_api [req-6486014d-89ca-492d-b994-4d78b3018986 req-dd067126-d3da-4cdd-ac28-8793aa403af5 2c6f8d058d4244dbaecdd0d378a1f26a a22138fe6f3d40bebb66d8e3b2ae24e8 - - default default] Unable to schedule network f3a85c2d-43e2-431f-9582-26a830de1929: no agents available; will retry on subsequent port and subnet creation events.
2026-05-11 12:01:21.378 10 INFO neutron.db.ovn_revision_numbers_db [req-6486014d-89ca-492d-b994-4d78b3018986 req-dd067126-d3da-4cdd-ac28-8793aa403af5 2c6f8d058d4244dbaecdd0d378a1f26a a22138fe6f3d40bebb66d8e3b2ae24e8 - - default default] Successfully bumped revision number for resource 0cc2aee7-c63c-4229-b35a-46ea8a276056 (type: ports) to 1
2026-05-11 12:01:21.395 10 INFO neutron.api.wsgi [req-6486014d-89ca-492d-b994-4d78b3018986 req-dd067126-d3da-4cdd-ac28-8793aa403af5 2c6f8d058d4244dbaecdd0d378a1f26a a22138fe6f3d40bebb66d8e3b2ae24e8 - - default default] 199.204.45.72 "POST /v2.0/ports HTTP/1.1" status: 201 len: 1197 time: 0.4531288 /var/lib/openstack/lib/python3.12/site-packages/pycadf/identifier.py:71: UserWarning: Invalid uuid: neutron. To ensure interoperability, identifiers should be a valid uuid. warnings.warn(('Invalid uuid: %s. To ensure interoperability, '
2026-05-11 12:01:21.561 10 INFO neutron.api.wsgi [req-b6f652b0-5237-4e20-b47e-cb2a21d17964 req-28df4bac-587e-40e6-9cb6-68f60ad910da 2c6f8d058d4244dbaecdd0d378a1f26a a22138fe6f3d40bebb66d8e3b2ae24e8 - - default default] 10.0.0.123 "GET /v2.0/ports?device_id=23f704b1-9f99-4012-a416-aaf910e63809 HTTP/1.1" status: 200 len: 1195 time: 0.0781729
2026-05-11 12:01:21.605 10 INFO neutron.api.wsgi [req-b6f652b0-5237-4e20-b47e-cb2a21d17964 req-1c11e400-c845-48aa-bc0f-001d5c6defc3 2c6f8d058d4244dbaecdd0d378a1f26a a22138fe6f3d40bebb66d8e3b2ae24e8 - - default default] 10.0.0.123 "GET /v2.0/security-groups?id=19c56461-9ed4-4895-93be-64390e08e037&id=35113803-d6e4-4b7d-9884-bee374525c31&fields=id&fields=name HTTP/1.1" status: 200 len: 404 time: 0.0385683 /var/lib/openstack/lib/python3.12/site-packages/pycadf/identifier.py:71: UserWarning: Invalid uuid: neutron. To ensure interoperability, identifiers should be a valid uuid. warnings.warn(('Invalid uuid: %s. To ensure interoperability, '
2026-05-11 12:01:21.727 10 INFO neutron.api.wsgi [req-6758e331-1f8e-4b17-a896-134d94e1a530 req-4ec0cd30-9dce-4e49-8f08-ac13c5e13363 38d510e7a3fd4a80907efb70012546ca c38a8d7371ab450cbb258205ee89a7fd - - e4896e14d21a4d678fd41e97fb08e427 e4896e14d21a4d678fd41e97fb08e427] 199.204.45.72 "GET /v2.0/ports?tenant_id=0df4307d1f414f81a2fb381ca615e723&device_id=5da9b96c-456d-4a8a-af1d-4efb0836077a HTTP/1.1" status: 200 len: 1632 time: 0.0328865
2026-05-11 12:01:21.755 10 INFO neutron.api.wsgi [req-6758e331-1f8e-4b17-a896-134d94e1a530 req-c9838ded-e78c-4b77-8000-9ce441de28fe 38d510e7a3fd4a80907efb70012546ca c38a8d7371ab450cbb258205ee89a7fd - - e4896e14d21a4d678fd41e97fb08e427 e4896e14d21a4d678fd41e97fb08e427] 199.204.45.72 "GET /v2.0/floatingips?fixed_ip_address=10.2.1.90&port_id=3b5d6c25-5624-49eb-b7a5-83ee89de6af5 HTTP/1.1" status: 200 len: 217 time: 0.0211840
2026-05-11 12:01:21.777 10 INFO neutron.api.wsgi [req-6758e331-1f8e-4b17-a896-134d94e1a530 req-2194cd42-e6ca-41e4-bde3-1e2520bc51e8 38d510e7a3fd4a80907efb70012546ca c38a8d7371ab450cbb258205ee89a7fd - - e4896e14d21a4d678fd41e97fb08e427 e4896e14d21a4d678fd41e97fb08e427] 199.204.45.72 "GET /v2.0/floatingips?fixed_ip_address=fd7b%3Af9f7%3Afff%3A4eca%3A%3A376&port_id=3b5d6c25-5624-49eb-b7a5-83ee89de6af5 HTTP/1.1" status: 200 len: 217 time: 0.0164402
2026-05-11 12:01:21.780 10 INFO neutron.db.ovn_revision_numbers_db [req-6486014d-89ca-492d-b994-4d78b3018986 req-760bb09b-cac2-42a0-ab43-d5752e2e39d4 38d510e7a3fd4a80907efb70012546ca c38a8d7371ab450cbb258205ee89a7fd - - e4896e14d21a4d678fd41e97fb08e427 e4896e14d21a4d678fd41e97fb08e427] Successfully bumped revision number for resource 0cc2aee7-c63c-4229-b35a-46ea8a276056 (type: ports) to 2
2026-05-11 12:01:21.809 10 INFO neutron.api.wsgi [req-6758e331-1f8e-4b17-a896-134d94e1a530 req-8a0dae8d-e164-49e5-a981-8d2893bab1e5 38d510e7a3fd4a80907efb70012546ca c38a8d7371ab450cbb258205ee89a7fd - - e4896e14d21a4d678fd41e97fb08e427 e4896e14d21a4d678fd41e97fb08e427] 199.204.45.72 "GET /v2.0/subnets?id=83b1f19f-aa71-4ea9-bc7b-dc984f78fbf0&id=ffcb4a03-39d1-460d-af00-6fa2ef235437 HTTP/1.1" status: 200 len: 1610 time: 0.0270460
2026-05-11 12:01:21.836 10 INFO neutron.api.wsgi [req-6758e331-1f8e-4b17-a896-134d94e1a530 req-f22ad27d-58bf-42a2-adcc-1d2c707c07d7 38d510e7a3fd4a80907efb70012546ca c38a8d7371ab450cbb258205ee89a7fd - - e4896e14d21a4d678fd41e97fb08e427 e4896e14d21a4d678fd41e97fb08e427] 199.204.45.72 "GET /v2.0/ports?network_id=027a701f-fd84-42dc-bf18-323683ed0b7d&device_owner=network%3Adhcp HTTP/1.1" status: 200 len: 210 time: 0.0184984
2026-05-11 12:01:21.863 10 INFO neutron.api.wsgi [req-6758e331-1f8e-4b17-a896-134d94e1a530 req-51ed30b4-56d6-4bcb-80e0-9b6651e05869 38d510e7a3fd4a80907efb70012546ca c38a8d7371ab450cbb258205ee89a7fd - - e4896e14d21a4d678fd41e97fb08e427 e4896e14d21a4d678fd41e97fb08e427] 199.204.45.72 "GET /v2.0/ports?network_id=027a701f-fd84-42dc-bf18-323683ed0b7d&device_owner=network%3Adhcp HTTP/1.1" status: 200 len: 210 time: 0.0228863
2026-05-11 12:01:21.923 10 INFO neutron.api.wsgi [req-6758e331-1f8e-4b17-a896-134d94e1a530 req-16ef21f4-429e-49ad-b5df-9bf3e7135eee 38d510e7a3fd4a80907efb70012546ca c38a8d7371ab450cbb258205ee89a7fd - - e4896e14d21a4d678fd41e97fb08e427 e4896e14d21a4d678fd41e97fb08e427] 199.204.45.72 "GET /v2.0/networks/027a701f-fd84-42dc-bf18-323683ed0b7d?fields=segments HTTP/1.1" status: 200 len: 212 time: 0.0542338
2026-05-11 12:01:21.973 10 INFO neutron.api.wsgi [req-6758e331-1f8e-4b17-a896-134d94e1a530 req-30323c4e-7ecc-418e-995d-0ea8fe82b3c8 38d510e7a3fd4a80907efb70012546ca c38a8d7371ab450cbb258205ee89a7fd - - e4896e14d21a4d678fd41e97fb08e427 e4896e14d21a4d678fd41e97fb08e427] 199.204.45.72 "GET /v2.0/networks/027a701f-fd84-42dc-bf18-323683ed0b7d?fields=provider%3Aphysical_network&fields=provider%3Anetwork_type HTTP/1.1" status: 200 len: 277 time: 0.0439134
2026-05-11 12:01:22.038 10 INFO neutron.db.ovn_revision_numbers_db [req-6486014d-89ca-492d-b994-4d78b3018986 req-760bb09b-cac2-42a0-ab43-d5752e2e39d4 38d510e7a3fd4a80907efb70012546ca c38a8d7371ab450cbb258205ee89a7fd - - e4896e14d21a4d678fd41e97fb08e427 e4896e14d21a4d678fd41e97fb08e427] Successfully bumped revision number for resource 0cc2aee7-c63c-4229-b35a-46ea8a276056 (type: ports) to 4
2026-05-11 12:01:22.053 10 INFO neutron.api.wsgi [req-6486014d-89ca-492d-b994-4d78b3018986 req-760bb09b-cac2-42a0-ab43-d5752e2e39d4 38d510e7a3fd4a80907efb70012546ca c38a8d7371ab450cbb258205ee89a7fd - - e4896e14d21a4d678fd41e97fb08e427 e4896e14d21a4d678fd41e97fb08e427] 199.204.45.72 "PUT /v2.0/ports/0cc2aee7-c63c-4229-b35a-46ea8a276056 HTTP/1.1" status: 200 len: 1443 time: 0.6520941
2026-05-11 12:01:22.083 10 INFO neutron.notifiers.nova [-] Nova event matching ['req-735af145-16fd-4d35-917b-41a62f12f9c7'] response: {'name': 'network-changed', 'server_uuid': '23f704b1-9f99-4012-a416-aaf910e63809', 'tag': '0cc2aee7-c63c-4229-b35a-46ea8a276056', 'status': 'completed', 'code': 200} /var/lib/openstack/lib/python3.12/site-packages/pycadf/identifier.py:71: UserWarning: Invalid uuid: neutron. To ensure interoperability, identifiers should be a valid uuid. warnings.warn(('Invalid uuid: %s. To ensure interoperability, '
2026-05-11 12:01:22.439 10 WARNING neutron_lib.context [None req-629963c1-4432-4a5e-9611-b622f9de8e56 9e0e9819c2c840eba88c673db2b67ed9 9b3b580d7cb440f09810ef626714a188 - - default default] Method 'is_advsvc' is deprecated since 2023.2 release (neutron-lib 3.8.0) and will be removed once support for the old RBAC API policies will be removed from Neutron. Please use method 'is_service_role' instead.
2026-05-11 12:01:22.630 10 INFO neutron.api.wsgi [req-c584b4b1-fdb6-499b-871e-b6c1e87ba68f req-2c86983e-bbb2-409e-beff-1a42d5b0c556 38d510e7a3fd4a80907efb70012546ca c38a8d7371ab450cbb258205ee89a7fd - - e4896e14d21a4d678fd41e97fb08e427 e4896e14d21a4d678fd41e97fb08e427] 199.204.45.72 "GET /v2.0/ports?tenant_id=a22138fe6f3d40bebb66d8e3b2ae24e8&device_id=23f704b1-9f99-4012-a416-aaf910e63809 HTTP/1.1" status: 200 len: 1446 time: 0.0317330
2026-05-11 12:01:22.691 10 WARNING neutron.scheduler.dhcp_agent_scheduler [None req-629963c1-4432-4a5e-9611-b622f9de8e56 9e0e9819c2c840eba88c673db2b67ed9 9b3b580d7cb440f09810ef626714a188 - - default default] No more DHCP agents
2026-05-11 12:01:22.695 10 INFO neutron.api.wsgi [req-c584b4b1-fdb6-499b-871e-b6c1e87ba68f req-218bc432-60e8-4fcc-afc2-8b579478e12f 38d510e7a3fd4a80907efb70012546ca c38a8d7371ab450cbb258205ee89a7fd - - e4896e14d21a4d678fd41e97fb08e427 e4896e14d21a4d678fd41e97fb08e427] 199.204.45.72 "GET /v2.0/networks?tenant_id=a22138fe6f3d40bebb66d8e3b2ae24e8&shared=False HTTP/1.1" status: 200 len: 970 time: 0.0558281
2026-05-11 12:01:22.696 10 WARNING neutron.api.rpc.agentnotifiers.dhcp_rpc_agent_api [None req-629963c1-4432-4a5e-9611-b622f9de8e56 9e0e9819c2c840eba88c673db2b67ed9 9b3b580d7cb440f09810ef626714a188 - - default default] Unable to schedule network 0d717159-7539-4bff-a424-916c146de2d1: no agents available; will retry on subsequent port and subnet creation events.
2026-05-11 12:01:22.700 10 INFO neutron.api.wsgi [req-2c25da8a-1b83-49fc-b0c4-db8199d65f8d req-bd593156-4914-4146-acda-e4b5843a2879 2c6f8d058d4244dbaecdd0d378a1f26a a22138fe6f3d40bebb66d8e3b2ae24e8 - - default default] 10.0.0.123 "GET /v2.0/ports?device_id=23f704b1-9f99-4012-a416-aaf910e63809 HTTP/1.1" status: 200 len: 1208 time: 0.0418921
2026-05-11 12:01:22.756 10 INFO neutron.api.wsgi [req-2c25da8a-1b83-49fc-b0c4-db8199d65f8d req-9c83d7f6-6d3a-40e3-b29b-303b18b0715b 2c6f8d058d4244dbaecdd0d378a1f26a a22138fe6f3d40bebb66d8e3b2ae24e8 - - default default] 10.0.0.123 "GET /v2.0/security-groups?id=19c56461-9ed4-4895-93be-64390e08e037&id=35113803-d6e4-4b7d-9884-bee374525c31&fields=id&fields=name HTTP/1.1" status: 200 len: 404 time: 0.0482297
2026-05-11 12:01:22.762 10 INFO neutron.api.wsgi [req-c584b4b1-fdb6-499b-871e-b6c1e87ba68f req-9ad6dfbb-5a7e-4488-8ac6-aae3632519db 38d510e7a3fd4a80907efb70012546ca c38a8d7371ab450cbb258205ee89a7fd - - e4896e14d21a4d678fd41e97fb08e427 e4896e14d21a4d678fd41e97fb08e427] 199.204.45.72 "GET /v2.0/networks?shared=True HTTP/1.1" status: 200 len: 952 time: 0.0614705
2026-05-11 12:01:22.959 10 INFO neutron.api.wsgi [None req-629963c1-4432-4a5e-9611-b622f9de8e56 9e0e9819c2c840eba88c673db2b67ed9 9b3b580d7cb440f09810ef626714a188 - - default default] 10.0.0.95 "POST /v2.0/floatingips HTTP/1.1" status: 201 len: 751 time: 0.6777539
2026-05-11 12:01:22.973 10 WARNING neutron_lib.context [None req-ccf2f777-03c7-4a5c-af2a-8de12fa26d7e 9e0e9819c2c840eba88c673db2b67ed9 9b3b580d7cb440f09810ef626714a188 - - default default] Method 'is_advsvc' is deprecated since 2023.2 release (neutron-lib 3.8.0) and will be removed once support for the old RBAC API policies will be removed from Neutron. Please use method 'is_service_role' instead.
2026-05-11 12:01:23.176 10 WARNING neutron.scheduler.dhcp_agent_scheduler [None req-ccf2f777-03c7-4a5c-af2a-8de12fa26d7e 9e0e9819c2c840eba88c673db2b67ed9 9b3b580d7cb440f09810ef626714a188 - - default default] No more DHCP agents
2026-05-11 12:01:23.178 10 WARNING neutron.api.rpc.agentnotifiers.dhcp_rpc_agent_api [None req-ccf2f777-03c7-4a5c-af2a-8de12fa26d7e 9e0e9819c2c840eba88c673db2b67ed9 9b3b580d7cb440f09810ef626714a188 - - default default] Unable to schedule network 0d717159-7539-4bff-a424-916c146de2d1: no agents available; will retry on subsequent port and subnet creation events.
2026-05-11 12:01:23.457 10 INFO neutron.api.wsgi [None req-ccf2f777-03c7-4a5c-af2a-8de12fa26d7e 9e0e9819c2c840eba88c673db2b67ed9 9b3b580d7cb440f09810ef626714a188 - - default default] 10.0.0.95 "POST /v2.0/floatingips HTTP/1.1" status: 201 len: 751 time: 0.4896562
2026-05-11 12:01:23.466 10 WARNING neutron_lib.context [None req-8e435fb9-03b7-48ce-bad6-109ec757ad39 9e0e9819c2c840eba88c673db2b67ed9 9b3b580d7cb440f09810ef626714a188 - - default default] Method 'is_advsvc' is deprecated since 2023.2 release (neutron-lib 3.8.0) and will be removed once support for the old RBAC API policies will be removed from Neutron. Please use method 'is_service_role' instead.
2026-05-11 12:01:23.690 10 WARNING neutron.scheduler.dhcp_agent_scheduler [None req-8e435fb9-03b7-48ce-bad6-109ec757ad39 9e0e9819c2c840eba88c673db2b67ed9 9b3b580d7cb440f09810ef626714a188 - - default default] No more DHCP agents
2026-05-11 12:01:23.692 10 WARNING neutron.api.rpc.agentnotifiers.dhcp_rpc_agent_api [None req-8e435fb9-03b7-48ce-bad6-109ec757ad39 9e0e9819c2c840eba88c673db2b67ed9 9b3b580d7cb440f09810ef626714a188 - - default default] Unable to schedule network 0d717159-7539-4bff-a424-916c146de2d1: no agents available; will retry on subsequent port and subnet creation events.
2026-05-11 12:01:23.832 10 INFO neutron.api.wsgi [req-6486014d-89ca-492d-b994-4d78b3018986 req-1cdb8726-3865-4d2f-865a-3c62cf4a596e 38d510e7a3fd4a80907efb70012546ca c38a8d7371ab450cbb258205ee89a7fd - - e4896e14d21a4d678fd41e97fb08e427 e4896e14d21a4d678fd41e97fb08e427] 199.204.45.72 "GET /v2.0/ports?tenant_id=a22138fe6f3d40bebb66d8e3b2ae24e8&device_id=23f704b1-9f99-4012-a416-aaf910e63809 HTTP/1.1" status: 200 len: 1446 time: 0.0548470
2026-05-11 12:01:23.874 10 INFO neutron.api.wsgi [req-6486014d-89ca-492d-b994-4d78b3018986 req-111c306d-a096-4fe1-9cb5-0e9ec0200b80 38d510e7a3fd4a80907efb70012546ca c38a8d7371ab450cbb258205ee89a7fd - - e4896e14d21a4d678fd41e97fb08e427 e4896e14d21a4d678fd41e97fb08e427] 199.204.45.72 "GET /v2.0/floatingips?fixed_ip_address=10.100.0.9&port_id=0cc2aee7-c63c-4229-b35a-46ea8a276056 HTTP/1.1" status: 200 len: 217 time: 0.0326376
2026-05-11 12:01:23.884 9 INFO neutron.api.wsgi [req-a934709b-6a4d-4f5a-b308-ffa8ce79b0c8 req-730696a1-efbc-43a4-bdf7-0ab41c66dd27 2c6f8d058d4244dbaecdd0d378a1f26a a22138fe6f3d40bebb66d8e3b2ae24e8 - - default default] 10.0.0.123 "GET /v2.0/ports?device_id=23f704b1-9f99-4012-a416-aaf910e63809 HTTP/1.1" status: 200 len: 1208 time: 0.0691016
2026-05-11 12:01:23.907 10 INFO neutron.api.wsgi [req-6486014d-89ca-492d-b994-4d78b3018986 req-523512bc-54ac-43be-9910-45e54e17184e 38d510e7a3fd4a80907efb70012546ca c38a8d7371ab450cbb258205ee89a7fd - - e4896e14d21a4d678fd41e97fb08e427 e4896e14d21a4d678fd41e97fb08e427] 199.204.45.72 "GET /v2.0/subnets?id=0f5bdfd1-d45d-4141-9474-1ccb20dd556e HTTP/1.1" status: 200 len: 890 time: 0.0275068
2026-05-11 12:01:23.924 9 INFO neutron.api.wsgi [req-a934709b-6a4d-4f5a-b308-ffa8ce79b0c8 req-9bf7dda5-ba61-4101-ae4a-1bfe57cbb871 2c6f8d058d4244dbaecdd0d378a1f26a a22138fe6f3d40bebb66d8e3b2ae24e8 - - default default] 10.0.0.123 "GET /v2.0/security-groups?id=19c56461-9ed4-4895-93be-64390e08e037&id=35113803-d6e4-4b7d-9884-bee374525c31&fields=id&fields=name HTTP/1.1" status: 200 len: 404 time: 0.0334785
2026-05-11 12:01:23.928 10 INFO neutron.api.wsgi [req-6486014d-89ca-492d-b994-4d78b3018986 req-a3f4d2ec-b747-4d66-b0f3-79876828f638 38d510e7a3fd4a80907efb70012546ca c38a8d7371ab450cbb258205ee89a7fd - - e4896e14d21a4d678fd41e97fb08e427 e4896e14d21a4d678fd41e97fb08e427] 199.204.45.72 "GET /v2.0/ports?network_id=f3a85c2d-43e2-431f-9582-26a830de1929&device_owner=network%3Adhcp HTTP/1.1" status: 200 len: 210 time: 0.0153015
2026-05-11 12:01:23.990 10 INFO neutron.api.wsgi [req-6486014d-89ca-492d-b994-4d78b3018986 req-564cd35e-84a2-4f83-bb74-58178a690099 38d510e7a3fd4a80907efb70012546ca c38a8d7371ab450cbb258205ee89a7fd - - e4896e14d21a4d678fd41e97fb08e427 e4896e14d21a4d678fd41e97fb08e427] 199.204.45.72 "GET /v2.0/networks/f3a85c2d-43e2-431f-9582-26a830de1929?fields=segments HTTP/1.1" status: 200 len: 212 time: 0.0559280
2026-05-11 12:01:24.054 10 INFO neutron.api.wsgi [req-6486014d-89ca-492d-b994-4d78b3018986 req-a8e2cab0-7f3f-40b9-8e23-d076badb95be 38d510e7a3fd4a80907efb70012546ca c38a8d7371ab450cbb258205ee89a7fd - - e4896e14d21a4d678fd41e97fb08e427 e4896e14d21a4d678fd41e97fb08e427] 199.204.45.72 "GET /v2.0/networks/f3a85c2d-43e2-431f-9582-26a830de1929?fields=provider%3Aphysical_network&fields=provider%3Anetwork_type HTTP/1.1" status: 200 len: 277 time: 0.0542929
2026-05-11 12:01:24.065 10 INFO neutron.api.wsgi [None req-8e435fb9-03b7-48ce-bad6-109ec757ad39 9e0e9819c2c840eba88c673db2b67ed9 9b3b580d7cb440f09810ef626714a188 - - default default] 10.0.0.95 "POST /v2.0/floatingips HTTP/1.1" status: 201 len: 751 time: 0.6028516
2026-05-11 12:01:24.074 10 WARNING neutron_lib.context [None req-52a63b0e-00cb-4c53-8fda-23f5e3ce6d65 9e0e9819c2c840eba88c673db2b67ed9 9b3b580d7cb440f09810ef626714a188 - - default default] Method 'is_advsvc' is deprecated since 2023.2 release (neutron-lib 3.8.0) and will be removed once support for the old RBAC API policies will be removed from Neutron. Please use method 'is_service_role' instead.
2026-05-11 12:01:24.314 10 WARNING neutron.scheduler.dhcp_agent_scheduler [None req-52a63b0e-00cb-4c53-8fda-23f5e3ce6d65 9e0e9819c2c840eba88c673db2b67ed9 9b3b580d7cb440f09810ef626714a188 - - default default] No more DHCP agents
2026-05-11 12:01:24.315 10 WARNING neutron.api.rpc.agentnotifiers.dhcp_rpc_agent_api [None req-52a63b0e-00cb-4c53-8fda-23f5e3ce6d65 9e0e9819c2c840eba88c673db2b67ed9 9b3b580d7cb440f09810ef626714a188 - - default default] Unable to schedule network 0d717159-7539-4bff-a424-916c146de2d1: no agents available; will retry on subsequent port and subnet creation events.
2026-05-11 12:01:24.608 10 INFO neutron.api.wsgi [None req-52a63b0e-00cb-4c53-8fda-23f5e3ce6d65 9e0e9819c2c840eba88c673db2b67ed9 9b3b580d7cb440f09810ef626714a188 - - default default] 10.0.0.95 "POST /v2.0/floatingips HTTP/1.1" status: 201 len: 751 time: 0.5385375
2026-05-11 12:01:24.622 10 WARNING neutron_lib.context [None req-8ad91446-c48d-45ae-9abf-19a71f99c158 9e0e9819c2c840eba88c673db2b67ed9 9b3b580d7cb440f09810ef626714a188 - - default default] Method 'is_advsvc' is deprecated since 2023.2 release (neutron-lib 3.8.0) and will be removed once support for the old RBAC API policies will be removed from Neutron. Please use method 'is_service_role' instead.
2026-05-11 12:01:24.780 10 INFO neutron.api.wsgi [req-75e20a47-eae3-4b16-b666-9a194b63d4a2 req-6d7a326d-5b55-49b5-9905-682163e58afd fda9053179a748098767f9053fa3ed4e 0df4307d1f414f81a2fb381ca615e723 - - default default] 10.0.0.123 "GET /v2.0/ports?device_id=5da9b96c-456d-4a8a-af1d-4efb0836077a HTTP/1.1" status: 200 len: 1394 time: 0.0864179
2026-05-11 12:01:25.016 9 INFO neutron.api.wsgi [req-872d5713-42a5-414b-8b4b-b2a940678dec req-10e69297-41f3-4162-bb5f-543d88682091 2c6f8d058d4244dbaecdd0d378a1f26a a22138fe6f3d40bebb66d8e3b2ae24e8 - - default default] 10.0.0.123 "GET /v2.0/ports?device_id=23f704b1-9f99-4012-a416-aaf910e63809 HTTP/1.1" status: 200 len: 1208 time: 0.0318694
2026-05-11 12:01:25.053 9 INFO neutron.api.wsgi [req-872d5713-42a5-414b-8b4b-b2a940678dec req-5f459a80-c7dd-416c-8fd5-64018742661f 2c6f8d058d4244dbaecdd0d378a1f26a a22138fe6f3d40bebb66d8e3b2ae24e8 - - default default] 10.0.0.123 "GET /v2.0/security-groups?id=19c56461-9ed4-4895-93be-64390e08e037&id=35113803-d6e4-4b7d-9884-bee374525c31&fields=id&fields=name HTTP/1.1" status: 200 len: 404 time: 0.0320613
2026-05-11 12:01:25.385 10 INFO neutron.api.wsgi [req-75e20a47-eae3-4b16-b666-9a194b63d4a2 req-1565ac6d-c042-496d-bdcc-af788fba8739 fda9053179a748098767f9053fa3ed4e 0df4307d1f414f81a2fb381ca615e723 - - default default] 10.0.0.123 "GET /v2.0/security-groups?id=a0fc8274-7e1f-4b66-9b36-ff7a9edced52&fields=id&fields=name HTTP/1.1" status: 200 len: 310 time: 0.5979350
2026-05-11 12:01:25.418 10 WARNING neutron.scheduler.dhcp_agent_scheduler [None req-8ad91446-c48d-45ae-9abf-19a71f99c158 9e0e9819c2c840eba88c673db2b67ed9 9b3b580d7cb440f09810ef626714a188 - - default default] No more DHCP agents
2026-05-11 12:01:25.420 10 WARNING neutron.api.rpc.agentnotifiers.dhcp_rpc_agent_api [None req-8ad91446-c48d-45ae-9abf-19a71f99c158 9e0e9819c2c840eba88c673db2b67ed9 9b3b580d7cb440f09810ef626714a188 - - default default] Unable to schedule network 0d717159-7539-4bff-a424-916c146de2d1: no agents available; will retry on subsequent port and subnet creation events.
2026-05-11 12:01:25.471 10 WARNING neutron.plugins.ml2.drivers.ovn.mech_driver.ovsdb.ovn_client [None req-4fa2240e-b645-4bbd-aff1-c7a1ca9e4ddc - - - - - -] No hosting information found for port 8b42d697-630d-49e2-a919-c92e4b36df59: RuntimeError: No hosting information found for port 8b42d697-630d-49e2-a919-c92e4b36df59
2026-05-11 12:01:25.555 10 INFO neutron.db.ovn_revision_numbers_db [None req-4fa2240e-b645-4bbd-aff1-c7a1ca9e4ddc - - - - - -] Successfully bumped revision number for resource 8b42d697-630d-49e2-a919-c92e4b36df59 (type: router_ports) to 2
2026-05-11 12:01:25.678 10 INFO neutron.plugins.ml2.drivers.ovn.mech_driver.mech_driver [None req-4fa2240e-b645-4bbd-aff1-c7a1ca9e4ddc - - - - - -] OVN reports status up for port: 3b5d6c25-5624-49eb-b7a5-83ee89de6af5
2026-05-11 12:01:25.691 10 INFO neutron.plugins.ml2.plugin [None req-4fa2240e-b645-4bbd-aff1-c7a1ca9e4ddc - - - - - -] Attempt 1 to provision port 3b5d6c25-5624-49eb-b7a5-83ee89de6af5
2026-05-11 12:01:25.784 10 INFO neutron.api.wsgi [None req-8ad91446-c48d-45ae-9abf-19a71f99c158 9e0e9819c2c840eba88c673db2b67ed9 9b3b580d7cb440f09810ef626714a188 - - default default] 10.0.0.95 "POST /v2.0/floatingips HTTP/1.1" status: 201 len: 751 time: 1.1694267
2026-05-11 12:01:25.795 10 INFO neutron.notifiers.nova [-] Nova event matching ['req-e6776c2e-683e-4330-98c9-775e4e927a07'] response: {'server_uuid': '5da9b96c-456d-4a8a-af1d-4efb0836077a', 'name': 'network-vif-plugged', 'status': 'completed', 'tag': '3b5d6c25-5624-49eb-b7a5-83ee89de6af5', 'code': 200}
2026-05-11 12:01:25.837 9 INFO neutron.api.wsgi [None req-7b65e281-96af-4b4f-b0cc-c62ac2d9a241 9e0e9819c2c840eba88c673db2b67ed9 9b3b580d7cb440f09810ef626714a188 - - default default] 10.0.0.95 "PUT /v2.0/floatingips/cd01f419-11d5-4c47-a728-9818bd0cac22/tags HTTP/1.1" status: 200 len: 210 time: 0.0474961
2026-05-11 12:01:25.872 9 INFO neutron.api.wsgi [None req-8c95a074-8a64-4915-8e52-ef64da4e3de6 9e0e9819c2c840eba88c673db2b67ed9 9b3b580d7cb440f09810ef626714a188 - - default default] 10.0.0.95 "PUT /v2.0/floatingips/c0f313b6-b790-4e6d-b9ef-de1954353a7d/tags HTTP/1.1" status: 200 len: 218 time: 0.0309763
2026-05-11 12:01:25.905 9 INFO neutron.api.wsgi [None req-25628513-1bef-467f-bef5-ce5fc3cad679 9e0e9819c2c840eba88c673db2b67ed9 9b3b580d7cb440f09810ef626714a188 - - default default] 10.0.0.95 "PUT /v2.0/floatingips/1c65238e-b7f5-47fe-81e9-8d839066aa78/tags HTTP/1.1" status: 200 len: 227 time: 0.0286176
2026-05-11 12:01:25.914 10 INFO neutron.db.ovn_revision_numbers_db [None req-4fa2240e-b645-4bbd-aff1-c7a1ca9e4ddc - - - - - -] Successfully bumped revision number for resource 3b5d6c25-5624-49eb-b7a5-83ee89de6af5 (type: ports) to 5
2026-05-11 12:01:25.936 9 INFO neutron.api.wsgi [None req-8fc54d8a-cef5-4d5e-b35f-edbdc6ba65f6 9e0e9819c2c840eba88c673db2b67ed9 9b3b580d7cb440f09810ef626714a188 - - default default] 10.0.0.95 "PUT /v2.0/floatingips/dc4c3110-c4bc-49ba-a860-97f04895805d/tags HTTP/1.1" status: 200 len: 212 time: 0.0259690
2026-05-11 12:01:25.985 9 INFO neutron.api.wsgi [None req-6ac57777-2ec3-44cb-b3e2-3ac53941870f 9e0e9819c2c840eba88c673db2b67ed9 9b3b580d7cb440f09810ef626714a188 - - default default] 10.0.0.95 "GET /v2.0/floatingips?tags=red HTTP/1.1" status: 200 len: 1866 time: 0.0408282
2026-05-11 12:01:26.026 9 INFO neutron.api.wsgi [None req-6c406a8e-dbe2-4533-976d-d9c85ec54f5f 9e0e9819c2c840eba88c673db2b67ed9 9b3b580d7cb440f09810ef626714a188 - - default default] 10.0.0.95 "GET /v2.0/floatingips?tags=red%2Cblue HTTP/1.1" status: 200 len: 1323 time: 0.0361683
2026-05-11 12:01:26.070 9 INFO neutron.api.wsgi [None req-049f0e01-07fa-4ff4-8876-69c86b2b0e6d 9e0e9819c2c840eba88c673db2b67ed9 9b3b580d7cb440f09810ef626714a188 - - default default] 10.0.0.95 "GET /v2.0/floatingips?tags-any=blue HTTP/1.1" status: 200 len: 1323 time: 0.0394874
2026-05-11 12:01:26.108 9 INFO neutron.api.wsgi [None req-27c49566-faae-4193-8626-7c1672883782 9e0e9819c2c840eba88c673db2b67ed9 9b3b580d7cb440f09810ef626714a188 - - default default] 10.0.0.95 "GET /v2.0/floatingips?tags-any=red%2Cblue HTTP/1.1" status: 200 len: 1866 time: 0.0331006 /var/lib/openstack/lib/python3.12/site-packages/pycadf/identifier.py:71: UserWarning: Invalid uuid: neutron. To ensure interoperability, identifiers should be a valid uuid. warnings.warn(('Invalid uuid: %s. To ensure interoperability, '
2026-05-11 12:01:26.149 9 INFO neutron.api.wsgi [None req-1dca9a52-8fdb-4836-bfa7-e8ebf9ca1f56 9e0e9819c2c840eba88c673db2b67ed9 9b3b580d7cb440f09810ef626714a188 - - default default] 10.0.0.95 "GET /v2.0/floatingips?not-tags=red HTTP/1.1" status: 200 len: 1295 time: 0.0353842
2026-05-11 12:01:26.175 10 INFO neutron.api.wsgi [req-b2bd2f52-46e0-45b6-bbe9-87b4c0161666 req-d5d402c5-3713-43e4-90c3-52ace31b516d 2c6f8d058d4244dbaecdd0d378a1f26a a22138fe6f3d40bebb66d8e3b2ae24e8 - - default default] 10.0.0.123 "GET /v2.0/ports?device_id=23f704b1-9f99-4012-a416-aaf910e63809 HTTP/1.1" status: 200 len: 1208 time: 0.0481780
2026-05-11 12:01:26.206 9 INFO neutron.api.wsgi [None req-e149d82c-8670-40b1-ac57-254bfb5c5aa3 9e0e9819c2c840eba88c673db2b67ed9 9b3b580d7cb440f09810ef626714a188 - - default default] 10.0.0.95 "GET /v2.0/floatingips?not-tags=red%2Cblue HTTP/1.1" status: 200 len: 1838 time: 0.0513577
2026-05-11 12:01:26.218 10 INFO neutron.api.wsgi [req-b2bd2f52-46e0-45b6-bbe9-87b4c0161666 req-4231a4e4-3e98-46b0-a409-b2e293518497 2c6f8d058d4244dbaecdd0d378a1f26a a22138fe6f3d40bebb66d8e3b2ae24e8 - - default default] 10.0.0.123 "GET /v2.0/security-groups?id=19c56461-9ed4-4895-93be-64390e08e037&id=35113803-d6e4-4b7d-9884-bee374525c31&fields=id&fields=name HTTP/1.1" status: 200 len: 404 time: 0.0348659
2026-05-11 12:01:26.250 9 INFO neutron.api.wsgi [None req-1fc8c103-a089-4eea-a733-494714ff46ef 9e0e9819c2c840eba88c673db2b67ed9 9b3b580d7cb440f09810ef626714a188 - - default default] 10.0.0.95 "GET /v2.0/floatingips?not-tags-any=blue HTTP/1.1" status: 200 len: 1838 time: 0.0385330
2026-05-11 12:01:26.278 9 INFO neutron.api.wsgi [None req-71f80c83-a0e9-49ab-b024-2f50eafb387c 9e0e9819c2c840eba88c673db2b67ed9 9b3b580d7cb440f09810ef626714a188 - - default default] 10.0.0.95 "GET /v2.0/floatingips?not-tags-any=red%2Cblue HTTP/1.1" status: 200 len: 1295 time: 0.0225482
2026-05-11 12:01:26.529 9 INFO neutron.api.wsgi [None req-49e7f799-2c6b-4b64-b6e9-05dd53c809c9 9e0e9819c2c840eba88c673db2b67ed9 9b3b580d7cb440f09810ef626714a188 - - default default] 10.0.0.95 "DELETE /v2.0/floatingips/cd01f419-11d5-4c47-a728-9818bd0cac22 HTTP/1.1" status: 204 len: 168 time: 0.2429845
2026-05-11 12:01:26.679 10 INFO neutron.api.wsgi [req-1a85d535-26f7-48cd-9f36-9fafc1353e91 req-19ca931e-ff10-4e65-ba9f-dc611ee48245 38d510e7a3fd4a80907efb70012546ca c38a8d7371ab450cbb258205ee89a7fd - - e4896e14d21a4d678fd41e97fb08e427 e4896e14d21a4d678fd41e97fb08e427] 199.204.45.72 "GET /v2.0/ports?device_id=23f704b1-9f99-4012-a416-aaf910e63809 HTTP/1.1" status: 200 len: 1446 time: 0.0353189
2026-05-11 12:01:26.721 10 INFO neutron.api.wsgi [req-1a85d535-26f7-48cd-9f36-9fafc1353e91 req-9200eda2-f480-4d71-a74a-3b52c135dd29 38d510e7a3fd4a80907efb70012546ca c38a8d7371ab450cbb258205ee89a7fd - - e4896e14d21a4d678fd41e97fb08e427 e4896e14d21a4d678fd41e97fb08e427] 199.204.45.72 "GET /v2.0/security-groups?id=35113803-d6e4-4b7d-9884-bee374525c31&id=19c56461-9ed4-4895-93be-64390e08e037&fields=id&fields=name HTTP/1.1" status: 200 len: 404 time: 0.0364709
2026-05-11 12:01:26.788 9 INFO neutron.api.wsgi [None req-aca418ae-7599-45fe-8fa7-454f1373a38e 9e0e9819c2c840eba88c673db2b67ed9 9b3b580d7cb440f09810ef626714a188 - - default default] 10.0.0.95 "DELETE /v2.0/floatingips/c0f313b6-b790-4e6d-b9ef-de1954353a7d HTTP/1.1" status: 204 len: 168 time: 0.2538092
2026-05-11 12:01:26.825 10 INFO neutron.plugins.ml2.drivers.ovn.mech_driver.mech_driver [None req-08229871-1977-4e32-97d9-7e751e313956 - - - - - -] OVN reports status up for port: 0cc2aee7-c63c-4229-b35a-46ea8a276056
2026-05-11 12:01:26.841 10 INFO neutron.plugins.ml2.plugin [None req-08229871-1977-4e32-97d9-7e751e313956 - - - - - -] Attempt 1 to provision port 0cc2aee7-c63c-4229-b35a-46ea8a276056
2026-05-11 12:01:27.100 10 INFO neutron.db.ovn_revision_numbers_db [None req-08229871-1977-4e32-97d9-7e751e313956 - - - - - -] Successfully bumped revision number for resource 0cc2aee7-c63c-4229-b35a-46ea8a276056 (type: ports) to 5
2026-05-11 12:01:27.126 9 INFO neutron.api.wsgi [None req-7dd9d2ba-15b8-449a-8740-99f2a3c99d7d 9e0e9819c2c840eba88c673db2b67ed9 9b3b580d7cb440f09810ef626714a188 - - default default] 10.0.0.95 "DELETE /v2.0/floatingips/1c65238e-b7f5-47fe-81e9-8d839066aa78 HTTP/1.1" status: 204 len: 168 time: 0.3309054
2026-05-11 12:01:27.338 9 INFO neutron.api.wsgi [req-6666f536-3751-4548-b2c5-093b1dbca052 req-1c4042b5-8ae3-489e-88e1-6797ee32120a 2c6f8d058d4244dbaecdd0d378a1f26a a22138fe6f3d40bebb66d8e3b2ae24e8 - - default default] 10.0.0.123 "GET /v2.0/ports?device_id=23f704b1-9f99-4012-a416-aaf910e63809 HTTP/1.1" status: 200 len: 1210 time: 0.0333722
2026-05-11 12:01:27.390 9 INFO neutron.api.wsgi [req-6666f536-3751-4548-b2c5-093b1dbca052 req-aa9e3bbc-53cd-42a6-a766-b031844bf1c5 2c6f8d058d4244dbaecdd0d378a1f26a a22138fe6f3d40bebb66d8e3b2ae24e8 - - default default] 10.0.0.123 "GET /v2.0/security-groups?id=19c56461-9ed4-4895-93be-64390e08e037&id=35113803-d6e4-4b7d-9884-bee374525c31&fields=id&fields=name HTTP/1.1" status: 200 len: 404 time: 0.0461164
2026-05-11 12:01:27.462 9 INFO neutron.api.wsgi [None req-f565bd8b-484f-4220-9b3f-6eaa1bce716f 9e0e9819c2c840eba88c673db2b67ed9 9b3b580d7cb440f09810ef626714a188 - - default default] 10.0.0.95 "DELETE /v2.0/floatingips/dc4c3110-c4bc-49ba-a860-97f04895805d HTTP/1.1" status: 204 len: 168 time: 0.3313420
2026-05-11 12:01:27.783 9 INFO neutron.api.wsgi [None req-1e10f98e-540b-4a7d-85ca-dff40344305d 9e0e9819c2c840eba88c673db2b67ed9 9b3b580d7cb440f09810ef626714a188 - - default default] 10.0.0.95 "DELETE /v2.0/floatingips/0f81e28b-3e98-4c9d-b254-6c314e8f613e HTTP/1.1" status: 204 len: 168 time: 0.3168035
2026-05-11 12:01:27.841 10 INFO neutron.notifiers.nova [-] Nova event matching ['req-db592cd0-50a4-4c47-86a0-2840976b60de'] response: {'server_uuid': '5da9b96c-456d-4a8a-af1d-4efb0836077a', 'name': 'network-vif-plugged', 'status': 'completed', 'tag': '3b5d6c25-5624-49eb-b7a5-83ee89de6af5', 'code': 200}
2026-05-11 12:01:27.842 10 INFO neutron.notifiers.nova [-] Nova event matching ['req-db592cd0-50a4-4c47-86a0-2840976b60de'] response: {'server_uuid': '23f704b1-9f99-4012-a416-aaf910e63809', 'name': 'network-vif-plugged', 'status': 'completed', 'tag': '0cc2aee7-c63c-4229-b35a-46ea8a276056', 'code': 200}
2026-05-11 12:01:27.842 10 INFO neutron.notifiers.nova [-] Nova event matching ['req-db592cd0-50a4-4c47-86a0-2840976b60de'] response: {'server_uuid': '23f704b1-9f99-4012-a416-aaf910e63809', 'name': 'network-vif-plugged', 'status': 'completed', 'tag': '0cc2aee7-c63c-4229-b35a-46ea8a276056', 'code': 200}
2026-05-11 12:01:28.489 9 INFO neutron.api.wsgi [req-5d044c7c-8a8a-4865-8e0a-3eb4b7c4831b req-a904d6c9-0389-4b09-914b-c6aeb8fc871d 2c6f8d058d4244dbaecdd0d378a1f26a a22138fe6f3d40bebb66d8e3b2ae24e8 - - default default] 10.0.0.123 "GET /v2.0/ports?device_id=23f704b1-9f99-4012-a416-aaf910e63809 HTTP/1.1" status: 200 len: 1210 time: 0.0390623
2026-05-11 12:01:28.523 9 INFO neutron.api.wsgi [req-5d044c7c-8a8a-4865-8e0a-3eb4b7c4831b req-ffb01ae0-40b3-48a2-ad73-39513ef16f6b 2c6f8d058d4244dbaecdd0d378a1f26a a22138fe6f3d40bebb66d8e3b2ae24e8 - - default default] 10.0.0.123 "GET /v2.0/security-groups?id=19c56461-9ed4-4895-93be-64390e08e037&id=35113803-d6e4-4b7d-9884-bee374525c31&fields=id&fields=name HTTP/1.1" status: 200 len: 404 time: 0.0297647
2026-05-11 12:01:28.856 9 INFO neutron.db.ovn_revision_numbers_db [None req-4ea3b4bf-b0e1-4cf5-9e4e-154e11fb4902 21f213de4a904c03bf20b2f226e2c45a 1c5074aad43e4f538ffabfc416f3d63b - - default default] Successfully bumped revision number for resource f469c10b-2e7f-42bf-8f5d-4754dca59c76 (type: security_groups) to 1
2026-05-11 12:01:28.866 9 INFO neutron.db.ovn_revision_numbers_db [None req-4ea3b4bf-b0e1-4cf5-9e4e-154e11fb4902 21f213de4a904c03bf20b2f226e2c45a 1c5074aad43e4f538ffabfc416f3d63b - - default default] Successfully bumped revision number for resource 27a88c9b-7a97-451c-85c6-e94e77fa86bc (type: security_group_rules) to 0
2026-05-11 12:01:28.881 9 INFO neutron.db.ovn_revision_numbers_db [None req-4ea3b4bf-b0e1-4cf5-9e4e-154e11fb4902 21f213de4a904c03bf20b2f226e2c45a 1c5074aad43e4f538ffabfc416f3d63b - - default default] Successfully bumped revision number for resource 52ec55f6-fe2c-47ac-98d9-67a0548b7b9e (type: security_group_rules) to 0
2026-05-11 12:01:28.895 9 INFO neutron.db.ovn_revision_numbers_db [None req-4ea3b4bf-b0e1-4cf5-9e4e-154e11fb4902 21f213de4a904c03bf20b2f226e2c45a 1c5074aad43e4f538ffabfc416f3d63b - - default default] Successfully bumped revision number for resource 8a7f26e7-c21e-40f5-9c4d-615a8aae4ae7 (type: security_group_rules) to 0
2026-05-11 12:01:28.907 9 INFO neutron.db.ovn_revision_numbers_db [None req-4ea3b4bf-b0e1-4cf5-9e4e-154e11fb4902 21f213de4a904c03bf20b2f226e2c45a 1c5074aad43e4f538ffabfc416f3d63b - - default default] Successfully bumped revision number for resource d7de7ac2-e0b6-47c1-acf0-0f9705675ae8 (type: security_group_rules) to 0
2026-05-11 12:01:28.943 9 INFO neutron.api.wsgi [None req-4ea3b4bf-b0e1-4cf5-9e4e-154e11fb4902 21f213de4a904c03bf20b2f226e2c45a 1c5074aad43e4f538ffabfc416f3d63b - - default default] 10.0.0.95 "GET /v2.0/security-groups?tenant_id=58e51049545d4bb2a27d4442da41c55b&name=default HTTP/1.1" status: 200 len: 3124 time: 0.3642292 /var/lib/openstack/lib/python3.12/site-packages/pycadf/identifier.py:71: UserWarning: Invalid uuid: neutron. To ensure interoperability, identifiers should be a valid uuid. warnings.warn(('Invalid uuid: %s. To ensure interoperability, '
2026-05-11 12:01:29.205 10 INFO neutron.api.wsgi [None req-84008c81-6528-455d-9ca6-c4ed6191e5af 21f213de4a904c03bf20b2f226e2c45a 1c5074aad43e4f538ffabfc416f3d63b - - default default] 10.0.0.95 "DELETE /v2.0/security-groups/f469c10b-2e7f-42bf-8f5d-4754dca59c76 HTTP/1.1" status: 204 len: 168 time: 0.2559381
2026-05-11 12:01:29.426 9 INFO neutron.db.ovn_revision_numbers_db [None req-ef25c1e5-427e-40a6-998c-bf75ce0f6203 21f213de4a904c03bf20b2f226e2c45a 1c5074aad43e4f538ffabfc416f3d63b - - default default] Successfully bumped revision number for resource 8e78434b-1346-4b95-9c8f-1dadaef33dcc (type: security_groups) to 1
2026-05-11 12:01:29.437 9 INFO neutron.db.ovn_revision_numbers_db [None req-ef25c1e5-427e-40a6-998c-bf75ce0f6203 21f213de4a904c03bf20b2f226e2c45a 1c5074aad43e4f538ffabfc416f3d63b - - default default] Successfully bumped revision number for resource 0058b82e-01b5-4805-9a70-3a80f5c6d159 (type: security_group_rules) to 0
2026-05-11 12:01:29.453 9 INFO neutron.db.ovn_revision_numbers_db [None req-ef25c1e5-427e-40a6-998c-bf75ce0f6203 21f213de4a904c03bf20b2f226e2c45a 1c5074aad43e4f538ffabfc416f3d63b - - default default] Successfully bumped revision number for resource 005cbb7a-de5c-4489-b6c3-5df970a11b83 (type: security_group_rules) to 0
2026-05-11 12:01:29.467 9 INFO neutron.db.ovn_revision_numbers_db [None req-ef25c1e5-427e-40a6-998c-bf75ce0f6203 21f213de4a904c03bf20b2f226e2c45a 1c5074aad43e4f538ffabfc416f3d63b - - default default] Successfully bumped revision number for resource 079d3f8d-b5ce-4b1c-8c9d-925996f6cba3 (type: security_group_rules) to 0
2026-05-11 12:01:29.479 9 INFO neutron.db.ovn_revision_numbers_db [None req-ef25c1e5-427e-40a6-998c-bf75ce0f6203 21f213de4a904c03bf20b2f226e2c45a 1c5074aad43e4f538ffabfc416f3d63b - - default default] Successfully bumped revision number for resource 4a805ad9-5a5e-4a1d-8dfc-2ad0e0bcb450 (type: security_group_rules) to 0
2026-05-11 12:01:29.520 9 INFO neutron.api.wsgi [None req-ef25c1e5-427e-40a6-998c-bf75ce0f6203 21f213de4a904c03bf20b2f226e2c45a 1c5074aad43e4f538ffabfc416f3d63b - - default default] 10.0.0.95 "GET /v2.0/security-groups?tenant_id=42bbca5d7e4a4e7ebd15f74a7faf930d&name=default HTTP/1.1" status: 200 len: 3124 time: 0.2132375
2026-05-11 12:01:29.668 10 INFO neutron.api.wsgi [req-aa696c45-a887-4e3e-938b-fbed08c17e02 req-2117b255-7005-45f1-959c-cdfb04e64796 2c6f8d058d4244dbaecdd0d378a1f26a a22138fe6f3d40bebb66d8e3b2ae24e8 - - default default] 10.0.0.123 "GET /v2.0/ports?device_id=23f704b1-9f99-4012-a416-aaf910e63809 HTTP/1.1" status: 200 len: 1210 time: 0.0762527
2026-05-11 12:01:29.705 10 INFO neutron.api.wsgi [req-aa696c45-a887-4e3e-938b-fbed08c17e02 req-177ec971-190e-4707-9049-7e36f68d0b7a 2c6f8d058d4244dbaecdd0d378a1f26a a22138fe6f3d40bebb66d8e3b2ae24e8 - - default default] 10.0.0.123 "GET /v2.0/security-groups?id=19c56461-9ed4-4895-93be-64390e08e037&id=35113803-d6e4-4b7d-9884-bee374525c31&fields=id&fields=name HTTP/1.1" status: 200 len: 404 time: 0.0322700
2026-05-11 12:01:29.747 9 INFO neutron.api.wsgi [None req-cb457942-b451-453a-a824-bc0f5978b3cc 21f213de4a904c03bf20b2f226e2c45a 1c5074aad43e4f538ffabfc416f3d63b - - default default] 10.0.0.95 "DELETE /v2.0/security-groups/8e78434b-1346-4b95-9c8f-1dadaef33dcc HTTP/1.1" status: 204 len: 168 time: 0.2220926
2026-05-11 12:01:29.844 9 INFO neutron.api.wsgi [req-0533d2f0-b3ea-43a7-a289-d4dd33a673c6 req-2480e8df-1347-43d3-be30-4d6d96819d77 2c6f8d058d4244dbaecdd0d378a1f26a a22138fe6f3d40bebb66d8e3b2ae24e8 - - default default] 10.0.0.123 "GET /v2.0/ports?device_id=23f704b1-9f99-4012-a416-aaf910e63809 HTTP/1.1" status: 200 len: 1210 time: 0.0798171
2026-05-11 12:01:30.022 10 INFO neutron.db.ovn_revision_numbers_db [None req-961004d8-635b-4f5d-8e9e-460c9c22e5cd 21f213de4a904c03bf20b2f226e2c45a 1c5074aad43e4f538ffabfc416f3d63b - - default default] Successfully bumped revision number for resource 25ba6503-94b0-4fbc-a557-db43e9c639b9 (type: security_groups) to 1
2026-05-11 12:01:30.034 10 INFO neutron.db.ovn_revision_numbers_db [None req-961004d8-635b-4f5d-8e9e-460c9c22e5cd 21f213de4a904c03bf20b2f226e2c45a 1c5074aad43e4f538ffabfc416f3d63b - - default default] Successfully bumped revision number for resource 2d4dc0a2-0415-43b3-b715-a211c83fc9a3 (type: security_group_rules) to 0
2026-05-11 12:01:30.044 10 INFO neutron.db.ovn_revision_numbers_db [None req-961004d8-635b-4f5d-8e9e-460c9c22e5cd 21f213de4a904c03bf20b2f226e2c45a 1c5074aad43e4f538ffabfc416f3d63b - - default default] Successfully bumped revision number for resource 33fc78b2-634c-4356-bb9b-9216e7a2754b (type: security_group_rules) to 0
2026-05-11 12:01:30.054 10 INFO neutron.db.ovn_revision_numbers_db [None req-961004d8-635b-4f5d-8e9e-460c9c22e5cd 21f213de4a904c03bf20b2f226e2c45a 1c5074aad43e4f538ffabfc416f3d63b - - default default] Successfully bumped revision number for resource 9e241061-c25e-4842-aefb-a8c7338f25c0 (type: security_group_rules) to 0
2026-05-11 12:01:30.066 10 INFO neutron.db.ovn_revision_numbers_db [None req-961004d8-635b-4f5d-8e9e-460c9c22e5cd 21f213de4a904c03bf20b2f226e2c45a 1c5074aad43e4f538ffabfc416f3d63b - - default default] Successfully bumped revision number for resource df7d2947-97ac-465a-8ae7-eddbdfcde55d (type: security_group_rules) to 0
2026-05-11 12:01:30.101 10 INFO neutron.api.wsgi [None req-961004d8-635b-4f5d-8e9e-460c9c22e5cd 21f213de4a904c03bf20b2f226e2c45a 1c5074aad43e4f538ffabfc416f3d63b - - default default] 10.0.0.95 "GET /v2.0/security-groups?tenant_id=9b3b580d7cb440f09810ef626714a188&name=default HTTP/1.1" status: 200 len: 3124 time: 0.1860182
2026-05-11 12:01:30.279 10 INFO neutron.api.wsgi [None req-5d096cf0-16b9-478c-8a84-b4ac76f8285d 21f213de4a904c03bf20b2f226e2c45a 1c5074aad43e4f538ffabfc416f3d63b - - default default] 10.0.0.95 "DELETE /v2.0/security-groups/25ba6503-94b0-4fbc-a557-db43e9c639b9 HTTP/1.1" status: 204 len: 168 time: 0.1739411
2026-05-11 12:01:30.532 10 INFO neutron.api.wsgi [req-3ed49930-b853-4e12-a59c-0199f1be7c74 req-fad9a338-8c70-4e9c-a098-9962ef8242c5 fda9053179a748098767f9053fa3ed4e 0df4307d1f414f81a2fb381ca615e723 - - default default] 10.0.0.123 "GET /v2.0/ports?device_id=5da9b96c-456d-4a8a-af1d-4efb0836077a HTTP/1.1" status: 200 len: 1396 time: 0.0808868
2026-05-11 12:01:30.568 10 INFO neutron.api.wsgi [req-3ed49930-b853-4e12-a59c-0199f1be7c74 req-4ff775db-d82e-419e-b087-e3d1a17d8d6b fda9053179a748098767f9053fa3ed4e 0df4307d1f414f81a2fb381ca615e723 - - default default] 10.0.0.123 "GET /v2.0/security-groups?id=a0fc8274-7e1f-4b66-9b36-ff7a9edced52&fields=id&fields=name HTTP/1.1" status: 200 len: 310 time: 0.0303292
2026-05-11 12:01:30.678 9 INFO neutron.db.ovn_revision_numbers_db [None req-20dd6ad4-b87a-4ac3-98d9-7232187c88d1 2c6f8d058d4244dbaecdd0d378a1f26a a22138fe6f3d40bebb66d8e3b2ae24e8 - - default default] Successfully bumped revision number for resource 4e4c9cfd-afb3-43a5-ba34-a1f6220bd7c8 (type: floatingips) to 1
2026-05-11 12:01:30.717 9 INFO neutron.api.wsgi [None req-0a951331-bcd7-4968-8b14-cb295c086e83 fda9053179a748098767f9053fa3ed4e 0df4307d1f414f81a2fb381ca615e723 - - default default] 10.0.0.95 "GET /v2.0/ports?network_id=027a701f-fd84-42dc-bf18-323683ed0b7d&mac_address=fa%3A16%3A3e%3Ac1%3A00%3A3f HTTP/1.1" status: 200 len: 1391 time: 0.1152287 /var/lib/openstack/lib/python3.12/site-packages/pycadf/identifier.py:71: UserWarning: Invalid uuid: neutron. To ensure interoperability, identifiers should be a valid uuid. warnings.warn(('Invalid uuid: %s. To ensure interoperability, '
2026-05-11 12:01:30.733 10 WARNING neutron_lib.context [None req-e40e3bd0-3137-4f3d-8f4d-13a1271590d1 fda9053179a748098767f9053fa3ed4e 0df4307d1f414f81a2fb381ca615e723 - - default default] Method 'is_advsvc' is deprecated since 2023.2 release (neutron-lib 3.8.0) and will be removed once support for the old RBAC API policies will be removed from Neutron. Please use method 'is_service_role' instead.
2026-05-11 12:01:30.790 9 INFO neutron.db.ovn_revision_numbers_db [None req-20dd6ad4-b87a-4ac3-98d9-7232187c88d1 2c6f8d058d4244dbaecdd0d378a1f26a a22138fe6f3d40bebb66d8e3b2ae24e8 - - default default] Successfully bumped revision number for resource 4e4c9cfd-afb3-43a5-ba34-a1f6220bd7c8 (type: floatingips) to 2
2026-05-11 12:01:30.791 9 INFO neutron.db.l3_db [None req-20dd6ad4-b87a-4ac3-98d9-7232187c88d1 2c6f8d058d4244dbaecdd0d378a1f26a a22138fe6f3d40bebb66d8e3b2ae24e8 - - default default] Floating IP 4e4c9cfd-afb3-43a5-ba34-a1f6220bd7c8 associated. External IP: 10.96.250.207, port: 0cc2aee7-c63c-4229-b35a-46ea8a276056.
2026-05-11 12:01:30.820 9 INFO neutron.api.wsgi [None req-20dd6ad4-b87a-4ac3-98d9-7232187c88d1 2c6f8d058d4244dbaecdd0d378a1f26a a22138fe6f3d40bebb66d8e3b2ae24e8 - - default default] 10.0.0.95 "PUT /v2.0/floatingips/4e4c9cfd-afb3-43a5-ba34-a1f6220bd7c8 HTTP/1.1" status: 200 len: 1049 time: 0.9643912
2026-05-11 12:01:30.861 9 INFO neutron.notifiers.nova [-] Nova event matching ['req-f64f2c47-cec8-4366-bd19-0e7746da314b'] response: {'name': 'network-changed', 'server_uuid': '23f704b1-9f99-4012-a416-aaf910e63809', 'tag': '0cc2aee7-c63c-4229-b35a-46ea8a276056', 'status': 'completed', 'code': 200}
2026-05-11 12:01:30.944 10 WARNING neutron.scheduler.dhcp_agent_scheduler [None req-e40e3bd0-3137-4f3d-8f4d-13a1271590d1 fda9053179a748098767f9053fa3ed4e 0df4307d1f414f81a2fb381ca615e723 - - default default] No more DHCP agents
2026-05-11 12:01:30.946 10 WARNING neutron.api.rpc.agentnotifiers.dhcp_rpc_agent_api [None req-e40e3bd0-3137-4f3d-8f4d-13a1271590d1 fda9053179a748098767f9053fa3ed4e 0df4307d1f414f81a2fb381ca615e723 - - default default] Unable to schedule network 0d717159-7539-4bff-a424-916c146de2d1: no agents available; will retry on subsequent port and subnet creation events.
2026-05-11 12:01:31.410 10 INFO neutron.api.wsgi [req-ad34e0ae-1903-4111-890e-2823c09b8637 req-47e414f0-ab33-470a-8360-020ea19b0e9c 38d510e7a3fd4a80907efb70012546ca c38a8d7371ab450cbb258205ee89a7fd - - e4896e14d21a4d678fd41e97fb08e427 e4896e14d21a4d678fd41e97fb08e427] 199.204.45.72 "GET /v2.0/ports?tenant_id=a22138fe6f3d40bebb66d8e3b2ae24e8&device_id=23f704b1-9f99-4012-a416-aaf910e63809 HTTP/1.1" status: 200 len: 1448 time: 0.0359414
2026-05-11 12:01:31.491 10 INFO neutron.api.wsgi [req-ad34e0ae-1903-4111-890e-2823c09b8637 req-3a85f59f-b16c-42f9-8926-63da12970998 38d510e7a3fd4a80907efb70012546ca c38a8d7371ab450cbb258205ee89a7fd - - e4896e14d21a4d678fd41e97fb08e427 e4896e14d21a4d678fd41e97fb08e427] 199.204.45.72 "GET /v2.0/networks?id=f3a85c2d-43e2-431f-9582-26a830de1929 HTTP/1.1" status: 200 len: 970 time: 0.0749040
2026-05-11 12:01:31.553 10 INFO neutron.api.wsgi [req-ad34e0ae-1903-4111-890e-2823c09b8637 req-0cc3ab98-e3f1-4090-a3e9-cd498feebf46 38d510e7a3fd4a80907efb70012546ca c38a8d7371ab450cbb258205ee89a7fd - - e4896e14d21a4d678fd41e97fb08e427 e4896e14d21a4d678fd41e97fb08e427] 199.204.45.72 "GET /v2.0/floatingips?fixed_ip_address=10.100.0.9&port_id=0cc2aee7-c63c-4229-b35a-46ea8a276056 HTTP/1.1" status: 200 len: 1059 time: 0.0569608
2026-05-11 12:01:31.584 10 INFO neutron.api.wsgi [req-ad34e0ae-1903-4111-890e-2823c09b8637 req-f0d850c6-c0d3-47fb-a70d-7b9563b52bff 38d510e7a3fd4a80907efb70012546ca c38a8d7371ab450cbb258205ee89a7fd - - e4896e14d21a4d678fd41e97fb08e427 e4896e14d21a4d678fd41e97fb08e427] 199.204.45.72 "GET /v2.0/subnets?id=0f5bdfd1-d45d-4141-9474-1ccb20dd556e HTTP/1.1" status: 200 len: 890 time: 0.0239289
2026-05-11 12:01:31.613 10 INFO neutron.api.wsgi [req-ad34e0ae-1903-4111-890e-2823c09b8637 req-aaaca010-262a-4da2-a16b-6452682d6bfc 38d510e7a3fd4a80907efb70012546ca c38a8d7371ab450cbb258205ee89a7fd - - e4896e14d21a4d678fd41e97fb08e427 e4896e14d21a4d678fd41e97fb08e427] 199.204.45.72 "GET /v2.0/ports?network_id=f3a85c2d-43e2-431f-9582-26a830de1929&device_owner=network%3Adhcp HTTP/1.1" status: 200 len: 210 time: 0.0247250
2026-05-11 12:01:31.665 10 INFO neutron.api.wsgi [req-ad34e0ae-1903-4111-890e-2823c09b8637 req-e786d6c9-6687-46a0-8ec4-5b62c1558ca0 38d510e7a3fd4a80907efb70012546ca c38a8d7371ab450cbb258205ee89a7fd - - e4896e14d21a4d678fd41e97fb08e427 e4896e14d21a4d678fd41e97fb08e427] 199.204.45.72 "GET /v2.0/networks/f3a85c2d-43e2-431f-9582-26a830de1929?fields=segments HTTP/1.1" status: 200 len: 212 time: 0.0466020
2026-05-11 12:01:31.726 10 INFO neutron.db.ovn_revision_numbers_db [None req-e40e3bd0-3137-4f3d-8f4d-13a1271590d1 fda9053179a748098767f9053fa3ed4e 0df4307d1f414f81a2fb381ca615e723 - - default default] Successfully bumped revision number for resource 19daf585-3a37-4ed6-b559-d5a7d60a47aa (type: floatingips) to -1
2026-05-11 12:01:31.749 10 INFO neutron.api.wsgi [req-ad34e0ae-1903-4111-890e-2823c09b8637 req-1f3bc603-337d-4d5c-b6eb-0a5eac3c46a7 38d510e7a3fd4a80907efb70012546ca c38a8d7371ab450cbb258205ee89a7fd - - e4896e14d21a4d678fd41e97fb08e427 e4896e14d21a4d678fd41e97fb08e427] 199.204.45.72 "GET /v2.0/networks/f3a85c2d-43e2-431f-9582-26a830de1929?fields=provider%3Aphysical_network&fields=provider%3Anetwork_type HTTP/1.1" status: 200 len: 277 time: 0.0786819
2026-05-11 12:01:31.829 10 INFO neutron.db.ovn_revision_numbers_db [None req-e40e3bd0-3137-4f3d-8f4d-13a1271590d1 fda9053179a748098767f9053fa3ed4e 0df4307d1f414f81a2fb381ca615e723 - - default default] Successfully bumped revision number for resource 19daf585-3a37-4ed6-b559-d5a7d60a47aa (type: floatingips) to 1
2026-05-11 12:01:31.830 10 INFO neutron.db.l3_db [None req-e40e3bd0-3137-4f3d-8f4d-13a1271590d1 fda9053179a748098767f9053fa3ed4e 0df4307d1f414f81a2fb381ca615e723 - - default default] Floating IP 19daf585-3a37-4ed6-b559-d5a7d60a47aa associated. External IP: 10.96.250.219, port: 3b5d6c25-5624-49eb-b7a5-83ee89de6af5.
2026-05-11 12:01:31.867 10 INFO neutron.api.wsgi [None req-e40e3bd0-3137-4f3d-8f4d-13a1271590d1 fda9053179a748098767f9053fa3ed4e 0df4307d1f414f81a2fb381ca615e723 - - default default] 10.0.0.95 "POST /v2.0/floatingips HTTP/1.1" status: 201 len: 1053 time: 1.1443670
2026-05-11 12:01:31.909 10 INFO neutron.notifiers.nova [-] Nova event matching ['req-8bf5f537-6a78-4033-be7b-33b8910d5254'] response: {'name': 'network-changed', 'server_uuid': '5da9b96c-456d-4a8a-af1d-4efb0836077a', 'tag': '3b5d6c25-5624-49eb-b7a5-83ee89de6af5', 'status': 'completed', 'code': 200} /var/lib/openstack/lib/python3.12/site-packages/pycadf/identifier.py:71: UserWarning: Invalid uuid: neutron. To ensure interoperability, identifiers should be a valid uuid. warnings.warn(('Invalid uuid: %s. To ensure interoperability, '
2026-05-11 12:01:32.002 9 INFO neutron.api.wsgi [req-e7f4d5a5-508e-4d75-a839-4ee5ca5c3daa req-6221cb7f-fca3-4802-a41d-02b60fc0f604 fda9053179a748098767f9053fa3ed4e 0df4307d1f414f81a2fb381ca615e723 - - default default] 10.0.0.123 "GET /v2.0/security-groups?name=tempest-lb_member_SG-777287572&fields=id&tenant_id=0df4307d1f414f81a2fb381ca615e723 HTTP/1.1" status: 200 len: 267 time: 0.0488229
2026-05-11 12:01:32.056 9 INFO neutron.api.wsgi [req-e7f4d5a5-508e-4d75-a839-4ee5ca5c3daa req-6901cd7f-43fc-4e7a-abbd-e677adb2aaeb fda9053179a748098767f9053fa3ed4e 0df4307d1f414f81a2fb381ca615e723 - - default default] 10.0.0.123 "GET /v2.0/networks?id=e2ac0343-87c3-4c70-8060-83948b0e1fee HTTP/1.1" status: 200 len: 904 time: 0.0471954
2026-05-11 12:01:32.072 9 INFO neutron.api.wsgi [req-e7f4d5a5-508e-4d75-a839-4ee5ca5c3daa req-adcfb3b0-6a4c-4f54-ae0c-7d96a3d3edc4 fda9053179a748098767f9053fa3ed4e 0df4307d1f414f81a2fb381ca615e723 - - default default] 10.0.0.123 "GET /v2.0/quotas/0df4307d1f414f81a2fb381ca615e723 HTTP/1.1" status: 200 len: 491 time: 0.0098004
2026-05-11 12:01:32.190 9 INFO neutron.api.wsgi [req-e7f4d5a5-508e-4d75-a839-4ee5ca5c3daa req-cd9e8689-ba14-4f18-9000-0f756ee14898 fda9053179a748098767f9053fa3ed4e 0df4307d1f414f81a2fb381ca615e723 - - default default] 10.0.0.123 "GET /v2.0/ports?tenant_id=0df4307d1f414f81a2fb381ca615e723&fields=id HTTP/1.1" status: 200 len: 532 time: 0.1116028
