2026-05-11 11:57:24.937 9 INFO neutron.api.wsgi [None req-591a5718-ccc0-43e3-9c5a-04b7d752197e 809cf25aef014c70a33575d03438502a 4d84f3a64a514c519958f60461837ded - - default default] 10.0.0.95 "POST /v2.0/security-group-rules HTTP/1.1" status: 201 len: 796 time: 0.1745656
2026-05-11 11:57:24.944 9 INFO neutron.db.ovn_revision_numbers_db [req-f8c45e76-8f1e-4314-acf9-2061031191e4 req-94e299db-ec04-4913-b0fa-880b9254cc16 7f2c97a7b57c40d3882275012089ee29 874bbb37564143c2b921352e2590b6c2 - - default default] Successfully bumped revision number for resource 630c069d-2850-4fca-bc1d-d698de72f978 (type: security_group_rules) to 0
2026-05-11 11:57:24.958 9 WARNING neutron_lib.context [None req-2f59f12e-ef8c-419a-be3f-83b0c6d9c587 809cf25aef014c70a33575d03438502a 4d84f3a64a514c519958f60461837ded - - default default] Method 'is_advsvc' is deprecated since 2023.2 release (neutron-lib 3.8.0) and will be removed once support for the old RBAC API policies will be removed from Neutron. Please use method 'is_service_role' instead.
2026-05-11 11:57:24.962 9 INFO neutron.db.ovn_revision_numbers_db [req-f8c45e76-8f1e-4314-acf9-2061031191e4 req-94e299db-ec04-4913-b0fa-880b9254cc16 7f2c97a7b57c40d3882275012089ee29 874bbb37564143c2b921352e2590b6c2 - - default default] Successfully bumped revision number for resource 773f6f1e-7f3e-4aa6-a5aa-2b7eeafa2e00 (type: security_group_rules) to 0
2026-05-11 11:57:24.999 9 INFO neutron.api.wsgi [req-f8c45e76-8f1e-4314-acf9-2061031191e4 req-94e299db-ec04-4913-b0fa-880b9254cc16 7f2c97a7b57c40d3882275012089ee29 874bbb37564143c2b921352e2590b6c2 - - default default] 10.0.0.123 "POST /v2.0/security-groups HTTP/1.1" status: 201 len: 1888 time: 0.2009921
2026-05-11 11:57:25.045 9 INFO neutron.api.wsgi [req-3b344193-760b-4f71-963a-c9f04fdf548a req-4e311457-8105-425e-90a8-819b88f7ba79 7f2c97a7b57c40d3882275012089ee29 874bbb37564143c2b921352e2590b6c2 - - default default] 10.0.0.123 "GET /v2.0/security-groups/46a17e12-2ee6-4d63-86f8-ba1eb7865c05 HTTP/1.1" status: 200 len: 1883 time: 0.0220084
2026-05-11 11:57:25.054 9 WARNING neutron_lib.context [req-3b344193-760b-4f71-963a-c9f04fdf548a req-08276c56-79fa-4665-85b4-d58a5354db98 7f2c97a7b57c40d3882275012089ee29 874bbb37564143c2b921352e2590b6c2 - - default default] Method 'is_advsvc' is deprecated since 2023.2 release (neutron-lib 3.8.0) and will be removed once support for the old RBAC API policies will be removed from Neutron. Please use method 'is_service_role' instead.
2026-05-11 11:57:25.079 9 INFO neutron.db.ovn_revision_numbers_db [None req-2f59f12e-ef8c-419a-be3f-83b0c6d9c587 809cf25aef014c70a33575d03438502a 4d84f3a64a514c519958f60461837ded - - default default] Successfully bumped revision number for resource 8f232866-b6af-404d-a8b2-c706b54de833 (type: security_group_rules) to 0
2026-05-11 11:57:25.112 9 INFO neutron.api.wsgi [None req-2f59f12e-ef8c-419a-be3f-83b0c6d9c587 809cf25aef014c70a33575d03438502a 4d84f3a64a514c519958f60461837ded - - default default] 10.0.0.95 "POST /v2.0/security-group-rules HTTP/1.1" status: 201 len: 801 time: 0.1578691
2026-05-11 11:57:25.126 10 WARNING neutron_lib.context [None req-6e720c87-ca4a-426a-99c9-905ea6fdd251 809cf25aef014c70a33575d03438502a 4d84f3a64a514c519958f60461837ded - - default default] Method 'is_advsvc' is deprecated since 2023.2 release (neutron-lib 3.8.0) and will be removed once support for the old RBAC API policies will be removed from Neutron. Please use method 'is_service_role' instead.
2026-05-11 11:57:25.168 9 INFO neutron.db.ovn_revision_numbers_db [req-3b344193-760b-4f71-963a-c9f04fdf548a req-08276c56-79fa-4665-85b4-d58a5354db98 7f2c97a7b57c40d3882275012089ee29 874bbb37564143c2b921352e2590b6c2 - - default default] Successfully bumped revision number for resource dc9baa94-8fbe-43c5-816e-135f1f156890 (type: security_group_rules) to 0
2026-05-11 11:57:25.196 9 INFO neutron.api.wsgi [req-3b344193-760b-4f71-963a-c9f04fdf548a req-08276c56-79fa-4665-85b4-d58a5354db98 7f2c97a7b57c40d3882275012089ee29 874bbb37564143c2b921352e2590b6c2 - - default default] 10.0.0.123 "POST /v2.0/security-group-rules HTTP/1.1" status: 201 len: 818 time: 0.1461539
2026-05-11 11:57:25.242 9 INFO neutron.api.wsgi [req-6be18b2a-b815-4e97-881a-220b79ff31b3 req-a85a739b-0a1c-4944-bf9b-4018ca3f8ba3 7f2c97a7b57c40d3882275012089ee29 874bbb37564143c2b921352e2590b6c2 - - default default] 10.0.0.123 "GET /v2.0/security-groups/46a17e12-2ee6-4d63-86f8-ba1eb7865c05 HTTP/1.1" status: 200 len: 2508 time: 0.0214422
2026-05-11 11:57:25.252 9 WARNING neutron_lib.context [req-6be18b2a-b815-4e97-881a-220b79ff31b3 req-b0ebc4f8-7366-41c4-8491-85e5764bf109 7f2c97a7b57c40d3882275012089ee29 874bbb37564143c2b921352e2590b6c2 - - default default] Method 'is_advsvc' is deprecated since 2023.2 release (neutron-lib 3.8.0) and will be removed once support for the old RBAC API policies will be removed from Neutron. Please use method 'is_service_role' instead.
2026-05-11 11:57:25.297 10 WARNING neutron_lib.context [req-20f18025-51cc-4f8c-9024-a9d59131de64 req-e1a7fffc-6bc5-49dc-bdca-2ecec7ba4290 74af83e248a046a49ad5168e258791fc cc844bbacac44820a6b3b5d0f64db573 - - default default] Method 'is_advsvc' is deprecated since 2023.2 release (neutron-lib 3.8.0) and will be removed once support for the old RBAC API policies will be removed from Neutron. Please use method 'is_service_role' instead.
2026-05-11 11:57:25.370 9 INFO neutron.db.ovn_revision_numbers_db [req-6be18b2a-b815-4e97-881a-220b79ff31b3 req-b0ebc4f8-7366-41c4-8491-85e5764bf109 7f2c97a7b57c40d3882275012089ee29 874bbb37564143c2b921352e2590b6c2 - - default default] Successfully bumped revision number for resource 00d5f411-dee2-4d2c-9d51-ef603f72ac23 (type: security_group_rules) to 0
2026-05-11 11:57:25.398 9 INFO neutron.api.wsgi [req-6be18b2a-b815-4e97-881a-220b79ff31b3 req-b0ebc4f8-7366-41c4-8491-85e5764bf109 7f2c97a7b57c40d3882275012089ee29 874bbb37564143c2b921352e2590b6c2 - - default default] 10.0.0.123 "POST /v2.0/security-group-rules HTTP/1.1" status: 201 len: 823 time: 0.1512015
2026-05-11 11:57:25.418 10 INFO neutron.db.ovn_revision_numbers_db [req-20f18025-51cc-4f8c-9024-a9d59131de64 req-e1a7fffc-6bc5-49dc-bdca-2ecec7ba4290 74af83e248a046a49ad5168e258791fc cc844bbacac44820a6b3b5d0f64db573 - - default default] Successfully bumped revision number for resource ea5c6946-dc22-47ce-b4cb-ca8902040d4e (type: security_groups) to 1
2026-05-11 11:57:25.431 10 INFO neutron.db.ovn_revision_numbers_db [req-20f18025-51cc-4f8c-9024-a9d59131de64 req-e1a7fffc-6bc5-49dc-bdca-2ecec7ba4290 74af83e248a046a49ad5168e258791fc cc844bbacac44820a6b3b5d0f64db573 - - default default] Successfully bumped revision number for resource 11e79bba-a6bf-467d-8588-41adc7403310 (type: security_group_rules) to 0
2026-05-11 11:57:25.445 9 INFO neutron.api.wsgi [req-180c8064-b8a1-4f14-9c87-6f411b74e0e2 req-55c50074-2be0-43f8-ae6d-744383f8ac70 7f2c97a7b57c40d3882275012089ee29 874bbb37564143c2b921352e2590b6c2 - - default default] 10.0.0.123 "GET /v2.0/security-groups/46a17e12-2ee6-4d63-86f8-ba1eb7865c05 HTTP/1.1" status: 200 len: 3138 time: 0.0245330
2026-05-11 11:57:25.446 10 INFO neutron.db.ovn_revision_numbers_db [req-20f18025-51cc-4f8c-9024-a9d59131de64 req-e1a7fffc-6bc5-49dc-bdca-2ecec7ba4290 74af83e248a046a49ad5168e258791fc cc844bbacac44820a6b3b5d0f64db573 - - default default] Successfully bumped revision number for resource cbdabd6a-2380-4b38-89aa-33e6c3a5f95c (type: security_group_rules) to 0
2026-05-11 11:57:25.473 9 INFO neutron.api.wsgi [req-5222f8fa-29cf-4018-85ba-6035c5827aa5 req-4093558d-460f-4d69-b44d-7725ad369401 7f2c97a7b57c40d3882275012089ee29 874bbb37564143c2b921352e2590b6c2 - - default default] 10.0.0.123 "GET /v2.0/security-group-rules/00d5f411-dee2-4d2c-9d51-ef603f72ac23 HTTP/1.1" status: 200 len: 815 time: 0.0100598
2026-05-11 11:57:25.482 10 INFO neutron.api.wsgi [req-20f18025-51cc-4f8c-9024-a9d59131de64 req-e1a7fffc-6bc5-49dc-bdca-2ecec7ba4290 74af83e248a046a49ad5168e258791fc cc844bbacac44820a6b3b5d0f64db573 - - default default] 10.0.0.123 "POST /v2.0/security-groups HTTP/1.1" status: 201 len: 1886 time: 0.4147916
2026-05-11 11:57:25.493 10 WARNING neutron.scheduler.dhcp_agent_scheduler [None req-6e720c87-ca4a-426a-99c9-905ea6fdd251 809cf25aef014c70a33575d03438502a 4d84f3a64a514c519958f60461837ded - - default default] No more DHCP agents
2026-05-11 11:57:25.494 10 WARNING neutron.api.rpc.agentnotifiers.dhcp_rpc_agent_api [None req-6e720c87-ca4a-426a-99c9-905ea6fdd251 809cf25aef014c70a33575d03438502a 4d84f3a64a514c519958f60461837ded - - default default] Unable to schedule network 0d717159-7539-4bff-a424-916c146de2d1: no agents available; will retry on subsequent port and subnet creation events.
2026-05-11 11:57:25.495 9 INFO neutron.api.wsgi [req-5222f8fa-29cf-4018-85ba-6035c5827aa5 req-fb4da5a0-2e22-4c50-8edc-f4e859dce631 7f2c97a7b57c40d3882275012089ee29 874bbb37564143c2b921352e2590b6c2 - - default default] 10.0.0.123 "GET /v2.0/security-groups/46a17e12-2ee6-4d63-86f8-ba1eb7865c05 HTTP/1.1" status: 200 len: 3138 time: 0.0188448
2026-05-11 11:57:25.515 10 WARNING neutron_lib.context [req-5c1d7a19-507f-4b5a-84e9-2355136b8cc4 req-f20fe7c6-b80f-4e1b-8968-5ee8f2fe8746 74af83e248a046a49ad5168e258791fc cc844bbacac44820a6b3b5d0f64db573 - - default default] Method 'is_advsvc' is deprecated since 2023.2 release (neutron-lib 3.8.0) and will be removed once support for the old RBAC API policies will be removed from Neutron. Please use method 'is_service_role' instead.
2026-05-11 11:57:25.595 9 INFO neutron.api.wsgi [req-5222f8fa-29cf-4018-85ba-6035c5827aa5 req-f1c715cc-f528-41fe-82e8-745d7e229930 7f2c97a7b57c40d3882275012089ee29 874bbb37564143c2b921352e2590b6c2 - - default default] 10.0.0.123 "DELETE /v2.0/security-group-rules/00d5f411-dee2-4d2c-9d51-ef603f72ac23 HTTP/1.1" status: 204 len: 173 time: 0.0963030
2026-05-11 11:57:25.638 9 INFO neutron.api.wsgi [req-4638aa1d-f367-4ceb-9173-f8052bec44da req-2c40ff8a-6084-4763-bcd2-8d11964a7d6b 7f2c97a7b57c40d3882275012089ee29 874bbb37564143c2b921352e2590b6c2 - - default default] 10.0.0.123 "GET /v2.0/security-groups/46a17e12-2ee6-4d63-86f8-ba1eb7865c05 HTTP/1.1" status: 200 len: 2508 time: 0.0271869
2026-05-11 11:57:25.665 10 INFO neutron.db.ovn_revision_numbers_db [req-5c1d7a19-507f-4b5a-84e9-2355136b8cc4 req-f20fe7c6-b80f-4e1b-8968-5ee8f2fe8746 74af83e248a046a49ad5168e258791fc cc844bbacac44820a6b3b5d0f64db573 - - default default] Successfully bumped revision number for resource 01312658-94da-4c33-be9a-443acb596b1b (type: security_groups) to 1
2026-05-11 11:57:25.681 10 INFO neutron.db.ovn_revision_numbers_db [req-5c1d7a19-507f-4b5a-84e9-2355136b8cc4 req-f20fe7c6-b80f-4e1b-8968-5ee8f2fe8746 74af83e248a046a49ad5168e258791fc cc844bbacac44820a6b3b5d0f64db573 - - default default] Successfully bumped revision number for resource 3325086f-adfe-422f-a853-6e2b211dd346 (type: security_group_rules) to 0
2026-05-11 11:57:25.702 10 INFO neutron.db.ovn_revision_numbers_db [req-5c1d7a19-507f-4b5a-84e9-2355136b8cc4 req-f20fe7c6-b80f-4e1b-8968-5ee8f2fe8746 74af83e248a046a49ad5168e258791fc cc844bbacac44820a6b3b5d0f64db573 - - default default] Successfully bumped revision number for resource b0708fb9-4741-4695-84e1-69f3f79d20a6 (type: security_group_rules) to 0
2026-05-11 11:57:25.751 10 INFO neutron.api.wsgi [req-5c1d7a19-507f-4b5a-84e9-2355136b8cc4 req-f20fe7c6-b80f-4e1b-8968-5ee8f2fe8746 74af83e248a046a49ad5168e258791fc cc844bbacac44820a6b3b5d0f64db573 - - default default] 10.0.0.123 "POST /v2.0/security-groups HTTP/1.1" status: 201 len: 1886 time: 0.2417531
2026-05-11 11:57:25.765 9 INFO neutron.api.wsgi [req-4638aa1d-f367-4ceb-9173-f8052bec44da req-8118ee5f-84e5-4491-ab96-012da62cfae0 7f2c97a7b57c40d3882275012089ee29 874bbb37564143c2b921352e2590b6c2 - - default default] 10.0.0.123 "DELETE /v2.0/security-groups/46a17e12-2ee6-4d63-86f8-ba1eb7865c05 HTTP/1.1" status: 204 len: 173 time: 0.1227889
2026-05-11 11:57:25.783 10 WARNING neutron_lib.context [req-1e89fdab-df06-479a-b216-fb0d1ef69a15 req-58549a66-e593-4d49-842c-ed4cde35dea4 74af83e248a046a49ad5168e258791fc cc844bbacac44820a6b3b5d0f64db573 - - default default] Method 'is_advsvc' is deprecated since 2023.2 release (neutron-lib 3.8.0) and will be removed once support for the old RBAC API policies will be removed from Neutron. Please use method 'is_service_role' instead.
2026-05-11 11:57:25.805 9 INFO neutron.api.wsgi [req-de88cbd0-0f04-4436-824c-965ed0c4e548 req-91ae001c-c7bb-423e-9e54-142bc8b0736e 7f2c97a7b57c40d3882275012089ee29 874bbb37564143c2b921352e2590b6c2 - - default default] 10.0.0.123 "GET /v2.0/security-groups/720cc53e-3556-4765-8cb6-4053d29cd0a6 HTTP/1.1" status: 200 len: 2508 time: 0.0247068
2026-05-11 11:57:25.810 10 INFO neutron.api.wsgi [None req-6e720c87-ca4a-426a-99c9-905ea6fdd251 809cf25aef014c70a33575d03438502a 4d84f3a64a514c519958f60461837ded - - default default] 10.0.0.95 "POST /v2.0/floatingips HTTP/1.1" status: 201 len: 751 time: 0.6930726
2026-05-11 11:57:25.834 9 INFO neutron.db.ovn_revision_numbers_db [None req-e21b2a8d-b260-4a04-9785-7dd97669b42a 21f213de4a904c03bf20b2f226e2c45a 1c5074aad43e4f538ffabfc416f3d63b - - default default] Successfully bumped revision number for resource d1c72bd5-4ea1-4eae-99da-4fb076536ed0 (type: security_groups) to 1
2026-05-11 11:57:25.846 9 INFO neutron.db.ovn_revision_numbers_db [None req-e21b2a8d-b260-4a04-9785-7dd97669b42a 21f213de4a904c03bf20b2f226e2c45a 1c5074aad43e4f538ffabfc416f3d63b - - default default] Successfully bumped revision number for resource 1f4ee00a-0458-4867-ba7c-c210252a5faf (type: security_group_rules) to 0
2026-05-11 11:57:25.860 9 INFO neutron.db.ovn_revision_numbers_db [None req-e21b2a8d-b260-4a04-9785-7dd97669b42a 21f213de4a904c03bf20b2f226e2c45a 1c5074aad43e4f538ffabfc416f3d63b - - default default] Successfully bumped revision number for resource 6a09deba-fb4f-4551-99ac-d5a1fbd55794 (type: security_group_rules) to 0
2026-05-11 11:57:25.873 9 INFO neutron.db.ovn_revision_numbers_db [None req-e21b2a8d-b260-4a04-9785-7dd97669b42a 21f213de4a904c03bf20b2f226e2c45a 1c5074aad43e4f538ffabfc416f3d63b - - default default] Successfully bumped revision number for resource 7921d01f-cdbd-40f3-ade7-15c525734b10 (type: security_group_rules) to 0
2026-05-11 11:57:25.885 9 INFO neutron.db.ovn_revision_numbers_db [None req-e21b2a8d-b260-4a04-9785-7dd97669b42a 21f213de4a904c03bf20b2f226e2c45a 1c5074aad43e4f538ffabfc416f3d63b - - default default] Successfully bumped revision number for resource f2985000-1809-412e-b105-ce9eb12c99dc (type: security_group_rules) to 0
2026-05-11 11:57:25.890 10 INFO neutron.db.ovn_revision_numbers_db [req-1e89fdab-df06-479a-b216-fb0d1ef69a15 req-58549a66-e593-4d49-842c-ed4cde35dea4 74af83e248a046a49ad5168e258791fc cc844bbacac44820a6b3b5d0f64db573 - - default default] Successfully bumped revision number for resource 58d7d33a-0493-4b48-9398-87cd8d611e97 (type: security_groups) to 1
2026-05-11 11:57:25.904 10 INFO neutron.db.ovn_revision_numbers_db [req-1e89fdab-df06-479a-b216-fb0d1ef69a15 req-58549a66-e593-4d49-842c-ed4cde35dea4 74af83e248a046a49ad5168e258791fc cc844bbacac44820a6b3b5d0f64db573 - - default default] Successfully bumped revision number for resource 64ac3551-d53d-4b13-ba8d-c6564cebd500 (type: security_group_rules) to 0
2026-05-11 11:57:25.914 9 INFO neutron.api.wsgi [req-de88cbd0-0f04-4436-824c-965ed0c4e548 req-2c37812c-7691-4978-b19b-678b61f12b21 7f2c97a7b57c40d3882275012089ee29 874bbb37564143c2b921352e2590b6c2 - - default default] 10.0.0.123 "DELETE /v2.0/security-groups/720cc53e-3556-4765-8cb6-4053d29cd0a6 HTTP/1.1" status: 204 len: 173 time: 0.1037312
2026-05-11 11:57:25.917 10 INFO neutron.db.ovn_revision_numbers_db [req-1e89fdab-df06-479a-b216-fb0d1ef69a15 req-58549a66-e593-4d49-842c-ed4cde35dea4 74af83e248a046a49ad5168e258791fc cc844bbacac44820a6b3b5d0f64db573 - - default default] Successfully bumped revision number for resource a3154187-298d-4f1c-a78f-e0a890b7d3b6 (type: security_group_rules) to 0
2026-05-11 11:57:25.918 9 INFO neutron.api.wsgi [None req-e21b2a8d-b260-4a04-9785-7dd97669b42a 21f213de4a904c03bf20b2f226e2c45a 1c5074aad43e4f538ffabfc416f3d63b - - default default] 10.0.0.95 "GET /v2.0/security-groups?tenant_id=66bd5e51bfda4c9b8aaef59e69291ec5&name=default HTTP/1.1" status: 200 len: 3120 time: 0.2986760
2026-05-11 11:57:25.981 10 INFO neutron.api.wsgi [req-1e89fdab-df06-479a-b216-fb0d1ef69a15 req-58549a66-e593-4d49-842c-ed4cde35dea4 74af83e248a046a49ad5168e258791fc cc844bbacac44820a6b3b5d0f64db573 - - default default] 10.0.0.123 "POST /v2.0/security-groups HTTP/1.1" status: 201 len: 1886 time: 0.2032189
2026-05-11 11:57:26.117 9 INFO neutron.api.wsgi [req-9f459309-f86b-4e57-9657-561fe31db572 req-c771a0f7-b337-4aa7-80e7-855a6dcf5445 74af83e248a046a49ad5168e258791fc cc844bbacac44820a6b3b5d0f64db573 - - default default] 10.0.0.123 "GET /v2.0/security-groups?tenant_id=cc844bbacac44820a6b3b5d0f64db573 HTTP/1.1" status: 200 len: 8104 time: 0.0503573
2026-05-11 11:57:26.180 9 INFO neutron.api.wsgi [req-9f459309-f86b-4e57-9657-561fe31db572 req-a63f410b-e237-477f-bcf7-3ffe81b2de0a 74af83e248a046a49ad5168e258791fc cc844bbacac44820a6b3b5d0f64db573 - - default default] 10.0.0.123 "GET /v2.0/security-groups/1c654029-5c65-48f5-ad9d-e216dda154f9 HTTP/1.1" status: 200 len: 3118 time: 0.0554013
2026-05-11 11:57:26.235 9 INFO neutron.api.wsgi [req-9f459309-f86b-4e57-9657-561fe31db572 req-8a54104b-853d-4727-9b23-74d161117fe0 74af83e248a046a49ad5168e258791fc cc844bbacac44820a6b3b5d0f64db573 - - default default] 10.0.0.123 "GET /v2.0/security-groups/1c654029-5c65-48f5-ad9d-e216dda154f9 HTTP/1.1" status: 200 len: 3118 time: 0.0367038
2026-05-11 11:57:26.262 10 INFO neutron.api.wsgi [req-270a9a3d-6950-4bff-a434-881cd2f1355e req-2d6a7e1b-75a6-47bf-9d28-28ee3753498a 809cf25aef014c70a33575d03438502a 4d84f3a64a514c519958f60461837ded - - default default] 10.0.0.123 "GET /v2.0/security-groups?name=tempest-securitygroup--202149860&fields=id&tenant_id=4d84f3a64a514c519958f60461837ded HTTP/1.1" status: 200 len: 267 time: 0.0386124
2026-05-11 11:57:26.319 9 INFO neutron.api.wsgi [req-57949b22-79ad-470e-9750-491a2c3c77b7 req-aacebe1d-79ec-46bd-a216-ed58f77654ce 74af83e248a046a49ad5168e258791fc cc844bbacac44820a6b3b5d0f64db573 - - default default] 10.0.0.123 "GET /v2.0/security-groups/ea5c6946-dc22-47ce-b4cb-ca8902040d4e HTTP/1.1" status: 200 len: 1881 time: 0.0532475
2026-05-11 11:57:26.321 10 INFO neutron.api.wsgi [req-270a9a3d-6950-4bff-a434-881cd2f1355e req-fe7bcc92-6d97-4f6e-8a95-8201e7b95250 809cf25aef014c70a33575d03438502a 4d84f3a64a514c519958f60461837ded - - default default] 10.0.0.123 "GET /v2.0/networks?id=f896655d-e09e-44c0-b8ba-9c8d4f432d25 HTTP/1.1" status: 200 len: 882 time: 0.0520790
2026-05-11 11:57:26.335 10 INFO neutron.api.wsgi [req-270a9a3d-6950-4bff-a434-881cd2f1355e req-8ace3895-2ecc-452e-b4a6-0d6023834c47 809cf25aef014c70a33575d03438502a 4d84f3a64a514c519958f60461837ded - - default default] 10.0.0.123 "GET /v2.0/quotas/4d84f3a64a514c519958f60461837ded HTTP/1.1" status: 200 len: 491 time: 0.0091655
2026-05-11 11:57:26.409 9 INFO neutron.api.wsgi [None req-6c30fab8-1ae8-4c20-bc81-99751af7226c 21f213de4a904c03bf20b2f226e2c45a 1c5074aad43e4f538ffabfc416f3d63b - - default default] 10.0.0.95 "DELETE /v2.0/security-groups/d1c72bd5-4ea1-4eae-99da-4fb076536ed0 HTTP/1.1" status: 204 len: 168 time: 0.4865294
2026-05-11 11:57:26.426 10 INFO neutron.api.wsgi [req-270a9a3d-6950-4bff-a434-881cd2f1355e req-7d94bd00-ad40-4419-b7ef-06d7ad3d738f 809cf25aef014c70a33575d03438502a 4d84f3a64a514c519958f60461837ded - - default default] 10.0.0.123 "GET /v2.0/ports?tenant_id=4d84f3a64a514c519958f60461837ded&fields=id HTTP/1.1" status: 200 len: 302 time: 0.0844650
2026-05-11 11:57:26.498 9 INFO neutron.api.wsgi [req-57949b22-79ad-470e-9750-491a2c3c77b7 req-f8f61b9a-0395-4506-8017-a6634c4f3626 74af83e248a046a49ad5168e258791fc cc844bbacac44820a6b3b5d0f64db573 - - default default] 10.0.0.123 "DELETE /v2.0/security-groups/ea5c6946-dc22-47ce-b4cb-ca8902040d4e HTTP/1.1" status: 204 len: 173 time: 0.1691301
2026-05-11 11:57:26.531 9 INFO neutron.api.v2.resource [req-24a89c53-ecf6-4014-b441-baa8eda5a45d req-86937f9a-d743-45f5-a6d4-ecf60a7f8b9c 74af83e248a046a49ad5168e258791fc cc844bbacac44820a6b3b5d0f64db573 - - default default] show failed (client error): The resource could not be found.
2026-05-11 11:57:26.531 9 INFO neutron.api.wsgi [req-24a89c53-ecf6-4014-b441-baa8eda5a45d req-86937f9a-d743-45f5-a6d4-ecf60a7f8b9c 74af83e248a046a49ad5168e258791fc cc844bbacac44820a6b3b5d0f64db573 - - default default] 10.0.0.123 "GET /v2.0/security-groups/ea5c6946-dc22-47ce-b4cb-ca8902040d4e HTTP/1.1" status: 404 len: 352 time: 0.0093286
2026-05-11 11:57:26.585 9 INFO neutron.api.wsgi [req-b010dd57-9588-4e51-9919-3f7099ab6c37 req-d2d6cfe2-5778-4d7e-9d91-456583793aba 74af83e248a046a49ad5168e258791fc cc844bbacac44820a6b3b5d0f64db573 - - default default] 10.0.0.123 "GET /v2.0/security-groups/01312658-94da-4c33-be9a-443acb596b1b HTTP/1.1" status: 200 len: 1881 time: 0.0351508
2026-05-11 11:57:26.618 10 INFO neutron.db.ovn_revision_numbers_db [None req-be42e0bf-27b6-46a1-a6ca-716be3f7d350 21f213de4a904c03bf20b2f226e2c45a 1c5074aad43e4f538ffabfc416f3d63b - - default default] Successfully bumped revision number for resource 1b2e0541-2ecb-4eae-ab70-7007085217c5 (type: security_groups) to 1
2026-05-11 11:57:26.635 10 INFO neutron.db.ovn_revision_numbers_db [None req-be42e0bf-27b6-46a1-a6ca-716be3f7d350 21f213de4a904c03bf20b2f226e2c45a 1c5074aad43e4f538ffabfc416f3d63b - - default default] Successfully bumped revision number for resource 0646dbbd-acd6-4f97-a70c-7fe6518af409 (type: security_group_rules) to 0
2026-05-11 11:57:26.646 10 INFO neutron.db.ovn_revision_numbers_db [None req-be42e0bf-27b6-46a1-a6ca-716be3f7d350 21f213de4a904c03bf20b2f226e2c45a 1c5074aad43e4f538ffabfc416f3d63b - - default default] Successfully bumped revision number for resource 4ef9b155-b1f7-45bf-9b8d-d465f9d45b18 (type: security_group_rules) to 0
2026-05-11 11:57:26.659 10 INFO neutron.db.ovn_revision_numbers_db [None req-be42e0bf-27b6-46a1-a6ca-716be3f7d350 21f213de4a904c03bf20b2f226e2c45a 1c5074aad43e4f538ffabfc416f3d63b - - default default] Successfully bumped revision number for resource 6636bd5b-cef6-4b35-817d-4b2059f1f97e (type: security_group_rules) to 0
2026-05-11 11:57:26.673 10 INFO neutron.db.ovn_revision_numbers_db [None req-be42e0bf-27b6-46a1-a6ca-716be3f7d350 21f213de4a904c03bf20b2f226e2c45a 1c5074aad43e4f538ffabfc416f3d63b - - default default] Successfully bumped revision number for resource c8a317a6-3826-41ec-920e-a7bf1a6e5b22 (type: security_group_rules) to 0
2026-05-11 11:57:26.715 10 INFO neutron.api.wsgi [None req-be42e0bf-27b6-46a1-a6ca-716be3f7d350 21f213de4a904c03bf20b2f226e2c45a 1c5074aad43e4f538ffabfc416f3d63b - - default default] 10.0.0.95 "GET /v2.0/security-groups?tenant_id=a3fff0ab26314740a84231da6ef0c0ba&name=default HTTP/1.1" status: 200 len: 3120 time: 0.2123711
2026-05-11 11:57:26.731 9 INFO neutron.api.wsgi [req-b010dd57-9588-4e51-9919-3f7099ab6c37 req-1331783e-f2bc-4ea0-95c6-a46fc2ba1d8b 74af83e248a046a49ad5168e258791fc cc844bbacac44820a6b3b5d0f64db573 - - default default] 10.0.0.123 "DELETE /v2.0/security-groups/01312658-94da-4c33-be9a-443acb596b1b HTTP/1.1" status: 204 len: 173 time: 0.1396077
2026-05-11 11:57:26.762 9 INFO neutron.api.v2.resource [req-43b44bfe-4eaf-4473-a935-05f645524729 req-0596419e-96bc-466f-9dcc-73e1c8723e0d 74af83e248a046a49ad5168e258791fc cc844bbacac44820a6b3b5d0f64db573 - - default default] show failed (client error): The resource could not be found.
2026-05-11 11:57:26.763 9 INFO neutron.api.wsgi [req-43b44bfe-4eaf-4473-a935-05f645524729 req-0596419e-96bc-466f-9dcc-73e1c8723e0d 74af83e248a046a49ad5168e258791fc cc844bbacac44820a6b3b5d0f64db573 - - default default] 10.0.0.123 "GET /v2.0/security-groups/01312658-94da-4c33-be9a-443acb596b1b HTTP/1.1" status: 404 len: 352 time: 0.0120628
2026-05-11 11:57:26.804 9 INFO neutron.api.wsgi [req-a78da3e7-8dc9-434b-821a-efaee083c4e0 req-7b98b595-953a-44df-918a-012d89cb627f 74af83e248a046a49ad5168e258791fc cc844bbacac44820a6b3b5d0f64db573 - - default default] 10.0.0.123 "GET /v2.0/security-groups/58d7d33a-0493-4b48-9398-87cd8d611e97 HTTP/1.1" status: 200 len: 1881 time: 0.0205424
2026-05-11 11:57:26.851 10 INFO neutron.api.wsgi [req-270a9a3d-6950-4bff-a434-881cd2f1355e req-3c42ffc0-bf03-4357-94e2-6a1737ad87bd 38d510e7a3fd4a80907efb70012546ca c38a8d7371ab450cbb258205ee89a7fd - - e4896e14d21a4d678fd41e97fb08e427 e4896e14d21a4d678fd41e97fb08e427] 10.0.0.123 "GET /v2.0/extensions HTTP/1.1" status: 200 len: 19298 time: 0.0423915
2026-05-11 11:57:26.902 10 INFO neutron.api.wsgi [req-270a9a3d-6950-4bff-a434-881cd2f1355e req-c9b4c867-985f-4495-ac64-34a301bbb771 38d510e7a3fd4a80907efb70012546ca c38a8d7371ab450cbb258205ee89a7fd - - e4896e14d21a4d678fd41e97fb08e427 e4896e14d21a4d678fd41e97fb08e427] 10.0.0.123 "GET /v2.0/networks/f896655d-e09e-44c0-b8ba-9c8d4f432d25?fields=segments HTTP/1.1" status: 200 len: 212 time: 0.0431504
2026-05-11 11:57:26.926 9 INFO neutron.api.wsgi [req-a78da3e7-8dc9-434b-821a-efaee083c4e0 req-484ecbc2-10bd-4ed2-8ec6-2bd01c3c157b 74af83e248a046a49ad5168e258791fc cc844bbacac44820a6b3b5d0f64db573 - - default default] 10.0.0.123 "DELETE /v2.0/security-groups/58d7d33a-0493-4b48-9398-87cd8d611e97 HTTP/1.1" status: 204 len: 173 time: 0.1194866
2026-05-11 11:57:26.951 10 INFO neutron.api.wsgi [None req-6def4c67-6c70-4fca-968c-d1aa272efcd5 21f213de4a904c03bf20b2f226e2c45a 1c5074aad43e4f538ffabfc416f3d63b - - default default] 10.0.0.95 "DELETE /v2.0/security-groups/1b2e0541-2ecb-4eae-ab70-7007085217c5 HTTP/1.1" status: 204 len: 168 time: 0.2317162
2026-05-11 11:57:26.956 10 INFO neutron.api.wsgi [req-270a9a3d-6950-4bff-a434-881cd2f1355e req-f42d64f8-4497-4cae-9d6e-eb8966a209b8 38d510e7a3fd4a80907efb70012546ca c38a8d7371ab450cbb258205ee89a7fd - - e4896e14d21a4d678fd41e97fb08e427 e4896e14d21a4d678fd41e97fb08e427] 10.0.0.123 "GET /v2.0/networks/f896655d-e09e-44c0-b8ba-9c8d4f432d25?fields=provider%3Aphysical_network&fields=provider%3Anetwork_type HTTP/1.1" status: 200 len: 277 time: 0.0465124
2026-05-11 11:57:26.961 9 INFO neutron.api.v2.resource [req-c3888f0a-7ca5-479e-bba1-e95e5e83e0d9 req-d377fb48-783e-4bfd-bc14-c37bfca9fc38 74af83e248a046a49ad5168e258791fc cc844bbacac44820a6b3b5d0f64db573 - - default default] show failed (client error): The resource could not be found.
2026-05-11 11:57:26.962 9 INFO neutron.api.wsgi [req-c3888f0a-7ca5-479e-bba1-e95e5e83e0d9 req-d377fb48-783e-4bfd-bc14-c37bfca9fc38 74af83e248a046a49ad5168e258791fc cc844bbacac44820a6b3b5d0f64db573 - - default default] 10.0.0.123 "GET /v2.0/security-groups/58d7d33a-0493-4b48-9398-87cd8d611e97 HTTP/1.1" status: 404 len: 352 time: 0.0100772
2026-05-11 11:57:27.011 9 INFO neutron.api.wsgi [req-f0e1634f-94de-4052-a9c0-def43f39fba8 req-25efadd3-9444-4909-a1f9-f6a546980d9c 74af83e248a046a49ad5168e258791fc cc844bbacac44820a6b3b5d0f64db573 - - default default] 10.0.0.123 "GET /v2.0/security-groups?tenant_id=cc844bbacac44820a6b3b5d0f64db573 HTTP/1.1" status: 200 len: 3121 time: 0.0311120
2026-05-11 11:57:27.048 9 INFO neutron.api.wsgi [req-f0e1634f-94de-4052-a9c0-def43f39fba8 req-92504b74-aae2-4649-9504-7edb667c250a 74af83e248a046a49ad5168e258791fc cc844bbacac44820a6b3b5d0f64db573 - - default default] 10.0.0.123 "GET /v2.0/security-groups/1c654029-5c65-48f5-ad9d-e216dda154f9 HTTP/1.1" status: 200 len: 3118 time: 0.0323143
2026-05-11 11:57:27.083 9 INFO neutron.api.wsgi [req-f0e1634f-94de-4052-a9c0-def43f39fba8 req-75704344-9217-4ac1-9e07-656d183843db 74af83e248a046a49ad5168e258791fc cc844bbacac44820a6b3b5d0f64db573 - - default default] 10.0.0.123 "GET /v2.0/security-groups/1c654029-5c65-48f5-ad9d-e216dda154f9 HTTP/1.1" status: 200 len: 3118 time: 0.0288196
2026-05-11 11:57:27.125 9 INFO neutron.api.v2.resource [req-f52d5fce-61e9-4bf0-9766-df47c9ea54b7 req-3e1b8a95-bd48-4676-9c04-1b8b95b39573 74af83e248a046a49ad5168e258791fc cc844bbacac44820a6b3b5d0f64db573 - - default default] show failed (client error): The resource could not be found.
2026-05-11 11:57:27.126 9 INFO neutron.api.wsgi [req-f52d5fce-61e9-4bf0-9766-df47c9ea54b7 req-3e1b8a95-bd48-4676-9c04-1b8b95b39573 74af83e248a046a49ad5168e258791fc cc844bbacac44820a6b3b5d0f64db573 - - default default] 10.0.0.123 "GET /v2.0/security-groups/58d7d33a-0493-4b48-9398-87cd8d611e97 HTTP/1.1" status: 404 len: 352 time: 0.0124135
2026-05-11 11:57:27.142 10 INFO neutron.api.wsgi [req-47f14a60-3fe0-4cf5-a5f3-40b738da4f63 req-c861cc68-d9c7-45f2-abf3-8aaed0703892 809cf25aef014c70a33575d03438502a 4d84f3a64a514c519958f60461837ded - - default default] 10.0.0.123 "GET /v2.0/ports?device_id=230eb91d-22b0-43e4-9ddc-6d3d08e2287d HTTP/1.1" status: 200 len: 210 time: 0.0386658
2026-05-11 11:57:27.160 9 INFO neutron.api.v2.resource [req-ee4f46eb-9286-4668-849d-5ed8ef6ae60f req-fa31f7ac-aa8e-471e-88f5-2f1a7e66ec88 74af83e248a046a49ad5168e258791fc cc844bbacac44820a6b3b5d0f64db573 - - default default] show failed (client error): The resource could not be found.
2026-05-11 11:57:27.161 9 INFO neutron.api.wsgi [req-ee4f46eb-9286-4668-849d-5ed8ef6ae60f req-fa31f7ac-aa8e-471e-88f5-2f1a7e66ec88 74af83e248a046a49ad5168e258791fc cc844bbacac44820a6b3b5d0f64db573 - - default default] 10.0.0.123 "GET /v2.0/security-groups/01312658-94da-4c33-be9a-443acb596b1b HTTP/1.1" status: 404 len: 352 time: 0.0184982
2026-05-11 11:57:27.190 10 INFO neutron.api.v2.resource [req-41a24ef5-2f5e-4189-901f-3d81531297d6 req-f8b686a1-b7ad-4313-80e3-dee55b6c3943 74af83e248a046a49ad5168e258791fc cc844bbacac44820a6b3b5d0f64db573 - - default default] show failed (client error): The resource could not be found.
2026-05-11 11:57:27.190 10 INFO neutron.api.wsgi [req-41a24ef5-2f5e-4189-901f-3d81531297d6 req-f8b686a1-b7ad-4313-80e3-dee55b6c3943 74af83e248a046a49ad5168e258791fc cc844bbacac44820a6b3b5d0f64db573 - - default default] 10.0.0.123 "GET /v2.0/security-groups/ea5c6946-dc22-47ce-b4cb-ca8902040d4e HTTP/1.1" status: 404 len: 352 time: 0.0076747
2026-05-11 11:57:27.220 9 INFO neutron.api.wsgi [None req-04002ffc-d895-4eeb-95de-5a9748607de1 21f213de4a904c03bf20b2f226e2c45a 1c5074aad43e4f538ffabfc416f3d63b - - default default] 10.0.0.95 "PUT /v2.0/routers/6f025a55-faae-4ce1-a515-7219bc9d6d28/remove_router_interface HTTP/1.1" status: 200 len: 503 time: 1.2961309 /var/lib/openstack/lib/python3.12/site-packages/pycadf/identifier.py:71: UserWarning: Invalid uuid: neutron. To ensure interoperability, identifiers should be a valid uuid. warnings.warn(('Invalid uuid: %s. To ensure interoperability, '
2026-05-11 11:57:27.942 9 INFO neutron.api.wsgi [None req-44e07b8c-2538-4a2b-9231-8a00c6f47c17 21f213de4a904c03bf20b2f226e2c45a 1c5074aad43e4f538ffabfc416f3d63b - - default default] 10.0.0.95 "DELETE /v2.0/routers/6f025a55-faae-4ce1-a515-7219bc9d6d28 HTTP/1.1" status: 204 len: 168 time: 0.7181284
2026-05-11 11:57:28.085 9 INFO neutron.api.wsgi [None req-b1356d64-37e4-46cc-a351-833198c733d6 21f213de4a904c03bf20b2f226e2c45a 1c5074aad43e4f538ffabfc416f3d63b - - default default] 10.0.0.95 "DELETE /v2.0/subnets/ef80a94e-2c98-40ab-b23e-9c7584675066 HTTP/1.1" status: 204 len: 168 time: 0.1375530
2026-05-11 11:57:28.247 10 INFO neutron.api.wsgi [req-1ca49160-ab6d-41f6-be6e-257219d49927 req-b39d9327-cf62-42bb-a145-da22494723ae 809cf25aef014c70a33575d03438502a 4d84f3a64a514c519958f60461837ded - - default default] 10.0.0.123 "GET /v2.0/ports?device_id=230eb91d-22b0-43e4-9ddc-6d3d08e2287d HTTP/1.1" status: 200 len: 210 time: 0.0174270
2026-05-11 11:57:28.310 10 INFO neutron.api.wsgi [None req-80ada9bf-62c8-4f51-a450-7be163fd8173 21f213de4a904c03bf20b2f226e2c45a 1c5074aad43e4f538ffabfc416f3d63b - - default default] 10.0.0.95 "PUT /v2.0/routers/baf980c8-37f5-4b52-90dd-de4bb668f4ed/remove_router_interface HTTP/1.1" status: 200 len: 503 time: 1.1111064
2026-05-11 11:57:28.505 10 INFO neutron.api.wsgi [None req-d42b006e-7701-4b21-8915-12745ce068db 21f213de4a904c03bf20b2f226e2c45a 1c5074aad43e4f538ffabfc416f3d63b - - default default] 10.0.0.95 "DELETE /v2.0/networks/979306c0-7336-4640-8f5a-5c3a23fc0c41 HTTP/1.1" status: 204 len: 168 time: 0.4150238
2026-05-11 11:57:28.693 9 INFO neutron.api.wsgi [None req-63490d2d-a8ab-4324-85b2-e0fbd89db1c0 21f213de4a904c03bf20b2f226e2c45a 1c5074aad43e4f538ffabfc416f3d63b - - default default] 10.0.0.95 "GET /v2.0/security-groups?tenant_id=874bbb37564143c2b921352e2590b6c2&name=default HTTP/1.1" status: 200 len: 3116 time: 0.0366063 /var/lib/openstack/lib/python3.12/site-packages/pycadf/identifier.py:71: UserWarning: Invalid uuid: neutron. To ensure interoperability, identifiers should be a valid uuid. warnings.warn(('Invalid uuid: %s. To ensure interoperability, '
2026-05-11 11:57:28.971 10 INFO neutron.api.wsgi [None req-f196263e-0b8b-48ad-bf6a-c2d9dccac673 21f213de4a904c03bf20b2f226e2c45a 1c5074aad43e4f538ffabfc416f3d63b - - default default] 10.0.0.95 "DELETE /v2.0/security-groups/5cf05b5a-c4ca-488b-9279-f3af920122d0 HTTP/1.1" status: 204 len: 168 time: 0.2727299
2026-05-11 11:57:29.015 9 INFO neutron.api.wsgi [None req-25546dfc-a900-420f-98bd-da2ccb17ab80 21f213de4a904c03bf20b2f226e2c45a 1c5074aad43e4f538ffabfc416f3d63b - - default default] 10.0.0.95 "DELETE /v2.0/routers/baf980c8-37f5-4b52-90dd-de4bb668f4ed HTTP/1.1" status: 204 len: 168 time: 0.6989467
2026-05-11 11:57:29.076 10 INFO neutron.services.segments.plugin [-] Segment a08f127c-a6d5-4c3a-8e12-edb307fe2ae0 resource provider aggregate not found
2026-05-11 11:57:29.100 10 INFO neutron.services.segments.plugin [-] Segment a08f127c-a6d5-4c3a-8e12-edb307fe2ae0 resource provider aggregate not found
2026-05-11 11:57:29.106 10 INFO neutron.services.segments.plugin [-] Segment a08f127c-a6d5-4c3a-8e12-edb307fe2ae0 resource provider not found; error: Placement Client Error (4xx): {"errors": [{"status": 404, "title": "Not Found", "detail": "The resource could not be found.\n\n No resource provider with uuid a08f127c-a6d5-4c3a-8e12-edb307fe2ae0 found for delete ", "request_id": "req-d1ede643-002d-4f09-b5a1-c0e13dfa5c88"}]}
2026-05-11 11:57:29.115 10 INFO neutron.services.segments.plugin [-] Segment a08f127c-a6d5-4c3a-8e12-edb307fe2ae0 resource provider not found; error: Placement Client Error (4xx): {"errors": [{"status": 404, "title": "Not Found", "detail": "The resource could not be found.\n\n No resource provider with uuid a08f127c-a6d5-4c3a-8e12-edb307fe2ae0 found for delete ", "request_id": "req-3956d597-9342-4519-8ee7-a7c7232bca5a"}]}
2026-05-11 11:57:29.205 9 INFO neutron.api.wsgi [None req-a9e15e11-b50d-4fdc-ba88-569e0e9084cf 21f213de4a904c03bf20b2f226e2c45a 1c5074aad43e4f538ffabfc416f3d63b - - default default] 10.0.0.95 "DELETE /v2.0/subnets/54fd9719-beff-49df-abc2-dbcda576f085 HTTP/1.1" status: 204 len: 168 time: 0.1849554
2026-05-11 11:57:29.377 9 INFO neutron.api.wsgi [req-15fe3ff0-1047-4176-945c-599458bbdbe7 req-3adccd13-f192-44e0-80d7-268b9670f8d8 809cf25aef014c70a33575d03438502a 4d84f3a64a514c519958f60461837ded - - default default] 10.0.0.123 "GET /v2.0/ports?device_id=230eb91d-22b0-43e4-9ddc-6d3d08e2287d HTTP/1.1" status: 200 len: 210 time: 0.0367267
2026-05-11 11:57:29.476 10 WARNING neutron.plugins.ml2.drivers.ovn.mech_driver.ovsdb.ovn_client [None req-e7265985-1620-4622-b492-58d1f9f9758a - - - - - -] No hosting information found for port a9e85356-1046-4080-9c08-a42edd0dd844: RuntimeError: No hosting information found for port a9e85356-1046-4080-9c08-a42edd0dd844
2026-05-11 11:57:29.593 10 INFO neutron.db.ovn_revision_numbers_db [None req-e7265985-1620-4622-b492-58d1f9f9758a - - - - - -] Successfully bumped revision number for resource a9e85356-1046-4080-9c08-a42edd0dd844 (type: router_ports) to 2
2026-05-11 11:57:29.655 10 INFO neutron.api.wsgi [None req-eae1d157-a916-4915-a4da-509cd247172c 21f213de4a904c03bf20b2f226e2c45a 1c5074aad43e4f538ffabfc416f3d63b - - default default] 10.0.0.95 "DELETE /v2.0/networks/02364ce8-a3e9-4e8d-9e2c-ee1e14a5f82b HTTP/1.1" status: 204 len: 168 time: 0.4432325
2026-05-11 11:57:29.852 9 INFO neutron.api.wsgi [None req-33ffb816-591a-4c55-88da-567961220ef7 21f213de4a904c03bf20b2f226e2c45a 1c5074aad43e4f538ffabfc416f3d63b - - default default] 10.0.0.95 "GET /v2.0/security-groups?tenant_id=cc844bbacac44820a6b3b5d0f64db573&name=default HTTP/1.1" status: 200 len: 3116 time: 0.0313566
2026-05-11 11:57:30.021 9 WARNING neutron.plugins.ml2.drivers.ovn.mech_driver.ovsdb.ovn_client [None req-9a326148-8381-4f56-bbcf-1a4ed8745296 - - - - - -] No port found with ID a370a7a7-f3ff-4944-818f-c30dac608795: RuntimeError: No port found with ID a370a7a7-f3ff-4944-818f-c30dac608795
2026-05-11 11:57:30.022 9 INFO neutron.plugins.ml2.drivers.ovn.mech_driver.mech_driver [None req-9a326148-8381-4f56-bbcf-1a4ed8745296 - - - - - -] OVN reports status up for port: 29eb56e4-156b-4c5e-b459-e40522d51067
2026-05-11 11:57:30.065 9 INFO neutron.api.wsgi [None req-13382de9-47ba-4e09-af00-e37956fa428d 21f213de4a904c03bf20b2f226e2c45a 1c5074aad43e4f538ffabfc416f3d63b - - default default] 10.0.0.95 "DELETE /v2.0/security-groups/1c654029-5c65-48f5-ad9d-e216dda154f9 HTTP/1.1" status: 204 len: 168 time: 0.2079365
2026-05-11 11:57:30.499 10 INFO neutron.api.wsgi [req-0909c6cc-d23e-4856-9962-2a7833ac0dd5 req-be16d8fb-7872-43df-8322-2d7a432d8669 809cf25aef014c70a33575d03438502a 4d84f3a64a514c519958f60461837ded - - default default] 10.0.0.123 "GET /v2.0/ports?device_id=230eb91d-22b0-43e4-9ddc-6d3d08e2287d HTTP/1.1" status: 200 len: 210 time: 0.0177217
2026-05-11 11:57:31.000 9 INFO neutron.db.ovn_revision_numbers_db [None req-125c7d2d-8125-49ff-a8b5-d48951b9f57b 21f213de4a904c03bf20b2f226e2c45a 1c5074aad43e4f538ffabfc416f3d63b - - default default] Successfully bumped revision number for resource fe00533c-e154-4f55-ac9a-6af13b7d2373 (type: security_groups) to 1
2026-05-11 11:57:31.004 10 INFO neutron.db.ovn_revision_numbers_db [None req-d2a6e144-56cd-494a-891f-96f9e7027a9d 21f213de4a904c03bf20b2f226e2c45a 1c5074aad43e4f538ffabfc416f3d63b - - default default] Successfully bumped revision number for resource 440119bb-d333-4151-b860-af6161015628 (type: security_groups) to 1
2026-05-11 11:57:31.011 9 INFO neutron.db.ovn_revision_numbers_db [None req-125c7d2d-8125-49ff-a8b5-d48951b9f57b 21f213de4a904c03bf20b2f226e2c45a 1c5074aad43e4f538ffabfc416f3d63b - - default default] Successfully bumped revision number for resource 16c9fdab-fc36-435b-951e-715bbd794f7e (type: security_group_rules) to 0
2026-05-11 11:57:31.016 10 INFO neutron.db.ovn_revision_numbers_db [None req-d2a6e144-56cd-494a-891f-96f9e7027a9d 21f213de4a904c03bf20b2f226e2c45a 1c5074aad43e4f538ffabfc416f3d63b - - default default] Successfully bumped revision number for resource 393b3d95-e012-48ae-b1b3-6845b479f102 (type: security_group_rules) to 0
2026-05-11 11:57:31.022 9 INFO neutron.db.ovn_revision_numbers_db [None req-125c7d2d-8125-49ff-a8b5-d48951b9f57b 21f213de4a904c03bf20b2f226e2c45a 1c5074aad43e4f538ffabfc416f3d63b - - default default] Successfully bumped revision number for resource 7e1d703e-818e-4396-a0d0-01d8f27a5f65 (type: security_group_rules) to 0
2026-05-11 11:57:31.028 10 INFO neutron.db.ovn_revision_numbers_db [None req-d2a6e144-56cd-494a-891f-96f9e7027a9d 21f213de4a904c03bf20b2f226e2c45a 1c5074aad43e4f538ffabfc416f3d63b - - default default] Successfully bumped revision number for resource 4021295b-f695-4495-88dc-8255a57014b8 (type: security_group_rules) to 0
2026-05-11 11:57:31.033 9 INFO neutron.db.ovn_revision_numbers_db [None req-125c7d2d-8125-49ff-a8b5-d48951b9f57b 21f213de4a904c03bf20b2f226e2c45a 1c5074aad43e4f538ffabfc416f3d63b - - default default] Successfully bumped revision number for resource e203c55b-63fa-46dd-a909-1b2b4cae2f23 (type: security_group_rules) to 0
2026-05-11 11:57:31.041 10 INFO neutron.db.ovn_revision_numbers_db [None req-d2a6e144-56cd-494a-891f-96f9e7027a9d 21f213de4a904c03bf20b2f226e2c45a 1c5074aad43e4f538ffabfc416f3d63b - - default default] Successfully bumped revision number for resource 43114bb6-bce8-4c18-b64d-c0bc2ffdf74e (type: security_group_rules) to 0
2026-05-11 11:57:31.046 9 INFO neutron.db.ovn_revision_numbers_db [None req-125c7d2d-8125-49ff-a8b5-d48951b9f57b 21f213de4a904c03bf20b2f226e2c45a 1c5074aad43e4f538ffabfc416f3d63b - - default default] Successfully bumped revision number for resource ea75cf55-3893-452b-b7f5-c47570a7fcdc (type: security_group_rules) to 0
2026-05-11 11:57:31.054 10 INFO neutron.db.ovn_revision_numbers_db [None req-d2a6e144-56cd-494a-891f-96f9e7027a9d 21f213de4a904c03bf20b2f226e2c45a 1c5074aad43e4f538ffabfc416f3d63b - - default default] Successfully bumped revision number for resource 58d258c3-6df4-40dc-b81d-a80ee9d0f82d (type: security_group_rules) to 0
2026-05-11 11:57:31.078 9 INFO neutron.api.wsgi [None req-125c7d2d-8125-49ff-a8b5-d48951b9f57b 21f213de4a904c03bf20b2f226e2c45a 1c5074aad43e4f538ffabfc416f3d63b - - default default] 10.0.0.95 "GET /v2.0/security-groups?tenant_id=00e7f58a5a9e42ee9a8f535f180638d8&name=default HTTP/1.1" status: 200 len: 3120 time: 0.2162929
2026-05-11 11:57:31.130 10 INFO neutron.db.segments_db [None req-d2a6e144-56cd-494a-891f-96f9e7027a9d 21f213de4a904c03bf20b2f226e2c45a 1c5074aad43e4f538ffabfc416f3d63b - - default default] Added segment 26fd1b6e-4e4b-4603-9232-e68ba9f0bbeb of type geneve for network 6eb973dd-58d6-47ad-9a9a-92843620db4f
2026-05-11 11:57:31.131 10 INFO neutron.services.segments.plugin [-] Segment 929b6e3f-2f74-44da-871f-f04ca2864d0f resource provider aggregate not found
2026-05-11 11:57:31.134 10 INFO neutron.services.segments.plugin [-] Segment 929b6e3f-2f74-44da-871f-f04ca2864d0f resource provider aggregate not found
2026-05-11 11:57:31.147 10 INFO neutron.services.segments.plugin [-] Segment 929b6e3f-2f74-44da-871f-f04ca2864d0f resource provider not found; error: Placement Client Error (4xx): {"errors": [{"status": 404, "title": "Not Found", "detail": "The resource could not be found.\n\n No resource provider with uuid 929b6e3f-2f74-44da-871f-f04ca2864d0f found for delete ", "request_id": "req-6be367ba-f2bb-462d-8efb-a47fe3bab867"}]}
2026-05-11 11:57:31.152 10 INFO neutron.services.segments.plugin [-] Segment 929b6e3f-2f74-44da-871f-f04ca2864d0f resource provider not found; error: Placement Client Error (4xx): {"errors": [{"status": 404, "title": "Not Found", "detail": "The resource could not be found.\n\n No resource provider with uuid 929b6e3f-2f74-44da-871f-f04ca2864d0f found for delete ", "request_id": "req-7cae04b2-22ec-441f-8d4e-3aa68ee05271"}]}
2026-05-11 11:57:31.264 10 INFO neutron.db.ovn_revision_numbers_db [None req-d2a6e144-56cd-494a-891f-96f9e7027a9d 21f213de4a904c03bf20b2f226e2c45a 1c5074aad43e4f538ffabfc416f3d63b - - default default] Successfully bumped revision number for resource 6eb973dd-58d6-47ad-9a9a-92843620db4f (type: networks) to 1
2026-05-11 11:57:31.289 9 INFO neutron.api.wsgi [None req-8e8e38a9-6f78-4664-83c8-66aa1aa235dc 21f213de4a904c03bf20b2f226e2c45a 1c5074aad43e4f538ffabfc416f3d63b - - default default] 10.0.0.95 "DELETE /v2.0/security-groups/fe00533c-e154-4f55-ac9a-6af13b7d2373 HTTP/1.1" status: 204 len: 168 time: 0.2045581
2026-05-11 11:57:31.385 10 WARNING neutron.scheduler.dhcp_agent_scheduler [None req-d2a6e144-56cd-494a-891f-96f9e7027a9d 21f213de4a904c03bf20b2f226e2c45a 1c5074aad43e4f538ffabfc416f3d63b - - default default] No more DHCP agents
2026-05-11 11:57:31.386 10 WARNING neutron.api.rpc.agentnotifiers.dhcp_rpc_agent_api [None req-d2a6e144-56cd-494a-891f-96f9e7027a9d 21f213de4a904c03bf20b2f226e2c45a 1c5074aad43e4f538ffabfc416f3d63b - - default default] Unable to schedule network 6eb973dd-58d6-47ad-9a9a-92843620db4f: no agents available; will retry on subsequent port and subnet creation events.
2026-05-11 11:57:31.449 10 INFO neutron.db.ovn_revision_numbers_db [None req-d2a6e144-56cd-494a-891f-96f9e7027a9d 21f213de4a904c03bf20b2f226e2c45a 1c5074aad43e4f538ffabfc416f3d63b - - default default] Successfully bumped revision number for resource c8ceb8c8-3e07-47d7-bb21-143d45f3fb1c (type: ports) to 1
2026-05-11 11:57:31.471 10 INFO neutron.api.wsgi [None req-d2a6e144-56cd-494a-891f-96f9e7027a9d 21f213de4a904c03bf20b2f226e2c45a 1c5074aad43e4f538ffabfc416f3d63b - - default default] 10.0.0.95 "POST /v2.0/networks HTTP/1.1" status: 201 len: 950 time: 0.6717453
2026-05-11 11:57:31.549 10 INFO neutron.db.ovn_revision_numbers_db [None req-7808d119-5e0c-47b2-9cb3-5d680cc7973c 21f213de4a904c03bf20b2f226e2c45a 1c5074aad43e4f538ffabfc416f3d63b - - default default] Successfully bumped revision number for resource 37908ad9-aee0-4e78-9339-a8bb18d879b9 (type: security_groups) to 1
2026-05-11 11:57:31.565 10 INFO neutron.db.ovn_revision_numbers_db [None req-7808d119-5e0c-47b2-9cb3-5d680cc7973c 21f213de4a904c03bf20b2f226e2c45a 1c5074aad43e4f538ffabfc416f3d63b - - default default] Successfully bumped revision number for resource 1d89b5e6-3902-4b74-ba35-292a81065664 (type: security_group_rules) to 0
2026-05-11 11:57:31.576 9 INFO neutron.api.wsgi [req-722f1102-70ed-44c4-9773-38a0946b9cad req-15e1d38e-76e1-4f28-bfd1-29555971890e 809cf25aef014c70a33575d03438502a 4d84f3a64a514c519958f60461837ded - - default default] 10.0.0.123 "GET /v2.0/ports?device_id=230eb91d-22b0-43e4-9ddc-6d3d08e2287d HTTP/1.1" status: 200 len: 210 time: 0.0218751
2026-05-11 11:57:31.576 10 INFO neutron.db.ovn_revision_numbers_db [None req-7808d119-5e0c-47b2-9cb3-5d680cc7973c 21f213de4a904c03bf20b2f226e2c45a 1c5074aad43e4f538ffabfc416f3d63b - - default default] Successfully bumped revision number for resource 53f0f4dd-4b36-4f20-846c-7f6f2f1b8d77 (type: security_group_rules) to 0
2026-05-11 11:57:31.596 10 INFO neutron.db.ovn_revision_numbers_db [None req-7808d119-5e0c-47b2-9cb3-5d680cc7973c 21f213de4a904c03bf20b2f226e2c45a 1c5074aad43e4f538ffabfc416f3d63b - - default default] Successfully bumped revision number for resource 5407ebe7-e0e4-47b2-ad48-23d0d9bf447d (type: security_group_rules) to 0
2026-05-11 11:57:31.608 10 INFO neutron.db.ovn_revision_numbers_db [None req-7808d119-5e0c-47b2-9cb3-5d680cc7973c 21f213de4a904c03bf20b2f226e2c45a 1c5074aad43e4f538ffabfc416f3d63b - - default default] Successfully bumped revision number for resource a17ea8ca-e0c0-428a-98cd-e3f306d5f404 (type: security_group_rules) to 0
2026-05-11 11:57:31.633 9 WARNING neutron.scheduler.dhcp_agent_scheduler [None req-e407cb6e-e38d-4965-82dd-ad3759a871c3 21f213de4a904c03bf20b2f226e2c45a 1c5074aad43e4f538ffabfc416f3d63b - - default default] No more DHCP agents
2026-05-11 11:57:31.635 9 WARNING neutron.api.rpc.agentnotifiers.dhcp_rpc_agent_api [None req-e407cb6e-e38d-4965-82dd-ad3759a871c3 21f213de4a904c03bf20b2f226e2c45a 1c5074aad43e4f538ffabfc416f3d63b - - default default] Unable to schedule network 6eb973dd-58d6-47ad-9a9a-92843620db4f: no agents available; will retry on subsequent port and subnet creation events.
2026-05-11 11:57:31.637 10 INFO neutron.api.wsgi [None req-7808d119-5e0c-47b2-9cb3-5d680cc7973c 21f213de4a904c03bf20b2f226e2c45a 1c5074aad43e4f538ffabfc416f3d63b - - default default] 10.0.0.95 "GET /v2.0/security-groups?tenant_id=33cac5088c544b4fa1eaa65c513ee0e7&name=default HTTP/1.1" status: 200 len: 3120 time: 0.1831918
2026-05-11 11:57:31.825 10 INFO neutron.api.wsgi [None req-d9d84f1a-cec5-48f6-94a6-3db58dddc139 21f213de4a904c03bf20b2f226e2c45a 1c5074aad43e4f538ffabfc416f3d63b - - default default] 10.0.0.95 "DELETE /v2.0/security-groups/37908ad9-aee0-4e78-9339-a8bb18d879b9 HTTP/1.1" status: 204 len: 168 time: 0.1827519
2026-05-11 11:57:32.001 9 INFO neutron.db.ovn_revision_numbers_db [None req-fca6ed5d-65d9-43c3-bc01-b3861260865e - - - - - -] Successfully bumped revision number for resource c8ceb8c8-3e07-47d7-bb21-143d45f3fb1c (type: ports) to 2
2026-05-11 11:57:32.027 9 INFO neutron.db.ovn_revision_numbers_db [None req-fca6ed5d-65d9-43c3-bc01-b3861260865e - - - - - -] Successfully bumped revision number for resource 6d582de8-4344-497b-b456-20b0ef77f1c0 (type: subnets) to 0
2026-05-11 11:57:32.040 9 INFO neutron.api.wsgi [None req-e407cb6e-e38d-4965-82dd-ad3759a871c3 21f213de4a904c03bf20b2f226e2c45a 1c5074aad43e4f538ffabfc416f3d63b - - default default] 10.0.0.95 "POST /v2.0/subnets HTTP/1.1" status: 201 len: 894 time: 0.5638561
2026-05-11 11:57:32.179 10 INFO neutron.api.wsgi [req-270a9a3d-6950-4bff-a434-881cd2f1355e req-b1966a4d-01c9-4f21-a1f4-49e05f29b193 809cf25aef014c70a33575d03438502a 4d84f3a64a514c519958f60461837ded - - default default] 199.204.45.72 "GET /v2.0/networks?id=f896655d-e09e-44c0-b8ba-9c8d4f432d25 HTTP/1.1" status: 200 len: 882 time: 0.1307800
2026-05-11 11:57:32.246 10 INFO neutron.api.wsgi [req-270a9a3d-6950-4bff-a434-881cd2f1355e req-4382ac8b-3309-4e40-9233-d5265b6d1a11 809cf25aef014c70a33575d03438502a 4d84f3a64a514c519958f60461837ded - - default default] 199.204.45.72 "GET /v2.0/security-groups?fields=id&fields=name&tenant_id=4d84f3a64a514c519958f60461837ded HTTP/1.1" status: 200 len: 379 time: 0.0451543
2026-05-11 11:57:32.255 10 WARNING neutron_lib.context [req-270a9a3d-6950-4bff-a434-881cd2f1355e req-5924c486-a295-472d-b479-b8999b283ea3 809cf25aef014c70a33575d03438502a 4d84f3a64a514c519958f60461837ded - - default default] Method 'is_advsvc' is deprecated since 2023.2 release (neutron-lib 3.8.0) and will be removed once support for the old RBAC API policies will be removed from Neutron. Please use method 'is_service_role' instead.
2026-05-11 11:57:32.417 9 WARNING neutron.scheduler.dhcp_agent_scheduler [None req-d6730581-238c-4c3a-a488-c5f79c63d083 21f213de4a904c03bf20b2f226e2c45a 1c5074aad43e4f538ffabfc416f3d63b - - default default] No more DHCP agents
2026-05-11 11:57:32.419 9 WARNING neutron.api.rpc.agentnotifiers.dhcp_rpc_agent_api [None req-d6730581-238c-4c3a-a488-c5f79c63d083 21f213de4a904c03bf20b2f226e2c45a 1c5074aad43e4f538ffabfc416f3d63b - - default default] Unable to schedule network 0d717159-7539-4bff-a424-916c146de2d1: no agents available; will retry on subsequent port and subnet creation events.
2026-05-11 11:57:32.519 9 INFO neutron.db.ovn_revision_numbers_db [None req-d6730581-238c-4c3a-a488-c5f79c63d083 21f213de4a904c03bf20b2f226e2c45a 1c5074aad43e4f538ffabfc416f3d63b - - default default] Successfully bumped revision number for resource 51675819-ab9f-4688-b571-0a08019002b1 (type: ports) to 1
