2026-05-11 12:00:13.792 10 INFO neutron.api.wsgi [None req-768bc2e4-ce48-44ed-8c06-da4510921e42 21f213de4a904c03bf20b2f226e2c45a 1c5074aad43e4f538ffabfc416f3d63b - - default default] 10.0.0.168 "GET /v2.0/floatingips HTTP/1.1" status: 200 len: 1033 time: 0.0405691
2026-05-11 12:00:13.798 10 INFO neutron.api.wsgi [None req-ef37f024-0443-430f-89cc-41b7dd006275 9a4e2b9214d24cb6af2303f7d8eab562 1dcfcaee710f403f835758029f04e121 - - default default] 10.0.0.95 "DELETE /v2.0/routers/e86310b1-3b24-4f34-bd8a-5e5939262711 HTTP/1.1" status: 204 len: 168 time: 0.7643113
2026-05-11 12:00:13.837 10 INFO neutron.api.wsgi [None req-7afbf446-53fa-4181-a5d5-5e201337119a 21f213de4a904c03bf20b2f226e2c45a 1c5074aad43e4f538ffabfc416f3d63b - - default default] 10.0.0.168 "GET /v2.0/subnets HTTP/1.1" status: 200 len: 4169 time: 0.0385971
2026-05-11 12:00:13.854 10 INFO neutron.api.wsgi [None req-45a56a2d-aa72-4bd2-b76f-dfc080ed7882 21f213de4a904c03bf20b2f226e2c45a 1c5074aad43e4f538ffabfc416f3d63b - - default default] 10.0.0.168 "GET /v2.0/network-ip-availabilities HTTP/1.1" status: 200 len: 3335 time: 0.0143356
2026-05-11 12:00:13.912 10 INFO neutron.api.wsgi [None req-96e995a7-0b29-441c-b962-d9cb5bda7d07 21f213de4a904c03bf20b2f226e2c45a 1c5074aad43e4f538ffabfc416f3d63b - - default default] 10.0.0.168 "GET /v2.0/networks HTTP/1.1" status: 200 len: 6019 time: 0.0559900
2026-05-11 12:00:13.968 10 INFO neutron.api.wsgi [None req-1fd4252f-1c32-4b62-8e9f-51b2537f64a9 21f213de4a904c03bf20b2f226e2c45a 1c5074aad43e4f538ffabfc416f3d63b - - default default] 10.0.0.168 "GET /v2.0/security-groups HTTP/1.1" status: 200 len: 32056 time: 0.0510397
2026-05-11 12:00:14.032 9 INFO neutron.plugins.ml2.drivers.ovn.mech_driver.ovsdb.commands [None req-9707413f-8edd-4f64-9359-b738aeae1bb4 - - - - - -] Schedule LRP lrp-7a1346b9-14ed-4594-a146-2b973865a60f on gateway d5737e58-4696-432e-9e87-cb0cb76837e0 with priority 1
2026-05-11 12:00:14.051 10 INFO neutron.api.wsgi [None req-bb0c6952-2d52-465f-863e-7df8f2528216 21f213de4a904c03bf20b2f226e2c45a 1c5074aad43e4f538ffabfc416f3d63b - - default default] 10.0.0.168 "GET /v2.0/ports HTTP/1.1" status: 200 len: 20980 time: 0.0721965
2026-05-11 12:00:14.062 9 INFO neutron.plugins.ml2.drivers.ovn.mech_driver.ovsdb.ovsdb_monitor [None req-7444380b-8b4e-4bee-b370-031521dbeeb5 - - - - - -] Router 3f80d56a-fd22-4b2a-bbd1-8ea5b18dbd6a is bound to host instance
2026-05-11 12:00:14.106 9 INFO neutron.db.ovn_revision_numbers_db [None req-2eee9851-ab5e-4d87-82b7-45d6abdaea71 21f213de4a904c03bf20b2f226e2c45a 1c5074aad43e4f538ffabfc416f3d63b - - default default] Successfully bumped revision number for resource 7a1346b9-14ed-4594-a146-2b973865a60f (type: router_ports) to 1
2026-05-11 12:00:14.116 10 INFO neutron.api.wsgi [req-40b6cb0a-6bb7-4215-a8cf-fe838645a4b1 req-2dd32cc3-48e5-4a99-9e5d-4ad1a0866e7b 94869cf34bb9471fbeec48689e554242 3f4b018bfbae41c1baed3d60b5120346 - - default default] 10.0.0.123 "GET /v2.0/ports?device_id=927f8e0b-6270-4139-a075-e00d8807820d HTTP/1.1" status: 200 len: 1168 time: 0.0646310
2026-05-11 12:00:14.131 10 INFO neutron.api.wsgi [None req-d86965d5-9af9-4123-b644-cb86eb97d436 21f213de4a904c03bf20b2f226e2c45a 1c5074aad43e4f538ffabfc416f3d63b - - default default] 10.0.0.168 "GET /v2.0/subnets HTTP/1.1" status: 200 len: 4169 time: 0.0654395
2026-05-11 12:00:14.151 10 INFO neutron.api.wsgi [None req-a00d4e22-a53b-439f-af9c-effb25d1ae99 21f213de4a904c03bf20b2f226e2c45a 1c5074aad43e4f538ffabfc416f3d63b - - default default] 10.0.0.168 "GET /v2.0/subnetpools HTTP/1.1" status: 200 len: 193 time: 0.0178423
2026-05-11 12:00:14.181 10 INFO neutron.api.wsgi [req-40b6cb0a-6bb7-4215-a8cf-fe838645a4b1 req-5cf06b7e-6bbd-40b9-9170-96d5da109bdc 94869cf34bb9471fbeec48689e554242 3f4b018bfbae41c1baed3d60b5120346 - - default default] 10.0.0.123 "GET /v2.0/security-groups?id=39908fd4-b7f6-48b9-8f56-e5928275521d&fields=id&fields=name HTTP/1.1" status: 200 len: 313 time: 0.0491242
2026-05-11 12:00:14.186 9 INFO neutron.api.wsgi [None req-52308d77-0e58-4526-9ece-2e527f8a779d 5c054dc8f97c49fc9ab48dd44e827c9b f3c757b55ded42ab8129420647217789 - - default default] 10.0.0.95 "POST /v2.0/vpn/vpnservices HTTP/1.1" status: 201 len: 621 time: 0.8199952
2026-05-11 12:00:14.191 9 INFO neutron.db.ovn_revision_numbers_db [None req-2eee9851-ab5e-4d87-82b7-45d6abdaea71 21f213de4a904c03bf20b2f226e2c45a 1c5074aad43e4f538ffabfc416f3d63b - - default default] Successfully bumped revision number for resource 3f80d56a-fd22-4b2a-bbd1-8ea5b18dbd6a (type: routers) to 2
2026-05-11 12:00:14.200 10 WARNING neutron_lib.context [None req-7e6b87b2-411f-451a-b691-6ec6fac3a343 5c054dc8f97c49fc9ab48dd44e827c9b f3c757b55ded42ab8129420647217789 - - default default] Method 'is_advsvc' is deprecated since 2023.2 release (neutron-lib 3.8.0) and will be removed once support for the old RBAC API policies will be removed from Neutron. Please use method 'is_service_role' instead.
2026-05-11 12:00:14.215 9 INFO neutron.api.wsgi [None req-2eee9851-ab5e-4d87-82b7-45d6abdaea71 21f213de4a904c03bf20b2f226e2c45a 1c5074aad43e4f538ffabfc416f3d63b - - default default] 10.0.0.95 "POST /v2.0/routers HTTP/1.1" status: 201 len: 1163 time: 1.9501565
2026-05-11 12:00:14.296 10 INFO neutron.api.wsgi [None req-7e6b87b2-411f-451a-b691-6ec6fac3a343 5c054dc8f97c49fc9ab48dd44e827c9b f3c757b55ded42ab8129420647217789 - - default default] 10.0.0.95 "POST /v2.0/vpn/ikepolicies HTTP/1.1" status: 201 len: 602 time: 0.1004157
2026-05-11 12:00:14.305 10 WARNING neutron_lib.context [None req-10360997-9802-4824-a678-26e652af0f27 5c054dc8f97c49fc9ab48dd44e827c9b f3c757b55ded42ab8129420647217789 - - default default] Method 'is_advsvc' is deprecated since 2023.2 release (neutron-lib 3.8.0) and will be removed once support for the old RBAC API policies will be removed from Neutron. Please use method 'is_service_role' instead.
2026-05-11 12:00:14.374 10 INFO neutron.services.segments.plugin [-] Segment 0026e12c-4b98-4ccb-bf4a-c3938ad4e113 resource provider aggregate not found
2026-05-11 12:00:14.378 10 INFO neutron.api.wsgi [None req-10360997-9802-4824-a678-26e652af0f27 5c054dc8f97c49fc9ab48dd44e827c9b f3c757b55ded42ab8129420647217789 - - default default] 10.0.0.95 "POST /v2.0/vpn/ipsecpolicies HTTP/1.1" status: 201 len: 612 time: 0.0769150
2026-05-11 12:00:14.379 10 INFO neutron.services.segments.plugin [-] Segment 0026e12c-4b98-4ccb-bf4a-c3938ad4e113 resource provider aggregate not found
2026-05-11 12:00:14.392 10 INFO neutron.services.segments.plugin [-] Segment 0026e12c-4b98-4ccb-bf4a-c3938ad4e113 resource provider not found; error: Placement Client Error (4xx): {"errors": [{"status": 404, "title": "Not Found", "detail": "The resource could not be found.\n\n No resource provider with uuid 0026e12c-4b98-4ccb-bf4a-c3938ad4e113 found for delete ", "request_id": "req-5e58a9a0-0dc9-4228-b58a-a5cf94990e2d"}]}
2026-05-11 12:00:14.398 9 WARNING neutron_lib.context [None req-f6fdc3d9-8d88-43b9-ae11-be4435004301 5c054dc8f97c49fc9ab48dd44e827c9b f3c757b55ded42ab8129420647217789 - - default default] Method 'is_advsvc' is deprecated since 2023.2 release (neutron-lib 3.8.0) and will be removed once support for the old RBAC API policies will be removed from Neutron. Please use method 'is_service_role' instead.
2026-05-11 12:00:14.409 10 INFO neutron.services.segments.plugin [-] Segment 0026e12c-4b98-4ccb-bf4a-c3938ad4e113 resource provider not found; error: Placement Client Error (4xx): {"errors": [{"status": 404, "title": "Not Found", "detail": "The resource could not be found.\n\n No resource provider with uuid 0026e12c-4b98-4ccb-bf4a-c3938ad4e113 found for delete ", "request_id": "req-dd52afc7-ce1b-4ca5-be87-ba672b8f2b57"}]}
2026-05-11 12:00:14.423 10 INFO neutron.api.wsgi [None req-243a63d1-a941-43a8-9cf4-6356306e329a 9a4e2b9214d24cb6af2303f7d8eab562 1dcfcaee710f403f835758029f04e121 - - default default] 10.0.0.95 "DELETE /v2.0/networks/63676d93-8aba-4cf5-8806-18633dc0690e HTTP/1.1" status: 204 len: 168 time: 0.6167896
2026-05-11 12:00:14.474 9 INFO neutron.api.wsgi [None req-f6fdc3d9-8d88-43b9-ae11-be4435004301 5c054dc8f97c49fc9ab48dd44e827c9b f3c757b55ded42ab8129420647217789 - - default default] 10.0.0.95 "POST /v2.0/vpn/endpoint-groups HTTP/1.1" status: 201 len: 524 time: 0.0837734
2026-05-11 12:00:14.481 9 WARNING neutron_lib.context [None req-bf7e3472-95cc-43d6-8df0-e7221e3be3ad 5c054dc8f97c49fc9ab48dd44e827c9b f3c757b55ded42ab8129420647217789 - - default default] Method 'is_advsvc' is deprecated since 2023.2 release (neutron-lib 3.8.0) and will be removed once support for the old RBAC API policies will be removed from Neutron. Please use method 'is_service_role' instead.
2026-05-11 12:00:14.538 9 INFO neutron.api.wsgi [None req-bf7e3472-95cc-43d6-8df0-e7221e3be3ad 5c054dc8f97c49fc9ab48dd44e827c9b f3c757b55ded42ab8129420647217789 - - default default] 10.0.0.95 "POST /v2.0/vpn/endpoint-groups HTTP/1.1" status: 201 len: 519 time: 0.0607064
2026-05-11 12:00:14.558 10 WARNING neutron_lib.context [None req-ac75b18a-d6a7-46ee-9e6c-39120ec40cba 5c054dc8f97c49fc9ab48dd44e827c9b f3c757b55ded42ab8129420647217789 - - default default] Method 'is_advsvc' is deprecated since 2023.2 release (neutron-lib 3.8.0) and will be removed once support for the old RBAC API policies will be removed from Neutron. Please use method 'is_service_role' instead.
2026-05-11 12:00:14.601 9 INFO neutron.db.ovn_revision_numbers_db [None req-21d16b6b-ba85-421f-8f5f-4ca64439c33c - - - - - -] Successfully bumped revision number for resource 7a1346b9-14ed-4594-a146-2b973865a60f (type: ports) to 1
2026-05-11 12:00:14.868 10 WARNING neutron.scheduler.dhcp_agent_scheduler [None req-d232cee5-67f3-4232-80cd-27e4eaf827cf 21f213de4a904c03bf20b2f226e2c45a 1c5074aad43e4f538ffabfc416f3d63b - - default default] No more DHCP agents
2026-05-11 12:00:14.871 10 WARNING neutron.api.rpc.agentnotifiers.dhcp_rpc_agent_api [None req-d232cee5-67f3-4232-80cd-27e4eaf827cf 21f213de4a904c03bf20b2f226e2c45a 1c5074aad43e4f538ffabfc416f3d63b - - default default] Unable to schedule network 720c0e36-7e50-4162-9d21-dcfa7dace457: no agents available; will retry on subsequent port and subnet creation events.
2026-05-11 12:00:14.916 9 INFO neutron.db.ovn_revision_numbers_db [None req-21d16b6b-ba85-421f-8f5f-4ca64439c33c - - - - - -] Successfully bumped revision number for resource 7a1346b9-14ed-4594-a146-2b973865a60f (type: ports) to 4
2026-05-11 12:00:15.036 10 INFO neutron.db.ovn_revision_numbers_db [None req-d232cee5-67f3-4232-80cd-27e4eaf827cf 21f213de4a904c03bf20b2f226e2c45a 1c5074aad43e4f538ffabfc416f3d63b - - default default] Successfully bumped revision number for resource f0c2cc10-29c4-493f-b5db-717b37901fc2 (type: ports) to 1
2026-05-11 12:00:15.186 9 INFO neutron.db.ovn_revision_numbers_db [None req-21d16b6b-ba85-421f-8f5f-4ca64439c33c - - - - - -] Successfully bumped revision number for resource 7a1346b9-14ed-4594-a146-2b973865a60f (type: ports) to 5
2026-05-11 12:00:15.383 9 INFO neutron.api.wsgi [req-6a2be251-4c0c-4298-824c-ef29965bb6f6 req-0fa4cbfa-80ea-4cb2-a27d-390642dbd700 94869cf34bb9471fbeec48689e554242 3f4b018bfbae41c1baed3d60b5120346 - - default default] 10.0.0.123 "GET /v2.0/ports?device_id=927f8e0b-6270-4139-a075-e00d8807820d HTTP/1.1" status: 200 len: 1168 time: 0.1297011
2026-05-11 12:00:15.396 10 INFO neutron.db.ovn_revision_numbers_db [None req-ac75b18a-d6a7-46ee-9e6c-39120ec40cba 5c054dc8f97c49fc9ab48dd44e827c9b f3c757b55ded42ab8129420647217789 - - default default] Successfully bumped revision number for resource 71eca249-f8dc-4476-bcb2-553e390d1d0a (type: routers) to 5
2026-05-11 12:00:15.444 10 INFO neutron.api.wsgi [None req-ac75b18a-d6a7-46ee-9e6c-39120ec40cba 5c054dc8f97c49fc9ab48dd44e827c9b f3c757b55ded42ab8129420647217789 - - default default] 10.0.0.95 "POST /v2.0/vpn/ipsec-site-connections HTTP/1.1" status: 201 len: 999 time: 0.8919311
2026-05-11 12:00:15.446 9 INFO neutron.db.ovn_revision_numbers_db [None req-b940f110-4064-458c-9f4b-8c88ce6db2ea 21f213de4a904c03bf20b2f226e2c45a 1c5074aad43e4f538ffabfc416f3d63b - - default default] Successfully bumped revision number for resource 61836b2a-a90b-447f-b12e-3e5113117d17 (type: security_groups) to 1
2026-05-11 12:00:15.456 9 INFO neutron.api.wsgi [req-6a2be251-4c0c-4298-824c-ef29965bb6f6 req-ee6eedcf-bd86-4f11-a2db-9d398656de2f 94869cf34bb9471fbeec48689e554242 3f4b018bfbae41c1baed3d60b5120346 - - default default] 10.0.0.123 "GET /v2.0/security-groups?id=39908fd4-b7f6-48b9-8f56-e5928275521d&fields=id&fields=name HTTP/1.1" status: 200 len: 313 time: 0.0647831
2026-05-11 12:00:15.461 10 WARNING neutron_lib.context [None req-61605a9a-28d2-4efa-a29e-4352cfbb335b 5c054dc8f97c49fc9ab48dd44e827c9b f3c757b55ded42ab8129420647217789 - - default default] Method 'is_advsvc' is deprecated since 2023.2 release (neutron-lib 3.8.0) and will be removed once support for the old RBAC API policies will be removed from Neutron. Please use method 'is_service_role' instead.
2026-05-11 12:00:15.463 9 INFO neutron.db.ovn_revision_numbers_db [None req-b940f110-4064-458c-9f4b-8c88ce6db2ea 21f213de4a904c03bf20b2f226e2c45a 1c5074aad43e4f538ffabfc416f3d63b - - default default] Successfully bumped revision number for resource 68f656f0-14a3-48cf-a369-7506f0a02adc (type: security_group_rules) to 0
2026-05-11 12:00:15.480 9 INFO neutron.db.ovn_revision_numbers_db [None req-b940f110-4064-458c-9f4b-8c88ce6db2ea 21f213de4a904c03bf20b2f226e2c45a 1c5074aad43e4f538ffabfc416f3d63b - - default default] Successfully bumped revision number for resource 726162a0-2b2d-42dd-8719-d8487879efd9 (type: security_group_rules) to 0
2026-05-11 12:00:15.496 9 INFO neutron.db.ovn_revision_numbers_db [None req-b940f110-4064-458c-9f4b-8c88ce6db2ea 21f213de4a904c03bf20b2f226e2c45a 1c5074aad43e4f538ffabfc416f3d63b - - default default] Successfully bumped revision number for resource 89ecb787-b92d-4279-85f3-a19914955e4c (type: security_group_rules) to 0
2026-05-11 12:00:15.502 10 INFO neutron.api.wsgi [None req-61605a9a-28d2-4efa-a29e-4352cfbb335b 5c054dc8f97c49fc9ab48dd44e827c9b f3c757b55ded42ab8129420647217789 - - default default] 10.0.0.95 "POST /v2.0/vpn/endpoint-groups HTTP/1.1" status: 201 len: 489 time: 0.0507984
2026-05-11 12:00:15.508 9 INFO neutron.db.ovn_revision_numbers_db [None req-b940f110-4064-458c-9f4b-8c88ce6db2ea 21f213de4a904c03bf20b2f226e2c45a 1c5074aad43e4f538ffabfc416f3d63b - - default default] Successfully bumped revision number for resource d2ca9276-d695-4fba-9f1c-b7fb24f8edd0 (type: security_group_rules) to 0
2026-05-11 12:00:15.547 9 INFO neutron.api.wsgi [None req-852bf69a-1a48-4a7d-9499-cddbb3c844a2 5c054dc8f97c49fc9ab48dd44e827c9b f3c757b55ded42ab8129420647217789 - - default default] 10.0.0.95 "DELETE /v2.0/vpn/endpoint-groups/27f20b4d-7f4f-4128-9764-c9ba11d32fd0 HTTP/1.1" status: 204 len: 168 time: 0.0368891
2026-05-11 12:00:15.557 9 INFO neutron.api.wsgi [None req-b940f110-4064-458c-9f4b-8c88ce6db2ea 21f213de4a904c03bf20b2f226e2c45a 1c5074aad43e4f538ffabfc416f3d63b - - default default] 10.0.0.95 "GET /v2.0/security-groups?tenant_id=b7cd30196dee4151a3d7258c023410b5&name=default HTTP/1.1" status: 200 len: 3120 time: 0.4167650
2026-05-11 12:00:15.562 10 INFO neutron.api.wsgi [None req-0b1f0a7a-4f72-47da-8661-bd678b05820d 5c054dc8f97c49fc9ab48dd44e827c9b f3c757b55ded42ab8129420647217789 - - default default] 10.0.0.95 "GET /v2.0/vpn/endpoint-groups HTTP/1.1" status: 200 len: 824 time: 0.0108252
2026-05-11 12:00:15.577 10 INFO neutron.api.wsgi [None req-7e1484ab-f4a9-4f4e-b2bc-b819a31b2086 5c054dc8f97c49fc9ab48dd44e827c9b f3c757b55ded42ab8129420647217789 - - default default] 10.0.0.95 "GET /v2.0/vpn/endpoint-groups HTTP/1.1" status: 200 len: 824 time: 0.0091157
2026-05-11 12:00:15.651 9 INFO neutron.plugins.ml2.drivers.ovn.mech_driver.mech_driver [None req-220e4a1c-883d-4a5c-9c51-96bb56569f64 - - - - - -] OVN reports status up for port: f0c2cc10-29c4-493f-b5db-717b37901fc2
2026-05-11 12:00:15.662 9 INFO neutron.plugins.ml2.plugin [None req-220e4a1c-883d-4a5c-9c51-96bb56569f64 - - - - - -] Attempt 1 to provision port f0c2cc10-29c4-493f-b5db-717b37901fc2
2026-05-11 12:00:15.671 10 INFO neutron.db.ovn_revision_numbers_db [None req-d232cee5-67f3-4232-80cd-27e4eaf827cf 21f213de4a904c03bf20b2f226e2c45a 1c5074aad43e4f538ffabfc416f3d63b - - default default] Successfully bumped revision number for resource f0c2cc10-29c4-493f-b5db-717b37901fc2 (type: ports) to 1
2026-05-11 12:00:15.715 10 WARNING neutron.scheduler.dhcp_agent_scheduler [None req-d232cee5-67f3-4232-80cd-27e4eaf827cf 21f213de4a904c03bf20b2f226e2c45a 1c5074aad43e4f538ffabfc416f3d63b - - default default] No more DHCP agents
2026-05-11 12:00:15.716 10 WARNING neutron.api.rpc.agentnotifiers.dhcp_rpc_agent_api [None req-d232cee5-67f3-4232-80cd-27e4eaf827cf 21f213de4a904c03bf20b2f226e2c45a 1c5074aad43e4f538ffabfc416f3d63b - - default default] Unable to schedule network 720c0e36-7e50-4162-9d21-dcfa7dace457: no agents available; will retry on subsequent port and subnet creation events.
2026-05-11 12:00:15.844 9 INFO neutron.api.wsgi [None req-d5d55cdb-c632-4943-a2d3-6f29a8618e26 21f213de4a904c03bf20b2f226e2c45a 1c5074aad43e4f538ffabfc416f3d63b - - default default] 10.0.0.95 "DELETE /v2.0/security-groups/61836b2a-a90b-447f-b12e-3e5113117d17 HTTP/1.1" status: 204 len: 168 time: 0.2811210
2026-05-11 12:00:16.052 9 INFO neutron.api.wsgi [None req-8169da5b-0529-46ab-9ed8-7efc71a107f5 21f213de4a904c03bf20b2f226e2c45a 1c5074aad43e4f538ffabfc416f3d63b - - default default] 10.0.0.95 "GET /v2.0/security-groups?tenant_id=1dcfcaee710f403f835758029f04e121&name=default HTTP/1.1" status: 200 len: 3120 time: 0.0376353
2026-05-11 12:00:16.062 9 INFO neutron.db.ovn_revision_numbers_db [None req-220e4a1c-883d-4a5c-9c51-96bb56569f64 - - - - - -] Successfully bumped revision number for resource f0c2cc10-29c4-493f-b5db-717b37901fc2 (type: ports) to 2
2026-05-11 12:00:16.247 9 INFO neutron.api.wsgi [None req-b6f5433c-b10f-41c8-818e-de65bf454e6a bc72b9340e1b4ec19bc25e25cc5c3550 bde7fb105c5443a3b2c04c7a103fb825 - - default default] 10.0.0.95 "POST /v2.0/vpn/ikepolicies HTTP/1.1" status: 201 len: 601 time: 0.2457786
2026-05-11 12:00:16.267 9 INFO neutron.api.wsgi [None req-0853c679-f7f3-4b82-bf85-b658ce2f2afc 5c054dc8f97c49fc9ab48dd44e827c9b f3c757b55ded42ab8129420647217789 - - default default] 10.0.0.95 "GET /v2.0/vpn/ikepolicies HTTP/1.1" status: 200 len: 990 time: 0.0118883
2026-05-11 12:00:16.274 9 INFO neutron.api.wsgi [None req-88373589-53e4-4385-a456-3c86ebc2cacd 21f213de4a904c03bf20b2f226e2c45a 1c5074aad43e4f538ffabfc416f3d63b - - default default] 10.0.0.95 "DELETE /v2.0/security-groups/b897f397-4b9d-4cda-b3e0-bb4da6461c75 HTTP/1.1" status: 204 len: 168 time: 0.2157452
2026-05-11 12:00:16.311 10 INFO neutron.api.wsgi [None req-0d2b1961-7738-4dc5-992e-fc52c928e9c0 bc72b9340e1b4ec19bc25e25cc5c3550 bde7fb105c5443a3b2c04c7a103fb825 - - default default] 10.0.0.95 "DELETE /v2.0/vpn/ikepolicies/5934dd13-368e-4596-8d50-3f001f88d06d HTTP/1.1" status: 204 len: 168 time: 0.0378954
2026-05-11 12:00:16.358 10 INFO neutron.db.ovn_revision_numbers_db [None req-d232cee5-67f3-4232-80cd-27e4eaf827cf 21f213de4a904c03bf20b2f226e2c45a 1c5074aad43e4f538ffabfc416f3d63b - - default default] Successfully bumped revision number for resource f0c2cc10-29c4-493f-b5db-717b37901fc2 (type: router_ports) to 1
2026-05-11 12:00:16.362 10 INFO neutron.api.wsgi [None req-d232cee5-67f3-4232-80cd-27e4eaf827cf 21f213de4a904c03bf20b2f226e2c45a 1c5074aad43e4f538ffabfc416f3d63b - - default default] 10.0.0.95 "PUT /v2.0/routers/3f80d56a-fd22-4b2a-bbd1-8ea5b18dbd6a/add_router_interface HTTP/1.1" status: 200 len: 503 time: 2.1400254
2026-05-11 12:00:16.372 9 INFO neutron.api.wsgi [None req-f73092f3-8794-4641-81fd-4951a2ee58c4 bc72b9340e1b4ec19bc25e25cc5c3550 bde7fb105c5443a3b2c04c7a103fb825 - - default default] 10.0.0.95 "POST /v2.0/vpn/ipsecpolicies HTTP/1.1" status: 201 len: 610 time: 0.0564973
2026-05-11 12:00:16.395 10 INFO neutron.api.wsgi [None req-4fb838c0-8a8e-4b3f-98ff-1feb5b6b5fea 5c054dc8f97c49fc9ab48dd44e827c9b f3c757b55ded42ab8129420647217789 - - default default] 10.0.0.95 "GET /v2.0/vpn/ipsecpolicies HTTP/1.1" status: 200 len: 1007 time: 0.0175340
2026-05-11 12:00:16.431 10 INFO neutron.api.wsgi [None req-c887af50-e185-43bb-b59c-6e2d8f0394c7 bc72b9340e1b4ec19bc25e25cc5c3550 bde7fb105c5443a3b2c04c7a103fb825 - - default default] 10.0.0.95 "DELETE /v2.0/vpn/ipsecpolicies/192ef4a6-fc62-4e1a-8299-73b815e72354 HTTP/1.1" status: 204 len: 168 time: 0.0309319
2026-05-11 12:00:16.442 10 WARNING neutron_lib.context [None req-fd855876-77a9-444e-9cd1-bd1901532e5e 5c054dc8f97c49fc9ab48dd44e827c9b f3c757b55ded42ab8129420647217789 - - default default] Method 'is_advsvc' is deprecated since 2023.2 release (neutron-lib 3.8.0) and will be removed once support for the old RBAC API policies will be removed from Neutron. Please use method 'is_service_role' instead.
2026-05-11 12:00:16.551 10 INFO neutron.db.segments_db [None req-fd855876-77a9-444e-9cd1-bd1901532e5e 5c054dc8f97c49fc9ab48dd44e827c9b f3c757b55ded42ab8129420647217789 - - default default] Added segment f3d8f734-798b-4861-9821-4d49f2135733 of type geneve for network 7c3dc132-7733-4f7f-9424-792114cc0806
2026-05-11 12:00:16.676 10 INFO neutron.db.ovn_revision_numbers_db [None req-fd855876-77a9-444e-9cd1-bd1901532e5e 5c054dc8f97c49fc9ab48dd44e827c9b f3c757b55ded42ab8129420647217789 - - default default] Successfully bumped revision number for resource 7c3dc132-7733-4f7f-9424-792114cc0806 (type: networks) to 1
2026-05-11 12:00:16.872 10 WARNING neutron.scheduler.dhcp_agent_scheduler [None req-fd855876-77a9-444e-9cd1-bd1901532e5e 5c054dc8f97c49fc9ab48dd44e827c9b f3c757b55ded42ab8129420647217789 - - default default] No more DHCP agents
2026-05-11 12:00:16.874 10 WARNING neutron.api.rpc.agentnotifiers.dhcp_rpc_agent_api [None req-fd855876-77a9-444e-9cd1-bd1901532e5e 5c054dc8f97c49fc9ab48dd44e827c9b f3c757b55ded42ab8129420647217789 - - default default] Unable to schedule network 7c3dc132-7733-4f7f-9424-792114cc0806: no agents available; will retry on subsequent port and subnet creation events.
2026-05-11 12:00:16.973 10 INFO neutron.db.ovn_revision_numbers_db [None req-fd855876-77a9-444e-9cd1-bd1901532e5e 5c054dc8f97c49fc9ab48dd44e827c9b f3c757b55ded42ab8129420647217789 - - default default] Successfully bumped revision number for resource a30b4be7-22d8-4e08-9691-c9c1596c4a22 (type: ports) to 1
2026-05-11 12:00:17.014 10 INFO neutron.api.wsgi [None req-fd855876-77a9-444e-9cd1-bd1901532e5e 5c054dc8f97c49fc9ab48dd44e827c9b f3c757b55ded42ab8129420647217789 - - default default] 10.0.0.95 "POST /v2.0/networks HTTP/1.1" status: 201 len: 831 time: 0.5753291
2026-05-11 12:00:17.025 9 WARNING neutron_lib.context [None req-6dc36bf9-51f5-4acc-9445-d6f55b8961bb 5c054dc8f97c49fc9ab48dd44e827c9b f3c757b55ded42ab8129420647217789 - - default default] Method 'is_advsvc' is deprecated since 2023.2 release (neutron-lib 3.8.0) and will be removed once support for the old RBAC API policies will be removed from Neutron. Please use method 'is_service_role' instead.
2026-05-11 12:00:17.262 9 WARNING neutron.scheduler.dhcp_agent_scheduler [None req-6dc36bf9-51f5-4acc-9445-d6f55b8961bb 5c054dc8f97c49fc9ab48dd44e827c9b f3c757b55ded42ab8129420647217789 - - default default] No more DHCP agents
2026-05-11 12:00:17.263 9 WARNING neutron.api.rpc.agentnotifiers.dhcp_rpc_agent_api [None req-6dc36bf9-51f5-4acc-9445-d6f55b8961bb 5c054dc8f97c49fc9ab48dd44e827c9b f3c757b55ded42ab8129420647217789 - - default default] Unable to schedule network 7c3dc132-7733-4f7f-9424-792114cc0806: no agents available; will retry on subsequent port and subnet creation events.
2026-05-11 12:00:17.475 10 WARNING neutron.plugins.ml2.drivers.ovn.mech_driver.ovsdb.ovn_client [None req-f5a7e7d0-4c47-455e-8676-b574bcfc9586 - - - - - -] No hosting information found for port 5122e9c5-f501-4891-b5d2-2880f6e37b78: RuntimeError: No hosting information found for port 5122e9c5-f501-4891-b5d2-2880f6e37b78
2026-05-11 12:00:17.555 10 INFO neutron.db.ovn_revision_numbers_db [None req-f5a7e7d0-4c47-455e-8676-b574bcfc9586 - - - - - -] Successfully bumped revision number for resource 5122e9c5-f501-4891-b5d2-2880f6e37b78 (type: router_ports) to 2
2026-05-11 12:00:17.555 10 INFO neutron.plugins.ml2.drivers.ovn.mech_driver.mech_driver [None req-f5a7e7d0-4c47-455e-8676-b574bcfc9586 - - - - - -] OVN reports status up for port: c7972640-73d2-40f6-b098-2eeaefd50e8d
2026-05-11 12:00:17.563 10 INFO neutron.plugins.ml2.plugin [None req-f5a7e7d0-4c47-455e-8676-b574bcfc9586 - - - - - -] Attempt 1 to provision port c7972640-73d2-40f6-b098-2eeaefd50e8d
2026-05-11 12:00:17.678 9 INFO neutron.db.ovn_revision_numbers_db [None req-aa76313a-57c7-43e1-99fc-2d2e7adfa9c5 - - - - - -] Successfully bumped revision number for resource a30b4be7-22d8-4e08-9691-c9c1596c4a22 (type: ports) to 2
2026-05-11 12:00:17.688 10 INFO neutron.notifiers.nova [-] Nova event matching ['req-1909784e-2966-40d4-a2c8-7ca5a46b3413'] response: {'server_uuid': '927f8e0b-6270-4139-a075-e00d8807820d', 'name': 'network-vif-plugged', 'status': 'completed', 'tag': 'c7972640-73d2-40f6-b098-2eeaefd50e8d', 'code': 200}
2026-05-11 12:00:17.703 9 INFO neutron.db.ovn_revision_numbers_db [None req-aa76313a-57c7-43e1-99fc-2d2e7adfa9c5 - - - - - -] Successfully bumped revision number for resource a1434281-59ff-4a4a-8421-8ad160c1e468 (type: subnets) to 0
2026-05-11 12:00:17.715 9 INFO neutron.api.wsgi [None req-6dc36bf9-51f5-4acc-9445-d6f55b8961bb 5c054dc8f97c49fc9ab48dd44e827c9b f3c757b55ded42ab8129420647217789 - - default default] 10.0.0.95 "POST /v2.0/subnets HTTP/1.1" status: 201 len: 828 time: 0.6943026
2026-05-11 12:00:17.725 9 WARNING neutron_lib.context [None req-bd2b0cb0-a1ea-4d06-ad5c-2a9115448f06 5c054dc8f97c49fc9ab48dd44e827c9b f3c757b55ded42ab8129420647217789 - - default default] Method 'is_advsvc' is deprecated since 2023.2 release (neutron-lib 3.8.0) and will be removed once support for the old RBAC API policies will be removed from Neutron. Please use method 'is_service_role' instead.
2026-05-11 12:00:17.778 10 INFO neutron.db.ovn_revision_numbers_db [None req-f5a7e7d0-4c47-455e-8676-b574bcfc9586 - - - - - -] Successfully bumped revision number for resource c7972640-73d2-40f6-b098-2eeaefd50e8d (type: ports) to 7
2026-05-11 12:00:17.837 10 INFO neutron.plugins.ml2.drivers.ovn.mech_driver.mech_driver [None req-41a95ebb-787a-42aa-9bc3-1b83c5b88e22 - - - - - -] OVN reports status up for port: 7a1346b9-14ed-4594-a146-2b973865a60f
2026-05-11 12:00:17.846 10 INFO neutron.plugins.ml2.plugin [None req-41a95ebb-787a-42aa-9bc3-1b83c5b88e22 - - - - - -] Attempt 1 to provision port 7a1346b9-14ed-4594-a146-2b973865a60f
2026-05-11 12:00:18.087 9 WARNING neutron.scheduler.dhcp_agent_scheduler [None req-bd2b0cb0-a1ea-4d06-ad5c-2a9115448f06 5c054dc8f97c49fc9ab48dd44e827c9b f3c757b55ded42ab8129420647217789 - - default default] No more DHCP agents
2026-05-11 12:00:18.088 9 WARNING neutron.api.rpc.agentnotifiers.dhcp_rpc_agent_api [None req-bd2b0cb0-a1ea-4d06-ad5c-2a9115448f06 5c054dc8f97c49fc9ab48dd44e827c9b f3c757b55ded42ab8129420647217789 - - default default] Unable to schedule network 0d717159-7539-4bff-a424-916c146de2d1: no agents available; will retry on subsequent port and subnet creation events.
2026-05-11 12:00:18.225 9 INFO neutron.db.ovn_revision_numbers_db [None req-bd2b0cb0-a1ea-4d06-ad5c-2a9115448f06 5c054dc8f97c49fc9ab48dd44e827c9b f3c757b55ded42ab8129420647217789 - - default default] Successfully bumped revision number for resource 2c760f44-6aca-48ba-a9e3-2d76555bf4b7 (type: ports) to 1
2026-05-11 12:00:18.782 9 INFO neutron.api.wsgi [req-88c50657-43d5-4486-bbb3-8cf21a95aa1a req-d640d739-bfd7-4491-974d-695cbef6ef09 e64e8c32122b4dc280000e3cb3964019 99ff9b1ca5d24c7e8ab4f8a42e8f11bc - - default default] 10.0.0.123 "GET /v2.0/networks?id=720c0e36-7e50-4162-9d21-dcfa7dace457 HTTP/1.1" status: 200 len: 870 time: 0.0477602
2026-05-11 12:00:18.800 9 INFO neutron.api.wsgi [req-88c50657-43d5-4486-bbb3-8cf21a95aa1a req-e7022462-ee89-46af-a596-6127957093cc e64e8c32122b4dc280000e3cb3964019 99ff9b1ca5d24c7e8ab4f8a42e8f11bc - - default default] 10.0.0.123 "GET /v2.0/quotas/99ff9b1ca5d24c7e8ab4f8a42e8f11bc HTTP/1.1" status: 200 len: 491 time: 0.0106919
2026-05-11 12:00:18.833 9 INFO neutron.plugins.ml2.drivers.ovn.mech_driver.ovsdb.commands [None req-9707413f-8edd-4f64-9359-b738aeae1bb4 - - - - - -] Schedule LRP lrp-2c760f44-6aca-48ba-a9e3-2d76555bf4b7 on gateway d5737e58-4696-432e-9e87-cb0cb76837e0 with priority 1
2026-05-11 12:00:18.881 9 INFO neutron.db.ovn_revision_numbers_db [None req-bd2b0cb0-a1ea-4d06-ad5c-2a9115448f06 5c054dc8f97c49fc9ab48dd44e827c9b f3c757b55ded42ab8129420647217789 - - default default] Successfully bumped revision number for resource 2c760f44-6aca-48ba-a9e3-2d76555bf4b7 (type: router_ports) to 1
2026-05-11 12:00:18.898 9 INFO neutron.api.wsgi [req-88c50657-43d5-4486-bbb3-8cf21a95aa1a req-16e8e5ec-e4e4-41ff-8fd3-845315884718 e64e8c32122b4dc280000e3cb3964019 99ff9b1ca5d24c7e8ab4f8a42e8f11bc - - default default] 10.0.0.123 "GET /v2.0/ports?tenant_id=99ff9b1ca5d24c7e8ab4f8a42e8f11bc&fields=id HTTP/1.1" status: 200 len: 302 time: 0.0912509
2026-05-11 12:00:18.953 9 INFO neutron.api.wsgi [req-88c50657-43d5-4486-bbb3-8cf21a95aa1a req-9bc895aa-ff2f-4d92-95dc-f4a2476575b3 38d510e7a3fd4a80907efb70012546ca c38a8d7371ab450cbb258205ee89a7fd - - e4896e14d21a4d678fd41e97fb08e427 e4896e14d21a4d678fd41e97fb08e427] 10.0.0.123 "GET /v2.0/networks/720c0e36-7e50-4162-9d21-dcfa7dace457?fields=segments HTTP/1.1" status: 200 len: 212 time: 0.0417712
2026-05-11 12:00:18.954 9 INFO neutron.db.ovn_revision_numbers_db [None req-bd2b0cb0-a1ea-4d06-ad5c-2a9115448f06 5c054dc8f97c49fc9ab48dd44e827c9b f3c757b55ded42ab8129420647217789 - - default default] Successfully bumped revision number for resource 3cab5d62-d46a-4ede-b741-3bb898d0f996 (type: routers) to 2
2026-05-11 12:00:18.970 9 INFO neutron.api.wsgi [None req-bd2b0cb0-a1ea-4d06-ad5c-2a9115448f06 5c054dc8f97c49fc9ab48dd44e827c9b f3c757b55ded42ab8129420647217789 - - default default] 10.0.0.95 "POST /v2.0/routers HTTP/1.1" status: 201 len: 1136 time: 1.2507198 /var/lib/openstack/lib/python3.12/site-packages/pycadf/identifier.py:71: UserWarning: Invalid uuid: neutron. To ensure interoperability, identifiers should be a valid uuid. warnings.warn(('Invalid uuid: %s. To ensure interoperability, '
2026-05-11 12:00:18.999 9 INFO neutron.api.wsgi [req-88c50657-43d5-4486-bbb3-8cf21a95aa1a req-a72a0479-4be8-4649-a568-3079153afc01 38d510e7a3fd4a80907efb70012546ca c38a8d7371ab450cbb258205ee89a7fd - - e4896e14d21a4d678fd41e97fb08e427 e4896e14d21a4d678fd41e97fb08e427] 10.0.0.123 "GET /v2.0/networks/720c0e36-7e50-4162-9d21-dcfa7dace457?fields=provider%3Aphysical_network&fields=provider%3Anetwork_type HTTP/1.1" status: 200 len: 277 time: 0.0386932
2026-05-11 12:00:19.169 10 INFO neutron.api.wsgi [req-c7c88918-7aad-49a6-90b3-5e8a1ce9346a req-f52a2e26-0090-41a1-85d8-83b7a87f32ad e64e8c32122b4dc280000e3cb3964019 99ff9b1ca5d24c7e8ab4f8a42e8f11bc - - default default] 10.0.0.123 "GET /v2.0/ports?device_id=bb78f6e4-dcdc-468a-a8e4-aaf11458a518 HTTP/1.1" status: 200 len: 210 time: 0.0521951
2026-05-11 12:00:19.813 10 INFO neutron.notifiers.nova [-] Nova event matching ['req-57f75d3b-e6c2-41b3-bd81-c1225eff6682'] response: {'server_uuid': '927f8e0b-6270-4139-a075-e00d8807820d', 'name': 'network-vif-plugged', 'status': 'completed', 'tag': 'c7972640-73d2-40f6-b098-2eeaefd50e8d', 'code': 200}
2026-05-11 12:00:19.899 10 WARNING neutron.scheduler.dhcp_agent_scheduler [None req-61c16133-24cc-4560-a19f-060746b1d8c4 5c054dc8f97c49fc9ab48dd44e827c9b f3c757b55ded42ab8129420647217789 - - default default] No more DHCP agents
2026-05-11 12:00:19.900 10 WARNING neutron.api.rpc.agentnotifiers.dhcp_rpc_agent_api [None req-61c16133-24cc-4560-a19f-060746b1d8c4 5c054dc8f97c49fc9ab48dd44e827c9b f3c757b55ded42ab8129420647217789 - - default default] Unable to schedule network 7c3dc132-7733-4f7f-9424-792114cc0806: no agents available; will retry on subsequent port and subnet creation events.
2026-05-11 12:00:20.020 10 INFO neutron.db.ovn_revision_numbers_db [None req-61c16133-24cc-4560-a19f-060746b1d8c4 5c054dc8f97c49fc9ab48dd44e827c9b f3c757b55ded42ab8129420647217789 - - default default] Successfully bumped revision number for resource 0566e275-b33f-4dd5-a299-84544cabf4d6 (type: ports) to 1
2026-05-11 12:00:20.289 10 INFO neutron.api.wsgi [req-0e63a196-0c53-4a66-a4e4-4fe1983d2960 req-145c2add-f888-4744-864f-2ed00aefb139 e64e8c32122b4dc280000e3cb3964019 99ff9b1ca5d24c7e8ab4f8a42e8f11bc - - default default] 10.0.0.123 "GET /v2.0/ports?device_id=bb78f6e4-dcdc-468a-a8e4-aaf11458a518 HTTP/1.1" status: 200 len: 210 time: 0.0295224
2026-05-11 12:00:20.514 10 INFO neutron.plugins.ml2.drivers.ovn.mech_driver.mech_driver [None req-41a95ebb-787a-42aa-9bc3-1b83c5b88e22 - - - - - -] OVN reports status up for port: 532016d4-b931-436e-89f6-9b626494b184
2026-05-11 12:00:20.530 10 INFO neutron.plugins.ml2.plugin [None req-41a95ebb-787a-42aa-9bc3-1b83c5b88e22 - - - - - -] Attempt 1 to provision port 532016d4-b931-436e-89f6-9b626494b184
2026-05-11 12:00:20.548 9 WARNING neutron.plugins.ml2.drivers.ovn.mech_driver.ovsdb.ovn_client [None req-3a84ef50-b0e0-4a63-8054-f29e4cf40c0c - - - - - -] No hosting information found for port f0c2cc10-29c4-493f-b5db-717b37901fc2: RuntimeError: No hosting information found for port f0c2cc10-29c4-493f-b5db-717b37901fc2
2026-05-11 12:00:20.617 9 INFO neutron.db.ovn_revision_numbers_db [None req-3a84ef50-b0e0-4a63-8054-f29e4cf40c0c - - - - - -] Successfully bumped revision number for resource f0c2cc10-29c4-493f-b5db-717b37901fc2 (type: router_ports) to 2
2026-05-11 12:00:20.618 9 INFO neutron.plugins.ml2.drivers.ovn.mech_driver.mech_driver [None req-3a84ef50-b0e0-4a63-8054-f29e4cf40c0c - - - - - -] OVN reports status up for port: 2c760f44-6aca-48ba-a9e3-2d76555bf4b7
2026-05-11 12:00:20.624 9 INFO neutron.plugins.ml2.plugin [None req-3a84ef50-b0e0-4a63-8054-f29e4cf40c0c - - - - - -] Attempt 1 to provision port 2c760f44-6aca-48ba-a9e3-2d76555bf4b7
2026-05-11 12:00:20.729 10 INFO neutron.db.ovn_revision_numbers_db [None req-61c16133-24cc-4560-a19f-060746b1d8c4 5c054dc8f97c49fc9ab48dd44e827c9b f3c757b55ded42ab8129420647217789 - - default default] Successfully bumped revision number for resource 0566e275-b33f-4dd5-a299-84544cabf4d6 (type: ports) to 1
2026-05-11 12:00:20.790 10 WARNING neutron.scheduler.dhcp_agent_scheduler [None req-61c16133-24cc-4560-a19f-060746b1d8c4 5c054dc8f97c49fc9ab48dd44e827c9b f3c757b55ded42ab8129420647217789 - - default default] No more DHCP agents
2026-05-11 12:00:20.791 10 WARNING neutron.api.rpc.agentnotifiers.dhcp_rpc_agent_api [None req-61c16133-24cc-4560-a19f-060746b1d8c4 5c054dc8f97c49fc9ab48dd44e827c9b f3c757b55ded42ab8129420647217789 - - default default] Unable to schedule network 7c3dc132-7733-4f7f-9424-792114cc0806: no agents available; will retry on subsequent port and subnet creation events.
2026-05-11 12:00:20.795 10 INFO neutron.db.ovn_revision_numbers_db [None req-41a95ebb-787a-42aa-9bc3-1b83c5b88e22 - - - - - -] Successfully bumped revision number for resource 532016d4-b931-436e-89f6-9b626494b184 (type: ports) to 4
2026-05-11 12:00:20.837 10 WARNING neutron_lib.context [None req-3239d913-9991-48af-917f-404688484447 ebc64c4121884748a9f683d71594a2af 2f0b528339a14870a6ad98e258f46792 - - default default] Method 'is_advsvc' is deprecated since 2023.2 release (neutron-lib 3.8.0) and will be removed once support for the old RBAC API policies will be removed from Neutron. Please use method 'is_service_role' instead.
2026-05-11 12:00:20.850 9 INFO neutron.api.wsgi [-] 10.0.0.118 "GET / HTTP/1.1" status: 200 len: 246 time: 0.0027430
2026-05-11 12:00:20.853 9 INFO neutron.api.wsgi [-] 10.0.0.118 "GET / HTTP/1.1" status: 200 len: 246 time: 0.0019081
2026-05-11 12:00:20.971 10 INFO neutron.plugins.ml2.drivers.ovn.mech_driver.mech_driver [None req-1a26d274-44bd-44e0-bc52-3b48c32662b3 - - - - - -] OVN reports status up for port: 0566e275-b33f-4dd5-a299-84544cabf4d6
2026-05-11 12:00:20.986 10 INFO neutron.plugins.ml2.plugin [None req-1a26d274-44bd-44e0-bc52-3b48c32662b3 - - - - - -] Attempt 1 to provision port 0566e275-b33f-4dd5-a299-84544cabf4d6
2026-05-11 12:00:21.043 10 INFO neutron.db.ovn_revision_numbers_db [None req-3239d913-9991-48af-917f-404688484447 ebc64c4121884748a9f683d71594a2af 2f0b528339a14870a6ad98e258f46792 - - default default] Successfully bumped revision number for resource 7f5c4534-b4e9-4ed4-a14d-215066d5b0ed (type: security_groups) to 1
2026-05-11 12:00:21.064 10 INFO neutron.db.ovn_revision_numbers_db [None req-3239d913-9991-48af-917f-404688484447 ebc64c4121884748a9f683d71594a2af 2f0b528339a14870a6ad98e258f46792 - - default default] Successfully bumped revision number for resource 20938728-ba17-4815-9610-00ddedfc92a2 (type: security_group_rules) to 0
2026-05-11 12:00:21.087 10 INFO neutron.db.ovn_revision_numbers_db [None req-3239d913-9991-48af-917f-404688484447 ebc64c4121884748a9f683d71594a2af 2f0b528339a14870a6ad98e258f46792 - - default default] Successfully bumped revision number for resource 491cae49-cb42-486d-ab5b-f612cc1bfaaf (type: security_group_rules) to 0
2026-05-11 12:00:21.109 10 INFO neutron.db.ovn_revision_numbers_db [None req-3239d913-9991-48af-917f-404688484447 ebc64c4121884748a9f683d71594a2af 2f0b528339a14870a6ad98e258f46792 - - default default] Successfully bumped revision number for resource 62685295-3a50-4f00-86b0-1c3fbf1e32f8 (type: security_group_rules) to 0
2026-05-11 12:00:21.139 10 INFO neutron.db.ovn_revision_numbers_db [None req-3239d913-9991-48af-917f-404688484447 ebc64c4121884748a9f683d71594a2af 2f0b528339a14870a6ad98e258f46792 - - default default] Successfully bumped revision number for resource 84d47c91-8670-4997-a97a-2fa1762b48fc (type: security_group_rules) to 0
2026-05-11 12:00:21.229 10 INFO neutron.db.segments_db [None req-3239d913-9991-48af-917f-404688484447 ebc64c4121884748a9f683d71594a2af 2f0b528339a14870a6ad98e258f46792 - - default default] Added segment a1e98543-4412-42d5-8b8f-85cac0e40400 of type geneve for network 002bf216-dfa8-4f97-9b9e-417b2a5309e4
2026-05-11 12:00:21.314 10 INFO neutron.db.ovn_revision_numbers_db [None req-61c16133-24cc-4560-a19f-060746b1d8c4 5c054dc8f97c49fc9ab48dd44e827c9b f3c757b55ded42ab8129420647217789 - - default default] Successfully bumped revision number for resource 0566e275-b33f-4dd5-a299-84544cabf4d6 (type: router_ports) to 1
2026-05-11 12:00:21.319 10 INFO neutron.api.wsgi [None req-61c16133-24cc-4560-a19f-060746b1d8c4 5c054dc8f97c49fc9ab48dd44e827c9b f3c757b55ded42ab8129420647217789 - - default default] 10.0.0.95 "PUT /v2.0/routers/3cab5d62-d46a-4ede-b741-3bb898d0f996/add_router_interface HTTP/1.1" status: 200 len: 503 time: 2.3440127
2026-05-11 12:00:21.383 10 INFO neutron.api.wsgi [req-9396c811-c186-4308-987a-da0fea84b217 req-399e9b45-b349-4db5-adfe-e5451175e60d e64e8c32122b4dc280000e3cb3964019 99ff9b1ca5d24c7e8ab4f8a42e8f11bc - - default default] 10.0.0.123 "GET /v2.0/ports?device_id=bb78f6e4-dcdc-468a-a8e4-aaf11458a518 HTTP/1.1" status: 200 len: 210 time: 0.0188990
2026-05-11 12:00:21.389 10 INFO neutron.db.ovn_revision_numbers_db [None req-3239d913-9991-48af-917f-404688484447 ebc64c4121884748a9f683d71594a2af 2f0b528339a14870a6ad98e258f46792 - - default default] Successfully bumped revision number for resource 002bf216-dfa8-4f97-9b9e-417b2a5309e4 (type: networks) to 1
2026-05-11 12:00:21.566 10 INFO neutron.db.ovn_revision_numbers_db [None req-1a26d274-44bd-44e0-bc52-3b48c32662b3 - - - - - -] Successfully bumped revision number for resource 0566e275-b33f-4dd5-a299-84544cabf4d6 (type: ports) to 2
2026-05-11 12:00:21.610 10 WARNING neutron.scheduler.dhcp_agent_scheduler [None req-3239d913-9991-48af-917f-404688484447 ebc64c4121884748a9f683d71594a2af 2f0b528339a14870a6ad98e258f46792 - - default default] No more DHCP agents
2026-05-11 12:00:21.614 10 WARNING neutron.api.rpc.agentnotifiers.dhcp_rpc_agent_api [None req-3239d913-9991-48af-917f-404688484447 ebc64c4121884748a9f683d71594a2af 2f0b528339a14870a6ad98e258f46792 - - default default] Unable to schedule network 002bf216-dfa8-4f97-9b9e-417b2a5309e4: no agents available; will retry on subsequent port and subnet creation events.
2026-05-11 12:00:21.690 10 INFO neutron.db.ovn_revision_numbers_db [None req-3239d913-9991-48af-917f-404688484447 ebc64c4121884748a9f683d71594a2af 2f0b528339a14870a6ad98e258f46792 - - default default] Successfully bumped revision number for resource b0feba6e-1c60-46dd-b70f-c5ce5dada424 (type: ports) to 1
2026-05-11 12:00:21.712 10 INFO neutron.api.wsgi [None req-3239d913-9991-48af-917f-404688484447 ebc64c4121884748a9f683d71594a2af 2f0b528339a14870a6ad98e258f46792 - - default default] 10.0.0.95 "POST /v2.0/networks HTTP/1.1" status: 201 len: 831 time: 1.0788789
2026-05-11 12:00:21.722 10 WARNING neutron_lib.context [None req-f09d1625-89c1-4a72-9bc2-9ef24102470a ebc64c4121884748a9f683d71594a2af 2f0b528339a14870a6ad98e258f46792 - - default default] Method 'is_advsvc' is deprecated since 2023.2 release (neutron-lib 3.8.0) and will be removed once support for the old RBAC API policies will be removed from Neutron. Please use method 'is_service_role' instead.
2026-05-11 12:00:21.889 9 WARNING neutron.scheduler.dhcp_agent_scheduler [None req-0922ac54-4ce0-46c2-b495-90fecff4acd7 - - - - - -] No more DHCP agents
2026-05-11 12:00:21.890 9 WARNING neutron.api.rpc.agentnotifiers.dhcp_rpc_agent_api [None req-0922ac54-4ce0-46c2-b495-90fecff4acd7 - - - - - -] Unable to schedule network 0d717159-7539-4bff-a424-916c146de2d1: no agents available; will retry on subsequent port and subnet creation events.
2026-05-11 12:00:21.924 10 WARNING neutron.scheduler.dhcp_agent_scheduler [None req-f09d1625-89c1-4a72-9bc2-9ef24102470a ebc64c4121884748a9f683d71594a2af 2f0b528339a14870a6ad98e258f46792 - - default default] No more DHCP agents
2026-05-11 12:00:21.926 10 WARNING neutron.api.rpc.agentnotifiers.dhcp_rpc_agent_api [None req-f09d1625-89c1-4a72-9bc2-9ef24102470a ebc64c4121884748a9f683d71594a2af 2f0b528339a14870a6ad98e258f46792 - - default default] Unable to schedule network 002bf216-dfa8-4f97-9b9e-417b2a5309e4: no agents available; will retry on subsequent port and subnet creation events.
2026-05-11 12:00:21.984 10 INFO neutron.db.ovn_revision_numbers_db [None req-f09d1625-89c1-4a72-9bc2-9ef24102470a ebc64c4121884748a9f683d71594a2af 2f0b528339a14870a6ad98e258f46792 - - default default] Successfully bumped revision number for resource 073626c8-00fe-40ee-91d2-767ddb3262a5 (type: ports) to 1
2026-05-11 12:00:22.007 10 INFO neutron.api.wsgi [None req-f09d1625-89c1-4a72-9bc2-9ef24102470a ebc64c4121884748a9f683d71594a2af 2f0b528339a14870a6ad98e258f46792 - - default default] 10.0.0.95 "POST /v2.0/ports HTTP/1.1" status: 201 len: 942 time: 0.2896585 /var/lib/openstack/lib/python3.12/site-packages/pycadf/identifier.py:71: UserWarning: Invalid uuid: neutron. To ensure interoperability, identifiers should be a valid uuid. warnings.warn(('Invalid uuid: %s. To ensure interoperability, '
2026-05-11 12:00:22.014 9 INFO neutron.db.ovn_revision_numbers_db [None req-0922ac54-4ce0-46c2-b495-90fecff4acd7 - - - - - -] Successfully bumped revision number for resource 3556a695-518a-41a5-9be4-2d90fec53e5d (type: ports) to 1
2026-05-11 12:00:22.016 10 WARNING neutron_lib.context [None req-66194d5f-e300-464b-b977-378dc605262f ebc64c4121884748a9f683d71594a2af 2f0b528339a14870a6ad98e258f46792 - - default default] Method 'is_advsvc' is deprecated since 2023.2 release (neutron-lib 3.8.0) and will be removed once support for the old RBAC API policies will be removed from Neutron. Please use method 'is_service_role' instead.
2026-05-11 12:00:22.251 10 INFO neutron.api.wsgi [None req-66194d5f-e300-464b-b977-378dc605262f ebc64c4121884748a9f683d71594a2af 2f0b528339a14870a6ad98e258f46792 - - default default] 10.0.0.95 "POST /v2.0/trunks HTTP/1.1" status: 201 len: 608 time: 0.2393539
2026-05-11 12:00:22.260 10 WARNING neutron_lib.context [None req-f1bd6ab8-2660-4352-a74f-442d5b81b7ea ebc64c4121884748a9f683d71594a2af 2f0b528339a14870a6ad98e258f46792 - - default default] Method 'is_advsvc' is deprecated since 2023.2 release (neutron-lib 3.8.0) and will be removed once support for the old RBAC API policies will be removed from Neutron. Please use method 'is_service_role' instead.
2026-05-11 12:00:22.305 9 INFO neutron.db.ovn_revision_numbers_db [None req-0922ac54-4ce0-46c2-b495-90fecff4acd7 - - - - - -] Successfully bumped revision number for resource 3556a695-518a-41a5-9be4-2d90fec53e5d (type: ports) to 3
2026-05-11 12:00:22.365 10 INFO neutron.db.segments_db [None req-f1bd6ab8-2660-4352-a74f-442d5b81b7ea ebc64c4121884748a9f683d71594a2af 2f0b528339a14870a6ad98e258f46792 - - default default] Added segment 0e213184-1c49-472a-9d5e-30a277f81bcc of type geneve for network 1c5f93e8-e67e-46de-b83f-35bddcfd0112
2026-05-11 12:00:22.380 9 INFO neutron.db.segments_db [None req-0922ac54-4ce0-46c2-b495-90fecff4acd7 - - - - - -] Added segment f1989fe1-fa1e-4dcd-856a-ec9dc143e13c of type geneve for network ec19191f-9669-4bef-81fc-fcec49ed2b49
2026-05-11 12:00:22.473 9 INFO neutron.api.wsgi [req-14b3381d-9443-4b14-90c7-13b55de6109d req-def9c6cd-d0fb-4574-b4d4-f436e9429e25 e64e8c32122b4dc280000e3cb3964019 99ff9b1ca5d24c7e8ab4f8a42e8f11bc - - default default] 10.0.0.123 "GET /v2.0/ports?device_id=bb78f6e4-dcdc-468a-a8e4-aaf11458a518 HTTP/1.1" status: 200 len: 210 time: 0.0232148
2026-05-11 12:00:22.477 10 INFO neutron.db.ovn_revision_numbers_db [None req-f1bd6ab8-2660-4352-a74f-442d5b81b7ea ebc64c4121884748a9f683d71594a2af 2f0b528339a14870a6ad98e258f46792 - - default default] Successfully bumped revision number for resource 1c5f93e8-e67e-46de-b83f-35bddcfd0112 (type: networks) to 1
2026-05-11 12:00:22.500 9 INFO neutron.db.ovn_revision_numbers_db [None req-cb88e217-6cc2-4a48-936b-82b1454d9313 - - - - - -] Successfully bumped revision number for resource ec19191f-9669-4bef-81fc-fcec49ed2b49 (type: networks) to 1
2026-05-11 12:00:22.658 10 WARNING neutron.scheduler.dhcp_agent_scheduler [None req-f1bd6ab8-2660-4352-a74f-442d5b81b7ea ebc64c4121884748a9f683d71594a2af 2f0b528339a14870a6ad98e258f46792 - - default default] No more DHCP agents
2026-05-11 12:00:22.659 9 WARNING neutron.scheduler.dhcp_agent_scheduler [None req-cb88e217-6cc2-4a48-936b-82b1454d9313 - - - - - -] No more DHCP agents
2026-05-11 12:00:22.659 10 WARNING neutron.api.rpc.agentnotifiers.dhcp_rpc_agent_api [None req-f1bd6ab8-2660-4352-a74f-442d5b81b7ea ebc64c4121884748a9f683d71594a2af 2f0b528339a14870a6ad98e258f46792 - - default default] Unable to schedule network 1c5f93e8-e67e-46de-b83f-35bddcfd0112: no agents available; will retry on subsequent port and subnet creation events.
2026-05-11 12:00:22.660 9 WARNING neutron.api.rpc.agentnotifiers.dhcp_rpc_agent_api [None req-cb88e217-6cc2-4a48-936b-82b1454d9313 - - - - - -] Unable to schedule network ec19191f-9669-4bef-81fc-fcec49ed2b49: no agents available; will retry on subsequent port and subnet creation events.
2026-05-11 12:00:22.719 9 INFO neutron.db.ovn_revision_numbers_db [None req-cb88e217-6cc2-4a48-936b-82b1454d9313 - - - - - -] Successfully bumped revision number for resource 9104cd40-267d-4190-af3f-4d7798db3c45 (type: ports) to 1
2026-05-11 12:00:22.726 10 INFO neutron.db.ovn_revision_numbers_db [None req-f1bd6ab8-2660-4352-a74f-442d5b81b7ea ebc64c4121884748a9f683d71594a2af 2f0b528339a14870a6ad98e258f46792 - - default default] Successfully bumped revision number for resource 7509aa93-a765-4562-9528-2384809b1a55 (type: ports) to 1
2026-05-11 12:00:22.749 10 INFO neutron.api.wsgi [None req-f1bd6ab8-2660-4352-a74f-442d5b81b7ea ebc64c4121884748a9f683d71594a2af 2f0b528339a14870a6ad98e258f46792 - - default default] 10.0.0.95 "POST /v2.0/networks HTTP/1.1" status: 201 len: 830 time: 0.4922211
2026-05-11 12:00:22.757 10 WARNING neutron_lib.context [None req-a521e8ae-43ff-4452-8681-67562ec878b3 ebc64c4121884748a9f683d71594a2af 2f0b528339a14870a6ad98e258f46792 - - default default] Method 'is_advsvc' is deprecated since 2023.2 release (neutron-lib 3.8.0) and will be removed once support for the old RBAC API policies will be removed from Neutron. Please use method 'is_service_role' instead.
2026-05-11 12:00:22.825 9 WARNING neutron.scheduler.dhcp_agent_scheduler [None req-cb88e217-6cc2-4a48-936b-82b1454d9313 - - - - - -] No more DHCP agents
2026-05-11 12:00:22.826 9 WARNING neutron.api.rpc.agentnotifiers.dhcp_rpc_agent_api [None req-cb88e217-6cc2-4a48-936b-82b1454d9313 - - - - - -] Unable to schedule network ec19191f-9669-4bef-81fc-fcec49ed2b49: no agents available; will retry on subsequent port and subnet creation events.
2026-05-11 12:00:22.854 9 INFO neutron.db.ovn_revision_numbers_db [None req-cb88e217-6cc2-4a48-936b-82b1454d9313 - - - - - -] Successfully bumped revision number for resource 30efe464-01a6-4a6b-9df7-39bd9ee8f47b (type: subnets) to 0
2026-05-11 12:00:22.974 10 WARNING neutron.scheduler.dhcp_agent_scheduler [None req-a521e8ae-43ff-4452-8681-67562ec878b3 ebc64c4121884748a9f683d71594a2af 2f0b528339a14870a6ad98e258f46792 - - default default] No more DHCP agents
2026-05-11 12:00:22.976 10 WARNING neutron.api.rpc.agentnotifiers.dhcp_rpc_agent_api [None req-a521e8ae-43ff-4452-8681-67562ec878b3 ebc64c4121884748a9f683d71594a2af 2f0b528339a14870a6ad98e258f46792 - - default default] Unable to schedule network 1c5f93e8-e67e-46de-b83f-35bddcfd0112: no agents available; will retry on subsequent port and subnet creation events.
2026-05-11 12:00:23.036 10 INFO neutron.db.ovn_revision_numbers_db [None req-a521e8ae-43ff-4452-8681-67562ec878b3 ebc64c4121884748a9f683d71594a2af 2f0b528339a14870a6ad98e258f46792 - - default default] Successfully bumped revision number for resource f21e2cc5-ab3f-4049-9cbd-dd70c312f016 (type: ports) to 1
