2026-05-11 11:57:43.323 10 INFO neutron.db.segments_db [None req-ba9b621f-e507-455b-bc05-8739e8d4fc8a 7bdfab23c21e439c9772209b19985647 b14b6009830d4dbc8f18ff8314ec4066 - - default default] Added segment 4751326f-2961-44fc-b7c3-0ca14e4f117b of type geneve for network 81c25324-15b6-4e5c-aebb-8ffee4633841
2026-05-11 11:57:43.350 9 INFO neutron.api.wsgi [req-6691e381-2200-425c-9c5f-e8fafaac77d2 req-5e51aeb9-460a-40b6-aba8-eefdc6cdda46 809cf25aef014c70a33575d03438502a 4d84f3a64a514c519958f60461837ded - - default default] 10.0.0.123 "GET /v2.0/ports?device_id=230eb91d-22b0-43e4-9ddc-6d3d08e2287d HTTP/1.1" status: 200 len: 1170 time: 0.0760806
2026-05-11 11:57:43.433 10 INFO neutron.db.ovn_revision_numbers_db [None req-ba9b621f-e507-455b-bc05-8739e8d4fc8a 7bdfab23c21e439c9772209b19985647 b14b6009830d4dbc8f18ff8314ec4066 - - default default] Successfully bumped revision number for resource 4df0bd7d-2f0f-4727-ab73-1fd98d389b94 (type: networks) to 1
2026-05-11 11:57:43.644 10 WARNING neutron.scheduler.dhcp_agent_scheduler [None req-ba9b621f-e507-455b-bc05-8739e8d4fc8a 7bdfab23c21e439c9772209b19985647 b14b6009830d4dbc8f18ff8314ec4066 - - default default] No more DHCP agents
2026-05-11 11:57:43.650 10 WARNING neutron.api.rpc.agentnotifiers.dhcp_rpc_agent_api [None req-ba9b621f-e507-455b-bc05-8739e8d4fc8a 7bdfab23c21e439c9772209b19985647 b14b6009830d4dbc8f18ff8314ec4066 - - default default] Unable to schedule network 4df0bd7d-2f0f-4727-ab73-1fd98d389b94: no agents available; will retry on subsequent port and subnet creation events.
2026-05-11 11:57:43.653 10 INFO neutron.api.wsgi [req-dc52c001-c86d-4852-af4f-b7da2180198b req-1fc225be-90eb-4493-af2a-1f328748d90a 3d197bcc3fe7416188428e5a059854be 7e1a2800b1214512b22c9dec0ceef0af - - default default] 10.0.0.123 "GET /v2.0/ports?device_id=c82dc5ba-47a6-4369-8ad3-7ea78dfb2806 HTTP/1.1" status: 200 len: 210 time: 0.0206015
2026-05-11 11:57:43.720 10 INFO neutron.db.ovn_revision_numbers_db [None req-ba9b621f-e507-455b-bc05-8739e8d4fc8a 7bdfab23c21e439c9772209b19985647 b14b6009830d4dbc8f18ff8314ec4066 - - default default] Successfully bumped revision number for resource 507fdd7e-8b13-4f48-8eec-001a483128db (type: ports) to 1
2026-05-11 11:57:43.784 10 INFO neutron.db.ovn_revision_numbers_db [None req-ba9b621f-e507-455b-bc05-8739e8d4fc8a 7bdfab23c21e439c9772209b19985647 b14b6009830d4dbc8f18ff8314ec4066 - - default default] Successfully bumped revision number for resource 81c25324-15b6-4e5c-aebb-8ffee4633841 (type: networks) to 1
2026-05-11 11:57:43.931 10 WARNING neutron.scheduler.dhcp_agent_scheduler [None req-ba9b621f-e507-455b-bc05-8739e8d4fc8a 7bdfab23c21e439c9772209b19985647 b14b6009830d4dbc8f18ff8314ec4066 - - default default] No more DHCP agents
2026-05-11 11:57:43.933 10 WARNING neutron.api.rpc.agentnotifiers.dhcp_rpc_agent_api [None req-ba9b621f-e507-455b-bc05-8739e8d4fc8a 7bdfab23c21e439c9772209b19985647 b14b6009830d4dbc8f18ff8314ec4066 - - default default] Unable to schedule network 81c25324-15b6-4e5c-aebb-8ffee4633841: no agents available; will retry on subsequent port and subnet creation events.
2026-05-11 11:57:44.003 10 INFO neutron.db.ovn_revision_numbers_db [None req-ba9b621f-e507-455b-bc05-8739e8d4fc8a 7bdfab23c21e439c9772209b19985647 b14b6009830d4dbc8f18ff8314ec4066 - - default default] Successfully bumped revision number for resource 3ffcafa2-0c04-4631-9951-eb80dfd3fa0c (type: ports) to 1
2026-05-11 11:57:44.024 10 INFO neutron.api.wsgi [None req-ba9b621f-e507-455b-bc05-8739e8d4fc8a 7bdfab23c21e439c9772209b19985647 b14b6009830d4dbc8f18ff8314ec4066 - - default default] 10.0.0.95 "POST /v2.0/networks HTTP/1.1" status: 201 len: 1444 time: 1.2399657
2026-05-11 11:57:44.099 10 INFO neutron.api.wsgi [None req-e0232848-75bf-41f2-9c6d-dd5c40f3e1a5 7bdfab23c21e439c9772209b19985647 b14b6009830d4dbc8f18ff8314ec4066 - - default default] 10.0.0.95 "GET /v2.0/networks HTTP/1.1" status: 200 len: 2050 time: 0.0712886
2026-05-11 11:57:44.102 9 INFO neutron.db.ovn_revision_numbers_db [None req-5e7958c8-1648-4fcd-8b92-3369880663c2 809cf25aef014c70a33575d03438502a 4d84f3a64a514c519958f60461837ded - - default default] Successfully bumped revision number for resource 2b5b77cc-e5a3-4787-b854-995a5a11f078 (type: floatingips) to 1
2026-05-11 11:57:44.227 9 INFO neutron.db.ovn_revision_numbers_db [None req-5e7958c8-1648-4fcd-8b92-3369880663c2 809cf25aef014c70a33575d03438502a 4d84f3a64a514c519958f60461837ded - - default default] Successfully bumped revision number for resource 2b5b77cc-e5a3-4787-b854-995a5a11f078 (type: floatingips) to 2
2026-05-11 11:57:44.227 9 INFO neutron.db.l3_db [None req-5e7958c8-1648-4fcd-8b92-3369880663c2 809cf25aef014c70a33575d03438502a 4d84f3a64a514c519958f60461837ded - - default default] Floating IP 2b5b77cc-e5a3-4787-b854-995a5a11f078 associated. External IP: 10.96.250.201, port: 8f671264-1f71-4b58-b43f-ad5a5be84551.
2026-05-11 11:57:44.261 9 INFO neutron.api.wsgi [None req-5e7958c8-1648-4fcd-8b92-3369880663c2 809cf25aef014c70a33575d03438502a 4d84f3a64a514c519958f60461837ded - - default default] 10.0.0.95 "PUT /v2.0/floatingips/2b5b77cc-e5a3-4787-b854-995a5a11f078 HTTP/1.1" status: 200 len: 1049 time: 0.8965764
2026-05-11 11:57:44.345 9 INFO neutron.api.wsgi [req-f1a1cdc1-c694-423b-8a55-1d936eebfc19 req-e88abb58-fd00-4caf-b6d4-e49e8f3fc824 809cf25aef014c70a33575d03438502a 4d84f3a64a514c519958f60461837ded - - default default] 10.0.0.123 "GET /v2.0/ports?device_id=230eb91d-22b0-43e4-9ddc-6d3d08e2287d HTTP/1.1" status: 200 len: 1170 time: 0.0309391
2026-05-11 11:57:44.388 9 INFO neutron.api.wsgi [req-f1a1cdc1-c694-423b-8a55-1d936eebfc19 req-01b16ef2-f4cc-4df5-8ff4-6f5a2b1163e0 809cf25aef014c70a33575d03438502a 4d84f3a64a514c519958f60461837ded - - default default] 10.0.0.123 "GET /v2.0/security-groups?id=64c95d8f-c037-4deb-bacf-de14521dc083&fields=id&fields=name HTTP/1.1" status: 200 len: 312 time: 0.0376029
2026-05-11 11:57:44.529 9 INFO neutron.api.wsgi [None req-72b73a91-a7bd-47e8-b8f4-ca2c83e8567c 7bdfab23c21e439c9772209b19985647 b14b6009830d4dbc8f18ff8314ec4066 - - default default] 10.0.0.95 "DELETE /v2.0/networks/4df0bd7d-2f0f-4727-ab73-1fd98d389b94 HTTP/1.1" status: 204 len: 168 time: 0.4242868
2026-05-11 11:57:44.741 9 INFO neutron.api.wsgi [req-11cca1a7-eb0e-4949-a037-1d35093ef74c req-d505313b-e363-4d81-86fa-684b732629f6 3d197bcc3fe7416188428e5a059854be 7e1a2800b1214512b22c9dec0ceef0af - - default default] 10.0.0.123 "GET /v2.0/ports?device_id=c82dc5ba-47a6-4369-8ad3-7ea78dfb2806 HTTP/1.1" status: 200 len: 210 time: 0.0187762
2026-05-11 11:57:44.807 9 INFO neutron.notifiers.nova [-] Nova event matching ['req-e91f5202-f329-43aa-a10b-a8f2462a6eda'] response: {'name': 'network-changed', 'server_uuid': '230eb91d-22b0-43e4-9ddc-6d3d08e2287d', 'tag': '8f671264-1f71-4b58-b43f-ad5a5be84551', 'status': 'completed', 'code': 200}
2026-05-11 11:57:44.916 9 INFO neutron.api.wsgi [None req-078504d1-b549-4298-8778-e8b95c1d2631 7bdfab23c21e439c9772209b19985647 b14b6009830d4dbc8f18ff8314ec4066 - - default default] 10.0.0.95 "DELETE /v2.0/networks/81c25324-15b6-4e5c-aebb-8ffee4633841 HTTP/1.1" status: 204 len: 168 time: 0.3595984
2026-05-11 11:57:44.971 9 INFO neutron.api.wsgi [None req-b61e6bad-e017-435d-8db5-1039aa427ea3 7bdfab23c21e439c9772209b19985647 b14b6009830d4dbc8f18ff8314ec4066 - - default default] 10.0.0.95 "GET /v2.0/networks HTTP/1.1" status: 200 len: 845 time: 0.0502312
2026-05-11 11:57:44.979 9 WARNING neutron_lib.context [None req-7869d24d-ea6e-4657-9e7f-a3287c0d4133 7bdfab23c21e439c9772209b19985647 b14b6009830d4dbc8f18ff8314ec4066 - - default default] Method 'is_advsvc' is deprecated since 2023.2 release (neutron-lib 3.8.0) and will be removed once support for the old RBAC API policies will be removed from Neutron. Please use method 'is_service_role' instead.
2026-05-11 11:57:45.037 9 INFO neutron.services.segments.plugin [-] Segment 2effe1bf-ce16-4317-8d9f-6ba4fc145c08 resource provider aggregate not found
2026-05-11 11:57:45.058 9 INFO neutron.services.segments.plugin [-] Segment 2effe1bf-ce16-4317-8d9f-6ba4fc145c08 resource provider not found; error: Placement Client Error (4xx): {"errors": [{"status": 404, "title": "Not Found", "detail": "The resource could not be found.\n\n No resource provider with uuid 2effe1bf-ce16-4317-8d9f-6ba4fc145c08 found for delete ", "request_id": "req-a8ca46f5-c117-4d1d-865e-ce313ac9408e"}]}
2026-05-11 11:57:45.061 9 INFO neutron.db.segments_db [None req-7869d24d-ea6e-4657-9e7f-a3287c0d4133 7bdfab23c21e439c9772209b19985647 b14b6009830d4dbc8f18ff8314ec4066 - - default default] Added segment b6e82b81-40c5-4a54-b80f-580a55080b23 of type geneve for network 8f3244a1-a705-4766-bf1f-d59b5c630f44
2026-05-11 11:57:45.107 9 INFO neutron.services.segments.plugin [-] Segment 2effe1bf-ce16-4317-8d9f-6ba4fc145c08 resource provider aggregate not found
2026-05-11 11:57:45.121 9 INFO neutron.services.segments.plugin [-] Segment 2effe1bf-ce16-4317-8d9f-6ba4fc145c08 resource provider not found; error: Placement Client Error (4xx): {"errors": [{"status": 404, "title": "Not Found", "detail": "The resource could not be found.\n\n No resource provider with uuid 2effe1bf-ce16-4317-8d9f-6ba4fc145c08 found for delete ", "request_id": "req-11403c69-465e-4f18-a2d3-ec27235f3902"}]}
2026-05-11 11:57:45.188 9 INFO neutron.db.ovn_revision_numbers_db [None req-7869d24d-ea6e-4657-9e7f-a3287c0d4133 7bdfab23c21e439c9772209b19985647 b14b6009830d4dbc8f18ff8314ec4066 - - default default] Successfully bumped revision number for resource 8f3244a1-a705-4766-bf1f-d59b5c630f44 (type: networks) to 1 /var/lib/openstack/lib/python3.12/site-packages/pycadf/identifier.py:71: UserWarning: Invalid uuid: neutron. To ensure interoperability, identifiers should be a valid uuid. warnings.warn(('Invalid uuid: %s. To ensure interoperability, '
2026-05-11 11:57:45.354 10 INFO neutron.api.wsgi [req-e64b14f7-5fa9-4013-9714-f0719b6cbb0a req-6e6fb2a7-ceed-4b4a-b633-6e5b99f067a8 38d510e7a3fd4a80907efb70012546ca c38a8d7371ab450cbb258205ee89a7fd - - e4896e14d21a4d678fd41e97fb08e427 e4896e14d21a4d678fd41e97fb08e427] 199.204.45.72 "GET /v2.0/ports?tenant_id=4d84f3a64a514c519958f60461837ded&device_id=230eb91d-22b0-43e4-9ddc-6d3d08e2287d HTTP/1.1" status: 200 len: 1409 time: 0.0351660
2026-05-11 11:57:45.393 10 INFO neutron.api.wsgi [req-e64b14f7-5fa9-4013-9714-f0719b6cbb0a req-726024f3-ef56-4d89-b95e-d9a915a0a833 38d510e7a3fd4a80907efb70012546ca c38a8d7371ab450cbb258205ee89a7fd - - e4896e14d21a4d678fd41e97fb08e427 e4896e14d21a4d678fd41e97fb08e427] 199.204.45.72 "GET /v2.0/networks?id=f896655d-e09e-44c0-b8ba-9c8d4f432d25 HTTP/1.1" status: 200 len: 980 time: 0.0364506
2026-05-11 11:57:45.406 9 WARNING neutron.scheduler.dhcp_agent_scheduler [None req-7869d24d-ea6e-4657-9e7f-a3287c0d4133 7bdfab23c21e439c9772209b19985647 b14b6009830d4dbc8f18ff8314ec4066 - - default default] No more DHCP agents
2026-05-11 11:57:45.411 9 INFO neutron.db.ovn_revision_numbers_db [None req-2ebde158-6f45-42ac-be0d-6312b6ef4f3f 21f213de4a904c03bf20b2f226e2c45a 1c5074aad43e4f538ffabfc416f3d63b - - default default] Successfully bumped revision number for resource 2e1b5836-2ca5-4a7f-87f4-cf02a3f9ceec (type: security_groups) to 1
2026-05-11 11:57:45.414 9 WARNING neutron.api.rpc.agentnotifiers.dhcp_rpc_agent_api [None req-7869d24d-ea6e-4657-9e7f-a3287c0d4133 7bdfab23c21e439c9772209b19985647 b14b6009830d4dbc8f18ff8314ec4066 - - default default] Unable to schedule network 8f3244a1-a705-4766-bf1f-d59b5c630f44: no agents available; will retry on subsequent port and subnet creation events.
2026-05-11 11:57:45.423 9 INFO neutron.db.ovn_revision_numbers_db [None req-2ebde158-6f45-42ac-be0d-6312b6ef4f3f 21f213de4a904c03bf20b2f226e2c45a 1c5074aad43e4f538ffabfc416f3d63b - - default default] Successfully bumped revision number for resource 78c8c9aa-0076-411f-92fd-66ebedfb9a4e (type: security_group_rules) to 0
2026-05-11 11:57:45.441 10 INFO neutron.api.wsgi [req-e64b14f7-5fa9-4013-9714-f0719b6cbb0a req-54f470bf-d2ee-4f52-8609-bbe4fe439762 38d510e7a3fd4a80907efb70012546ca c38a8d7371ab450cbb258205ee89a7fd - - e4896e14d21a4d678fd41e97fb08e427 e4896e14d21a4d678fd41e97fb08e427] 199.204.45.72 "GET /v2.0/floatingips?fixed_ip_address=10.100.0.9&port_id=8f671264-1f71-4b58-b43f-ad5a5be84551 HTTP/1.1" status: 200 len: 1059 time: 0.0434442
2026-05-11 11:57:45.441 9 INFO neutron.db.ovn_revision_numbers_db [None req-2ebde158-6f45-42ac-be0d-6312b6ef4f3f 21f213de4a904c03bf20b2f226e2c45a 1c5074aad43e4f538ffabfc416f3d63b - - default default] Successfully bumped revision number for resource caaac159-ace3-4ccc-9816-0d77b5a88119 (type: security_group_rules) to 0
2026-05-11 11:57:45.461 9 INFO neutron.db.ovn_revision_numbers_db [None req-2ebde158-6f45-42ac-be0d-6312b6ef4f3f 21f213de4a904c03bf20b2f226e2c45a 1c5074aad43e4f538ffabfc416f3d63b - - default default] Successfully bumped revision number for resource cc785d33-b38b-44de-9fc3-7e5f233e103c (type: security_group_rules) to 0
2026-05-11 11:57:45.474 9 INFO neutron.db.ovn_revision_numbers_db [None req-2ebde158-6f45-42ac-be0d-6312b6ef4f3f 21f213de4a904c03bf20b2f226e2c45a 1c5074aad43e4f538ffabfc416f3d63b - - default default] Successfully bumped revision number for resource ec25391d-e9b0-4c25-8c58-a68d76445c57 (type: security_group_rules) to 0
2026-05-11 11:57:45.476 10 INFO neutron.api.wsgi [req-e64b14f7-5fa9-4013-9714-f0719b6cbb0a req-b4d4259b-9cfc-4613-ac50-8dd64c8f28f7 38d510e7a3fd4a80907efb70012546ca c38a8d7371ab450cbb258205ee89a7fd - - e4896e14d21a4d678fd41e97fb08e427 e4896e14d21a4d678fd41e97fb08e427] 199.204.45.72 "GET /v2.0/subnets?id=ddf379eb-dfa7-4797-8d34-9f83bb5af443 HTTP/1.1" status: 200 len: 900 time: 0.0279446
2026-05-11 11:57:45.476 9 INFO neutron.db.ovn_revision_numbers_db [None req-7869d24d-ea6e-4657-9e7f-a3287c0d4133 7bdfab23c21e439c9772209b19985647 b14b6009830d4dbc8f18ff8314ec4066 - - default default] Successfully bumped revision number for resource 95b12136-f883-42a3-b0c5-6399dde55e31 (type: ports) to 1
2026-05-11 11:57:45.496 9 INFO neutron.api.wsgi [None req-7869d24d-ea6e-4657-9e7f-a3287c0d4133 7bdfab23c21e439c9772209b19985647 b14b6009830d4dbc8f18ff8314ec4066 - - default default] 10.0.0.95 "POST /v2.0/networks HTTP/1.1" status: 201 len: 849 time: 0.5201788
2026-05-11 11:57:45.498 10 INFO neutron.api.wsgi [req-e64b14f7-5fa9-4013-9714-f0719b6cbb0a req-a01c2051-07d2-49b3-aeb5-c1c0933af397 38d510e7a3fd4a80907efb70012546ca c38a8d7371ab450cbb258205ee89a7fd - - e4896e14d21a4d678fd41e97fb08e427 e4896e14d21a4d678fd41e97fb08e427] 199.204.45.72 "GET /v2.0/ports?network_id=f896655d-e09e-44c0-b8ba-9c8d4f432d25&device_owner=network%3Adhcp HTTP/1.1" status: 200 len: 210 time: 0.0175557
2026-05-11 11:57:45.515 9 INFO neutron.api.wsgi [None req-2ebde158-6f45-42ac-be0d-6312b6ef4f3f 21f213de4a904c03bf20b2f226e2c45a 1c5074aad43e4f538ffabfc416f3d63b - - default default] 10.0.0.95 "GET /v2.0/security-groups?tenant_id=4ac1c3bd0d6a476985ef9870e357138d&name=default HTTP/1.1" status: 200 len: 3120 time: 0.2994871
2026-05-11 11:57:45.517 10 WARNING neutron_lib.context [None req-fa77ec7a-2362-4e3e-b211-f13bf6824851 7bdfab23c21e439c9772209b19985647 b14b6009830d4dbc8f18ff8314ec4066 - - default default] Method 'is_advsvc' is deprecated since 2023.2 release (neutron-lib 3.8.0) and will be removed once support for the old RBAC API policies will be removed from Neutron. Please use method 'is_service_role' instead.
2026-05-11 11:57:45.550 10 INFO neutron.api.wsgi [req-e64b14f7-5fa9-4013-9714-f0719b6cbb0a req-56604db7-3672-4e41-b346-527e553f045a 38d510e7a3fd4a80907efb70012546ca c38a8d7371ab450cbb258205ee89a7fd - - e4896e14d21a4d678fd41e97fb08e427 e4896e14d21a4d678fd41e97fb08e427] 199.204.45.72 "GET /v2.0/networks/f896655d-e09e-44c0-b8ba-9c8d4f432d25?fields=segments HTTP/1.1" status: 200 len: 212 time: 0.0471621
2026-05-11 11:57:45.586 10 INFO neutron.api.wsgi [req-e64b14f7-5fa9-4013-9714-f0719b6cbb0a req-d6f14ff5-8bbd-4687-99ee-b128d2b1a20c 38d510e7a3fd4a80907efb70012546ca c38a8d7371ab450cbb258205ee89a7fd - - e4896e14d21a4d678fd41e97fb08e427 e4896e14d21a4d678fd41e97fb08e427] 199.204.45.72 "GET /v2.0/networks/f896655d-e09e-44c0-b8ba-9c8d4f432d25?fields=provider%3Aphysical_network&fields=provider%3Anetwork_type HTTP/1.1" status: 200 len: 277 time: 0.0309958
2026-05-11 11:57:45.594 10 INFO neutron.db.segments_db [None req-fa77ec7a-2362-4e3e-b211-f13bf6824851 7bdfab23c21e439c9772209b19985647 b14b6009830d4dbc8f18ff8314ec4066 - - default default] Added segment d0a0a1a3-1770-4567-80a5-768b2b26adc7 of type geneve for network 0f3703be-a950-4c4c-9554-e1f061840c81
2026-05-11 11:57:45.684 10 INFO neutron.db.ovn_revision_numbers_db [None req-fa77ec7a-2362-4e3e-b211-f13bf6824851 7bdfab23c21e439c9772209b19985647 b14b6009830d4dbc8f18ff8314ec4066 - - default default] Successfully bumped revision number for resource 0f3703be-a950-4c4c-9554-e1f061840c81 (type: networks) to 1
2026-05-11 11:57:45.720 9 INFO neutron.api.wsgi [None req-470fbe6a-c436-4ee6-a007-327d1591ec12 21f213de4a904c03bf20b2f226e2c45a 1c5074aad43e4f538ffabfc416f3d63b - - default default] 10.0.0.95 "DELETE /v2.0/security-groups/2e1b5836-2ca5-4a7f-87f4-cf02a3f9ceec HTTP/1.1" status: 204 len: 168 time: 0.2009919
2026-05-11 11:57:45.810 9 INFO neutron.api.wsgi [req-fbdddf97-bc9b-44a4-8078-8736ddc3e950 req-5371feef-eaba-4e36-ba0e-e917a5f7922d 3d197bcc3fe7416188428e5a059854be 7e1a2800b1214512b22c9dec0ceef0af - - default default] 10.0.0.123 "GET /v2.0/ports?device_id=c82dc5ba-47a6-4369-8ad3-7ea78dfb2806 HTTP/1.1" status: 200 len: 210 time: 0.0185227
2026-05-11 11:57:45.822 10 WARNING neutron.scheduler.dhcp_agent_scheduler [None req-fa77ec7a-2362-4e3e-b211-f13bf6824851 7bdfab23c21e439c9772209b19985647 b14b6009830d4dbc8f18ff8314ec4066 - - default default] No more DHCP agents
2026-05-11 11:57:45.824 10 WARNING neutron.api.rpc.agentnotifiers.dhcp_rpc_agent_api [None req-fa77ec7a-2362-4e3e-b211-f13bf6824851 7bdfab23c21e439c9772209b19985647 b14b6009830d4dbc8f18ff8314ec4066 - - default default] Unable to schedule network 0f3703be-a950-4c4c-9554-e1f061840c81: no agents available; will retry on subsequent port and subnet creation events.
2026-05-11 11:57:45.893 10 INFO neutron.db.ovn_revision_numbers_db [None req-fa77ec7a-2362-4e3e-b211-f13bf6824851 7bdfab23c21e439c9772209b19985647 b14b6009830d4dbc8f18ff8314ec4066 - - default default] Successfully bumped revision number for resource 281af360-2980-479c-9379-64e33d9bdd7b (type: ports) to 1
2026-05-11 11:57:45.913 10 INFO neutron.api.wsgi [None req-fa77ec7a-2362-4e3e-b211-f13bf6824851 7bdfab23c21e439c9772209b19985647 b14b6009830d4dbc8f18ff8314ec4066 - - default default] 10.0.0.95 "POST /v2.0/networks HTTP/1.1" status: 201 len: 848 time: 0.4004385
2026-05-11 11:57:45.927 9 WARNING neutron_lib.context [None req-ef66e4e9-27c6-449a-8d9f-0e20c7dda0b1 7bdfab23c21e439c9772209b19985647 b14b6009830d4dbc8f18ff8314ec4066 - - default default] Method 'is_advsvc' is deprecated since 2023.2 release (neutron-lib 3.8.0) and will be removed once support for the old RBAC API policies will be removed from Neutron. Please use method 'is_service_role' instead.
2026-05-11 11:57:45.946 10 INFO neutron.db.ovn_revision_numbers_db [None req-0deac40c-adbb-435b-8d5f-8ec3750e1aaa 21f213de4a904c03bf20b2f226e2c45a 1c5074aad43e4f538ffabfc416f3d63b - - default default] Successfully bumped revision number for resource aa5e6793-2a1c-4e6d-913b-f08e363d0861 (type: security_groups) to 1
2026-05-11 11:57:45.950 9 WARNING neutron_lib.context [None req-ef66e4e9-27c6-449a-8d9f-0e20c7dda0b1 7bdfab23c21e439c9772209b19985647 b14b6009830d4dbc8f18ff8314ec4066 - - default default] Method 'is_advsvc' is deprecated since 2023.2 release (neutron-lib 3.8.0) and will be removed once support for the old RBAC API policies will be removed from Neutron. Please use method 'is_service_role' instead.
2026-05-11 11:57:45.957 10 INFO neutron.db.ovn_revision_numbers_db [None req-0deac40c-adbb-435b-8d5f-8ec3750e1aaa 21f213de4a904c03bf20b2f226e2c45a 1c5074aad43e4f538ffabfc416f3d63b - - default default] Successfully bumped revision number for resource 0bb42099-6063-49f5-9b3a-6737f647c8c2 (type: security_group_rules) to 0
2026-05-11 11:57:45.969 10 INFO neutron.db.ovn_revision_numbers_db [None req-0deac40c-adbb-435b-8d5f-8ec3750e1aaa 21f213de4a904c03bf20b2f226e2c45a 1c5074aad43e4f538ffabfc416f3d63b - - default default] Successfully bumped revision number for resource 10df8401-3f40-4316-bbcf-445a165d2f84 (type: security_group_rules) to 0
2026-05-11 11:57:45.979 10 INFO neutron.db.ovn_revision_numbers_db [None req-0deac40c-adbb-435b-8d5f-8ec3750e1aaa 21f213de4a904c03bf20b2f226e2c45a 1c5074aad43e4f538ffabfc416f3d63b - - default default] Successfully bumped revision number for resource b3c8a0d7-b02c-45c8-8124-00e5b813266b (type: security_group_rules) to 0
2026-05-11 11:57:45.991 10 INFO neutron.db.ovn_revision_numbers_db [None req-0deac40c-adbb-435b-8d5f-8ec3750e1aaa 21f213de4a904c03bf20b2f226e2c45a 1c5074aad43e4f538ffabfc416f3d63b - - default default] Successfully bumped revision number for resource b9a7e86a-db9d-44df-8156-ff9d94e9f0a5 (type: security_group_rules) to 0
2026-05-11 11:57:46.017 10 INFO neutron.api.wsgi [None req-0deac40c-adbb-435b-8d5f-8ec3750e1aaa 21f213de4a904c03bf20b2f226e2c45a 1c5074aad43e4f538ffabfc416f3d63b - - default default] 10.0.0.95 "GET /v2.0/security-groups?tenant_id=9136ca68a5a341eaadad12feceb533f3&name=default HTTP/1.1" status: 200 len: 3120 time: 0.1944153
2026-05-11 11:57:46.265 9 INFO neutron.api.wsgi [None req-17684d48-1798-430c-94f0-024729e3a0f1 21f213de4a904c03bf20b2f226e2c45a 1c5074aad43e4f538ffabfc416f3d63b - - default default] 10.0.0.95 "DELETE /v2.0/security-groups/aa5e6793-2a1c-4e6d-913b-f08e363d0861 HTTP/1.1" status: 204 len: 168 time: 0.2416308
2026-05-11 11:57:46.332 9 WARNING neutron.scheduler.dhcp_agent_scheduler [None req-ef66e4e9-27c6-449a-8d9f-0e20c7dda0b1 7bdfab23c21e439c9772209b19985647 b14b6009830d4dbc8f18ff8314ec4066 - - default default] No more DHCP agents
2026-05-11 11:57:46.333 9 WARNING neutron.api.rpc.agentnotifiers.dhcp_rpc_agent_api [None req-ef66e4e9-27c6-449a-8d9f-0e20c7dda0b1 7bdfab23c21e439c9772209b19985647 b14b6009830d4dbc8f18ff8314ec4066 - - default default] Unable to schedule network 8f3244a1-a705-4766-bf1f-d59b5c630f44: no agents available; will retry on subsequent port and subnet creation events.
2026-05-11 11:57:46.390 9 INFO neutron.db.ovn_revision_numbers_db [None req-ef66e4e9-27c6-449a-8d9f-0e20c7dda0b1 7bdfab23c21e439c9772209b19985647 b14b6009830d4dbc8f18ff8314ec4066 - - default default] Successfully bumped revision number for resource 3dedc31e-3c30-4705-881e-ec525d5f4ca1 (type: ports) to 1
2026-05-11 11:57:46.431 9 WARNING neutron.scheduler.dhcp_agent_scheduler [None req-ef66e4e9-27c6-449a-8d9f-0e20c7dda0b1 7bdfab23c21e439c9772209b19985647 b14b6009830d4dbc8f18ff8314ec4066 - - default default] No more DHCP agents
2026-05-11 11:57:46.432 9 WARNING neutron.api.rpc.agentnotifiers.dhcp_rpc_agent_api [None req-ef66e4e9-27c6-449a-8d9f-0e20c7dda0b1 7bdfab23c21e439c9772209b19985647 b14b6009830d4dbc8f18ff8314ec4066 - - default default] Unable to schedule network 0f3703be-a950-4c4c-9554-e1f061840c81: no agents available; will retry on subsequent port and subnet creation events.
2026-05-11 11:57:46.490 9 INFO neutron.db.ovn_revision_numbers_db [None req-ef66e4e9-27c6-449a-8d9f-0e20c7dda0b1 7bdfab23c21e439c9772209b19985647 b14b6009830d4dbc8f18ff8314ec4066 - - default default] Successfully bumped revision number for resource efac40ba-4a76-4a1d-ad57-482772713f88 (type: ports) to 1
2026-05-11 11:57:46.510 9 INFO neutron.api.wsgi [None req-ef66e4e9-27c6-449a-8d9f-0e20c7dda0b1 7bdfab23c21e439c9772209b19985647 b14b6009830d4dbc8f18ff8314ec4066 - - default default] 10.0.0.95 "POST /v2.0/ports HTTP/1.1" status: 201 len: 1705 time: 0.5919642 /var/lib/openstack/lib/python3.12/site-packages/pycadf/identifier.py:71: UserWarning: Invalid uuid: neutron. To ensure interoperability, identifiers should be a valid uuid. warnings.warn(('Invalid uuid: %s. To ensure interoperability, '
2026-05-11 11:57:46.610 9 INFO neutron.api.wsgi [None req-b9f85dd3-f951-425a-b724-0c32938a79eb 7bdfab23c21e439c9772209b19985647 b14b6009830d4dbc8f18ff8314ec4066 - - default default] 10.0.0.95 "GET /v2.0/ports HTTP/1.1" status: 200 len: 3212 time: 0.0962873
2026-05-11 11:57:46.864 10 INFO neutron.api.wsgi [req-e9a1f1dd-4405-4288-bf3a-b0c70d1c3c12 req-ad1331a4-6cfa-4907-bddd-d0b746a28a00 3d197bcc3fe7416188428e5a059854be 7e1a2800b1214512b22c9dec0ceef0af - - default default] 199.204.45.72 "GET /v2.0/networks?id=6eb973dd-58d6-47ad-9a9a-92843620db4f HTTP/1.1" status: 200 len: 879 time: 0.0581207
2026-05-11 11:57:46.884 10 INFO neutron.api.wsgi [req-86bd444b-11bf-4872-bb41-5269ba7667dd req-64a1a0ae-7429-49e4-ab17-f0f2c50332c7 3d197bcc3fe7416188428e5a059854be 7e1a2800b1214512b22c9dec0ceef0af - - default default] 10.0.0.123 "GET /v2.0/ports?device_id=c82dc5ba-47a6-4369-8ad3-7ea78dfb2806 HTTP/1.1" status: 200 len: 210 time: 0.0197027
2026-05-11 11:57:46.913 10 INFO neutron.api.wsgi [req-e9a1f1dd-4405-4288-bf3a-b0c70d1c3c12 req-bb67c921-2081-47d6-b6a0-54d3fc778e41 3d197bcc3fe7416188428e5a059854be 7e1a2800b1214512b22c9dec0ceef0af - - default default] 199.204.45.72 "GET /v2.0/security-groups?fields=id&fields=name&tenant_id=7e1a2800b1214512b22c9dec0ceef0af HTTP/1.1" status: 200 len: 379 time: 0.0341871
2026-05-11 11:57:46.919 10 WARNING neutron_lib.context [req-e9a1f1dd-4405-4288-bf3a-b0c70d1c3c12 req-59f21368-e63c-4d99-b673-0f8f7ecdc3cf 3d197bcc3fe7416188428e5a059854be 7e1a2800b1214512b22c9dec0ceef0af - - default default] Method 'is_advsvc' is deprecated since 2023.2 release (neutron-lib 3.8.0) and will be removed once support for the old RBAC API policies will be removed from Neutron. Please use method 'is_service_role' instead.
2026-05-11 11:57:46.971 9 INFO neutron.api.wsgi [None req-7f3858a6-815d-4243-a172-e404aff1ff8a 7bdfab23c21e439c9772209b19985647 b14b6009830d4dbc8f18ff8314ec4066 - - default default] 10.0.0.95 "DELETE /v2.0/ports/3dedc31e-3c30-4705-881e-ec525d5f4ca1 HTTP/1.1" status: 204 len: 168 time: 0.3567026
2026-05-11 11:57:47.078 9 INFO neutron.services.segments.plugin [-] Segment 4751326f-2961-44fc-b7c3-0ca14e4f117b resource provider aggregate not found
2026-05-11 11:57:47.097 9 INFO neutron.services.segments.plugin [-] Segment 4751326f-2961-44fc-b7c3-0ca14e4f117b resource provider not found; error: Placement Client Error (4xx): {"errors": [{"status": 404, "title": "Not Found", "detail": "The resource could not be found.\n\n No resource provider with uuid 4751326f-2961-44fc-b7c3-0ca14e4f117b found for delete ", "request_id": "req-ee2813e5-42cd-4858-ac2f-34f20d515cff"}]}
2026-05-11 11:57:47.144 9 INFO neutron.services.segments.plugin [-] Segment 4751326f-2961-44fc-b7c3-0ca14e4f117b resource provider aggregate not found
2026-05-11 11:57:47.164 9 INFO neutron.services.segments.plugin [-] Segment 4751326f-2961-44fc-b7c3-0ca14e4f117b resource provider not found; error: Placement Client Error (4xx): {"errors": [{"status": 404, "title": "Not Found", "detail": "The resource could not be found.\n\n No resource provider with uuid 4751326f-2961-44fc-b7c3-0ca14e4f117b found for delete ", "request_id": "req-093f5aa5-25ee-4453-902e-5fcef2b2f3a9"}]}
2026-05-11 11:57:47.415 10 WARNING neutron.scheduler.dhcp_agent_scheduler [req-e9a1f1dd-4405-4288-bf3a-b0c70d1c3c12 req-59f21368-e63c-4d99-b673-0f8f7ecdc3cf 3d197bcc3fe7416188428e5a059854be 7e1a2800b1214512b22c9dec0ceef0af - - default default] No more DHCP agents
2026-05-11 11:57:47.416 10 WARNING neutron.api.rpc.agentnotifiers.dhcp_rpc_agent_api [req-e9a1f1dd-4405-4288-bf3a-b0c70d1c3c12 req-59f21368-e63c-4d99-b673-0f8f7ecdc3cf 3d197bcc3fe7416188428e5a059854be 7e1a2800b1214512b22c9dec0ceef0af - - default default] Unable to schedule network 6eb973dd-58d6-47ad-9a9a-92843620db4f: no agents available; will retry on subsequent port and subnet creation events.
2026-05-11 11:57:47.475 10 INFO neutron.api.wsgi [None req-0a9e1c61-5961-45d9-a693-1850e18467f4 7bdfab23c21e439c9772209b19985647 b14b6009830d4dbc8f18ff8314ec4066 - - default default] 10.0.0.95 "DELETE /v2.0/ports/efac40ba-4a76-4a1d-ad57-482772713f88 HTTP/1.1" status: 204 len: 168 time: 0.4993548 /var/lib/openstack/lib/python3.12/site-packages/pycadf/identifier.py:71: UserWarning: Invalid uuid: neutron. To ensure interoperability, identifiers should be a valid uuid. warnings.warn(('Invalid uuid: %s. To ensure interoperability, '
2026-05-11 11:57:47.568 10 INFO neutron.api.wsgi [None req-0ea859a8-fc0e-4c1e-9fde-7a73836c8e61 7bdfab23c21e439c9772209b19985647 b14b6009830d4dbc8f18ff8314ec4066 - - default default] 10.0.0.95 "GET /v2.0/ports HTTP/1.1" status: 200 len: 1718 time: 0.0881171
2026-05-11 11:57:47.577 10 WARNING neutron_lib.context [None req-a10e2750-bd5a-47b8-8c90-3a291d23d5ff 7bdfab23c21e439c9772209b19985647 b14b6009830d4dbc8f18ff8314ec4066 - - default default] Method 'is_advsvc' is deprecated since 2023.2 release (neutron-lib 3.8.0) and will be removed once support for the old RBAC API policies will be removed from Neutron. Please use method 'is_service_role' instead.
2026-05-11 11:57:47.585 10 INFO neutron.db.ovn_revision_numbers_db [req-e9a1f1dd-4405-4288-bf3a-b0c70d1c3c12 req-59f21368-e63c-4d99-b673-0f8f7ecdc3cf 3d197bcc3fe7416188428e5a059854be 7e1a2800b1214512b22c9dec0ceef0af - - default default] Successfully bumped revision number for resource ef907b43-d91c-4f7d-ad22-917c1fbe75b4 (type: ports) to 1
2026-05-11 11:57:47.608 10 INFO neutron.api.wsgi [req-e9a1f1dd-4405-4288-bf3a-b0c70d1c3c12 req-59f21368-e63c-4d99-b673-0f8f7ecdc3cf 3d197bcc3fe7416188428e5a059854be 7e1a2800b1214512b22c9dec0ceef0af - - default default] 199.204.45.72 "POST /v2.0/ports HTTP/1.1" status: 201 len: 1162 time: 0.6929188
2026-05-11 11:57:47.660 10 INFO neutron.db.segments_db [None req-a10e2750-bd5a-47b8-8c90-3a291d23d5ff 7bdfab23c21e439c9772209b19985647 b14b6009830d4dbc8f18ff8314ec4066 - - default default] Added segment b45b35c8-85e7-427c-a425-59b101983b26 of type geneve for network da388dfe-d685-4d98-be1b-8c36a7562dc7
2026-05-11 11:57:47.786 10 INFO neutron.db.ovn_revision_numbers_db [None req-a10e2750-bd5a-47b8-8c90-3a291d23d5ff 7bdfab23c21e439c9772209b19985647 b14b6009830d4dbc8f18ff8314ec4066 - - default default] Successfully bumped revision number for resource da388dfe-d685-4d98-be1b-8c36a7562dc7 (type: networks) to 1
2026-05-11 11:57:47.961 10 WARNING neutron.scheduler.dhcp_agent_scheduler [None req-a10e2750-bd5a-47b8-8c90-3a291d23d5ff 7bdfab23c21e439c9772209b19985647 b14b6009830d4dbc8f18ff8314ec4066 - - default default] No more DHCP agents
2026-05-11 11:57:47.964 10 WARNING neutron.api.rpc.agentnotifiers.dhcp_rpc_agent_api [None req-a10e2750-bd5a-47b8-8c90-3a291d23d5ff 7bdfab23c21e439c9772209b19985647 b14b6009830d4dbc8f18ff8314ec4066 - - default default] Unable to schedule network da388dfe-d685-4d98-be1b-8c36a7562dc7: no agents available; will retry on subsequent port and subnet creation events.
2026-05-11 11:57:48.013 9 INFO neutron.api.wsgi [req-0bdb9d20-c8e1-46e0-aec3-103bdda54f62 req-91b0caf4-e5b6-42b4-9457-8248b50ccc35 3d197bcc3fe7416188428e5a059854be 7e1a2800b1214512b22c9dec0ceef0af - - default default] 10.0.0.123 "GET /v2.0/ports?device_id=c82dc5ba-47a6-4369-8ad3-7ea78dfb2806 HTTP/1.1" status: 200 len: 1172 time: 0.0715454
2026-05-11 11:57:48.020 10 INFO neutron.db.ovn_revision_numbers_db [req-e9a1f1dd-4405-4288-bf3a-b0c70d1c3c12 req-6449fbcb-bfd6-4e50-bbc3-4becc3101dd0 38d510e7a3fd4a80907efb70012546ca c38a8d7371ab450cbb258205ee89a7fd - - e4896e14d21a4d678fd41e97fb08e427 e4896e14d21a4d678fd41e97fb08e427] Successfully bumped revision number for resource ef907b43-d91c-4f7d-ad22-917c1fbe75b4 (type: ports) to 2
2026-05-11 11:57:48.024 10 INFO neutron.db.ovn_revision_numbers_db [None req-a10e2750-bd5a-47b8-8c90-3a291d23d5ff 7bdfab23c21e439c9772209b19985647 b14b6009830d4dbc8f18ff8314ec4066 - - default default] Successfully bumped revision number for resource 53385a9d-db0a-45c9-8c3b-25221e0a2ec9 (type: ports) to 1
2026-05-11 11:57:48.044 10 INFO neutron.api.wsgi [None req-a10e2750-bd5a-47b8-8c90-3a291d23d5ff 7bdfab23c21e439c9772209b19985647 b14b6009830d4dbc8f18ff8314ec4066 - - default default] 10.0.0.95 "POST /v2.0/networks HTTP/1.1" status: 201 len: 848 time: 0.4702227
2026-05-11 11:57:48.047 9 INFO neutron.api.wsgi [None req-04d7226d-7af2-4d7a-a821-9730f82e761e 60c4e09d74ce4d7786deb05d0dbadca5 3e78b2aa76994e89b43b431c1d93a72a - - default default] 10.0.0.95 "GET /v2.0/extensions HTTP/1.1" status: 200 len: 19293 time: 0.1596386
2026-05-11 11:57:48.052 9 WARNING neutron_lib.context [None req-67d8fbf5-1c0f-4eb8-a1bd-056192ff51a5 7bdfab23c21e439c9772209b19985647 b14b6009830d4dbc8f18ff8314ec4066 - - default default] Method 'is_advsvc' is deprecated since 2023.2 release (neutron-lib 3.8.0) and will be removed once support for the old RBAC API policies will be removed from Neutron. Please use method 'is_service_role' instead. /var/lib/openstack/lib/python3.12/site-packages/pycadf/identifier.py:71: UserWarning: Invalid uuid: neutron. To ensure interoperability, identifiers should be a valid uuid. warnings.warn(('Invalid uuid: %s. To ensure interoperability, '
2026-05-11 11:57:48.056 9 INFO neutron.api.wsgi [req-0bdb9d20-c8e1-46e0-aec3-103bdda54f62 req-10bfd891-3116-4535-90e2-59176145a759 3d197bcc3fe7416188428e5a059854be 7e1a2800b1214512b22c9dec0ceef0af - - default default] 10.0.0.123 "GET /v2.0/security-groups?id=94b396b8-e598-4dff-894c-24558c732e53&fields=id&fields=name HTTP/1.1" status: 200 len: 312 time: 0.0361888
2026-05-11 11:57:48.057 10 INFO neutron.api.wsgi [None req-c1757562-6c6b-480f-9c28-b523cfd4d387 60c4e09d74ce4d7786deb05d0dbadca5 3e78b2aa76994e89b43b431c1d93a72a - - default default] 10.0.0.95 "GET /v2.0/extensions/address-group HTTP/1.1" status: 200 len: 353 time: 0.0043640
2026-05-11 11:57:48.064 10 INFO neutron.api.wsgi [None req-5cf93dcd-e97d-4b97-a11a-fe518c5d9177 60c4e09d74ce4d7786deb05d0dbadca5 3e78b2aa76994e89b43b431c1d93a72a - - default default] 10.0.0.95 "GET /v2.0/extensions/address-scope HTTP/1.1" status: 200 len: 357 time: 0.0036716
2026-05-11 11:57:48.071 10 INFO neutron.api.wsgi [None req-012c0120-d783-400b-a9ba-87529de2b0c5 60c4e09d74ce4d7786deb05d0dbadca5 3e78b2aa76994e89b43b431c1d93a72a - - default default] 10.0.0.95 "GET /v2.0/extensions/agent HTTP/1.1" status: 200 len: 347 time: 0.0031898
2026-05-11 11:57:48.080 9 INFO neutron.api.wsgi [None req-53c13056-5219-44a7-a525-31412523c5ef 60c4e09d74ce4d7786deb05d0dbadca5 3e78b2aa76994e89b43b431c1d93a72a - - default default] 10.0.0.95 "GET /v2.0/extensions/allowed-address-pairs HTTP/1.1" status: 200 len: 378 time: 0.0054495
2026-05-11 11:57:48.089 9 INFO neutron.api.wsgi [None req-e7b520d6-5d73-4084-8ed9-af5277fc739b 60c4e09d74ce4d7786deb05d0dbadca5 3e78b2aa76994e89b43b431c1d93a72a - - default default] 10.0.0.95 "GET /v2.0/extensions/auto-allocated-topology HTTP/1.1" status: 200 len: 394 time: 0.0051599
2026-05-11 11:57:48.096 10 INFO neutron.api.wsgi [None req-efc2cf37-dee2-4bbe-859f-ba852eb0e8ee 60c4e09d74ce4d7786deb05d0dbadca5 3e78b2aa76994e89b43b431c1d93a72a - - default default] 10.0.0.95 "GET /v2.0/extensions/availability_zone HTTP/1.1" status: 200 len: 372 time: 0.0038433
2026-05-11 11:57:48.103 9 INFO neutron.api.wsgi [None req-e91cb4b6-97e3-4fc5-b08c-19d72ce89470 60c4e09d74ce4d7786deb05d0dbadca5 3e78b2aa76994e89b43b431c1d93a72a - - default default] 10.0.0.95 "GET /v2.0/extensions/default-subnetpools HTTP/1.1" status: 200 len: 405 time: 0.0037415
2026-05-11 11:57:48.110 9 INFO neutron.api.wsgi [None req-ceae171e-3a73-4483-b51c-34368ee64d31 60c4e09d74ce4d7786deb05d0dbadca5 3e78b2aa76994e89b43b431c1d93a72a - - default default] 10.0.0.95 "GET /v2.0/extensions/dhcp_agent_scheduler HTTP/1.1" status: 200 len: 381 time: 0.0033498
2026-05-11 11:57:48.116 9 INFO neutron.api.wsgi [None req-78018e56-6587-43ed-a62d-82204a398e1c 60c4e09d74ce4d7786deb05d0dbadca5 3e78b2aa76994e89b43b431c1d93a72a - - default default] 10.0.0.95 "GET /v2.0/extensions/dns-integration HTTP/1.1" status: 200 len: 366 time: 0.0035329
2026-05-11 11:57:48.121 9 INFO neutron.api.wsgi [None req-19b04878-1517-468a-86b8-e5ce0aebc02e 60c4e09d74ce4d7786deb05d0dbadca5 3e78b2aa76994e89b43b431c1d93a72a - - default default] 10.0.0.95 "GET /v2.0/extensions/dns-domain-ports HTTP/1.1" status: 200 len: 399 time: 0.0024571
2026-05-11 11:57:48.127 9 INFO neutron.api.wsgi [None req-a8b318aa-cf18-41bd-9fb2-669333428cd2 60c4e09d74ce4d7786deb05d0dbadca5 3e78b2aa76994e89b43b431c1d93a72a - - default default] 10.0.0.95 "GET /v2.0/extensions/dns-integration-domain-keywords HTTP/1.1" status: 200 len: 477 time: 0.0031707 /var/lib/openstack/lib/python3.12/site-packages/pycadf/identifier.py:71: UserWarning: Invalid uuid: neutron. To ensure interoperability, identifiers should be a valid uuid. warnings.warn(('Invalid uuid: %s. To ensure interoperability, '
2026-05-11 11:57:48.136 10 INFO neutron.api.wsgi [None req-e486c0ff-3f9d-4643-8087-e6616f643d5c 60c4e09d74ce4d7786deb05d0dbadca5 3e78b2aa76994e89b43b431c1d93a72a - - default default] 10.0.0.95 "GET /v2.0/extensions/empty-string-filtering HTTP/1.1" status: 200 len: 413 time: 0.0054576
2026-05-11 11:57:48.137 9 INFO neutron.db.segments_db [None req-67d8fbf5-1c0f-4eb8-a1bd-056192ff51a5 7bdfab23c21e439c9772209b19985647 b14b6009830d4dbc8f18ff8314ec4066 - - default default] Added segment afc8db7a-28a6-4d67-a337-a8b18b5b3de2 of type geneve for network 4c0fc381-05ad-4b5d-a262-ff30a46efded
2026-05-11 11:57:48.145 9 INFO neutron.api.wsgi [None req-b346d5e5-c20c-45a6-8edd-ebbb5c58060d 60c4e09d74ce4d7786deb05d0dbadca5 3e78b2aa76994e89b43b431c1d93a72a - - default default] 10.0.0.95 "GET /v2.0/extensions/external-net HTTP/1.1" status: 200 len: 394 time: 0.0038714
2026-05-11 11:57:48.152 9 INFO neutron.api.wsgi [None req-0469ab09-e1e7-4406-abd5-c4545e87023a 60c4e09d74ce4d7786deb05d0dbadca5 3e78b2aa76994e89b43b431c1d93a72a - - default default] 10.0.0.95 "GET /v2.0/extensions/extra_dhcp_opt HTTP/1.1" status: 200 len: 498 time: 0.0027318
2026-05-11 11:57:48.157 9 INFO neutron.api.wsgi [None req-cce62ba6-67ab-4f6a-9805-be5729069be1 60c4e09d74ce4d7786deb05d0dbadca5 3e78b2aa76994e89b43b431c1d93a72a - - default default] 10.0.0.95 "GET /v2.0/extensions/extraroute HTTP/1.1" status: 200 len: 375 time: 0.0023904
2026-05-11 11:57:48.163 9 INFO neutron.api.wsgi [None req-0ccd4327-062c-4104-ad61-1b150d4de367 60c4e09d74ce4d7786deb05d0dbadca5 3e78b2aa76994e89b43b431c1d93a72a - - default default] 10.0.0.95 "GET /v2.0/extensions/floating-ip-port-forwarding-detail HTTP/1.1" status: 200 len: 465 time: 0.0032725
2026-05-11 11:57:48.168 9 INFO neutron.api.wsgi [None req-8a6ce4c3-1b13-4825-a2a6-5b54807ff5ef 60c4e09d74ce4d7786deb05d0dbadca5 3e78b2aa76994e89b43b431c1d93a72a - - default default] 10.0.0.95 "GET /v2.0/extensions/fip-port-details HTTP/1.1" status: 200 len: 406 time: 0.0024254
2026-05-11 11:57:48.177 10 INFO neutron.api.wsgi [None req-89724863-55ff-4020-bd51-242781d090c0 60c4e09d74ce4d7786deb05d0dbadca5 3e78b2aa76994e89b43b431c1d93a72a - - default default] 10.0.0.95 "GET /v2.0/extensions/flavors HTTP/1.1" status: 200 len: 387 time: 0.0051558
2026-05-11 11:57:48.184 10 INFO neutron.api.wsgi [None req-fcda8c71-ef5c-48d0-817b-e64455210854 60c4e09d74ce4d7786deb05d0dbadca5 3e78b2aa76994e89b43b431c1d93a72a - - default default] 10.0.0.95 "GET /v2.0/extensions/floatingip-pools HTTP/1.1" status: 200 len: 382 time: 0.0032854
2026-05-11 11:57:48.193 9 INFO neutron.api.wsgi [None req-0ac0b15c-ad26-4bf2-96a1-2754dff39e42 60c4e09d74ce4d7786deb05d0dbadca5 3e78b2aa76994e89b43b431c1d93a72a - - default default] 10.0.0.95 "GET /v2.0/extensions/ip_allocation HTTP/1.1" status: 200 len: 356 time: 0.0053196
2026-05-11 11:57:48.204 9 INFO neutron.api.wsgi [None req-561eecce-d376-4e45-b630-597b7357263e 60c4e09d74ce4d7786deb05d0dbadca5 3e78b2aa76994e89b43b431c1d93a72a - - default default] 10.0.0.95 "GET /v2.0/extensions/l2_adjacency HTTP/1.1" status: 200 len: 372 time: 0.0068181
2026-05-11 11:57:48.212 9 INFO neutron.api.wsgi [None req-a15fa9b8-95f4-4f37-9fe0-d49efaa792ed 60c4e09d74ce4d7786deb05d0dbadca5 3e78b2aa76994e89b43b431c1d93a72a - - default default] 10.0.0.95 "GET /v2.0/extensions/router HTTP/1.1" status: 200 len: 450 time: 0.0043175
2026-05-11 11:57:48.220 9 INFO neutron.api.wsgi [None req-200615b3-eda0-46ee-b0a8-73762111e9b1 60c4e09d74ce4d7786deb05d0dbadca5 3e78b2aa76994e89b43b431c1d93a72a - - default default] 10.0.0.95 "GET /v2.0/extensions/enable-default-route-bfd HTTP/1.1" status: 200 len: 406 time: 0.0054743
2026-05-11 11:57:48.229 10 INFO neutron.api.wsgi [None req-123152c5-0cdc-4991-9fa4-c8b43010efda 60c4e09d74ce4d7786deb05d0dbadca5 3e78b2aa76994e89b43b431c1d93a72a - - default default] 10.0.0.95 "GET /v2.0/extensions/enable-default-route-ecmp HTTP/1.1" status: 200 len: 409 time: 0.0047910
2026-05-11 11:57:48.230 10 INFO neutron.db.ovn_revision_numbers_db [req-e9a1f1dd-4405-4288-bf3a-b0c70d1c3c12 req-6449fbcb-bfd6-4e50-bbc3-4becc3101dd0 38d510e7a3fd4a80907efb70012546ca c38a8d7371ab450cbb258205ee89a7fd - - e4896e14d21a4d678fd41e97fb08e427 e4896e14d21a4d678fd41e97fb08e427] Successfully bumped revision number for resource ef907b43-d91c-4f7d-ad22-917c1fbe75b4 (type: ports) to 4
2026-05-11 11:57:48.238 10 INFO neutron.api.wsgi [None req-efaeb448-e0ae-42c3-94fb-d02ffce4b103 60c4e09d74ce4d7786deb05d0dbadca5 3e78b2aa76994e89b43b431c1d93a72a - - default default] 10.0.0.95 "GET /v2.0/extensions/ext-gw-mode HTTP/1.1" status: 200 len: 462 time: 0.0047886
2026-05-11 11:57:48.245 10 INFO neutron.api.wsgi [None req-9aade5b5-8e0d-4a98-a54b-76a97d017ca7 60c4e09d74ce4d7786deb05d0dbadca5 3e78b2aa76994e89b43b431c1d93a72a - - default default] 10.0.0.95 "GET /v2.0/extensions/l3-ha HTTP/1.1" status: 200 len: 360 time: 0.0036862
2026-05-11 11:57:48.252 10 INFO neutron.api.wsgi [req-e9a1f1dd-4405-4288-bf3a-b0c70d1c3c12 req-6449fbcb-bfd6-4e50-bbc3-4becc3101dd0 38d510e7a3fd4a80907efb70012546ca c38a8d7371ab450cbb258205ee89a7fd - - e4896e14d21a4d678fd41e97fb08e427 e4896e14d21a4d678fd41e97fb08e427] 199.204.45.72 "PUT /v2.0/ports/ef907b43-d91c-4f7d-ad22-917c1fbe75b4 HTTP/1.1" status: 200 len: 1408 time: 0.6388803
2026-05-11 11:57:48.254 10 INFO neutron.api.wsgi [None req-61c3230c-b869-4b23-89fd-ce41bd7eea56 60c4e09d74ce4d7786deb05d0dbadca5 3e78b2aa76994e89b43b431c1d93a72a - - default default] 10.0.0.95 "GET /v2.0/extensions/external-gateway-multihoming HTTP/1.1" status: 200 len: 421 time: 0.0058444
2026-05-11 11:57:48.260 10 INFO neutron.api.wsgi [None req-89b1939a-c115-43ef-b834-97cceb07d46a 60c4e09d74ce4d7786deb05d0dbadca5 3e78b2aa76994e89b43b431c1d93a72a - - default default] 10.0.0.95 "GET /v2.0/extensions/l3-flavors HTTP/1.1" status: 200 len: 366 time: 0.0028071
2026-05-11 11:57:48.266 10 INFO neutron.api.wsgi [None req-88ec7117-f540-4f3d-b596-9d31d7015503 60c4e09d74ce4d7786deb05d0dbadca5 3e78b2aa76994e89b43b431c1d93a72a - - default default] 10.0.0.95 "GET /v2.0/extensions/logging HTTP/1.1" status: 200 len: 407 time: 0.0023928
2026-05-11 11:57:48.273 10 INFO neutron.api.wsgi [None req-e45a15f8-d04a-4d33-b59a-f6eefcaf62a6 60c4e09d74ce4d7786deb05d0dbadca5 3e78b2aa76994e89b43b431c1d93a72a - - default default] 10.0.0.95 "GET /v2.0/extensions/multi-provider HTTP/1.1" status: 200 len: 406 time: 0.0039501
2026-05-11 11:57:48.279 10 INFO neutron.api.wsgi [None req-7ba4dd1b-2fa2-4d86-bb6f-2eebfdd2f426 60c4e09d74ce4d7786deb05d0dbadca5 3e78b2aa76994e89b43b431c1d93a72a - - default default] 10.0.0.95 "GET /v2.0/extensions/net-mtu HTTP/1.1" status: 200 len: 370 time: 0.0033140
2026-05-11 11:57:48.282 10 INFO neutron.notifiers.nova [-] Nova event matching ['req-a34027a5-f2c5-421a-a786-baa74338f30a'] response: {'name': 'network-changed', 'server_uuid': 'c82dc5ba-47a6-4369-8ad3-7ea78dfb2806', 'tag': 'ef907b43-d91c-4f7d-ad22-917c1fbe75b4', 'status': 'completed', 'code': 200}
2026-05-11 11:57:48.286 9 INFO neutron.api.wsgi [None req-82a977b4-8ef3-48bf-bd7e-c7692c2d4df3 60c4e09d74ce4d7786deb05d0dbadca5 3e78b2aa76994e89b43b431c1d93a72a - - default default] 10.0.0.95 "GET /v2.0/extensions/net-mtu-writable HTTP/1.1" status: 200 len: 401 time: 0.0042050
2026-05-11 11:57:48.293 10 INFO neutron.api.wsgi [None req-f6187e73-f914-4954-ac57-b38baec24e74 60c4e09d74ce4d7786deb05d0dbadca5 3e78b2aa76994e89b43b431c1d93a72a - - default default] 10.0.0.95 "GET /v2.0/extensions/network_availability_zone HTTP/1.1" status: 200 len: 394 time: 0.0038743
2026-05-11 11:57:48.297 9 INFO neutron.db.ovn_revision_numbers_db [None req-67d8fbf5-1c0f-4eb8-a1bd-056192ff51a5 7bdfab23c21e439c9772209b19985647 b14b6009830d4dbc8f18ff8314ec4066 - - default default] Successfully bumped revision number for resource 4c0fc381-05ad-4b5d-a262-ff30a46efded (type: networks) to 1
2026-05-11 11:57:48.301 10 INFO neutron.api.wsgi [None req-d6c2a105-1d07-4c24-8c8d-39cf8933cb01 60c4e09d74ce4d7786deb05d0dbadca5 3e78b2aa76994e89b43b431c1d93a72a - - default default] 10.0.0.95 "GET /v2.0/extensions/network-ip-availability HTTP/1.1" status: 200 len: 410 time: 0.0041862
2026-05-11 11:57:48.307 10 INFO neutron.api.wsgi [None req-da90a311-8dc4-4397-8dbd-96fe2577287d 60c4e09d74ce4d7786deb05d0dbadca5 3e78b2aa76994e89b43b431c1d93a72a - - default default] 10.0.0.95 "GET /v2.0/extensions/pagination HTTP/1.1" status: 200 len: 386 time: 0.0032961
2026-05-11 11:57:48.314 10 INFO neutron.api.wsgi [None req-75cda604-14be-4a69-8476-c0e92f73d314 60c4e09d74ce4d7786deb05d0dbadca5 3e78b2aa76994e89b43b431c1d93a72a - - default default] 10.0.0.95 "GET /v2.0/extensions/port-device-profile HTTP/1.1" status: 200 len: 383 time: 0.0035293
2026-05-11 11:57:48.321 10 INFO neutron.api.wsgi [None req-d88cce82-1c05-4933-9263-acce5ead3dc8 60c4e09d74ce4d7786deb05d0dbadca5 3e78b2aa76994e89b43b431c1d93a72a - - default default] 10.0.0.95 "GET /v2.0/extensions/port-mac-address-regenerate HTTP/1.1" status: 200 len: 403 time: 0.0033031
2026-05-11 11:57:48.327 10 INFO neutron.api.wsgi [None req-bb0779a5-e7e3-4f6e-9c55-ea6ed4dc14b1 60c4e09d74ce4d7786deb05d0dbadca5 3e78b2aa76994e89b43b431c1d93a72a - - default default] 10.0.0.95 "GET /v2.0/extensions/port-numa-affinity-policy HTTP/1.1" status: 200 len: 392 time: 0.0032537
2026-05-11 11:57:48.335 10 INFO neutron.api.wsgi [None req-fca6d5a5-0536-4cb1-bc66-c93d11707a03 60c4e09d74ce4d7786deb05d0dbadca5 3e78b2aa76994e89b43b431c1d93a72a - - default default] 10.0.0.95 "GET /v2.0/extensions/port-numa-affinity-policy-socket HTTP/1.1" status: 200 len: 434 time: 0.0039854
2026-05-11 11:57:48.342 10 INFO neutron.api.wsgi [None req-33324db7-e23d-4e73-9c86-9030bdad955e 60c4e09d74ce4d7786deb05d0dbadca5 3e78b2aa76994e89b43b431c1d93a72a - - default default] 10.0.0.95 "GET /v2.0/extensions/port-resource-request HTTP/1.1" status: 200 len: 379 time: 0.0035446
2026-05-11 11:57:48.348 10 INFO neutron.api.wsgi [None req-1597fe3a-6303-4080-bb86-99973c15c1a4 60c4e09d74ce4d7786deb05d0dbadca5 3e78b2aa76994e89b43b431c1d93a72a - - default default] 10.0.0.95 "GET /v2.0/extensions/port-resource-request-groups HTTP/1.1" status: 200 len: 465 time: 0.0032480
2026-05-11 11:57:48.354 10 INFO neutron.api.wsgi [None req-db3b82e4-5236-4801-aa14-cf10194184b9 60c4e09d74ce4d7786deb05d0dbadca5 3e78b2aa76994e89b43b431c1d93a72a - - default default] 10.0.0.95 "GET /v2.0/extensions/binding HTTP/1.1" status: 200 len: 387 time: 0.0032172
2026-05-11 11:57:48.360 10 INFO neutron.api.wsgi [None req-e5bcb5c4-a5cd-4308-a00e-790fc0d7b1af 60c4e09d74ce4d7786deb05d0dbadca5 3e78b2aa76994e89b43b431c1d93a72a - - default default] 10.0.0.95 "GET /v2.0/extensions/binding-extended HTTP/1.1" status: 200 len: 406 time: 0.0032566
2026-05-11 11:57:48.367 10 INFO neutron.api.wsgi [None req-430ee898-b907-43d1-9954-4ce3ff628a9d 60c4e09d74ce4d7786deb05d0dbadca5 3e78b2aa76994e89b43b431c1d93a72a - - default default] 10.0.0.95 "GET /v2.0/extensions/port-security HTTP/1.1" status: 200 len: 354 time: 0.0035436
2026-05-11 11:57:48.373 10 INFO neutron.api.wsgi [None req-8042a922-add5-4762-b361-d9121249fe2a 60c4e09d74ce4d7786deb05d0dbadca5 3e78b2aa76994e89b43b431c1d93a72a - - default default] 10.0.0.95 "GET /v2.0/extensions/project-id HTTP/1.1" status: 200 len: 398 time: 0.0033021
2026-05-11 11:57:48.380 10 INFO neutron.api.wsgi [None req-393fcafc-b900-4333-a08c-b361ce559a51 60c4e09d74ce4d7786deb05d0dbadca5 3e78b2aa76994e89b43b431c1d93a72a - - default default] 10.0.0.95 "GET /v2.0/extensions/provider HTTP/1.1" status: 200 len: 385 time: 0.0034940
2026-05-11 11:57:48.387 10 INFO neutron.api.wsgi [None req-072fdf75-e435-4d3a-80ed-0f7c3a7bdfc7 60c4e09d74ce4d7786deb05d0dbadca5 3e78b2aa76994e89b43b431c1d93a72a - - default default] 10.0.0.95 "GET /v2.0/extensions/qos HTTP/1.1" status: 200 len: 360 time: 0.0033534
2026-05-11 11:57:48.393 10 INFO neutron.api.wsgi [None req-7e54a3fc-11b1-41be-b677-30498512f7ec 60c4e09d74ce4d7786deb05d0dbadca5 3e78b2aa76994e89b43b431c1d93a72a - - default default] 10.0.0.95 "GET /v2.0/extensions/qos-bw-limit-direction HTTP/1.1" status: 200 len: 452 time: 0.0035131
2026-05-11 11:57:48.400 10 INFO neutron.api.wsgi [None req-6c895217-97a5-4913-bef2-6f24904a4632 60c4e09d74ce4d7786deb05d0dbadca5 3e78b2aa76994e89b43b431c1d93a72a - - default default] 10.0.0.95 "GET /v2.0/extensions/qos-bw-minimum-ingress HTTP/1.1" status: 200 len: 445 time: 0.0032527
2026-05-11 11:57:48.408 10 INFO neutron.api.wsgi [None req-4278cf56-45bc-43b0-99dd-f32b89eb429a 60c4e09d74ce4d7786deb05d0dbadca5 3e78b2aa76994e89b43b431c1d93a72a - - default default] 10.0.0.95 "GET /v2.0/extensions/qos-default HTTP/1.1" status: 200 len: 377 time: 0.0033259
2026-05-11 11:57:48.416 9 INFO neutron.api.wsgi [None req-fdc9aeae-5b7a-485c-851f-7515e7425e46 60c4e09d74ce4d7786deb05d0dbadca5 3e78b2aa76994e89b43b431c1d93a72a - - default default] 10.0.0.95 "GET /v2.0/extensions/qos-fip HTTP/1.1" status: 200 len: 372 time: 0.0034935
2026-05-11 11:57:48.424 10 INFO neutron.api.wsgi [None req-ed67d80c-3750-4eb4-9bec-5c228493fc2c 60c4e09d74ce4d7786deb05d0dbadca5 3e78b2aa76994e89b43b431c1d93a72a - - default default] 10.0.0.95 "GET /v2.0/extensions/qos-gateway-ip HTTP/1.1" status: 200 len: 391 time: 0.0051808
