2026-05-11 11:59:12.052 10 INFO neutron.notifiers.nova [-] Nova event matching ['req-b8b6113b-78ac-49a3-b8ff-3bc89e0f9a0d'] response: {'name': 'network-changed', 'server_uuid': '7eb5f240-19a6-493c-94a3-7aa8026383e8', 'tag': '7b011df3-9890-4a01-a35d-e37e6bf084bf', 'status': 'completed', 'code': 200}
2026-05-11 11:59:12.052 10 INFO neutron.notifiers.nova [-] Nova event matching ['req-b8b6113b-78ac-49a3-b8ff-3bc89e0f9a0d'] response: {'server_uuid': 'be176727-29ea-4595-8117-5d229b7aa768', 'name': 'network-vif-unplugged', 'status': 'completed', 'tag': 'ad0435f1-2a56-4c64-87f0-1fd9ce7a60ea', 'code': 200}
2026-05-11 11:59:12.052 10 INFO neutron.notifiers.nova [-] Nova event matching ['req-b8b6113b-78ac-49a3-b8ff-3bc89e0f9a0d'] response: {'server_uuid': 'be176727-29ea-4595-8117-5d229b7aa768', 'name': 'network-vif-unplugged', 'status': 'completed', 'tag': 'ad0435f1-2a56-4c64-87f0-1fd9ce7a60ea', 'code': 200}
2026-05-11 11:59:12.122 10 WARNING neutron.scheduler.dhcp_agent_scheduler [None req-612d09f1-7529-42ef-8183-b57b5a3de39b 344781b6fe384ea397babaa2aa9e54c9 3daaa9c5d33442b19cf54d2bcb8ec793 - - default default] No more DHCP agents
2026-05-11 11:59:12.123 10 WARNING neutron.api.rpc.agentnotifiers.dhcp_rpc_agent_api [None req-612d09f1-7529-42ef-8183-b57b5a3de39b 344781b6fe384ea397babaa2aa9e54c9 3daaa9c5d33442b19cf54d2bcb8ec793 - - default default] Unable to schedule network fbf8b893-5e60-4bbf-a602-9ae216e12a8c: no agents available; will retry on subsequent port and subnet creation events.
2026-05-11 11:59:12.167 9 INFO neutron.api.wsgi [None req-a1ec0a47-774d-4900-9263-62840963f603 21f213de4a904c03bf20b2f226e2c45a 1c5074aad43e4f538ffabfc416f3d63b - - default default] 10.0.0.95 "DELETE /v2.0/security-groups/3c0edeb2-8c21-4e9f-8e3c-30da64562dfa HTTP/1.1" status: 204 len: 168 time: 0.5171425
2026-05-11 11:59:12.331 10 INFO neutron.api.wsgi [req-81753dc7-1e6d-41d5-981b-4ab3f7a76080 req-e7e74697-9296-4487-8fc3-59d5b774471c 975d112869a84c139a938d1fe5ebfcc4 00dbd8f8f2c942679f14996c4a3b9174 - - default default] 199.204.45.72 "GET /v2.0/ports?device_id=be176727-29ea-4595-8117-5d229b7aa768 HTTP/1.1" status: 200 len: 1168 time: 0.0731354
2026-05-11 11:59:12.340 9 INFO neutron.api.wsgi [req-f92f8e13-badf-4329-b86f-2ca222cdec57 req-c220620d-c7e1-4ee6-a394-fc773a991b63 9a4e2b9214d24cb6af2303f7d8eab562 1dcfcaee710f403f835758029f04e121 - - default default] 10.0.0.123 "GET /v2.0/ports?device_id=7eb5f240-19a6-493c-94a3-7aa8026383e8 HTTP/1.1" status: 200 len: 1168 time: 0.0332785
2026-05-11 11:59:12.376 9 INFO neutron.api.wsgi [req-f92f8e13-badf-4329-b86f-2ca222cdec57 req-e80ab1b2-35a9-434d-b668-e9ed301c4f8a 9a4e2b9214d24cb6af2303f7d8eab562 1dcfcaee710f403f835758029f04e121 - - default default] 10.0.0.123 "GET /v2.0/security-groups?id=4c390a8a-1d4c-4883-9f11-6657f8790784&fields=id&fields=name HTTP/1.1" status: 200 len: 313 time: 0.0315635
2026-05-11 11:59:12.624 10 INFO neutron.api.wsgi [req-49469b81-a222-4f2f-9471-8d39795cd6c1 req-18ab87b3-268f-4bea-8a2b-09b7e12b16b4 38d510e7a3fd4a80907efb70012546ca c38a8d7371ab450cbb258205ee89a7fd - - e4896e14d21a4d678fd41e97fb08e427 e4896e14d21a4d678fd41e97fb08e427] 199.204.45.72 "GET /v2.0/ports?tenant_id=00dbd8f8f2c942679f14996c4a3b9174&device_id=be176727-29ea-4595-8117-5d229b7aa768 HTTP/1.1" status: 200 len: 1407 time: 0.0622561
2026-05-11 11:59:12.724 10 INFO neutron.api.wsgi [req-49469b81-a222-4f2f-9471-8d39795cd6c1 req-4e68511a-12b6-40c9-89ae-ff7923df8be1 38d510e7a3fd4a80907efb70012546ca c38a8d7371ab450cbb258205ee89a7fd - - e4896e14d21a4d678fd41e97fb08e427 e4896e14d21a4d678fd41e97fb08e427] 199.204.45.72 "GET /v2.0/networks?id=cfc027c2-a7a5-4767-96b4-3446e288d1a3 HTTP/1.1" status: 200 len: 973 time: 0.0944407 /var/lib/openstack/lib/python3.12/site-packages/pycadf/identifier.py:71: UserWarning: Invalid uuid: neutron. To ensure interoperability, identifiers should be a valid uuid. warnings.warn(('Invalid uuid: %s. To ensure interoperability, '
2026-05-11 11:59:12.762 10 INFO neutron.db.l3_db [req-81753dc7-1e6d-41d5-981b-4ab3f7a76080 req-dfe1745d-4090-491e-8ed1-2b4575d5f33d 975d112869a84c139a938d1fe5ebfcc4 00dbd8f8f2c942679f14996c4a3b9174 - - default default] Floating IP 5ae29ca2-8480-458f-a3ac-d0b78a60a3e6 disassociated. External IP: 10.96.250.216, port: ad0435f1-2a56-4c64-87f0-1fd9ce7a60ea.
2026-05-11 11:59:12.787 10 INFO neutron.api.wsgi [req-49469b81-a222-4f2f-9471-8d39795cd6c1 req-6e3ae800-eecc-496b-94e7-28e369bf9fcb 38d510e7a3fd4a80907efb70012546ca c38a8d7371ab450cbb258205ee89a7fd - - e4896e14d21a4d678fd41e97fb08e427 e4896e14d21a4d678fd41e97fb08e427] 199.204.45.72 "GET /v2.0/floatingips?fixed_ip_address=10.100.0.6&port_id=ad0435f1-2a56-4c64-87f0-1fd9ce7a60ea HTTP/1.1" status: 200 len: 1057 time: 0.0561554
2026-05-11 11:59:12.818 10 INFO neutron.api.wsgi [req-f50bb2c9-8846-44c3-bd17-ccdad88d9da2 req-5d387a8e-0250-4607-bc62-0f7765f2229a 975d112869a84c139a938d1fe5ebfcc4 00dbd8f8f2c942679f14996c4a3b9174 - - default default] 10.0.0.123 "GET /v2.0/ports?device_id=be176727-29ea-4595-8117-5d229b7aa768 HTTP/1.1" status: 200 len: 1168 time: 0.0482154
2026-05-11 11:59:12.831 10 INFO neutron.api.wsgi [req-49469b81-a222-4f2f-9471-8d39795cd6c1 req-40e1c9c0-9211-4046-9ded-e1ce330b16e0 38d510e7a3fd4a80907efb70012546ca c38a8d7371ab450cbb258205ee89a7fd - - e4896e14d21a4d678fd41e97fb08e427 e4896e14d21a4d678fd41e97fb08e427] 199.204.45.72 "GET /v2.0/subnets?id=3ebd85c6-dc13-47c1-8a3c-78e968387355 HTTP/1.1" status: 200 len: 892 time: 0.0375826
2026-05-11 11:59:12.865 10 INFO neutron.api.wsgi [req-49469b81-a222-4f2f-9471-8d39795cd6c1 req-f3be4ccc-f0dc-4b36-a0ee-2396836d638a 38d510e7a3fd4a80907efb70012546ca c38a8d7371ab450cbb258205ee89a7fd - - e4896e14d21a4d678fd41e97fb08e427 e4896e14d21a4d678fd41e97fb08e427] 199.204.45.72 "GET /v2.0/ports?network_id=cfc027c2-a7a5-4767-96b4-3446e288d1a3&device_owner=network%3Adhcp HTTP/1.1" status: 200 len: 210 time: 0.0270960
2026-05-11 11:59:12.902 10 INFO neutron.api.wsgi [req-f50bb2c9-8846-44c3-bd17-ccdad88d9da2 req-f2b1305b-6c74-4ddf-97af-73be46acfc48 975d112869a84c139a938d1fe5ebfcc4 00dbd8f8f2c942679f14996c4a3b9174 - - default default] 10.0.0.123 "GET /v2.0/security-groups?id=6f8d1221-cda4-47d5-9096-c42269407bfd&fields=id&fields=name HTTP/1.1" status: 200 len: 313 time: 0.0753145
2026-05-11 11:59:12.920 10 INFO neutron.api.wsgi [req-49469b81-a222-4f2f-9471-8d39795cd6c1 req-b6f25b3b-ef4d-4aca-a4b7-52e0c45b5f34 38d510e7a3fd4a80907efb70012546ca c38a8d7371ab450cbb258205ee89a7fd - - e4896e14d21a4d678fd41e97fb08e427 e4896e14d21a4d678fd41e97fb08e427] 199.204.45.72 "GET /v2.0/networks/cfc027c2-a7a5-4767-96b4-3446e288d1a3?fields=segments HTTP/1.1" status: 200 len: 212 time: 0.0463510
2026-05-11 11:59:12.968 10 INFO neutron.api.wsgi [req-49469b81-a222-4f2f-9471-8d39795cd6c1 req-3b3f0cc6-cd74-49f0-9cda-c5c5fbd3bb31 38d510e7a3fd4a80907efb70012546ca c38a8d7371ab450cbb258205ee89a7fd - - e4896e14d21a4d678fd41e97fb08e427 e4896e14d21a4d678fd41e97fb08e427] 199.204.45.72 "GET /v2.0/networks/cfc027c2-a7a5-4767-96b4-3446e288d1a3?fields=provider%3Aphysical_network&fields=provider%3Anetwork_type HTTP/1.1" status: 200 len: 277 time: 0.0414369
2026-05-11 11:59:13.461 9 INFO neutron.api.wsgi [req-d1ebfa55-7e59-4193-b4bf-005d502302c9 req-c25d1b71-c0ea-4584-add1-d8f7f5e453e4 9a4e2b9214d24cb6af2303f7d8eab562 1dcfcaee710f403f835758029f04e121 - - default default] 10.0.0.123 "GET /v2.0/ports?device_id=7eb5f240-19a6-493c-94a3-7aa8026383e8 HTTP/1.1" status: 200 len: 1168 time: 0.0288026
2026-05-11 11:59:13.498 9 INFO neutron.api.wsgi [req-d1ebfa55-7e59-4193-b4bf-005d502302c9 req-96b33f95-f2e6-4d5f-832b-4acab7648aad 9a4e2b9214d24cb6af2303f7d8eab562 1dcfcaee710f403f835758029f04e121 - - default default] 10.0.0.123 "GET /v2.0/security-groups?id=4c390a8a-1d4c-4883-9f11-6657f8790784&fields=id&fields=name HTTP/1.1" status: 200 len: 313 time: 0.0312915
2026-05-11 11:59:13.580 10 INFO neutron.api.wsgi [None req-b92c17f3-cf39-4f80-9026-ae08ac38aa6c 21f213de4a904c03bf20b2f226e2c45a 1c5074aad43e4f538ffabfc416f3d63b - - default default] 10.0.0.168 "GET /v2.0/floatingips HTTP/1.1" status: 200 len: 1033 time: 0.0740886
2026-05-11 11:59:13.611 10 INFO neutron.api.wsgi [None req-97b54738-98c4-4a7a-b4bb-edd9ea88790d 21f213de4a904c03bf20b2f226e2c45a 1c5074aad43e4f538ffabfc416f3d63b - - default default] 10.0.0.168 "GET /v2.0/subnets HTTP/1.1" status: 200 len: 2828 time: 0.0298617
2026-05-11 11:59:13.619 10 INFO neutron.api.wsgi [None req-b30b4652-e955-4502-b11c-f52a65d81447 21f213de4a904c03bf20b2f226e2c45a 1c5074aad43e4f538ffabfc416f3d63b - - default default] 10.0.0.168 "GET /v2.0/subnetpools HTTP/1.1" status: 200 len: 193 time: 0.0071242
2026-05-11 11:59:13.672 10 INFO neutron.api.wsgi [None req-af8b9fd7-6a12-49e5-9d49-b0f6c5e90b38 21f213de4a904c03bf20b2f226e2c45a 1c5074aad43e4f538ffabfc416f3d63b - - default default] 10.0.0.168 "GET /v2.0/security-groups HTTP/1.1" status: 200 len: 37398 time: 0.0525498
2026-05-11 11:59:13.716 10 INFO neutron.api.wsgi [None req-b5fcc99e-1722-4640-b4ce-bdb79ad72d88 21f213de4a904c03bf20b2f226e2c45a 1c5074aad43e4f538ffabfc416f3d63b - - default default] 10.0.0.168 "GET /v2.0/subnets HTTP/1.1" status: 200 len: 2828 time: 0.0323129
2026-05-11 11:59:13.728 10 INFO neutron.api.wsgi [None req-e1a57164-f2f3-4d43-bbf9-c6ba57c8154d 21f213de4a904c03bf20b2f226e2c45a 1c5074aad43e4f538ffabfc416f3d63b - - default default] 10.0.0.168 "GET /v2.0/network-ip-availabilities HTTP/1.1" status: 200 len: 2482 time: 0.0106401
2026-05-11 11:59:13.791 10 INFO neutron.api.wsgi [None req-216d846b-79e8-4935-ba1e-314eb5e105d5 21f213de4a904c03bf20b2f226e2c45a 1c5074aad43e4f538ffabfc416f3d63b - - default default] 10.0.0.168 "GET /v2.0/routers HTTP/1.1" status: 200 len: 2116 time: 0.0616057
2026-05-11 11:59:13.807 10 INFO neutron.api.wsgi [None req-793d0193-2b49-4501-831c-e814e0b26036 21f213de4a904c03bf20b2f226e2c45a 1c5074aad43e4f538ffabfc416f3d63b - - default default] 10.0.0.168 "GET /v2.0/agents?binary=ovn-controller HTTP/1.1" status: 200 len: 591 time: 0.0147498
2026-05-11 11:59:13.818 10 INFO neutron.api.wsgi [None req-82977598-3412-4bf1-8f17-2857439be8ab 21f213de4a904c03bf20b2f226e2c45a 1c5074aad43e4f538ffabfc416f3d63b - - default default] 10.0.0.168 "GET /v2.0/agents HTTP/1.1" status: 200 len: 1390 time: 0.0087111
2026-05-11 11:59:13.875 10 INFO neutron.api.wsgi [None req-4692f04f-42d6-40e7-9cf3-8ad7f75819d1 21f213de4a904c03bf20b2f226e2c45a 1c5074aad43e4f538ffabfc416f3d63b - - default default] 10.0.0.168 "GET /v2.0/networks HTTP/1.1" status: 200 len: 4575 time: 0.0559638
2026-05-11 11:59:13.941 10 INFO neutron.api.wsgi [None req-262209aa-6cdc-4524-b5bd-42083441961b 21f213de4a904c03bf20b2f226e2c45a 1c5074aad43e4f538ffabfc416f3d63b - - default default] 10.0.0.168 "GET /v2.0/ports HTTP/1.1" status: 200 len: 16060 time: 0.0611837
2026-05-11 11:59:14.000 10 INFO neutron.api.wsgi [req-cbfcb32d-770d-4d21-a008-d1ce2bce3777 req-cdcd292e-664b-4ae9-afa6-e73c19dcbe95 975d112869a84c139a938d1fe5ebfcc4 00dbd8f8f2c942679f14996c4a3b9174 - - default default] 10.0.0.123 "GET /v2.0/ports?device_id=be176727-29ea-4595-8117-5d229b7aa768 HTTP/1.1" status: 200 len: 1168 time: 0.0364621
2026-05-11 11:59:14.039 10 INFO neutron.api.wsgi [req-cbfcb32d-770d-4d21-a008-d1ce2bce3777 req-8ee7d620-90bd-4dfe-a3a3-e5de31ea9ffb 975d112869a84c139a938d1fe5ebfcc4 00dbd8f8f2c942679f14996c4a3b9174 - - default default] 10.0.0.123 "GET /v2.0/security-groups?id=6f8d1221-cda4-47d5-9096-c42269407bfd&fields=id&fields=name HTTP/1.1" status: 200 len: 313 time: 0.0327749
2026-05-11 11:59:14.591 9 INFO neutron.api.wsgi [req-5f5c912a-b7ef-4c60-a346-423a54153641 req-225dac6c-6abb-4534-85b1-7629fba0766a 9a4e2b9214d24cb6af2303f7d8eab562 1dcfcaee710f403f835758029f04e121 - - default default] 10.0.0.123 "GET /v2.0/ports?device_id=7eb5f240-19a6-493c-94a3-7aa8026383e8 HTTP/1.1" status: 200 len: 1168 time: 0.0353065
2026-05-11 11:59:14.628 9 INFO neutron.api.wsgi [req-5f5c912a-b7ef-4c60-a346-423a54153641 req-6e0af9fb-9e99-414c-8da7-4ccb0722e606 9a4e2b9214d24cb6af2303f7d8eab562 1dcfcaee710f403f835758029f04e121 - - default default] 10.0.0.123 "GET /v2.0/security-groups?id=4c390a8a-1d4c-4883-9f11-6657f8790784&fields=id&fields=name HTTP/1.1" status: 200 len: 313 time: 0.0299895
2026-05-11 11:59:15.145 10 INFO neutron.api.wsgi [req-2a8d6285-0bd7-4116-8f61-e8fc3b83f3a3 req-b57a1cc9-651e-4739-9ec0-af2bce1deee2 975d112869a84c139a938d1fe5ebfcc4 00dbd8f8f2c942679f14996c4a3b9174 - - default default] 10.0.0.123 "GET /v2.0/ports?device_id=be176727-29ea-4595-8117-5d229b7aa768 HTTP/1.1" status: 200 len: 1168 time: 0.0344262
2026-05-11 11:59:15.180 10 INFO neutron.api.wsgi [req-2a8d6285-0bd7-4116-8f61-e8fc3b83f3a3 req-5bfc1314-fb70-4765-9bbd-4676af56d913 975d112869a84c139a938d1fe5ebfcc4 00dbd8f8f2c942679f14996c4a3b9174 - - default default] 10.0.0.123 "GET /v2.0/security-groups?id=6f8d1221-cda4-47d5-9096-c42269407bfd&fields=id&fields=name HTTP/1.1" status: 200 len: 313 time: 0.0292387
2026-05-11 11:59:15.220 10 INFO neutron.db.ovn_revision_numbers_db [None req-612d09f1-7529-42ef-8183-b57b5a3de39b 344781b6fe384ea397babaa2aa9e54c9 3daaa9c5d33442b19cf54d2bcb8ec793 - - default default] Successfully bumped revision number for resource c84726a4-cc36-4e75-9b5b-e28dab54c9e1 (type: ports) to 1
2026-05-11 11:59:15.326 10 INFO neutron.api.wsgi [None req-612d09f1-7529-42ef-8183-b57b5a3de39b 344781b6fe384ea397babaa2aa9e54c9 3daaa9c5d33442b19cf54d2bcb8ec793 - - default default] 10.0.0.95 "POST /v2.0/networks HTTP/1.1" status: 201 len: 844 time: 4.1271124
2026-05-11 11:59:15.337 10 WARNING neutron_lib.context [None req-839037d4-5d70-47be-a967-2a77e06825e1 344781b6fe384ea397babaa2aa9e54c9 3daaa9c5d33442b19cf54d2bcb8ec793 - - default default] Method 'is_advsvc' is deprecated since 2023.2 release (neutron-lib 3.8.0) and will be removed once support for the old RBAC API policies will be removed from Neutron. Please use method 'is_service_role' instead.
2026-05-11 11:59:15.392 10 INFO neutron.api.wsgi [None req-20de6afc-f397-44a0-a789-eaa6cb3fad19 21f213de4a904c03bf20b2f226e2c45a 1c5074aad43e4f538ffabfc416f3d63b - - default default] 10.0.0.95 "GET /v2.0/security-groups?tenant_id=ce5c7f25d738480297a160163cd7ee19&name=default HTTP/1.1" status: 200 len: 3120 time: 0.0320101
2026-05-11 11:59:15.443 10 INFO neutron.api.wsgi [req-81753dc7-1e6d-41d5-981b-4ab3f7a76080 req-dfe1745d-4090-491e-8ed1-2b4575d5f33d 975d112869a84c139a938d1fe5ebfcc4 00dbd8f8f2c942679f14996c4a3b9174 - - default default] 199.204.45.72 "DELETE /v2.0/ports/ad0435f1-2a56-4c64-87f0-1fd9ce7a60ea HTTP/1.1" status: 204 len: 173 time: 3.1063874
2026-05-11 11:59:15.481 10 INFO neutron.notifiers.nova [-] Nova event matching ['req-4eba3afb-3656-412f-b902-8df24097b780'] response: {'server_uuid': 'be176727-29ea-4595-8117-5d229b7aa768', 'name': 'network-vif-deleted', 'tag': 'ad0435f1-2a56-4c64-87f0-1fd9ce7a60ea', 'status': 'completed', 'code': 200}
2026-05-11 11:59:15.688 10 WARNING neutron.scheduler.dhcp_agent_scheduler [None req-839037d4-5d70-47be-a967-2a77e06825e1 344781b6fe384ea397babaa2aa9e54c9 3daaa9c5d33442b19cf54d2bcb8ec793 - - default default] No more DHCP agents
2026-05-11 11:59:15.690 10 WARNING neutron.api.rpc.agentnotifiers.dhcp_rpc_agent_api [None req-839037d4-5d70-47be-a967-2a77e06825e1 344781b6fe384ea397babaa2aa9e54c9 3daaa9c5d33442b19cf54d2bcb8ec793 - - default default] Unable to schedule network fbf8b893-5e60-4bbf-a602-9ae216e12a8c: no agents available; will retry on subsequent port and subnet creation events. /var/lib/openstack/lib/python3.12/site-packages/pycadf/identifier.py:71: UserWarning: Invalid uuid: neutron. To ensure interoperability, identifiers should be a valid uuid. warnings.warn(('Invalid uuid: %s. To ensure interoperability, '
2026-05-11 11:59:15.737 10 INFO neutron.api.wsgi [None req-4787a63d-c36c-4bbc-b043-66fa10f79199 21f213de4a904c03bf20b2f226e2c45a 1c5074aad43e4f538ffabfc416f3d63b - - default default] 10.0.0.95 "DELETE /v2.0/security-groups/ae6cf48c-53c2-456a-9cba-e8ba0795a0a0 HTTP/1.1" status: 204 len: 168 time: 0.3393588
2026-05-11 11:59:15.746 10 INFO neutron.api.wsgi [req-ba4a8b6a-4b03-4519-8a2b-56a3e9201d67 req-65c7afd9-6dcd-485f-a9e5-01b84add2d98 9a4e2b9214d24cb6af2303f7d8eab562 1dcfcaee710f403f835758029f04e121 - - default default] 10.0.0.123 "GET /v2.0/ports?device_id=7eb5f240-19a6-493c-94a3-7aa8026383e8 HTTP/1.1" status: 200 len: 1168 time: 0.0431700
2026-05-11 11:59:15.778 10 INFO neutron.api.wsgi [req-ba4a8b6a-4b03-4519-8a2b-56a3e9201d67 req-16464091-3673-424d-8c74-4727ebc53609 9a4e2b9214d24cb6af2303f7d8eab562 1dcfcaee710f403f835758029f04e121 - - default default] 10.0.0.123 "GET /v2.0/security-groups?id=4c390a8a-1d4c-4883-9f11-6657f8790784&fields=id&fields=name HTTP/1.1" status: 200 len: 313 time: 0.0283520
2026-05-11 11:59:15.794 10 INFO neutron.db.ovn_revision_numbers_db [None req-839037d4-5d70-47be-a967-2a77e06825e1 344781b6fe384ea397babaa2aa9e54c9 3daaa9c5d33442b19cf54d2bcb8ec793 - - default default] Successfully bumped revision number for resource a32d8ac7-ecf4-4c58-bde7-610acf781e41 (type: ports) to 1
2026-05-11 11:59:15.907 10 INFO neutron.api.wsgi [None req-839037d4-5d70-47be-a967-2a77e06825e1 344781b6fe384ea397babaa2aa9e54c9 3daaa9c5d33442b19cf54d2bcb8ec793 - - default default] 10.0.0.95 "POST /v2.0/ports HTTP/1.1" status: 201 len: 974 time: 0.5740414
2026-05-11 11:59:15.917 10 WARNING neutron_lib.context [None req-db100297-0685-47cf-9f74-92ab951cc10d 344781b6fe384ea397babaa2aa9e54c9 3daaa9c5d33442b19cf54d2bcb8ec793 - - default default] Method 'is_advsvc' is deprecated since 2023.2 release (neutron-lib 3.8.0) and will be removed once support for the old RBAC API policies will be removed from Neutron. Please use method 'is_service_role' instead.
2026-05-11 11:59:16.024 10 INFO neutron.api.wsgi [req-49469b81-a222-4f2f-9471-8d39795cd6c1 req-96b2b164-9f61-4ee9-bc0e-78a77c8365ba 38d510e7a3fd4a80907efb70012546ca c38a8d7371ab450cbb258205ee89a7fd - - e4896e14d21a4d678fd41e97fb08e427 e4896e14d21a4d678fd41e97fb08e427] 199.204.45.72 "GET /v2.0/ports?tenant_id=1dcfcaee710f403f835758029f04e121&device_id=7eb5f240-19a6-493c-94a3-7aa8026383e8 HTTP/1.1" status: 200 len: 1407 time: 0.0361876
2026-05-11 11:59:16.046 10 INFO neutron.db.segments_db [None req-db100297-0685-47cf-9f74-92ab951cc10d 344781b6fe384ea397babaa2aa9e54c9 3daaa9c5d33442b19cf54d2bcb8ec793 - - default default] Added segment de541bc1-7632-4dd6-8a6a-79baba97bfbf of type geneve for network 69167c7b-fa19-4aa3-bc8b-ec0446b7534b
2026-05-11 11:59:16.088 10 INFO neutron.api.wsgi [req-49469b81-a222-4f2f-9471-8d39795cd6c1 req-ff9a13fc-c346-463c-b23e-f2262d4f79cc 38d510e7a3fd4a80907efb70012546ca c38a8d7371ab450cbb258205ee89a7fd - - e4896e14d21a4d678fd41e97fb08e427 e4896e14d21a4d678fd41e97fb08e427] 199.204.45.72 "GET /v2.0/networks?id=63676d93-8aba-4cf5-8806-18633dc0690e HTTP/1.1" status: 200 len: 958 time: 0.0570254
2026-05-11 11:59:16.108 10 INFO neutron.api.wsgi [req-49469b81-a222-4f2f-9471-8d39795cd6c1 req-3df931be-9899-499a-baac-7c6035381a8c 38d510e7a3fd4a80907efb70012546ca c38a8d7371ab450cbb258205ee89a7fd - - e4896e14d21a4d678fd41e97fb08e427 e4896e14d21a4d678fd41e97fb08e427] 199.204.45.72 "GET /v2.0/floatingips?fixed_ip_address=10.100.0.4&port_id=7b011df3-9890-4a01-a35d-e37e6bf084bf HTTP/1.1" status: 200 len: 217 time: 0.0146310
2026-05-11 11:59:16.133 10 INFO neutron.api.wsgi [req-49469b81-a222-4f2f-9471-8d39795cd6c1 req-e1b8a18b-568d-4bfd-bda4-d4486d6fcf99 38d510e7a3fd4a80907efb70012546ca c38a8d7371ab450cbb258205ee89a7fd - - e4896e14d21a4d678fd41e97fb08e427 e4896e14d21a4d678fd41e97fb08e427] 199.204.45.72 "GET /v2.0/subnets?id=9a23c8b4-ca65-47b6-9e4c-3de66424a766 HTTP/1.1" status: 200 len: 876 time: 0.0201716
2026-05-11 11:59:16.152 10 INFO neutron.api.wsgi [req-49469b81-a222-4f2f-9471-8d39795cd6c1 req-7a5605e7-74f6-435c-b4cd-05ec54dd8933 38d510e7a3fd4a80907efb70012546ca c38a8d7371ab450cbb258205ee89a7fd - - e4896e14d21a4d678fd41e97fb08e427 e4896e14d21a4d678fd41e97fb08e427] 199.204.45.72 "GET /v2.0/ports?network_id=63676d93-8aba-4cf5-8806-18633dc0690e&device_owner=network%3Adhcp HTTP/1.1" status: 200 len: 210 time: 0.0147338
2026-05-11 11:59:16.209 10 INFO neutron.api.wsgi [req-49469b81-a222-4f2f-9471-8d39795cd6c1 req-bdfa8781-c1a8-46cd-9bd2-d6115ccbd701 38d510e7a3fd4a80907efb70012546ca c38a8d7371ab450cbb258205ee89a7fd - - e4896e14d21a4d678fd41e97fb08e427 e4896e14d21a4d678fd41e97fb08e427] 199.204.45.72 "GET /v2.0/networks/63676d93-8aba-4cf5-8806-18633dc0690e?fields=segments HTTP/1.1" status: 200 len: 212 time: 0.0530944
2026-05-11 11:59:16.222 9 INFO neutron.db.ovn_revision_numbers_db [None req-74fd81fb-c87e-4364-b33d-c87b4674209f 21f213de4a904c03bf20b2f226e2c45a 1c5074aad43e4f538ffabfc416f3d63b - - default default] Successfully bumped revision number for resource d5cab998-0122-4339-bc99-1103dea0a157 (type: security_groups) to 1
2026-05-11 11:59:16.258 10 INFO neutron.api.wsgi [req-49469b81-a222-4f2f-9471-8d39795cd6c1 req-0438d857-e820-4be8-bb4a-8b1655e5db18 38d510e7a3fd4a80907efb70012546ca c38a8d7371ab450cbb258205ee89a7fd - - e4896e14d21a4d678fd41e97fb08e427 e4896e14d21a4d678fd41e97fb08e427] 199.204.45.72 "GET /v2.0/networks/63676d93-8aba-4cf5-8806-18633dc0690e?fields=provider%3Aphysical_network&fields=provider%3Anetwork_type HTTP/1.1" status: 200 len: 277 time: 0.0432837
2026-05-11 11:59:16.267 9 INFO neutron.api.wsgi [req-d14ee993-b51b-450f-a68f-340d792dd869 req-dda2ec43-eccf-428f-9bc3-9d6d9b09c292 975d112869a84c139a938d1fe5ebfcc4 00dbd8f8f2c942679f14996c4a3b9174 - - default default] 10.0.0.123 "GET /v2.0/ports?device_id=be176727-29ea-4595-8117-5d229b7aa768 HTTP/1.1" status: 200 len: 210 time: 0.0198276
2026-05-11 11:59:16.292 10 INFO neutron.plugins.ml2.drivers.ovn.mech_driver.mech_driver [None req-0bf3dfa4-0521-437f-af2b-7cd50ed46ec5 - - - - - -] OVN reports status up for port: 7b011df3-9890-4a01-a35d-e37e6bf084bf
2026-05-11 11:59:16.300 9 INFO neutron.db.ovn_revision_numbers_db [None req-74fd81fb-c87e-4364-b33d-c87b4674209f 21f213de4a904c03bf20b2f226e2c45a 1c5074aad43e4f538ffabfc416f3d63b - - default default] Successfully bumped revision number for resource 6fa1394d-eeac-4c39-a7ee-05c961152549 (type: security_group_rules) to 0
2026-05-11 11:59:16.354 10 INFO neutron.db.ovn_revision_numbers_db [None req-db100297-0685-47cf-9f74-92ab951cc10d 344781b6fe384ea397babaa2aa9e54c9 3daaa9c5d33442b19cf54d2bcb8ec793 - - default default] Successfully bumped revision number for resource 69167c7b-fa19-4aa3-bc8b-ec0446b7534b (type: networks) to 1
2026-05-11 11:59:16.399 10 INFO neutron.plugins.ml2.plugin [None req-0bf3dfa4-0521-437f-af2b-7cd50ed46ec5 - - - - - -] Attempt 1 to provision port 7b011df3-9890-4a01-a35d-e37e6bf084bf
2026-05-11 11:59:16.401 9 INFO neutron.db.ovn_revision_numbers_db [None req-74fd81fb-c87e-4364-b33d-c87b4674209f 21f213de4a904c03bf20b2f226e2c45a 1c5074aad43e4f538ffabfc416f3d63b - - default default] Successfully bumped revision number for resource 7a40ba9a-0a9c-4e17-bf87-556cd22c6f51 (type: security_group_rules) to 0
2026-05-11 11:59:16.480 9 INFO neutron.db.ovn_revision_numbers_db [None req-74fd81fb-c87e-4364-b33d-c87b4674209f 21f213de4a904c03bf20b2f226e2c45a 1c5074aad43e4f538ffabfc416f3d63b - - default default] Successfully bumped revision number for resource 9c6f8dbb-a2ea-4b65-b49f-4fd100a76241 (type: security_group_rules) to 0
2026-05-11 11:59:16.553 9 INFO neutron.db.ovn_revision_numbers_db [None req-74fd81fb-c87e-4364-b33d-c87b4674209f 21f213de4a904c03bf20b2f226e2c45a 1c5074aad43e4f538ffabfc416f3d63b - - default default] Successfully bumped revision number for resource c17577e8-062c-403d-8588-9258f406e5d6 (type: security_group_rules) to 0
2026-05-11 11:59:16.558 10 WARNING neutron.scheduler.dhcp_agent_scheduler [None req-db100297-0685-47cf-9f74-92ab951cc10d 344781b6fe384ea397babaa2aa9e54c9 3daaa9c5d33442b19cf54d2bcb8ec793 - - default default] No more DHCP agents
2026-05-11 11:59:16.561 10 WARNING neutron.api.rpc.agentnotifiers.dhcp_rpc_agent_api [None req-db100297-0685-47cf-9f74-92ab951cc10d 344781b6fe384ea397babaa2aa9e54c9 3daaa9c5d33442b19cf54d2bcb8ec793 - - default default] Unable to schedule network 69167c7b-fa19-4aa3-bc8b-ec0446b7534b: no agents available; will retry on subsequent port and subnet creation events.
2026-05-11 11:59:16.591 9 INFO neutron.api.wsgi [None req-74fd81fb-c87e-4364-b33d-c87b4674209f 21f213de4a904c03bf20b2f226e2c45a 1c5074aad43e4f538ffabfc416f3d63b - - default default] 10.0.0.95 "GET /v2.0/security-groups?tenant_id=6cbfbe32cbc347a7bfb76d2aeee4cb35&name=default HTTP/1.1" status: 200 len: 3120 time: 0.6235116
2026-05-11 11:59:16.644 10 INFO neutron.db.ovn_revision_numbers_db [None req-db100297-0685-47cf-9f74-92ab951cc10d 344781b6fe384ea397babaa2aa9e54c9 3daaa9c5d33442b19cf54d2bcb8ec793 - - default default] Successfully bumped revision number for resource 209d77af-b58e-4347-aef5-92a68b8322df (type: ports) to 1
2026-05-11 11:59:16.702 10 INFO neutron.api.wsgi [None req-db100297-0685-47cf-9f74-92ab951cc10d 344781b6fe384ea397babaa2aa9e54c9 3daaa9c5d33442b19cf54d2bcb8ec793 - - default default] 10.0.0.95 "POST /v2.0/networks HTTP/1.1" status: 201 len: 831 time: 0.7885125
2026-05-11 11:59:16.709 9 WARNING neutron_lib.context [None req-f07ce82d-fb77-4ef5-b1c3-3231ab216206 344781b6fe384ea397babaa2aa9e54c9 3daaa9c5d33442b19cf54d2bcb8ec793 - - default default] Method 'is_advsvc' is deprecated since 2023.2 release (neutron-lib 3.8.0) and will be removed once support for the old RBAC API policies will be removed from Neutron. Please use method 'is_service_role' instead.
2026-05-11 11:59:16.722 10 INFO neutron.db.ovn_revision_numbers_db [None req-0bf3dfa4-0521-437f-af2b-7cd50ed46ec5 - - - - - -] Successfully bumped revision number for resource 7b011df3-9890-4a01-a35d-e37e6bf084bf (type: ports) to 5 /var/lib/openstack/lib/python3.12/site-packages/pycadf/identifier.py:71: UserWarning: Invalid uuid: neutron. To ensure interoperability, identifiers should be a valid uuid. warnings.warn(('Invalid uuid: %s. To ensure interoperability, '
2026-05-11 11:59:16.910 10 INFO neutron.api.wsgi [req-85c65921-8ad2-4e11-b758-a6e73e1035bf req-3b7dde6e-9e1a-436c-8787-2b0ea9d735a9 9a4e2b9214d24cb6af2303f7d8eab562 1dcfcaee710f403f835758029f04e121 - - default default] 10.0.0.123 "GET /v2.0/ports?device_id=7eb5f240-19a6-493c-94a3-7aa8026383e8 HTTP/1.1" status: 200 len: 1170 time: 0.0698674
2026-05-11 11:59:16.942 10 INFO neutron.api.wsgi [req-85c65921-8ad2-4e11-b758-a6e73e1035bf req-9bb3ad38-f6b7-4ca3-9ab1-719b756bd222 9a4e2b9214d24cb6af2303f7d8eab562 1dcfcaee710f403f835758029f04e121 - - default default] 10.0.0.123 "GET /v2.0/security-groups?id=4c390a8a-1d4c-4883-9f11-6657f8790784&fields=id&fields=name HTTP/1.1" status: 200 len: 313 time: 0.0274363
2026-05-11 11:59:16.972 9 INFO neutron.api.wsgi [None req-7a709f00-4752-4dd5-8a88-409472f39b3f 21f213de4a904c03bf20b2f226e2c45a 1c5074aad43e4f538ffabfc416f3d63b - - default default] 10.0.0.95 "DELETE /v2.0/security-groups/d5cab998-0122-4339-bc99-1103dea0a157 HTTP/1.1" status: 204 len: 168 time: 0.3740060
2026-05-11 11:59:16.977 9 WARNING neutron.scheduler.dhcp_agent_scheduler [None req-f07ce82d-fb77-4ef5-b1c3-3231ab216206 344781b6fe384ea397babaa2aa9e54c9 3daaa9c5d33442b19cf54d2bcb8ec793 - - default default] No more DHCP agents
2026-05-11 11:59:16.978 9 WARNING neutron.api.rpc.agentnotifiers.dhcp_rpc_agent_api [None req-f07ce82d-fb77-4ef5-b1c3-3231ab216206 344781b6fe384ea397babaa2aa9e54c9 3daaa9c5d33442b19cf54d2bcb8ec793 - - default default] Unable to schedule network 69167c7b-fa19-4aa3-bc8b-ec0446b7534b: no agents available; will retry on subsequent port and subnet creation events.
2026-05-11 11:59:17.354 9 INFO neutron.api.wsgi [req-ddbef35d-d1f6-40d8-a24a-1027d6153b20 req-d4fc2d57-a20a-4d80-8eb6-bbabbab25b81 975d112869a84c139a938d1fe5ebfcc4 00dbd8f8f2c942679f14996c4a3b9174 - - default default] 10.0.0.123 "GET /v2.0/ports?device_id=be176727-29ea-4595-8117-5d229b7aa768 HTTP/1.1" status: 200 len: 210 time: 0.0190809
2026-05-11 11:59:17.399 9 INFO neutron.db.ovn_revision_numbers_db [None req-9297d844-6cad-49d2-a596-1123f035eefe - - - - - -] Successfully bumped revision number for resource 209d77af-b58e-4347-aef5-92a68b8322df (type: ports) to 2
2026-05-11 11:59:17.429 9 INFO neutron.db.ovn_revision_numbers_db [None req-9297d844-6cad-49d2-a596-1123f035eefe - - - - - -] Successfully bumped revision number for resource 15b55ec3-4dfb-4bbe-b44f-626f0efa4b0e (type: subnets) to 0
2026-05-11 11:59:17.445 9 INFO neutron.api.wsgi [None req-f07ce82d-fb77-4ef5-b1c3-3231ab216206 344781b6fe384ea397babaa2aa9e54c9 3daaa9c5d33442b19cf54d2bcb8ec793 - - default default] 10.0.0.95 "POST /v2.0/subnets HTTP/1.1" status: 201 len: 825 time: 0.7391665
2026-05-11 11:59:17.454 9 WARNING neutron_lib.context [None req-29de4bef-d9e8-4885-8cd2-81dcdf01fccf 344781b6fe384ea397babaa2aa9e54c9 3daaa9c5d33442b19cf54d2bcb8ec793 - - default default] Method 'is_advsvc' is deprecated since 2023.2 release (neutron-lib 3.8.0) and will be removed once support for the old RBAC API policies will be removed from Neutron. Please use method 'is_service_role' instead.
2026-05-11 11:59:17.525 10 INFO neutron.notifiers.nova [-] Nova event matching ['req-f7a75ace-0461-4482-b242-132a9f81fb55'] response: {'server_uuid': '7eb5f240-19a6-493c-94a3-7aa8026383e8', 'name': 'network-vif-plugged', 'status': 'completed', 'tag': '7b011df3-9890-4a01-a35d-e37e6bf084bf', 'code': 200}
2026-05-11 11:59:17.525 10 INFO neutron.notifiers.nova [-] Nova event matching ['req-f7a75ace-0461-4482-b242-132a9f81fb55'] response: {'server_uuid': '7eb5f240-19a6-493c-94a3-7aa8026383e8', 'name': 'network-vif-plugged', 'status': 'completed', 'tag': '7b011df3-9890-4a01-a35d-e37e6bf084bf', 'code': 200}
2026-05-11 11:59:17.792 9 WARNING neutron.scheduler.dhcp_agent_scheduler [None req-29de4bef-d9e8-4885-8cd2-81dcdf01fccf 344781b6fe384ea397babaa2aa9e54c9 3daaa9c5d33442b19cf54d2bcb8ec793 - - default default] No more DHCP agents
2026-05-11 11:59:17.793 9 WARNING neutron.api.rpc.agentnotifiers.dhcp_rpc_agent_api [None req-29de4bef-d9e8-4885-8cd2-81dcdf01fccf 344781b6fe384ea397babaa2aa9e54c9 3daaa9c5d33442b19cf54d2bcb8ec793 - - default default] Unable to schedule network 69167c7b-fa19-4aa3-bc8b-ec0446b7534b: no agents available; will retry on subsequent port and subnet creation events.
2026-05-11 11:59:17.940 9 INFO neutron.db.ovn_revision_numbers_db [None req-29de4bef-d9e8-4885-8cd2-81dcdf01fccf 344781b6fe384ea397babaa2aa9e54c9 3daaa9c5d33442b19cf54d2bcb8ec793 - - default default] Successfully bumped revision number for resource a7761e1b-37e8-48b2-879f-0d018e8646b6 (type: ports) to 1
2026-05-11 11:59:17.966 9 INFO neutron.api.wsgi [None req-29de4bef-d9e8-4885-8cd2-81dcdf01fccf 344781b6fe384ea397babaa2aa9e54c9 3daaa9c5d33442b19cf54d2bcb8ec793 - - default default] 10.0.0.95 "POST /v2.0/ports HTTP/1.1" status: 201 len: 1148 time: 0.5152807 /var/lib/openstack/lib/python3.12/site-packages/pycadf/identifier.py:71: UserWarning: Invalid uuid: neutron. To ensure interoperability, identifiers should be a valid uuid. warnings.warn(('Invalid uuid: %s. To ensure interoperability, '
2026-05-11 11:59:18.111 9 INFO neutron.api.wsgi [req-7e1050c4-a01b-42be-ac40-8793b7840384 req-31f97393-7760-4edd-8396-98fbb36bbace 9a4e2b9214d24cb6af2303f7d8eab562 1dcfcaee710f403f835758029f04e121 - - default default] 10.0.0.123 "GET /v2.0/ports?device_id=7eb5f240-19a6-493c-94a3-7aa8026383e8 HTTP/1.1" status: 200 len: 1170 time: 0.1000042
2026-05-11 11:59:18.158 9 INFO neutron.api.wsgi [req-7e1050c4-a01b-42be-ac40-8793b7840384 req-844d42d5-2373-46aa-9681-18d5739f16d9 9a4e2b9214d24cb6af2303f7d8eab562 1dcfcaee710f403f835758029f04e121 - - default default] 10.0.0.123 "GET /v2.0/security-groups?id=4c390a8a-1d4c-4883-9f11-6657f8790784&fields=id&fields=name HTTP/1.1" status: 200 len: 313 time: 0.0390162
2026-05-11 11:59:18.302 9 INFO neutron.api.wsgi [None req-a1b3374d-9abd-4a60-b120-2384bd3888f5 344781b6fe384ea397babaa2aa9e54c9 3daaa9c5d33442b19cf54d2bcb8ec793 - - default default] 10.0.0.95 "DELETE /v2.0/ports/a7761e1b-37e8-48b2-879f-0d018e8646b6 HTTP/1.1" status: 204 len: 168 time: 0.3316674
2026-05-11 11:59:18.325 9 INFO neutron.pecan_wsgi.hooks.translation [None req-2934405f-4bb7-44a3-9a13-6db486799421 344781b6fe384ea397babaa2aa9e54c9 3daaa9c5d33442b19cf54d2bcb8ec793 - - default default] DELETE failed (client error): The resource could not be found.
2026-05-11 11:59:18.327 9 INFO neutron.api.wsgi [None req-2934405f-4bb7-44a3-9a13-6db486799421 344781b6fe384ea397babaa2aa9e54c9 3daaa9c5d33442b19cf54d2bcb8ec793 - - default default] 10.0.0.95 "DELETE /v2.0/ports/a7761e1b-37e8-48b2-879f-0d018e8646b6 HTTP/1.1" status: 404 len: 333 time: 0.0190773
2026-05-11 11:59:18.345 9 INFO neutron.pecan_wsgi.hooks.translation [None req-886e57e3-0d98-4065-8b2b-8e8679e3a385 344781b6fe384ea397babaa2aa9e54c9 3daaa9c5d33442b19cf54d2bcb8ec793 - - default default] GET failed (client error): The resource could not be found.
2026-05-11 11:59:18.347 9 INFO neutron.api.wsgi [None req-886e57e3-0d98-4065-8b2b-8e8679e3a385 344781b6fe384ea397babaa2aa9e54c9 3daaa9c5d33442b19cf54d2bcb8ec793 - - default default] 10.0.0.95 "GET /v2.0/ports/a7761e1b-37e8-48b2-879f-0d018e8646b6 HTTP/1.1" status: 404 len: 333 time: 0.0145886
2026-05-11 11:59:18.448 10 INFO neutron.api.wsgi [req-b5af85d5-4623-4558-bb8f-63ebd2e874e7 req-e39cdc4e-ded7-4319-b8c2-ff9eec533172 975d112869a84c139a938d1fe5ebfcc4 00dbd8f8f2c942679f14996c4a3b9174 - - default default] 10.0.0.123 "GET /v2.0/ports?device_id=be176727-29ea-4595-8117-5d229b7aa768 HTTP/1.1" status: 200 len: 210 time: 0.0198491
2026-05-11 11:59:18.514 9 INFO neutron.api.wsgi [None req-7dc444e9-3e07-449c-ab62-5a901de09afc 344781b6fe384ea397babaa2aa9e54c9 3daaa9c5d33442b19cf54d2bcb8ec793 - - default default] 10.0.0.95 "DELETE /v2.0/subnets/15b55ec3-4dfb-4bbe-b44f-626f0efa4b0e HTTP/1.1" status: 204 len: 168 time: 0.1615644
2026-05-11 11:59:18.785 9 INFO neutron.services.segments.plugin [-] Segment de541bc1-7632-4dd6-8a6a-79baba97bfbf resource provider aggregate not found
2026-05-11 11:59:18.798 9 INFO neutron.services.segments.plugin [-] Segment de541bc1-7632-4dd6-8a6a-79baba97bfbf resource provider aggregate not found
2026-05-11 11:59:18.818 9 INFO neutron.services.segments.plugin [-] Segment de541bc1-7632-4dd6-8a6a-79baba97bfbf resource provider not found; error: Placement Client Error (4xx): {"errors": [{"status": 404, "title": "Not Found", "detail": "The resource could not be found.\n\n No resource provider with uuid de541bc1-7632-4dd6-8a6a-79baba97bfbf found for delete ", "request_id": "req-431d7930-c15f-492b-98d0-e464dce7fd0c"}]}
2026-05-11 11:59:18.824 9 INFO neutron.services.segments.plugin [-] Segment de541bc1-7632-4dd6-8a6a-79baba97bfbf resource provider not found; error: Placement Client Error (4xx): {"errors": [{"status": 404, "title": "Not Found", "detail": "The resource could not be found.\n\n No resource provider with uuid de541bc1-7632-4dd6-8a6a-79baba97bfbf found for delete ", "request_id": "req-fa8a4a4f-f86a-459e-b50b-c296248bba23"}]}
2026-05-11 11:59:18.866 9 INFO neutron.api.wsgi [None req-7690010d-48f4-4e54-8a0a-72f7c8ec2485 344781b6fe384ea397babaa2aa9e54c9 3daaa9c5d33442b19cf54d2bcb8ec793 - - default default] 10.0.0.95 "DELETE /v2.0/networks/69167c7b-fa19-4aa3-bc8b-ec0446b7534b HTTP/1.1" status: 204 len: 168 time: 0.3471730
2026-05-11 11:59:18.881 10 WARNING neutron_lib.context [None req-7f191839-9c5a-4b77-90c6-44fbc2eb10b7 344781b6fe384ea397babaa2aa9e54c9 3daaa9c5d33442b19cf54d2bcb8ec793 - - default default] Method 'is_advsvc' is deprecated since 2023.2 release (neutron-lib 3.8.0) and will be removed once support for the old RBAC API policies will be removed from Neutron. Please use method 'is_service_role' instead.
2026-05-11 11:59:18.973 10 INFO neutron.db.segments_db [None req-7f191839-9c5a-4b77-90c6-44fbc2eb10b7 344781b6fe384ea397babaa2aa9e54c9 3daaa9c5d33442b19cf54d2bcb8ec793 - - default default] Added segment 3a32ac03-d133-44b6-be4a-1d5b46ac65ff of type geneve for network f4e9f9a9-77a2-4c66-96cd-aa1693e868d3
2026-05-11 11:59:19.105 10 INFO neutron.db.ovn_revision_numbers_db [None req-7f191839-9c5a-4b77-90c6-44fbc2eb10b7 344781b6fe384ea397babaa2aa9e54c9 3daaa9c5d33442b19cf54d2bcb8ec793 - - default default] Successfully bumped revision number for resource f4e9f9a9-77a2-4c66-96cd-aa1693e868d3 (type: networks) to 1
2026-05-11 11:59:19.263 9 INFO neutron.api.wsgi [req-e40363f8-c7b7-4793-862e-e6cb5e3dfaff req-5c445da6-428e-4447-a7c2-f74cc118b965 9a4e2b9214d24cb6af2303f7d8eab562 1dcfcaee710f403f835758029f04e121 - - default default] 10.0.0.123 "GET /v2.0/ports?device_id=7eb5f240-19a6-493c-94a3-7aa8026383e8 HTTP/1.1" status: 200 len: 1170 time: 0.0425639
2026-05-11 11:59:19.306 9 INFO neutron.api.wsgi [req-e40363f8-c7b7-4793-862e-e6cb5e3dfaff req-3d4341ad-13fc-486d-b4a3-26524fc1cbd3 9a4e2b9214d24cb6af2303f7d8eab562 1dcfcaee710f403f835758029f04e121 - - default default] 10.0.0.123 "GET /v2.0/security-groups?id=4c390a8a-1d4c-4883-9f11-6657f8790784&fields=id&fields=name HTTP/1.1" status: 200 len: 313 time: 0.0384326
2026-05-11 11:59:19.322 10 WARNING neutron.scheduler.dhcp_agent_scheduler [None req-7f191839-9c5a-4b77-90c6-44fbc2eb10b7 344781b6fe384ea397babaa2aa9e54c9 3daaa9c5d33442b19cf54d2bcb8ec793 - - default default] No more DHCP agents
2026-05-11 11:59:19.323 10 WARNING neutron.api.rpc.agentnotifiers.dhcp_rpc_agent_api [None req-7f191839-9c5a-4b77-90c6-44fbc2eb10b7 344781b6fe384ea397babaa2aa9e54c9 3daaa9c5d33442b19cf54d2bcb8ec793 - - default default] Unable to schedule network f4e9f9a9-77a2-4c66-96cd-aa1693e868d3: no agents available; will retry on subsequent port and subnet creation events.
2026-05-11 11:59:19.391 10 INFO neutron.db.ovn_revision_numbers_db [None req-7f191839-9c5a-4b77-90c6-44fbc2eb10b7 344781b6fe384ea397babaa2aa9e54c9 3daaa9c5d33442b19cf54d2bcb8ec793 - - default default] Successfully bumped revision number for resource 2b80703b-c0f7-4ab9-9715-54487b3ff04f (type: ports) to 1
2026-05-11 11:59:19.415 10 INFO neutron.api.wsgi [req-518f31c4-f0db-4d7f-83fe-014e64775f9a req-fb468c4f-b5de-4fa5-b5cb-59df0fb82507 9a4e2b9214d24cb6af2303f7d8eab562 1dcfcaee710f403f835758029f04e121 - - default default] 10.0.0.123 "GET /v2.0/ports?device_id=7eb5f240-19a6-493c-94a3-7aa8026383e8 HTTP/1.1" status: 200 len: 1170 time: 0.0321987
2026-05-11 11:59:19.428 10 INFO neutron.api.wsgi [None req-7f191839-9c5a-4b77-90c6-44fbc2eb10b7 344781b6fe384ea397babaa2aa9e54c9 3daaa9c5d33442b19cf54d2bcb8ec793 - - default default] 10.0.0.95 "POST /v2.0/networks HTTP/1.1" status: 201 len: 831 time: 0.5527940
2026-05-11 11:59:19.441 9 WARNING neutron_lib.context [None req-977736dd-0b11-4cc2-a349-0d1bd12fafdd 344781b6fe384ea397babaa2aa9e54c9 3daaa9c5d33442b19cf54d2bcb8ec793 - - default default] Method 'is_advsvc' is deprecated since 2023.2 release (neutron-lib 3.8.0) and will be removed once support for the old RBAC API policies will be removed from Neutron. Please use method 'is_service_role' instead.
2026-05-11 11:59:19.452 10 INFO neutron.api.wsgi [req-518f31c4-f0db-4d7f-83fe-014e64775f9a req-db0fd3f2-bc99-4fd8-9dd7-c5c68a737d79 9a4e2b9214d24cb6af2303f7d8eab562 1dcfcaee710f403f835758029f04e121 - - default default] 10.0.0.123 "GET /v2.0/security-groups?id=4c390a8a-1d4c-4883-9f11-6657f8790784&fields=id&fields=name HTTP/1.1" status: 200 len: 313 time: 0.0306354
2026-05-11 11:59:19.511 9 INFO neutron.api.wsgi [None req-aa1315f5-3cac-4d96-b428-2734f29cb6d6 c21a0cb5a924423095ce91ecb862b232 b7cd30196dee4151a3d7258c023410b5 - - default default] 10.0.0.95 "GET /v2.0/ports?device_id=7eb5f240-19a6-493c-94a3-7aa8026383e8 HTTP/1.1" status: 200 len: 1404 time: 0.0346041
2026-05-11 11:59:19.520 10 WARNING neutron_lib.context [None req-f227c639-ad60-46b2-9815-6ba6dcc870ae 9a4e2b9214d24cb6af2303f7d8eab562 1dcfcaee710f403f835758029f04e121 - - default default] Method 'is_advsvc' is deprecated since 2023.2 release (neutron-lib 3.8.0) and will be removed once support for the old RBAC API policies will be removed from Neutron. Please use method 'is_service_role' instead.
2026-05-11 11:59:19.640 9 WARNING neutron.scheduler.dhcp_agent_scheduler [None req-977736dd-0b11-4cc2-a349-0d1bd12fafdd 344781b6fe384ea397babaa2aa9e54c9 3daaa9c5d33442b19cf54d2bcb8ec793 - - default default] No more DHCP agents
2026-05-11 11:59:19.642 9 WARNING neutron.api.rpc.agentnotifiers.dhcp_rpc_agent_api [None req-977736dd-0b11-4cc2-a349-0d1bd12fafdd 344781b6fe384ea397babaa2aa9e54c9 3daaa9c5d33442b19cf54d2bcb8ec793 - - default default] Unable to schedule network f4e9f9a9-77a2-4c66-96cd-aa1693e868d3: no agents available; will retry on subsequent port and subnet creation events.
2026-05-11 11:59:19.646 9 INFO neutron.api.wsgi [None req-4fadbb37-3fb0-41ba-be11-7a3ce4d88870 975d112869a84c139a938d1fe5ebfcc4 00dbd8f8f2c942679f14996c4a3b9174 - - default default] 10.0.0.95 "DELETE /v2.0/security-groups/6f8d1221-cda4-47d5-9096-c42269407bfd HTTP/1.1" status: 204 len: 168 time: 0.1217873
2026-05-11 11:59:19.664 10 INFO neutron.api.v2.resource [None req-073948e9-d708-4694-be10-730b26e2a0fb 975d112869a84c139a938d1fe5ebfcc4 00dbd8f8f2c942679f14996c4a3b9174 - - default default] show failed (client error): The resource could not be found.
2026-05-11 11:59:19.665 10 INFO neutron.api.wsgi [None req-073948e9-d708-4694-be10-730b26e2a0fb 975d112869a84c139a938d1fe5ebfcc4 00dbd8f8f2c942679f14996c4a3b9174 - - default default] 10.0.0.95 "GET /v2.0/security-groups/6f8d1221-cda4-47d5-9096-c42269407bfd HTTP/1.1" status: 404 len: 347 time: 0.0117502
2026-05-11 11:59:19.735 10 WARNING neutron.scheduler.dhcp_agent_scheduler [None req-f227c639-ad60-46b2-9815-6ba6dcc870ae 9a4e2b9214d24cb6af2303f7d8eab562 1dcfcaee710f403f835758029f04e121 - - default default] No more DHCP agents
2026-05-11 11:59:19.737 10 WARNING neutron.api.rpc.agentnotifiers.dhcp_rpc_agent_api [None req-f227c639-ad60-46b2-9815-6ba6dcc870ae 9a4e2b9214d24cb6af2303f7d8eab562 1dcfcaee710f403f835758029f04e121 - - default default] Unable to schedule network 0d717159-7539-4bff-a424-916c146de2d1: no agents available; will retry on subsequent port and subnet creation events.
2026-05-11 11:59:20.036 9 INFO neutron.api.wsgi [None req-f4224dc6-bae3-4d83-81c9-7634979f27b7 975d112869a84c139a938d1fe5ebfcc4 00dbd8f8f2c942679f14996c4a3b9174 - - default default] 10.0.0.95 "DELETE /v2.0/floatingips/5ae29ca2-8480-458f-a3ac-d0b78a60a3e6 HTTP/1.1" status: 204 len: 168 time: 0.3655202
2026-05-11 11:59:20.241 9 INFO neutron.db.ovn_revision_numbers_db [None req-e514b791-1bef-4543-bba2-2979707d7af7 - - - - - -] Successfully bumped revision number for resource 2b80703b-c0f7-4ab9-9715-54487b3ff04f (type: ports) to 2
2026-05-11 11:59:20.280 9 INFO neutron.db.ovn_revision_numbers_db [None req-e514b791-1bef-4543-bba2-2979707d7af7 - - - - - -] Successfully bumped revision number for resource abe9b3af-2c6a-41ac-94b0-f98910e61b0e (type: subnets) to 0
2026-05-11 11:59:20.301 9 INFO neutron.api.wsgi [None req-977736dd-0b11-4cc2-a349-0d1bd12fafdd 344781b6fe384ea397babaa2aa9e54c9 3daaa9c5d33442b19cf54d2bcb8ec793 - - default default] 10.0.0.95 "POST /v2.0/subnets HTTP/1.1" status: 201 len: 825 time: 0.8672009
2026-05-11 11:59:20.321 9 WARNING neutron_lib.context [None req-cb26d38d-a4ac-4f74-84ed-46d955cac347 344781b6fe384ea397babaa2aa9e54c9 3daaa9c5d33442b19cf54d2bcb8ec793 - - default default] Method 'is_advsvc' is deprecated since 2023.2 release (neutron-lib 3.8.0) and will be removed once support for the old RBAC API policies will be removed from Neutron. Please use method 'is_service_role' instead.
2026-05-11 11:59:20.367 10 INFO neutron.db.ovn_revision_numbers_db [None req-f227c639-ad60-46b2-9815-6ba6dcc870ae 9a4e2b9214d24cb6af2303f7d8eab562 1dcfcaee710f403f835758029f04e121 - - default default] Successfully bumped revision number for resource ab09a286-5862-47cb-a180-e8f07d8af77a (type: floatingips) to -1
2026-05-11 11:59:20.486 10 INFO neutron.db.ovn_revision_numbers_db [None req-f227c639-ad60-46b2-9815-6ba6dcc870ae 9a4e2b9214d24cb6af2303f7d8eab562 1dcfcaee710f403f835758029f04e121 - - default default] Successfully bumped revision number for resource ab09a286-5862-47cb-a180-e8f07d8af77a (type: floatingips) to 1
2026-05-11 11:59:20.486 10 INFO neutron.db.l3_db [None req-f227c639-ad60-46b2-9815-6ba6dcc870ae 9a4e2b9214d24cb6af2303f7d8eab562 1dcfcaee710f403f835758029f04e121 - - default default] Floating IP ab09a286-5862-47cb-a180-e8f07d8af77a associated. External IP: 10.96.250.211, port: 7b011df3-9890-4a01-a35d-e37e6bf084bf.
2026-05-11 11:59:20.532 10 INFO neutron.api.wsgi [None req-f227c639-ad60-46b2-9815-6ba6dcc870ae 9a4e2b9214d24cb6af2303f7d8eab562 1dcfcaee710f403f835758029f04e121 - - default default] 10.0.0.95 "POST /v2.0/floatingips HTTP/1.1" status: 201 len: 1054 time: 1.0171938
2026-05-11 11:59:20.575 10 INFO neutron.notifiers.nova [-] Nova event matching ['req-09863673-7413-4b46-afdc-6ce292813c09'] response: {'name': 'network-changed', 'server_uuid': '7eb5f240-19a6-493c-94a3-7aa8026383e8', 'tag': '7b011df3-9890-4a01-a35d-e37e6bf084bf', 'status': 'completed', 'code': 200}
2026-05-11 11:59:20.596 10 INFO neutron.api.wsgi [None req-fc6363c7-1e52-4647-be77-2d6a2c7c3564 9a4e2b9214d24cb6af2303f7d8eab562 1dcfcaee710f403f835758029f04e121 - - default default] 10.0.0.95 "GET /v2.0/floatingips/ab09a286-5862-47cb-a180-e8f07d8af77a HTTP/1.1" status: 200 len: 1051 time: 0.0564055
2026-05-11 11:59:20.746 9 WARNING neutron.scheduler.dhcp_agent_scheduler [None req-cb26d38d-a4ac-4f74-84ed-46d955cac347 344781b6fe384ea397babaa2aa9e54c9 3daaa9c5d33442b19cf54d2bcb8ec793 - - default default] No more DHCP agents
2026-05-11 11:59:20.748 9 WARNING neutron.api.rpc.agentnotifiers.dhcp_rpc_agent_api [None req-cb26d38d-a4ac-4f74-84ed-46d955cac347 344781b6fe384ea397babaa2aa9e54c9 3daaa9c5d33442b19cf54d2bcb8ec793 - - default default] Unable to schedule network f4e9f9a9-77a2-4c66-96cd-aa1693e868d3: no agents available; will retry on subsequent port and subnet creation events.
2026-05-11 11:59:20.851 10 INFO neutron.api.wsgi [-] 10.0.0.118 "GET / HTTP/1.1" status: 200 len: 246 time: 0.0021331
2026-05-11 11:59:20.853 10 INFO neutron.api.wsgi [-] 10.0.0.118 "GET / HTTP/1.1" status: 200 len: 246 time: 0.0015082
2026-05-11 11:59:20.916 9 INFO neutron.db.ovn_revision_numbers_db [None req-cb26d38d-a4ac-4f74-84ed-46d955cac347 344781b6fe384ea397babaa2aa9e54c9 3daaa9c5d33442b19cf54d2bcb8ec793 - - default default] Successfully bumped revision number for resource d8325228-60c9-48c1-b1e0-c94a1a742a2f (type: ports) to 1
2026-05-11 11:59:20.937 9 INFO neutron.api.wsgi [None req-cb26d38d-a4ac-4f74-84ed-46d955cac347 344781b6fe384ea397babaa2aa9e54c9 3daaa9c5d33442b19cf54d2bcb8ec793 - - default default] 10.0.0.95 "POST /v2.0/ports HTTP/1.1" status: 201 len: 1115 time: 0.6304414
2026-05-11 11:59:21.154 10 INFO neutron.api.wsgi [req-6b3cf842-5527-4a6d-a73b-451baea2a137 req-25110ae2-bd4b-4b4e-bada-b16a3e806a4e 38d510e7a3fd4a80907efb70012546ca c38a8d7371ab450cbb258205ee89a7fd - - e4896e14d21a4d678fd41e97fb08e427 e4896e14d21a4d678fd41e97fb08e427] 199.204.45.72 "GET /v2.0/ports?tenant_id=1dcfcaee710f403f835758029f04e121&device_id=7eb5f240-19a6-493c-94a3-7aa8026383e8 HTTP/1.1" status: 200 len: 1409 time: 0.0708950
2026-05-11 11:59:21.207 10 INFO neutron.api.wsgi [req-6b3cf842-5527-4a6d-a73b-451baea2a137 req-860b4446-c191-4b30-a342-9ce740907fc4 38d510e7a3fd4a80907efb70012546ca c38a8d7371ab450cbb258205ee89a7fd - - e4896e14d21a4d678fd41e97fb08e427 e4896e14d21a4d678fd41e97fb08e427] 199.204.45.72 "GET /v2.0/networks?id=63676d93-8aba-4cf5-8806-18633dc0690e HTTP/1.1" status: 200 len: 958 time: 0.0492742
2026-05-11 11:59:21.247 10 INFO neutron.api.wsgi [req-6b3cf842-5527-4a6d-a73b-451baea2a137 req-a786e50c-2553-4f61-85df-14e3d68dd31d 38d510e7a3fd4a80907efb70012546ca c38a8d7371ab450cbb258205ee89a7fd - - e4896e14d21a4d678fd41e97fb08e427 e4896e14d21a4d678fd41e97fb08e427] 199.204.45.72 "GET /v2.0/floatingips?fixed_ip_address=10.100.0.4&port_id=7b011df3-9890-4a01-a35d-e37e6bf084bf HTTP/1.1" status: 200 len: 1059 time: 0.0365255
2026-05-11 11:59:21.269 9 INFO neutron.api.wsgi [None req-262d63e4-0849-4202-994c-7b8cc44de97a 21f213de4a904c03bf20b2f226e2c45a 1c5074aad43e4f538ffabfc416f3d63b - - default default] 10.0.0.95 "PUT /v2.0/routers/ec7999b0-bf02-4f5a-ac1b-5c174c4cbe3e/remove_router_interface HTTP/1.1" status: 200 len: 503 time: 1.2253561 /var/lib/openstack/lib/python3.12/site-packages/pycadf/identifier.py:71: UserWarning: Invalid uuid: neutron. To ensure interoperability, identifiers should be a valid uuid. warnings.warn(('Invalid uuid: %s. To ensure interoperability, '
2026-05-11 11:59:21.279 10 INFO neutron.api.wsgi [req-6b3cf842-5527-4a6d-a73b-451baea2a137 req-738d71f4-60ff-4039-b96f-7465028fefef 38d510e7a3fd4a80907efb70012546ca c38a8d7371ab450cbb258205ee89a7fd - - e4896e14d21a4d678fd41e97fb08e427 e4896e14d21a4d678fd41e97fb08e427] 199.204.45.72 "GET /v2.0/subnets?id=9a23c8b4-ca65-47b6-9e4c-3de66424a766 HTTP/1.1" status: 200 len: 876 time: 0.0260878
2026-05-11 11:59:21.302 10 INFO neutron.api.wsgi [req-6b3cf842-5527-4a6d-a73b-451baea2a137 req-e65305e8-57af-42af-813b-095f9b6741a5 38d510e7a3fd4a80907efb70012546ca c38a8d7371ab450cbb258205ee89a7fd - - e4896e14d21a4d678fd41e97fb08e427 e4896e14d21a4d678fd41e97fb08e427] 199.204.45.72 "GET /v2.0/ports?network_id=63676d93-8aba-4cf5-8806-18633dc0690e&device_owner=network%3Adhcp HTTP/1.1" status: 200 len: 210 time: 0.0181925
2026-05-11 11:59:21.321 10 INFO neutron.api.wsgi [None req-42dc2f4f-5271-4344-a163-28504c3e93b1 344781b6fe384ea397babaa2aa9e54c9 3daaa9c5d33442b19cf54d2bcb8ec793 - - default default] 10.0.0.95 "DELETE /v2.0/ports/d8325228-60c9-48c1-b1e0-c94a1a742a2f HTTP/1.1" status: 204 len: 168 time: 0.3780036
2026-05-11 11:59:21.327 10 WARNING neutron_lib.context [None req-0337b701-3c09-4896-ad0e-fa52d4b3895f 0ea5445e73b44f56bee2c8bc447ff126 d2931fd4aea146dbbe9c12e461ca1d55 - - default default] Method 'is_advsvc' is deprecated since 2023.2 release (neutron-lib 3.8.0) and will be removed once support for the old RBAC API policies will be removed from Neutron. Please use method 'is_service_role' instead.
