2026-05-11 12:00:30.047 10 INFO neutron.api.wsgi [None req-455614a8-21c0-4d23-ba4b-2c56c70ce6c1 5c054dc8f97c49fc9ab48dd44e827c9b f3c757b55ded42ab8129420647217789 - - default default] 10.0.0.95 "GET /v2.0/vpn/endpoint-groups HTTP/1.1" status: 200 len: 1108 time: 0.0120835
2026-05-11 12:00:30.063 10 INFO neutron.api.wsgi [None req-62df7afe-f518-4363-9952-36ea246605b3 5c054dc8f97c49fc9ab48dd44e827c9b f3c757b55ded42ab8129420647217789 - - default default] 10.0.0.95 "GET /v2.0/vpn/endpoint-groups HTTP/1.1" status: 200 len: 1108 time: 0.0116451
2026-05-11 12:00:30.098 10 INFO neutron.api.wsgi [None req-dc16cd8f-b0ae-4b17-8c4d-ce79f6f85058 5c054dc8f97c49fc9ab48dd44e827c9b f3c757b55ded42ab8129420647217789 - - default default] 10.0.0.95 "DELETE /v2.0/vpn/endpoint-groups/4d541f42-0fe7-4a2c-9b17-48bffb088f13 HTTP/1.1" status: 204 len: 168 time: 0.0290933
2026-05-11 12:00:30.110 10 INFO neutron.api.wsgi [None req-44507ec2-ceb6-469a-a76d-2eaaf4fb7b25 5c054dc8f97c49fc9ab48dd44e827c9b f3c757b55ded42ab8129420647217789 - - default default] 10.0.0.95 "GET /v2.0/vpn/endpoint-groups HTTP/1.1" status: 200 len: 824 time: 0.0093532
2026-05-11 12:00:30.120 9 WARNING neutron_lib.context [None req-552a98ef-abe9-460a-93ca-7b1104892b3f 5c054dc8f97c49fc9ab48dd44e827c9b f3c757b55ded42ab8129420647217789 - - default default] Method 'is_advsvc' is deprecated since 2023.2 release (neutron-lib 3.8.0) and will be removed once support for the old RBAC API policies will be removed from Neutron. Please use method 'is_service_role' instead.
2026-05-11 12:00:30.193 9 INFO neutron.api.wsgi [None req-552a98ef-abe9-460a-93ca-7b1104892b3f 5c054dc8f97c49fc9ab48dd44e827c9b f3c757b55ded42ab8129420647217789 - - default default] 10.0.0.95 "POST /v2.0/vpn/endpoint-groups HTTP/1.1" status: 201 len: 501 time: 0.0770555
2026-05-11 12:00:30.204 10 WARNING neutron.api.v2.base [None req-6852785c-b673-47f5-b5ce-6e5170ea1b41 5c054dc8f97c49fc9ab48dd44e827c9b f3c757b55ded42ab8129420647217789 - - default default] An exception happened while processing the request body. The exception message is [Failed to parse request. Required attribute 'peer_id' not specified].: webob.exc.HTTPBadRequest: Failed to parse request. Required attribute 'peer_id' not specified
2026-05-11 12:00:30.205 10 INFO neutron.api.v2.resource [None req-6852785c-b673-47f5-b5ce-6e5170ea1b41 5c054dc8f97c49fc9ab48dd44e827c9b f3c757b55ded42ab8129420647217789 - - default default] create failed (client error): Failed to parse request. Required attribute 'peer_id' not specified
2026-05-11 12:00:30.206 10 INFO neutron.api.wsgi [None req-6852785c-b673-47f5-b5ce-6e5170ea1b41 5c054dc8f97c49fc9ab48dd44e827c9b f3c757b55ded42ab8129420647217789 - - default default] 10.0.0.95 "POST /v2.0/vpn/ipsec-site-connections HTTP/1.1" status: 400 len: 343 time: 0.0067379
2026-05-11 12:00:30.221 10 INFO neutron.api.wsgi [None req-d419fe2b-347e-4c58-89fa-f774f5db1a79 5c054dc8f97c49fc9ab48dd44e827c9b f3c757b55ded42ab8129420647217789 - - default default] 10.0.0.95 "GET /v2.0/vpn/endpoint-groups HTTP/1.1" status: 200 len: 1108 time: 0.0112383
2026-05-11 12:00:30.225 9 INFO neutron.api.wsgi [None req-fb0b990f-75f9-45a8-8c6f-bd3fe5e9aa24 ebc64c4121884748a9f683d71594a2af 2f0b528339a14870a6ad98e258f46792 - - default default] 10.0.0.95 "DELETE /v2.0/ports/e43fc98c-6df8-46ca-b70d-1cc62ae3d3cc HTTP/1.1" status: 204 len: 168 time: 0.2812424
2026-05-11 12:00:30.250 10 INFO neutron.api.wsgi [None req-172dbf8d-cfc8-4bd5-ad10-a9ac7e617804 5c054dc8f97c49fc9ab48dd44e827c9b f3c757b55ded42ab8129420647217789 - - default default] 10.0.0.95 "DELETE /v2.0/vpn/endpoint-groups/9aba35b5-baa7-4134-845a-084c61549bc9 HTTP/1.1" status: 204 len: 168 time: 0.0247025
2026-05-11 12:00:30.268 9 INFO neutron.api.wsgi [None req-5151c788-8f0b-4347-a288-41cefeb24b26 5c054dc8f97c49fc9ab48dd44e827c9b f3c757b55ded42ab8129420647217789 - - default default] 10.0.0.95 "GET /v2.0/vpn/endpoint-groups HTTP/1.1" status: 200 len: 824 time: 0.0141110
2026-05-11 12:00:30.283 10 WARNING neutron_lib.context [None req-d30a6670-fbdb-41ff-ae30-971537bfcd70 5c054dc8f97c49fc9ab48dd44e827c9b f3c757b55ded42ab8129420647217789 - - default default] Method 'is_advsvc' is deprecated since 2023.2 release (neutron-lib 3.8.0) and will be removed once support for the old RBAC API policies will be removed from Neutron. Please use method 'is_service_role' instead.
2026-05-11 12:00:30.318 10 INFO neutron.api.wsgi [None req-d30a6670-fbdb-41ff-ae30-971537bfcd70 5c054dc8f97c49fc9ab48dd44e827c9b f3c757b55ded42ab8129420647217789 - - default default] 10.0.0.95 "POST /v2.0/vpn/endpoint-groups HTTP/1.1" status: 201 len: 493 time: 0.0431316
2026-05-11 12:00:30.328 10 WARNING neutron.api.v2.base [None req-7f0227d0-ba9e-406c-aa2b-0ab3fd93a4ec 5c054dc8f97c49fc9ab48dd44e827c9b f3c757b55ded42ab8129420647217789 - - default default] An exception happened while processing the request body. The exception message is [Failed to parse request. Required attribute 'peer_id' not specified].: webob.exc.HTTPBadRequest: Failed to parse request. Required attribute 'peer_id' not specified
2026-05-11 12:00:30.328 10 INFO neutron.api.v2.resource [None req-7f0227d0-ba9e-406c-aa2b-0ab3fd93a4ec 5c054dc8f97c49fc9ab48dd44e827c9b f3c757b55ded42ab8129420647217789 - - default default] create failed (client error): Failed to parse request. Required attribute 'peer_id' not specified
2026-05-11 12:00:30.329 10 INFO neutron.api.wsgi [None req-7f0227d0-ba9e-406c-aa2b-0ab3fd93a4ec 5c054dc8f97c49fc9ab48dd44e827c9b f3c757b55ded42ab8129420647217789 - - default default] 10.0.0.95 "POST /v2.0/vpn/ipsec-site-connections HTTP/1.1" status: 400 len: 343 time: 0.0052993
2026-05-11 12:00:30.342 10 INFO neutron.api.wsgi [None req-d2cfd10c-9d65-4881-9055-8ee35c1479d1 5c054dc8f97c49fc9ab48dd44e827c9b f3c757b55ded42ab8129420647217789 - - default default] 10.0.0.95 "GET /v2.0/vpn/endpoint-groups HTTP/1.1" status: 200 len: 1100 time: 0.0095901
2026-05-11 12:00:30.370 10 INFO neutron.api.wsgi [None req-b51a159d-a07a-4839-82c7-10f218f4aa75 5c054dc8f97c49fc9ab48dd44e827c9b f3c757b55ded42ab8129420647217789 - - default default] 10.0.0.95 "DELETE /v2.0/vpn/endpoint-groups/28fdd528-67e7-4aa8-998d-493e49ae65a7 HTTP/1.1" status: 204 len: 168 time: 0.0240574
2026-05-11 12:00:30.386 10 INFO neutron.api.wsgi [None req-9d81fb2b-73d4-4bd8-b9e8-740ac51d327d 5c054dc8f97c49fc9ab48dd44e827c9b f3c757b55ded42ab8129420647217789 - - default default] 10.0.0.95 "GET /v2.0/vpn/endpoint-groups HTTP/1.1" status: 200 len: 824 time: 0.0121400
2026-05-11 12:00:30.393 10 WARNING neutron_lib.context [None req-0f92a355-7e2c-4338-b1be-dd18dfedba7a 5c054dc8f97c49fc9ab48dd44e827c9b f3c757b55ded42ab8129420647217789 - - default default] Method 'is_advsvc' is deprecated since 2023.2 release (neutron-lib 3.8.0) and will be removed once support for the old RBAC API policies will be removed from Neutron. Please use method 'is_service_role' instead.
2026-05-11 12:00:30.424 10 INFO neutron.api.wsgi [None req-0f92a355-7e2c-4338-b1be-dd18dfedba7a 5c054dc8f97c49fc9ab48dd44e827c9b f3c757b55ded42ab8129420647217789 - - default default] 10.0.0.95 "POST /v2.0/vpn/endpoint-groups HTTP/1.1" status: 201 len: 489 time: 0.0342569
2026-05-11 12:00:30.435 9 INFO neutron.api.wsgi [None req-334140dc-e1ea-4604-9587-a1cb7e93830a ebc64c4121884748a9f683d71594a2af 2f0b528339a14870a6ad98e258f46792 - - default default] 10.0.0.95 "DELETE /v2.0/ports/9a608ed5-f1b2-4219-ae83-989e0cd092f9 HTTP/1.1" status: 204 len: 168 time: 0.2059019
2026-05-11 12:00:30.440 9 WARNING neutron_lib.context [None req-7afae4a9-b064-4479-a5e7-d2b32f4fe1c8 5c054dc8f97c49fc9ab48dd44e827c9b f3c757b55ded42ab8129420647217789 - - default default] Method 'is_advsvc' is deprecated since 2023.2 release (neutron-lib 3.8.0) and will be removed once support for the old RBAC API policies will be removed from Neutron. Please use method 'is_service_role' instead.
2026-05-11 12:00:30.489 9 INFO neutron.api.wsgi [None req-7afae4a9-b064-4479-a5e7-d2b32f4fe1c8 5c054dc8f97c49fc9ab48dd44e827c9b f3c757b55ded42ab8129420647217789 - - default default] 10.0.0.95 "POST /v2.0/vpn/endpoint-groups HTTP/1.1" status: 201 len: 501 time: 0.0585783
2026-05-11 12:00:30.499 9 WARNING neutron_lib.context [None req-fcb92813-0648-4de9-8c32-44ec61a19264 5c054dc8f97c49fc9ab48dd44e827c9b f3c757b55ded42ab8129420647217789 - - default default] Method 'is_advsvc' is deprecated since 2023.2 release (neutron-lib 3.8.0) and will be removed once support for the old RBAC API policies will be removed from Neutron. Please use method 'is_service_role' instead.
2026-05-11 12:00:30.738 9 INFO neutron.api.wsgi [req-600fa9a3-22c9-4f0f-ad01-d666df6acec8 req-9a54305e-931c-4ef8-afc0-7adc53bdf4f4 e64e8c32122b4dc280000e3cb3964019 99ff9b1ca5d24c7e8ab4f8a42e8f11bc - - default default] 10.0.0.123 "GET /v2.0/ports?device_id=bb78f6e4-dcdc-468a-a8e4-aaf11458a518 HTTP/1.1" status: 200 len: 1168 time: 0.0378478
2026-05-11 12:00:30.765 10 INFO neutron.api.wsgi [None req-d025916b-761d-4da3-b3ba-6b99ff7098b5 ebc64c4121884748a9f683d71594a2af 2f0b528339a14870a6ad98e258f46792 - - default default] 10.0.0.95 "DELETE /v2.0/networks/002bf216-dfa8-4f97-9b9e-417b2a5309e4 HTTP/1.1" status: 204 len: 168 time: 0.3244770
2026-05-11 12:00:30.820 9 INFO neutron.api.wsgi [req-600fa9a3-22c9-4f0f-ad01-d666df6acec8 req-7d14b13a-3716-4ffc-a0bf-e8afd4e5e4db e64e8c32122b4dc280000e3cb3964019 99ff9b1ca5d24c7e8ab4f8a42e8f11bc - - default default] 10.0.0.123 "GET /v2.0/security-groups?id=55dac125-bb84-4d5e-aa7d-7d33131b03ff&fields=id&fields=name HTTP/1.1" status: 200 len: 286 time: 0.0742650
2026-05-11 12:00:30.980 10 INFO neutron.api.wsgi [req-7c647895-0647-42d9-9b14-ca3ddb158d07 req-14032f37-7f67-4f43-a1ac-4193c26ddd8c 94869cf34bb9471fbeec48689e554242 3f4b018bfbae41c1baed3d60b5120346 - - default default] 10.0.0.123 "GET /v2.0/ports?device_id=927f8e0b-6270-4139-a075-e00d8807820d HTTP/1.1" status: 200 len: 1170 time: 0.0780227
2026-05-11 12:00:31.026 10 INFO neutron.api.wsgi [req-7c647895-0647-42d9-9b14-ca3ddb158d07 req-7401f4af-3dd5-434f-b818-815a26297b97 94869cf34bb9471fbeec48689e554242 3f4b018bfbae41c1baed3d60b5120346 - - default default] 10.0.0.123 "GET /v2.0/security-groups?id=39908fd4-b7f6-48b9-8f56-e5928275521d&fields=id&fields=name HTTP/1.1" status: 200 len: 313 time: 0.0416591
2026-05-11 12:00:31.099 10 INFO neutron.api.wsgi [None req-ab0e54d9-fbca-4c2f-9fae-4f9d7023c12b ebc64c4121884748a9f683d71594a2af 2f0b528339a14870a6ad98e258f46792 - - default default] 10.0.0.95 "DELETE /v2.0/networks/1c5f93e8-e67e-46de-b83f-35bddcfd0112 HTTP/1.1" status: 204 len: 168 time: 0.3287940
2026-05-11 12:00:31.177 9 INFO neutron.db.ovn_revision_numbers_db [None req-fcb92813-0648-4de9-8c32-44ec61a19264 5c054dc8f97c49fc9ab48dd44e827c9b f3c757b55ded42ab8129420647217789 - - default default] Successfully bumped revision number for resource 71eca249-f8dc-4476-bcb2-553e390d1d0a (type: routers) to 6
2026-05-11 12:00:31.206 9 INFO neutron.api.wsgi [None req-fcb92813-0648-4de9-8c32-44ec61a19264 5c054dc8f97c49fc9ab48dd44e827c9b f3c757b55ded42ab8129420647217789 - - default default] 10.0.0.95 "POST /v2.0/vpn/ipsec-site-connections HTTP/1.1" status: 201 len: 1044 time: 0.7109828
2026-05-11 12:00:31.207 10 INFO neutron.api.wsgi [req-e8d5a08f-5450-4d49-8a31-009ebe7ba37d req-e66799f6-157b-4742-9fbc-8fbe7a534ea3 94869cf34bb9471fbeec48689e554242 3f4b018bfbae41c1baed3d60b5120346 - - default default] 10.0.0.123 "GET /v2.0/ports?device_id=927f8e0b-6270-4139-a075-e00d8807820d HTTP/1.1" status: 200 len: 1170 time: 0.0385067
2026-05-11 12:00:31.258 10 INFO neutron.api.wsgi [req-e8d5a08f-5450-4d49-8a31-009ebe7ba37d req-fa515504-d3a3-4a66-babd-19a2191ea42a 94869cf34bb9471fbeec48689e554242 3f4b018bfbae41c1baed3d60b5120346 - - default default] 10.0.0.123 "GET /v2.0/security-groups?id=39908fd4-b7f6-48b9-8f56-e5928275521d&fields=id&fields=name HTTP/1.1" status: 200 len: 313 time: 0.0425792
2026-05-11 12:00:31.362 10 INFO neutron.services.segments.plugin [-] Segment a1e98543-4412-42d5-8b8f-85cac0e40400 resource provider aggregate not found
2026-05-11 12:00:31.366 10 INFO neutron.services.segments.plugin [-] Segment a1e98543-4412-42d5-8b8f-85cac0e40400 resource provider aggregate not found
2026-05-11 12:00:31.374 10 INFO neutron.services.segments.plugin [-] Segment a1e98543-4412-42d5-8b8f-85cac0e40400 resource provider not found; error: Placement Client Error (4xx): {"errors": [{"status": 404, "title": "Not Found", "detail": "The resource could not be found.\n\n No resource provider with uuid a1e98543-4412-42d5-8b8f-85cac0e40400 found for delete ", "request_id": "req-f9ec14cd-3ccc-4243-a57a-1d1b732562ee"}]}
2026-05-11 12:00:31.380 10 INFO neutron.services.segments.plugin [-] Segment a1e98543-4412-42d5-8b8f-85cac0e40400 resource provider not found; error: Placement Client Error (4xx): {"errors": [{"status": 404, "title": "Not Found", "detail": "The resource could not be found.\n\n No resource provider with uuid a1e98543-4412-42d5-8b8f-85cac0e40400 found for delete ", "request_id": "req-113c4544-f37b-478b-82e9-b1d6baa55fd9"}]}
2026-05-11 12:00:31.394 10 INFO neutron.services.segments.plugin [-] Segment 0e213184-1c49-472a-9d5e-30a277f81bcc resource provider aggregate not found
2026-05-11 12:00:31.404 10 INFO neutron.services.segments.plugin [-] Segment 0e213184-1c49-472a-9d5e-30a277f81bcc resource provider aggregate not found
2026-05-11 12:00:31.415 10 INFO neutron.services.segments.plugin [-] Segment 0e213184-1c49-472a-9d5e-30a277f81bcc resource provider not found; error: Placement Client Error (4xx): {"errors": [{"status": 404, "title": "Not Found", "detail": "The resource could not be found.\n\n No resource provider with uuid 0e213184-1c49-472a-9d5e-30a277f81bcc found for delete ", "request_id": "req-640faa00-03e4-48b9-ad3b-0a83067b6510"}]}
2026-05-11 12:00:31.416 10 INFO neutron.services.segments.plugin [-] Segment 0e213184-1c49-472a-9d5e-30a277f81bcc resource provider not found; error: Placement Client Error (4xx): {"errors": [{"status": 404, "title": "Not Found", "detail": "The resource could not be found.\n\n No resource provider with uuid 0e213184-1c49-472a-9d5e-30a277f81bcc found for delete ", "request_id": "req-0bc23948-b33b-407d-bf13-d7cb7d497497"}]}
2026-05-11 12:00:31.521 10 INFO neutron.api.wsgi [None req-72ea37b4-8a8d-421e-9b97-2e209c04a966 ebc64c4121884748a9f683d71594a2af 2f0b528339a14870a6ad98e258f46792 - - default default] 10.0.0.95 "DELETE /v2.0/networks/7b9a60c2-51a0-40ae-b009-81430ed23f23 HTTP/1.1" status: 204 len: 168 time: 0.4162400
2026-05-11 12:00:31.741 10 INFO neutron.plugins.ml2.drivers.ovn.mech_driver.mech_driver [None req-2a1c4daf-ee35-4eac-951b-f1d1a765a254 - - - - - -] OVN reports status down for port: c7972640-73d2-40f6-b098-2eeaefd50e8d
2026-05-11 12:00:31.759 9 WARNING neutron.plugins.ml2.drivers.ovn.mech_driver.ovsdb.ovn_client [None req-360ff34a-cf6f-4546-bc09-067708054488 - - - - - -] No port found with ID 4af37a46-8ae0-4eed-b554-b296f7419fc4: RuntimeError: No port found with ID 4af37a46-8ae0-4eed-b554-b296f7419fc4
2026-05-11 12:00:31.779 9 INFO neutron.plugins.ml2.drivers.ovn.mech_driver.mech_driver [None req-360ff34a-cf6f-4546-bc09-067708054488 - - - - - -] OVN reports status up for port: f31ab011-81e0-4205-a876-386f1cf787c3
2026-05-11 12:00:31.779 10 INFO neutron.db.ovn_revision_numbers_db [None req-fa17e39a-a062-497b-ba2c-47e621ba0b1f 5c054dc8f97c49fc9ab48dd44e827c9b f3c757b55ded42ab8129420647217789 - - default default] Successfully bumped revision number for resource 71eca249-f8dc-4476-bcb2-553e390d1d0a (type: routers) to 7
2026-05-11 12:00:31.795 9 INFO neutron.plugins.ml2.plugin [None req-360ff34a-cf6f-4546-bc09-067708054488 - - - - - -] Attempt 1 to provision port f31ab011-81e0-4205-a876-386f1cf787c3
2026-05-11 12:00:31.799 10 INFO neutron.api.wsgi [None req-fa17e39a-a062-497b-ba2c-47e621ba0b1f 5c054dc8f97c49fc9ab48dd44e827c9b f3c757b55ded42ab8129420647217789 - - default default] 10.0.0.95 "DELETE /v2.0/vpn/ipsec-site-connections/2c6bba0c-9cb8-4ff7-a646-c753e7dc943a HTTP/1.1" status: 204 len: 168 time: 0.5880172
2026-05-11 12:00:31.823 10 INFO neutron.api.wsgi [None req-ad4a7f16-e3ac-43b8-8a4e-5d016368ef06 5c054dc8f97c49fc9ab48dd44e827c9b f3c757b55ded42ab8129420647217789 - - default default] 10.0.0.95 "GET /v2.0/vpn/ipsec-site-connections HTTP/1.1" status: 200 len: 987 time: 0.0127635
2026-05-11 12:00:31.856 9 INFO neutron.api.v2.resource [None req-dced6eef-9179-44c6-9348-81c492fb1989 5c054dc8f97c49fc9ab48dd44e827c9b f3c757b55ded42ab8129420647217789 - - default default] delete failed (client error): The resource could not be found.
2026-05-11 12:00:31.857 9 INFO neutron.api.wsgi [None req-dced6eef-9179-44c6-9348-81c492fb1989 5c054dc8f97c49fc9ab48dd44e827c9b f3c757b55ded42ab8129420647217789 - - default default] 10.0.0.95 "DELETE /v2.0/vpn/ipsec-site-connections/2c6bba0c-9cb8-4ff7-a646-c753e7dc943a HTTP/1.1" status: 404 len: 355 time: 0.0286531
2026-05-11 12:00:31.873 10 INFO neutron.notifiers.nova [-] Nova event matching ['req-324528cd-8b2f-4df1-8cf7-2187ec73384d'] response: {'server_uuid': '927f8e0b-6270-4139-a075-e00d8807820d', 'name': 'network-vif-unplugged', 'status': 'completed', 'tag': 'c7972640-73d2-40f6-b098-2eeaefd50e8d', 'code': 200}
2026-05-11 12:00:31.875 9 INFO neutron.services.segments.plugin [-] Segment 17184d59-ff44-4194-9610-d64434def548 resource provider aggregate not found
2026-05-11 12:00:31.880 9 INFO neutron.services.segments.plugin [-] Segment 17184d59-ff44-4194-9610-d64434def548 resource provider aggregate not found
2026-05-11 12:00:31.888 9 INFO neutron.services.segments.plugin [-] Segment 17184d59-ff44-4194-9610-d64434def548 resource provider not found; error: Placement Client Error (4xx): {"errors": [{"status": 404, "title": "Not Found", "detail": "The resource could not be found.\n\n No resource provider with uuid 17184d59-ff44-4194-9610-d64434def548 found for delete ", "request_id": "req-4d80a79e-a59c-41e1-9fe5-e52b61760270"}]}
2026-05-11 12:00:31.893 9 INFO neutron.services.segments.plugin [-] Segment 17184d59-ff44-4194-9610-d64434def548 resource provider not found; error: Placement Client Error (4xx): {"errors": [{"status": 404, "title": "Not Found", "detail": "The resource could not be found.\n\n No resource provider with uuid 17184d59-ff44-4194-9610-d64434def548 found for delete ", "request_id": "req-ae2f4485-ae64-4118-83fe-a2a4ba39bb8e"}]}
2026-05-11 12:00:31.921 10 INFO neutron.api.wsgi [None req-22ad7018-b0a3-478d-aa7f-bef1afe4d43f 5c054dc8f97c49fc9ab48dd44e827c9b f3c757b55ded42ab8129420647217789 - - default default] 10.0.0.95 "GET /v2.0/vpn/endpoint-groups HTTP/1.1" status: 200 len: 1381 time: 0.0430915
2026-05-11 12:00:31.957 9 INFO neutron.api.wsgi [None req-349a881b-3b26-4af8-92a0-523fb1cf4649 ebc64c4121884748a9f683d71594a2af 2f0b528339a14870a6ad98e258f46792 - - default default] 10.0.0.95 "DELETE /v2.0/networks/cdc109c7-d495-4365-a9fd-7d3b272a25d2 HTTP/1.1" status: 204 len: 168 time: 0.4298120
2026-05-11 12:00:31.962 10 INFO neutron.api.wsgi [None req-3f28f426-fad2-4141-99a4-07248e994d2f 5c054dc8f97c49fc9ab48dd44e827c9b f3c757b55ded42ab8129420647217789 - - default default] 10.0.0.95 "DELETE /v2.0/vpn/endpoint-groups/9b28cd43-0ec5-43d4-8f8d-4038413efad5 HTTP/1.1" status: 204 len: 168 time: 0.0331597
2026-05-11 12:00:31.982 10 INFO neutron.api.wsgi [req-51b54d83-887d-4e90-aba1-50a46c55760a req-a7b9107f-1f56-43c6-a3b5-0f7a0e071a47 e64e8c32122b4dc280000e3cb3964019 99ff9b1ca5d24c7e8ab4f8a42e8f11bc - - default default] 10.0.0.123 "GET /v2.0/ports?device_id=bb78f6e4-dcdc-468a-a8e4-aaf11458a518 HTTP/1.1" status: 200 len: 1168 time: 0.0837133
2026-05-11 12:00:31.993 9 INFO neutron.api.wsgi [None req-48f05111-84ed-43de-b8d4-a12b4313559f 5c054dc8f97c49fc9ab48dd44e827c9b f3c757b55ded42ab8129420647217789 - - default default] 10.0.0.95 "GET /v2.0/vpn/endpoint-groups HTTP/1.1" status: 200 len: 1096 time: 0.0163903
2026-05-11 12:00:32.010 9 INFO neutron.notifiers.nova [-] Nova event matching ['req-e71944f5-7d39-4c84-a24e-2e8be8890dae'] response: {'server_uuid': 'bb78f6e4-dcdc-468a-a8e4-aaf11458a518', 'name': 'network-vif-plugged', 'status': 'completed', 'tag': 'f31ab011-81e0-4205-a876-386f1cf787c3', 'code': 200}
2026-05-11 12:00:32.012 9 INFO neutron.api.wsgi [None req-468714aa-8f71-4069-90cd-b357187661a0 5c054dc8f97c49fc9ab48dd44e827c9b f3c757b55ded42ab8129420647217789 - - default default] 10.0.0.95 "GET /v2.0/vpn/endpoint-groups HTTP/1.1" status: 200 len: 1096 time: 0.0108752
2026-05-11 12:00:32.034 10 INFO neutron.api.wsgi [req-51b54d83-887d-4e90-aba1-50a46c55760a req-d1260348-4f73-42a8-9e50-4c8b7ae8d3e9 e64e8c32122b4dc280000e3cb3964019 99ff9b1ca5d24c7e8ab4f8a42e8f11bc - - default default] 10.0.0.123 "GET /v2.0/security-groups?id=55dac125-bb84-4d5e-aa7d-7d33131b03ff&fields=id&fields=name HTTP/1.1" status: 200 len: 286 time: 0.0459428
2026-05-11 12:00:32.041 10 INFO neutron.db.ovn_revision_numbers_db [None req-2a1c4daf-ee35-4eac-951b-f1d1a765a254 - - - - - -] Successfully bumped revision number for resource c7972640-73d2-40f6-b098-2eeaefd50e8d (type: ports) to 8
2026-05-11 12:00:32.061 9 INFO neutron.api.wsgi [None req-8a80e5bc-e94d-4763-9adc-3220a314b037 5c054dc8f97c49fc9ab48dd44e827c9b f3c757b55ded42ab8129420647217789 - - default default] 10.0.0.95 "DELETE /v2.0/vpn/endpoint-groups/73041079-63c3-447f-939c-41e97ecd14cf HTTP/1.1" status: 204 len: 168 time: 0.0402596
2026-05-11 12:00:32.082 9 INFO neutron.api.wsgi [None req-90371f67-7467-4a1d-8b65-72f014380d74 5c054dc8f97c49fc9ab48dd44e827c9b f3c757b55ded42ab8129420647217789 - - default default] 10.0.0.95 "GET /v2.0/vpn/endpoint-groups HTTP/1.1" status: 200 len: 824 time: 0.0170987 /var/lib/openstack/lib/python3.12/site-packages/pycadf/identifier.py:71: UserWarning: Invalid uuid: neutron. To ensure interoperability, identifiers should be a valid uuid. warnings.warn(('Invalid uuid: %s. To ensure interoperability, '
2026-05-11 12:00:32.093 10 WARNING neutron_lib.context [None req-3a6d1bd3-29ab-4dc0-b5af-94f9feca7f8b 5c054dc8f97c49fc9ab48dd44e827c9b f3c757b55ded42ab8129420647217789 - - default default] Method 'is_advsvc' is deprecated since 2023.2 release (neutron-lib 3.8.0) and will be removed once support for the old RBAC API policies will be removed from Neutron. Please use method 'is_service_role' instead.
2026-05-11 12:00:32.147 9 INFO neutron.db.ovn_revision_numbers_db [None req-360ff34a-cf6f-4546-bc09-067708054488 - - - - - -] Successfully bumped revision number for resource f31ab011-81e0-4205-a876-386f1cf787c3 (type: ports) to 5 /var/lib/openstack/lib/python3.12/site-packages/pycadf/identifier.py:71: UserWarning: Invalid uuid: neutron. To ensure interoperability, identifiers should be a valid uuid. warnings.warn(('Invalid uuid: %s. To ensure interoperability, '
2026-05-11 12:00:32.338 9 INFO neutron.api.wsgi [None req-6630e784-b5dd-45c3-a6d6-8d51fa7a6613 ebc64c4121884748a9f683d71594a2af 2f0b528339a14870a6ad98e258f46792 - - default default] 10.0.0.95 "DELETE /v2.0/networks/d43dd3cf-aa95-4672-aab7-09dc8f3c0340 HTTP/1.1" status: 204 len: 168 time: 0.3757885
2026-05-11 12:00:32.417 9 INFO neutron.api.wsgi [req-674489c8-10e9-4b8a-8dfc-85d89e501f2a req-b72febb6-87f6-4d3b-a053-c6b02de59b45 94869cf34bb9471fbeec48689e554242 3f4b018bfbae41c1baed3d60b5120346 - - default default] 10.0.0.123 "GET /v2.0/ports?device_id=927f8e0b-6270-4139-a075-e00d8807820d HTTP/1.1" status: 200 len: 1168 time: 0.0924318
2026-05-11 12:00:32.453 9 INFO neutron.api.wsgi [req-674489c8-10e9-4b8a-8dfc-85d89e501f2a req-3ee0e118-154a-4e83-a42e-1a2b160ab480 94869cf34bb9471fbeec48689e554242 3f4b018bfbae41c1baed3d60b5120346 - - default default] 10.0.0.123 "GET /v2.0/security-groups?id=39908fd4-b7f6-48b9-8f56-e5928275521d&fields=id&fields=name HTTP/1.1" status: 200 len: 313 time: 0.0307450
2026-05-11 12:00:32.670 10 INFO neutron.db.ovn_revision_numbers_db [None req-3a6d1bd3-29ab-4dc0-b5af-94f9feca7f8b 5c054dc8f97c49fc9ab48dd44e827c9b f3c757b55ded42ab8129420647217789 - - default default] Successfully bumped revision number for resource 71eca249-f8dc-4476-bcb2-553e390d1d0a (type: routers) to 8
2026-05-11 12:00:32.701 10 INFO neutron.api.wsgi [None req-3a6d1bd3-29ab-4dc0-b5af-94f9feca7f8b 5c054dc8f97c49fc9ab48dd44e827c9b f3c757b55ded42ab8129420647217789 - - default default] 10.0.0.95 "POST /v2.0/vpn/ipsec-site-connections HTTP/1.1" status: 201 len: 1004 time: 0.6129262
2026-05-11 12:00:32.975 10 INFO neutron.api.wsgi [req-04183ba2-b95d-4f9d-ab5b-b36ed3460d7a req-1cd08b9e-a8f0-4d52-8687-33f1a8114b7f 94869cf34bb9471fbeec48689e554242 3f4b018bfbae41c1baed3d60b5120346 - - default default] 199.204.45.72 "GET /v2.0/ports?device_id=927f8e0b-6270-4139-a075-e00d8807820d HTTP/1.1" status: 200 len: 1168 time: 0.0513244
2026-05-11 12:00:33.163 10 INFO neutron.api.wsgi [req-05e1b0f0-43f1-42c4-a23f-7dc3bbe370a9 req-722aa3bf-af81-40b8-9ca7-9f0fc11cb818 e64e8c32122b4dc280000e3cb3964019 99ff9b1ca5d24c7e8ab4f8a42e8f11bc - - default default] 10.0.0.123 "GET /v2.0/ports?device_id=bb78f6e4-dcdc-468a-a8e4-aaf11458a518 HTTP/1.1" status: 200 len: 1170 time: 0.0529320
2026-05-11 12:00:33.250 10 INFO neutron.api.wsgi [req-05e1b0f0-43f1-42c4-a23f-7dc3bbe370a9 req-63798026-5b9d-413f-961e-2dc1ce8e00f1 e64e8c32122b4dc280000e3cb3964019 99ff9b1ca5d24c7e8ab4f8a42e8f11bc - - default default] 10.0.0.123 "GET /v2.0/security-groups?id=55dac125-bb84-4d5e-aa7d-7d33131b03ff&fields=id&fields=name HTTP/1.1" status: 200 len: 286 time: 0.0799160
2026-05-11 12:00:33.356 9 INFO neutron.api.wsgi [None req-dff8c9b9-8d7e-42b6-ac95-a77e1a082a7a 21f213de4a904c03bf20b2f226e2c45a 1c5074aad43e4f538ffabfc416f3d63b - - default default] 10.0.0.95 "GET /v2.0/security-groups?tenant_id=2f0b528339a14870a6ad98e258f46792&name=default HTTP/1.1" status: 200 len: 3120 time: 0.1949668
2026-05-11 12:00:33.387 10 INFO neutron.db.ovn_revision_numbers_db [None req-d2344903-e8c5-45b5-b6e6-ec223eb122ec 5c054dc8f97c49fc9ab48dd44e827c9b f3c757b55ded42ab8129420647217789 - - default default] Successfully bumped revision number for resource 71eca249-f8dc-4476-bcb2-553e390d1d0a (type: routers) to 9
2026-05-11 12:00:33.416 10 INFO neutron.api.wsgi [None req-d2344903-e8c5-45b5-b6e6-ec223eb122ec 5c054dc8f97c49fc9ab48dd44e827c9b f3c757b55ded42ab8129420647217789 - - default default] 10.0.0.95 "DELETE /v2.0/vpn/ipsec-site-connections/e7784434-2a69-4757-a700-ebb1286c9bf3 HTTP/1.1" status: 204 len: 168 time: 0.7097607
2026-05-11 12:00:33.434 10 INFO neutron.services.segments.plugin [-] Segment ebb923dc-6362-48ad-821d-2555354bb956 resource provider aggregate not found
2026-05-11 12:00:33.446 10 INFO neutron.services.segments.plugin [-] Segment ebb923dc-6362-48ad-821d-2555354bb956 resource provider aggregate not found
2026-05-11 12:00:33.451 10 INFO neutron.services.segments.plugin [-] Segment ebb923dc-6362-48ad-821d-2555354bb956 resource provider not found; error: Placement Client Error (4xx): {"errors": [{"status": 404, "title": "Not Found", "detail": "The resource could not be found.\n\n No resource provider with uuid ebb923dc-6362-48ad-821d-2555354bb956 found for delete ", "request_id": "req-7040c74c-9885-4172-aba1-717ee731c4a9"}]}
2026-05-11 12:00:33.454 10 INFO neutron.api.wsgi [None req-62000216-f39d-4b9f-ab29-4f6c04fad386 5c054dc8f97c49fc9ab48dd44e827c9b f3c757b55ded42ab8129420647217789 - - default default] 10.0.0.95 "GET /v2.0/vpn/ipsec-site-connections HTTP/1.1" status: 200 len: 987 time: 0.0281055
2026-05-11 12:00:33.468 10 INFO neutron.api.v2.resource [None req-c1989b4d-db9a-4f2b-877f-8eb78c4b40ea 5c054dc8f97c49fc9ab48dd44e827c9b f3c757b55ded42ab8129420647217789 - - default default] delete failed (client error): The resource could not be found.
2026-05-11 12:00:33.469 10 INFO neutron.api.wsgi [None req-c1989b4d-db9a-4f2b-877f-8eb78c4b40ea 5c054dc8f97c49fc9ab48dd44e827c9b f3c757b55ded42ab8129420647217789 - - default default] 10.0.0.95 "DELETE /v2.0/vpn/ipsec-site-connections/e7784434-2a69-4757-a700-ebb1286c9bf3 HTTP/1.1" status: 404 len: 355 time: 0.0093520
2026-05-11 12:00:33.469 10 INFO neutron.db.l3_db [req-04183ba2-b95d-4f9d-ab5b-b36ed3460d7a req-8b2c2739-a61b-415e-a61d-1119f8fcbe8a 94869cf34bb9471fbeec48689e554242 3f4b018bfbae41c1baed3d60b5120346 - - default default] Floating IP 156ad0be-7c64-4866-a9fc-fff2634602e4 disassociated. External IP: 10.96.250.208, port: c7972640-73d2-40f6-b098-2eeaefd50e8d.
2026-05-11 12:00:33.471 10 INFO neutron.services.segments.plugin [-] Segment ebb923dc-6362-48ad-821d-2555354bb956 resource provider not found; error: Placement Client Error (4xx): {"errors": [{"status": 404, "title": "Not Found", "detail": "The resource could not be found.\n\n No resource provider with uuid ebb923dc-6362-48ad-821d-2555354bb956 found for delete ", "request_id": "req-e755db1b-a91a-47bc-b994-e10562170948"}]}
2026-05-11 12:00:33.478 10 WARNING neutron_lib.context [None req-104ec07f-2440-45fa-9302-d6d2122e499e 5c054dc8f97c49fc9ab48dd44e827c9b f3c757b55ded42ab8129420647217789 - - default default] Method 'is_advsvc' is deprecated since 2023.2 release (neutron-lib 3.8.0) and will be removed once support for the old RBAC API policies will be removed from Neutron. Please use method 'is_service_role' instead. /var/lib/openstack/lib/python3.12/site-packages/pycadf/identifier.py:71: UserWarning: Invalid uuid: neutron. To ensure interoperability, identifiers should be a valid uuid. warnings.warn(('Invalid uuid: %s. To ensure interoperability, '
2026-05-11 12:00:33.565 10 INFO neutron.api.wsgi [None req-104ec07f-2440-45fa-9302-d6d2122e499e 5c054dc8f97c49fc9ab48dd44e827c9b f3c757b55ded42ab8129420647217789 - - default default] 10.0.0.95 "POST /v2.0/vpn/endpoint-groups HTTP/1.1" status: 201 len: 489 time: 0.0914166
2026-05-11 12:00:33.590 9 INFO neutron.api.wsgi [req-4a2553d2-57df-4bf2-82f4-7b0cb6fcc21e req-456f3af8-acbf-4aae-9d1a-f51a1338591b 94869cf34bb9471fbeec48689e554242 3f4b018bfbae41c1baed3d60b5120346 - - default default] 10.0.0.123 "GET /v2.0/ports?device_id=927f8e0b-6270-4139-a075-e00d8807820d HTTP/1.1" status: 200 len: 1168 time: 0.0548677
2026-05-11 12:00:33.598 10 INFO neutron.api.wsgi [None req-7efc4117-7cb5-45a0-90e6-6edfeaa0d4cf 5c054dc8f97c49fc9ab48dd44e827c9b f3c757b55ded42ab8129420647217789 - - default default] 10.0.0.95 "PUT /v2.0/vpn/endpoint-groups/69e661f9-449e-4989-ad8f-bb64d24c841f HTTP/1.1" status: 200 len: 484 time: 0.0239618
2026-05-11 12:00:33.613 10 INFO neutron.api.wsgi [None req-05fbfcb4-40d4-498e-b7c5-3c7c698c28bd 5c054dc8f97c49fc9ab48dd44e827c9b f3c757b55ded42ab8129420647217789 - - default default] 10.0.0.95 "GET /v2.0/vpn/endpoint-groups/69e661f9-449e-4989-ad8f-bb64d24c841f HTTP/1.1" status: 200 len: 484 time: 0.0085559
2026-05-11 12:00:33.632 10 INFO neutron.api.wsgi [req-04183ba2-b95d-4f9d-ab5b-b36ed3460d7a req-8b2c2739-a61b-415e-a61d-1119f8fcbe8a 94869cf34bb9471fbeec48689e554242 3f4b018bfbae41c1baed3d60b5120346 - - default default] 199.204.45.72 "DELETE /v2.0/ports/c7972640-73d2-40f6-b098-2eeaefd50e8d HTTP/1.1" status: 204 len: 173 time: 0.6517227
2026-05-11 12:00:33.640 9 INFO neutron.api.wsgi [req-4a2553d2-57df-4bf2-82f4-7b0cb6fcc21e req-42e942a1-23bd-4d5c-a52c-3ea6a0433e5e 94869cf34bb9471fbeec48689e554242 3f4b018bfbae41c1baed3d60b5120346 - - default default] 10.0.0.123 "GET /v2.0/security-groups?id=39908fd4-b7f6-48b9-8f56-e5928275521d&fields=id&fields=name HTTP/1.1" status: 200 len: 313 time: 0.0435607
2026-05-11 12:00:33.655 10 INFO neutron.api.wsgi [None req-5d1d9c11-e81a-4a6a-8dda-dcc7186773ac 5c054dc8f97c49fc9ab48dd44e827c9b f3c757b55ded42ab8129420647217789 - - default default] 10.0.0.95 "DELETE /v2.0/vpn/endpoint-groups/69e661f9-449e-4989-ad8f-bb64d24c841f HTTP/1.1" status: 204 len: 168 time: 0.0378706
2026-05-11 12:00:33.676 10 INFO neutron.api.wsgi [None req-49b5c74c-a42d-4a88-aef0-5c524e480cdc 5c054dc8f97c49fc9ab48dd44e827c9b f3c757b55ded42ab8129420647217789 - - default default] 10.0.0.95 "GET /v2.0/vpn/endpoint-groups HTTP/1.1" status: 200 len: 824 time: 0.0126462
2026-05-11 12:00:33.681 9 INFO neutron.api.wsgi [None req-64d753ad-2ac7-4567-aa0e-8c4413ad4b3e 21f213de4a904c03bf20b2f226e2c45a 1c5074aad43e4f538ffabfc416f3d63b - - default default] 10.0.0.95 "DELETE /v2.0/security-groups/7f5c4534-b4e9-4ed4-a14d-215066d5b0ed HTTP/1.1" status: 204 len: 168 time: 0.3206825
2026-05-11 12:00:33.691 10 INFO neutron.api.wsgi [None req-50ffae36-4738-4e0d-80a8-b6718706ecee 5c054dc8f97c49fc9ab48dd44e827c9b f3c757b55ded42ab8129420647217789 - - default default] 10.0.0.95 "GET /v2.0/vpn/endpoint-groups HTTP/1.1" status: 200 len: 824 time: 0.0115287
2026-05-11 12:00:33.702 9 WARNING neutron_lib.context [None req-66c711de-20a2-4b3a-9a23-74bb573c1ed5 5c054dc8f97c49fc9ab48dd44e827c9b f3c757b55ded42ab8129420647217789 - - default default] Method 'is_advsvc' is deprecated since 2023.2 release (neutron-lib 3.8.0) and will be removed once support for the old RBAC API policies will be removed from Neutron. Please use method 'is_service_role' instead.
2026-05-11 12:00:33.735 9 INFO neutron.api.wsgi [None req-66c711de-20a2-4b3a-9a23-74bb573c1ed5 5c054dc8f97c49fc9ab48dd44e827c9b f3c757b55ded42ab8129420647217789 - - default default] 10.0.0.95 "POST /v2.0/vpn/ikepolicies HTTP/1.1" status: 201 len: 602 time: 0.0392771
2026-05-11 12:00:33.763 9 INFO neutron.api.wsgi [None req-4fe3583c-1877-4a09-8575-7451f58b9a94 5c054dc8f97c49fc9ab48dd44e827c9b f3c757b55ded42ab8129420647217789 - - default default] 10.0.0.95 "PUT /v2.0/vpn/ikepolicies/215a912e-61ab-4058-affe-4cf86d4806d1 HTTP/1.1" status: 200 len: 613 time: 0.0227458
2026-05-11 12:00:33.774 9 INFO neutron.api.wsgi [None req-38dc4ca0-b3c3-4cc6-9879-4da4ec5b24e8 5c054dc8f97c49fc9ab48dd44e827c9b f3c757b55ded42ab8129420647217789 - - default default] 10.0.0.95 "GET /v2.0/vpn/ikepolicies/215a912e-61ab-4058-affe-4cf86d4806d1 HTTP/1.1" status: 200 len: 613 time: 0.0075276
2026-05-11 12:00:33.803 9 INFO neutron.api.wsgi [None req-800057ea-bb6f-446f-b20c-ddf5f571f228 5c054dc8f97c49fc9ab48dd44e827c9b f3c757b55ded42ab8129420647217789 - - default default] 10.0.0.95 "DELETE /v2.0/vpn/ikepolicies/215a912e-61ab-4058-affe-4cf86d4806d1 HTTP/1.1" status: 204 len: 168 time: 0.0249045
2026-05-11 12:00:33.815 9 INFO neutron.api.wsgi [None req-e47a6594-6019-4cf3-bdaf-194e8f3047f7 5c054dc8f97c49fc9ab48dd44e827c9b f3c757b55ded42ab8129420647217789 - - default default] 10.0.0.95 "GET /v2.0/vpn/ikepolicies HTTP/1.1" status: 200 len: 601 time: 0.0077472
2026-05-11 12:00:33.828 9 INFO neutron.api.wsgi [None req-611f7e15-54d3-4940-887a-5572bee5dbd4 5c054dc8f97c49fc9ab48dd44e827c9b f3c757b55ded42ab8129420647217789 - - default default] 10.0.0.95 "GET /v2.0/vpn/ikepolicies HTTP/1.1" status: 200 len: 601 time: 0.0066621
2026-05-11 12:00:33.836 9 WARNING neutron_lib.context [None req-37e47359-df43-41ad-8778-9c5a91e1eaae 5c054dc8f97c49fc9ab48dd44e827c9b f3c757b55ded42ab8129420647217789 - - default default] Method 'is_advsvc' is deprecated since 2023.2 release (neutron-lib 3.8.0) and will be removed once support for the old RBAC API policies will be removed from Neutron. Please use method 'is_service_role' instead.
2026-05-11 12:00:33.874 9 INFO neutron.api.wsgi [None req-37e47359-df43-41ad-8778-9c5a91e1eaae 5c054dc8f97c49fc9ab48dd44e827c9b f3c757b55ded42ab8129420647217789 - - default default] 10.0.0.95 "POST /v2.0/vpn/ipsecpolicies HTTP/1.1" status: 201 len: 611 time: 0.0420692
2026-05-11 12:00:33.880 10 INFO neutron.db.ovn_revision_numbers_db [None req-2dcfaecd-2d5f-4122-9dc7-b668700d1c87 21f213de4a904c03bf20b2f226e2c45a 1c5074aad43e4f538ffabfc416f3d63b - - default default] Successfully bumped revision number for resource ab69cd89-c3ca-43b7-9085-a217736ff1ad (type: security_groups) to 1
2026-05-11 12:00:33.893 10 INFO neutron.db.ovn_revision_numbers_db [None req-2dcfaecd-2d5f-4122-9dc7-b668700d1c87 21f213de4a904c03bf20b2f226e2c45a 1c5074aad43e4f538ffabfc416f3d63b - - default default] Successfully bumped revision number for resource 7ba5d8d8-fc90-4dc6-9eba-15052d9c4e3c (type: security_group_rules) to 0
2026-05-11 12:00:33.906 9 INFO neutron.services.segments.plugin [-] Segment b920b166-bf6c-4129-9a63-b3c2f5965a8c resource provider aggregate not found
2026-05-11 12:00:33.908 10 INFO neutron.notifiers.nova [-] Nova event matching ['req-f7a86219-2d12-40ee-b54f-9d7200580ee0'] response: {'server_uuid': '927f8e0b-6270-4139-a075-e00d8807820d', 'name': 'network-vif-unplugged', 'status': 'completed', 'tag': 'c7972640-73d2-40f6-b098-2eeaefd50e8d', 'code': 200}
2026-05-11 12:00:33.908 10 INFO neutron.notifiers.nova [-] Nova event matching ['req-f7a86219-2d12-40ee-b54f-9d7200580ee0'] response: {'server_uuid': '927f8e0b-6270-4139-a075-e00d8807820d', 'name': 'network-vif-deleted', 'tag': 'c7972640-73d2-40f6-b098-2eeaefd50e8d', 'status': 'completed', 'code': 200}
2026-05-11 12:00:33.911 9 INFO neutron.services.segments.plugin [-] Segment b920b166-bf6c-4129-9a63-b3c2f5965a8c resource provider aggregate not found
2026-05-11 12:00:33.912 10 INFO neutron.db.ovn_revision_numbers_db [None req-2dcfaecd-2d5f-4122-9dc7-b668700d1c87 21f213de4a904c03bf20b2f226e2c45a 1c5074aad43e4f538ffabfc416f3d63b - - default default] Successfully bumped revision number for resource 9ee644d0-90b4-4cbb-bf76-2a13b18b29b4 (type: security_group_rules) to 0
2026-05-11 12:00:33.917 9 INFO neutron.services.segments.plugin [-] Segment b920b166-bf6c-4129-9a63-b3c2f5965a8c resource provider not found; error: Placement Client Error (4xx): {"errors": [{"status": 404, "title": "Not Found", "detail": "The resource could not be found.\n\n No resource provider with uuid b920b166-bf6c-4129-9a63-b3c2f5965a8c found for delete ", "request_id": "req-4ade5e01-e4c6-4c48-8f5c-6bd3a06ce2a3"}]}
2026-05-11 12:00:33.920 9 INFO neutron.api.wsgi [None req-3dd54a43-3d31-497e-a5da-b4b9920a9c1c 5c054dc8f97c49fc9ab48dd44e827c9b f3c757b55ded42ab8129420647217789 - - default default] 10.0.0.95 "PUT /v2.0/vpn/ipsecpolicies/3284c970-e575-4d4c-80eb-b72e2ac175e3 HTTP/1.1" status: 200 len: 625 time: 0.0422630
2026-05-11 12:00:33.923 10 INFO neutron.db.ovn_revision_numbers_db [None req-2dcfaecd-2d5f-4122-9dc7-b668700d1c87 21f213de4a904c03bf20b2f226e2c45a 1c5074aad43e4f538ffabfc416f3d63b - - default default] Successfully bumped revision number for resource a17d731e-b389-410c-8398-9aedca6404ed (type: security_group_rules) to 0
2026-05-11 12:00:33.925 9 INFO neutron.services.segments.plugin [-] Segment b920b166-bf6c-4129-9a63-b3c2f5965a8c resource provider not found; error: Placement Client Error (4xx): {"errors": [{"status": 404, "title": "Not Found", "detail": "The resource could not be found.\n\n No resource provider with uuid b920b166-bf6c-4129-9a63-b3c2f5965a8c found for delete ", "request_id": "req-2709cbbd-bc9c-4616-9ea6-9d39fa1549ed"}]}
2026-05-11 12:00:33.934 10 INFO neutron.db.ovn_revision_numbers_db [None req-2dcfaecd-2d5f-4122-9dc7-b668700d1c87 21f213de4a904c03bf20b2f226e2c45a 1c5074aad43e4f538ffabfc416f3d63b - - default default] Successfully bumped revision number for resource aae26bcb-a12f-42f3-9635-6caf3c87612b (type: security_group_rules) to 0
2026-05-11 12:00:33.952 9 INFO neutron.api.wsgi [None req-f6a706fc-9da7-45cf-900c-131a7c445503 5c054dc8f97c49fc9ab48dd44e827c9b f3c757b55ded42ab8129420647217789 - - default default] 10.0.0.95 "DELETE /v2.0/vpn/ipsecpolicies/3284c970-e575-4d4c-80eb-b72e2ac175e3 HTTP/1.1" status: 204 len: 168 time: 0.0259948
2026-05-11 12:00:33.964 9 INFO neutron.api.v2.resource [None req-eae58e1e-bd30-42f5-a426-2985116b09df 5c054dc8f97c49fc9ab48dd44e827c9b f3c757b55ded42ab8129420647217789 - - default default] delete failed (client error): The resource could not be found.
2026-05-11 12:00:33.965 9 INFO neutron.api.wsgi [None req-eae58e1e-bd30-42f5-a426-2985116b09df 5c054dc8f97c49fc9ab48dd44e827c9b f3c757b55ded42ab8129420647217789 - - default default] 10.0.0.95 "DELETE /v2.0/vpn/ipsecpolicies/3284c970-e575-4d4c-80eb-b72e2ac175e3 HTTP/1.1" status: 404 len: 346 time: 0.0078282
2026-05-11 12:00:33.975 10 INFO neutron.api.wsgi [None req-2dcfaecd-2d5f-4122-9dc7-b668700d1c87 21f213de4a904c03bf20b2f226e2c45a 1c5074aad43e4f538ffabfc416f3d63b - - default default] 10.0.0.95 "GET /v2.0/security-groups?tenant_id=4706249896ad42b99e2b5fb9c45cf40a&name=default HTTP/1.1" status: 200 len: 3120 time: 0.2051871
2026-05-11 12:00:33.976 9 INFO neutron.api.v2.resource [None req-cba95342-d8e3-4cdf-b8c1-f3d830a46a75 5c054dc8f97c49fc9ab48dd44e827c9b f3c757b55ded42ab8129420647217789 - - default default] delete failed (client error): The resource could not be found.
2026-05-11 12:00:33.977 9 INFO neutron.api.wsgi [None req-cba95342-d8e3-4cdf-b8c1-f3d830a46a75 5c054dc8f97c49fc9ab48dd44e827c9b f3c757b55ded42ab8129420647217789 - - default default] 10.0.0.95 "DELETE /v2.0/vpn/ipsecpolicies/3284c970-e575-4d4c-80eb-b72e2ac175e3 HTTP/1.1" status: 404 len: 346 time: 0.0081751
2026-05-11 12:00:33.988 10 WARNING neutron_lib.context [None req-56d39e51-c2f1-4428-aa57-ba4809bf39e6 5c054dc8f97c49fc9ab48dd44e827c9b f3c757b55ded42ab8129420647217789 - - default default] Method 'is_advsvc' is deprecated since 2023.2 release (neutron-lib 3.8.0) and will be removed once support for the old RBAC API policies will be removed from Neutron. Please use method 'is_service_role' instead.
2026-05-11 12:00:34.052 9 INFO neutron.notifiers.nova [-] Nova event matching ['req-014bd7d9-576a-42ec-a7ad-0e86f78aad07'] response: {'server_uuid': 'bb78f6e4-dcdc-468a-a8e4-aaf11458a518', 'name': 'network-vif-plugged', 'status': 'completed', 'tag': 'f31ab011-81e0-4205-a876-386f1cf787c3', 'code': 200}
2026-05-11 12:00:34.077 10 INFO neutron.db.segments_db [None req-56d39e51-c2f1-4428-aa57-ba4809bf39e6 5c054dc8f97c49fc9ab48dd44e827c9b f3c757b55ded42ab8129420647217789 - - default default] Added segment c921eaa0-32bf-4ed6-bc63-a870bff6f7dd of type geneve for network 20c1f226-06f7-4970-bbbd-c79b524c1364
2026-05-11 12:00:34.184 9 INFO neutron.api.wsgi [None req-2e40bdde-8486-4f94-ab2e-c994df9c8450 21f213de4a904c03bf20b2f226e2c45a 1c5074aad43e4f538ffabfc416f3d63b - - default default] 10.0.0.95 "DELETE /v2.0/security-groups/ab69cd89-c3ca-43b7-9085-a217736ff1ad HTTP/1.1" status: 204 len: 168 time: 0.2029047
2026-05-11 12:00:34.228 10 INFO neutron.db.ovn_revision_numbers_db [None req-56d39e51-c2f1-4428-aa57-ba4809bf39e6 5c054dc8f97c49fc9ab48dd44e827c9b f3c757b55ded42ab8129420647217789 - - default default] Successfully bumped revision number for resource 20c1f226-06f7-4970-bbbd-c79b524c1364 (type: networks) to 1
2026-05-11 12:00:34.358 10 INFO neutron.api.wsgi [req-2317e9f7-d68f-4e84-aae3-9876eeef0276 req-670dbd5d-a84d-4b40-8443-0e753746828b e64e8c32122b4dc280000e3cb3964019 99ff9b1ca5d24c7e8ab4f8a42e8f11bc - - default default] 10.0.0.123 "GET /v2.0/ports?device_id=bb78f6e4-dcdc-468a-a8e4-aaf11458a518 HTTP/1.1" status: 200 len: 1170 time: 0.0384452
2026-05-11 12:00:34.455 9 INFO neutron.db.ovn_revision_numbers_db [None req-4d4c3c04-4f6b-44e0-aaf8-8ab2f69c80c8 21f213de4a904c03bf20b2f226e2c45a 1c5074aad43e4f538ffabfc416f3d63b - - default default] Successfully bumped revision number for resource bc0204a9-6efa-4cc5-b617-1245cf4bd0eb (type: security_groups) to 1
2026-05-11 12:00:34.467 9 INFO neutron.db.ovn_revision_numbers_db [None req-4d4c3c04-4f6b-44e0-aaf8-8ab2f69c80c8 21f213de4a904c03bf20b2f226e2c45a 1c5074aad43e4f538ffabfc416f3d63b - - default default] Successfully bumped revision number for resource 57b95717-5a8d-4111-a0ea-478f3eb8ce50 (type: security_group_rules) to 0
2026-05-11 12:00:34.480 9 INFO neutron.db.ovn_revision_numbers_db [None req-4d4c3c04-4f6b-44e0-aaf8-8ab2f69c80c8 21f213de4a904c03bf20b2f226e2c45a 1c5074aad43e4f538ffabfc416f3d63b - - default default] Successfully bumped revision number for resource 6e24d4a3-6744-469b-820e-0c19a2621485 (type: security_group_rules) to 0
2026-05-11 12:00:34.491 9 INFO neutron.db.ovn_revision_numbers_db [None req-4d4c3c04-4f6b-44e0-aaf8-8ab2f69c80c8 21f213de4a904c03bf20b2f226e2c45a 1c5074aad43e4f538ffabfc416f3d63b - - default default] Successfully bumped revision number for resource a044e618-50b8-4141-a7d9-6a7988b41940 (type: security_group_rules) to 0
2026-05-11 12:00:34.538 9 INFO neutron.db.ovn_revision_numbers_db [None req-4d4c3c04-4f6b-44e0-aaf8-8ab2f69c80c8 21f213de4a904c03bf20b2f226e2c45a 1c5074aad43e4f538ffabfc416f3d63b - - default default] Successfully bumped revision number for resource b723ea1b-00bf-4535-aec0-d55432573694 (type: security_group_rules) to 0
2026-05-11 12:00:34.577 9 INFO neutron.api.wsgi [None req-4d4c3c04-4f6b-44e0-aaf8-8ab2f69c80c8 21f213de4a904c03bf20b2f226e2c45a 1c5074aad43e4f538ffabfc416f3d63b - - default default] 10.0.0.95 "GET /v2.0/security-groups?tenant_id=4485f392521a40b09b75d6faafbb0bea&name=default HTTP/1.1" status: 200 len: 3120 time: 0.2238700
2026-05-11 12:00:34.725 9 INFO neutron.api.wsgi [req-8791ee36-4442-4402-a289-ce839464e762 req-93265c5f-545e-4560-8302-0cd8235bb0e7 94869cf34bb9471fbeec48689e554242 3f4b018bfbae41c1baed3d60b5120346 - - default default] 10.0.0.123 "GET /v2.0/ports?device_id=927f8e0b-6270-4139-a075-e00d8807820d HTTP/1.1" status: 200 len: 210 time: 0.0169086
2026-05-11 12:00:34.787 9 INFO neutron.api.wsgi [None req-7ee48525-7de6-4855-a42e-34f9150ae24c 21f213de4a904c03bf20b2f226e2c45a 1c5074aad43e4f538ffabfc416f3d63b - - default default] 10.0.0.95 "DELETE /v2.0/security-groups/bc0204a9-6efa-4cc5-b617-1245cf4bd0eb HTTP/1.1" status: 204 len: 168 time: 0.2040417
2026-05-11 12:00:34.888 10 INFO neutron.api.wsgi [req-2317e9f7-d68f-4e84-aae3-9876eeef0276 req-bff15f76-6726-4b8b-a59f-461be592c148 e64e8c32122b4dc280000e3cb3964019 99ff9b1ca5d24c7e8ab4f8a42e8f11bc - - default default] 10.0.0.123 "GET /v2.0/security-groups?id=55dac125-bb84-4d5e-aa7d-7d33131b03ff&fields=id&fields=name HTTP/1.1" status: 200 len: 286 time: 0.5242364
2026-05-11 12:00:34.908 10 WARNING neutron.scheduler.dhcp_agent_scheduler [None req-56d39e51-c2f1-4428-aa57-ba4809bf39e6 5c054dc8f97c49fc9ab48dd44e827c9b f3c757b55ded42ab8129420647217789 - - default default] No more DHCP agents
2026-05-11 12:00:34.909 10 WARNING neutron.api.rpc.agentnotifiers.dhcp_rpc_agent_api [None req-56d39e51-c2f1-4428-aa57-ba4809bf39e6 5c054dc8f97c49fc9ab48dd44e827c9b f3c757b55ded42ab8129420647217789 - - default default] Unable to schedule network 20c1f226-06f7-4970-bbbd-c79b524c1364: no agents available; will retry on subsequent port and subnet creation events.
2026-05-11 12:00:35.006 10 INFO neutron.db.ovn_revision_numbers_db [None req-56d39e51-c2f1-4428-aa57-ba4809bf39e6 5c054dc8f97c49fc9ab48dd44e827c9b f3c757b55ded42ab8129420647217789 - - default default] Successfully bumped revision number for resource 39b3375b-6601-4cea-bf6f-2b3a83fe61f2 (type: ports) to 1
2026-05-11 12:00:35.032 10 INFO neutron.api.wsgi [None req-56d39e51-c2f1-4428-aa57-ba4809bf39e6 5c054dc8f97c49fc9ab48dd44e827c9b f3c757b55ded42ab8129420647217789 - - default default] 10.0.0.95 "POST /v2.0/networks HTTP/1.1" status: 201 len: 831 time: 1.0488508
2026-05-11 12:00:35.050 10 WARNING neutron_lib.context [None req-de334318-5a8b-4248-b480-dffb604a1c92 5c054dc8f97c49fc9ab48dd44e827c9b f3c757b55ded42ab8129420647217789 - - default default] Method 'is_advsvc' is deprecated since 2023.2 release (neutron-lib 3.8.0) and will be removed once support for the old RBAC API policies will be removed from Neutron. Please use method 'is_service_role' instead.
2026-05-11 12:00:35.140 10 INFO neutron.api.wsgi [req-23195b51-946d-4c5e-96ba-5f72e835fccb req-f20b69b7-836e-4636-bd09-508118f9a94c 38d510e7a3fd4a80907efb70012546ca c38a8d7371ab450cbb258205ee89a7fd - - e4896e14d21a4d678fd41e97fb08e427 e4896e14d21a4d678fd41e97fb08e427] 199.204.45.72 "GET /v2.0/ports?device_id=bb78f6e4-dcdc-468a-a8e4-aaf11458a518&fields=binding%3Ahost_id&fields=binding%3Avif_type HTTP/1.1" status: 200 len: 265 time: 0.0497184
2026-05-11 12:00:35.274 10 WARNING neutron.scheduler.dhcp_agent_scheduler [None req-de334318-5a8b-4248-b480-dffb604a1c92 5c054dc8f97c49fc9ab48dd44e827c9b f3c757b55ded42ab8129420647217789 - - default default] No more DHCP agents
2026-05-11 12:00:35.278 10 WARNING neutron.api.rpc.agentnotifiers.dhcp_rpc_agent_api [None req-de334318-5a8b-4248-b480-dffb604a1c92 5c054dc8f97c49fc9ab48dd44e827c9b f3c757b55ded42ab8129420647217789 - - default default] Unable to schedule network 20c1f226-06f7-4970-bbbd-c79b524c1364: no agents available; will retry on subsequent port and subnet creation events.
2026-05-11 12:00:35.753 10 INFO neutron.db.ovn_revision_numbers_db [None req-f98afe5b-d8c1-47ee-b94d-dfa0e1c96974 - - - - - -] Successfully bumped revision number for resource 39b3375b-6601-4cea-bf6f-2b3a83fe61f2 (type: ports) to 2
2026-05-11 12:00:35.783 10 INFO neutron.db.ovn_revision_numbers_db [None req-f98afe5b-d8c1-47ee-b94d-dfa0e1c96974 - - - - - -] Successfully bumped revision number for resource 72c2590e-d4bb-4787-ad1b-01f68fc9d9e7 (type: subnets) to 0
2026-05-11 12:00:35.798 10 INFO neutron.api.wsgi [None req-de334318-5a8b-4248-b480-dffb604a1c92 5c054dc8f97c49fc9ab48dd44e827c9b f3c757b55ded42ab8129420647217789 - - default default] 10.0.0.95 "POST /v2.0/subnets HTTP/1.1" status: 201 len: 828 time: 0.7533448
2026-05-11 12:00:35.811 10 WARNING neutron_lib.context [None req-14276612-dc46-432f-9b09-d53c5232fa5f 5c054dc8f97c49fc9ab48dd44e827c9b f3c757b55ded42ab8129420647217789 - - default default] Method 'is_advsvc' is deprecated since 2023.2 release (neutron-lib 3.8.0) and will be removed once support for the old RBAC API policies will be removed from Neutron. Please use method 'is_service_role' instead.
2026-05-11 12:00:35.830 9 INFO neutron.api.wsgi [req-f1d7ea1f-23da-4a66-97cd-9a04f14a8ca8 req-77e4b4fc-e103-45a5-ab6f-42e87a2c3869 94869cf34bb9471fbeec48689e554242 3f4b018bfbae41c1baed3d60b5120346 - - default default] 10.0.0.123 "GET /v2.0/ports?device_id=927f8e0b-6270-4139-a075-e00d8807820d HTTP/1.1" status: 200 len: 210 time: 0.0193858
2026-05-11 12:00:35.849 10 INFO neutron.api.wsgi [-] 10.0.0.118 "GET / HTTP/1.1" status: 200 len: 246 time: 0.0020304
2026-05-11 12:00:35.851 10 INFO neutron.api.wsgi [-] 10.0.0.118 "GET / HTTP/1.1" status: 200 len: 246 time: 0.0017846
