2026-05-11 11:58:13.900 10 INFO neutron.api.wsgi [None req-a81ad350-4afa-4474-af9f-9fafb3bed2e3 21f213de4a904c03bf20b2f226e2c45a 1c5074aad43e4f538ffabfc416f3d63b - - default default] 10.0.0.168 "GET /v2.0/subnets HTTP/1.1" status: 200 len: 3481 time: 0.0562494
2026-05-11 11:58:13.920 10 INFO neutron.api.wsgi [None req-0112f300-6461-40a1-a7cc-77a0c7424dc5 21f213de4a904c03bf20b2f226e2c45a 1c5074aad43e4f538ffabfc416f3d63b - - default default] 10.0.0.168 "GET /v2.0/subnetpools HTTP/1.1" status: 200 len: 193 time: 0.0173569
2026-05-11 11:58:13.927 9 INFO neutron.db.ovn_revision_numbers_db [None req-d1acadfd-585a-4710-a0b8-7610e7ebdfc5 21f213de4a904c03bf20b2f226e2c45a 1c5074aad43e4f538ffabfc416f3d63b - - default default] Successfully bumped revision number for resource 7aa51be2-ab9e-4c36-b53e-370c595145d9 (type: routers) to 2
2026-05-11 11:58:13.942 10 INFO neutron.api.wsgi [None req-73a7261f-c4a7-4328-85ef-09c08377bd5e 21f213de4a904c03bf20b2f226e2c45a 1c5074aad43e4f538ffabfc416f3d63b - - default default] 10.0.0.168 "GET /v2.0/network-ip-availabilities HTTP/1.1" status: 200 len: 3784 time: 0.0193903
2026-05-11 11:58:13.951 9 INFO neutron.api.wsgi [None req-d1acadfd-585a-4710-a0b8-7610e7ebdfc5 21f213de4a904c03bf20b2f226e2c45a 1c5074aad43e4f538ffabfc416f3d63b - - default default] 10.0.0.95 "POST /v2.0/routers HTTP/1.1" status: 201 len: 1162 time: 1.6705322
2026-05-11 11:58:13.987 10 INFO neutron.api.wsgi [None req-de4a1c20-aa6a-4471-8243-5a5ee8362584 21f213de4a904c03bf20b2f226e2c45a 1c5074aad43e4f538ffabfc416f3d63b - - default default] 10.0.0.168 "GET /v2.0/subnets HTTP/1.1" status: 200 len: 3481 time: 0.0412869
2026-05-11 11:58:14.030 10 WARNING neutron.scheduler.dhcp_agent_scheduler [None req-a3a81f8c-24bd-45b7-9377-762dbdd3df8b 3e3b2c1fd49b41d3979117d0cea4611f 588514b83fc5449d94248a38541d3a04 - - default default] No more DHCP agents
2026-05-11 11:58:14.033 10 WARNING neutron.api.rpc.agentnotifiers.dhcp_rpc_agent_api [None req-a3a81f8c-24bd-45b7-9377-762dbdd3df8b 3e3b2c1fd49b41d3979117d0cea4611f 588514b83fc5449d94248a38541d3a04 - - default default] Unable to schedule network f787ce4e-e433-450e-a0c5-a1c5c5fbf0f8: no agents available; will retry on subsequent port and subnet creation events.
2026-05-11 11:58:14.073 10 INFO neutron.api.wsgi [None req-7b1eb524-6991-495a-b271-2d32323c983a 21f213de4a904c03bf20b2f226e2c45a 1c5074aad43e4f538ffabfc416f3d63b - - default default] 10.0.0.168 "GET /v2.0/networks HTTP/1.1" status: 200 len: 7542 time: 0.0825627
2026-05-11 11:58:14.171 10 INFO neutron.api.wsgi [None req-213f9e91-89f2-43b8-83c4-be70705ad3f7 21f213de4a904c03bf20b2f226e2c45a 1c5074aad43e4f538ffabfc416f3d63b - - default default] 10.0.0.168 "GET /v2.0/routers HTTP/1.1" status: 200 len: 2120 time: 0.0903146
2026-05-11 11:58:14.189 10 INFO neutron.api.wsgi [None req-ebad6c79-6101-4d9e-97c3-71019a0af7c4 21f213de4a904c03bf20b2f226e2c45a 1c5074aad43e4f538ffabfc416f3d63b - - default default] 10.0.0.168 "GET /v2.0/agents?binary=ovn-controller HTTP/1.1" status: 200 len: 591 time: 0.0117130
2026-05-11 11:58:14.317 10 INFO neutron.services.segments.plugin [-] Segment 76ebef8c-9e01-4309-9f3a-df126ae0ef3a resource provider aggregate not found
2026-05-11 11:58:14.320 10 INFO neutron.services.segments.plugin [-] Segment 76ebef8c-9e01-4309-9f3a-df126ae0ef3a resource provider aggregate not found
2026-05-11 11:58:14.335 10 INFO neutron.services.segments.plugin [-] Segment 76ebef8c-9e01-4309-9f3a-df126ae0ef3a resource provider not found; error: Placement Client Error (4xx): {"errors": [{"status": 404, "title": "Not Found", "detail": "The resource could not be found.\n\n No resource provider with uuid 76ebef8c-9e01-4309-9f3a-df126ae0ef3a found for delete ", "request_id": "req-2addeb52-63cc-4c71-a66d-1d310dd2bb24"}]}
2026-05-11 11:58:14.336 10 INFO neutron.services.segments.plugin [-] Segment 76ebef8c-9e01-4309-9f3a-df126ae0ef3a resource provider not found; error: Placement Client Error (4xx): {"errors": [{"status": 404, "title": "Not Found", "detail": "The resource could not be found.\n\n No resource provider with uuid 76ebef8c-9e01-4309-9f3a-df126ae0ef3a found for delete ", "request_id": "req-4328c997-a7b9-448f-b3eb-aee81b38c93d"}]}
2026-05-11 11:58:14.359 10 INFO neutron.api.wsgi [None req-a7741732-0a38-45da-b030-a9159e84ece3 4ccaf9486abf464b8c2976582171d2fe 8ce1e5ad470749bb8fa6674232070351 - - default default] 10.0.0.95 "DELETE /v2.0/networks/426e91fd-b473-49ac-a072-d29f693a9c2f HTTP/1.1" status: 204 len: 168 time: 0.5153022
2026-05-11 11:58:14.548 9 INFO neutron.db.ovn_revision_numbers_db [None req-fcb8a642-cd85-47db-a242-2a45caca626f - - - - - -] Successfully bumped revision number for resource fe167f00-d3f8-40f4-8af0-e2aea1ab0963 (type: ports) to 1
2026-05-11 11:58:14.551 10 INFO neutron.db.ovn_revision_numbers_db [None req-fc377e30-2e15-4696-8544-220accd4d27c - - - - - -] Successfully bumped revision number for resource 973ad42a-f2aa-44d8-b588-e9de48ba52e5 (type: ports) to 2
2026-05-11 11:58:14.582 10 INFO neutron.db.ovn_revision_numbers_db [None req-fc377e30-2e15-4696-8544-220accd4d27c - - - - - -] Successfully bumped revision number for resource b9885e04-c69b-473e-a840-28a5fa5678cb (type: subnets) to 0
2026-05-11 11:58:14.596 10 INFO neutron.api.wsgi [None req-a3a81f8c-24bd-45b7-9377-762dbdd3df8b 3e3b2c1fd49b41d3979117d0cea4611f 588514b83fc5449d94248a38541d3a04 - - default default] 10.0.0.95 "POST /v2.0/subnets HTTP/1.1" status: 201 len: 825 time: 0.9420116
2026-05-11 11:58:14.611 10 WARNING neutron_lib.context [None req-56a8873a-1aa6-4bfb-83d2-080d789e58b1 3e3b2c1fd49b41d3979117d0cea4611f 588514b83fc5449d94248a38541d3a04 - - default default] Method 'is_advsvc' is deprecated since 2023.2 release (neutron-lib 3.8.0) and will be removed once support for the old RBAC API policies will be removed from Neutron. Please use method 'is_service_role' instead.
2026-05-11 11:58:14.707 10 INFO neutron.db.ovn_revision_numbers_db [None req-56a8873a-1aa6-4bfb-83d2-080d789e58b1 3e3b2c1fd49b41d3979117d0cea4611f 588514b83fc5449d94248a38541d3a04 - - default default] Successfully bumped revision number for resource 809c444a-1875-4eac-abf7-dfdb461f40b7 (type: routers) to 1
2026-05-11 11:58:14.722 10 INFO neutron.api.wsgi [None req-56a8873a-1aa6-4bfb-83d2-080d789e58b1 3e3b2c1fd49b41d3979117d0cea4611f 588514b83fc5449d94248a38541d3a04 - - default default] 10.0.0.95 "POST /v2.0/routers HTTP/1.1" status: 201 len: 802 time: 0.1168489
2026-05-11 11:58:14.785 9 WARNING neutron.scheduler.dhcp_agent_scheduler [None req-4cdf669f-f84b-4b89-ab24-5961b64fa53a 21f213de4a904c03bf20b2f226e2c45a 1c5074aad43e4f538ffabfc416f3d63b - - default default] No more DHCP agents
2026-05-11 11:58:14.791 9 WARNING neutron.api.rpc.agentnotifiers.dhcp_rpc_agent_api [None req-4cdf669f-f84b-4b89-ab24-5961b64fa53a 21f213de4a904c03bf20b2f226e2c45a 1c5074aad43e4f538ffabfc416f3d63b - - default default] Unable to schedule network dd071280-c2ad-490c-aa7a-84d867729d05: no agents available; will retry on subsequent port and subnet creation events.
2026-05-11 11:58:14.896 9 INFO neutron.api.wsgi [None req-6efc010b-5b95-4013-9386-9b16629bacc3 21f213de4a904c03bf20b2f226e2c45a 1c5074aad43e4f538ffabfc416f3d63b - - default default] 10.0.0.95 "PUT /v2.0/routers/7c5a74a6-4326-472d-a928-991b7439f795/remove_router_interface HTTP/1.1" status: 200 len: 503 time: 1.7329164 /var/lib/openstack/lib/python3.12/site-packages/pycadf/identifier.py:71: UserWarning: Invalid uuid: neutron. To ensure interoperability, identifiers should be a valid uuid. warnings.warn(('Invalid uuid: %s. To ensure interoperability, '
2026-05-11 11:58:15.051 10 WARNING neutron.scheduler.dhcp_agent_scheduler [None req-4e9a4082-8b99-469b-aeab-3839f60a850d 3e3b2c1fd49b41d3979117d0cea4611f 588514b83fc5449d94248a38541d3a04 - - default default] No more DHCP agents
2026-05-11 11:58:15.052 10 WARNING neutron.api.rpc.agentnotifiers.dhcp_rpc_agent_api [None req-4e9a4082-8b99-469b-aeab-3839f60a850d 3e3b2c1fd49b41d3979117d0cea4611f 588514b83fc5449d94248a38541d3a04 - - default default] Unable to schedule network b87b9c19-3410-4265-b99e-cad2a31fa92d: no agents available; will retry on subsequent port and subnet creation events.
2026-05-11 11:58:15.110 9 INFO neutron.db.ovn_revision_numbers_db [None req-4cdf669f-f84b-4b89-ab24-5961b64fa53a 21f213de4a904c03bf20b2f226e2c45a 1c5074aad43e4f538ffabfc416f3d63b - - default default] Successfully bumped revision number for resource 64e9b9be-4228-477d-bf19-aaf56bd8adef (type: ports) to 1
2026-05-11 11:58:15.168 10 INFO neutron.db.ovn_revision_numbers_db [None req-4e9a4082-8b99-469b-aeab-3839f60a850d 3e3b2c1fd49b41d3979117d0cea4611f 588514b83fc5449d94248a38541d3a04 - - default default] Successfully bumped revision number for resource 9615b302-f67b-4b72-b464-e89e8fd2493a (type: ports) to 1
2026-05-11 11:58:15.278 9 INFO neutron.api.wsgi [None req-cec73e36-094b-4b3f-9ecd-b38a1260ab71 4ccaf9486abf464b8c2976582171d2fe 8ce1e5ad470749bb8fa6674232070351 - - default default] 10.0.0.95 "DELETE /v2.0/networks/095ce73d-4ff0-42ea-9e13-bea6f2777119 HTTP/1.1" status: 204 len: 168 time: 0.9126730
2026-05-11 11:58:15.408 9 INFO neutron.db.ovn_revision_numbers_db [None req-fcb8a642-cd85-47db-a242-2a45caca626f - - - - - -] Successfully bumped revision number for resource fe167f00-d3f8-40f4-8af0-e2aea1ab0963 (type: ports) to 4
2026-05-11 11:58:15.631 10 INFO neutron.db.ovn_revision_numbers_db [None req-4e9a4082-8b99-469b-aeab-3839f60a850d 3e3b2c1fd49b41d3979117d0cea4611f 588514b83fc5449d94248a38541d3a04 - - default default] Successfully bumped revision number for resource 9615b302-f67b-4b72-b464-e89e8fd2493a (type: ports) to 1
2026-05-11 11:58:15.676 10 WARNING neutron.scheduler.dhcp_agent_scheduler [None req-4e9a4082-8b99-469b-aeab-3839f60a850d 3e3b2c1fd49b41d3979117d0cea4611f 588514b83fc5449d94248a38541d3a04 - - default default] No more DHCP agents
2026-05-11 11:58:15.679 10 WARNING neutron.api.rpc.agentnotifiers.dhcp_rpc_agent_api [None req-4e9a4082-8b99-469b-aeab-3839f60a850d 3e3b2c1fd49b41d3979117d0cea4611f 588514b83fc5449d94248a38541d3a04 - - default default] Unable to schedule network b87b9c19-3410-4265-b99e-cad2a31fa92d: no agents available; will retry on subsequent port and subnet creation events.
2026-05-11 11:58:15.765 9 INFO neutron.services.segments.plugin [-] Segment 1f0d4a1e-8dfc-4627-b513-6548df79b8e5 resource provider aggregate not found
2026-05-11 11:58:15.769 9 INFO neutron.services.segments.plugin [-] Segment 1f0d4a1e-8dfc-4627-b513-6548df79b8e5 resource provider aggregate not found
2026-05-11 11:58:15.790 9 INFO neutron.services.segments.plugin [-] Segment 1f0d4a1e-8dfc-4627-b513-6548df79b8e5 resource provider not found; error: Placement Client Error (4xx): {"errors": [{"status": 404, "title": "Not Found", "detail": "The resource could not be found.\n\n No resource provider with uuid 1f0d4a1e-8dfc-4627-b513-6548df79b8e5 found for delete ", "request_id": "req-a54968dd-5202-46cd-81bd-773037d7960d"}]}
2026-05-11 11:58:15.792 9 INFO neutron.services.segments.plugin [-] Segment 1f0d4a1e-8dfc-4627-b513-6548df79b8e5 resource provider not found; error: Placement Client Error (4xx): {"errors": [{"status": 404, "title": "Not Found", "detail": "The resource could not be found.\n\n No resource provider with uuid 1f0d4a1e-8dfc-4627-b513-6548df79b8e5 found for delete ", "request_id": "req-61651814-ff50-48cc-a9ff-2f55ceaae140"}]}
2026-05-11 11:58:15.953 9 INFO neutron.api.wsgi [None req-8e3baf21-a2f6-41cc-b73d-7923b1c6aee0 4ccaf9486abf464b8c2976582171d2fe 8ce1e5ad470749bb8fa6674232070351 - - default default] 10.0.0.95 "DELETE /v2.0/networks/0ee49d6e-2fd6-487f-b649-84036a0c3e1b HTTP/1.1" status: 204 len: 168 time: 0.6596820
2026-05-11 11:58:16.013 9 INFO neutron.db.ovn_revision_numbers_db [None req-fcb8a642-cd85-47db-a242-2a45caca626f - - - - - -] Successfully bumped revision number for resource fe167f00-d3f8-40f4-8af0-e2aea1ab0963 (type: ports) to 5
2026-05-11 11:58:16.092 10 INFO neutron.db.ovn_revision_numbers_db [None req-4e9a4082-8b99-469b-aeab-3839f60a850d 3e3b2c1fd49b41d3979117d0cea4611f 588514b83fc5449d94248a38541d3a04 - - default default] Successfully bumped revision number for resource 9615b302-f67b-4b72-b464-e89e8fd2493a (type: router_ports) to 1
2026-05-11 11:58:16.099 10 INFO neutron.api.wsgi [None req-4e9a4082-8b99-469b-aeab-3839f60a850d 3e3b2c1fd49b41d3979117d0cea4611f 588514b83fc5449d94248a38541d3a04 - - default default] 10.0.0.95 "PUT /v2.0/routers/809c444a-1875-4eac-abf7-dfdb461f40b7/add_router_interface HTTP/1.1" status: 200 len: 503 time: 1.3711758
2026-05-11 11:58:16.107 9 INFO neutron.api.wsgi [None req-631ded76-7196-4120-b932-8859bc58452e 21f213de4a904c03bf20b2f226e2c45a 1c5074aad43e4f538ffabfc416f3d63b - - default default] 10.0.0.95 "DELETE /v2.0/routers/7c5a74a6-4326-472d-a928-991b7439f795 HTTP/1.1" status: 204 len: 168 time: 1.1972089
2026-05-11 11:58:16.191 9 INFO neutron.plugins.ml2.drivers.ovn.mech_driver.mech_driver [None req-9a326148-8381-4f56-bbcf-1a4ed8745296 - - - - - -] OVN reports status up for port: 64e9b9be-4228-477d-bf19-aaf56bd8adef
2026-05-11 11:58:16.202 9 INFO neutron.plugins.ml2.plugin [None req-9a326148-8381-4f56-bbcf-1a4ed8745296 - - - - - -] Attempt 1 to provision port 64e9b9be-4228-477d-bf19-aaf56bd8adef
2026-05-11 11:58:16.223 9 INFO neutron.api.wsgi [None req-6ba0e837-74dc-400e-a026-8b2816eb5205 3e3b2c1fd49b41d3979117d0cea4611f 588514b83fc5449d94248a38541d3a04 - - default default] 10.0.0.95 "GET /v2.0/ports/9615b302-f67b-4b72-b464-e89e8fd2493a HTTP/1.1" status: 200 len: 1135 time: 0.1084912
2026-05-11 11:58:16.228 9 INFO neutron.db.ovn_revision_numbers_db [None req-4cdf669f-f84b-4b89-ab24-5961b64fa53a 21f213de4a904c03bf20b2f226e2c45a 1c5074aad43e4f538ffabfc416f3d63b - - default default] Successfully bumped revision number for resource 64e9b9be-4228-477d-bf19-aaf56bd8adef (type: ports) to 1
2026-05-11 11:58:16.256 10 INFO neutron.api.wsgi [None req-b0f74f5c-0240-4f9e-bf4a-4cd9d82b27f4 21f213de4a904c03bf20b2f226e2c45a 1c5074aad43e4f538ffabfc416f3d63b - - default default] 10.0.0.95 "DELETE /v2.0/subnets/ddf379eb-dfa7-4797-8d34-9f83bb5af443 HTTP/1.1" status: 204 len: 168 time: 0.1336899
2026-05-11 11:58:16.332 9 WARNING neutron.scheduler.dhcp_agent_scheduler [None req-4cdf669f-f84b-4b89-ab24-5961b64fa53a 21f213de4a904c03bf20b2f226e2c45a 1c5074aad43e4f538ffabfc416f3d63b - - default default] No more DHCP agents
2026-05-11 11:58:16.336 9 WARNING neutron.api.rpc.agentnotifiers.dhcp_rpc_agent_api [None req-4cdf669f-f84b-4b89-ab24-5961b64fa53a 21f213de4a904c03bf20b2f226e2c45a 1c5074aad43e4f538ffabfc416f3d63b - - default default] Unable to schedule network dd071280-c2ad-490c-aa7a-84d867729d05: no agents available; will retry on subsequent port and subnet creation events.
2026-05-11 11:58:16.336 10 INFO neutron.plugins.ml2.drivers.ovn.mech_driver.mech_driver [None req-d9475060-172b-41ae-b502-597b413d9583 - - - - - -] OVN reports status up for port: 9615b302-f67b-4b72-b464-e89e8fd2493a
2026-05-11 11:58:16.344 10 INFO neutron.plugins.ml2.plugin [None req-d9475060-172b-41ae-b502-597b413d9583 - - - - - -] Attempt 1 to provision port 9615b302-f67b-4b72-b464-e89e8fd2493a
2026-05-11 11:58:16.555 10 INFO neutron.services.segments.plugin [-] Segment 28aa4c08-42e2-40b3-b59b-5c4f16dd39de resource provider aggregate not found
2026-05-11 11:58:16.558 10 INFO neutron.services.segments.plugin [-] Segment 28aa4c08-42e2-40b3-b59b-5c4f16dd39de resource provider aggregate not found
2026-05-11 11:58:16.564 10 INFO neutron.api.wsgi [None req-a4178354-f926-46a7-b318-a9949e12d051 21f213de4a904c03bf20b2f226e2c45a 1c5074aad43e4f538ffabfc416f3d63b - - default default] 10.0.0.95 "GET /v2.0/security-groups?tenant_id=8ce1e5ad470749bb8fa6674232070351&name=default HTTP/1.1" status: 200 len: 3120 time: 0.1417801
2026-05-11 11:58:16.573 10 INFO neutron.services.segments.plugin [-] Segment 28aa4c08-42e2-40b3-b59b-5c4f16dd39de resource provider not found; error: Placement Client Error (4xx): {"errors": [{"status": 404, "title": "Not Found", "detail": "The resource could not be found.\n\n No resource provider with uuid 28aa4c08-42e2-40b3-b59b-5c4f16dd39de found for delete ", "request_id": "req-c47f5ce7-c330-444e-bddb-bc0d40fae956"}]}
2026-05-11 11:58:16.575 10 INFO neutron.services.segments.plugin [-] Segment 28aa4c08-42e2-40b3-b59b-5c4f16dd39de resource provider not found; error: Placement Client Error (4xx): {"errors": [{"status": 404, "title": "Not Found", "detail": "The resource could not be found.\n\n No resource provider with uuid 28aa4c08-42e2-40b3-b59b-5c4f16dd39de found for delete ", "request_id": "req-7cacc2e0-059b-4535-a061-401e71e38d05"}]}
2026-05-11 11:58:16.610 10 INFO neutron.api.wsgi [None req-1777208c-ef5e-4bd3-8837-1481697d8fde 21f213de4a904c03bf20b2f226e2c45a 1c5074aad43e4f538ffabfc416f3d63b - - default default] 10.0.0.95 "DELETE /v2.0/networks/f896655d-e09e-44c0-b8ba-9c8d4f432d25 HTTP/1.1" status: 204 len: 168 time: 0.3492866
2026-05-11 11:58:16.748 10 INFO neutron.db.ovn_revision_numbers_db [None req-d9475060-172b-41ae-b502-597b413d9583 - - - - - -] Successfully bumped revision number for resource 9615b302-f67b-4b72-b464-e89e8fd2493a (type: ports) to 2
2026-05-11 11:58:16.823 10 INFO neutron.api.wsgi [None req-d28826da-5d9c-4c79-8117-d15316bd94f5 21f213de4a904c03bf20b2f226e2c45a 1c5074aad43e4f538ffabfc416f3d63b - - default default] 10.0.0.95 "DELETE /v2.0/security-groups/239d97bc-7a2e-45bd-8c2b-5245f59b0040 HTTP/1.1" status: 204 len: 168 time: 0.2542965
2026-05-11 11:58:17.003 9 INFO neutron.db.ovn_revision_numbers_db [None req-9a326148-8381-4f56-bbcf-1a4ed8745296 - - - - - -] Successfully bumped revision number for resource 64e9b9be-4228-477d-bf19-aaf56bd8adef (type: ports) to 2
2026-05-11 11:58:17.007 9 INFO neutron.api.wsgi [None req-1df6b6a0-227a-48d4-8ed6-bb3045e31d49 21f213de4a904c03bf20b2f226e2c45a 1c5074aad43e4f538ffabfc416f3d63b - - default default] 10.0.0.95 "GET /v2.0/security-groups?tenant_id=4d84f3a64a514c519958f60461837ded&name=default HTTP/1.1" status: 200 len: 3116 time: 0.2941778
2026-05-11 11:58:17.106 9 WARNING neutron.scheduler.dhcp_agent_scheduler [None req-d72a1fb1-999d-466b-a029-b77df74cc7e1 3e3b2c1fd49b41d3979117d0cea4611f 588514b83fc5449d94248a38541d3a04 - - default default] No more DHCP agents
2026-05-11 11:58:17.119 9 WARNING neutron.api.rpc.agentnotifiers.dhcp_rpc_agent_api [None req-d72a1fb1-999d-466b-a029-b77df74cc7e1 3e3b2c1fd49b41d3979117d0cea4611f 588514b83fc5449d94248a38541d3a04 - - default default] Unable to schedule network f787ce4e-e433-450e-a0c5-a1c5c5fbf0f8: no agents available; will retry on subsequent port and subnet creation events.
2026-05-11 11:58:17.237 10 INFO neutron.api.wsgi [None req-ead03120-6fe5-4c52-a700-8327ad261e58 21f213de4a904c03bf20b2f226e2c45a 1c5074aad43e4f538ffabfc416f3d63b - - default default] 10.0.0.95 "DELETE /v2.0/security-groups/6a9ea6b1-348c-462d-9a0b-7e64acb0db5b HTTP/1.1" status: 204 len: 168 time: 0.2188504
2026-05-11 11:58:17.277 9 INFO neutron.db.ovn_revision_numbers_db [None req-4cdf669f-f84b-4b89-ab24-5961b64fa53a 21f213de4a904c03bf20b2f226e2c45a 1c5074aad43e4f538ffabfc416f3d63b - - default default] Successfully bumped revision number for resource 64e9b9be-4228-477d-bf19-aaf56bd8adef (type: router_ports) to 1
2026-05-11 11:58:17.283 9 INFO neutron.api.wsgi [None req-4cdf669f-f84b-4b89-ab24-5961b64fa53a 21f213de4a904c03bf20b2f226e2c45a 1c5074aad43e4f538ffabfc416f3d63b - - default default] 10.0.0.95 "PUT /v2.0/routers/7aa51be2-ab9e-4c36-b53e-370c595145d9/add_router_interface HTTP/1.1" status: 200 len: 503 time: 3.3265386
2026-05-11 11:58:17.329 9 INFO neutron.db.ovn_revision_numbers_db [None req-d72a1fb1-999d-466b-a029-b77df74cc7e1 3e3b2c1fd49b41d3979117d0cea4611f 588514b83fc5449d94248a38541d3a04 - - default default] Successfully bumped revision number for resource a5c55fbd-dff7-4e94-8458-13764df7e9f4 (type: ports) to 1
2026-05-11 11:58:17.821 9 INFO neutron.services.segments.plugin [-] Segment 4f2c4b81-8ecb-4be4-b7b9-30354b08e2ee resource provider aggregate not found
2026-05-11 11:58:17.831 9 INFO neutron.services.segments.plugin [-] Segment 4f2c4b81-8ecb-4be4-b7b9-30354b08e2ee resource provider aggregate not found
2026-05-11 11:58:17.836 9 INFO neutron.services.segments.plugin [-] Segment 4f2c4b81-8ecb-4be4-b7b9-30354b08e2ee resource provider not found; error: Placement Client Error (4xx): {"errors": [{"status": 404, "title": "Not Found", "detail": "The resource could not be found.\n\n No resource provider with uuid 4f2c4b81-8ecb-4be4-b7b9-30354b08e2ee found for delete ", "request_id": "req-be362acd-f967-4f7b-a188-b7985fe6e96f"}]}
2026-05-11 11:58:17.836 10 WARNING neutron_lib.context [None req-d4a94378-4a09-41f8-b129-24977de0d4b2 a39090eeb80142aea45686c23c900c87 a8c65ab2a1d146dfbdafb6c5fe29b6e5 - - default default] Method 'is_advsvc' is deprecated since 2023.2 release (neutron-lib 3.8.0) and will be removed once support for the old RBAC API policies will be removed from Neutron. Please use method 'is_service_role' instead.
2026-05-11 11:58:17.839 9 INFO neutron.db.ovn_revision_numbers_db [None req-d72a1fb1-999d-466b-a029-b77df74cc7e1 3e3b2c1fd49b41d3979117d0cea4611f 588514b83fc5449d94248a38541d3a04 - - default default] Successfully bumped revision number for resource a5c55fbd-dff7-4e94-8458-13764df7e9f4 (type: ports) to 1
2026-05-11 11:58:17.843 9 INFO neutron.services.segments.plugin [-] Segment 4f2c4b81-8ecb-4be4-b7b9-30354b08e2ee resource provider not found; error: Placement Client Error (4xx): {"errors": [{"status": 404, "title": "Not Found", "detail": "The resource could not be found.\n\n No resource provider with uuid 4f2c4b81-8ecb-4be4-b7b9-30354b08e2ee found for delete ", "request_id": "req-abcc4c95-b06c-4083-9849-2181c1d4f339"}]}
2026-05-11 11:58:17.886 9 WARNING neutron.scheduler.dhcp_agent_scheduler [None req-d72a1fb1-999d-466b-a029-b77df74cc7e1 3e3b2c1fd49b41d3979117d0cea4611f 588514b83fc5449d94248a38541d3a04 - - default default] No more DHCP agents
2026-05-11 11:58:17.887 9 WARNING neutron.api.rpc.agentnotifiers.dhcp_rpc_agent_api [None req-d72a1fb1-999d-466b-a029-b77df74cc7e1 3e3b2c1fd49b41d3979117d0cea4611f 588514b83fc5449d94248a38541d3a04 - - default default] Unable to schedule network f787ce4e-e433-450e-a0c5-a1c5c5fbf0f8: no agents available; will retry on subsequent port and subnet creation events.
2026-05-11 11:58:17.957 10 INFO neutron.db.ovn_revision_numbers_db [None req-d4a94378-4a09-41f8-b129-24977de0d4b2 a39090eeb80142aea45686c23c900c87 a8c65ab2a1d146dfbdafb6c5fe29b6e5 - - default default] Successfully bumped revision number for resource b5b491f7-3ab2-43bd-bc73-e01c324b486e (type: security_groups) to 1
2026-05-11 11:58:17.970 10 INFO neutron.db.ovn_revision_numbers_db [None req-d4a94378-4a09-41f8-b129-24977de0d4b2 a39090eeb80142aea45686c23c900c87 a8c65ab2a1d146dfbdafb6c5fe29b6e5 - - default default] Successfully bumped revision number for resource 0d744840-1bb8-4143-b379-25ba78809275 (type: security_group_rules) to 0
2026-05-11 11:58:17.983 10 INFO neutron.db.ovn_revision_numbers_db [None req-d4a94378-4a09-41f8-b129-24977de0d4b2 a39090eeb80142aea45686c23c900c87 a8c65ab2a1d146dfbdafb6c5fe29b6e5 - - default default] Successfully bumped revision number for resource 513c60a7-b17c-480d-b94d-706637909558 (type: security_group_rules) to 0
2026-05-11 11:58:18.013 10 INFO neutron.api.wsgi [None req-d4a94378-4a09-41f8-b129-24977de0d4b2 a39090eeb80142aea45686c23c900c87 a8c65ab2a1d146dfbdafb6c5fe29b6e5 - - default default] 10.0.0.95 "POST /v2.0/security-groups HTTP/1.1" status: 201 len: 1858 time: 0.1820245
2026-05-11 11:58:18.030 9 WARNING neutron_lib.context [None req-813acd7f-9426-4668-a5b3-9322dc19c058 a39090eeb80142aea45686c23c900c87 a8c65ab2a1d146dfbdafb6c5fe29b6e5 - - default default] Method 'is_advsvc' is deprecated since 2023.2 release (neutron-lib 3.8.0) and will be removed once support for the old RBAC API policies will be removed from Neutron. Please use method 'is_service_role' instead.
2026-05-11 11:58:18.048 9 INFO neutron.db.ovn_revision_numbers_db [None req-d72a1fb1-999d-466b-a029-b77df74cc7e1 3e3b2c1fd49b41d3979117d0cea4611f 588514b83fc5449d94248a38541d3a04 - - default default] Successfully bumped revision number for resource a5c55fbd-dff7-4e94-8458-13764df7e9f4 (type: router_ports) to 1
2026-05-11 11:58:18.053 9 INFO neutron.api.wsgi [None req-d72a1fb1-999d-466b-a029-b77df74cc7e1 3e3b2c1fd49b41d3979117d0cea4611f 588514b83fc5449d94248a38541d3a04 - - default default] 10.0.0.95 "PUT /v2.0/routers/809c444a-1875-4eac-abf7-dfdb461f40b7/add_router_interface HTTP/1.1" status: 200 len: 503 time: 1.8259206
2026-05-11 11:58:18.126 9 INFO neutron.api.wsgi [None req-199dc202-84d0-4c17-987e-709a028e94a7 3e3b2c1fd49b41d3979117d0cea4611f 588514b83fc5449d94248a38541d3a04 - - default default] 10.0.0.95 "GET /v2.0/ports/a5c55fbd-dff7-4e94-8458-13764df7e9f4 HTTP/1.1" status: 200 len: 1135 time: 0.0683911
2026-05-11 11:58:18.158 9 INFO neutron.api.wsgi [None req-916c68dc-8acd-4c8d-8f13-e7804e06ebaf 3e3b2c1fd49b41d3979117d0cea4611f 588514b83fc5449d94248a38541d3a04 - - default default] 10.0.0.95 "GET /v2.0/ports/a5c55fbd-dff7-4e94-8458-13764df7e9f4 HTTP/1.1" status: 200 len: 1135 time: 0.0254240
2026-05-11 11:58:18.163 9 INFO neutron.db.ovn_revision_numbers_db [None req-813acd7f-9426-4668-a5b3-9322dc19c058 a39090eeb80142aea45686c23c900c87 a8c65ab2a1d146dfbdafb6c5fe29b6e5 - - default default] Successfully bumped revision number for resource 50d673d0-1a1c-470e-92c0-d2e85590c604 (type: security_group_rules) to 0
2026-05-11 11:58:18.189 9 INFO neutron.api.wsgi [None req-813acd7f-9426-4668-a5b3-9322dc19c058 a39090eeb80142aea45686c23c900c87 a8c65ab2a1d146dfbdafb6c5fe29b6e5 - - default default] 10.0.0.95 "POST /v2.0/security-group-rules HTTP/1.1" status: 201 len: 796 time: 0.1640501
2026-05-11 11:58:18.197 9 WARNING neutron_lib.context [None req-5e8100d7-181e-4bcd-bd84-79e6e9a41ec2 a39090eeb80142aea45686c23c900c87 a8c65ab2a1d146dfbdafb6c5fe29b6e5 - - default default] Method 'is_advsvc' is deprecated since 2023.2 release (neutron-lib 3.8.0) and will be removed once support for the old RBAC API policies will be removed from Neutron. Please use method 'is_service_role' instead.
2026-05-11 11:58:18.287 9 INFO neutron.db.ovn_revision_numbers_db [None req-5e8100d7-181e-4bcd-bd84-79e6e9a41ec2 a39090eeb80142aea45686c23c900c87 a8c65ab2a1d146dfbdafb6c5fe29b6e5 - - default default] Successfully bumped revision number for resource 9bfbe77c-613b-4590-9146-a110629b8bee (type: security_group_rules) to 0
2026-05-11 11:58:18.314 9 INFO neutron.api.wsgi [None req-5e8100d7-181e-4bcd-bd84-79e6e9a41ec2 a39090eeb80142aea45686c23c900c87 a8c65ab2a1d146dfbdafb6c5fe29b6e5 - - default default] 10.0.0.95 "POST /v2.0/security-group-rules HTTP/1.1" status: 201 len: 801 time: 0.1205766
2026-05-11 11:58:18.323 9 WARNING neutron_lib.context [None req-022d8b2a-b40f-46da-82f9-3e10cac61805 a39090eeb80142aea45686c23c900c87 a8c65ab2a1d146dfbdafb6c5fe29b6e5 - - default default] Method 'is_advsvc' is deprecated since 2023.2 release (neutron-lib 3.8.0) and will be removed once support for the old RBAC API policies will be removed from Neutron. Please use method 'is_service_role' instead.
2026-05-11 11:58:18.526 9 WARNING neutron.scheduler.dhcp_agent_scheduler [None req-022d8b2a-b40f-46da-82f9-3e10cac61805 a39090eeb80142aea45686c23c900c87 a8c65ab2a1d146dfbdafb6c5fe29b6e5 - - default default] No more DHCP agents
2026-05-11 11:58:18.528 9 WARNING neutron.api.rpc.agentnotifiers.dhcp_rpc_agent_api [None req-022d8b2a-b40f-46da-82f9-3e10cac61805 a39090eeb80142aea45686c23c900c87 a8c65ab2a1d146dfbdafb6c5fe29b6e5 - - default default] Unable to schedule network 0d717159-7539-4bff-a424-916c146de2d1: no agents available; will retry on subsequent port and subnet creation events.
2026-05-11 11:58:18.778 9 WARNING neutron_lib.context [None req-17304787-00a1-4ef9-a04a-314512a5d5db 831273a1a2bc4c418ca24c8cfe1eb5ff 8187879e722947edbe3310f6902ab7ca - - default default] Method 'is_advsvc' is deprecated since 2023.2 release (neutron-lib 3.8.0) and will be removed once support for the old RBAC API policies will be removed from Neutron. Please use method 'is_service_role' instead.
2026-05-11 11:58:18.805 9 INFO neutron.api.wsgi [None req-022d8b2a-b40f-46da-82f9-3e10cac61805 a39090eeb80142aea45686c23c900c87 a8c65ab2a1d146dfbdafb6c5fe29b6e5 - - default default] 10.0.0.95 "POST /v2.0/floatingips HTTP/1.1" status: 201 len: 751 time: 0.4862301
2026-05-11 11:58:18.920 9 INFO neutron.db.ovn_revision_numbers_db [None req-17304787-00a1-4ef9-a04a-314512a5d5db 831273a1a2bc4c418ca24c8cfe1eb5ff 8187879e722947edbe3310f6902ab7ca - - default default] Successfully bumped revision number for resource 796f3f93-7b09-41b2-8c81-0b81a8e55ae1 (type: security_groups) to 1
2026-05-11 11:58:18.934 9 INFO neutron.db.ovn_revision_numbers_db [None req-17304787-00a1-4ef9-a04a-314512a5d5db 831273a1a2bc4c418ca24c8cfe1eb5ff 8187879e722947edbe3310f6902ab7ca - - default default] Successfully bumped revision number for resource 059585d5-2460-4f37-a8f1-40a4943863f7 (type: security_group_rules) to 0
2026-05-11 11:58:18.949 9 INFO neutron.db.ovn_revision_numbers_db [None req-17304787-00a1-4ef9-a04a-314512a5d5db 831273a1a2bc4c418ca24c8cfe1eb5ff 8187879e722947edbe3310f6902ab7ca - - default default] Successfully bumped revision number for resource 782ac299-9e6f-4c66-9581-a9e2478671d2 (type: security_group_rules) to 0
2026-05-11 11:58:18.960 9 INFO neutron.db.ovn_revision_numbers_db [None req-17304787-00a1-4ef9-a04a-314512a5d5db 831273a1a2bc4c418ca24c8cfe1eb5ff 8187879e722947edbe3310f6902ab7ca - - default default] Successfully bumped revision number for resource bde77013-2b5f-454e-944b-1f369f379927 (type: security_group_rules) to 0
2026-05-11 11:58:18.971 9 INFO neutron.db.ovn_revision_numbers_db [None req-17304787-00a1-4ef9-a04a-314512a5d5db 831273a1a2bc4c418ca24c8cfe1eb5ff 8187879e722947edbe3310f6902ab7ca - - default default] Successfully bumped revision number for resource e3c7fe49-e306-4355-9d21-f2eb2db3a81c (type: security_group_rules) to 0
2026-05-11 11:58:19.093 9 INFO neutron.db.ovn_revision_numbers_db [None req-17304787-00a1-4ef9-a04a-314512a5d5db 831273a1a2bc4c418ca24c8cfe1eb5ff 8187879e722947edbe3310f6902ab7ca - - default default] Successfully bumped revision number for resource 629f274e-6ac6-40fc-b45f-d5faaaf2866b (type: security_groups) to 1
2026-05-11 11:58:19.109 9 INFO neutron.db.ovn_revision_numbers_db [None req-17304787-00a1-4ef9-a04a-314512a5d5db 831273a1a2bc4c418ca24c8cfe1eb5ff 8187879e722947edbe3310f6902ab7ca - - default default] Successfully bumped revision number for resource 1be0fafe-49a7-4317-9c2a-78ac54e9b24d (type: security_group_rules) to 0
2026-05-11 11:58:19.123 9 INFO neutron.db.ovn_revision_numbers_db [None req-17304787-00a1-4ef9-a04a-314512a5d5db 831273a1a2bc4c418ca24c8cfe1eb5ff 8187879e722947edbe3310f6902ab7ca - - default default] Successfully bumped revision number for resource 6be16964-853e-497d-bce6-f1d46c385588 (type: security_group_rules) to 0
2026-05-11 11:58:19.148 9 INFO neutron.db.ovn_revision_numbers_db [None req-c94491bb-ff64-4f39-921d-e7d3e0aa3224 21f213de4a904c03bf20b2f226e2c45a 1c5074aad43e4f538ffabfc416f3d63b - - default default] Successfully bumped revision number for resource dc3ae1b8-804f-47b7-9649-764705d02272 (type: security_groups) to 1
2026-05-11 11:58:19.172 9 INFO neutron.db.ovn_revision_numbers_db [None req-c94491bb-ff64-4f39-921d-e7d3e0aa3224 21f213de4a904c03bf20b2f226e2c45a 1c5074aad43e4f538ffabfc416f3d63b - - default default] Successfully bumped revision number for resource 1ca40bdf-1c70-4f02-b696-d1902a4876cd (type: security_group_rules) to 0
2026-05-11 11:58:19.190 9 INFO neutron.api.wsgi [None req-17304787-00a1-4ef9-a04a-314512a5d5db 831273a1a2bc4c418ca24c8cfe1eb5ff 8187879e722947edbe3310f6902ab7ca - - default default] 10.0.0.95 "POST /v2.0/security-groups HTTP/1.1" status: 201 len: 1824 time: 0.6150372
2026-05-11 11:58:19.191 9 INFO neutron.db.ovn_revision_numbers_db [None req-c94491bb-ff64-4f39-921d-e7d3e0aa3224 21f213de4a904c03bf20b2f226e2c45a 1c5074aad43e4f538ffabfc416f3d63b - - default default] Successfully bumped revision number for resource 61f257ea-f59a-46b0-a433-3e88e367b8fa (type: security_group_rules) to 0
2026-05-11 11:58:19.197 9 INFO neutron.api.wsgi [None req-9ca1e8cb-995d-4fb3-83f4-d80f03fc4c11 3e3b2c1fd49b41d3979117d0cea4611f 588514b83fc5449d94248a38541d3a04 - - default default] 10.0.0.95 "GET /v2.0/ports/a5c55fbd-dff7-4e94-8458-13764df7e9f4 HTTP/1.1" status: 200 len: 1135 time: 0.0319903
2026-05-11 11:58:19.208 9 INFO neutron.db.ovn_revision_numbers_db [None req-c94491bb-ff64-4f39-921d-e7d3e0aa3224 21f213de4a904c03bf20b2f226e2c45a 1c5074aad43e4f538ffabfc416f3d63b - - default default] Successfully bumped revision number for resource 7f4948ce-1703-464f-b3f3-e2cd8dcdd325 (type: security_group_rules) to 0
2026-05-11 11:58:19.227 9 INFO neutron.db.ovn_revision_numbers_db [None req-c94491bb-ff64-4f39-921d-e7d3e0aa3224 21f213de4a904c03bf20b2f226e2c45a 1c5074aad43e4f538ffabfc416f3d63b - - default default] Successfully bumped revision number for resource f400f92a-2e89-47ca-ac33-f2f80643ff80 (type: security_group_rules) to 0
2026-05-11 11:58:19.250 10 INFO neutron.api.wsgi [None req-1adc56f6-5940-46f0-929f-bf85d3fda574 831273a1a2bc4c418ca24c8cfe1eb5ff 8187879e722947edbe3310f6902ab7ca - - default default] 10.0.0.95 "GET /v2.0/security-groups HTTP/1.1" status: 200 len: 4724 time: 0.0537987
2026-05-11 11:58:19.275 9 INFO neutron.api.wsgi [req-c04bb2e6-418b-42f6-9fb7-df43a1d2929f req-2daa2c2b-d4a1-4ac8-b7c2-a5a1dff14160 a39090eeb80142aea45686c23c900c87 a8c65ab2a1d146dfbdafb6c5fe29b6e5 - - default default] 10.0.0.123 "GET /v2.0/security-groups?name=tempest-securitygroup--1110485&fields=id&tenant_id=a8c65ab2a1d146dfbdafb6c5fe29b6e5 HTTP/1.1" status: 200 len: 267 time: 0.0340085
2026-05-11 11:58:19.309 9 INFO neutron.db.segments_db [None req-c94491bb-ff64-4f39-921d-e7d3e0aa3224 21f213de4a904c03bf20b2f226e2c45a 1c5074aad43e4f538ffabfc416f3d63b - - default default] Added segment 938d8544-2afc-4411-ab2e-c1971856f026 of type geneve for network e952612a-fc5c-4d00-b557-4ecac2427737
2026-05-11 11:58:19.336 10 INFO neutron.db.ovn_revision_numbers_db [None req-438c2b9c-7575-4ce5-b62a-46c8fe8f3755 831273a1a2bc4c418ca24c8cfe1eb5ff 8187879e722947edbe3310f6902ab7ca - - default default] Successfully bumped revision number for resource 629f274e-6ac6-40fc-b45f-d5faaaf2866b (type: security_groups) to 2
2026-05-11 11:58:19.345 9 INFO neutron.api.wsgi [req-c04bb2e6-418b-42f6-9fb7-df43a1d2929f req-66eef7a3-242f-40e5-bd8a-7926d59875d4 a39090eeb80142aea45686c23c900c87 a8c65ab2a1d146dfbdafb6c5fe29b6e5 - - default default] 10.0.0.123 "GET /v2.0/networks?id=dd071280-c2ad-490c-aa7a-84d867729d05 HTTP/1.1" status: 200 len: 869 time: 0.0612409
2026-05-11 11:58:19.363 10 INFO neutron.api.wsgi [None req-438c2b9c-7575-4ce5-b62a-46c8fe8f3755 831273a1a2bc4c418ca24c8cfe1eb5ff 8187879e722947edbe3310f6902ab7ca - - default default] 10.0.0.95 "PUT /v2.0/security-groups/629f274e-6ac6-40fc-b45f-d5faaaf2866b HTTP/1.1" status: 200 len: 1858 time: 0.1075273
2026-05-11 11:58:19.364 9 INFO neutron.api.wsgi [req-c04bb2e6-418b-42f6-9fb7-df43a1d2929f req-8cc86b2c-f3fb-4048-9904-6883113d26ae a39090eeb80142aea45686c23c900c87 a8c65ab2a1d146dfbdafb6c5fe29b6e5 - - default default] 10.0.0.123 "GET /v2.0/quotas/a8c65ab2a1d146dfbdafb6c5fe29b6e5 HTTP/1.1" status: 200 len: 491 time: 0.0144317
2026-05-11 11:58:19.410 9 INFO neutron.api.wsgi [None req-866de412-bcc3-4f30-ae08-20ec4580d4dc 831273a1a2bc4c418ca24c8cfe1eb5ff 8187879e722947edbe3310f6902ab7ca - - default default] 10.0.0.95 "GET /v2.0/security-groups/629f274e-6ac6-40fc-b45f-d5faaaf2866b HTTP/1.1" status: 200 len: 1858 time: 0.0383520
2026-05-11 11:58:19.456 9 INFO neutron.api.wsgi [req-c04bb2e6-418b-42f6-9fb7-df43a1d2929f req-fb774d89-67e0-4ef4-9f63-d1262607596f a39090eeb80142aea45686c23c900c87 a8c65ab2a1d146dfbdafb6c5fe29b6e5 - - default default] 10.0.0.123 "GET /v2.0/ports?tenant_id=a8c65ab2a1d146dfbdafb6c5fe29b6e5&fields=id HTTP/1.1" status: 200 len: 302 time: 0.0852871
2026-05-11 11:58:19.462 9 INFO neutron.db.ovn_revision_numbers_db [None req-c94491bb-ff64-4f39-921d-e7d3e0aa3224 21f213de4a904c03bf20b2f226e2c45a 1c5074aad43e4f538ffabfc416f3d63b - - default default] Successfully bumped revision number for resource e952612a-fc5c-4d00-b557-4ecac2427737 (type: networks) to 1
2026-05-11 11:58:19.516 9 INFO neutron.api.wsgi [req-c04bb2e6-418b-42f6-9fb7-df43a1d2929f req-79f43eef-6bf3-4a4c-bdd8-ef29d58b8c4d 38d510e7a3fd4a80907efb70012546ca c38a8d7371ab450cbb258205ee89a7fd - - e4896e14d21a4d678fd41e97fb08e427 e4896e14d21a4d678fd41e97fb08e427] 10.0.0.123 "GET /v2.0/networks/dd071280-c2ad-490c-aa7a-84d867729d05?fields=segments HTTP/1.1" status: 200 len: 212 time: 0.0451465
2026-05-11 11:58:19.526 10 INFO neutron.api.wsgi [None req-42760bfd-045e-4230-aa24-f291e553be7d 831273a1a2bc4c418ca24c8cfe1eb5ff 8187879e722947edbe3310f6902ab7ca - - default default] 10.0.0.95 "DELETE /v2.0/security-groups/629f274e-6ac6-40fc-b45f-d5faaaf2866b HTTP/1.1" status: 204 len: 168 time: 0.1103339
2026-05-11 11:58:19.559 10 INFO neutron.api.wsgi [None req-1ed45fdc-9e23-4454-9bff-d03b119c2f6d 831273a1a2bc4c418ca24c8cfe1eb5ff 8187879e722947edbe3310f6902ab7ca - - default default] 10.0.0.95 "GET /v2.0/security-groups HTTP/1.1" status: 200 len: 3120 time: 0.0270343
2026-05-11 11:58:19.568 9 INFO neutron.api.wsgi [req-c04bb2e6-418b-42f6-9fb7-df43a1d2929f req-5dc092ad-a261-4d70-902a-c4089770866e 38d510e7a3fd4a80907efb70012546ca c38a8d7371ab450cbb258205ee89a7fd - - e4896e14d21a4d678fd41e97fb08e427 e4896e14d21a4d678fd41e97fb08e427] 10.0.0.123 "GET /v2.0/networks/dd071280-c2ad-490c-aa7a-84d867729d05?fields=provider%3Aphysical_network&fields=provider%3Anetwork_type HTTP/1.1" status: 200 len: 277 time: 0.0451660
2026-05-11 11:58:19.573 10 INFO neutron.api.v2.resource [None req-41822f0f-def7-4ab3-8370-cee06e40270a 831273a1a2bc4c418ca24c8cfe1eb5ff 8187879e722947edbe3310f6902ab7ca - - default default] delete failed (client error): The resource could not be found.
2026-05-11 11:58:19.574 10 INFO neutron.api.wsgi [None req-41822f0f-def7-4ab3-8370-cee06e40270a 831273a1a2bc4c418ca24c8cfe1eb5ff 8187879e722947edbe3310f6902ab7ca - - default default] 10.0.0.95 "DELETE /v2.0/security-groups/629f274e-6ac6-40fc-b45f-d5faaaf2866b HTTP/1.1" status: 404 len: 347 time: 0.0094223
2026-05-11 11:58:19.583 10 WARNING neutron_lib.context [None req-34d9fb7c-0da4-4465-947f-7123ca8dc2ef 831273a1a2bc4c418ca24c8cfe1eb5ff 8187879e722947edbe3310f6902ab7ca - - default default] Method 'is_advsvc' is deprecated since 2023.2 release (neutron-lib 3.8.0) and will be removed once support for the old RBAC API policies will be removed from Neutron. Please use method 'is_service_role' instead.
2026-05-11 11:58:19.622 9 WARNING neutron.scheduler.dhcp_agent_scheduler [None req-c94491bb-ff64-4f39-921d-e7d3e0aa3224 21f213de4a904c03bf20b2f226e2c45a 1c5074aad43e4f538ffabfc416f3d63b - - default default] No more DHCP agents
2026-05-11 11:58:19.624 9 WARNING neutron.api.rpc.agentnotifiers.dhcp_rpc_agent_api [None req-c94491bb-ff64-4f39-921d-e7d3e0aa3224 21f213de4a904c03bf20b2f226e2c45a 1c5074aad43e4f538ffabfc416f3d63b - - default default] Unable to schedule network e952612a-fc5c-4d00-b557-4ecac2427737: no agents available; will retry on subsequent port and subnet creation events.
2026-05-11 11:58:19.697 9 INFO neutron.db.ovn_revision_numbers_db [None req-c94491bb-ff64-4f39-921d-e7d3e0aa3224 21f213de4a904c03bf20b2f226e2c45a 1c5074aad43e4f538ffabfc416f3d63b - - default default] Successfully bumped revision number for resource 515fba26-8b10-46da-8657-0859353df36d (type: ports) to 1
2026-05-11 11:58:19.710 10 INFO neutron.db.ovn_revision_numbers_db [None req-34d9fb7c-0da4-4465-947f-7123ca8dc2ef 831273a1a2bc4c418ca24c8cfe1eb5ff 8187879e722947edbe3310f6902ab7ca - - default default] Successfully bumped revision number for resource dfe82444-84ae-4203-bdd6-e712d74e175e (type: security_groups) to 1
2026-05-11 11:58:19.719 9 INFO neutron.api.wsgi [None req-c94491bb-ff64-4f39-921d-e7d3e0aa3224 21f213de4a904c03bf20b2f226e2c45a 1c5074aad43e4f538ffabfc416f3d63b - - default default] 10.0.0.95 "POST /v2.0/networks HTTP/1.1" status: 201 len: 947 time: 0.7340457
2026-05-11 11:58:19.734 10 INFO neutron.db.ovn_revision_numbers_db [None req-34d9fb7c-0da4-4465-947f-7123ca8dc2ef 831273a1a2bc4c418ca24c8cfe1eb5ff 8187879e722947edbe3310f6902ab7ca - - default default] Successfully bumped revision number for resource 72834e75-1a08-4f96-b9ff-7a89b9e43570 (type: security_group_rules) to 0
2026-05-11 11:58:19.743 10 INFO neutron.api.wsgi [req-1498872a-5086-436b-8fd6-de9cad5497f8 req-78d9b297-243c-4e97-9eb2-eac75de6f422 a39090eeb80142aea45686c23c900c87 a8c65ab2a1d146dfbdafb6c5fe29b6e5 - - default default] 10.0.0.123 "GET /v2.0/ports?device_id=bb1c82c1-970c-4f21-9c96-5418576e1844 HTTP/1.1" status: 200 len: 210 time: 0.0211461
2026-05-11 11:58:19.760 10 INFO neutron.db.ovn_revision_numbers_db [None req-34d9fb7c-0da4-4465-947f-7123ca8dc2ef 831273a1a2bc4c418ca24c8cfe1eb5ff 8187879e722947edbe3310f6902ab7ca - - default default] Successfully bumped revision number for resource a75f97c0-13af-438a-bb9d-3e4d827e18a1 (type: security_group_rules) to 0
2026-05-11 11:58:19.808 10 INFO neutron.api.wsgi [None req-34d9fb7c-0da4-4465-947f-7123ca8dc2ef 831273a1a2bc4c418ca24c8cfe1eb5ff 8187879e722947edbe3310f6902ab7ca - - default default] 10.0.0.95 "POST /v2.0/security-groups HTTP/1.1" status: 201 len: 1824 time: 0.2290404
2026-05-11 11:58:19.817 9 WARNING neutron_lib.context [None req-fcb3fecd-05e0-45cc-b066-43757122fe10 831273a1a2bc4c418ca24c8cfe1eb5ff 8187879e722947edbe3310f6902ab7ca - - default default] Method 'is_advsvc' is deprecated since 2023.2 release (neutron-lib 3.8.0) and will be removed once support for the old RBAC API policies will be removed from Neutron. Please use method 'is_service_role' instead.
2026-05-11 11:58:19.891 9 WARNING neutron.scheduler.dhcp_agent_scheduler [None req-65e37076-cd89-40ab-96e1-a34a2ffd741c 21f213de4a904c03bf20b2f226e2c45a 1c5074aad43e4f538ffabfc416f3d63b - - default default] No more DHCP agents
2026-05-11 11:58:19.893 9 WARNING neutron.api.rpc.agentnotifiers.dhcp_rpc_agent_api [None req-65e37076-cd89-40ab-96e1-a34a2ffd741c 21f213de4a904c03bf20b2f226e2c45a 1c5074aad43e4f538ffabfc416f3d63b - - default default] Unable to schedule network e952612a-fc5c-4d00-b557-4ecac2427737: no agents available; will retry on subsequent port and subnet creation events.
2026-05-11 11:58:19.950 9 INFO neutron.db.ovn_revision_numbers_db [None req-fcb3fecd-05e0-45cc-b066-43757122fe10 831273a1a2bc4c418ca24c8cfe1eb5ff 8187879e722947edbe3310f6902ab7ca - - default default] Successfully bumped revision number for resource 9ddf2751-3967-4e44-889b-729bf82e8e21 (type: security_group_rules) to 0
2026-05-11 11:58:19.981 9 INFO neutron.api.wsgi [None req-fcb3fecd-05e0-45cc-b066-43757122fe10 831273a1a2bc4c418ca24c8cfe1eb5ff 8187879e722947edbe3310f6902ab7ca - - default default] 10.0.0.95 "POST /v2.0/security-group-rules HTTP/1.1" status: 201 len: 800 time: 0.1675422
2026-05-11 11:58:20.008 9 INFO neutron.api.wsgi [None req-9ab24746-f826-4057-824a-26005b1ea5a7 831273a1a2bc4c418ca24c8cfe1eb5ff 8187879e722947edbe3310f6902ab7ca - - default default] 10.0.0.95 "GET /v2.0/security-group-rules/9ddf2751-3967-4e44-889b-729bf82e8e21 HTTP/1.1" status: 200 len: 795 time: 0.0214236
2026-05-11 11:58:20.091 10 INFO neutron.api.wsgi [None req-63149446-2d7a-4749-b337-5aacaf38d911 831273a1a2bc4c418ca24c8cfe1eb5ff 8187879e722947edbe3310f6902ab7ca - - default default] 10.0.0.95 "GET /v2.0/security-group-rules HTTP/1.1" status: 200 len: 4333 time: 0.0773716
2026-05-11 11:58:20.206 10 INFO neutron.api.wsgi [None req-cb47a081-dc33-41d5-84c3-3224460ae1c9 831273a1a2bc4c418ca24c8cfe1eb5ff 8187879e722947edbe3310f6902ab7ca - - default default] 10.0.0.95 "DELETE /v2.0/security-group-rules/9ddf2751-3967-4e44-889b-729bf82e8e21 HTTP/1.1" status: 204 len: 168 time: 0.1087847
2026-05-11 11:58:20.239 9 INFO neutron.api.wsgi [None req-53125415-9af4-437d-85a5-0b093649ce3a 3e3b2c1fd49b41d3979117d0cea4611f 588514b83fc5449d94248a38541d3a04 - - default default] 10.0.0.95 "GET /v2.0/ports/a5c55fbd-dff7-4e94-8458-13764df7e9f4 HTTP/1.1" status: 200 len: 1135 time: 0.0364132
2026-05-11 11:58:20.270 10 INFO neutron.api.wsgi [None req-8fe3da6d-399f-4524-bb48-65f17fd3a06f 831273a1a2bc4c418ca24c8cfe1eb5ff 8187879e722947edbe3310f6902ab7ca - - default default] 10.0.0.95 "GET /v2.0/security-group-rules HTTP/1.1" status: 200 len: 3755 time: 0.0588942
2026-05-11 11:58:20.279 10 WARNING neutron_lib.context [None req-0efefeb6-25e3-4f36-b06d-9eece0f452b6 831273a1a2bc4c418ca24c8cfe1eb5ff 8187879e722947edbe3310f6902ab7ca - - default default] Method 'is_advsvc' is deprecated since 2023.2 release (neutron-lib 3.8.0) and will be removed once support for the old RBAC API policies will be removed from Neutron. Please use method 'is_service_role' instead.
2026-05-11 11:58:20.289 9 INFO neutron.db.ovn_revision_numbers_db [None req-591c8c52-162e-47d6-9ad6-ec9fad6af4f5 - - - - - -] Successfully bumped revision number for resource 515fba26-8b10-46da-8657-0859353df36d (type: ports) to 2
2026-05-11 11:58:20.316 9 INFO neutron.db.ovn_revision_numbers_db [None req-591c8c52-162e-47d6-9ad6-ec9fad6af4f5 - - - - - -] Successfully bumped revision number for resource 74f54736-66be-4d64-aef2-094be880fe9f (type: subnets) to 0
2026-05-11 11:58:20.332 9 INFO neutron.api.wsgi [None req-65e37076-cd89-40ab-96e1-a34a2ffd741c 21f213de4a904c03bf20b2f226e2c45a 1c5074aad43e4f538ffabfc416f3d63b - - default default] 10.0.0.95 "POST /v2.0/subnets HTTP/1.1" status: 201 len: 891 time: 0.6088266
2026-05-11 11:58:20.390 10 INFO neutron.db.ovn_revision_numbers_db [None req-0efefeb6-25e3-4f36-b06d-9eece0f452b6 831273a1a2bc4c418ca24c8cfe1eb5ff 8187879e722947edbe3310f6902ab7ca - - default default] Successfully bumped revision number for resource 35a042c5-9d39-4a03-ae3a-8d4bb0d3a5e5 (type: security_group_rules) to 0
2026-05-11 11:58:20.434 10 INFO neutron.api.wsgi [None req-0efefeb6-25e3-4f36-b06d-9eece0f452b6 831273a1a2bc4c418ca24c8cfe1eb5ff 8187879e722947edbe3310f6902ab7ca - - default default] 10.0.0.95 "POST /v2.0/security-group-rules HTTP/1.1" status: 201 len: 800 time: 0.1579039
2026-05-11 11:58:20.462 10 INFO neutron.api.wsgi [None req-33e4a7ce-3bd4-4a39-9f8b-d6097766ef04 831273a1a2bc4c418ca24c8cfe1eb5ff 8187879e722947edbe3310f6902ab7ca - - default default] 10.0.0.95 "GET /v2.0/security-group-rules/35a042c5-9d39-4a03-ae3a-8d4bb0d3a5e5 HTTP/1.1" status: 200 len: 795 time: 0.0212440
2026-05-11 11:58:20.536 10 INFO neutron.api.wsgi [None req-884bbac4-acdf-4362-b94f-a34eba8ceb66 831273a1a2bc4c418ca24c8cfe1eb5ff 8187879e722947edbe3310f6902ab7ca - - default default] 10.0.0.95 "GET /v2.0/security-group-rules HTTP/1.1" status: 200 len: 4333 time: 0.0693645
2026-05-11 11:58:20.638 9 INFO neutron.api.wsgi [None req-8bc25696-130d-48c4-be96-4dbf7eca4040 831273a1a2bc4c418ca24c8cfe1eb5ff 8187879e722947edbe3310f6902ab7ca - - default default] 10.0.0.95 "DELETE /v2.0/security-group-rules/35a042c5-9d39-4a03-ae3a-8d4bb0d3a5e5 HTTP/1.1" status: 204 len: 168 time: 0.0958760
2026-05-11 11:58:20.704 9 INFO neutron.api.wsgi [None req-3b241c18-fb05-4a47-8705-01a666ab2f17 831273a1a2bc4c418ca24c8cfe1eb5ff 8187879e722947edbe3310f6902ab7ca - - default default] 10.0.0.95 "GET /v2.0/security-group-rules HTTP/1.1" status: 200 len: 3755 time: 0.0596056
2026-05-11 11:58:20.714 9 WARNING neutron_lib.context [None req-ab98d537-cd54-41d8-906c-b828beb8a98a 831273a1a2bc4c418ca24c8cfe1eb5ff 8187879e722947edbe3310f6902ab7ca - - default default] Method 'is_advsvc' is deprecated since 2023.2 release (neutron-lib 3.8.0) and will be removed once support for the old RBAC API policies will be removed from Neutron. Please use method 'is_service_role' instead.
2026-05-11 11:58:20.743 9 INFO neutron.db.securitygroups_db [None req-ab98d537-cd54-41d8-906c-b828beb8a98a 831273a1a2bc4c418ca24c8cfe1eb5ff 8187879e722947edbe3310f6902ab7ca - - default default] Project 8187879e722947edbe3310f6902ab7ca added a security group rule with legacy IPv6 ICMP protocol name icmp, ipv6-icmp should be used instead. It was automatically converted.
2026-05-11 11:58:20.755 10 WARNING neutron.scheduler.dhcp_agent_scheduler [None req-0836d083-a899-4136-9142-ad0a8696e4cd 21f213de4a904c03bf20b2f226e2c45a 1c5074aad43e4f538ffabfc416f3d63b - - default default] No more DHCP agents
2026-05-11 11:58:20.757 10 WARNING neutron.api.rpc.agentnotifiers.dhcp_rpc_agent_api [None req-0836d083-a899-4136-9142-ad0a8696e4cd 21f213de4a904c03bf20b2f226e2c45a 1c5074aad43e4f538ffabfc416f3d63b - - default default] Unable to schedule network 0d717159-7539-4bff-a424-916c146de2d1: no agents available; will retry on subsequent port and subnet creation events.
2026-05-11 11:58:20.829 9 INFO neutron.api.wsgi [req-b5c26e1d-02b9-4a09-8d43-9d4da703dec1 req-d67ce598-8a4c-4ffb-937e-a2cb46aeedf3 a39090eeb80142aea45686c23c900c87 a8c65ab2a1d146dfbdafb6c5fe29b6e5 - - default default] 10.0.0.123 "GET /v2.0/ports?device_id=bb1c82c1-970c-4f21-9c96-5418576e1844 HTTP/1.1" status: 200 len: 210 time: 0.0210481
2026-05-11 11:58:20.849 9 INFO neutron.api.wsgi [-] 10.0.0.118 "GET / HTTP/1.1" status: 200 len: 246 time: 0.0021172
2026-05-11 11:58:20.849 10 INFO neutron.api.wsgi [-] 10.0.0.118 "GET / HTTP/1.1" status: 200 len: 246 time: 0.0016279
2026-05-11 11:58:20.852 9 INFO neutron.db.ovn_revision_numbers_db [None req-ab98d537-cd54-41d8-906c-b828beb8a98a 831273a1a2bc4c418ca24c8cfe1eb5ff 8187879e722947edbe3310f6902ab7ca - - default default] Successfully bumped revision number for resource 1cf7a0a0-bd75-4144-89c7-e42b61a2e183 (type: security_group_rules) to 0
2026-05-11 11:58:20.874 10 INFO neutron.db.ovn_revision_numbers_db [None req-0836d083-a899-4136-9142-ad0a8696e4cd 21f213de4a904c03bf20b2f226e2c45a 1c5074aad43e4f538ffabfc416f3d63b - - default default] Successfully bumped revision number for resource ed78a3cd-2b02-486d-bf8b-d6aae69762ac (type: ports) to 1
