2026-05-11 11:58:36.403 10 INFO neutron.api.wsgi [req-b2d7a57b-9952-432f-a851-8a8deaa25824 req-257be9b3-c206-45ef-a71b-60938cc2f029 a39090eeb80142aea45686c23c900c87 a8c65ab2a1d146dfbdafb6c5fe29b6e5 - - default default] 10.0.0.123 "GET /v2.0/security-groups?id=b5b491f7-3ab2-43bd-bc73-e01c324b486e&fields=id&fields=name HTTP/1.1" status: 200 len: 310 time: 0.0538840
2026-05-11 11:58:36.595 9 INFO neutron.api.wsgi [req-ab577f29-fbcb-4eb9-8a35-95179e3c41cd req-7c221154-22b4-4b52-9d27-2066f3e9e4af 9c1925a14a3c4a40bf549a821beefdf5 c4699b0690294166ab5288eebc8cdb33 - - default default] 10.0.0.123 "GET /v2.0/ports?device_id=238a4f7a-4e11-4647-92a1-c43a9bc5b7ed HTTP/1.1" status: 200 len: 1174 time: 0.0377827
2026-05-11 11:58:36.642 9 INFO neutron.api.wsgi [req-ab577f29-fbcb-4eb9-8a35-95179e3c41cd req-57224b88-cf6e-4d03-b54d-70d9956635f2 9c1925a14a3c4a40bf549a821beefdf5 c4699b0690294166ab5288eebc8cdb33 - - default default] 10.0.0.123 "GET /v2.0/security-groups?id=dc3ae1b8-804f-47b7-9649-764705d02272&fields=id&fields=name HTTP/1.1" status: 200 len: 286 time: 0.0387638
2026-05-11 11:58:36.720 9 INFO neutron.notifiers.nova [-] Nova event matching ['req-ca65e48a-ab0f-4f6f-bffd-8398510be76a'] response: {'server_uuid': '238a4f7a-4e11-4647-92a1-c43a9bc5b7ed', 'name': 'network-vif-plugged', 'status': 'completed', 'tag': '5014b16a-b9c1-4712-8376-4ed5732bbd39', 'code': 200}
2026-05-11 11:58:36.982 10 INFO neutron.notifiers.nova [-] Nova event matching ['req-4206c053-fd5e-4207-98e9-5530cbcf4d40'] response: {'name': 'network-changed', 'server_uuid': 'bb1c82c1-970c-4f21-9c96-5418576e1844', 'tag': '151ca9f8-1f87-4f92-b5bc-2727576fa40d', 'status': 'completed', 'code': 200}
2026-05-11 11:58:37.051 10 INFO neutron.plugins.ml2.drivers.ovn.mech_driver.ovsdb.commands [None req-6c5f38b8-b29e-4e5d-8c16-29d217ad5b34 - - - - - -] Schedule LRP lrp-c4ccbd6e-4529-400e-b6f3-43c6a6508a1c on gateway d5737e58-4696-432e-9e87-cb0cb76837e0 with priority 1
2026-05-11 11:58:37.089 10 INFO neutron.api.wsgi [req-f68f61b5-9fb0-4649-9f4c-bbc9f30f0692 req-453486cf-ddd9-4eca-93ea-47502edebe38 9c1925a14a3c4a40bf549a821beefdf5 c4699b0690294166ab5288eebc8cdb33 - - default default] 10.0.0.123 "GET /v2.0/ports?device_id=238a4f7a-4e11-4647-92a1-c43a9bc5b7ed HTTP/1.1" status: 200 len: 1174 time: 0.1037169
2026-05-11 11:58:37.098 10 INFO neutron.db.ovn_revision_numbers_db [None req-3add2e11-0c17-4012-856b-a2510118b8a5 3e3b2c1fd49b41d3979117d0cea4611f 588514b83fc5449d94248a38541d3a04 - - default default] Successfully bumped revision number for resource c4ccbd6e-4529-400e-b6f3-43c6a6508a1c (type: router_ports) to 1
2026-05-11 11:58:37.146 10 INFO neutron.api.wsgi [req-f68f61b5-9fb0-4649-9f4c-bbc9f30f0692 req-f5ce7efd-5c2b-4c94-a83b-47c2387d41f6 9c1925a14a3c4a40bf549a821beefdf5 c4699b0690294166ab5288eebc8cdb33 - - default default] 10.0.0.123 "GET /v2.0/security-groups?id=dc3ae1b8-804f-47b7-9649-764705d02272&fields=id&fields=name HTTP/1.1" status: 200 len: 286 time: 0.0471704
2026-05-11 11:58:37.161 10 INFO neutron.db.ovn_revision_numbers_db [None req-3add2e11-0c17-4012-856b-a2510118b8a5 3e3b2c1fd49b41d3979117d0cea4611f 588514b83fc5449d94248a38541d3a04 - - default default] Successfully bumped revision number for resource 7a2791bd-659d-4149-97b0-c33a43065974 (type: routers) to 2
2026-05-11 11:58:37.178 10 INFO neutron.api.wsgi [None req-3add2e11-0c17-4012-856b-a2510118b8a5 3e3b2c1fd49b41d3979117d0cea4611f 588514b83fc5449d94248a38541d3a04 - - default default] 10.0.0.95 "POST /v2.0/routers HTTP/1.1" status: 201 len: 1147 time: 1.4655130
2026-05-11 11:58:37.240 10 INFO neutron.api.wsgi [None req-712087cf-656d-4456-a093-5c1bfed4f225 3e3b2c1fd49b41d3979117d0cea4611f 588514b83fc5449d94248a38541d3a04 - - default default] 10.0.0.95 "GET /v2.0/routers/7a2791bd-659d-4149-97b0-c33a43065974 HTTP/1.1" status: 200 len: 1148 time: 0.0571809
2026-05-11 11:58:37.319 10 INFO neutron.api.wsgi [None req-9a1a567c-6246-44ac-9d43-bd5701eb66c4 3e3b2c1fd49b41d3979117d0cea4611f 588514b83fc5449d94248a38541d3a04 - - default default] 10.0.0.95 "GET /v2.0/routers HTTP/1.1" status: 200 len: 1151 time: 0.0751231
2026-05-11 11:58:37.522 10 INFO neutron.api.wsgi [req-aeb65d96-6a52-4030-a3ae-ac98016f38ab req-d051337a-7b1b-4cfd-ab07-5ff35f939a46 38d510e7a3fd4a80907efb70012546ca c38a8d7371ab450cbb258205ee89a7fd - - e4896e14d21a4d678fd41e97fb08e427 e4896e14d21a4d678fd41e97fb08e427] 199.204.45.72 "GET /v2.0/ports?tenant_id=a8c65ab2a1d146dfbdafb6c5fe29b6e5&device_id=bb1c82c1-970c-4f21-9c96-5418576e1844 HTTP/1.1" status: 200 len: 1409 time: 0.0301499
2026-05-11 11:58:37.546 9 INFO neutron.api.wsgi [req-a67805f6-99dc-4a12-8a11-e7a2182c9ad9 req-d6d9d5b3-15e7-4fa2-a5cc-10919d05f500 a39090eeb80142aea45686c23c900c87 a8c65ab2a1d146dfbdafb6c5fe29b6e5 - - default default] 10.0.0.123 "GET /v2.0/ports?device_id=bb1c82c1-970c-4f21-9c96-5418576e1844 HTTP/1.1" status: 200 len: 1170 time: 0.0853601
2026-05-11 11:58:37.564 9 INFO neutron.plugins.ml2.drivers.ovn.mech_driver.mech_driver [None req-2dcdcfbe-689e-4ae6-acc2-6868979d9a59 - - - - - -] OVN reports status down for port: 5014b16a-b9c1-4712-8376-4ed5732bbd39
2026-05-11 11:58:37.588 10 INFO neutron.api.wsgi [req-aeb65d96-6a52-4030-a3ae-ac98016f38ab req-bd3ef0c2-3eb6-41ad-ad39-ef5cc8303da0 38d510e7a3fd4a80907efb70012546ca c38a8d7371ab450cbb258205ee89a7fd - - e4896e14d21a4d678fd41e97fb08e427 e4896e14d21a4d678fd41e97fb08e427] 199.204.45.72 "GET /v2.0/networks?id=dd071280-c2ad-490c-aa7a-84d867729d05 HTTP/1.1" status: 200 len: 968 time: 0.0575650
2026-05-11 11:58:37.597 9 INFO neutron.api.wsgi [req-a67805f6-99dc-4a12-8a11-e7a2182c9ad9 req-7d184848-d7ab-4f7b-9684-8d3da20487a9 a39090eeb80142aea45686c23c900c87 a8c65ab2a1d146dfbdafb6c5fe29b6e5 - - default default] 10.0.0.123 "GET /v2.0/security-groups?id=b5b491f7-3ab2-43bd-bc73-e01c324b486e&fields=id&fields=name HTTP/1.1" status: 200 len: 310 time: 0.0469522
2026-05-11 11:58:37.632 10 INFO neutron.api.wsgi [req-aeb65d96-6a52-4030-a3ae-ac98016f38ab req-52ec02c8-0a88-40ed-8db9-93e14bf3aac8 38d510e7a3fd4a80907efb70012546ca c38a8d7371ab450cbb258205ee89a7fd - - e4896e14d21a4d678fd41e97fb08e427 e4896e14d21a4d678fd41e97fb08e427] 199.204.45.72 "GET /v2.0/floatingips?fixed_ip_address=10.100.0.3&port_id=151ca9f8-1f87-4f92-b5bc-2727576fa40d HTTP/1.1" status: 200 len: 1059 time: 0.0393169
2026-05-11 11:58:37.668 10 INFO neutron.api.wsgi [req-aeb65d96-6a52-4030-a3ae-ac98016f38ab req-ae190f79-62ec-4396-ac65-e758851c2e0d 38d510e7a3fd4a80907efb70012546ca c38a8d7371ab450cbb258205ee89a7fd - - e4896e14d21a4d678fd41e97fb08e427 e4896e14d21a4d678fd41e97fb08e427] 199.204.45.72 "GET /v2.0/subnets?id=f8a37623-14d7-4992-83db-975e9d074e76 HTTP/1.1" status: 200 len: 887 time: 0.0281427
2026-05-11 11:58:37.700 10 INFO neutron.api.wsgi [req-aeb65d96-6a52-4030-a3ae-ac98016f38ab req-55096a69-0f67-4770-9057-7ba7915b398e 38d510e7a3fd4a80907efb70012546ca c38a8d7371ab450cbb258205ee89a7fd - - e4896e14d21a4d678fd41e97fb08e427 e4896e14d21a4d678fd41e97fb08e427] 199.204.45.72 "GET /v2.0/ports?network_id=dd071280-c2ad-490c-aa7a-84d867729d05&device_owner=network%3Adhcp HTTP/1.1" status: 200 len: 210 time: 0.0281918
2026-05-11 11:58:37.724 10 INFO neutron.db.ovn_revision_numbers_db [None req-fc72c55b-8279-4206-a555-f57e407ab30d 21f213de4a904c03bf20b2f226e2c45a 1c5074aad43e4f538ffabfc416f3d63b - - default default] Successfully bumped revision number for resource 15bb0e58-71d9-4db6-b076-22f05d6e8954 (type: security_groups) to 1
2026-05-11 11:58:37.750 10 INFO neutron.db.ovn_revision_numbers_db [None req-fc72c55b-8279-4206-a555-f57e407ab30d 21f213de4a904c03bf20b2f226e2c45a 1c5074aad43e4f538ffabfc416f3d63b - - default default] Successfully bumped revision number for resource 03e771ab-16d7-4c12-b173-a534b8c4098f (type: security_group_rules) to 0
2026-05-11 11:58:37.769 10 INFO neutron.db.ovn_revision_numbers_db [None req-fc72c55b-8279-4206-a555-f57e407ab30d 21f213de4a904c03bf20b2f226e2c45a 1c5074aad43e4f538ffabfc416f3d63b - - default default] Successfully bumped revision number for resource bdb9bf40-211c-4dc2-816b-5cc991392d47 (type: security_group_rules) to 0
2026-05-11 11:58:37.772 10 INFO neutron.api.wsgi [req-aeb65d96-6a52-4030-a3ae-ac98016f38ab req-3ff43e4d-cc4a-4832-9bd6-5b9fc692678a 38d510e7a3fd4a80907efb70012546ca c38a8d7371ab450cbb258205ee89a7fd - - e4896e14d21a4d678fd41e97fb08e427 e4896e14d21a4d678fd41e97fb08e427] 199.204.45.72 "GET /v2.0/networks/dd071280-c2ad-490c-aa7a-84d867729d05?fields=segments HTTP/1.1" status: 200 len: 212 time: 0.0589983
2026-05-11 11:58:37.776 9 INFO neutron.db.ovn_revision_numbers_db [None req-125bbf80-e904-4ae2-a1ee-cf2e98c6ab19 3e3b2c1fd49b41d3979117d0cea4611f 588514b83fc5449d94248a38541d3a04 - - default default] Successfully bumped revision number for resource 7a2791bd-659d-4149-97b0-c33a43065974 (type: routers) to 3
2026-05-11 11:58:37.780 9 INFO neutron.api.wsgi [None req-125bbf80-e904-4ae2-a1ee-cf2e98c6ab19 3e3b2c1fd49b41d3979117d0cea4611f 588514b83fc5449d94248a38541d3a04 - - default default] 10.0.0.95 "PUT /v2.0/routers/7a2791bd-659d-4149-97b0-c33a43065974 HTTP/1.1" status: 200 len: 1155 time: 0.4575553
2026-05-11 11:58:37.784 10 INFO neutron.db.ovn_revision_numbers_db [None req-fc72c55b-8279-4206-a555-f57e407ab30d 21f213de4a904c03bf20b2f226e2c45a 1c5074aad43e4f538ffabfc416f3d63b - - default default] Successfully bumped revision number for resource c939f7c4-8827-4015-b944-22d16170a41d (type: security_group_rules) to 0
2026-05-11 11:58:37.815 10 INFO neutron.db.ovn_revision_numbers_db [None req-fc72c55b-8279-4206-a555-f57e407ab30d 21f213de4a904c03bf20b2f226e2c45a 1c5074aad43e4f538ffabfc416f3d63b - - default default] Successfully bumped revision number for resource f6fef9be-860f-434b-8012-c55f0793c583 (type: security_group_rules) to 0
2026-05-11 11:58:37.841 9 INFO neutron.db.ovn_revision_numbers_db [None req-2dcdcfbe-689e-4ae6-acc2-6868979d9a59 - - - - - -] Successfully bumped revision number for resource 5014b16a-b9c1-4712-8376-4ed5732bbd39 (type: ports) to 6
2026-05-11 11:58:37.875 10 INFO neutron.api.wsgi [req-aeb65d96-6a52-4030-a3ae-ac98016f38ab req-e4b837b1-2981-4269-93dc-15c959fe7aa0 38d510e7a3fd4a80907efb70012546ca c38a8d7371ab450cbb258205ee89a7fd - - e4896e14d21a4d678fd41e97fb08e427 e4896e14d21a4d678fd41e97fb08e427] 199.204.45.72 "GET /v2.0/networks/dd071280-c2ad-490c-aa7a-84d867729d05?fields=provider%3Aphysical_network&fields=provider%3Anetwork_type HTTP/1.1" status: 200 len: 277 time: 0.0970876
2026-05-11 11:58:37.878 10 INFO neutron.api.wsgi [None req-fc72c55b-8279-4206-a555-f57e407ab30d 21f213de4a904c03bf20b2f226e2c45a 1c5074aad43e4f538ffabfc416f3d63b - - default default] 10.0.0.95 "GET /v2.0/security-groups?tenant_id=070f0fe08e3f4e22980b67d8f6756acf&name=default HTTP/1.1" status: 200 len: 3120 time: 0.4895003 /var/lib/openstack/lib/python3.12/site-packages/pycadf/identifier.py:71: UserWarning: Invalid uuid: neutron. To ensure interoperability, identifiers should be a valid uuid. warnings.warn(('Invalid uuid: %s. To ensure interoperability, '
2026-05-11 11:58:37.892 10 WARNING neutron.plugins.ml2.drivers.ovn.mech_driver.ovsdb.ovn_client [None req-44b415c3-4719-4b9f-b370-aeb583627196 - - - - - -] No port found with ID 9f2aa0b7-fc83-437e-b403-b482b40b6354: RuntimeError: No port found with ID 9f2aa0b7-fc83-437e-b403-b482b40b6354
2026-05-11 11:58:37.906 10 INFO neutron.api.wsgi [None req-9a78a13c-f232-4aa1-9840-7a28efd220b9 3e3b2c1fd49b41d3979117d0cea4611f 588514b83fc5449d94248a38541d3a04 - - default default] 10.0.0.95 "GET /v2.0/routers/7a2791bd-659d-4149-97b0-c33a43065974 HTTP/1.1" status: 200 len: 1155 time: 0.1205690
2026-05-11 11:58:37.930 9 INFO neutron.api.wsgi [None req-658a2b03-3ec7-4a7a-91b1-cec85e5949dd 3e3b2c1fd49b41d3979117d0cea4611f 588514b83fc5449d94248a38541d3a04 - - default default] 10.0.0.95 "GET /v2.0/ports?device_id=7a2791bd-659d-4149-97b0-c33a43065974 HTTP/1.1" status: 200 len: 205 time: 0.0187635
2026-05-11 11:58:37.931 10 INFO neutron.plugins.ml2.drivers.ovn.mech_driver.mech_driver [None req-44b415c3-4719-4b9f-b370-aeb583627196 - - - - - -] OVN reports status down for port: 151ca9f8-1f87-4f92-b5bc-2727576fa40d /var/lib/openstack/lib/python3.12/site-packages/pycadf/identifier.py:71: UserWarning: Invalid uuid: neutron. To ensure interoperability, identifiers should be a valid uuid. warnings.warn(('Invalid uuid: %s. To ensure interoperability, '
2026-05-11 11:58:38.083 9 INFO neutron.api.wsgi [None req-2b04ef27-8273-4d7d-bafe-8691be700f76 21f213de4a904c03bf20b2f226e2c45a 1c5074aad43e4f538ffabfc416f3d63b - - default default] 10.0.0.95 "DELETE /v2.0/security-groups/15bb0e58-71d9-4db6-b076-22f05d6e8954 HTTP/1.1" status: 204 len: 168 time: 0.1996090
2026-05-11 11:58:38.166 10 INFO neutron.api.wsgi [req-94bb650d-e253-413f-8056-e813069009c7 req-6238faf8-e61a-497f-b9d6-28e2bcca0b2d a39090eeb80142aea45686c23c900c87 a8c65ab2a1d146dfbdafb6c5fe29b6e5 - - default default] 199.204.45.72 "GET /v2.0/ports?device_id=bb1c82c1-970c-4f21-9c96-5418576e1844 HTTP/1.1" status: 200 len: 1168 time: 0.0568104
2026-05-11 11:58:38.238 9 INFO neutron.api.wsgi [req-29d91e35-8264-4d9f-a92b-62c2d2fc2cc6 req-3c20ec4f-788f-447d-a4ca-fdb45941e464 9c1925a14a3c4a40bf549a821beefdf5 c4699b0690294166ab5288eebc8cdb33 - - default default] 10.0.0.123 "GET /v2.0/ports?device_id=238a4f7a-4e11-4647-92a1-c43a9bc5b7ed HTTP/1.1" status: 200 len: 1172 time: 0.0316265
2026-05-11 11:58:38.300 9 INFO neutron.api.wsgi [req-29d91e35-8264-4d9f-a92b-62c2d2fc2cc6 req-a8751cdb-dac1-46fd-ae1d-83c4ed7380fd 9c1925a14a3c4a40bf549a821beefdf5 c4699b0690294166ab5288eebc8cdb33 - - default default] 10.0.0.123 "GET /v2.0/security-groups?id=dc3ae1b8-804f-47b7-9649-764705d02272&fields=id&fields=name HTTP/1.1" status: 200 len: 286 time: 0.0562694
2026-05-11 11:58:38.342 10 INFO neutron.db.ovn_revision_numbers_db [None req-44b415c3-4719-4b9f-b370-aeb583627196 - - - - - -] Successfully bumped revision number for resource 151ca9f8-1f87-4f92-b5bc-2727576fa40d (type: ports) to 6
2026-05-11 11:58:38.424 10 INFO neutron.plugins.ml2.drivers.ovn.mech_driver.mech_driver [None req-0535ec7f-fcd7-4494-9b1f-75dab44850a9 - - - - - -] OVN reports status up for port: c4ccbd6e-4529-400e-b6f3-43c6a6508a1c
2026-05-11 11:58:38.444 10 INFO neutron.plugins.ml2.plugin [None req-0535ec7f-fcd7-4494-9b1f-75dab44850a9 - - - - - -] Attempt 1 to provision port c4ccbd6e-4529-400e-b6f3-43c6a6508a1c
2026-05-11 11:58:38.597 10 INFO neutron.db.l3_db [req-94bb650d-e253-413f-8056-e813069009c7 req-7ad179c3-4e8e-4167-976d-aa86d5f3195d a39090eeb80142aea45686c23c900c87 a8c65ab2a1d146dfbdafb6c5fe29b6e5 - - default default] Floating IP 52aa242b-fd61-4ff9-a0b1-f0b7aeac4eaf disassociated. External IP: 10.96.250.220, port: 151ca9f8-1f87-4f92-b5bc-2727576fa40d. /var/lib/openstack/lib/python3.12/site-packages/pycadf/identifier.py:71: UserWarning: Invalid uuid: neutron. To ensure interoperability, identifiers should be a valid uuid. warnings.warn(('Invalid uuid: %s. To ensure interoperability, '
2026-05-11 11:58:38.760 9 INFO neutron.notifiers.nova [-] Nova event matching ['req-25e28e74-5368-473a-a91b-c14ae44bd8c5'] response: {'server_uuid': '238a4f7a-4e11-4647-92a1-c43a9bc5b7ed', 'name': 'network-vif-unplugged', 'status': 'completed', 'tag': '5014b16a-b9c1-4712-8376-4ed5732bbd39', 'code': 200}
2026-05-11 11:58:38.760 9 INFO neutron.notifiers.nova [-] Nova event matching ['req-25e28e74-5368-473a-a91b-c14ae44bd8c5'] response: {'server_uuid': '238a4f7a-4e11-4647-92a1-c43a9bc5b7ed', 'name': 'network-vif-unplugged', 'status': 'completed', 'tag': '5014b16a-b9c1-4712-8376-4ed5732bbd39', 'code': 200}
2026-05-11 11:58:38.782 10 INFO neutron.api.wsgi [req-94bb650d-e253-413f-8056-e813069009c7 req-7ad179c3-4e8e-4167-976d-aa86d5f3195d a39090eeb80142aea45686c23c900c87 a8c65ab2a1d146dfbdafb6c5fe29b6e5 - - default default] 199.204.45.72 "DELETE /v2.0/ports/151ca9f8-1f87-4f92-b5bc-2727576fa40d HTTP/1.1" status: 204 len: 173 time: 0.6113710
2026-05-11 11:58:38.796 10 INFO neutron.api.wsgi [req-262b791e-09f5-41f4-92f0-d8dd9ef0d1d4 req-d45bdba4-bb19-492e-962c-7ca23197c5b1 a39090eeb80142aea45686c23c900c87 a8c65ab2a1d146dfbdafb6c5fe29b6e5 - - default default] 10.0.0.123 "GET /v2.0/ports?device_id=bb1c82c1-970c-4f21-9c96-5418576e1844 HTTP/1.1" status: 200 len: 1168 time: 0.1327231
2026-05-11 11:58:38.838 10 INFO neutron.api.wsgi [req-51079add-ceda-4555-ac64-d3e14c8b4c46 req-8829192e-e1e1-417d-8947-3ca93345784c 9c1925a14a3c4a40bf549a821beefdf5 c4699b0690294166ab5288eebc8cdb33 - - default default] 199.204.45.72 "GET /v2.0/ports?device_id=238a4f7a-4e11-4647-92a1-c43a9bc5b7ed HTTP/1.1" status: 200 len: 1172 time: 0.0598967
2026-05-11 11:58:38.864 10 INFO neutron.api.wsgi [req-262b791e-09f5-41f4-92f0-d8dd9ef0d1d4 req-e70c5779-e71c-415e-9f1f-f2b0d22431a1 a39090eeb80142aea45686c23c900c87 a8c65ab2a1d146dfbdafb6c5fe29b6e5 - - default default] 10.0.0.123 "GET /v2.0/security-groups?id=b5b491f7-3ab2-43bd-bc73-e01c324b486e&fields=id&fields=name HTTP/1.1" status: 200 len: 310 time: 0.0604172
2026-05-11 11:58:38.871 10 INFO neutron.api.wsgi [None req-1eedeac4-d9a2-4ba9-9915-a07ea9faf216 3e3b2c1fd49b41d3979117d0cea4611f 588514b83fc5449d94248a38541d3a04 - - default default] 10.0.0.95 "DELETE /v2.0/routers/7a2791bd-659d-4149-97b0-c33a43065974 HTTP/1.1" status: 204 len: 168 time: 0.9337378
2026-05-11 11:58:38.895 10 INFO neutron.api.wsgi [None req-9a97d27b-a772-47bb-b753-292d3fd9e86e 3e3b2c1fd49b41d3979117d0cea4611f 588514b83fc5449d94248a38541d3a04 - - default default] 10.0.0.95 "GET /v2.0/ports?device_id=7a2791bd-659d-4149-97b0-c33a43065974 HTTP/1.1" status: 200 len: 205 time: 0.0174541
2026-05-11 11:58:38.916 9 INFO neutron.api.v2.resource [None req-04e98f74-5c88-41a8-8b23-1ce34454a37c 3e3b2c1fd49b41d3979117d0cea4611f 588514b83fc5449d94248a38541d3a04 - - default default] delete failed (client error): The resource could not be found.
2026-05-11 11:58:38.917 9 INFO neutron.api.wsgi [None req-04e98f74-5c88-41a8-8b23-1ce34454a37c 3e3b2c1fd49b41d3979117d0cea4611f 588514b83fc5449d94248a38541d3a04 - - default default] 10.0.0.95 "DELETE /v2.0/routers/7a2791bd-659d-4149-97b0-c33a43065974 HTTP/1.1" status: 404 len: 336 time: 0.0179870
2026-05-11 11:58:38.933 9 INFO neutron.api.wsgi [None req-05a37c0f-0d33-4008-8c3d-475e5083b623 3e3b2c1fd49b41d3979117d0cea4611f 588514b83fc5449d94248a38541d3a04 - - default default] 10.0.0.95 "GET /v2.0/ports?device_id=5590da9f-3555-49b1-937d-de3bf67a44ae HTTP/1.1" status: 200 len: 205 time: 0.0131865
2026-05-11 11:58:38.949 9 INFO neutron.api.v2.resource [None req-eec1b5d7-3145-42de-a5d8-e188ba678694 3e3b2c1fd49b41d3979117d0cea4611f 588514b83fc5449d94248a38541d3a04 - - default default] delete failed (client error): The resource could not be found.
2026-05-11 11:58:38.950 9 INFO neutron.api.wsgi [None req-eec1b5d7-3145-42de-a5d8-e188ba678694 3e3b2c1fd49b41d3979117d0cea4611f 588514b83fc5449d94248a38541d3a04 - - default default] 10.0.0.95 "DELETE /v2.0/routers/5590da9f-3555-49b1-937d-de3bf67a44ae HTTP/1.1" status: 404 len: 336 time: 0.0135403
2026-05-11 11:58:38.963 9 INFO neutron.pecan_wsgi.hooks.translation [None req-21abd3d9-f4b8-4002-ab18-a12189293955 3e3b2c1fd49b41d3979117d0cea4611f 588514b83fc5449d94248a38541d3a04 - - default default] DELETE failed (client error): The resource could not be found.
2026-05-11 11:58:38.965 9 INFO neutron.api.wsgi [None req-21abd3d9-f4b8-4002-ab18-a12189293955 3e3b2c1fd49b41d3979117d0cea4611f 588514b83fc5449d94248a38541d3a04 - - default default] 10.0.0.95 "DELETE /v2.0/subnets/6f23c9c8-48d1-4286-94ec-7beb81826ed4 HTTP/1.1" status: 404 len: 337 time: 0.0112200
2026-05-11 11:58:38.982 9 INFO neutron.api.wsgi [None req-eeb9002c-a91f-4486-974c-9efd800bf6ed 3e3b2c1fd49b41d3979117d0cea4611f 588514b83fc5449d94248a38541d3a04 - - default default] 10.0.0.95 "GET /v2.0/ports?device_id=be1516d2-b8c3-4852-a8a8-09bbb6764176 HTTP/1.1" status: 200 len: 205 time: 0.0121071
2026-05-11 11:58:38.998 9 INFO neutron.api.v2.resource [None req-bb3fe466-d914-4564-96bb-715f12230009 3e3b2c1fd49b41d3979117d0cea4611f 588514b83fc5449d94248a38541d3a04 - - default default] delete failed (client error): The resource could not be found.
2026-05-11 11:58:38.999 9 INFO neutron.api.wsgi [None req-bb3fe466-d914-4564-96bb-715f12230009 3e3b2c1fd49b41d3979117d0cea4611f 588514b83fc5449d94248a38541d3a04 - - default default] 10.0.0.95 "DELETE /v2.0/routers/be1516d2-b8c3-4852-a8a8-09bbb6764176 HTTP/1.1" status: 404 len: 336 time: 0.0144351
2026-05-11 11:58:39.012 9 INFO neutron.pecan_wsgi.hooks.translation [None req-3f2e7b08-ead6-4817-8d0b-864d18c6e8a6 3e3b2c1fd49b41d3979117d0cea4611f 588514b83fc5449d94248a38541d3a04 - - default default] DELETE failed (client error): The resource could not be found.
2026-05-11 11:58:39.014 9 INFO neutron.api.wsgi [None req-3f2e7b08-ead6-4817-8d0b-864d18c6e8a6 3e3b2c1fd49b41d3979117d0cea4611f 588514b83fc5449d94248a38541d3a04 - - default default] 10.0.0.95 "DELETE /v2.0/subnets/126a0911-f347-4d9a-bb1b-c67cda91ac2e HTTP/1.1" status: 404 len: 337 time: 0.0105023
2026-05-11 11:58:39.030 10 INFO neutron.notifiers.nova [-] Nova event matching ['req-fe549f25-c7d1-47ae-ba71-4a9ed939b4f4'] response: {'server_uuid': 'bb1c82c1-970c-4f21-9c96-5418576e1844', 'name': 'network-vif-unplugged', 'status': 'completed', 'tag': '151ca9f8-1f87-4f92-b5bc-2727576fa40d', 'code': 200}
2026-05-11 11:58:39.030 10 INFO neutron.notifiers.nova [-] Nova event matching ['req-fe549f25-c7d1-47ae-ba71-4a9ed939b4f4'] response: {'server_uuid': 'bb1c82c1-970c-4f21-9c96-5418576e1844', 'name': 'network-vif-unplugged', 'status': 'completed', 'tag': '151ca9f8-1f87-4f92-b5bc-2727576fa40d', 'code': 200}
2026-05-11 11:58:39.030 10 INFO neutron.notifiers.nova [-] Nova event matching ['req-fe549f25-c7d1-47ae-ba71-4a9ed939b4f4'] response: {'server_uuid': 'bb1c82c1-970c-4f21-9c96-5418576e1844', 'name': 'network-vif-deleted', 'tag': '151ca9f8-1f87-4f92-b5bc-2727576fa40d', 'status': 'completed', 'code': 200}
2026-05-11 11:58:39.035 9 INFO neutron.api.wsgi [None req-c62d46c4-b777-4618-962a-810db88d0927 3e3b2c1fd49b41d3979117d0cea4611f 588514b83fc5449d94248a38541d3a04 - - default default] 10.0.0.95 "GET /v2.0/ports?device_id=809c444a-1875-4eac-abf7-dfdb461f40b7 HTTP/1.1" status: 200 len: 205 time: 0.0159907
2026-05-11 11:58:39.054 9 INFO neutron.api.v2.resource [None req-1ed43194-e58b-489f-957f-c64a5d88732b 3e3b2c1fd49b41d3979117d0cea4611f 588514b83fc5449d94248a38541d3a04 - - default default] delete failed (client error): The resource could not be found.
2026-05-11 11:58:39.055 9 INFO neutron.api.wsgi [None req-1ed43194-e58b-489f-957f-c64a5d88732b 3e3b2c1fd49b41d3979117d0cea4611f 588514b83fc5449d94248a38541d3a04 - - default default] 10.0.0.95 "DELETE /v2.0/routers/809c444a-1875-4eac-abf7-dfdb461f40b7 HTTP/1.1" status: 404 len: 336 time: 0.0146525
2026-05-11 11:58:39.070 9 INFO neutron.pecan_wsgi.hooks.translation [None req-1212cbb6-2d9a-4a41-b3b5-c2b277882abb 3e3b2c1fd49b41d3979117d0cea4611f 588514b83fc5449d94248a38541d3a04 - - default default] DELETE failed (client error): The resource could not be found.
2026-05-11 11:58:39.072 9 INFO neutron.api.wsgi [None req-1212cbb6-2d9a-4a41-b3b5-c2b277882abb 3e3b2c1fd49b41d3979117d0cea4611f 588514b83fc5449d94248a38541d3a04 - - default default] 10.0.0.95 "DELETE /v2.0/subnets/b9885e04-c69b-473e-a840-28a5fa5678cb HTTP/1.1" status: 404 len: 337 time: 0.0129063
2026-05-11 11:58:39.082 10 INFO neutron.api.wsgi [req-51079add-ceda-4555-ac64-d3e14c8b4c46 req-d25dfb5d-9dad-4b3c-ae6b-cd0173bdafee 9c1925a14a3c4a40bf549a821beefdf5 c4699b0690294166ab5288eebc8cdb33 - - default default] 199.204.45.72 "DELETE /v2.0/ports/5014b16a-b9c1-4712-8376-4ed5732bbd39 HTTP/1.1" status: 204 len: 173 time: 0.2407146
2026-05-11 11:58:39.084 9 INFO neutron.pecan_wsgi.hooks.translation [None req-b36be277-17a5-47fc-b7af-0b1f5ff23131 3e3b2c1fd49b41d3979117d0cea4611f 588514b83fc5449d94248a38541d3a04 - - default default] DELETE failed (client error): The resource could not be found.
2026-05-11 11:58:39.087 9 INFO neutron.api.wsgi [None req-b36be277-17a5-47fc-b7af-0b1f5ff23131 3e3b2c1fd49b41d3979117d0cea4611f 588514b83fc5449d94248a38541d3a04 - - default default] 10.0.0.95 "DELETE /v2.0/subnets/97ca17a6-e1dc-4c4e-95fa-5d74a087083c HTTP/1.1" status: 404 len: 337 time: 0.0107658
2026-05-11 11:58:39.380 10 INFO neutron.api.wsgi [req-b101fda4-8ac0-4275-999f-306fc128cc7b req-7cdb7617-fc58-4d7f-a834-303722dfcf3d 9c1925a14a3c4a40bf549a821beefdf5 c4699b0690294166ab5288eebc8cdb33 - - default default] 10.0.0.123 "GET /v2.0/ports?device_id=238a4f7a-4e11-4647-92a1-c43a9bc5b7ed HTTP/1.1" status: 200 len: 210 time: 0.0187066
2026-05-11 11:58:39.718 9 INFO neutron.api.wsgi [None req-62e65b31-69b6-41f8-b8dd-e468d00ed587 21f213de4a904c03bf20b2f226e2c45a 1c5074aad43e4f538ffabfc416f3d63b - - default default] 10.0.0.95 "GET /v2.0/security-groups?tenant_id=588514b83fc5449d94248a38541d3a04&name=default HTTP/1.1" status: 200 len: 3120 time: 0.1585605
2026-05-11 11:58:39.940 10 INFO neutron.api.wsgi [None req-e4b9061e-ff4c-43ec-8c86-985a8f008e40 21f213de4a904c03bf20b2f226e2c45a 1c5074aad43e4f538ffabfc416f3d63b - - default default] 10.0.0.95 "DELETE /v2.0/security-groups/2175f9cb-1610-4e4c-b1ad-d76a4389a264 HTTP/1.1" status: 204 len: 168 time: 0.2144258
2026-05-11 11:58:39.952 9 INFO neutron.api.wsgi [req-95d7b4ed-ee77-48a8-a44f-74be0f556bd7 req-55fb6f19-6504-4cf5-9f4b-49395095bf66 a39090eeb80142aea45686c23c900c87 a8c65ab2a1d146dfbdafb6c5fe29b6e5 - - default default] 10.0.0.123 "GET /v2.0/ports?device_id=bb1c82c1-970c-4f21-9c96-5418576e1844 HTTP/1.1" status: 200 len: 210 time: 0.0246367
2026-05-11 11:58:40.465 10 INFO neutron.api.wsgi [req-9779e92a-9894-49ec-b953-3d3c7f91a7ef req-e82a3ae5-79d0-4edf-aa13-685dc2156adc 9c1925a14a3c4a40bf549a821beefdf5 c4699b0690294166ab5288eebc8cdb33 - - default default] 10.0.0.123 "GET /v2.0/ports?device_id=238a4f7a-4e11-4647-92a1-c43a9bc5b7ed HTTP/1.1" status: 200 len: 210 time: 0.0180504
2026-05-11 11:58:40.524 10 INFO neutron.db.ovn_revision_numbers_db [None req-f7d7d322-fd6b-4707-9fd7-7d33e98d0309 21f213de4a904c03bf20b2f226e2c45a 1c5074aad43e4f538ffabfc416f3d63b - - default default] Successfully bumped revision number for resource 867930b1-ae26-4f57-bae7-1c6322c533cb (type: security_groups) to 1
2026-05-11 11:58:40.541 10 INFO neutron.db.ovn_revision_numbers_db [None req-f7d7d322-fd6b-4707-9fd7-7d33e98d0309 21f213de4a904c03bf20b2f226e2c45a 1c5074aad43e4f538ffabfc416f3d63b - - default default] Successfully bumped revision number for resource 12658d89-af39-48c9-9d96-3de2a7c1d5b5 (type: security_group_rules) to 0
2026-05-11 11:58:40.553 10 INFO neutron.db.ovn_revision_numbers_db [None req-f7d7d322-fd6b-4707-9fd7-7d33e98d0309 21f213de4a904c03bf20b2f226e2c45a 1c5074aad43e4f538ffabfc416f3d63b - - default default] Successfully bumped revision number for resource 36f3e1ce-f078-4246-b7a2-b20131a0302e (type: security_group_rules) to 0
2026-05-11 11:58:40.567 10 INFO neutron.db.ovn_revision_numbers_db [None req-f7d7d322-fd6b-4707-9fd7-7d33e98d0309 21f213de4a904c03bf20b2f226e2c45a 1c5074aad43e4f538ffabfc416f3d63b - - default default] Successfully bumped revision number for resource 555f0f4a-38f2-4b4a-934c-5f636f45dd0d (type: security_group_rules) to 0
2026-05-11 11:58:40.579 10 INFO neutron.db.ovn_revision_numbers_db [None req-f7d7d322-fd6b-4707-9fd7-7d33e98d0309 21f213de4a904c03bf20b2f226e2c45a 1c5074aad43e4f538ffabfc416f3d63b - - default default] Successfully bumped revision number for resource 8482bce6-e05b-497d-a547-5fcb26d3dd90 (type: security_group_rules) to 0
2026-05-11 11:58:40.616 10 INFO neutron.api.wsgi [None req-f7d7d322-fd6b-4707-9fd7-7d33e98d0309 21f213de4a904c03bf20b2f226e2c45a 1c5074aad43e4f538ffabfc416f3d63b - - default default] 10.0.0.95 "GET /v2.0/security-groups?tenant_id=939892b5ca9e47d4a89089f73112a912&name=default HTTP/1.1" status: 200 len: 3120 time: 0.3578389
2026-05-11 11:58:40.803 9 INFO neutron.api.wsgi [None req-05883e0f-e9d3-4333-bc1b-72a272ca1cf7 21f213de4a904c03bf20b2f226e2c45a 1c5074aad43e4f538ffabfc416f3d63b - - default default] 10.0.0.95 "DELETE /v2.0/security-groups/867930b1-ae26-4f57-bae7-1c6322c533cb HTTP/1.1" status: 204 len: 168 time: 0.1817431
2026-05-11 11:58:41.040 9 INFO neutron.api.wsgi [req-1e5ba304-bcff-45a2-9c22-cec04f3e5ec9 req-a42b3ed3-b9ad-48a9-af5e-67fbd7c03d9b a39090eeb80142aea45686c23c900c87 a8c65ab2a1d146dfbdafb6c5fe29b6e5 - - default default] 10.0.0.123 "GET /v2.0/ports?device_id=bb1c82c1-970c-4f21-9c96-5418576e1844 HTTP/1.1" status: 200 len: 210 time: 0.0208642
2026-05-11 11:58:41.069 10 INFO neutron.notifiers.nova [-] Nova event matching ['req-c62ec9b7-940c-48e4-9b40-7cbd74104b4b'] response: {'server_uuid': '238a4f7a-4e11-4647-92a1-c43a9bc5b7ed', 'name': 'network-vif-deleted', 'tag': '5014b16a-b9c1-4712-8376-4ed5732bbd39', 'status': 'completed', 'code': 200}
2026-05-11 11:58:41.542 9 INFO neutron.api.wsgi [req-bd9b2734-cee4-43ec-8ec4-36d34ee97371 req-a5a39776-2673-4e5c-ab93-889ef805cfe7 9c1925a14a3c4a40bf549a821beefdf5 c4699b0690294166ab5288eebc8cdb33 - - default default] 10.0.0.123 "GET /v2.0/ports?device_id=238a4f7a-4e11-4647-92a1-c43a9bc5b7ed HTTP/1.1" status: 200 len: 210 time: 0.0196271
2026-05-11 11:58:42.253 10 INFO neutron.api.wsgi [None req-baccdeaa-aaa7-4bdf-9b04-d93770c9e91b a39090eeb80142aea45686c23c900c87 a8c65ab2a1d146dfbdafb6c5fe29b6e5 - - default default] 10.0.0.95 "DELETE /v2.0/security-groups/b5b491f7-3ab2-43bd-bc73-e01c324b486e HTTP/1.1" status: 204 len: 168 time: 0.1182849
2026-05-11 11:58:42.268 10 INFO neutron.api.v2.resource [None req-9457e55c-61b5-49a8-8fca-3ba110f2c543 a39090eeb80142aea45686c23c900c87 a8c65ab2a1d146dfbdafb6c5fe29b6e5 - - default default] show failed (client error): The resource could not be found.
2026-05-11 11:58:42.269 10 INFO neutron.api.wsgi [None req-9457e55c-61b5-49a8-8fca-3ba110f2c543 a39090eeb80142aea45686c23c900c87 a8c65ab2a1d146dfbdafb6c5fe29b6e5 - - default default] 10.0.0.95 "GET /v2.0/security-groups/b5b491f7-3ab2-43bd-bc73-e01c324b486e HTTP/1.1" status: 404 len: 347 time: 0.0105164
2026-05-11 11:58:42.510 9 INFO neutron.api.wsgi [None req-34787a9c-9a57-4b72-b8d6-86facdea3302 a39090eeb80142aea45686c23c900c87 a8c65ab2a1d146dfbdafb6c5fe29b6e5 - - default default] 10.0.0.95 "DELETE /v2.0/floatingips/52aa242b-fd61-4ff9-a0b1-f0b7aeac4eaf HTTP/1.1" status: 204 len: 168 time: 0.2365794
2026-05-11 11:58:42.654 10 INFO neutron.api.wsgi [req-f64b6110-9582-4053-be3d-9fb573668d7a req-255423ec-d27c-4fdd-9116-55a2e19dc11f 9c1925a14a3c4a40bf549a821beefdf5 c4699b0690294166ab5288eebc8cdb33 - - default default] 10.0.0.123 "GET /v2.0/ports?device_id=238a4f7a-4e11-4647-92a1-c43a9bc5b7ed HTTP/1.1" status: 200 len: 210 time: 0.0259933
2026-05-11 11:58:43.463 10 INFO neutron.api.wsgi [None req-5a2597ba-ea16-466c-93e7-ad3761aab462 21f213de4a904c03bf20b2f226e2c45a 1c5074aad43e4f538ffabfc416f3d63b - - default default] 10.0.0.95 "PUT /v2.0/routers/7aa51be2-ab9e-4c36-b53e-370c595145d9/remove_router_interface HTTP/1.1" status: 200 len: 503 time: 0.9495294 /var/lib/openstack/lib/python3.12/site-packages/pycadf/identifier.py:71: UserWarning: Invalid uuid: neutron. To ensure interoperability, identifiers should be a valid uuid. warnings.warn(('Invalid uuid: %s. To ensure interoperability, '
2026-05-11 11:58:43.688 10 INFO neutron.db.ovn_revision_numbers_db [None req-170b098a-4b03-4b94-b0ee-b825be1ff13f 21f213de4a904c03bf20b2f226e2c45a 1c5074aad43e4f538ffabfc416f3d63b - - default default] Successfully bumped revision number for resource ececb69a-6371-4ca1-824a-218b4cd72bb1 (type: security_groups) to 1
2026-05-11 11:58:43.707 10 INFO neutron.db.ovn_revision_numbers_db [None req-170b098a-4b03-4b94-b0ee-b825be1ff13f 21f213de4a904c03bf20b2f226e2c45a 1c5074aad43e4f538ffabfc416f3d63b - - default default] Successfully bumped revision number for resource 1e4bad72-1c3f-4153-8947-c680a902c824 (type: security_group_rules) to 0
2026-05-11 11:58:43.742 10 INFO neutron.db.ovn_revision_numbers_db [None req-170b098a-4b03-4b94-b0ee-b825be1ff13f 21f213de4a904c03bf20b2f226e2c45a 1c5074aad43e4f538ffabfc416f3d63b - - default default] Successfully bumped revision number for resource 42c4ddb6-58a7-4b86-988e-e2f7f6705323 (type: security_group_rules) to 0
2026-05-11 11:58:43.764 10 INFO neutron.db.ovn_revision_numbers_db [None req-170b098a-4b03-4b94-b0ee-b825be1ff13f 21f213de4a904c03bf20b2f226e2c45a 1c5074aad43e4f538ffabfc416f3d63b - - default default] Successfully bumped revision number for resource d1c6d637-7c5e-42c0-a4a8-d5338859a150 (type: security_group_rules) to 0
2026-05-11 11:58:43.793 10 INFO neutron.db.ovn_revision_numbers_db [None req-170b098a-4b03-4b94-b0ee-b825be1ff13f 21f213de4a904c03bf20b2f226e2c45a 1c5074aad43e4f538ffabfc416f3d63b - - default default] Successfully bumped revision number for resource ea5fb0da-d80b-4630-9402-7440134dfb19 (type: security_group_rules) to 0
2026-05-11 11:58:43.847 10 INFO neutron.api.wsgi [None req-170b098a-4b03-4b94-b0ee-b825be1ff13f 21f213de4a904c03bf20b2f226e2c45a 1c5074aad43e4f538ffabfc416f3d63b - - default default] 10.0.0.95 "GET /v2.0/security-groups?tenant_id=f078b0033fd74cc5acd4306dcc9a6797&name=default HTTP/1.1" status: 200 len: 3120 time: 0.4479733
2026-05-11 11:58:44.018 10 WARNING neutron.plugins.ml2.drivers.ovn.mech_driver.ovsdb.ovn_client [None req-0535ec7f-fcd7-4494-9b1f-75dab44850a9 - - - - - -] No port found with ID c4ccbd6e-4529-400e-b6f3-43c6a6508a1c: RuntimeError: No port found with ID c4ccbd6e-4529-400e-b6f3-43c6a6508a1c
2026-05-11 11:58:44.086 9 INFO neutron.api.wsgi [None req-2c2cabf9-0b96-41c3-b6e1-6cd679fab535 21f213de4a904c03bf20b2f226e2c45a 1c5074aad43e4f538ffabfc416f3d63b - - default default] 10.0.0.95 "DELETE /v2.0/security-groups/ececb69a-6371-4ca1-824a-218b4cd72bb1 HTTP/1.1" status: 204 len: 168 time: 0.2318931
2026-05-11 11:58:44.321 10 INFO neutron.api.wsgi [None req-1a016536-cd17-45ae-be28-1cdd5be806f8 21f213de4a904c03bf20b2f226e2c45a 1c5074aad43e4f538ffabfc416f3d63b - - default default] 10.0.0.95 "DELETE /v2.0/routers/7aa51be2-ab9e-4c36-b53e-370c595145d9 HTTP/1.1" status: 204 len: 168 time: 0.8531332 /var/lib/openstack/lib/python3.12/site-packages/pycadf/identifier.py:71: UserWarning: Invalid uuid: neutron. To ensure interoperability, identifiers should be a valid uuid. warnings.warn(('Invalid uuid: %s. To ensure interoperability, '
2026-05-11 11:58:44.764 10 INFO neutron.api.wsgi [None req-70c7d0ac-f68a-4fcf-b532-1c993d78b3dd 21f213de4a904c03bf20b2f226e2c45a 1c5074aad43e4f538ffabfc416f3d63b - - default default] 10.0.0.95 "DELETE /v2.0/subnets/f8a37623-14d7-4992-83db-975e9d074e76 HTTP/1.1" status: 204 len: 168 time: 0.4366295
2026-05-11 11:58:45.049 9 INFO neutron.services.segments.plugin [-] Segment 97e3a942-42cc-4836-9b20-a687ef17d98b resource provider aggregate not found
2026-05-11 11:58:45.053 9 INFO neutron.services.segments.plugin [-] Segment 97e3a942-42cc-4836-9b20-a687ef17d98b resource provider aggregate not found
2026-05-11 11:58:45.063 9 INFO neutron.services.segments.plugin [-] Segment 97e3a942-42cc-4836-9b20-a687ef17d98b resource provider not found; error: Placement Client Error (4xx): {"errors": [{"status": 404, "title": "Not Found", "detail": "The resource could not be found.\n\n No resource provider with uuid 97e3a942-42cc-4836-9b20-a687ef17d98b found for delete ", "request_id": "req-a8705712-b0ac-4bb1-8b0c-0b92b21f60e0"}]}
2026-05-11 11:58:45.074 9 INFO neutron.services.segments.plugin [-] Segment 97e3a942-42cc-4836-9b20-a687ef17d98b resource provider not found; error: Placement Client Error (4xx): {"errors": [{"status": 404, "title": "Not Found", "detail": "The resource could not be found.\n\n No resource provider with uuid 97e3a942-42cc-4836-9b20-a687ef17d98b found for delete ", "request_id": "req-2490b571-a52d-4499-a4cf-e77a128de51b"}]}
2026-05-11 11:58:45.090 10 INFO neutron.api.wsgi [None req-5e5b5ea9-f7a9-4560-b59d-0bea2077dae9 21f213de4a904c03bf20b2f226e2c45a 1c5074aad43e4f538ffabfc416f3d63b - - default default] 10.0.0.95 "PUT /v2.0/routers/c3d65bd0-d7cb-4a2b-8eb2-19e1ed0482f4/remove_router_interface HTTP/1.1" status: 200 len: 503 time: 1.3840823
2026-05-11 11:58:45.094 9 INFO neutron.api.wsgi [None req-6c78fc10-a334-4bf0-afbf-12a1e2cb3a57 21f213de4a904c03bf20b2f226e2c45a 1c5074aad43e4f538ffabfc416f3d63b - - default default] 10.0.0.95 "DELETE /v2.0/networks/dd071280-c2ad-490c-aa7a-84d867729d05 HTTP/1.1" status: 204 len: 168 time: 0.3262596 /var/lib/openstack/lib/python3.12/site-packages/pycadf/identifier.py:71: UserWarning: Invalid uuid: neutron. To ensure interoperability, identifiers should be a valid uuid. warnings.warn(('Invalid uuid: %s. To ensure interoperability, '
2026-05-11 11:58:45.201 10 INFO neutron.api.wsgi [None req-bf83c947-51b5-4019-bccc-d10df59e4b4e 21f213de4a904c03bf20b2f226e2c45a 1c5074aad43e4f538ffabfc416f3d63b - - default default] 10.0.0.95 "GET /v2.0/security-groups?tenant_id=a8c65ab2a1d146dfbdafb6c5fe29b6e5&name=default HTTP/1.1" status: 200 len: 3120 time: 0.0365264
2026-05-11 11:58:45.395 10 INFO neutron.api.wsgi [None req-284e4631-0189-4f03-b7eb-c47e2cc81b22 21f213de4a904c03bf20b2f226e2c45a 1c5074aad43e4f538ffabfc416f3d63b - - default default] 10.0.0.95 "DELETE /v2.0/security-groups/6d168ebe-a94d-4886-9930-b32aea5969b5 HTTP/1.1" status: 204 len: 168 time: 0.1891484
2026-05-11 11:58:45.759 9 INFO neutron.api.wsgi [None req-9ee2ab5d-2a68-4f0d-a4d6-6ccfce8b69cb 21f213de4a904c03bf20b2f226e2c45a 1c5074aad43e4f538ffabfc416f3d63b - - default default] 10.0.0.95 "DELETE /v2.0/routers/c3d65bd0-d7cb-4a2b-8eb2-19e1ed0482f4 HTTP/1.1" status: 204 len: 168 time: 0.6606195
2026-05-11 11:58:45.899 9 INFO neutron.api.wsgi [None req-a7392e9a-5cfd-49b1-8062-833c0dce40b9 21f213de4a904c03bf20b2f226e2c45a 1c5074aad43e4f538ffabfc416f3d63b - - default default] 10.0.0.95 "DELETE /v2.0/subnets/74f54736-66be-4d64-aef2-094be880fe9f HTTP/1.1" status: 204 len: 168 time: 0.1365380
2026-05-11 11:58:46.180 9 INFO neutron.api.wsgi [None req-98aa93f8-14a8-41da-8923-657c32fbedcb 21f213de4a904c03bf20b2f226e2c45a 1c5074aad43e4f538ffabfc416f3d63b - - default default] 10.0.0.95 "DELETE /v2.0/networks/e952612a-fc5c-4d00-b557-4ecac2427737 HTTP/1.1" status: 204 len: 168 time: 0.2767584
2026-05-11 11:58:46.305 10 INFO neutron.api.wsgi [None req-7c082d80-babd-46d3-a7eb-408bad8010e3 21f213de4a904c03bf20b2f226e2c45a 1c5074aad43e4f538ffabfc416f3d63b - - default default] 10.0.0.95 "GET /v2.0/security-groups?tenant_id=c4699b0690294166ab5288eebc8cdb33&name=default HTTP/1.1" status: 200 len: 3120 time: 0.0289342
2026-05-11 11:58:46.478 10 INFO neutron.api.wsgi [None req-0b9ed720-b62a-4d49-99eb-fc036fd7efff 21f213de4a904c03bf20b2f226e2c45a 1c5074aad43e4f538ffabfc416f3d63b - - default default] 10.0.0.95 "DELETE /v2.0/security-groups/dc3ae1b8-804f-47b7-9649-764705d02272 HTTP/1.1" status: 204 len: 168 time: 0.1674297
2026-05-11 11:58:47.095 9 INFO neutron.services.segments.plugin [-] Segment 938d8544-2afc-4411-ab2e-c1971856f026 resource provider aggregate not found
2026-05-11 11:58:47.104 9 INFO neutron.services.segments.plugin [-] Segment 938d8544-2afc-4411-ab2e-c1971856f026 resource provider aggregate not found
2026-05-11 11:58:47.116 9 INFO neutron.services.segments.plugin [-] Segment 938d8544-2afc-4411-ab2e-c1971856f026 resource provider not found; error: Placement Client Error (4xx): {"errors": [{"status": 404, "title": "Not Found", "detail": "The resource could not be found.\n\n No resource provider with uuid 938d8544-2afc-4411-ab2e-c1971856f026 found for delete ", "request_id": "req-a108bcd7-a393-41a5-b69f-d0a800665b1e"}]}
2026-05-11 11:58:47.117 9 INFO neutron.services.segments.plugin [-] Segment 938d8544-2afc-4411-ab2e-c1971856f026 resource provider not found; error: Placement Client Error (4xx): {"errors": [{"status": 404, "title": "Not Found", "detail": "The resource could not be found.\n\n No resource provider with uuid 938d8544-2afc-4411-ab2e-c1971856f026 found for delete ", "request_id": "req-c4f21a7b-5aba-4694-a52e-81accac32663"}]}
2026-05-11 11:58:47.310 10 INFO neutron.db.ovn_revision_numbers_db [None req-fd47ea93-29eb-49aa-9e9a-4e3977a56dcb 21f213de4a904c03bf20b2f226e2c45a 1c5074aad43e4f538ffabfc416f3d63b - - default default] Successfully bumped revision number for resource 2f18649b-596d-4a86-b4e8-d8298dedcf97 (type: security_groups) to 1
2026-05-11 11:58:47.323 10 INFO neutron.db.ovn_revision_numbers_db [None req-fd47ea93-29eb-49aa-9e9a-4e3977a56dcb 21f213de4a904c03bf20b2f226e2c45a 1c5074aad43e4f538ffabfc416f3d63b - - default default] Successfully bumped revision number for resource 898d0aeb-540e-4a99-b316-54b303338060 (type: security_group_rules) to 0
2026-05-11 11:58:47.335 10 INFO neutron.db.ovn_revision_numbers_db [None req-fd47ea93-29eb-49aa-9e9a-4e3977a56dcb 21f213de4a904c03bf20b2f226e2c45a 1c5074aad43e4f538ffabfc416f3d63b - - default default] Successfully bumped revision number for resource 953f6ac9-16be-488d-aef6-339f2478ca3f (type: security_group_rules) to 0
2026-05-11 11:58:47.347 10 INFO neutron.db.ovn_revision_numbers_db [None req-fd47ea93-29eb-49aa-9e9a-4e3977a56dcb 21f213de4a904c03bf20b2f226e2c45a 1c5074aad43e4f538ffabfc416f3d63b - - default default] Successfully bumped revision number for resource 9ed9f2a4-5cb6-4291-a8ed-e54a0a623b6c (type: security_group_rules) to 0
2026-05-11 11:58:47.360 10 INFO neutron.db.ovn_revision_numbers_db [None req-fd47ea93-29eb-49aa-9e9a-4e3977a56dcb 21f213de4a904c03bf20b2f226e2c45a 1c5074aad43e4f538ffabfc416f3d63b - - default default] Successfully bumped revision number for resource ab9b4502-1efc-4440-a715-b2434cc28928 (type: security_group_rules) to 0
2026-05-11 11:58:47.432 10 INFO neutron.db.segments_db [None req-fd47ea93-29eb-49aa-9e9a-4e3977a56dcb 21f213de4a904c03bf20b2f226e2c45a 1c5074aad43e4f538ffabfc416f3d63b - - default default] Added segment 79bd6837-dde5-4248-a8f5-86019882539b of type geneve for network cfc027c2-a7a5-4767-96b4-3446e288d1a3
2026-05-11 11:58:47.594 10 INFO neutron.db.ovn_revision_numbers_db [None req-fd47ea93-29eb-49aa-9e9a-4e3977a56dcb 21f213de4a904c03bf20b2f226e2c45a 1c5074aad43e4f538ffabfc416f3d63b - - default default] Successfully bumped revision number for resource cfc027c2-a7a5-4767-96b4-3446e288d1a3 (type: networks) to 1
2026-05-11 11:58:47.761 10 WARNING neutron.scheduler.dhcp_agent_scheduler [None req-fd47ea93-29eb-49aa-9e9a-4e3977a56dcb 21f213de4a904c03bf20b2f226e2c45a 1c5074aad43e4f538ffabfc416f3d63b - - default default] No more DHCP agents
2026-05-11 11:58:47.762 10 WARNING neutron.api.rpc.agentnotifiers.dhcp_rpc_agent_api [None req-fd47ea93-29eb-49aa-9e9a-4e3977a56dcb 21f213de4a904c03bf20b2f226e2c45a 1c5074aad43e4f538ffabfc416f3d63b - - default default] Unable to schedule network cfc027c2-a7a5-4767-96b4-3446e288d1a3: no agents available; will retry on subsequent port and subnet creation events.
2026-05-11 11:58:47.825 10 INFO neutron.db.ovn_revision_numbers_db [None req-fd47ea93-29eb-49aa-9e9a-4e3977a56dcb 21f213de4a904c03bf20b2f226e2c45a 1c5074aad43e4f538ffabfc416f3d63b - - default default] Successfully bumped revision number for resource 071ea463-6825-4408-abab-d2cb7a2ce6c7 (type: ports) to 1
2026-05-11 11:58:47.846 10 INFO neutron.api.wsgi [None req-fd47ea93-29eb-49aa-9e9a-4e3977a56dcb 21f213de4a904c03bf20b2f226e2c45a 1c5074aad43e4f538ffabfc416f3d63b - - default default] 10.0.0.95 "POST /v2.0/networks HTTP/1.1" status: 201 len: 945 time: 0.7619729
2026-05-11 11:58:47.971 10 WARNING neutron.scheduler.dhcp_agent_scheduler [None req-e8d03684-6780-46cf-af7a-b012844612b7 21f213de4a904c03bf20b2f226e2c45a 1c5074aad43e4f538ffabfc416f3d63b - - default default] No more DHCP agents
2026-05-11 11:58:47.972 10 WARNING neutron.api.rpc.agentnotifiers.dhcp_rpc_agent_api [None req-e8d03684-6780-46cf-af7a-b012844612b7 21f213de4a904c03bf20b2f226e2c45a 1c5074aad43e4f538ffabfc416f3d63b - - default default] Unable to schedule network cfc027c2-a7a5-4767-96b4-3446e288d1a3: no agents available; will retry on subsequent port and subnet creation events.
2026-05-11 11:58:48.418 10 INFO neutron.db.ovn_revision_numbers_db [None req-0cc17e7a-aa89-4917-a264-ec39cdd5bc6c d3db63bcf66b40ecb41ffae89201977a 3f7a099aee5f4770a9b2bd188594cdbb - - default default] Successfully bumped revision number for resource 7492f8bc-3be5-4d48-a1d9-269e72e6914b (type: security_groups) to 1
2026-05-11 11:58:48.424 10 INFO neutron.db.ovn_revision_numbers_db [None req-f703efaf-1b78-47c7-b277-8aab3352d059 - - - - - -] Successfully bumped revision number for resource 071ea463-6825-4408-abab-d2cb7a2ce6c7 (type: ports) to 2
2026-05-11 11:58:48.435 10 INFO neutron.db.ovn_revision_numbers_db [None req-0cc17e7a-aa89-4917-a264-ec39cdd5bc6c d3db63bcf66b40ecb41ffae89201977a 3f7a099aee5f4770a9b2bd188594cdbb - - default default] Successfully bumped revision number for resource 4d4ae161-2211-428e-a39d-713c35499dc2 (type: security_group_rules) to 0
2026-05-11 11:58:48.452 10 INFO neutron.db.ovn_revision_numbers_db [None req-0cc17e7a-aa89-4917-a264-ec39cdd5bc6c d3db63bcf66b40ecb41ffae89201977a 3f7a099aee5f4770a9b2bd188594cdbb - - default default] Successfully bumped revision number for resource 7a4f918f-17cc-4516-aff8-36b04ac8d769 (type: security_group_rules) to 0
2026-05-11 11:58:48.456 10 INFO neutron.db.ovn_revision_numbers_db [None req-f703efaf-1b78-47c7-b277-8aab3352d059 - - - - - -] Successfully bumped revision number for resource 3ebd85c6-dc13-47c1-8a3c-78e968387355 (type: subnets) to 0
2026-05-11 11:58:48.464 10 INFO neutron.db.ovn_revision_numbers_db [None req-0cc17e7a-aa89-4917-a264-ec39cdd5bc6c d3db63bcf66b40ecb41ffae89201977a 3f7a099aee5f4770a9b2bd188594cdbb - - default default] Successfully bumped revision number for resource 99ed74cb-9485-480f-8193-15e680da2506 (type: security_group_rules) to 0
2026-05-11 11:58:48.471 10 INFO neutron.api.wsgi [None req-e8d03684-6780-46cf-af7a-b012844612b7 21f213de4a904c03bf20b2f226e2c45a 1c5074aad43e4f538ffabfc416f3d63b - - default default] 10.0.0.95 "POST /v2.0/subnets HTTP/1.1" status: 201 len: 889 time: 0.6199648
2026-05-11 11:58:48.479 10 INFO neutron.db.ovn_revision_numbers_db [None req-0cc17e7a-aa89-4917-a264-ec39cdd5bc6c d3db63bcf66b40ecb41ffae89201977a 3f7a099aee5f4770a9b2bd188594cdbb - - default default] Successfully bumped revision number for resource b3cc9702-6c7a-44fc-8d9d-889f0b863155 (type: security_group_rules) to 0
2026-05-11 11:58:48.552 10 INFO neutron.db.segments_db [None req-0cc17e7a-aa89-4917-a264-ec39cdd5bc6c d3db63bcf66b40ecb41ffae89201977a 3f7a099aee5f4770a9b2bd188594cdbb - - default default] Added segment a068e632-d6b6-4fdd-a4fa-ab06162312ad of type geneve for network 78c27ed8-90b5-4ab1-b889-a5f135595548
2026-05-11 11:58:48.670 10 INFO neutron.db.ovn_revision_numbers_db [None req-0cc17e7a-aa89-4917-a264-ec39cdd5bc6c d3db63bcf66b40ecb41ffae89201977a 3f7a099aee5f4770a9b2bd188594cdbb - - default default] Successfully bumped revision number for resource 78c27ed8-90b5-4ab1-b889-a5f135595548 (type: networks) to 1
2026-05-11 11:58:48.815 10 WARNING neutron.scheduler.dhcp_agent_scheduler [None req-0cc17e7a-aa89-4917-a264-ec39cdd5bc6c d3db63bcf66b40ecb41ffae89201977a 3f7a099aee5f4770a9b2bd188594cdbb - - default default] No more DHCP agents
2026-05-11 11:58:48.817 10 WARNING neutron.api.rpc.agentnotifiers.dhcp_rpc_agent_api [None req-0cc17e7a-aa89-4917-a264-ec39cdd5bc6c d3db63bcf66b40ecb41ffae89201977a 3f7a099aee5f4770a9b2bd188594cdbb - - default default] Unable to schedule network 78c27ed8-90b5-4ab1-b889-a5f135595548: no agents available; will retry on subsequent port and subnet creation events.
2026-05-11 11:58:48.881 10 INFO neutron.db.ovn_revision_numbers_db [None req-0cc17e7a-aa89-4917-a264-ec39cdd5bc6c d3db63bcf66b40ecb41ffae89201977a 3f7a099aee5f4770a9b2bd188594cdbb - - default default] Successfully bumped revision number for resource 256f8dad-a382-4b49-b6c9-d897746d9247 (type: ports) to 1
2026-05-11 11:58:48.890 9 WARNING neutron.scheduler.dhcp_agent_scheduler [None req-4b976105-1f9d-4efd-86a4-afeabcbb7aa6 21f213de4a904c03bf20b2f226e2c45a 1c5074aad43e4f538ffabfc416f3d63b - - default default] No more DHCP agents
2026-05-11 11:58:48.892 9 WARNING neutron.api.rpc.agentnotifiers.dhcp_rpc_agent_api [None req-4b976105-1f9d-4efd-86a4-afeabcbb7aa6 21f213de4a904c03bf20b2f226e2c45a 1c5074aad43e4f538ffabfc416f3d63b - - default default] Unable to schedule network 0d717159-7539-4bff-a424-916c146de2d1: no agents available; will retry on subsequent port and subnet creation events.
2026-05-11 11:58:48.901 10 INFO neutron.api.wsgi [None req-0cc17e7a-aa89-4917-a264-ec39cdd5bc6c d3db63bcf66b40ecb41ffae89201977a 3f7a099aee5f4770a9b2bd188594cdbb - - default default] 10.0.0.95 "POST /v2.0/networks HTTP/1.1" status: 201 len: 928 time: 0.7941275
2026-05-11 11:58:49.028 9 INFO neutron.db.ovn_revision_numbers_db [None req-4b976105-1f9d-4efd-86a4-afeabcbb7aa6 21f213de4a904c03bf20b2f226e2c45a 1c5074aad43e4f538ffabfc416f3d63b - - default default] Successfully bumped revision number for resource 97c2631e-73ce-4459-84f0-7615f0af5381 (type: ports) to 1
2026-05-11 11:58:49.045 10 WARNING neutron.scheduler.dhcp_agent_scheduler [None req-588de467-65c0-4719-b306-84dfd0608e46 d3db63bcf66b40ecb41ffae89201977a 3f7a099aee5f4770a9b2bd188594cdbb - - default default] No more DHCP agents
2026-05-11 11:58:49.047 10 WARNING neutron.api.rpc.agentnotifiers.dhcp_rpc_agent_api [None req-588de467-65c0-4719-b306-84dfd0608e46 d3db63bcf66b40ecb41ffae89201977a 3f7a099aee5f4770a9b2bd188594cdbb - - default default] Unable to schedule network 78c27ed8-90b5-4ab1-b889-a5f135595548: no agents available; will retry on subsequent port and subnet creation events.
2026-05-11 11:58:49.422 10 INFO neutron.db.ovn_revision_numbers_db [None req-510931b6-675c-4425-aa6a-9935751ec0f3 21f213de4a904c03bf20b2f226e2c45a 1c5074aad43e4f538ffabfc416f3d63b - - default default] Successfully bumped revision number for resource 818fdfbb-9219-49ab-a15f-28c3cf4b68c5 (type: security_groups) to 1
2026-05-11 11:58:49.434 10 INFO neutron.db.ovn_revision_numbers_db [None req-510931b6-675c-4425-aa6a-9935751ec0f3 21f213de4a904c03bf20b2f226e2c45a 1c5074aad43e4f538ffabfc416f3d63b - - default default] Successfully bumped revision number for resource 0e93f130-69be-4add-9ffb-007961f09b2e (type: security_group_rules) to 0
