2026-05-11 11:58:08.031 9 INFO neutron.pecan_wsgi.hooks.translation [None req-4ea653e2-4364-427a-80e4-99a22416c183 fb0f2084ead243699b3f95125b04f634 61325c71f2ac42379292af69106c3b2a - - default default] GET failed (client error): The resource could not be found.
2026-05-11 11:58:08.032 9 INFO neutron.api.wsgi [None req-4ea653e2-4364-427a-80e4-99a22416c183 fb0f2084ead243699b3f95125b04f634 61325c71f2ac42379292af69106c3b2a - - default default] 10.0.0.95 "GET /v2.0/ports/935e12b9-403d-4629-afa7-0db629cc731c HTTP/1.1" status: 404 len: 333 time: 0.0246172
2026-05-11 11:58:08.043 9 INFO neutron.services.segments.plugin [-] Segment c7e3f846-61c9-43de-8c40-89b00570692c resource provider aggregate not found
2026-05-11 11:58:08.047 9 INFO neutron.services.segments.plugin [-] Segment c7e3f846-61c9-43de-8c40-89b00570692c resource provider aggregate not found
2026-05-11 11:58:08.058 9 INFO neutron.services.segments.plugin [-] Segment c7e3f846-61c9-43de-8c40-89b00570692c resource provider not found; error: Placement Client Error (4xx): {"errors": [{"status": 404, "title": "Not Found", "detail": "The resource could not be found.\n\n No resource provider with uuid c7e3f846-61c9-43de-8c40-89b00570692c found for delete ", "request_id": "req-4efc8cd9-2b65-449b-bbd8-3dcc577313a3"}]}
2026-05-11 11:58:08.061 9 INFO neutron.services.segments.plugin [-] Segment c7e3f846-61c9-43de-8c40-89b00570692c resource provider not found; error: Placement Client Error (4xx): {"errors": [{"status": 404, "title": "Not Found", "detail": "The resource could not be found.\n\n No resource provider with uuid c7e3f846-61c9-43de-8c40-89b00570692c found for delete ", "request_id": "req-e1cddea5-f2af-49a0-9b48-6013441bafc6"}]}
2026-05-11 11:58:08.075 9 INFO neutron.api.wsgi [None req-14f04033-90df-4176-8fd6-23ec0d08885d 4ccaf9486abf464b8c2976582171d2fe 8ce1e5ad470749bb8fa6674232070351 - - default default] 10.0.0.95 "DELETE /v2.0/networks/343ac373-97c0-4beb-b0f2-c5dc3d564b51 HTTP/1.1" status: 204 len: 168 time: 0.3324404
2026-05-11 11:58:08.102 10 INFO neutron.api.wsgi [None req-1fc6b06b-d719-40e0-8748-e92e51eb90c0 fb0f2084ead243699b3f95125b04f634 61325c71f2ac42379292af69106c3b2a - - default default] 10.0.0.95 "GET /v2.0/ports HTTP/1.1" status: 200 len: 1731 time: 0.0637248
2026-05-11 11:58:08.108 10 INFO neutron.api.wsgi [req-8fe7e658-a36e-478d-9058-f88caef60b12 req-d02319e5-004e-44fd-89a9-b3aeef51fadd 809cf25aef014c70a33575d03438502a 4d84f3a64a514c519958f60461837ded - - default default] 10.0.0.123 "GET /v2.0/ports?device_id=230eb91d-22b0-43e4-9ddc-6d3d08e2287d HTTP/1.1" status: 200 len: 1168 time: 0.0596602
2026-05-11 11:58:08.128 9 INFO neutron.api.wsgi [None req-c3f315bb-806c-4b66-984b-08a49bebf4a2 4ccaf9486abf464b8c2976582171d2fe 8ce1e5ad470749bb8fa6674232070351 - - default default] 10.0.0.95 "GET /v2.0/networks HTTP/1.1" status: 200 len: 845 time: 0.0484400
2026-05-11 11:58:08.140 9 INFO neutron.api.wsgi [None req-bfbc1e76-f6ba-49de-88e8-030a1fc39ba6 fb0f2084ead243699b3f95125b04f634 61325c71f2ac42379292af69106c3b2a - - default default] 10.0.0.95 "GET /v2.0/ports/62ad2851-47be-4907-a79d-a54de3a50d03 HTTP/1.1" status: 200 len: 971 time: 0.0307207
2026-05-11 11:58:08.140 10 WARNING neutron_lib.context [None req-537fca82-89b1-4930-8116-bf98afc83fcf 4ccaf9486abf464b8c2976582171d2fe 8ce1e5ad470749bb8fa6674232070351 - - default default] Method 'is_advsvc' is deprecated since 2023.2 release (neutron-lib 3.8.0) and will be removed once support for the old RBAC API policies will be removed from Neutron. Please use method 'is_service_role' instead.
2026-05-11 11:58:08.160 10 INFO neutron.api.wsgi [None req-87a435b3-c59d-46cc-8c8c-6218e2fa0957 21f213de4a904c03bf20b2f226e2c45a 1c5074aad43e4f538ffabfc416f3d63b - - default default] 10.0.0.95 "DELETE /v2.0/routers/30d00ff5-4538-4237-9e27-59f88fcebd4d HTTP/1.1" status: 204 len: 168 time: 0.8558900
2026-05-11 11:58:08.161 9 INFO neutron.pecan_wsgi.hooks.translation [None req-134aba6d-51ef-4f80-9054-c715aabcbfdb fb0f2084ead243699b3f95125b04f634 61325c71f2ac42379292af69106c3b2a - - default default] DELETE failed (client error): The resource could not be found.
2026-05-11 11:58:08.164 9 INFO neutron.api.wsgi [None req-134aba6d-51ef-4f80-9054-c715aabcbfdb fb0f2084ead243699b3f95125b04f634 61325c71f2ac42379292af69106c3b2a - - default default] 10.0.0.95 "DELETE /v2.0/ports/248c86df-3357-44bf-b08e-8589e21b9c73 HTTP/1.1" status: 404 len: 333 time: 0.0182307
2026-05-11 11:58:08.167 10 INFO neutron.api.wsgi [req-8fe7e658-a36e-478d-9058-f88caef60b12 req-2e44e5b1-0eb4-4a52-b974-5bb64f58e474 809cf25aef014c70a33575d03438502a 4d84f3a64a514c519958f60461837ded - - default default] 10.0.0.123 "GET /v2.0/security-groups?id=64c95d8f-c037-4deb-bacf-de14521dc083&fields=id&fields=name HTTP/1.1" status: 200 len: 312 time: 0.0476897
2026-05-11 11:58:08.182 10 INFO neutron.pecan_wsgi.hooks.translation [None req-b3484011-a708-4be2-84b3-8422c4824ee0 fb0f2084ead243699b3f95125b04f634 61325c71f2ac42379292af69106c3b2a - - default default] DELETE failed (client error): The resource could not be found.
2026-05-11 11:58:08.184 10 INFO neutron.api.wsgi [None req-b3484011-a708-4be2-84b3-8422c4824ee0 fb0f2084ead243699b3f95125b04f634 61325c71f2ac42379292af69106c3b2a - - default default] 10.0.0.95 "DELETE /v2.0/subnets/423ea2f3-2d78-45ea-b8c3-301b60e80c18 HTTP/1.1" status: 404 len: 337 time: 0.0150645
2026-05-11 11:58:08.200 10 INFO neutron.pecan_wsgi.hooks.translation [None req-de347533-e1d8-4bf7-8559-e4b503aee084 fb0f2084ead243699b3f95125b04f634 61325c71f2ac42379292af69106c3b2a - - default default] DELETE failed (client error): The resource could not be found.
2026-05-11 11:58:08.203 10 INFO neutron.api.wsgi [None req-de347533-e1d8-4bf7-8559-e4b503aee084 fb0f2084ead243699b3f95125b04f634 61325c71f2ac42379292af69106c3b2a - - default default] 10.0.0.95 "DELETE /v2.0/subnets/2eb76398-b5f9-4c7c-9190-a86776fd71c9 HTTP/1.1" status: 404 len: 337 time: 0.0138364
2026-05-11 11:58:08.234 10 INFO neutron.db.segments_db [None req-537fca82-89b1-4930-8116-bf98afc83fcf 4ccaf9486abf464b8c2976582171d2fe 8ce1e5ad470749bb8fa6674232070351 - - default default] Added segment 4f2c4b81-8ecb-4be4-b7b9-30354b08e2ee of type geneve for network 0ee49d6e-2fd6-487f-b649-84036a0c3e1b
2026-05-11 11:58:08.343 10 INFO neutron.db.ovn_revision_numbers_db [None req-537fca82-89b1-4930-8116-bf98afc83fcf 4ccaf9486abf464b8c2976582171d2fe 8ce1e5ad470749bb8fa6674232070351 - - default default] Successfully bumped revision number for resource 0ee49d6e-2fd6-487f-b649-84036a0c3e1b (type: networks) to 1
2026-05-11 11:58:08.350 9 INFO neutron.api.wsgi [None req-1240677c-fe8a-4ab7-9edc-d5f4a912e5df 21f213de4a904c03bf20b2f226e2c45a 1c5074aad43e4f538ffabfc416f3d63b - - default default] 10.0.0.95 "DELETE /v2.0/subnets/6d582de8-4344-497b-b456-20b0ef77f1c0 HTTP/1.1" status: 204 len: 168 time: 0.1834126
2026-05-11 11:58:08.430 9 INFO neutron.api.wsgi [None req-fdaf582a-9429-4387-aeff-10a1cf53a643 fb0f2084ead243699b3f95125b04f634 61325c71f2ac42379292af69106c3b2a - - default default] 10.0.0.95 "DELETE /v2.0/ports/62ad2851-47be-4907-a79d-a54de3a50d03 HTTP/1.1" status: 204 len: 168 time: 0.2212565
2026-05-11 11:58:08.488 10 WARNING neutron.scheduler.dhcp_agent_scheduler [None req-537fca82-89b1-4930-8116-bf98afc83fcf 4ccaf9486abf464b8c2976582171d2fe 8ce1e5ad470749bb8fa6674232070351 - - default default] No more DHCP agents
2026-05-11 11:58:08.493 10 WARNING neutron.api.rpc.agentnotifiers.dhcp_rpc_agent_api [None req-537fca82-89b1-4930-8116-bf98afc83fcf 4ccaf9486abf464b8c2976582171d2fe 8ce1e5ad470749bb8fa6674232070351 - - default default] Unable to schedule network 0ee49d6e-2fd6-487f-b649-84036a0c3e1b: no agents available; will retry on subsequent port and subnet creation events.
2026-05-11 11:58:08.536 10 INFO neutron.api.wsgi [req-20084dec-ae07-423a-86c9-fb3ccbc6a293 req-f1d6046b-3779-47a9-8a65-e2c9d537fb64 809cf25aef014c70a33575d03438502a 4d84f3a64a514c519958f60461837ded - - default default] 199.204.45.72 "GET /v2.0/ports?device_id=230eb91d-22b0-43e4-9ddc-6d3d08e2287d HTTP/1.1" status: 200 len: 1168 time: 0.0341098
2026-05-11 11:58:08.572 10 INFO neutron.db.ovn_revision_numbers_db [None req-537fca82-89b1-4930-8116-bf98afc83fcf 4ccaf9486abf464b8c2976582171d2fe 8ce1e5ad470749bb8fa6674232070351 - - default default] Successfully bumped revision number for resource 133a04c3-4cfc-4c3e-9293-f8e474207f2b (type: ports) to 1
2026-05-11 11:58:08.597 10 INFO neutron.api.wsgi [None req-537fca82-89b1-4930-8116-bf98afc83fcf 4ccaf9486abf464b8c2976582171d2fe 8ce1e5ad470749bb8fa6674232070351 - - default default] 10.0.0.95 "POST /v2.0/networks HTTP/1.1" status: 201 len: 853 time: 0.4617069
2026-05-11 11:58:08.604 10 WARNING neutron_lib.context [None req-ad862ee1-b470-45e1-b45d-e432df58f9ef 4ccaf9486abf464b8c2976582171d2fe 8ce1e5ad470749bb8fa6674232070351 - - default default] Method 'is_advsvc' is deprecated since 2023.2 release (neutron-lib 3.8.0) and will be removed once support for the old RBAC API policies will be removed from Neutron. Please use method 'is_service_role' instead.
2026-05-11 11:58:08.693 9 INFO neutron.api.wsgi [None req-db27e3ad-30e9-41e1-b10f-f51a38dc5464 21f213de4a904c03bf20b2f226e2c45a 1c5074aad43e4f538ffabfc416f3d63b - - default default] 10.0.0.95 "DELETE /v2.0/networks/6eb973dd-58d6-47ad-9a9a-92843620db4f HTTP/1.1" status: 204 len: 168 time: 0.3345618
2026-05-11 11:58:08.697 10 INFO neutron.db.segments_db [None req-ad862ee1-b470-45e1-b45d-e432df58f9ef 4ccaf9486abf464b8c2976582171d2fe 8ce1e5ad470749bb8fa6674232070351 - - default default] Added segment 1f0d4a1e-8dfc-4627-b513-6548df79b8e5 of type geneve for network 095ce73d-4ff0-42ea-9e13-bea6f2777119
2026-05-11 11:58:08.764 9 INFO neutron.api.wsgi [None req-a2a1d716-bf7f-4b4f-a83d-8de02c7f5f63 fb0f2084ead243699b3f95125b04f634 61325c71f2ac42379292af69106c3b2a - - default default] 10.0.0.95 "DELETE /v2.0/networks/d8796144-0e9f-46b6-a977-6ad94cb9c293 HTTP/1.1" status: 204 len: 168 time: 0.3288054
2026-05-11 11:58:08.877 10 INFO neutron.db.ovn_revision_numbers_db [None req-ad862ee1-b470-45e1-b45d-e432df58f9ef 4ccaf9486abf464b8c2976582171d2fe 8ce1e5ad470749bb8fa6674232070351 - - default default] Successfully bumped revision number for resource 095ce73d-4ff0-42ea-9e13-bea6f2777119 (type: networks) to 1
2026-05-11 11:58:08.892 10 INFO neutron.db.l3_db [req-20084dec-ae07-423a-86c9-fb3ccbc6a293 req-c60056e5-a66c-4f4c-b535-22a070ac5078 809cf25aef014c70a33575d03438502a 4d84f3a64a514c519958f60461837ded - - default default] Floating IP 2b5b77cc-e5a3-4787-b854-995a5a11f078 disassociated. External IP: 10.96.250.201, port: 8f671264-1f71-4b58-b43f-ad5a5be84551.
2026-05-11 11:58:08.895 9 INFO neutron.api.wsgi [None req-e1aa2577-70dc-428c-8ff9-26718cc353f2 21f213de4a904c03bf20b2f226e2c45a 1c5074aad43e4f538ffabfc416f3d63b - - default default] 10.0.0.95 "GET /v2.0/security-groups?tenant_id=7e1a2800b1214512b22c9dec0ceef0af&name=default HTTP/1.1" status: 200 len: 3120 time: 0.0399141
2026-05-11 11:58:09.019 10 INFO neutron.api.wsgi [req-20084dec-ae07-423a-86c9-fb3ccbc6a293 req-c60056e5-a66c-4f4c-b535-22a070ac5078 809cf25aef014c70a33575d03438502a 4d84f3a64a514c519958f60461837ded - - default default] 199.204.45.72 "DELETE /v2.0/ports/8f671264-1f71-4b58-b43f-ad5a5be84551 HTTP/1.1" status: 204 len: 173 time: 0.4781744
2026-05-11 11:58:09.033 10 INFO neutron.services.segments.plugin [-] Segment de12c07f-9e3c-4639-aea3-5145fb660655 resource provider aggregate not found
2026-05-11 11:58:09.037 10 INFO neutron.services.segments.plugin [-] Segment de12c07f-9e3c-4639-aea3-5145fb660655 resource provider aggregate not found
2026-05-11 11:58:09.044 10 INFO neutron.services.segments.plugin [-] Segment de12c07f-9e3c-4639-aea3-5145fb660655 resource provider not found; error: Placement Client Error (4xx): {"errors": [{"status": 404, "title": "Not Found", "detail": "The resource could not be found.\n\n No resource provider with uuid de12c07f-9e3c-4639-aea3-5145fb660655 found for delete ", "request_id": "req-015f5874-5ad1-453e-a5a5-566828a26363"}]}
2026-05-11 11:58:09.048 10 INFO neutron.services.segments.plugin [-] Segment de12c07f-9e3c-4639-aea3-5145fb660655 resource provider not found; error: Placement Client Error (4xx): {"errors": [{"status": 404, "title": "Not Found", "detail": "The resource could not be found.\n\n No resource provider with uuid de12c07f-9e3c-4639-aea3-5145fb660655 found for delete ", "request_id": "req-d422df1f-c5a8-4b02-8c44-f017fc066d63"}]}
2026-05-11 11:58:09.053 10 WARNING neutron.scheduler.dhcp_agent_scheduler [None req-ad862ee1-b470-45e1-b45d-e432df58f9ef 4ccaf9486abf464b8c2976582171d2fe 8ce1e5ad470749bb8fa6674232070351 - - default default] No more DHCP agents
2026-05-11 11:58:09.054 10 WARNING neutron.api.rpc.agentnotifiers.dhcp_rpc_agent_api [None req-ad862ee1-b470-45e1-b45d-e432df58f9ef 4ccaf9486abf464b8c2976582171d2fe 8ce1e5ad470749bb8fa6674232070351 - - default default] Unable to schedule network 095ce73d-4ff0-42ea-9e13-bea6f2777119: no agents available; will retry on subsequent port and subnet creation events.
2026-05-11 11:58:09.101 9 INFO neutron.api.wsgi [None req-7d6fd357-e286-499f-9a80-39db9621e8ea 21f213de4a904c03bf20b2f226e2c45a 1c5074aad43e4f538ffabfc416f3d63b - - default default] 10.0.0.95 "DELETE /v2.0/security-groups/440119bb-d333-4151-b860-af6161015628 HTTP/1.1" status: 204 len: 168 time: 0.1961026
2026-05-11 11:58:09.116 10 INFO neutron.db.ovn_revision_numbers_db [None req-ad862ee1-b470-45e1-b45d-e432df58f9ef 4ccaf9486abf464b8c2976582171d2fe 8ce1e5ad470749bb8fa6674232070351 - - default default] Successfully bumped revision number for resource bfcef4dd-ffd1-4ea2-94bd-15ff4a9ec84e (type: ports) to 1
2026-05-11 11:58:09.137 10 INFO neutron.api.wsgi [None req-ad862ee1-b470-45e1-b45d-e432df58f9ef 4ccaf9486abf464b8c2976582171d2fe 8ce1e5ad470749bb8fa6674232070351 - - default default] 10.0.0.95 "POST /v2.0/networks HTTP/1.1" status: 201 len: 852 time: 0.5360472
2026-05-11 11:58:09.159 9 WARNING neutron_lib.context [None req-9549fc93-8ac4-455f-9584-747a6b8c6021 4ccaf9486abf464b8c2976582171d2fe 8ce1e5ad470749bb8fa6674232070351 - - default default] Method 'is_advsvc' is deprecated since 2023.2 release (neutron-lib 3.8.0) and will be removed once support for the old RBAC API policies will be removed from Neutron. Please use method 'is_service_role' instead.
2026-05-11 11:58:09.181 9 WARNING neutron_lib.context [None req-9549fc93-8ac4-455f-9584-747a6b8c6021 4ccaf9486abf464b8c2976582171d2fe 8ce1e5ad470749bb8fa6674232070351 - - default default] Method 'is_advsvc' is deprecated since 2023.2 release (neutron-lib 3.8.0) and will be removed once support for the old RBAC API policies will be removed from Neutron. Please use method 'is_service_role' instead.
2026-05-11 11:58:09.254 9 INFO neutron.api.wsgi [req-3c2b1984-a18f-4b91-bfe8-1d6b6014252a req-e7aeb460-7740-4c0e-86b2-1158a17a0552 809cf25aef014c70a33575d03438502a 4d84f3a64a514c519958f60461837ded - - default default] 10.0.0.123 "GET /v2.0/ports?device_id=230eb91d-22b0-43e4-9ddc-6d3d08e2287d HTTP/1.1" status: 200 len: 210 time: 0.0139666 /var/lib/openstack/lib/python3.12/site-packages/pycadf/identifier.py:71: UserWarning: Invalid uuid: neutron. To ensure interoperability, identifiers should be a valid uuid. warnings.warn(('Invalid uuid: %s. To ensure interoperability, '
2026-05-11 11:58:09.547 10 INFO neutron.api.wsgi [None req-2297234c-b0a1-4f22-a736-1665ee0b564d 21f213de4a904c03bf20b2f226e2c45a 1c5074aad43e4f538ffabfc416f3d63b - - default default] 10.0.0.95 "GET /v2.0/security-groups?tenant_id=61325c71f2ac42379292af69106c3b2a&name=default HTTP/1.1" status: 200 len: 3120 time: 0.2052233 /var/lib/openstack/lib/python3.12/site-packages/pycadf/identifier.py:71: UserWarning: Invalid uuid: neutron. To ensure interoperability, identifiers should be a valid uuid. warnings.warn(('Invalid uuid: %s. To ensure interoperability, '
2026-05-11 11:58:09.579 10 INFO neutron.notifiers.nova [-] Nova event matching ['req-0c3fe414-d21d-481f-b354-7555264547eb'] response: {'server_uuid': '230eb91d-22b0-43e4-9ddc-6d3d08e2287d', 'name': 'network-vif-unplugged', 'status': 'completed', 'tag': '8f671264-1f71-4b58-b43f-ad5a5be84551', 'code': 200}
2026-05-11 11:58:09.580 10 INFO neutron.notifiers.nova [-] Nova event matching ['req-0c3fe414-d21d-481f-b354-7555264547eb'] response: {'server_uuid': '230eb91d-22b0-43e4-9ddc-6d3d08e2287d', 'name': 'network-vif-deleted', 'tag': '8f671264-1f71-4b58-b43f-ad5a5be84551', 'status': 'completed', 'code': 200}
2026-05-11 11:58:09.605 9 WARNING neutron.scheduler.dhcp_agent_scheduler [None req-9549fc93-8ac4-455f-9584-747a6b8c6021 4ccaf9486abf464b8c2976582171d2fe 8ce1e5ad470749bb8fa6674232070351 - - default default] No more DHCP agents
2026-05-11 11:58:09.606 9 WARNING neutron.api.rpc.agentnotifiers.dhcp_rpc_agent_api [None req-9549fc93-8ac4-455f-9584-747a6b8c6021 4ccaf9486abf464b8c2976582171d2fe 8ce1e5ad470749bb8fa6674232070351 - - default default] Unable to schedule network 0ee49d6e-2fd6-487f-b649-84036a0c3e1b: no agents available; will retry on subsequent port and subnet creation events.
2026-05-11 11:58:09.683 9 INFO neutron.db.ovn_revision_numbers_db [None req-9549fc93-8ac4-455f-9584-747a6b8c6021 4ccaf9486abf464b8c2976582171d2fe 8ce1e5ad470749bb8fa6674232070351 - - default default] Successfully bumped revision number for resource 30085833-b231-451e-88bf-473538657c36 (type: ports) to 1
2026-05-11 11:58:09.904 9 WARNING neutron.scheduler.dhcp_agent_scheduler [None req-9549fc93-8ac4-455f-9584-747a6b8c6021 4ccaf9486abf464b8c2976582171d2fe 8ce1e5ad470749bb8fa6674232070351 - - default default] No more DHCP agents
2026-05-11 11:58:09.906 9 WARNING neutron.api.rpc.agentnotifiers.dhcp_rpc_agent_api [None req-9549fc93-8ac4-455f-9584-747a6b8c6021 4ccaf9486abf464b8c2976582171d2fe 8ce1e5ad470749bb8fa6674232070351 - - default default] Unable to schedule network 095ce73d-4ff0-42ea-9e13-bea6f2777119: no agents available; will retry on subsequent port and subnet creation events.
2026-05-11 11:58:09.965 9 INFO neutron.api.wsgi [None req-1be59efd-f6ff-4f36-be75-abec90f14634 21f213de4a904c03bf20b2f226e2c45a 1c5074aad43e4f538ffabfc416f3d63b - - default default] 10.0.0.95 "DELETE /v2.0/security-groups/9a859a92-6c39-4081-b900-c3cc2c84434f HTTP/1.1" status: 204 len: 168 time: 0.4120076
2026-05-11 11:58:09.969 9 INFO neutron.db.ovn_revision_numbers_db [None req-9549fc93-8ac4-455f-9584-747a6b8c6021 4ccaf9486abf464b8c2976582171d2fe 8ce1e5ad470749bb8fa6674232070351 - - default default] Successfully bumped revision number for resource 51d9762f-7a71-4b62-b12c-22366cd5f75d (type: ports) to 1
2026-05-11 11:58:09.991 9 INFO neutron.api.wsgi [None req-9549fc93-8ac4-455f-9584-747a6b8c6021 4ccaf9486abf464b8c2976582171d2fe 8ce1e5ad470749bb8fa6674232070351 - - default default] 10.0.0.95 "POST /v2.0/ports HTTP/1.1" status: 201 len: 1705 time: 0.8369865 /var/lib/openstack/lib/python3.12/site-packages/pycadf/identifier.py:71: UserWarning: Invalid uuid: neutron. To ensure interoperability, identifiers should be a valid uuid. warnings.warn(('Invalid uuid: %s. To ensure interoperability, '
2026-05-11 11:58:10.071 9 INFO neutron.services.segments.plugin [-] Segment 26fd1b6e-4e4b-4603-9232-e68ba9f0bbeb resource provider aggregate not found
2026-05-11 11:58:10.078 9 INFO neutron.services.segments.plugin [-] Segment 26fd1b6e-4e4b-4603-9232-e68ba9f0bbeb resource provider aggregate not found
2026-05-11 11:58:10.082 9 INFO neutron.services.segments.plugin [-] Segment 26fd1b6e-4e4b-4603-9232-e68ba9f0bbeb resource provider not found; error: Placement Client Error (4xx): {"errors": [{"status": 404, "title": "Not Found", "detail": "The resource could not be found.\n\n No resource provider with uuid 26fd1b6e-4e4b-4603-9232-e68ba9f0bbeb found for delete ", "request_id": "req-1004bff5-79c3-4ba9-bcce-c99c244487a3"}]}
2026-05-11 11:58:10.090 9 INFO neutron.api.wsgi [None req-9b5f602f-e985-4f08-8b9f-e3a969f77403 4ccaf9486abf464b8c2976582171d2fe 8ce1e5ad470749bb8fa6674232070351 - - default default] 10.0.0.95 "GET /v2.0/ports HTTP/1.1" status: 200 len: 3212 time: 0.0939157
2026-05-11 11:58:10.091 9 INFO neutron.services.segments.plugin [-] Segment 26fd1b6e-4e4b-4603-9232-e68ba9f0bbeb resource provider not found; error: Placement Client Error (4xx): {"errors": [{"status": 404, "title": "Not Found", "detail": "The resource could not be found.\n\n No resource provider with uuid 26fd1b6e-4e4b-4603-9232-e68ba9f0bbeb found for delete ", "request_id": "req-d5a18c19-bedc-412a-a368-2075c218f8fc"}]}
2026-05-11 11:58:10.093 9 INFO neutron.services.segments.plugin [-] Segment 982bd16c-1393-4a31-9de8-f408ffac6f29 resource provider aggregate not found
2026-05-11 11:58:10.102 9 INFO neutron.services.segments.plugin [-] Segment 982bd16c-1393-4a31-9de8-f408ffac6f29 resource provider not found; error: Placement Client Error (4xx): {"errors": [{"status": 404, "title": "Not Found", "detail": "The resource could not be found.\n\n No resource provider with uuid 982bd16c-1393-4a31-9de8-f408ffac6f29 found for delete ", "request_id": "req-68e20163-4f8c-462d-b68c-4d9559387806"}]}
2026-05-11 11:58:10.104 9 INFO neutron.services.segments.plugin [-] Segment 982bd16c-1393-4a31-9de8-f408ffac6f29 resource provider aggregate not found
2026-05-11 11:58:10.114 9 INFO neutron.services.segments.plugin [-] Segment 982bd16c-1393-4a31-9de8-f408ffac6f29 resource provider not found; error: Placement Client Error (4xx): {"errors": [{"status": 404, "title": "Not Found", "detail": "The resource could not be found.\n\n No resource provider with uuid 982bd16c-1393-4a31-9de8-f408ffac6f29 found for delete ", "request_id": "req-41596688-9936-463d-8c34-18cf6228859a"}]}
2026-05-11 11:58:10.338 10 INFO neutron.api.wsgi [None req-71c1dd52-687f-4fb1-a26a-3616ecb77329 4ccaf9486abf464b8c2976582171d2fe 8ce1e5ad470749bb8fa6674232070351 - - default default] 10.0.0.95 "DELETE /v2.0/ports/30085833-b231-451e-88bf-473538657c36 HTTP/1.1" status: 204 len: 168 time: 0.2416499
2026-05-11 11:58:10.345 9 INFO neutron.api.wsgi [req-d5f80e8f-1d01-45e1-a12d-2e594db21e53 req-8f2cafbd-aaa2-4552-acd4-bd0b75e78093 809cf25aef014c70a33575d03438502a 4d84f3a64a514c519958f60461837ded - - default default] 10.0.0.123 "GET /v2.0/ports?device_id=230eb91d-22b0-43e4-9ddc-6d3d08e2287d HTTP/1.1" status: 200 len: 210 time: 0.0166957
2026-05-11 11:58:10.579 10 INFO neutron.api.wsgi [None req-58cdf2de-a18e-4ce3-ae3e-10af866f665e 4ccaf9486abf464b8c2976582171d2fe 8ce1e5ad470749bb8fa6674232070351 - - default default] 10.0.0.95 "DELETE /v2.0/ports/51d9762f-7a71-4b62-b12c-22366cd5f75d HTTP/1.1" status: 204 len: 168 time: 0.2372131
2026-05-11 11:58:10.624 10 INFO neutron.api.wsgi [None req-a04f057a-2687-4b48-9663-806b23f8a4fa 4ccaf9486abf464b8c2976582171d2fe 8ce1e5ad470749bb8fa6674232070351 - - default default] 10.0.0.95 "GET /v2.0/ports HTTP/1.1" status: 200 len: 1718 time: 0.0387323
2026-05-11 11:58:10.639 9 WARNING neutron_lib.context [None req-425429d0-8267-47c7-bdd7-b03119aedfb1 4ccaf9486abf464b8c2976582171d2fe 8ce1e5ad470749bb8fa6674232070351 - - default default] Method 'is_advsvc' is deprecated since 2023.2 release (neutron-lib 3.8.0) and will be removed once support for the old RBAC API policies will be removed from Neutron. Please use method 'is_service_role' instead.
2026-05-11 11:58:10.719 9 INFO neutron.db.segments_db [None req-425429d0-8267-47c7-bdd7-b03119aedfb1 4ccaf9486abf464b8c2976582171d2fe 8ce1e5ad470749bb8fa6674232070351 - - default default] Added segment 76ebef8c-9e01-4309-9f3a-df126ae0ef3a of type geneve for network 426e91fd-b473-49ac-a072-d29f693a9c2f
2026-05-11 11:58:10.827 9 INFO neutron.db.ovn_revision_numbers_db [None req-425429d0-8267-47c7-bdd7-b03119aedfb1 4ccaf9486abf464b8c2976582171d2fe 8ce1e5ad470749bb8fa6674232070351 - - default default] Successfully bumped revision number for resource 426e91fd-b473-49ac-a072-d29f693a9c2f (type: networks) to 1
2026-05-11 11:58:10.974 9 WARNING neutron.scheduler.dhcp_agent_scheduler [None req-425429d0-8267-47c7-bdd7-b03119aedfb1 4ccaf9486abf464b8c2976582171d2fe 8ce1e5ad470749bb8fa6674232070351 - - default default] No more DHCP agents
2026-05-11 11:58:10.975 9 WARNING neutron.api.rpc.agentnotifiers.dhcp_rpc_agent_api [None req-425429d0-8267-47c7-bdd7-b03119aedfb1 4ccaf9486abf464b8c2976582171d2fe 8ce1e5ad470749bb8fa6674232070351 - - default default] Unable to schedule network 426e91fd-b473-49ac-a072-d29f693a9c2f: no agents available; will retry on subsequent port and subnet creation events.
2026-05-11 11:58:11.034 9 INFO neutron.db.ovn_revision_numbers_db [None req-425429d0-8267-47c7-bdd7-b03119aedfb1 4ccaf9486abf464b8c2976582171d2fe 8ce1e5ad470749bb8fa6674232070351 - - default default] Successfully bumped revision number for resource c4df8aba-1ac7-4f07-8404-a16e00b4b965 (type: ports) to 1
2026-05-11 11:58:11.053 9 INFO neutron.api.wsgi [None req-425429d0-8267-47c7-bdd7-b03119aedfb1 4ccaf9486abf464b8c2976582171d2fe 8ce1e5ad470749bb8fa6674232070351 - - default default] 10.0.0.95 "POST /v2.0/networks HTTP/1.1" status: 201 len: 852 time: 0.4199159
2026-05-11 11:58:11.063 10 WARNING neutron_lib.context [None req-c5ece4e6-c1ad-48eb-bb54-96a1f3d2c071 4ccaf9486abf464b8c2976582171d2fe 8ce1e5ad470749bb8fa6674232070351 - - default default] Method 'is_advsvc' is deprecated since 2023.2 release (neutron-lib 3.8.0) and will be removed once support for the old RBAC API policies will be removed from Neutron. Please use method 'is_service_role' instead.
2026-05-11 11:58:11.126 10 INFO neutron.db.ovn_revision_numbers_db [None req-ed490578-c673-4219-a783-227d4658ae3b 21f213de4a904c03bf20b2f226e2c45a 1c5074aad43e4f538ffabfc416f3d63b - - default default] Successfully bumped revision number for resource 6d168ebe-a94d-4886-9930-b32aea5969b5 (type: security_groups) to 1
2026-05-11 11:58:11.137 10 INFO neutron.db.ovn_revision_numbers_db [None req-ed490578-c673-4219-a783-227d4658ae3b 21f213de4a904c03bf20b2f226e2c45a 1c5074aad43e4f538ffabfc416f3d63b - - default default] Successfully bumped revision number for resource 3e0395e5-2219-4e2a-9646-dd4cd5448cf6 (type: security_group_rules) to 0
2026-05-11 11:58:11.148 10 INFO neutron.db.ovn_revision_numbers_db [None req-ed490578-c673-4219-a783-227d4658ae3b 21f213de4a904c03bf20b2f226e2c45a 1c5074aad43e4f538ffabfc416f3d63b - - default default] Successfully bumped revision number for resource 687e801c-d6b3-4d60-830f-c6e26dba088a (type: security_group_rules) to 0
2026-05-11 11:58:11.168 10 INFO neutron.db.ovn_revision_numbers_db [None req-ed490578-c673-4219-a783-227d4658ae3b 21f213de4a904c03bf20b2f226e2c45a 1c5074aad43e4f538ffabfc416f3d63b - - default default] Successfully bumped revision number for resource 7d189e8f-5fc6-4a9c-a74c-fa787fbdbc04 (type: security_group_rules) to 0
2026-05-11 11:58:11.173 10 INFO neutron.db.segments_db [None req-c5ece4e6-c1ad-48eb-bb54-96a1f3d2c071 4ccaf9486abf464b8c2976582171d2fe 8ce1e5ad470749bb8fa6674232070351 - - default default] Added segment 5c457a8b-a7b9-4053-928b-75054251f60f of type geneve for network 40b51db0-ab9b-4671-a659-7fb30b14f19c
2026-05-11 11:58:11.185 10 INFO neutron.db.ovn_revision_numbers_db [None req-ed490578-c673-4219-a783-227d4658ae3b 21f213de4a904c03bf20b2f226e2c45a 1c5074aad43e4f538ffabfc416f3d63b - - default default] Successfully bumped revision number for resource ddde4729-ae72-47dc-a187-88c828bdf4a2 (type: security_group_rules) to 0
2026-05-11 11:58:11.276 10 INFO neutron.db.segments_db [None req-ed490578-c673-4219-a783-227d4658ae3b 21f213de4a904c03bf20b2f226e2c45a 1c5074aad43e4f538ffabfc416f3d63b - - default default] Added segment 97e3a942-42cc-4836-9b20-a687ef17d98b of type geneve for network dd071280-c2ad-490c-aa7a-84d867729d05
2026-05-11 11:58:11.349 10 INFO neutron.db.ovn_revision_numbers_db [None req-c5ece4e6-c1ad-48eb-bb54-96a1f3d2c071 4ccaf9486abf464b8c2976582171d2fe 8ce1e5ad470749bb8fa6674232070351 - - default default] Successfully bumped revision number for resource 40b51db0-ab9b-4671-a659-7fb30b14f19c (type: networks) to 1
2026-05-11 11:58:11.441 10 INFO neutron.db.ovn_revision_numbers_db [None req-ed490578-c673-4219-a783-227d4658ae3b 21f213de4a904c03bf20b2f226e2c45a 1c5074aad43e4f538ffabfc416f3d63b - - default default] Successfully bumped revision number for resource dd071280-c2ad-490c-aa7a-84d867729d05 (type: networks) to 1
2026-05-11 11:58:11.453 10 INFO neutron.api.wsgi [req-4ab55fc0-9628-4252-af73-8f6cafd952f5 req-37c062ec-0be2-426b-a483-7bbb93f2c18b 809cf25aef014c70a33575d03438502a 4d84f3a64a514c519958f60461837ded - - default default] 10.0.0.123 "GET /v2.0/ports?device_id=230eb91d-22b0-43e4-9ddc-6d3d08e2287d HTTP/1.1" status: 200 len: 210 time: 0.0223794
2026-05-11 11:58:11.551 10 WARNING neutron.scheduler.dhcp_agent_scheduler [None req-c5ece4e6-c1ad-48eb-bb54-96a1f3d2c071 4ccaf9486abf464b8c2976582171d2fe 8ce1e5ad470749bb8fa6674232070351 - - default default] No more DHCP agents
2026-05-11 11:58:11.552 10 WARNING neutron.api.rpc.agentnotifiers.dhcp_rpc_agent_api [None req-c5ece4e6-c1ad-48eb-bb54-96a1f3d2c071 4ccaf9486abf464b8c2976582171d2fe 8ce1e5ad470749bb8fa6674232070351 - - default default] Unable to schedule network 40b51db0-ab9b-4671-a659-7fb30b14f19c: no agents available; will retry on subsequent port and subnet creation events.
2026-05-11 11:58:11.619 10 WARNING neutron.scheduler.dhcp_agent_scheduler [None req-ed490578-c673-4219-a783-227d4658ae3b 21f213de4a904c03bf20b2f226e2c45a 1c5074aad43e4f538ffabfc416f3d63b - - default default] No more DHCP agents
2026-05-11 11:58:11.622 10 WARNING neutron.api.rpc.agentnotifiers.dhcp_rpc_agent_api [None req-ed490578-c673-4219-a783-227d4658ae3b 21f213de4a904c03bf20b2f226e2c45a 1c5074aad43e4f538ffabfc416f3d63b - - default default] Unable to schedule network dd071280-c2ad-490c-aa7a-84d867729d05: no agents available; will retry on subsequent port and subnet creation events.
2026-05-11 11:58:11.632 10 INFO neutron.db.ovn_revision_numbers_db [None req-c5ece4e6-c1ad-48eb-bb54-96a1f3d2c071 4ccaf9486abf464b8c2976582171d2fe 8ce1e5ad470749bb8fa6674232070351 - - default default] Successfully bumped revision number for resource aa4bb812-a445-4048-801f-0dde48b4f152 (type: ports) to 1
2026-05-11 11:58:11.657 10 INFO neutron.api.wsgi [None req-c5ece4e6-c1ad-48eb-bb54-96a1f3d2c071 4ccaf9486abf464b8c2976582171d2fe 8ce1e5ad470749bb8fa6674232070351 - - default default] 10.0.0.95 "POST /v2.0/networks HTTP/1.1" status: 201 len: 853 time: 0.5991752
2026-05-11 11:58:11.684 10 INFO neutron.db.ovn_revision_numbers_db [None req-ed490578-c673-4219-a783-227d4658ae3b 21f213de4a904c03bf20b2f226e2c45a 1c5074aad43e4f538ffabfc416f3d63b - - default default] Successfully bumped revision number for resource 360900aa-db76-49d1-8050-d79347025115 (type: ports) to 1
2026-05-11 11:58:11.705 10 INFO neutron.api.wsgi [None req-ed490578-c673-4219-a783-227d4658ae3b 21f213de4a904c03bf20b2f226e2c45a 1c5074aad43e4f538ffabfc416f3d63b - - default default] 10.0.0.95 "POST /v2.0/networks HTTP/1.1" status: 201 len: 940 time: 0.8764048
2026-05-11 11:58:11.742 9 WARNING neutron_lib.context [None req-97c3df8c-4e61-45da-bc25-f392b2049c4f 3e3b2c1fd49b41d3979117d0cea4611f 588514b83fc5449d94248a38541d3a04 - - default default] Method 'is_advsvc' is deprecated since 2023.2 release (neutron-lib 3.8.0) and will be removed once support for the old RBAC API policies will be removed from Neutron. Please use method 'is_service_role' instead.
2026-05-11 11:58:11.841 10 WARNING neutron.scheduler.dhcp_agent_scheduler [None req-fdc74c91-a432-45b5-8717-e175ff06bb51 21f213de4a904c03bf20b2f226e2c45a 1c5074aad43e4f538ffabfc416f3d63b - - default default] No more DHCP agents
2026-05-11 11:58:11.842 10 WARNING neutron.api.rpc.agentnotifiers.dhcp_rpc_agent_api [None req-fdc74c91-a432-45b5-8717-e175ff06bb51 21f213de4a904c03bf20b2f226e2c45a 1c5074aad43e4f538ffabfc416f3d63b - - default default] Unable to schedule network dd071280-c2ad-490c-aa7a-84d867729d05: no agents available; will retry on subsequent port and subnet creation events.
2026-05-11 11:58:11.872 9 INFO neutron.db.ovn_revision_numbers_db [None req-97c3df8c-4e61-45da-bc25-f392b2049c4f 3e3b2c1fd49b41d3979117d0cea4611f 588514b83fc5449d94248a38541d3a04 - - default default] Successfully bumped revision number for resource 2175f9cb-1610-4e4c-b1ad-d76a4389a264 (type: security_groups) to 1
2026-05-11 11:58:11.885 9 INFO neutron.db.ovn_revision_numbers_db [None req-97c3df8c-4e61-45da-bc25-f392b2049c4f 3e3b2c1fd49b41d3979117d0cea4611f 588514b83fc5449d94248a38541d3a04 - - default default] Successfully bumped revision number for resource 19bd3761-c178-4ed8-b5eb-853bc29a6b0c (type: security_group_rules) to 0
2026-05-11 11:58:11.900 9 INFO neutron.db.ovn_revision_numbers_db [None req-97c3df8c-4e61-45da-bc25-f392b2049c4f 3e3b2c1fd49b41d3979117d0cea4611f 588514b83fc5449d94248a38541d3a04 - - default default] Successfully bumped revision number for resource 2aa9461b-be55-4560-ab9c-29211d468c4b (type: security_group_rules) to 0
2026-05-11 11:58:11.913 9 INFO neutron.db.ovn_revision_numbers_db [None req-97c3df8c-4e61-45da-bc25-f392b2049c4f 3e3b2c1fd49b41d3979117d0cea4611f 588514b83fc5449d94248a38541d3a04 - - default default] Successfully bumped revision number for resource 491717b5-1c27-4c67-82f0-5bad402855ca (type: security_group_rules) to 0
2026-05-11 11:58:11.925 9 INFO neutron.db.ovn_revision_numbers_db [None req-97c3df8c-4e61-45da-bc25-f392b2049c4f 3e3b2c1fd49b41d3979117d0cea4611f 588514b83fc5449d94248a38541d3a04 - - default default] Successfully bumped revision number for resource 99d3152e-b760-415b-9f8e-099a1fa55ed0 (type: security_group_rules) to 0
2026-05-11 11:58:11.997 9 INFO neutron.db.segments_db [None req-97c3df8c-4e61-45da-bc25-f392b2049c4f 3e3b2c1fd49b41d3979117d0cea4611f 588514b83fc5449d94248a38541d3a04 - - default default] Added segment 3c45c49b-ce1a-4b94-92f1-e8f5b0ade406 of type geneve for network b87b9c19-3410-4265-b99e-cad2a31fa92d
2026-05-11 11:58:12.102 9 INFO neutron.db.ovn_revision_numbers_db [None req-97c3df8c-4e61-45da-bc25-f392b2049c4f 3e3b2c1fd49b41d3979117d0cea4611f 588514b83fc5449d94248a38541d3a04 - - default default] Successfully bumped revision number for resource b87b9c19-3410-4265-b99e-cad2a31fa92d (type: networks) to 1
2026-05-11 11:58:12.148 9 WARNING neutron_lib.context [None req-5d3f7305-eac3-4723-b7cd-54c8722f9938 4ccaf9486abf464b8c2976582171d2fe 8ce1e5ad470749bb8fa6674232070351 - - default default] Method 'is_advsvc' is deprecated since 2023.2 release (neutron-lib 3.8.0) and will be removed once support for the old RBAC API policies will be removed from Neutron. Please use method 'is_service_role' instead.
2026-05-11 11:58:12.179 9 WARNING neutron_lib.context [None req-5d3f7305-eac3-4723-b7cd-54c8722f9938 4ccaf9486abf464b8c2976582171d2fe 8ce1e5ad470749bb8fa6674232070351 - - default default] Method 'is_advsvc' is deprecated since 2023.2 release (neutron-lib 3.8.0) and will be removed once support for the old RBAC API policies will be removed from Neutron. Please use method 'is_service_role' instead.
2026-05-11 11:58:12.234 10 INFO neutron.db.ovn_revision_numbers_db [None req-d0381673-ce5b-4cd0-9a58-40b23492e1a8 - - - - - -] Successfully bumped revision number for resource 360900aa-db76-49d1-8050-d79347025115 (type: ports) to 2
2026-05-11 11:58:12.261 10 INFO neutron.db.ovn_revision_numbers_db [None req-d0381673-ce5b-4cd0-9a58-40b23492e1a8 - - - - - -] Successfully bumped revision number for resource f8a37623-14d7-4992-83db-975e9d074e76 (type: subnets) to 0
2026-05-11 11:58:12.274 10 INFO neutron.api.wsgi [None req-fdc74c91-a432-45b5-8717-e175ff06bb51 21f213de4a904c03bf20b2f226e2c45a 1c5074aad43e4f538ffabfc416f3d63b - - default default] 10.0.0.95 "POST /v2.0/subnets HTTP/1.1" status: 201 len: 884 time: 0.5613470
2026-05-11 11:58:12.281 9 WARNING neutron.scheduler.dhcp_agent_scheduler [None req-97c3df8c-4e61-45da-bc25-f392b2049c4f 3e3b2c1fd49b41d3979117d0cea4611f 588514b83fc5449d94248a38541d3a04 - - default default] No more DHCP agents
2026-05-11 11:58:12.289 9 WARNING neutron.api.rpc.agentnotifiers.dhcp_rpc_agent_api [None req-97c3df8c-4e61-45da-bc25-f392b2049c4f 3e3b2c1fd49b41d3979117d0cea4611f 588514b83fc5449d94248a38541d3a04 - - default default] Unable to schedule network b87b9c19-3410-4265-b99e-cad2a31fa92d: no agents available; will retry on subsequent port and subnet creation events.
2026-05-11 11:58:12.395 9 INFO neutron.db.ovn_revision_numbers_db [None req-97c3df8c-4e61-45da-bc25-f392b2049c4f 3e3b2c1fd49b41d3979117d0cea4611f 588514b83fc5449d94248a38541d3a04 - - default default] Successfully bumped revision number for resource 13d49cbc-22ef-4fc8-afa2-bd4f123b935e (type: ports) to 1
2026-05-11 11:58:12.434 9 INFO neutron.api.wsgi [None req-97c3df8c-4e61-45da-bc25-f392b2049c4f 3e3b2c1fd49b41d3979117d0cea4611f 588514b83fc5449d94248a38541d3a04 - - default default] 10.0.0.95 "POST /v2.0/networks HTTP/1.1" status: 201 len: 828 time: 0.7940886
2026-05-11 11:58:12.446 10 WARNING neutron_lib.context [None req-5773f756-6b66-4da9-a5d0-a5ed4692390f 3e3b2c1fd49b41d3979117d0cea4611f 588514b83fc5449d94248a38541d3a04 - - default default] Method 'is_advsvc' is deprecated since 2023.2 release (neutron-lib 3.8.0) and will be removed once support for the old RBAC API policies will be removed from Neutron. Please use method 'is_service_role' instead.
2026-05-11 11:58:12.574 10 INFO neutron.db.segments_db [None req-5773f756-6b66-4da9-a5d0-a5ed4692390f 3e3b2c1fd49b41d3979117d0cea4611f 588514b83fc5449d94248a38541d3a04 - - default default] Added segment d2c6e5bf-5490-47e7-b713-3cc19bd2ba8c of type geneve for network f787ce4e-e433-450e-a0c5-a1c5c5fbf0f8
2026-05-11 11:58:12.631 9 WARNING neutron.scheduler.dhcp_agent_scheduler [None req-5d3f7305-eac3-4723-b7cd-54c8722f9938 4ccaf9486abf464b8c2976582171d2fe 8ce1e5ad470749bb8fa6674232070351 - - default default] No more DHCP agents
2026-05-11 11:58:12.634 9 WARNING neutron.api.rpc.agentnotifiers.dhcp_rpc_agent_api [None req-5d3f7305-eac3-4723-b7cd-54c8722f9938 4ccaf9486abf464b8c2976582171d2fe 8ce1e5ad470749bb8fa6674232070351 - - default default] Unable to schedule network 426e91fd-b473-49ac-a072-d29f693a9c2f: no agents available; will retry on subsequent port and subnet creation events.
2026-05-11 11:58:12.670 9 INFO neutron.db.ovn_revision_numbers_db [None req-5d3f7305-eac3-4723-b7cd-54c8722f9938 4ccaf9486abf464b8c2976582171d2fe 8ce1e5ad470749bb8fa6674232070351 - - default default] Successfully bumped revision number for resource 7864cae3-ee7d-47f1-be33-ef9ce916b9ce (type: subnets) to 0
2026-05-11 11:58:12.693 10 INFO neutron.db.ovn_revision_numbers_db [None req-5773f756-6b66-4da9-a5d0-a5ed4692390f 3e3b2c1fd49b41d3979117d0cea4611f 588514b83fc5449d94248a38541d3a04 - - default default] Successfully bumped revision number for resource f787ce4e-e433-450e-a0c5-a1c5c5fbf0f8 (type: networks) to 1
2026-05-11 11:58:12.703 10 INFO neutron.api.wsgi [None req-c46e9361-36cc-4a10-bb20-efdb01da3137 809cf25aef014c70a33575d03438502a 4d84f3a64a514c519958f60461837ded - - default default] 10.0.0.95 "DELETE /v2.0/security-groups/64c95d8f-c037-4deb-bacf-de14521dc083 HTTP/1.1" status: 204 len: 168 time: 0.1558764
2026-05-11 11:58:12.711 9 WARNING neutron.scheduler.dhcp_agent_scheduler [None req-5d3f7305-eac3-4723-b7cd-54c8722f9938 4ccaf9486abf464b8c2976582171d2fe 8ce1e5ad470749bb8fa6674232070351 - - default default] No more DHCP agents
2026-05-11 11:58:12.712 9 WARNING neutron.api.rpc.agentnotifiers.dhcp_rpc_agent_api [None req-5d3f7305-eac3-4723-b7cd-54c8722f9938 4ccaf9486abf464b8c2976582171d2fe 8ce1e5ad470749bb8fa6674232070351 - - default default] Unable to schedule network 40b51db0-ab9b-4671-a659-7fb30b14f19c: no agents available; will retry on subsequent port and subnet creation events.
2026-05-11 11:58:12.726 10 INFO neutron.api.v2.resource [None req-0ad2bab9-2ab7-4628-8686-32d2a41b0dd6 809cf25aef014c70a33575d03438502a 4d84f3a64a514c519958f60461837ded - - default default] show failed (client error): The resource could not be found.
2026-05-11 11:58:12.729 10 INFO neutron.api.wsgi [None req-0ad2bab9-2ab7-4628-8686-32d2a41b0dd6 809cf25aef014c70a33575d03438502a 4d84f3a64a514c519958f60461837ded - - default default] 10.0.0.95 "GET /v2.0/security-groups/64c95d8f-c037-4deb-bacf-de14521dc083 HTTP/1.1" status: 404 len: 347 time: 0.0185935
2026-05-11 11:58:12.739 9 INFO neutron.db.ovn_revision_numbers_db [None req-5d3f7305-eac3-4723-b7cd-54c8722f9938 4ccaf9486abf464b8c2976582171d2fe 8ce1e5ad470749bb8fa6674232070351 - - default default] Successfully bumped revision number for resource 014a48ab-1323-4994-a2b8-f3cefbecd2b9 (type: subnets) to 0
2026-05-11 11:58:12.759 9 INFO neutron.api.wsgi [None req-5d3f7305-eac3-4723-b7cd-54c8722f9938 4ccaf9486abf464b8c2976582171d2fe 8ce1e5ad470749bb8fa6674232070351 - - default default] 10.0.0.95 "POST /v2.0/subnets HTTP/1.1" status: 201 len: 1522 time: 0.6163735
2026-05-11 11:58:12.773 9 WARNING neutron.scheduler.dhcp_agent_scheduler [None req-d1acadfd-585a-4710-a0b8-7610e7ebdfc5 21f213de4a904c03bf20b2f226e2c45a 1c5074aad43e4f538ffabfc416f3d63b - - default default] No more DHCP agents
2026-05-11 11:58:12.776 9 WARNING neutron.api.rpc.agentnotifiers.dhcp_rpc_agent_api [None req-d1acadfd-585a-4710-a0b8-7610e7ebdfc5 21f213de4a904c03bf20b2f226e2c45a 1c5074aad43e4f538ffabfc416f3d63b - - default default] Unable to schedule network 0d717159-7539-4bff-a424-916c146de2d1: no agents available; will retry on subsequent port and subnet creation events.
2026-05-11 11:58:12.799 9 INFO neutron.api.wsgi [None req-4557bd67-f13e-42af-863f-c9c2a525d870 4ccaf9486abf464b8c2976582171d2fe 8ce1e5ad470749bb8fa6674232070351 - - default default] 10.0.0.95 "GET /v2.0/subnets HTTP/1.1" status: 200 len: 2153 time: 0.0347836
2026-05-11 11:58:12.861 10 WARNING neutron.scheduler.dhcp_agent_scheduler [None req-5773f756-6b66-4da9-a5d0-a5ed4692390f 3e3b2c1fd49b41d3979117d0cea4611f 588514b83fc5449d94248a38541d3a04 - - default default] No more DHCP agents
2026-05-11 11:58:12.863 10 WARNING neutron.api.rpc.agentnotifiers.dhcp_rpc_agent_api [None req-5773f756-6b66-4da9-a5d0-a5ed4692390f 3e3b2c1fd49b41d3979117d0cea4611f 588514b83fc5449d94248a38541d3a04 - - default default] Unable to schedule network f787ce4e-e433-450e-a0c5-a1c5c5fbf0f8: no agents available; will retry on subsequent port and subnet creation events.
2026-05-11 11:58:12.919 9 INFO neutron.db.ovn_revision_numbers_db [None req-d1acadfd-585a-4710-a0b8-7610e7ebdfc5 21f213de4a904c03bf20b2f226e2c45a 1c5074aad43e4f538ffabfc416f3d63b - - default default] Successfully bumped revision number for resource fe167f00-d3f8-40f4-8af0-e2aea1ab0963 (type: ports) to 1
2026-05-11 11:58:12.940 10 INFO neutron.db.ovn_revision_numbers_db [None req-5773f756-6b66-4da9-a5d0-a5ed4692390f 3e3b2c1fd49b41d3979117d0cea4611f 588514b83fc5449d94248a38541d3a04 - - default default] Successfully bumped revision number for resource 973ad42a-f2aa-44d8-b588-e9de48ba52e5 (type: ports) to 1
2026-05-11 11:58:12.960 10 INFO neutron.api.wsgi [None req-5773f756-6b66-4da9-a5d0-a5ed4692390f 3e3b2c1fd49b41d3979117d0cea4611f 588514b83fc5449d94248a38541d3a04 - - default default] 10.0.0.95 "POST /v2.0/networks HTTP/1.1" status: 201 len: 829 time: 0.5201819
2026-05-11 11:58:12.973 10 WARNING neutron_lib.context [None req-ef0ef0df-9a8f-4d8a-a12e-a85aef3f6e7e 3e3b2c1fd49b41d3979117d0cea4611f 588514b83fc5449d94248a38541d3a04 - - default default] Method 'is_advsvc' is deprecated since 2023.2 release (neutron-lib 3.8.0) and will be removed once support for the old RBAC API policies will be removed from Neutron. Please use method 'is_service_role' instead.
2026-05-11 11:58:12.987 10 INFO neutron.api.wsgi [None req-9b650e0c-d44b-472c-bfd9-29662ffbce30 4ccaf9486abf464b8c2976582171d2fe 8ce1e5ad470749bb8fa6674232070351 - - default default] 10.0.0.95 "DELETE /v2.0/subnets/7864cae3-ee7d-47f1-be33-ef9ce916b9ce HTTP/1.1" status: 204 len: 168 time: 0.1746154
2026-05-11 11:58:13.068 9 INFO neutron.api.wsgi [None req-ad81847e-78e2-43d7-9be4-e087ac5f7706 809cf25aef014c70a33575d03438502a 4d84f3a64a514c519958f60461837ded - - default default] 10.0.0.95 "DELETE /v2.0/floatingips/2b5b77cc-e5a3-4787-b854-995a5a11f078 HTTP/1.1" status: 204 len: 168 time: 0.3348317
2026-05-11 11:58:13.197 10 WARNING neutron.scheduler.dhcp_agent_scheduler [None req-ef0ef0df-9a8f-4d8a-a12e-a85aef3f6e7e 3e3b2c1fd49b41d3979117d0cea4611f 588514b83fc5449d94248a38541d3a04 - - default default] No more DHCP agents
2026-05-11 11:58:13.198 10 WARNING neutron.api.rpc.agentnotifiers.dhcp_rpc_agent_api [None req-ef0ef0df-9a8f-4d8a-a12e-a85aef3f6e7e 3e3b2c1fd49b41d3979117d0cea4611f 588514b83fc5449d94248a38541d3a04 - - default default] Unable to schedule network b87b9c19-3410-4265-b99e-cad2a31fa92d: no agents available; will retry on subsequent port and subnet creation events.
2026-05-11 11:58:13.234 9 INFO neutron.api.wsgi [None req-af1b8eeb-e484-4370-8510-30dfd38391cc 4ccaf9486abf464b8c2976582171d2fe 8ce1e5ad470749bb8fa6674232070351 - - default default] 10.0.0.95 "DELETE /v2.0/subnets/014a48ab-1323-4994-a2b8-f3cefbecd2b9 HTTP/1.1" status: 204 len: 168 time: 0.2405891
2026-05-11 11:58:13.270 9 INFO neutron.api.wsgi [None req-2a3b71fe-53b2-4fbb-a07a-b8894978d0b3 4ccaf9486abf464b8c2976582171d2fe 8ce1e5ad470749bb8fa6674232070351 - - default default] 10.0.0.95 "GET /v2.0/subnets HTTP/1.1" status: 200 len: 843 time: 0.0312843
2026-05-11 11:58:13.602 10 INFO neutron.db.ovn_revision_numbers_db [None req-0558ae24-4340-4bc7-af9f-3487f1c91fce - - - - - -] Successfully bumped revision number for resource 13d49cbc-22ef-4fc8-afa2-bd4f123b935e (type: ports) to 2
2026-05-11 11:58:13.631 10 INFO neutron.db.ovn_revision_numbers_db [None req-0558ae24-4340-4bc7-af9f-3487f1c91fce - - - - - -] Successfully bumped revision number for resource 97ca17a6-e1dc-4c4e-95fa-5d74a087083c (type: subnets) to 0
2026-05-11 11:58:13.648 10 INFO neutron.api.wsgi [None req-ef0ef0df-9a8f-4d8a-a12e-a85aef3f6e7e 3e3b2c1fd49b41d3979117d0cea4611f 588514b83fc5449d94248a38541d3a04 - - default default] 10.0.0.95 "POST /v2.0/subnets HTTP/1.1" status: 201 len: 825 time: 0.6802461
2026-05-11 11:58:13.658 10 WARNING neutron_lib.context [None req-a3a81f8c-24bd-45b7-9377-762dbdd3df8b 3e3b2c1fd49b41d3979117d0cea4611f 588514b83fc5449d94248a38541d3a04 - - default default] Method 'is_advsvc' is deprecated since 2023.2 release (neutron-lib 3.8.0) and will be removed once support for the old RBAC API policies will be removed from Neutron. Please use method 'is_service_role' instead.
2026-05-11 11:58:13.720 9 INFO neutron.services.segments.plugin [-] Segment 5c457a8b-a7b9-4053-928b-75054251f60f resource provider aggregate not found
2026-05-11 11:58:13.725 10 INFO neutron.api.wsgi [None req-b58398d3-e84b-4a4e-92e2-c7f80caa0c81 21f213de4a904c03bf20b2f226e2c45a 1c5074aad43e4f538ffabfc416f3d63b - - default default] 10.0.0.168 "GET /v2.0/ports HTTP/1.1" status: 200 len: 15178 time: 0.0972292
2026-05-11 11:58:13.727 9 INFO neutron.services.segments.plugin [-] Segment 5c457a8b-a7b9-4053-928b-75054251f60f resource provider aggregate not found
2026-05-11 11:58:13.736 9 INFO neutron.plugins.ml2.drivers.ovn.mech_driver.ovsdb.commands [None req-9707413f-8edd-4f64-9359-b738aeae1bb4 - - - - - -] Schedule LRP lrp-fe167f00-d3f8-40f4-8af0-e2aea1ab0963 on gateway d5737e58-4696-432e-9e87-cb0cb76837e0 with priority 1
2026-05-11 11:58:13.740 9 INFO neutron.services.segments.plugin [-] Segment 5c457a8b-a7b9-4053-928b-75054251f60f resource provider not found; error: Placement Client Error (4xx): {"errors": [{"status": 404, "title": "Not Found", "detail": "The resource could not be found.\n\n No resource provider with uuid 5c457a8b-a7b9-4053-928b-75054251f60f found for delete ", "request_id": "req-04867832-0251-4c97-84b1-0076407c83ef"}]}
2026-05-11 11:58:13.741 9 INFO neutron.services.segments.plugin [-] Segment 5c457a8b-a7b9-4053-928b-75054251f60f resource provider not found; error: Placement Client Error (4xx): {"errors": [{"status": 404, "title": "Not Found", "detail": "The resource could not be found.\n\n No resource provider with uuid 5c457a8b-a7b9-4053-928b-75054251f60f found for delete ", "request_id": "req-e849fd9d-f017-41d2-b369-0ec53ae8b001"}]}
2026-05-11 11:58:13.764 9 INFO neutron.plugins.ml2.drivers.ovn.mech_driver.ovsdb.ovsdb_monitor [None req-3b18341a-4a69-4736-af6d-ca7ea09ddfc1 - - - - - -] Router 7aa51be2-ab9e-4c36-b53e-370c595145d9 is bound to host instance
2026-05-11 11:58:13.765 10 INFO neutron.api.wsgi [None req-20b1df7e-a3d4-4463-aeee-8c458a8e62fe 21f213de4a904c03bf20b2f226e2c45a 1c5074aad43e4f538ffabfc416f3d63b - - default default] 10.0.0.168 "GET /v2.0/floatingips HTTP/1.1" status: 200 len: 193 time: 0.0307789
2026-05-11 11:58:13.786 10 INFO neutron.plugins.ml2.drivers.ovn.mech_driver.mech_driver [None req-d9475060-172b-41ae-b502-597b413d9583 - - - - - -] OVN reports status up for port: fe167f00-d3f8-40f4-8af0-e2aea1ab0963
2026-05-11 11:58:13.811 10 INFO neutron.api.wsgi [None req-4a3d974d-a4e6-40bc-af58-112326d41642 21f213de4a904c03bf20b2f226e2c45a 1c5074aad43e4f538ffabfc416f3d63b - - default default] 10.0.0.168 "GET /v2.0/security-groups HTTP/1.1" status: 200 len: 29186 time: 0.0443854
2026-05-11 11:58:13.812 10 INFO neutron.plugins.ml2.plugin [None req-d9475060-172b-41ae-b502-597b413d9583 - - - - - -] Attempt 1 to provision port fe167f00-d3f8-40f4-8af0-e2aea1ab0963
2026-05-11 11:58:13.829 9 INFO neutron.db.ovn_revision_numbers_db [None req-d1acadfd-585a-4710-a0b8-7610e7ebdfc5 21f213de4a904c03bf20b2f226e2c45a 1c5074aad43e4f538ffabfc416f3d63b - - default default] Successfully bumped revision number for resource fe167f00-d3f8-40f4-8af0-e2aea1ab0963 (type: router_ports) to 1
2026-05-11 11:58:13.837 9 INFO neutron.api.wsgi [None req-31cf406f-3070-4857-bdf2-82e9c536ee00 4ccaf9486abf464b8c2976582171d2fe 8ce1e5ad470749bb8fa6674232070351 - - default default] 10.0.0.95 "DELETE /v2.0/networks/40b51db0-ab9b-4671-a659-7fb30b14f19c HTTP/1.1" status: 204 len: 168 time: 0.5574450
2026-05-11 11:58:13.841 10 INFO neutron.api.wsgi [None req-b6440b06-cf3e-4302-93c4-8dad5f65d383 21f213de4a904c03bf20b2f226e2c45a 1c5074aad43e4f538ffabfc416f3d63b - - default default] 10.0.0.168 "GET /v2.0/agents HTTP/1.1" status: 200 len: 1390 time: 0.0190196
