2026-05-26 06:55:43.148 9 INFO neutron.db.ovn_revision_numbers_db [None req-d79caa0c-8c02-4225-9ec8-751050f666ec 8d16257921214e02b42d32bfec1b919c 9e6d7ce1c2244722bba0373ead6ae8d3 - - default default] Successfully bumped revision number for resource 8e46c4d8-cacc-4a39-8fb7-fc8becf06b42 (type: security_group_rules) to 0
2026-05-26 06:55:43.180 9 INFO neutron.wsgi [None req-d79caa0c-8c02-4225-9ec8-751050f666ec 8d16257921214e02b42d32bfec1b919c 9e6d7ce1c2244722bba0373ead6ae8d3 - - default default] 10.0.0.153 "GET /v2.0/security-groups?tenant_id=e9851bad9f08473d8921788953b097ff&name=default HTTP/1.1" status: 200 len: 2996 time: 0.2725241
2026-05-26 06:55:43.184 10 WARNING neutron.scheduler.dhcp_agent_scheduler [None req-4ad4606d-a99c-4c9b-a100-5e90a56b274a 742bc2a356d04a29b3b37f6db160b77e 3688d13d66d445f88b5db6b50a0928b7 - - default default] No more DHCP agents
2026-05-26 06:55:43.189 10 WARNING neutron.api.rpc.agentnotifiers.dhcp_rpc_agent_api [None req-4ad4606d-a99c-4c9b-a100-5e90a56b274a 742bc2a356d04a29b3b37f6db160b77e 3688d13d66d445f88b5db6b50a0928b7 - - default default] Unable to schedule network 2bf6dc82-f6f3-40c7-ba98-67d4ef7c85bf: no agents available; will retry on subsequent port and subnet creation events.
2026-05-26 06:55:43.201 10 INFO neutron.wsgi [req-e2d0d14f-01de-4d24-b25b-3140890e8240 req-0c77f64a-e3a8-4c2f-894b-31ac3043e07a d9f24d3f05314bada664deafbf0c70b0 8f385a30f2104832938e9ea156b47ab1 - - default default] 199.204.45.19 "GET /v2.0/ports?device_id=bd0a7d5e-cd62-4911-9df2-99e7bd70e913 HTTP/1.1" status: 200 len: 1174 time: 0.0451694
2026-05-26 06:55:43.227 9 INFO neutron.wsgi [None req-b0f5fa07-cc9d-4272-9934-7385457e0cb6 549a6a8e8b7241ce9d442b78fdb0b03b d86ec7904ecf4ea1b9df58f3f6b4696c - - default default] 10.0.0.153 "DELETE /v2.0/floatingips/8572e391-45c5-4b8d-9cb5-e68223709f4b HTTP/1.1" status: 204 len: 168 time: 0.4192333
2026-05-26 06:55:43.243 10 INFO neutron.db.ovn_revision_numbers_db [None req-4ad4606d-a99c-4c9b-a100-5e90a56b274a 742bc2a356d04a29b3b37f6db160b77e 3688d13d66d445f88b5db6b50a0928b7 - - default default] Successfully bumped revision number for resource 9a1bb07b-ffb8-4372-a9d5-c59568d6dbe2 (type: subnets) to 0
2026-05-26 06:55:43.267 10 INFO neutron.wsgi [None req-4ad4606d-a99c-4c9b-a100-5e90a56b274a 742bc2a356d04a29b3b37f6db160b77e 3688d13d66d445f88b5db6b50a0928b7 - - default default] 10.0.0.153 "POST /v2.0/subnets HTTP/1.1" status: 201 len: 821 time: 0.6256385
2026-05-26 06:55:43.280 10 WARNING neutron_lib.context [None req-439603df-5a3b-46fd-b4cd-be7bd72eafcc 742bc2a356d04a29b3b37f6db160b77e 3688d13d66d445f88b5db6b50a0928b7 - - default default] Method 'is_advsvc' is deprecated since 2023.2 release (neutron-lib 3.8.0) and will be removed once support for the old RBAC API policies will be removed from Neutron. Please use method 'is_service_role' instead.
2026-05-26 06:55:43.458 10 INFO neutron.db.ovn_revision_numbers_db [None req-439603df-5a3b-46fd-b4cd-be7bd72eafcc 742bc2a356d04a29b3b37f6db160b77e 3688d13d66d445f88b5db6b50a0928b7 - - default default] Successfully bumped revision number for resource e712abad-4f12-4b1d-8fa7-d485199681da (type: routers) to 1
2026-05-26 06:55:43.482 9 INFO neutron.wsgi [None req-13bca407-e516-4d97-9c80-18f2d4d4e1de 8d16257921214e02b42d32bfec1b919c 9e6d7ce1c2244722bba0373ead6ae8d3 - - default default] 10.0.0.153 "DELETE /v2.0/security-groups/01f21814-e976-4a1e-b831-b8166b8a8489 HTTP/1.1" status: 204 len: 168 time: 0.2968366
2026-05-26 06:55:43.485 10 INFO neutron.wsgi [None req-439603df-5a3b-46fd-b4cd-be7bd72eafcc 742bc2a356d04a29b3b37f6db160b77e 3688d13d66d445f88b5db6b50a0928b7 - - default default] 10.0.0.153 "POST /v2.0/routers HTTP/1.1" status: 201 len: 691 time: 0.2082953
2026-05-26 06:55:43.678 10 INFO neutron.db.l3_db [req-e2d0d14f-01de-4d24-b25b-3140890e8240 req-15531693-8f27-404c-a679-1159d2a583e1 d9f24d3f05314bada664deafbf0c70b0 8f385a30f2104832938e9ea156b47ab1 - - default default] Floating IP 9d0093a8-4a81-4c8b-9867-b4d4fcaafcfc disassociated. External IP: 10.96.250.210, port: 93a5850f-4727-45c0-a535-738771441a63.
2026-05-26 06:55:43.935 10 INFO neutron.wsgi [req-e2d0d14f-01de-4d24-b25b-3140890e8240 req-15531693-8f27-404c-a679-1159d2a583e1 d9f24d3f05314bada664deafbf0c70b0 8f385a30f2104832938e9ea156b47ab1 - - default default] 199.204.45.19 "DELETE /v2.0/ports/93a5850f-4727-45c0-a535-738771441a63 HTTP/1.1" status: 204 len: 173 time: 0.7269847
2026-05-26 06:55:43.941 9 WARNING neutron.plugins.ml2.drivers.ovn.mech_driver.ovsdb.ovn_client [None req-5387fb26-6f8c-40cd-bf4a-41039702261f - - - - - -] No port found with ID 6c1d0a9f-831f-4011-86cc-c39359ab9a4b: RuntimeError: No port found with ID 6c1d0a9f-831f-4011-86cc-c39359ab9a4b
2026-05-26 06:55:43.986 9 INFO neutron.plugins.ml2.drivers.ovn.mech_driver.mech_driver [None req-5387fb26-6f8c-40cd-bf4a-41039702261f - - - - - -] OVN reports status down for port: 93a5850f-4727-45c0-a535-738771441a63
2026-05-26 06:55:43.994 10 WARNING neutron.scheduler.dhcp_agent_scheduler [None req-8ce21065-fc43-4900-9deb-cd568f77118f 742bc2a356d04a29b3b37f6db160b77e 3688d13d66d445f88b5db6b50a0928b7 - - default default] No more DHCP agents
2026-05-26 06:55:43.997 10 WARNING neutron.api.rpc.agentnotifiers.dhcp_rpc_agent_api [None req-8ce21065-fc43-4900-9deb-cd568f77118f 742bc2a356d04a29b3b37f6db160b77e 3688d13d66d445f88b5db6b50a0928b7 - - default default] Unable to schedule network 2bf6dc82-f6f3-40c7-ba98-67d4ef7c85bf: no agents available; will retry on subsequent port and subnet creation events.
2026-05-26 06:55:44.013 10 INFO neutron.wsgi [req-87935dce-c40e-4e29-936c-0bc446dd91ec req-e4f45f66-ccd2-41fe-a0dd-5cc2fb8fc11e d9f24d3f05314bada664deafbf0c70b0 8f385a30f2104832938e9ea156b47ab1 - - default default] 10.0.0.158 "GET /v2.0/ports?device_id=bd0a7d5e-cd62-4911-9df2-99e7bd70e913 HTTP/1.1" status: 200 len: 210 time: 0.0293443
2026-05-26 06:55:44.095 10 INFO neutron.notifiers.nova [-] Nova event matching ['req-08a0e8ff-b516-4c44-86ce-8175340c05be'] response: {'server_uuid': 'bd0a7d5e-cd62-4911-9df2-99e7bd70e913', 'name': 'network-vif-deleted', 'tag': '93a5850f-4727-45c0-a535-738771441a63', 'status': 'completed', 'code': 200}
2026-05-26 06:55:44.126 10 INFO neutron.db.ovn_revision_numbers_db [None req-8ce21065-fc43-4900-9deb-cd568f77118f 742bc2a356d04a29b3b37f6db160b77e 3688d13d66d445f88b5db6b50a0928b7 - - default default] Successfully bumped revision number for resource 4a9cefad-e8f9-4c8b-89b7-b20a065a90bb (type: ports) to 1
2026-05-26 06:55:44.399 9 INFO neutron.wsgi [None req-f27e6089-16a5-4bf6-83dc-f3feb7b76cfd 8d16257921214e02b42d32bfec1b919c 9e6d7ce1c2244722bba0373ead6ae8d3 - - default default] 10.0.0.153 "PUT /v2.0/routers/de9bfd2d-6ebc-4c34-977a-0a5e205f03a7/remove_router_interface HTTP/1.1" status: 200 len: 503 time: 1.1665239
2026-05-26 06:55:44.486 9 INFO neutron.plugins.ml2.drivers.ovn.mech_driver.mech_driver [None req-5387fb26-6f8c-40cd-bf4a-41039702261f - - - - - -] OVN reports status up for port: 4a9cefad-e8f9-4c8b-89b7-b20a065a90bb
2026-05-26 06:55:44.496 9 INFO neutron.plugins.ml2.plugin [None req-5387fb26-6f8c-40cd-bf4a-41039702261f - - - - - -] Attempt 1 to provision port 4a9cefad-e8f9-4c8b-89b7-b20a065a90bb
2026-05-26 06:55:44.517 10 INFO neutron.db.ovn_revision_numbers_db [None req-8ce21065-fc43-4900-9deb-cd568f77118f 742bc2a356d04a29b3b37f6db160b77e 3688d13d66d445f88b5db6b50a0928b7 - - default default] Successfully bumped revision number for resource 4a9cefad-e8f9-4c8b-89b7-b20a065a90bb (type: router_ports) to 1
2026-05-26 06:55:44.665 10 INFO neutron.db.ovn_revision_numbers_db [None req-8ce21065-fc43-4900-9deb-cd568f77118f 742bc2a356d04a29b3b37f6db160b77e 3688d13d66d445f88b5db6b50a0928b7 - - default default] Successfully bumped revision number for resource 4a9cefad-e8f9-4c8b-89b7-b20a065a90bb (type: ports) to 1
2026-05-26 06:55:44.755 10 WARNING neutron.scheduler.dhcp_agent_scheduler [None req-8ce21065-fc43-4900-9deb-cd568f77118f 742bc2a356d04a29b3b37f6db160b77e 3688d13d66d445f88b5db6b50a0928b7 - - default default] No more DHCP agents
2026-05-26 06:55:44.758 10 WARNING neutron.api.rpc.agentnotifiers.dhcp_rpc_agent_api [None req-8ce21065-fc43-4900-9deb-cd568f77118f 742bc2a356d04a29b3b37f6db160b77e 3688d13d66d445f88b5db6b50a0928b7 - - default default] Unable to schedule network 2bf6dc82-f6f3-40c7-ba98-67d4ef7c85bf: no agents available; will retry on subsequent port and subnet creation events.
2026-05-26 06:55:44.810 9 INFO neutron.db.ovn_revision_numbers_db [None req-5387fb26-6f8c-40cd-bf4a-41039702261f - - - - - -] Successfully bumped revision number for resource 4a9cefad-e8f9-4c8b-89b7-b20a065a90bb (type: ports) to 2
2026-05-26 06:55:44.908 9 INFO neutron.db.ovn_revision_numbers_db [None req-5387fb26-6f8c-40cd-bf4a-41039702261f - - - - - -] Successfully bumped revision number for resource 4a9cefad-e8f9-4c8b-89b7-b20a065a90bb (type: router_ports) to 2 /var/lib/openstack/lib/python3.10/site-packages/pycadf/identifier.py:71: UserWarning: Invalid uuid: neutron. To ensure interoperability, identifiers should be a valid uuid. warnings.warn(('Invalid uuid: %s. To ensure interoperability, '
2026-05-26 06:55:45.173 10 INFO neutron.db.ovn_revision_numbers_db [None req-8ce21065-fc43-4900-9deb-cd568f77118f 742bc2a356d04a29b3b37f6db160b77e 3688d13d66d445f88b5db6b50a0928b7 - - default default] Successfully bumped revision number for resource 4a9cefad-e8f9-4c8b-89b7-b20a065a90bb (type: router_ports) to 2
2026-05-26 06:55:45.176 10 INFO neutron.wsgi [None req-8ce21065-fc43-4900-9deb-cd568f77118f 742bc2a356d04a29b3b37f6db160b77e 3688d13d66d445f88b5db6b50a0928b7 - - default default] 10.0.0.153 "PUT /v2.0/routers/e712abad-4f12-4b1d-8fa7-d485199681da/add_router_interface HTTP/1.1" status: 200 len: 503 time: 1.6855061
2026-05-26 06:55:45.229 9 INFO neutron.wsgi [None req-d1e6433c-46cb-4122-8e0a-86a1e3e9891f d9f24d3f05314bada664deafbf0c70b0 8f385a30f2104832938e9ea156b47ab1 - - default default] 10.0.0.153 "DELETE /v2.0/security-groups/5738d67a-75d8-4223-ac61-ceb61f96eaa3 HTTP/1.1" status: 204 len: 168 time: 0.1298718
2026-05-26 06:55:45.240 10 INFO neutron.wsgi [None req-d0601d96-b1dd-4131-b9cd-fff39e0187cf 742bc2a356d04a29b3b37f6db160b77e 3688d13d66d445f88b5db6b50a0928b7 - - default default] 10.0.0.153 "GET /v2.0/ports/4a9cefad-e8f9-4c8b-89b7-b20a065a90bb HTTP/1.1" status: 200 len: 1141 time: 0.0564272
2026-05-26 06:55:45.257 9 INFO neutron.api.v2.resource [None req-bb38867a-5ab8-4ab4-a181-fb7202618ba3 d9f24d3f05314bada664deafbf0c70b0 8f385a30f2104832938e9ea156b47ab1 - - default default] show failed (client error): The resource could not be found.
2026-05-26 06:55:45.258 9 INFO neutron.wsgi [None req-bb38867a-5ab8-4ab4-a181-fb7202618ba3 d9f24d3f05314bada664deafbf0c70b0 8f385a30f2104832938e9ea156b47ab1 - - default default] 10.0.0.153 "GET /v2.0/security-groups/5738d67a-75d8-4223-ac61-ceb61f96eaa3 HTTP/1.1" status: 404 len: 347 time: 0.0253146
2026-05-26 06:55:45.303 10 INFO neutron.wsgi [None req-04749f8f-cbe7-4793-a954-7b70c40285f9 742bc2a356d04a29b3b37f6db160b77e 3688d13d66d445f88b5db6b50a0928b7 - - default default] 10.0.0.153 "GET /v2.0/ports/4a9cefad-e8f9-4c8b-89b7-b20a065a90bb HTTP/1.1" status: 200 len: 1141 time: 0.0575368
2026-05-26 06:55:45.643 9 INFO neutron.wsgi [None req-c27c1fec-8337-4bc0-8037-045628e098e8 d9f24d3f05314bada664deafbf0c70b0 8f385a30f2104832938e9ea156b47ab1 - - default default] 10.0.0.153 "DELETE /v2.0/floatingips/9d0093a8-4a81-4c8b-9867-b4d4fcaafcfc HTTP/1.1" status: 204 len: 168 time: 0.3773501
2026-05-26 06:55:45.715 10 INFO neutron.wsgi [None req-105fae0d-d049-47dd-bedd-0d04c0392c62 8d16257921214e02b42d32bfec1b919c 9e6d7ce1c2244722bba0373ead6ae8d3 - - default default] 10.0.0.153 "DELETE /v2.0/routers/de9bfd2d-6ebc-4c34-977a-0a5e205f03a7 HTTP/1.1" status: 204 len: 168 time: 1.3120818
2026-05-26 06:55:45.988 10 INFO neutron.wsgi [None req-4670c3a9-3177-46c4-998e-86fb2055c864 8d16257921214e02b42d32bfec1b919c 9e6d7ce1c2244722bba0373ead6ae8d3 - - default default] 10.0.0.153 "DELETE /v2.0/subnets/53887df7-ed72-460a-a608-eb6d8718a050 HTTP/1.1" status: 204 len: 168 time: 0.2657611
2026-05-26 06:55:46.080 10 INFO neutron.wsgi [None req-69536b9a-a1e4-41b8-890c-4c01409de5ed 742bc2a356d04a29b3b37f6db160b77e 3688d13d66d445f88b5db6b50a0928b7 - - default default] 10.0.0.153 "PUT /v2.0/routers/e712abad-4f12-4b1d-8fa7-d485199681da/remove_router_interface HTTP/1.1" status: 200 len: 503 time: 0.7711980 /var/lib/openstack/lib/python3.10/site-packages/pycadf/identifier.py:71: UserWarning: Invalid uuid: neutron. To ensure interoperability, identifiers should be a valid uuid. warnings.warn(('Invalid uuid: %s. To ensure interoperability, '
2026-05-26 06:55:46.117 10 INFO neutron.wsgi [None req-247e5c85-571c-4747-8d27-99d376256219 742bc2a356d04a29b3b37f6db160b77e 3688d13d66d445f88b5db6b50a0928b7 - - default default] 10.0.0.153 "GET /v2.0/ports?device_id=e712abad-4f12-4b1d-8fa7-d485199681da HTTP/1.1" status: 200 len: 205 time: 0.0317533
2026-05-26 06:55:46.459 10 INFO neutron.wsgi [None req-93e4b57e-a177-40d4-9b77-d91745ca5b77 742bc2a356d04a29b3b37f6db160b77e 3688d13d66d445f88b5db6b50a0928b7 - - default default] 10.0.0.153 "DELETE /v2.0/routers/e712abad-4f12-4b1d-8fa7-d485199681da HTTP/1.1" status: 204 len: 168 time: 0.3338299
2026-05-26 06:55:46.595 10 INFO neutron.services.segments.plugin [-] Segment 1af7403b-2239-4eed-882b-6f5977cd3dd6 resource provider aggregate not found
2026-05-26 06:55:46.605 10 INFO neutron.services.segments.plugin [-] Segment 1af7403b-2239-4eed-882b-6f5977cd3dd6 resource provider aggregate not found
2026-05-26 06:55:46.619 10 INFO neutron.services.segments.plugin [-] Segment 1af7403b-2239-4eed-882b-6f5977cd3dd6 resource provider not found; error: Placement Client Error (4xx): {"errors": [{"status": 404, "title": "Not Found", "detail": "The resource could not be found.\n\n No resource provider with uuid 1af7403b-2239-4eed-882b-6f5977cd3dd6 found for delete ", "request_id": "req-b84b3489-7cef-4162-bbfe-40370c49f61d"}]}
2026-05-26 06:55:46.634 10 INFO neutron.services.segments.plugin [-] Segment 1af7403b-2239-4eed-882b-6f5977cd3dd6 resource provider not found; error: Placement Client Error (4xx): {"errors": [{"status": 404, "title": "Not Found", "detail": "The resource could not be found.\n\n No resource provider with uuid 1af7403b-2239-4eed-882b-6f5977cd3dd6 found for delete ", "request_id": "req-94845ad6-1409-49f6-9887-562739c5ea0b"}]}
2026-05-26 06:55:46.658 10 INFO neutron.wsgi [None req-ef018543-92eb-4ea5-8feb-d09387c6ed6b 8d16257921214e02b42d32bfec1b919c 9e6d7ce1c2244722bba0373ead6ae8d3 - - default default] 10.0.0.153 "DELETE /v2.0/networks/ba41a824-9afb-4c3b-87b7-c19579fe0ca5 HTTP/1.1" status: 204 len: 168 time: 0.6557159
2026-05-26 06:55:46.726 10 INFO neutron.wsgi [None req-d7add507-d447-420f-9c1e-57f8270ac17e 742bc2a356d04a29b3b37f6db160b77e 3688d13d66d445f88b5db6b50a0928b7 - - default default] 10.0.0.153 "DELETE /v2.0/subnets/9a1bb07b-ffb8-4372-a9d5-c59568d6dbe2 HTTP/1.1" status: 204 len: 168 time: 0.2631707
2026-05-26 06:55:46.796 9 INFO neutron.wsgi [None req-4c7ce400-fa5c-4beb-a3f7-66e3df76e433 8d16257921214e02b42d32bfec1b919c 9e6d7ce1c2244722bba0373ead6ae8d3 - - default default] 10.0.0.153 "PUT /v2.0/routers/cdb48536-b7f9-448b-b5fb-b55f27365c77/remove_router_interface HTTP/1.1" status: 200 len: 503 time: 1.1468067 /var/lib/openstack/lib/python3.10/site-packages/pycadf/identifier.py:71: UserWarning: Invalid uuid: neutron. To ensure interoperability, identifiers should be a valid uuid. warnings.warn(('Invalid uuid: %s. To ensure interoperability, '
2026-05-26 06:55:46.974 9 INFO neutron.wsgi [None req-8fca1803-ad34-4b0c-87e0-2a2340c88efa 8d16257921214e02b42d32bfec1b919c 9e6d7ce1c2244722bba0373ead6ae8d3 - - default default] 10.0.0.153 "GET /v2.0/security-groups?tenant_id=d86ec7904ecf4ea1b9df58f3f6b4696c&name=default HTTP/1.1" status: 200 len: 2996 time: 0.0741835
2026-05-26 06:55:47.135 10 INFO neutron.wsgi [None req-7ba86876-b0a4-40c7-ab57-e1389d56eca1 742bc2a356d04a29b3b37f6db160b77e 3688d13d66d445f88b5db6b50a0928b7 - - default default] 10.0.0.153 "DELETE /v2.0/networks/2bf6dc82-f6f3-40c7-ba98-67d4ef7c85bf HTTP/1.1" status: 204 len: 168 time: 0.4013476
2026-05-26 06:55:47.147 10 WARNING neutron_lib.context [None req-2c24c78d-202b-4a49-957b-33d93647ae1f 742bc2a356d04a29b3b37f6db160b77e 3688d13d66d445f88b5db6b50a0928b7 - - default default] Method 'is_advsvc' is deprecated since 2023.2 release (neutron-lib 3.8.0) and will be removed once support for the old RBAC API policies will be removed from Neutron. Please use method 'is_service_role' instead.
2026-05-26 06:55:47.313 9 INFO neutron.wsgi [None req-fda0b970-b382-4977-84d2-d11516f2308f 8d16257921214e02b42d32bfec1b919c 9e6d7ce1c2244722bba0373ead6ae8d3 - - default default] 10.0.0.153 "DELETE /v2.0/security-groups/cf139d99-f0e6-4c3d-b642-59daf96eab89 HTTP/1.1" status: 204 len: 168 time: 0.3338625
2026-05-26 06:55:47.581 10 WARNING neutron.scheduler.dhcp_agent_scheduler [None req-2c24c78d-202b-4a49-957b-33d93647ae1f 742bc2a356d04a29b3b37f6db160b77e 3688d13d66d445f88b5db6b50a0928b7 - - default default] No more DHCP agents
2026-05-26 06:55:47.584 10 WARNING neutron.api.rpc.agentnotifiers.dhcp_rpc_agent_api [None req-2c24c78d-202b-4a49-957b-33d93647ae1f 742bc2a356d04a29b3b37f6db160b77e 3688d13d66d445f88b5db6b50a0928b7 - - default default] Unable to schedule network 3fa49f1f-41e2-4630-986f-3a5b3c2699c7: no agents available; will retry on subsequent port and subnet creation events.
2026-05-26 06:55:47.830 9 INFO neutron.wsgi [None req-23d1708f-d4b5-445c-85dc-93880a9d699e 8d16257921214e02b42d32bfec1b919c 9e6d7ce1c2244722bba0373ead6ae8d3 - - default default] 10.0.0.153 "DELETE /v2.0/routers/cdb48536-b7f9-448b-b5fb-b55f27365c77 HTTP/1.1" status: 204 len: 168 time: 1.0210280
2026-05-26 06:55:47.997 10 INFO neutron.db.ovn_revision_numbers_db [None req-2c24c78d-202b-4a49-957b-33d93647ae1f 742bc2a356d04a29b3b37f6db160b77e 3688d13d66d445f88b5db6b50a0928b7 - - default default] Successfully bumped revision number for resource ec479cb8-db2f-4beb-89bb-a28f2e21197a (type: ports) to 1
2026-05-26 06:55:48.055 9 INFO neutron.wsgi [None req-74825f75-c787-48f4-b94f-3d2fa5d977ec 8d16257921214e02b42d32bfec1b919c 9e6d7ce1c2244722bba0373ead6ae8d3 - - default default] 10.0.0.153 "DELETE /v2.0/subnets/6cf7b5d9-4b87-412b-955e-3e5fc328f63e HTTP/1.1" status: 204 len: 168 time: 0.2199497
2026-05-26 06:55:48.422 9 INFO neutron.services.segments.plugin [-] Segment 8a93c534-6b34-4b82-ae98-33bbde548504 resource provider aggregate not found
2026-05-26 06:55:48.427 9 INFO neutron.services.segments.plugin [-] Segment 8a93c534-6b34-4b82-ae98-33bbde548504 resource provider aggregate not found
2026-05-26 06:55:48.442 9 INFO neutron.services.segments.plugin [-] Segment 8a93c534-6b34-4b82-ae98-33bbde548504 resource provider not found; error: Placement Client Error (4xx): {"errors": [{"status": 404, "title": "Not Found", "detail": "The resource could not be found.\n\n No resource provider with uuid 8a93c534-6b34-4b82-ae98-33bbde548504 found for delete ", "request_id": "req-99724e27-22e0-4f7e-8bea-aa88302e7f79"}]}
2026-05-26 06:55:48.443 9 INFO neutron.services.segments.plugin [-] Segment 8a93c534-6b34-4b82-ae98-33bbde548504 resource provider not found; error: Placement Client Error (4xx): {"errors": [{"status": 404, "title": "Not Found", "detail": "The resource could not be found.\n\n No resource provider with uuid 8a93c534-6b34-4b82-ae98-33bbde548504 found for delete ", "request_id": "req-aba1afd9-d848-41eb-8cd1-92fc4bbc0d11"}]}
2026-05-26 06:55:48.467 9 INFO neutron.wsgi [None req-13fc95b2-29c9-403d-b3c7-79a6a27f89b8 8d16257921214e02b42d32bfec1b919c 9e6d7ce1c2244722bba0373ead6ae8d3 - - default default] 10.0.0.153 "DELETE /v2.0/networks/6cbdf446-5657-44e6-bb44-e96358c05ac0 HTTP/1.1" status: 204 len: 168 time: 0.4080396
2026-05-26 06:55:48.606 10 INFO neutron.plugins.ml2.drivers.ovn.mech_driver.mech_driver [None req-e6a22b7b-ebf5-4e4f-b819-8ca87162508e - - - - - -] OVN reports status up for port: ec479cb8-db2f-4beb-89bb-a28f2e21197a
2026-05-26 06:55:48.644 9 INFO neutron.wsgi [None req-6516aaec-1e04-4b97-a6d6-b398276996e6 8d16257921214e02b42d32bfec1b919c 9e6d7ce1c2244722bba0373ead6ae8d3 - - default default] 10.0.0.153 "GET /v2.0/security-groups?tenant_id=8f385a30f2104832938e9ea156b47ab1&name=default HTTP/1.1" status: 200 len: 2996 time: 0.0337520
2026-05-26 06:55:48.644 10 INFO neutron.services.segments.plugin [-] Segment 69886394-6811-4eef-a496-8b039f38984e resource provider aggregate not found
2026-05-26 06:55:48.650 10 INFO neutron.plugins.ml2.plugin [None req-e6a22b7b-ebf5-4e4f-b819-8ca87162508e - - - - - -] Attempt 1 to provision port ec479cb8-db2f-4beb-89bb-a28f2e21197a
2026-05-26 06:55:48.654 10 INFO neutron.services.segments.plugin [-] Segment 69886394-6811-4eef-a496-8b039f38984e resource provider aggregate not found
2026-05-26 06:55:48.667 10 INFO neutron.services.segments.plugin [-] Segment 69886394-6811-4eef-a496-8b039f38984e resource provider not found; error: Placement Client Error (4xx): {"errors": [{"status": 404, "title": "Not Found", "detail": "The resource could not be found.\n\n No resource provider with uuid 69886394-6811-4eef-a496-8b039f38984e found for delete ", "request_id": "req-e110fac1-54ba-473f-beb7-f1b2e51cd0f3"}]}
2026-05-26 06:55:48.669 10 INFO neutron.db.ovn_revision_numbers_db [None req-2c24c78d-202b-4a49-957b-33d93647ae1f 742bc2a356d04a29b3b37f6db160b77e 3688d13d66d445f88b5db6b50a0928b7 - - default default] Successfully bumped revision number for resource ec479cb8-db2f-4beb-89bb-a28f2e21197a (type: router_ports) to 1
2026-05-26 06:55:48.690 10 INFO neutron.services.segments.plugin [-] Segment 69886394-6811-4eef-a496-8b039f38984e resource provider not found; error: Placement Client Error (4xx): {"errors": [{"status": 404, "title": "Not Found", "detail": "The resource could not be found.\n\n No resource provider with uuid 69886394-6811-4eef-a496-8b039f38984e found for delete ", "request_id": "req-03fa1207-a192-4473-aa5f-91f4a17756cc"}]}
2026-05-26 06:55:48.764 10 INFO neutron.db.ovn_revision_numbers_db [None req-2c24c78d-202b-4a49-957b-33d93647ae1f 742bc2a356d04a29b3b37f6db160b77e 3688d13d66d445f88b5db6b50a0928b7 - - default default] Successfully bumped revision number for resource 732890f0-be11-4a3b-addd-7bf9baf367e8 (type: routers) to 2
2026-05-26 06:55:48.781 10 INFO neutron.wsgi [None req-2c24c78d-202b-4a49-957b-33d93647ae1f 742bc2a356d04a29b3b37f6db160b77e 3688d13d66d445f88b5db6b50a0928b7 - - default default] 10.0.0.153 "POST /v2.0/routers HTTP/1.1" status: 201 len: 872 time: 1.6383517
2026-05-26 06:55:48.870 10 INFO neutron.wsgi [None req-3d594d76-1e0d-49c7-b25f-84f743661725 742bc2a356d04a29b3b37f6db160b77e 3688d13d66d445f88b5db6b50a0928b7 - - default default] 10.0.0.153 "GET /v2.0/routers/732890f0-be11-4a3b-addd-7bf9baf367e8 HTTP/1.1" status: 200 len: 873 time: 0.0816097
2026-05-26 06:55:48.884 9 INFO neutron.wsgi [None req-2fa411c5-1f42-4a52-8b49-f0b139e05559 8d16257921214e02b42d32bfec1b919c 9e6d7ce1c2244722bba0373ead6ae8d3 - - default default] 10.0.0.153 "DELETE /v2.0/security-groups/646db341-fefb-4760-a775-e40340028973 HTTP/1.1" status: 204 len: 168 time: 0.2318823
2026-05-26 06:55:49.018 9 INFO neutron.wsgi [None req-4d9a2595-8df7-45e0-80d9-18bf5d306ffd 742bc2a356d04a29b3b37f6db160b77e 3688d13d66d445f88b5db6b50a0928b7 - - default default] 10.0.0.153 "GET /v2.0/routers HTTP/1.1" status: 200 len: 876 time: 0.1437604
2026-05-26 06:55:49.638 9 INFO neutron.wsgi [-] 10.0.0.162 "GET / HTTP/1.1" status: 200 len: 246 time: 0.0017209
2026-05-26 06:55:49.640 9 INFO neutron.wsgi [-] 10.0.0.162 "GET / HTTP/1.1" status: 200 len: 246 time: 0.0011156
2026-05-26 06:55:49.787 10 INFO neutron.db.ovn_revision_numbers_db [None req-5173af34-ce54-4815-bb1d-90289b77d8a9 8d16257921214e02b42d32bfec1b919c 9e6d7ce1c2244722bba0373ead6ae8d3 - - default default] Successfully bumped revision number for resource dbe73cbd-95db-4f4f-9905-869b50c277cd (type: security_groups) to 1
2026-05-26 06:55:49.795 9 INFO neutron.db.ovn_revision_numbers_db [None req-c3b56567-8233-4635-ab27-d631babcb23b 742bc2a356d04a29b3b37f6db160b77e 3688d13d66d445f88b5db6b50a0928b7 - - default default] Successfully bumped revision number for resource 732890f0-be11-4a3b-addd-7bf9baf367e8 (type: routers) to 3
2026-05-26 06:55:49.799 9 INFO neutron.wsgi [None req-c3b56567-8233-4635-ab27-d631babcb23b 742bc2a356d04a29b3b37f6db160b77e 3688d13d66d445f88b5db6b50a0928b7 - - default default] 10.0.0.153 "PUT /v2.0/routers/732890f0-be11-4a3b-addd-7bf9baf367e8 HTTP/1.1" status: 200 len: 880 time: 0.7748587
2026-05-26 06:55:49.808 10 INFO neutron.db.ovn_revision_numbers_db [None req-5173af34-ce54-4815-bb1d-90289b77d8a9 8d16257921214e02b42d32bfec1b919c 9e6d7ce1c2244722bba0373ead6ae8d3 - - default default] Successfully bumped revision number for resource 285af65b-43b7-4729-973c-b500232513cb (type: security_group_rules) to 0
2026-05-26 06:55:49.827 10 INFO neutron.db.ovn_revision_numbers_db [None req-5173af34-ce54-4815-bb1d-90289b77d8a9 8d16257921214e02b42d32bfec1b919c 9e6d7ce1c2244722bba0373ead6ae8d3 - - default default] Successfully bumped revision number for resource 7308989d-828e-47c8-9470-6ad0ea0f1f1c (type: security_group_rules) to 0
2026-05-26 06:55:49.842 10 INFO neutron.db.ovn_revision_numbers_db [None req-5173af34-ce54-4815-bb1d-90289b77d8a9 8d16257921214e02b42d32bfec1b919c 9e6d7ce1c2244722bba0373ead6ae8d3 - - default default] Successfully bumped revision number for resource b090b82e-a20e-4098-ab00-343ef8ca7a75 (type: security_group_rules) to 0
2026-05-26 06:55:49.857 10 INFO neutron.db.ovn_revision_numbers_db [None req-5173af34-ce54-4815-bb1d-90289b77d8a9 8d16257921214e02b42d32bfec1b919c 9e6d7ce1c2244722bba0373ead6ae8d3 - - default default] Successfully bumped revision number for resource cf64ca10-d6b5-4333-94d0-adb1b95779bc (type: security_group_rules) to 0
2026-05-26 06:55:49.871 9 INFO neutron.wsgi [None req-65e6e307-96e5-4a56-a086-7a7bac40571e 742bc2a356d04a29b3b37f6db160b77e 3688d13d66d445f88b5db6b50a0928b7 - - default default] 10.0.0.153 "GET /v2.0/routers/732890f0-be11-4a3b-addd-7bf9baf367e8 HTTP/1.1" status: 200 len: 880 time: 0.0672514
2026-05-26 06:55:49.899 9 INFO neutron.wsgi [None req-1339a519-33d4-48a6-9fc4-21ca665d2148 742bc2a356d04a29b3b37f6db160b77e 3688d13d66d445f88b5db6b50a0928b7 - - default default] 10.0.0.153 "GET /v2.0/ports?device_id=732890f0-be11-4a3b-addd-7bf9baf367e8 HTTP/1.1" status: 200 len: 205 time: 0.0215628
2026-05-26 06:55:49.914 10 INFO neutron.db.segments_db [None req-5173af34-ce54-4815-bb1d-90289b77d8a9 8d16257921214e02b42d32bfec1b919c 9e6d7ce1c2244722bba0373ead6ae8d3 - - default default] Added segment e3b98f5d-9e95-4c5b-b639-5d1bbdfedb27 of type geneve for network 435d63bd-17d3-403f-ab4f-91e96bff0e8d
2026-05-26 06:55:50.080 10 INFO neutron.db.ovn_revision_numbers_db [None req-5173af34-ce54-4815-bb1d-90289b77d8a9 8d16257921214e02b42d32bfec1b919c 9e6d7ce1c2244722bba0373ead6ae8d3 - - default default] Successfully bumped revision number for resource 435d63bd-17d3-403f-ab4f-91e96bff0e8d (type: networks) to 1
2026-05-26 06:55:50.262 10 WARNING neutron.scheduler.dhcp_agent_scheduler [None req-5173af34-ce54-4815-bb1d-90289b77d8a9 8d16257921214e02b42d32bfec1b919c 9e6d7ce1c2244722bba0373ead6ae8d3 - - default default] No more DHCP agents
2026-05-26 06:55:50.265 10 WARNING neutron.api.rpc.agentnotifiers.dhcp_rpc_agent_api [None req-5173af34-ce54-4815-bb1d-90289b77d8a9 8d16257921214e02b42d32bfec1b919c 9e6d7ce1c2244722bba0373ead6ae8d3 - - default default] Unable to schedule network 435d63bd-17d3-403f-ab4f-91e96bff0e8d: no agents available; will retry on subsequent port and subnet creation events.
2026-05-26 06:55:50.352 10 INFO neutron.db.ovn_revision_numbers_db [None req-5173af34-ce54-4815-bb1d-90289b77d8a9 8d16257921214e02b42d32bfec1b919c 9e6d7ce1c2244722bba0373ead6ae8d3 - - default default] Successfully bumped revision number for resource 85231169-8757-45bb-a76c-4801ebeb2ba9 (type: ports) to 1
2026-05-26 06:55:50.377 10 INFO neutron.wsgi [None req-5173af34-ce54-4815-bb1d-90289b77d8a9 8d16257921214e02b42d32bfec1b919c 9e6d7ce1c2244722bba0373ead6ae8d3 - - default default] 10.0.0.153 "POST /v2.0/networks HTTP/1.1" status: 201 len: 947 time: 0.9821332
2026-05-26 06:55:50.560 9 WARNING neutron.plugins.ml2.drivers.ovn.mech_driver.ovsdb.ovn_client [None req-5387fb26-6f8c-40cd-bf4a-41039702261f - - - - - -] No port found with ID 4a9cefad-e8f9-4c8b-89b7-b20a065a90bb: RuntimeError: No port found with ID 4a9cefad-e8f9-4c8b-89b7-b20a065a90bb
2026-05-26 06:55:50.610 9 WARNING neutron.scheduler.dhcp_agent_scheduler [None req-5d750999-f5de-4439-944c-42f1baa9400f 8d16257921214e02b42d32bfec1b919c 9e6d7ce1c2244722bba0373ead6ae8d3 - - default default] No more DHCP agents
2026-05-26 06:55:50.631 9 WARNING neutron.api.rpc.agentnotifiers.dhcp_rpc_agent_api [None req-5d750999-f5de-4439-944c-42f1baa9400f 8d16257921214e02b42d32bfec1b919c 9e6d7ce1c2244722bba0373ead6ae8d3 - - default default] Unable to schedule network 435d63bd-17d3-403f-ab4f-91e96bff0e8d: no agents available; will retry on subsequent port and subnet creation events.
2026-05-26 06:55:50.885 10 INFO neutron.db.ovn_revision_numbers_db [None req-6f64d701-2ad9-4e12-8395-15936bf38202 8d16257921214e02b42d32bfec1b919c 9e6d7ce1c2244722bba0373ead6ae8d3 - - default default] Successfully bumped revision number for resource e6fbf224-551d-4e42-b194-7da42ed2b11e (type: security_groups) to 1
2026-05-26 06:55:50.901 10 INFO neutron.db.ovn_revision_numbers_db [None req-6f64d701-2ad9-4e12-8395-15936bf38202 8d16257921214e02b42d32bfec1b919c 9e6d7ce1c2244722bba0373ead6ae8d3 - - default default] Successfully bumped revision number for resource 008fa73f-c896-4ff7-b02e-cdc7ab8539fa (type: security_group_rules) to 0
2026-05-26 06:55:50.901 9 INFO neutron.wsgi [None req-379eafbf-a6f2-4802-b727-c100c59c594c 742bc2a356d04a29b3b37f6db160b77e 3688d13d66d445f88b5db6b50a0928b7 - - default default] 10.0.0.153 "DELETE /v2.0/routers/732890f0-be11-4a3b-addd-7bf9baf367e8 HTTP/1.1" status: 204 len: 168 time: 0.9962838
2026-05-26 06:55:50.925 10 INFO neutron.db.ovn_revision_numbers_db [None req-6f64d701-2ad9-4e12-8395-15936bf38202 8d16257921214e02b42d32bfec1b919c 9e6d7ce1c2244722bba0373ead6ae8d3 - - default default] Successfully bumped revision number for resource 4c6c9ecb-bf5a-43f7-9708-b78ed7050ecf (type: security_group_rules) to 0
2026-05-26 06:55:50.929 10 INFO neutron.wsgi [None req-41dd80db-74de-464f-8297-31f4d7005932 742bc2a356d04a29b3b37f6db160b77e 3688d13d66d445f88b5db6b50a0928b7 - - default default] 10.0.0.153 "GET /v2.0/ports?device_id=732890f0-be11-4a3b-addd-7bf9baf367e8 HTTP/1.1" status: 200 len: 205 time: 0.0207660
2026-05-26 06:55:50.940 10 INFO neutron.db.ovn_revision_numbers_db [None req-6f64d701-2ad9-4e12-8395-15936bf38202 8d16257921214e02b42d32bfec1b919c 9e6d7ce1c2244722bba0373ead6ae8d3 - - default default] Successfully bumped revision number for resource dc186982-0357-4b5d-ae49-99f65aed382b (type: security_group_rules) to 0
2026-05-26 06:55:50.957 10 INFO neutron.db.ovn_revision_numbers_db [None req-6f64d701-2ad9-4e12-8395-15936bf38202 8d16257921214e02b42d32bfec1b919c 9e6d7ce1c2244722bba0373ead6ae8d3 - - default default] Successfully bumped revision number for resource f8a4cc50-05eb-4cee-a8d2-e87579040f5a (type: security_group_rules) to 0
2026-05-26 06:55:50.963 9 INFO neutron.api.v2.resource [None req-937d846e-cd2c-4d18-bc63-d32ec29373c5 742bc2a356d04a29b3b37f6db160b77e 3688d13d66d445f88b5db6b50a0928b7 - - default default] delete failed (client error): The resource could not be found.
2026-05-26 06:55:50.965 9 INFO neutron.wsgi [None req-937d846e-cd2c-4d18-bc63-d32ec29373c5 742bc2a356d04a29b3b37f6db160b77e 3688d13d66d445f88b5db6b50a0928b7 - - default default] 10.0.0.153 "DELETE /v2.0/routers/732890f0-be11-4a3b-addd-7bf9baf367e8 HTTP/1.1" status: 404 len: 336 time: 0.0317192
2026-05-26 06:55:50.981 10 INFO neutron.wsgi [None req-6f64d701-2ad9-4e12-8395-15936bf38202 8d16257921214e02b42d32bfec1b919c 9e6d7ce1c2244722bba0373ead6ae8d3 - - default default] 10.0.0.153 "GET /v2.0/security-groups?tenant_id=c3cf09b187df4da09e772f737adbff01&name=default HTTP/1.1" status: 200 len: 2996 time: 0.4911060
2026-05-26 06:55:50.990 9 INFO neutron.wsgi [None req-14b5a426-e1c8-41fb-bb03-a83f14e28aa2 742bc2a356d04a29b3b37f6db160b77e 3688d13d66d445f88b5db6b50a0928b7 - - default default] 10.0.0.153 "GET /v2.0/ports?device_id=e712abad-4f12-4b1d-8fa7-d485199681da HTTP/1.1" status: 200 len: 205 time: 0.0220973
2026-05-26 06:55:51.022 9 INFO neutron.api.v2.resource [None req-994c37ee-315f-4047-a3d2-66c54b168cd8 742bc2a356d04a29b3b37f6db160b77e 3688d13d66d445f88b5db6b50a0928b7 - - default default] delete failed (client error): The resource could not be found.
2026-05-26 06:55:51.023 9 INFO neutron.wsgi [None req-994c37ee-315f-4047-a3d2-66c54b168cd8 742bc2a356d04a29b3b37f6db160b77e 3688d13d66d445f88b5db6b50a0928b7 - - default default] 10.0.0.153 "DELETE /v2.0/routers/e712abad-4f12-4b1d-8fa7-d485199681da HTTP/1.1" status: 404 len: 336 time: 0.0310211
2026-05-26 06:55:51.059 10 INFO neutron.pecan_wsgi.hooks.translation [None req-62fd00d1-60d1-4097-a12c-e486e3923805 742bc2a356d04a29b3b37f6db160b77e 3688d13d66d445f88b5db6b50a0928b7 - - default default] DELETE failed (client error): The resource could not be found.
2026-05-26 06:55:51.062 10 INFO neutron.wsgi [None req-62fd00d1-60d1-4097-a12c-e486e3923805 742bc2a356d04a29b3b37f6db160b77e 3688d13d66d445f88b5db6b50a0928b7 - - default default] 10.0.0.153 "DELETE /v2.0/subnets/9a1bb07b-ffb8-4372-a9d5-c59568d6dbe2 HTTP/1.1" status: 404 len: 337 time: 0.0327175
2026-05-26 06:55:51.090 10 INFO neutron.wsgi [None req-420207d1-ebe3-4056-838c-2ea000187307 742bc2a356d04a29b3b37f6db160b77e 3688d13d66d445f88b5db6b50a0928b7 - - default default] 10.0.0.153 "GET /v2.0/ports?device_id=f3cf3e7c-a3d0-4843-89ef-e0cadf9bedef HTTP/1.1" status: 200 len: 205 time: 0.0221767
2026-05-26 06:55:51.130 9 INFO neutron.api.v2.resource [None req-1bf29dfa-6e41-4eb3-8624-8529020790c8 742bc2a356d04a29b3b37f6db160b77e 3688d13d66d445f88b5db6b50a0928b7 - - default default] delete failed (client error): The resource could not be found.
2026-05-26 06:55:51.131 9 INFO neutron.wsgi [None req-1bf29dfa-6e41-4eb3-8624-8529020790c8 742bc2a356d04a29b3b37f6db160b77e 3688d13d66d445f88b5db6b50a0928b7 - - default default] 10.0.0.153 "DELETE /v2.0/routers/f3cf3e7c-a3d0-4843-89ef-e0cadf9bedef HTTP/1.1" status: 404 len: 336 time: 0.0353405
2026-05-26 06:55:51.164 9 INFO neutron.pecan_wsgi.hooks.translation [None req-4056bb08-4ec6-4e59-9975-2038cce238d1 742bc2a356d04a29b3b37f6db160b77e 3688d13d66d445f88b5db6b50a0928b7 - - default default] DELETE failed (client error): The resource could not be found.
2026-05-26 06:55:51.166 9 INFO neutron.wsgi [None req-4056bb08-4ec6-4e59-9975-2038cce238d1 742bc2a356d04a29b3b37f6db160b77e 3688d13d66d445f88b5db6b50a0928b7 - - default default] 10.0.0.153 "DELETE /v2.0/subnets/38cb9869-18f5-451e-b0c5-0eec4028a030 HTTP/1.1" status: 404 len: 337 time: 0.0253332
2026-05-26 06:55:51.195 10 INFO neutron.wsgi [None req-001ec2a7-849b-4867-ae74-61a41dc9f5e1 742bc2a356d04a29b3b37f6db160b77e 3688d13d66d445f88b5db6b50a0928b7 - - default default] 10.0.0.153 "GET /v2.0/ports?device_id=63a039d8-5199-4bdb-aa4c-4188175ca935 HTTP/1.1" status: 200 len: 205 time: 0.0224545
2026-05-26 06:55:51.220 10 INFO neutron.api.v2.resource [None req-18be0b14-0c03-48b8-b197-bf476f254e3a 742bc2a356d04a29b3b37f6db160b77e 3688d13d66d445f88b5db6b50a0928b7 - - default default] delete failed (client error): The resource could not be found.
2026-05-26 06:55:51.221 10 INFO neutron.wsgi [None req-18be0b14-0c03-48b8-b197-bf476f254e3a 742bc2a356d04a29b3b37f6db160b77e 3688d13d66d445f88b5db6b50a0928b7 - - default default] 10.0.0.153 "DELETE /v2.0/routers/63a039d8-5199-4bdb-aa4c-4188175ca935 HTTP/1.1" status: 404 len: 336 time: 0.0215425
2026-05-26 06:55:51.247 10 INFO neutron.pecan_wsgi.hooks.translation [None req-2d5ead0f-2323-480b-9049-b77b0ac301d3 742bc2a356d04a29b3b37f6db160b77e 3688d13d66d445f88b5db6b50a0928b7 - - default default] DELETE failed (client error): The resource could not be found.
2026-05-26 06:55:51.250 10 INFO neutron.wsgi [None req-2d5ead0f-2323-480b-9049-b77b0ac301d3 742bc2a356d04a29b3b37f6db160b77e 3688d13d66d445f88b5db6b50a0928b7 - - default default] 10.0.0.153 "DELETE /v2.0/subnets/3138dab8-59c3-4349-aa4e-87091f0ddb99 HTTP/1.1" status: 404 len: 337 time: 0.0240037
2026-05-26 06:55:51.287 9 INFO neutron.pecan_wsgi.hooks.translation [None req-a3bbe319-449f-4dcc-b99a-d39c0d723f56 742bc2a356d04a29b3b37f6db160b77e 3688d13d66d445f88b5db6b50a0928b7 - - default default] DELETE failed (client error): The resource could not be found.
2026-05-26 06:55:51.289 9 INFO neutron.wsgi [None req-a3bbe319-449f-4dcc-b99a-d39c0d723f56 742bc2a356d04a29b3b37f6db160b77e 3688d13d66d445f88b5db6b50a0928b7 - - default default] 10.0.0.153 "DELETE /v2.0/subnets/68c078b8-5e69-4698-a851-4f00ca9abfbc HTTP/1.1" status: 404 len: 337 time: 0.0332909
2026-05-26 06:55:51.298 10 INFO neutron.wsgi [None req-1754f535-7eac-4c54-b509-bceb1b21aff3 8d16257921214e02b42d32bfec1b919c 9e6d7ce1c2244722bba0373ead6ae8d3 - - default default] 10.0.0.153 "DELETE /v2.0/security-groups/e6fbf224-551d-4e42-b194-7da42ed2b11e HTTP/1.1" status: 204 len: 168 time: 0.3125854
2026-05-26 06:55:51.398 9 INFO neutron.db.ovn_revision_numbers_db [None req-5d750999-f5de-4439-944c-42f1baa9400f 8d16257921214e02b42d32bfec1b919c 9e6d7ce1c2244722bba0373ead6ae8d3 - - default default] Successfully bumped revision number for resource 85231169-8757-45bb-a76c-4801ebeb2ba9 (type: ports) to 2
2026-05-26 06:55:51.443 9 INFO neutron.db.ovn_revision_numbers_db [None req-5d750999-f5de-4439-944c-42f1baa9400f 8d16257921214e02b42d32bfec1b919c 9e6d7ce1c2244722bba0373ead6ae8d3 - - default default] Successfully bumped revision number for resource 7b68b16f-d13b-4c36-a67d-446562031e7e (type: subnets) to 0
2026-05-26 06:55:51.460 9 INFO neutron.wsgi [None req-5d750999-f5de-4439-944c-42f1baa9400f 8d16257921214e02b42d32bfec1b919c 9e6d7ce1c2244722bba0373ead6ae8d3 - - default default] 10.0.0.153 "POST /v2.0/subnets HTTP/1.1" status: 201 len: 867 time: 1.0761445
2026-05-26 06:55:51.654 10 INFO neutron.db.ovn_revision_numbers_db [None req-d55ce959-7565-4752-b82b-eac396798f72 8d16257921214e02b42d32bfec1b919c 9e6d7ce1c2244722bba0373ead6ae8d3 - - default default] Successfully bumped revision number for resource 792c46b1-89ab-435a-b215-afb2eaf8c21b (type: security_groups) to 1
2026-05-26 06:55:51.673 10 INFO neutron.db.ovn_revision_numbers_db [None req-d55ce959-7565-4752-b82b-eac396798f72 8d16257921214e02b42d32bfec1b919c 9e6d7ce1c2244722bba0373ead6ae8d3 - - default default] Successfully bumped revision number for resource 240f3955-eab4-4d93-bce4-53b2e031055f (type: security_group_rules) to 0
2026-05-26 06:55:51.712 10 INFO neutron.db.ovn_revision_numbers_db [None req-d55ce959-7565-4752-b82b-eac396798f72 8d16257921214e02b42d32bfec1b919c 9e6d7ce1c2244722bba0373ead6ae8d3 - - default default] Successfully bumped revision number for resource 92348292-4d8f-4ba4-9e9f-bef10731fbb3 (type: security_group_rules) to 0
2026-05-26 06:55:51.734 10 INFO neutron.db.ovn_revision_numbers_db [None req-d55ce959-7565-4752-b82b-eac396798f72 8d16257921214e02b42d32bfec1b919c 9e6d7ce1c2244722bba0373ead6ae8d3 - - default default] Successfully bumped revision number for resource dbbf5083-043c-4f0b-9525-ec0f817b637a (type: security_group_rules) to 0
2026-05-26 06:55:51.760 10 INFO neutron.db.ovn_revision_numbers_db [None req-d55ce959-7565-4752-b82b-eac396798f72 8d16257921214e02b42d32bfec1b919c 9e6d7ce1c2244722bba0373ead6ae8d3 - - default default] Successfully bumped revision number for resource e6090527-b670-4c2c-b80d-1ec1c0f62114 (type: security_group_rules) to 0
2026-05-26 06:55:51.802 10 INFO neutron.wsgi [None req-d55ce959-7565-4752-b82b-eac396798f72 8d16257921214e02b42d32bfec1b919c 9e6d7ce1c2244722bba0373ead6ae8d3 - - default default] 10.0.0.153 "GET /v2.0/security-groups?tenant_id=5c73bab1f62546a58a24ca3076a0b56f&name=default HTTP/1.1" status: 200 len: 2996 time: 0.3546598
2026-05-26 06:55:51.972 9 INFO neutron.wsgi [None req-9197440f-3bb1-4cc9-8b85-d38d4c7ae92f 8d16257921214e02b42d32bfec1b919c 9e6d7ce1c2244722bba0373ead6ae8d3 - - default default] 10.0.0.153 "GET /v2.0/security-groups?tenant_id=3688d13d66d445f88b5db6b50a0928b7&name=default HTTP/1.1" status: 200 len: 2996 time: 0.2316604
2026-05-26 06:55:51.981 10 WARNING neutron.scheduler.dhcp_agent_scheduler [None req-8f866ee0-ead8-441f-91eb-91e09c06fb2d 8d16257921214e02b42d32bfec1b919c 9e6d7ce1c2244722bba0373ead6ae8d3 - - default default] No more DHCP agents
2026-05-26 06:55:51.986 10 WARNING neutron.api.rpc.agentnotifiers.dhcp_rpc_agent_api [None req-8f866ee0-ead8-441f-91eb-91e09c06fb2d 8d16257921214e02b42d32bfec1b919c 9e6d7ce1c2244722bba0373ead6ae8d3 - - default default] Unable to schedule network 3fa49f1f-41e2-4630-986f-3a5b3c2699c7: no agents available; will retry on subsequent port and subnet creation events.
2026-05-26 06:55:52.088 10 INFO neutron.wsgi [None req-ee04ec89-c14a-40ec-9884-18e4430b9908 8d16257921214e02b42d32bfec1b919c 9e6d7ce1c2244722bba0373ead6ae8d3 - - default default] 10.0.0.153 "DELETE /v2.0/security-groups/792c46b1-89ab-435a-b215-afb2eaf8c21b HTTP/1.1" status: 204 len: 168 time: 0.2762668
2026-05-26 06:55:52.140 10 INFO neutron.db.ovn_revision_numbers_db [None req-8f866ee0-ead8-441f-91eb-91e09c06fb2d 8d16257921214e02b42d32bfec1b919c 9e6d7ce1c2244722bba0373ead6ae8d3 - - default default] Successfully bumped revision number for resource 0cbdefb9-6b4a-46ea-a499-2e7babb393c1 (type: ports) to 1
2026-05-26 06:55:52.221 9 INFO neutron.wsgi [None req-8d5024dc-f3db-49d0-af0d-2aecfe6a656d 8d16257921214e02b42d32bfec1b919c 9e6d7ce1c2244722bba0373ead6ae8d3 - - default default] 10.0.0.153 "DELETE /v2.0/security-groups/dfb65cb5-90e2-46ff-b069-5207c60558f3 HTTP/1.1" status: 204 len: 168 time: 0.2440400
2026-05-26 06:55:52.772 9 INFO neutron.plugins.ml2.drivers.ovn.mech_driver.mech_driver [None req-5387fb26-6f8c-40cd-bf4a-41039702261f - - - - - -] OVN reports status up for port: 0cbdefb9-6b4a-46ea-a499-2e7babb393c1
2026-05-26 06:55:52.785 9 INFO neutron.plugins.ml2.drivers.ovn.mech_driver.ovsdb.ovsdb_monitor [None req-9b4234d0-ec79-44bf-8ff6-9092706dee19 - - - - - -] Router b1bdd717-71dd-42db-823d-630a7f3f445d is bound to host instance
2026-05-26 06:55:52.787 9 INFO neutron.plugins.ml2.plugin [None req-5387fb26-6f8c-40cd-bf4a-41039702261f - - - - - -] Attempt 1 to provision port 0cbdefb9-6b4a-46ea-a499-2e7babb393c1
2026-05-26 06:55:52.798 10 INFO neutron.db.ovn_revision_numbers_db [None req-8f866ee0-ead8-441f-91eb-91e09c06fb2d 8d16257921214e02b42d32bfec1b919c 9e6d7ce1c2244722bba0373ead6ae8d3 - - default default] Successfully bumped revision number for resource 0cbdefb9-6b4a-46ea-a499-2e7babb393c1 (type: router_ports) to 1
2026-05-26 06:55:53.093 10 INFO neutron.db.ovn_revision_numbers_db [None req-8f866ee0-ead8-441f-91eb-91e09c06fb2d 8d16257921214e02b42d32bfec1b919c 9e6d7ce1c2244722bba0373ead6ae8d3 - - default default] Successfully bumped revision number for resource b1bdd717-71dd-42db-823d-630a7f3f445d (type: routers) to 2
2026-05-26 06:55:53.108 10 INFO neutron.wsgi [None req-8f866ee0-ead8-441f-91eb-91e09c06fb2d 8d16257921214e02b42d32bfec1b919c 9e6d7ce1c2244722bba0373ead6ae8d3 - - default default] 10.0.0.153 "POST /v2.0/routers HTTP/1.1" status: 201 len: 878 time: 1.6429338
2026-05-26 06:55:53.313 9 INFO neutron.db.ovn_revision_numbers_db [None req-9b4234d0-ec79-44bf-8ff6-9092706dee19 - - - - - -] Successfully bumped revision number for resource 0cbdefb9-6b4a-46ea-a499-2e7babb393c1 (type: ports) to 1
2026-05-26 06:55:53.520 10 WARNING neutron.scheduler.dhcp_agent_scheduler [None req-f6b77d98-32be-46b4-a03d-282202b396ff 8d16257921214e02b42d32bfec1b919c 9e6d7ce1c2244722bba0373ead6ae8d3 - - default default] No more DHCP agents
2026-05-26 06:55:53.522 10 WARNING neutron.api.rpc.agentnotifiers.dhcp_rpc_agent_api [None req-f6b77d98-32be-46b4-a03d-282202b396ff 8d16257921214e02b42d32bfec1b919c 9e6d7ce1c2244722bba0373ead6ae8d3 - - default default] Unable to schedule network 435d63bd-17d3-403f-ab4f-91e96bff0e8d: no agents available; will retry on subsequent port and subnet creation events.
2026-05-26 06:55:53.537 9 INFO neutron.db.ovn_revision_numbers_db [None req-9b4234d0-ec79-44bf-8ff6-9092706dee19 - - - - - -] Successfully bumped revision number for resource 0cbdefb9-6b4a-46ea-a499-2e7babb393c1 (type: router_ports) to 3
2026-05-26 06:55:53.611 10 WARNING neutron.plugins.ml2.drivers.ovn.mech_driver.ovsdb.ovn_client [None req-e6a22b7b-ebf5-4e4f-b819-8ca87162508e - - - - - -] No port found with ID ec479cb8-db2f-4beb-89bb-a28f2e21197a: RuntimeError: No port found with ID ec479cb8-db2f-4beb-89bb-a28f2e21197a
2026-05-26 06:55:53.685 10 INFO neutron.db.ovn_revision_numbers_db [None req-f6b77d98-32be-46b4-a03d-282202b396ff 8d16257921214e02b42d32bfec1b919c 9e6d7ce1c2244722bba0373ead6ae8d3 - - default default] Successfully bumped revision number for resource 24fd3846-b756-4169-b917-fee9fa2187c8 (type: ports) to 1
2026-05-26 06:55:53.699 9 INFO neutron.db.ovn_revision_numbers_db [None req-9b4234d0-ec79-44bf-8ff6-9092706dee19 - - - - - -] Successfully bumped revision number for resource 0cbdefb9-6b4a-46ea-a499-2e7babb393c1 (type: ports) to 2
2026-05-26 06:55:53.946 9 INFO neutron.db.ovn_revision_numbers_db [None req-9b4234d0-ec79-44bf-8ff6-9092706dee19 - - - - - -] Successfully bumped revision number for resource 0cbdefb9-6b4a-46ea-a499-2e7babb393c1 (type: ports) to 4
2026-05-26 06:55:54.095 10 INFO neutron.db.ovn_revision_numbers_db [None req-f6b77d98-32be-46b4-a03d-282202b396ff 8d16257921214e02b42d32bfec1b919c 9e6d7ce1c2244722bba0373ead6ae8d3 - - default default] Successfully bumped revision number for resource 24fd3846-b756-4169-b917-fee9fa2187c8 (type: router_ports) to 1
2026-05-26 06:55:54.167 9 INFO neutron.db.ovn_revision_numbers_db [None req-9b4234d0-ec79-44bf-8ff6-9092706dee19 - - - - - -] Successfully bumped revision number for resource 0cbdefb9-6b4a-46ea-a499-2e7babb393c1 (type: router_ports) to 4
2026-05-26 06:55:54.266 10 INFO neutron.db.ovn_revision_numbers_db [None req-f6b77d98-32be-46b4-a03d-282202b396ff 8d16257921214e02b42d32bfec1b919c 9e6d7ce1c2244722bba0373ead6ae8d3 - - default default] Successfully bumped revision number for resource 24fd3846-b756-4169-b917-fee9fa2187c8 (type: ports) to 1
2026-05-26 06:55:54.324 10 WARNING neutron.scheduler.dhcp_agent_scheduler [None req-f6b77d98-32be-46b4-a03d-282202b396ff 8d16257921214e02b42d32bfec1b919c 9e6d7ce1c2244722bba0373ead6ae8d3 - - default default] No more DHCP agents
2026-05-26 06:55:54.324 10 WARNING neutron.api.rpc.agentnotifiers.dhcp_rpc_agent_api [None req-f6b77d98-32be-46b4-a03d-282202b396ff 8d16257921214e02b42d32bfec1b919c 9e6d7ce1c2244722bba0373ead6ae8d3 - - default default] Unable to schedule network 435d63bd-17d3-403f-ab4f-91e96bff0e8d: no agents available; will retry on subsequent port and subnet creation events.
2026-05-26 06:55:54.390 9 WARNING neutron_lib.context [None req-bac552c7-17d0-4864-911a-02fc52ed532b ce410d655431466899d08b02e1b3a0e7 15014565451e4e44ad9b2cca9deaa980 - - default default] Method 'is_advsvc' is deprecated since 2023.2 release (neutron-lib 3.8.0) and will be removed once support for the old RBAC API policies will be removed from Neutron. Please use method 'is_service_role' instead.
2026-05-26 06:55:54.561 9 INFO neutron.db.ovn_revision_numbers_db [None req-bac552c7-17d0-4864-911a-02fc52ed532b ce410d655431466899d08b02e1b3a0e7 15014565451e4e44ad9b2cca9deaa980 - - default default] Successfully bumped revision number for resource a20c466b-65ec-4d7a-8414-9bdafeabb852 (type: security_groups) to 1
2026-05-26 06:55:54.578 9 INFO neutron.db.ovn_revision_numbers_db [None req-bac552c7-17d0-4864-911a-02fc52ed532b ce410d655431466899d08b02e1b3a0e7 15014565451e4e44ad9b2cca9deaa980 - - default default] Successfully bumped revision number for resource 6af01655-21f5-4e58-afa2-8832fd291258 (type: security_group_rules) to 0
2026-05-26 06:55:54.592 9 INFO neutron.db.ovn_revision_numbers_db [None req-bac552c7-17d0-4864-911a-02fc52ed532b ce410d655431466899d08b02e1b3a0e7 15014565451e4e44ad9b2cca9deaa980 - - default default] Successfully bumped revision number for resource 7a2b04da-3a00-4a93-a384-a024f91311c0 (type: security_group_rules) to 0
2026-05-26 06:55:54.608 9 INFO neutron.db.ovn_revision_numbers_db [None req-bac552c7-17d0-4864-911a-02fc52ed532b ce410d655431466899d08b02e1b3a0e7 15014565451e4e44ad9b2cca9deaa980 - - default default] Successfully bumped revision number for resource cd681797-c3f0-4cf4-a1b8-b9d9b014bd61 (type: security_group_rules) to 0
2026-05-26 06:55:54.622 9 INFO neutron.db.ovn_revision_numbers_db [None req-bac552c7-17d0-4864-911a-02fc52ed532b ce410d655431466899d08b02e1b3a0e7 15014565451e4e44ad9b2cca9deaa980 - - default default] Successfully bumped revision number for resource e4be22fa-4745-4412-bbd1-78d30ab1e3a0 (type: security_group_rules) to 0
2026-05-26 06:55:54.710 9 INFO neutron.db.ovn_revision_numbers_db [None req-bac552c7-17d0-4864-911a-02fc52ed532b ce410d655431466899d08b02e1b3a0e7 15014565451e4e44ad9b2cca9deaa980 - - default default] Successfully bumped revision number for resource 2042d155-2943-484e-a7ce-cbc46a878016 (type: security_groups) to 1
2026-05-26 06:55:54.719 10 INFO neutron.db.ovn_revision_numbers_db [None req-1fb0b376-42cf-41c5-bf96-2d580e20a793 8d16257921214e02b42d32bfec1b919c 9e6d7ce1c2244722bba0373ead6ae8d3 - - default default] Successfully bumped revision number for resource cc0669d9-1ed4-415a-a916-299a27663431 (type: security_groups) to 1
2026-05-26 06:55:54.731 10 INFO neutron.db.ovn_revision_numbers_db [None req-f6b77d98-32be-46b4-a03d-282202b396ff 8d16257921214e02b42d32bfec1b919c 9e6d7ce1c2244722bba0373ead6ae8d3 - - default default] Successfully bumped revision number for resource 24fd3846-b756-4169-b917-fee9fa2187c8 (type: router_ports) to 1
