2026-05-26 06:55:08.204 10 INFO neutron.wsgi [req-be7afd66-7fb6-45b2-9dd7-35334e46b8d1 req-694ef86f-738a-465f-9a11-1f3f087860b9 5c7467c5ea814135a75c199c52b33b24 4bcddaff19f249f4a00d6370a17ba542 - - 058c7cd3bd794d488f99be929a924898 058c7cd3bd794d488f99be929a924898] 199.204.45.19 "GET /v2.0/subnets?id=6cf7b5d9-4b87-412b-955e-3e5fc328f63e HTTP/1.1" status: 200 len: 869 time: 0.0460651
2026-05-26 06:55:08.243 10 INFO neutron.wsgi [req-be7afd66-7fb6-45b2-9dd7-35334e46b8d1 req-f94b09ad-4c05-40fe-8439-782ea2f06ba0 5c7467c5ea814135a75c199c52b33b24 4bcddaff19f249f4a00d6370a17ba542 - - 058c7cd3bd794d488f99be929a924898 058c7cd3bd794d488f99be929a924898] 199.204.45.19 "GET /v2.0/ports?network_id=6cbdf446-5657-44e6-bb44-e96358c05ac0&device_owner=network%3Adhcp HTTP/1.1" status: 200 len: 210 time: 0.0248942
2026-05-26 06:55:08.328 10 INFO neutron.wsgi [req-be7afd66-7fb6-45b2-9dd7-35334e46b8d1 req-6d0f1ca4-6dbe-411d-9582-f12a0b3318f2 5c7467c5ea814135a75c199c52b33b24 4bcddaff19f249f4a00d6370a17ba542 - - 058c7cd3bd794d488f99be929a924898 058c7cd3bd794d488f99be929a924898] 199.204.45.19 "GET /v2.0/networks/6cbdf446-5657-44e6-bb44-e96358c05ac0?fields=segments HTTP/1.1" status: 200 len: 212 time: 0.0759263
2026-05-26 06:55:08.365 10 INFO neutron.db.segments_db [None req-90904feb-d4dc-4554-a13c-92438f2b3074 48655c67e55e4ffab7468169d9dd9530 9f4bface63b74219a7a1daf324585b2f - - default default] Added segment 7719b10f-adfd-49ff-b8fa-504a0a14b616 of type geneve for network a7290ca9-49ac-4a6c-ad84-761f85d088ce
2026-05-26 06:55:08.432 10 INFO neutron.wsgi [req-be7afd66-7fb6-45b2-9dd7-35334e46b8d1 req-1281c9df-f55c-4a40-a3e3-926e9b024be5 5c7467c5ea814135a75c199c52b33b24 4bcddaff19f249f4a00d6370a17ba542 - - 058c7cd3bd794d488f99be929a924898 058c7cd3bd794d488f99be929a924898] 199.204.45.19 "GET /v2.0/networks/6cbdf446-5657-44e6-bb44-e96358c05ac0?fields=provider%3Aphysical_network&fields=provider%3Anetwork_type HTTP/1.1" status: 200 len: 277 time: 0.0967062
2026-05-26 06:55:08.566 10 INFO neutron.db.ovn_revision_numbers_db [None req-90904feb-d4dc-4554-a13c-92438f2b3074 48655c67e55e4ffab7468169d9dd9530 9f4bface63b74219a7a1daf324585b2f - - default default] Successfully bumped revision number for resource 7890dbf0-dada-45f6-9660-8e7bb5cba09d (type: networks) to 1
2026-05-26 06:55:08.827 10 WARNING neutron.scheduler.dhcp_agent_scheduler [None req-90904feb-d4dc-4554-a13c-92438f2b3074 48655c67e55e4ffab7468169d9dd9530 9f4bface63b74219a7a1daf324585b2f - - default default] No more DHCP agents
2026-05-26 06:55:08.832 10 WARNING neutron.api.rpc.agentnotifiers.dhcp_rpc_agent_api [None req-90904feb-d4dc-4554-a13c-92438f2b3074 48655c67e55e4ffab7468169d9dd9530 9f4bface63b74219a7a1daf324585b2f - - default default] Unable to schedule network 7890dbf0-dada-45f6-9660-8e7bb5cba09d: no agents available; will retry on subsequent port and subnet creation events.
2026-05-26 06:55:08.868 10 INFO neutron.wsgi [req-3daf3524-d5d5-4605-95f6-dcd7b06891ff req-5edac2b8-8654-4040-ac18-e19c2da2e005 ac8d5b34cb0841639bed8536fb4bf1c5 6836b74802d648eb87e9c23307c8f2d3 - - default default] 10.0.0.158 "GET /v2.0/ports?device_id=28957b8f-a019-4b77-85ea-53e1959a5945 HTTP/1.1" status: 200 len: 1174 time: 0.1350110
2026-05-26 06:55:08.948 10 INFO neutron.wsgi [req-3daf3524-d5d5-4605-95f6-dcd7b06891ff req-9215c64a-a755-476a-a630-68fbc1b83c3d ac8d5b34cb0841639bed8536fb4bf1c5 6836b74802d648eb87e9c23307c8f2d3 - - default default] 10.0.0.158 "GET /v2.0/security-groups?id=4bc58df8-51c8-4c2e-8dde-7bb1f00d3a5e&fields=id&fields=name HTTP/1.1" status: 200 len: 313 time: 0.0630555
2026-05-26 06:55:08.961 10 INFO neutron.db.ovn_revision_numbers_db [None req-90904feb-d4dc-4554-a13c-92438f2b3074 48655c67e55e4ffab7468169d9dd9530 9f4bface63b74219a7a1daf324585b2f - - default default] Successfully bumped revision number for resource 3fe6b8ac-4865-4446-864d-9716753ad14d (type: ports) to 1
2026-05-26 06:55:09.045 10 INFO neutron.db.ovn_revision_numbers_db [None req-90904feb-d4dc-4554-a13c-92438f2b3074 48655c67e55e4ffab7468169d9dd9530 9f4bface63b74219a7a1daf324585b2f - - default default] Successfully bumped revision number for resource a7290ca9-49ac-4a6c-ad84-761f85d088ce (type: networks) to 1
2026-05-26 06:55:09.070 10 INFO neutron.wsgi [req-107c306d-8a42-4fa1-9494-d6abeda721c4 req-dc24bf45-8421-4bb4-a11a-3ad7ed3705cd ac8d5b34cb0841639bed8536fb4bf1c5 6836b74802d648eb87e9c23307c8f2d3 - - default default] 10.0.0.158 "GET /v2.0/ports?device_id=28957b8f-a019-4b77-85ea-53e1959a5945 HTTP/1.1" status: 200 len: 1174 time: 0.0426288
2026-05-26 06:55:09.132 9 INFO neutron.wsgi [None req-38b8b192-979c-4d85-9258-73e83a29fc80 8d16257921214e02b42d32bfec1b919c 9e6d7ce1c2244722bba0373ead6ae8d3 - - default default] 10.0.0.153 "DELETE /v2.0/routers/83825516-b015-485d-9747-35ef697060a0 HTTP/1.1" status: 204 len: 168 time: 1.1713395
2026-05-26 06:55:09.336 10 WARNING neutron.scheduler.dhcp_agent_scheduler [None req-90904feb-d4dc-4554-a13c-92438f2b3074 48655c67e55e4ffab7468169d9dd9530 9f4bface63b74219a7a1daf324585b2f - - default default] No more DHCP agents
2026-05-26 06:55:09.339 10 WARNING neutron.api.rpc.agentnotifiers.dhcp_rpc_agent_api [None req-90904feb-d4dc-4554-a13c-92438f2b3074 48655c67e55e4ffab7468169d9dd9530 9f4bface63b74219a7a1daf324585b2f - - default default] Unable to schedule network a7290ca9-49ac-4a6c-ad84-761f85d088ce: no agents available; will retry on subsequent port and subnet creation events.
2026-05-26 06:55:09.340 9 INFO neutron.wsgi [None req-f070d5e1-ca2b-476f-8ecc-3dad9bb4cf7e 8d16257921214e02b42d32bfec1b919c 9e6d7ce1c2244722bba0373ead6ae8d3 - - default default] 10.0.0.153 "DELETE /v2.0/subnets/6d40f992-fe8d-4d54-936a-9803516c5be3 HTTP/1.1" status: 204 len: 168 time: 0.2023425
2026-05-26 06:55:09.440 10 INFO neutron.db.l3_db [None req-ccd7b0a6-8c3b-40dc-a69a-661d05af3ed1 ac8d5b34cb0841639bed8536fb4bf1c5 6836b74802d648eb87e9c23307c8f2d3 - - default default] Floating IP b3342451-a745-44ad-989f-0cbbb0b7e04c associated. External IP: 10.96.250.211, port: 4bc6009e-ca0a-4562-aa65-30bb8d513441.
2026-05-26 06:55:09.689 10 INFO neutron.db.ovn_revision_numbers_db [None req-90904feb-d4dc-4554-a13c-92438f2b3074 48655c67e55e4ffab7468169d9dd9530 9f4bface63b74219a7a1daf324585b2f - - default default] Successfully bumped revision number for resource 424cc351-e4f7-4c81-99f6-a015748f6514 (type: ports) to 1
2026-05-26 06:55:09.725 9 INFO neutron.services.segments.plugin [-] Segment ef734170-bc0d-4871-8fba-b6e52e6e8d1a resource provider aggregate not found
2026-05-26 06:55:09.727 10 INFO neutron.wsgi [None req-90904feb-d4dc-4554-a13c-92438f2b3074 48655c67e55e4ffab7468169d9dd9530 9f4bface63b74219a7a1daf324585b2f - - default default] 10.0.0.153 "POST /v2.0/networks HTTP/1.1" status: 201 len: 1445 time: 2.2641335
2026-05-26 06:55:09.732 9 INFO neutron.services.segments.plugin [-] Segment ef734170-bc0d-4871-8fba-b6e52e6e8d1a resource provider aggregate not found
2026-05-26 06:55:09.750 9 INFO neutron.services.segments.plugin [-] Segment ef734170-bc0d-4871-8fba-b6e52e6e8d1a resource provider not found; error: Placement Client Error (4xx): {"errors": [{"status": 404, "title": "Not Found", "detail": "The resource could not be found.\n\n No resource provider with uuid ef734170-bc0d-4871-8fba-b6e52e6e8d1a found for delete ", "request_id": "req-8e2a18e9-5dc7-46e0-a5de-0576764a2935"}]}
2026-05-26 06:55:09.752 9 INFO neutron.services.segments.plugin [-] Segment ef734170-bc0d-4871-8fba-b6e52e6e8d1a resource provider not found; error: Placement Client Error (4xx): {"errors": [{"status": 404, "title": "Not Found", "detail": "The resource could not be found.\n\n No resource provider with uuid ef734170-bc0d-4871-8fba-b6e52e6e8d1a found for delete ", "request_id": "req-489f8925-0d23-4e7f-805f-658bdac5ce20"}]}
2026-05-26 06:55:09.785 9 INFO neutron.wsgi [None req-22ac8927-a7d0-413c-8a72-333dd2e9e8ab 8d16257921214e02b42d32bfec1b919c 9e6d7ce1c2244722bba0373ead6ae8d3 - - default default] 10.0.0.153 "DELETE /v2.0/networks/d20a7644-c2d2-4529-87ad-b84b021f3349 HTTP/1.1" status: 204 len: 168 time: 0.4381063
2026-05-26 06:55:09.862 10 INFO neutron.wsgi [None req-22c38eef-c9fb-40bf-ba99-7fb32ae20e92 48655c67e55e4ffab7468169d9dd9530 9f4bface63b74219a7a1daf324585b2f - - default default] 10.0.0.153 "GET /v2.0/networks HTTP/1.1" status: 200 len: 2051 time: 0.1295261 /var/lib/openstack/lib/python3.10/site-packages/pycadf/identifier.py:71: UserWarning: Invalid uuid: neutron. To ensure interoperability, identifiers should be a valid uuid. warnings.warn(('Invalid uuid: %s. To ensure interoperability, '
2026-05-26 06:55:09.969 10 INFO neutron.db.ovn_revision_numbers_db [None req-ccd7b0a6-8c3b-40dc-a69a-661d05af3ed1 ac8d5b34cb0841639bed8536fb4bf1c5 6836b74802d648eb87e9c23307c8f2d3 - - default default] Successfully bumped revision number for resource b3342451-a745-44ad-989f-0cbbb0b7e04c (type: floatingips) to 1
2026-05-26 06:55:09.996 9 INFO neutron.wsgi [None req-555ea2fd-caff-40f2-aa79-0452ac3dbf2c 8d16257921214e02b42d32bfec1b919c 9e6d7ce1c2244722bba0373ead6ae8d3 - - default default] 10.0.0.153 "GET /v2.0/security-groups?tenant_id=28b7ad37efe84e63a1bb1259383b7983&name=default HTTP/1.1" status: 200 len: 2992 time: 0.0563662
2026-05-26 06:55:10.126 10 INFO neutron.db.ovn_revision_numbers_db [None req-ccd7b0a6-8c3b-40dc-a69a-661d05af3ed1 ac8d5b34cb0841639bed8536fb4bf1c5 6836b74802d648eb87e9c23307c8f2d3 - - default default] Successfully bumped revision number for resource b3342451-a745-44ad-989f-0cbbb0b7e04c (type: floatingips) to 2
2026-05-26 06:55:10.170 10 INFO neutron.wsgi [None req-ccd7b0a6-8c3b-40dc-a69a-661d05af3ed1 ac8d5b34cb0841639bed8536fb4bf1c5 6836b74802d648eb87e9c23307c8f2d3 - - default default] 10.0.0.153 "PUT /v2.0/floatingips/b3342451-a745-44ad-989f-0cbbb0b7e04c HTTP/1.1" status: 200 len: 1050 time: 1.0851629
2026-05-26 06:55:10.202 10 INFO neutron.notifiers.nova [-] Nova event matching ['req-6b4c6e3a-3fba-4d32-a5e6-33f8a2286446'] response: {'name': 'network-changed', 'server_uuid': '28957b8f-a019-4b77-85ea-53e1959a5945', 'tag': '4bc6009e-ca0a-4562-aa65-30bb8d513441', 'status': 'completed', 'code': 200}
2026-05-26 06:55:10.238 9 INFO neutron.wsgi [None req-926a2ae9-0ab1-40f0-8d80-9c883f3617a2 8d16257921214e02b42d32bfec1b919c 9e6d7ce1c2244722bba0373ead6ae8d3 - - default default] 10.0.0.153 "DELETE /v2.0/security-groups/2d74986c-997a-4f0d-9278-df5c0da8c5fb HTTP/1.1" status: 204 len: 168 time: 0.2359591
2026-05-26 06:55:10.272 10 INFO neutron.wsgi [req-03609caf-e5ea-43bb-b312-2517af6de914 req-ebd39c96-67ff-4c69-ab5f-b334952eee68 ac8d5b34cb0841639bed8536fb4bf1c5 6836b74802d648eb87e9c23307c8f2d3 - - default default] 10.0.0.158 "GET /v2.0/ports?device_id=28957b8f-a019-4b77-85ea-53e1959a5945 HTTP/1.1" status: 200 len: 1174 time: 0.0458970
2026-05-26 06:55:10.350 10 INFO neutron.wsgi [req-03609caf-e5ea-43bb-b312-2517af6de914 req-24ac9492-5ef4-4b8d-8bae-8fa2088df95b ac8d5b34cb0841639bed8536fb4bf1c5 6836b74802d648eb87e9c23307c8f2d3 - - default default] 10.0.0.158 "GET /v2.0/security-groups?id=4bc58df8-51c8-4c2e-8dde-7bb1f00d3a5e&fields=id&fields=name HTTP/1.1" status: 200 len: 313 time: 0.0699506
2026-05-26 06:55:10.404 10 INFO neutron.wsgi [req-ad185cca-f8db-47f0-adb4-787a8fc0264b req-11ed7195-7983-4fb4-998c-576ab75e916c 5c7467c5ea814135a75c199c52b33b24 4bcddaff19f249f4a00d6370a17ba542 - - 058c7cd3bd794d488f99be929a924898 058c7cd3bd794d488f99be929a924898] 199.204.45.19 "GET /v2.0/ports?tenant_id=6836b74802d648eb87e9c23307c8f2d3&device_id=28957b8f-a019-4b77-85ea-53e1959a5945 HTTP/1.1" status: 200 len: 1413 time: 0.0380983
2026-05-26 06:55:10.478 10 INFO neutron.services.segments.plugin [-] Segment 94bbc924-e961-4a5c-9c8b-b14ed1725284 resource provider aggregate not found
2026-05-26 06:55:10.483 10 INFO neutron.services.segments.plugin [-] Segment 94bbc924-e961-4a5c-9c8b-b14ed1725284 resource provider aggregate not found
2026-05-26 06:55:10.499 10 INFO neutron.services.segments.plugin [-] Segment 94bbc924-e961-4a5c-9c8b-b14ed1725284 resource provider not found; error: Placement Client Error (4xx): {"errors": [{"status": 404, "title": "Not Found", "detail": "The resource could not be found.\n\n No resource provider with uuid 94bbc924-e961-4a5c-9c8b-b14ed1725284 found for delete ", "request_id": "req-b677ba5c-ea09-4fc6-bf31-f1f06f8e2dfa"}]}
2026-05-26 06:55:10.504 10 INFO neutron.services.segments.plugin [-] Segment 94bbc924-e961-4a5c-9c8b-b14ed1725284 resource provider not found; error: Placement Client Error (4xx): {"errors": [{"status": 404, "title": "Not Found", "detail": "The resource could not be found.\n\n No resource provider with uuid 94bbc924-e961-4a5c-9c8b-b14ed1725284 found for delete ", "request_id": "req-d34d4ce5-46a4-4ffb-8366-a417bdb9c05e"}]}
2026-05-26 06:55:10.532 10 INFO neutron.wsgi [req-ad185cca-f8db-47f0-adb4-787a8fc0264b req-6ac757fe-4b79-4301-80c7-fa2c8c614f6a 5c7467c5ea814135a75c199c52b33b24 4bcddaff19f249f4a00d6370a17ba542 - - 058c7cd3bd794d488f99be929a924898 058c7cd3bd794d488f99be929a924898] 199.204.45.19 "GET /v2.0/networks?id=a1932f06-f4ea-462d-beff-3bc43752ad6f HTTP/1.1" status: 200 len: 977 time: 0.1227601
2026-05-26 06:55:10.559 10 INFO neutron.wsgi [None req-33ade7d6-07c4-4421-af97-7a54a377b97f 48655c67e55e4ffab7468169d9dd9530 9f4bface63b74219a7a1daf324585b2f - - default default] 10.0.0.153 "DELETE /v2.0/networks/7890dbf0-dada-45f6-9660-8e7bb5cba09d HTTP/1.1" status: 204 len: 168 time: 0.6907890
2026-05-26 06:55:10.606 10 INFO neutron.wsgi [req-ad185cca-f8db-47f0-adb4-787a8fc0264b req-622c2578-55e1-460f-86a2-53572e946d95 5c7467c5ea814135a75c199c52b33b24 4bcddaff19f249f4a00d6370a17ba542 - - 058c7cd3bd794d488f99be929a924898 058c7cd3bd794d488f99be929a924898] 199.204.45.19 "GET /v2.0/floatingips?fixed_ip_address=10.100.0.14&port_id=4bc6009e-ca0a-4562-aa65-30bb8d513441 HTTP/1.1" status: 200 len: 1060 time: 0.0677872
2026-05-26 06:55:10.665 10 INFO neutron.wsgi [req-ad185cca-f8db-47f0-adb4-787a8fc0264b req-d9c42916-faea-4107-b79a-8295c4984955 5c7467c5ea814135a75c199c52b33b24 4bcddaff19f249f4a00d6370a17ba542 - - 058c7cd3bd794d488f99be929a924898 058c7cd3bd794d488f99be929a924898] 199.204.45.19 "GET /v2.0/subnets?id=752bba03-075a-499a-a551-fd4025b92356 HTTP/1.1" status: 200 len: 873 time: 0.0451014
2026-05-26 06:55:10.702 10 INFO neutron.wsgi [req-ad185cca-f8db-47f0-adb4-787a8fc0264b req-09b9d101-da51-404d-beac-8ca9677f5572 5c7467c5ea814135a75c199c52b33b24 4bcddaff19f249f4a00d6370a17ba542 - - 058c7cd3bd794d488f99be929a924898 058c7cd3bd794d488f99be929a924898] 199.204.45.19 "GET /v2.0/ports?network_id=a1932f06-f4ea-462d-beff-3bc43752ad6f&device_owner=network%3Adhcp HTTP/1.1" status: 200 len: 210 time: 0.0307841
2026-05-26 06:55:10.719 9 INFO neutron.plugins.ml2.drivers.ovn.mech_driver.mech_driver [None req-5387fb26-6f8c-40cd-bf4a-41039702261f - - - - - -] OVN reports status down for port: 4bc6009e-ca0a-4562-aa65-30bb8d513441
2026-05-26 06:55:10.746 10 INFO neutron.wsgi [req-dd93f4c3-7248-4d73-8ecd-9ecb9c54dddf req-6dd7ce53-38ac-47a7-97b6-ad765ffe2cf9 ac8d5b34cb0841639bed8536fb4bf1c5 6836b74802d648eb87e9c23307c8f2d3 - - default default] 10.0.0.158 "GET /v2.0/ports?device_id=28957b8f-a019-4b77-85ea-53e1959a5945 HTTP/1.1" status: 200 len: 1174 time: 0.0730009
2026-05-26 06:55:10.806 10 INFO neutron.wsgi [req-ad185cca-f8db-47f0-adb4-787a8fc0264b req-6a576f13-28c4-4b0e-a0a7-aaac52d6c2c2 5c7467c5ea814135a75c199c52b33b24 4bcddaff19f249f4a00d6370a17ba542 - - 058c7cd3bd794d488f99be929a924898 058c7cd3bd794d488f99be929a924898] 199.204.45.19 "GET /v2.0/networks/a1932f06-f4ea-462d-beff-3bc43752ad6f?fields=segments HTTP/1.1" status: 200 len: 212 time: 0.0927248
2026-05-26 06:55:10.812 10 INFO neutron.wsgi [req-dd93f4c3-7248-4d73-8ecd-9ecb9c54dddf req-5d394719-7e51-4017-956c-dba23848f6fe ac8d5b34cb0841639bed8536fb4bf1c5 6836b74802d648eb87e9c23307c8f2d3 - - default default] 10.0.0.158 "GET /v2.0/security-groups?id=4bc58df8-51c8-4c2e-8dde-7bb1f00d3a5e&fields=id&fields=name HTTP/1.1" status: 200 len: 313 time: 0.0588925
2026-05-26 06:55:10.893 10 INFO neutron.wsgi [req-ad185cca-f8db-47f0-adb4-787a8fc0264b req-27db675b-5499-4ec1-ac99-9d2c2f4fa972 5c7467c5ea814135a75c199c52b33b24 4bcddaff19f249f4a00d6370a17ba542 - - 058c7cd3bd794d488f99be929a924898 058c7cd3bd794d488f99be929a924898] 199.204.45.19 "GET /v2.0/networks/a1932f06-f4ea-462d-beff-3bc43752ad6f?fields=provider%3Aphysical_network&fields=provider%3Anetwork_type HTTP/1.1" status: 200 len: 277 time: 0.0807157
2026-05-26 06:55:10.911 9 INFO neutron.notifiers.nova [-] Nova event matching ['req-abcfed18-4b78-4877-834f-424f0dcb9fb0'] response: {'server_uuid': '28957b8f-a019-4b77-85ea-53e1959a5945', 'name': 'network-vif-unplugged', 'status': 'completed', 'tag': '4bc6009e-ca0a-4562-aa65-30bb8d513441', 'code': 200}
2026-05-26 06:55:11.035 10 INFO neutron.wsgi [req-9735a9b9-c1b3-44e9-b5ad-13a6b1dbbdb1 req-a5ec1ce3-17f8-41b3-98df-906bb645c91e ac8d5b34cb0841639bed8536fb4bf1c5 6836b74802d648eb87e9c23307c8f2d3 - - default default] 199.204.45.19 "GET /v2.0/ports?device_id=28957b8f-a019-4b77-85ea-53e1959a5945 HTTP/1.1" status: 200 len: 1172 time: 0.0454562
2026-05-26 06:55:11.065 9 INFO neutron.wsgi [None req-47b4ff41-a8e8-413f-8e85-2e856e61090c 48655c67e55e4ffab7468169d9dd9530 9f4bface63b74219a7a1daf324585b2f - - default default] 10.0.0.153 "DELETE /v2.0/networks/a7290ca9-49ac-4a6c-ad84-761f85d088ce HTTP/1.1" status: 204 len: 168 time: 0.5003128
2026-05-26 06:55:11.127 9 INFO neutron.db.ovn_revision_numbers_db [None req-5387fb26-6f8c-40cd-bf4a-41039702261f - - - - - -] Successfully bumped revision number for resource 4bc6009e-ca0a-4562-aa65-30bb8d513441 (type: ports) to 5
2026-05-26 06:55:11.161 10 INFO neutron.wsgi [None req-01eb7df4-898c-4219-80be-b0191394c817 48655c67e55e4ffab7468169d9dd9530 9f4bface63b74219a7a1daf324585b2f - - default default] 10.0.0.153 "GET /v2.0/networks HTTP/1.1" status: 200 len: 845 time: 0.0887837
2026-05-26 06:55:11.173 10 WARNING neutron_lib.context [None req-8c601e2b-5a58-4036-b120-d471f4428138 48655c67e55e4ffab7468169d9dd9530 9f4bface63b74219a7a1daf324585b2f - - default default] Method 'is_advsvc' is deprecated since 2023.2 release (neutron-lib 3.8.0) and will be removed once support for the old RBAC API policies will be removed from Neutron. Please use method 'is_service_role' instead.
2026-05-26 06:55:11.277 10 INFO neutron.db.segments_db [None req-8c601e2b-5a58-4036-b120-d471f4428138 48655c67e55e4ffab7468169d9dd9530 9f4bface63b74219a7a1daf324585b2f - - default default] Added segment 4f11b19c-f59a-43ed-b772-ded176d9754a of type geneve for network 1cc50bb6-9fc5-43f9-84f1-2b47b7fb069f
2026-05-26 06:55:11.415 10 INFO neutron.db.l3_db [req-9735a9b9-c1b3-44e9-b5ad-13a6b1dbbdb1 req-a9aabc76-449c-425f-8dfa-1736d4f4fbed ac8d5b34cb0841639bed8536fb4bf1c5 6836b74802d648eb87e9c23307c8f2d3 - - default default] Floating IP b3342451-a745-44ad-989f-0cbbb0b7e04c disassociated. External IP: 10.96.250.211, port: 4bc6009e-ca0a-4562-aa65-30bb8d513441.
2026-05-26 06:55:11.496 10 INFO neutron.db.ovn_revision_numbers_db [None req-8c601e2b-5a58-4036-b120-d471f4428138 48655c67e55e4ffab7468169d9dd9530 9f4bface63b74219a7a1daf324585b2f - - default default] Successfully bumped revision number for resource 1cc50bb6-9fc5-43f9-84f1-2b47b7fb069f (type: networks) to 1
2026-05-26 06:55:11.662 10 INFO neutron.wsgi [req-9735a9b9-c1b3-44e9-b5ad-13a6b1dbbdb1 req-a9aabc76-449c-425f-8dfa-1736d4f4fbed ac8d5b34cb0841639bed8536fb4bf1c5 6836b74802d648eb87e9c23307c8f2d3 - - default default] 199.204.45.19 "DELETE /v2.0/ports/4bc6009e-ca0a-4562-aa65-30bb8d513441 HTTP/1.1" status: 204 len: 173 time: 0.6225388
2026-05-26 06:55:11.726 10 WARNING neutron.scheduler.dhcp_agent_scheduler [None req-8c601e2b-5a58-4036-b120-d471f4428138 48655c67e55e4ffab7468169d9dd9530 9f4bface63b74219a7a1daf324585b2f - - default default] No more DHCP agents
2026-05-26 06:55:11.728 10 WARNING neutron.api.rpc.agentnotifiers.dhcp_rpc_agent_api [None req-8c601e2b-5a58-4036-b120-d471f4428138 48655c67e55e4ffab7468169d9dd9530 9f4bface63b74219a7a1daf324585b2f - - default default] Unable to schedule network 1cc50bb6-9fc5-43f9-84f1-2b47b7fb069f: no agents available; will retry on subsequent port and subnet creation events.
2026-05-26 06:55:11.774 9 INFO neutron.services.segments.plugin [-] Segment 7719b10f-adfd-49ff-b8fa-504a0a14b616 resource provider aggregate not found
2026-05-26 06:55:11.789 9 INFO neutron.services.segments.plugin [-] Segment 7719b10f-adfd-49ff-b8fa-504a0a14b616 resource provider aggregate not found
2026-05-26 06:55:11.800 9 INFO neutron.services.segments.plugin [-] Segment 7719b10f-adfd-49ff-b8fa-504a0a14b616 resource provider not found; error: Placement Client Error (4xx): {"errors": [{"status": 404, "title": "Not Found", "detail": "The resource could not be found.\n\n No resource provider with uuid 7719b10f-adfd-49ff-b8fa-504a0a14b616 found for delete ", "request_id": "req-2e9cf903-e9d7-412d-bf2a-bab6f7d40eba"}]}
2026-05-26 06:55:11.809 9 INFO neutron.services.segments.plugin [-] Segment 7719b10f-adfd-49ff-b8fa-504a0a14b616 resource provider not found; error: Placement Client Error (4xx): {"errors": [{"status": 404, "title": "Not Found", "detail": "The resource could not be found.\n\n No resource provider with uuid 7719b10f-adfd-49ff-b8fa-504a0a14b616 found for delete ", "request_id": "req-333c0d52-2eba-4596-838f-ff5451346b57"}]}
2026-05-26 06:55:11.833 10 INFO neutron.db.ovn_revision_numbers_db [None req-8c601e2b-5a58-4036-b120-d471f4428138 48655c67e55e4ffab7468169d9dd9530 9f4bface63b74219a7a1daf324585b2f - - default default] Successfully bumped revision number for resource 4d116f93-975f-4ffe-92ba-fea4adbfe9f5 (type: ports) to 1
2026-05-26 06:55:11.857 10 INFO neutron.wsgi [None req-8c601e2b-5a58-4036-b120-d471f4428138 48655c67e55e4ffab7468169d9dd9530 9f4bface63b74219a7a1daf324585b2f - - default default] 10.0.0.153 "POST /v2.0/networks HTTP/1.1" status: 201 len: 852 time: 0.6897068
2026-05-26 06:55:11.868 10 WARNING neutron_lib.context [None req-d5b113dc-02b0-448f-b451-0c86331495d0 48655c67e55e4ffab7468169d9dd9530 9f4bface63b74219a7a1daf324585b2f - - default default] Method 'is_advsvc' is deprecated since 2023.2 release (neutron-lib 3.8.0) and will be removed once support for the old RBAC API policies will be removed from Neutron. Please use method 'is_service_role' instead.
2026-05-26 06:55:11.903 10 INFO neutron.wsgi [req-0330c953-babf-4b65-90f5-0e212b2212e9 req-c926cb5c-e98f-4694-95fd-476de77d5fc1 ac8d5b34cb0841639bed8536fb4bf1c5 6836b74802d648eb87e9c23307c8f2d3 - - default default] 10.0.0.158 "GET /v2.0/ports?device_id=28957b8f-a019-4b77-85ea-53e1959a5945 HTTP/1.1" status: 200 len: 210 time: 0.0277798
2026-05-26 06:55:11.981 10 INFO neutron.db.segments_db [None req-d5b113dc-02b0-448f-b451-0c86331495d0 48655c67e55e4ffab7468169d9dd9530 9f4bface63b74219a7a1daf324585b2f - - default default] Added segment 407dc91a-ff23-41a2-95e1-14b08c6967a1 of type geneve for network 2dbd1056-4333-43bb-a6cc-6cc2e79d185b
2026-05-26 06:55:12.143 10 INFO neutron.db.ovn_revision_numbers_db [None req-d5b113dc-02b0-448f-b451-0c86331495d0 48655c67e55e4ffab7468169d9dd9530 9f4bface63b74219a7a1daf324585b2f - - default default] Successfully bumped revision number for resource 2dbd1056-4333-43bb-a6cc-6cc2e79d185b (type: networks) to 1 /var/lib/openstack/lib/python3.10/site-packages/pycadf/identifier.py:71: UserWarning: Invalid uuid: neutron. To ensure interoperability, identifiers should be a valid uuid. warnings.warn(('Invalid uuid: %s. To ensure interoperability, '
2026-05-26 06:55:12.250 10 INFO neutron.notifiers.nova [-] Nova event matching ['req-03798762-acd6-45b2-946b-80ecd819fe36'] response: {'server_uuid': '28957b8f-a019-4b77-85ea-53e1959a5945', 'name': 'network-vif-deleted', 'tag': '4bc6009e-ca0a-4562-aa65-30bb8d513441', 'status': 'completed', 'code': 200}
2026-05-26 06:55:12.325 10 WARNING neutron.scheduler.dhcp_agent_scheduler [None req-d5b113dc-02b0-448f-b451-0c86331495d0 48655c67e55e4ffab7468169d9dd9530 9f4bface63b74219a7a1daf324585b2f - - default default] No more DHCP agents
2026-05-26 06:55:12.329 10 WARNING neutron.api.rpc.agentnotifiers.dhcp_rpc_agent_api [None req-d5b113dc-02b0-448f-b451-0c86331495d0 48655c67e55e4ffab7468169d9dd9530 9f4bface63b74219a7a1daf324585b2f - - default default] Unable to schedule network 2dbd1056-4333-43bb-a6cc-6cc2e79d185b: no agents available; will retry on subsequent port and subnet creation events.
2026-05-26 06:55:12.353 9 INFO neutron.db.ovn_revision_numbers_db [None req-d5a65118-4d37-4b0e-9fdd-27e93863e24a 8d16257921214e02b42d32bfec1b919c 9e6d7ce1c2244722bba0373ead6ae8d3 - - default default] Successfully bumped revision number for resource 7e1bbb01-fa67-4eb6-98a0-20016a7c5cb5 (type: security_groups) to 1
2026-05-26 06:55:12.365 9 INFO neutron.db.ovn_revision_numbers_db [None req-d5a65118-4d37-4b0e-9fdd-27e93863e24a 8d16257921214e02b42d32bfec1b919c 9e6d7ce1c2244722bba0373ead6ae8d3 - - default default] Successfully bumped revision number for resource 13c0c4a3-209f-4f66-a166-5c6b33f874c4 (type: security_group_rules) to 0
2026-05-26 06:55:12.378 9 INFO neutron.db.ovn_revision_numbers_db [None req-d5a65118-4d37-4b0e-9fdd-27e93863e24a 8d16257921214e02b42d32bfec1b919c 9e6d7ce1c2244722bba0373ead6ae8d3 - - default default] Successfully bumped revision number for resource 63bba582-4a56-4b5e-b4ea-790df28e9b40 (type: security_group_rules) to 0
2026-05-26 06:55:12.405 9 INFO neutron.db.ovn_revision_numbers_db [None req-d5a65118-4d37-4b0e-9fdd-27e93863e24a 8d16257921214e02b42d32bfec1b919c 9e6d7ce1c2244722bba0373ead6ae8d3 - - default default] Successfully bumped revision number for resource 76b2124f-4dcb-4bca-b49e-80dcd93e5c2b (type: security_group_rules) to 0
2026-05-26 06:55:12.419 10 INFO neutron.db.ovn_revision_numbers_db [None req-d5b113dc-02b0-448f-b451-0c86331495d0 48655c67e55e4ffab7468169d9dd9530 9f4bface63b74219a7a1daf324585b2f - - default default] Successfully bumped revision number for resource 2259167d-0052-4ff4-8054-aadf3a22b0f7 (type: ports) to 1
2026-05-26 06:55:12.421 9 INFO neutron.db.ovn_revision_numbers_db [None req-d5a65118-4d37-4b0e-9fdd-27e93863e24a 8d16257921214e02b42d32bfec1b919c 9e6d7ce1c2244722bba0373ead6ae8d3 - - default default] Successfully bumped revision number for resource d407a0d7-cdfc-4da1-9579-adc395dc96b5 (type: security_group_rules) to 0
2026-05-26 06:55:12.441 10 INFO neutron.wsgi [None req-d5b113dc-02b0-448f-b451-0c86331495d0 48655c67e55e4ffab7468169d9dd9530 9f4bface63b74219a7a1daf324585b2f - - default default] 10.0.0.153 "POST /v2.0/networks HTTP/1.1" status: 201 len: 853 time: 0.5773637
2026-05-26 06:55:12.453 9 WARNING neutron_lib.context [None req-f706a268-1ce8-4c97-9056-653ac38cf026 48655c67e55e4ffab7468169d9dd9530 9f4bface63b74219a7a1daf324585b2f - - default default] Method 'is_advsvc' is deprecated since 2023.2 release (neutron-lib 3.8.0) and will be removed once support for the old RBAC API policies will be removed from Neutron. Please use method 'is_service_role' instead.
2026-05-26 06:55:12.480 9 INFO neutron.db.segments_db [None req-d5a65118-4d37-4b0e-9fdd-27e93863e24a 8d16257921214e02b42d32bfec1b919c 9e6d7ce1c2244722bba0373ead6ae8d3 - - default default] Added segment e6eab7ef-f491-40f3-b68a-3a7ac9e755b5 of type geneve for network a6430ff1-48b2-41b6-9f99-57c9ba00ed6a
2026-05-26 06:55:12.503 9 WARNING neutron_lib.context [None req-f706a268-1ce8-4c97-9056-653ac38cf026 48655c67e55e4ffab7468169d9dd9530 9f4bface63b74219a7a1daf324585b2f - - default default] Method 'is_advsvc' is deprecated since 2023.2 release (neutron-lib 3.8.0) and will be removed once support for the old RBAC API policies will be removed from Neutron. Please use method 'is_service_role' instead.
2026-05-26 06:55:12.660 9 INFO neutron.db.ovn_revision_numbers_db [None req-d5a65118-4d37-4b0e-9fdd-27e93863e24a 8d16257921214e02b42d32bfec1b919c 9e6d7ce1c2244722bba0373ead6ae8d3 - - default default] Successfully bumped revision number for resource a6430ff1-48b2-41b6-9f99-57c9ba00ed6a (type: networks) to 1
2026-05-26 06:55:12.899 9 WARNING neutron.scheduler.dhcp_agent_scheduler [None req-d5a65118-4d37-4b0e-9fdd-27e93863e24a 8d16257921214e02b42d32bfec1b919c 9e6d7ce1c2244722bba0373ead6ae8d3 - - default default] No more DHCP agents
2026-05-26 06:55:12.906 9 WARNING neutron.api.rpc.agentnotifiers.dhcp_rpc_agent_api [None req-d5a65118-4d37-4b0e-9fdd-27e93863e24a 8d16257921214e02b42d32bfec1b919c 9e6d7ce1c2244722bba0373ead6ae8d3 - - default default] Unable to schedule network a6430ff1-48b2-41b6-9f99-57c9ba00ed6a: no agents available; will retry on subsequent port and subnet creation events.
2026-05-26 06:55:12.960 9 INFO neutron.notifiers.nova [-] Nova event matching ['req-27115540-6a18-452d-a454-754ac0c99090'] response: {'server_uuid': '28957b8f-a019-4b77-85ea-53e1959a5945', 'name': 'network-vif-plugged', 'status': 'completed', 'tag': '4bc6009e-ca0a-4562-aa65-30bb8d513441', 'code': 200}
2026-05-26 06:55:13.044 9 INFO neutron.db.ovn_revision_numbers_db [None req-d5a65118-4d37-4b0e-9fdd-27e93863e24a 8d16257921214e02b42d32bfec1b919c 9e6d7ce1c2244722bba0373ead6ae8d3 - - default default] Successfully bumped revision number for resource 262cf819-2426-4d3c-9821-4bd2e8043033 (type: ports) to 1
2026-05-26 06:55:13.073 9 INFO neutron.wsgi [None req-d5a65118-4d37-4b0e-9fdd-27e93863e24a 8d16257921214e02b42d32bfec1b919c 9e6d7ce1c2244722bba0373ead6ae8d3 - - default default] 10.0.0.153 "POST /v2.0/networks HTTP/1.1" status: 201 len: 946 time: 1.0589597
2026-05-26 06:55:13.134 10 INFO neutron.wsgi [None req-191b6034-0a41-409f-8412-17e019b08c80 ac8d5b34cb0841639bed8536fb4bf1c5 6836b74802d648eb87e9c23307c8f2d3 - - default default] 10.0.0.153 "DELETE /v2.0/security-groups/4bc58df8-51c8-4c2e-8dde-7bb1f00d3a5e HTTP/1.1" status: 204 len: 168 time: 0.1447811
2026-05-26 06:55:13.138 9 WARNING neutron.scheduler.dhcp_agent_scheduler [None req-f706a268-1ce8-4c97-9056-653ac38cf026 48655c67e55e4ffab7468169d9dd9530 9f4bface63b74219a7a1daf324585b2f - - default default] No more DHCP agents
2026-05-26 06:55:13.140 9 WARNING neutron.api.rpc.agentnotifiers.dhcp_rpc_agent_api [None req-f706a268-1ce8-4c97-9056-653ac38cf026 48655c67e55e4ffab7468169d9dd9530 9f4bface63b74219a7a1daf324585b2f - - default default] Unable to schedule network 1cc50bb6-9fc5-43f9-84f1-2b47b7fb069f: no agents available; will retry on subsequent port and subnet creation events.
2026-05-26 06:55:13.150 10 INFO neutron.api.v2.resource [None req-00014c11-f41e-4706-909c-bc0005e5d163 ac8d5b34cb0841639bed8536fb4bf1c5 6836b74802d648eb87e9c23307c8f2d3 - - default default] show failed (client error): The resource could not be found.
2026-05-26 06:55:13.151 10 INFO neutron.wsgi [None req-00014c11-f41e-4706-909c-bc0005e5d163 ac8d5b34cb0841639bed8536fb4bf1c5 6836b74802d648eb87e9c23307c8f2d3 - - default default] 10.0.0.153 "GET /v2.0/security-groups/4bc58df8-51c8-4c2e-8dde-7bb1f00d3a5e HTTP/1.1" status: 404 len: 347 time: 0.0115507 /var/lib/openstack/lib/python3.10/site-packages/pycadf/identifier.py:71: UserWarning: Invalid uuid: neutron. To ensure interoperability, identifiers should be a valid uuid. warnings.warn(('Invalid uuid: %s. To ensure interoperability, '
2026-05-26 06:55:13.253 10 WARNING neutron.scheduler.dhcp_agent_scheduler [None req-a4523f89-a045-406e-b94d-0281af4fcd38 8d16257921214e02b42d32bfec1b919c 9e6d7ce1c2244722bba0373ead6ae8d3 - - default default] No more DHCP agents
2026-05-26 06:55:13.255 10 WARNING neutron.api.rpc.agentnotifiers.dhcp_rpc_agent_api [None req-a4523f89-a045-406e-b94d-0281af4fcd38 8d16257921214e02b42d32bfec1b919c 9e6d7ce1c2244722bba0373ead6ae8d3 - - default default] Unable to schedule network a6430ff1-48b2-41b6-9f99-57c9ba00ed6a: no agents available; will retry on subsequent port and subnet creation events.
2026-05-26 06:55:13.257 9 INFO neutron.db.ovn_revision_numbers_db [None req-f706a268-1ce8-4c97-9056-653ac38cf026 48655c67e55e4ffab7468169d9dd9530 9f4bface63b74219a7a1daf324585b2f - - default default] Successfully bumped revision number for resource 4144d215-f59c-4973-9e6e-7ac86edc59ce (type: ports) to 1
2026-05-26 06:55:13.306 9 WARNING neutron.scheduler.dhcp_agent_scheduler [None req-f706a268-1ce8-4c97-9056-653ac38cf026 48655c67e55e4ffab7468169d9dd9530 9f4bface63b74219a7a1daf324585b2f - - default default] No more DHCP agents
2026-05-26 06:55:13.311 9 WARNING neutron.api.rpc.agentnotifiers.dhcp_rpc_agent_api [None req-f706a268-1ce8-4c97-9056-653ac38cf026 48655c67e55e4ffab7468169d9dd9530 9f4bface63b74219a7a1daf324585b2f - - default default] Unable to schedule network 2dbd1056-4333-43bb-a6cc-6cc2e79d185b: no agents available; will retry on subsequent port and subnet creation events.
2026-05-26 06:55:13.420 9 INFO neutron.db.ovn_revision_numbers_db [None req-f706a268-1ce8-4c97-9056-653ac38cf026 48655c67e55e4ffab7468169d9dd9530 9f4bface63b74219a7a1daf324585b2f - - default default] Successfully bumped revision number for resource 34d4c3c0-a2a0-4618-a003-2911eaabbcb9 (type: ports) to 1
2026-05-26 06:55:13.463 9 INFO neutron.wsgi [None req-f706a268-1ce8-4c97-9056-653ac38cf026 48655c67e55e4ffab7468169d9dd9530 9f4bface63b74219a7a1daf324585b2f - - default default] 10.0.0.153 "POST /v2.0/ports HTTP/1.1" status: 201 len: 1704 time: 1.0171502 /var/lib/openstack/lib/python3.10/site-packages/pycadf/identifier.py:71: UserWarning: Invalid uuid: neutron. To ensure interoperability, identifiers should be a valid uuid. warnings.warn(('Invalid uuid: %s. To ensure interoperability, '
2026-05-26 06:55:13.622 9 INFO neutron.wsgi [None req-7cb606af-73df-44f3-8229-e7d710dd256e 48655c67e55e4ffab7468169d9dd9530 9f4bface63b74219a7a1daf324585b2f - - default default] 10.0.0.153 "GET /v2.0/ports HTTP/1.1" status: 200 len: 3211 time: 0.1541927
2026-05-26 06:55:13.628 9 INFO neutron.wsgi [None req-e04e96c0-9b6f-4d87-be70-ce7f1ef02806 ac8d5b34cb0841639bed8536fb4bf1c5 6836b74802d648eb87e9c23307c8f2d3 - - default default] 10.0.0.153 "DELETE /v2.0/floatingips/b3342451-a745-44ad-989f-0cbbb0b7e04c HTTP/1.1" status: 204 len: 168 time: 0.4714220
2026-05-26 06:55:13.845 9 INFO neutron.wsgi [None req-b7238c0c-15d5-4941-82e4-8b235ffa8bd7 48655c67e55e4ffab7468169d9dd9530 9f4bface63b74219a7a1daf324585b2f - - default default] 10.0.0.153 "DELETE /v2.0/ports/4144d215-f59c-4973-9e6e-7ac86edc59ce HTTP/1.1" status: 204 len: 168 time: 0.2163875
2026-05-26 06:55:14.164 10 INFO neutron.db.ovn_revision_numbers_db [None req-a4523f89-a045-406e-b94d-0281af4fcd38 8d16257921214e02b42d32bfec1b919c 9e6d7ce1c2244722bba0373ead6ae8d3 - - default default] Successfully bumped revision number for resource 262cf819-2426-4d3c-9821-4bd2e8043033 (type: ports) to 2
2026-05-26 06:55:14.241 10 INFO neutron.db.ovn_revision_numbers_db [None req-a4523f89-a045-406e-b94d-0281af4fcd38 8d16257921214e02b42d32bfec1b919c 9e6d7ce1c2244722bba0373ead6ae8d3 - - default default] Successfully bumped revision number for resource d1864b64-466d-4db5-91e3-c28290dd56dc (type: subnets) to 0
2026-05-26 06:55:14.266 10 INFO neutron.wsgi [None req-a4523f89-a045-406e-b94d-0281af4fcd38 8d16257921214e02b42d32bfec1b919c 9e6d7ce1c2244722bba0373ead6ae8d3 - - default default] 10.0.0.153 "POST /v2.0/subnets HTTP/1.1" status: 201 len: 866 time: 1.1893330
2026-05-26 06:55:14.288 10 INFO neutron.wsgi [None req-aec31e81-5680-43ba-8264-3df631e79b7b 48655c67e55e4ffab7468169d9dd9530 9f4bface63b74219a7a1daf324585b2f - - default default] 10.0.0.153 "DELETE /v2.0/ports/34d4c3c0-a2a0-4618-a003-2911eaabbcb9 HTTP/1.1" status: 204 len: 168 time: 0.4371057
2026-05-26 06:55:14.532 10 INFO neutron.wsgi [None req-594d315f-f637-4e2c-9380-73584b06734d 48655c67e55e4ffab7468169d9dd9530 9f4bface63b74219a7a1daf324585b2f - - default default] 10.0.0.153 "GET /v2.0/ports HTTP/1.1" status: 200 len: 1718 time: 0.2368603
2026-05-26 06:55:14.545 9 WARNING neutron_lib.context [None req-f0df9427-66f3-451f-a183-d176d23bb87d 48655c67e55e4ffab7468169d9dd9530 9f4bface63b74219a7a1daf324585b2f - - default default] Method 'is_advsvc' is deprecated since 2023.2 release (neutron-lib 3.8.0) and will be removed once support for the old RBAC API policies will be removed from Neutron. Please use method 'is_service_role' instead.
2026-05-26 06:55:14.624 9 INFO neutron.db.segments_db [None req-f0df9427-66f3-451f-a183-d176d23bb87d 48655c67e55e4ffab7468169d9dd9530 9f4bface63b74219a7a1daf324585b2f - - default default] Added segment 610cbdca-ca95-42f5-a947-f4c6117715b8 of type geneve for network d231586e-73f4-4697-9984-0cb86c4b418b
2026-05-26 06:55:14.765 9 INFO neutron.db.ovn_revision_numbers_db [None req-f0df9427-66f3-451f-a183-d176d23bb87d 48655c67e55e4ffab7468169d9dd9530 9f4bface63b74219a7a1daf324585b2f - - default default] Successfully bumped revision number for resource d231586e-73f4-4697-9984-0cb86c4b418b (type: networks) to 1
2026-05-26 06:55:14.915 10 WARNING neutron.scheduler.dhcp_agent_scheduler [None req-a69e9f5f-c1da-43f8-b936-3637e73a8e3a 8d16257921214e02b42d32bfec1b919c 9e6d7ce1c2244722bba0373ead6ae8d3 - - default default] No more DHCP agents
2026-05-26 06:55:14.919 10 WARNING neutron.api.rpc.agentnotifiers.dhcp_rpc_agent_api [None req-a69e9f5f-c1da-43f8-b936-3637e73a8e3a 8d16257921214e02b42d32bfec1b919c 9e6d7ce1c2244722bba0373ead6ae8d3 - - default default] Unable to schedule network 3fa49f1f-41e2-4630-986f-3a5b3c2699c7: no agents available; will retry on subsequent port and subnet creation events.
2026-05-26 06:55:15.124 10 INFO neutron.db.ovn_revision_numbers_db [None req-a69e9f5f-c1da-43f8-b936-3637e73a8e3a 8d16257921214e02b42d32bfec1b919c 9e6d7ce1c2244722bba0373ead6ae8d3 - - default default] Successfully bumped revision number for resource 366cc8f1-9a3d-4733-8edb-a747ae8ac157 (type: ports) to 1
2026-05-26 06:55:15.154 9 WARNING neutron.scheduler.dhcp_agent_scheduler [None req-f0df9427-66f3-451f-a183-d176d23bb87d 48655c67e55e4ffab7468169d9dd9530 9f4bface63b74219a7a1daf324585b2f - - default default] No more DHCP agents
2026-05-26 06:55:15.156 9 WARNING neutron.api.rpc.agentnotifiers.dhcp_rpc_agent_api [None req-f0df9427-66f3-451f-a183-d176d23bb87d 48655c67e55e4ffab7468169d9dd9530 9f4bface63b74219a7a1daf324585b2f - - default default] Unable to schedule network d231586e-73f4-4697-9984-0cb86c4b418b: no agents available; will retry on subsequent port and subnet creation events.
2026-05-26 06:55:15.227 10 INFO neutron.wsgi [None req-2767e539-3156-4dc0-84f6-801ea8d2c6f1 8d16257921214e02b42d32bfec1b919c 9e6d7ce1c2244722bba0373ead6ae8d3 - - default default] 10.0.0.153 "PUT /v2.0/routers/3847c974-29c3-4f19-891e-68bfd8340b41/remove_router_interface HTTP/1.1" status: 200 len: 503 time: 1.5948098
2026-05-26 06:55:15.259 9 INFO neutron.db.ovn_revision_numbers_db [None req-f0df9427-66f3-451f-a183-d176d23bb87d 48655c67e55e4ffab7468169d9dd9530 9f4bface63b74219a7a1daf324585b2f - - default default] Successfully bumped revision number for resource 09711542-3128-4858-9f69-5d450e4f2405 (type: ports) to 1
2026-05-26 06:55:15.291 9 INFO neutron.wsgi [None req-f0df9427-66f3-451f-a183-d176d23bb87d 48655c67e55e4ffab7468169d9dd9530 9f4bface63b74219a7a1daf324585b2f - - default default] 10.0.0.153 "POST /v2.0/networks HTTP/1.1" status: 201 len: 853 time: 0.7537479
2026-05-26 06:55:15.302 9 WARNING neutron_lib.context [None req-7fea731b-5801-4676-89f5-c4368e6b3431 48655c67e55e4ffab7468169d9dd9530 9f4bface63b74219a7a1daf324585b2f - - default default] Method 'is_advsvc' is deprecated since 2023.2 release (neutron-lib 3.8.0) and will be removed once support for the old RBAC API policies will be removed from Neutron. Please use method 'is_service_role' instead.
2026-05-26 06:55:15.446 9 INFO neutron.db.segments_db [None req-7fea731b-5801-4676-89f5-c4368e6b3431 48655c67e55e4ffab7468169d9dd9530 9f4bface63b74219a7a1daf324585b2f - - default default] Added segment d55d24c8-11c6-40e6-9ae7-e73265858251 of type geneve for network 3ba7eda4-6948-4c16-8000-d7c153f725bc
2026-05-26 06:55:15.644 9 INFO neutron.db.ovn_revision_numbers_db [None req-7fea731b-5801-4676-89f5-c4368e6b3431 48655c67e55e4ffab7468169d9dd9530 9f4bface63b74219a7a1daf324585b2f - - default default] Successfully bumped revision number for resource 3ba7eda4-6948-4c16-8000-d7c153f725bc (type: networks) to 1
2026-05-26 06:55:15.860 9 WARNING neutron.scheduler.dhcp_agent_scheduler [None req-7fea731b-5801-4676-89f5-c4368e6b3431 48655c67e55e4ffab7468169d9dd9530 9f4bface63b74219a7a1daf324585b2f - - default default] No more DHCP agents
2026-05-26 06:55:15.877 9 WARNING neutron.api.rpc.agentnotifiers.dhcp_rpc_agent_api [None req-7fea731b-5801-4676-89f5-c4368e6b3431 48655c67e55e4ffab7468169d9dd9530 9f4bface63b74219a7a1daf324585b2f - - default default] Unable to schedule network 3ba7eda4-6948-4c16-8000-d7c153f725bc: no agents available; will retry on subsequent port and subnet creation events.
2026-05-26 06:55:15.966 10 INFO neutron.plugins.ml2.drivers.ovn.mech_driver.mech_driver [None req-e6a22b7b-ebf5-4e4f-b819-8ca87162508e - - - - - -] OVN reports status up for port: 366cc8f1-9a3d-4733-8edb-a747ae8ac157
2026-05-26 06:55:15.983 10 INFO neutron.plugins.ml2.plugin [None req-e6a22b7b-ebf5-4e4f-b819-8ca87162508e - - - - - -] Attempt 1 to provision port 366cc8f1-9a3d-4733-8edb-a747ae8ac157
2026-05-26 06:55:15.992 9 INFO neutron.plugins.ml2.drivers.ovn.mech_driver.ovsdb.ovsdb_monitor [None req-9b4234d0-ec79-44bf-8ff6-9092706dee19 - - - - - -] Router 608e6671-b219-4a7d-aabf-6db8579159fc is bound to host instance
2026-05-26 06:55:15.994 9 INFO neutron.db.ovn_revision_numbers_db [None req-7fea731b-5801-4676-89f5-c4368e6b3431 48655c67e55e4ffab7468169d9dd9530 9f4bface63b74219a7a1daf324585b2f - - default default] Successfully bumped revision number for resource c66b3797-3566-4677-bdd7-19aaf3818b6a (type: ports) to 1
2026-05-26 06:55:16.003 10 INFO neutron.db.ovn_revision_numbers_db [None req-a69e9f5f-c1da-43f8-b936-3637e73a8e3a 8d16257921214e02b42d32bfec1b919c 9e6d7ce1c2244722bba0373ead6ae8d3 - - default default] Successfully bumped revision number for resource 366cc8f1-9a3d-4733-8edb-a747ae8ac157 (type: router_ports) to 1
2026-05-26 06:55:16.028 9 INFO neutron.wsgi [None req-7fea731b-5801-4676-89f5-c4368e6b3431 48655c67e55e4ffab7468169d9dd9530 9f4bface63b74219a7a1daf324585b2f - - default default] 10.0.0.153 "POST /v2.0/networks HTTP/1.1" status: 201 len: 853 time: 0.7312918
2026-05-26 06:55:16.087 10 INFO neutron.db.ovn_revision_numbers_db [None req-a69e9f5f-c1da-43f8-b936-3637e73a8e3a 8d16257921214e02b42d32bfec1b919c 9e6d7ce1c2244722bba0373ead6ae8d3 - - default default] Successfully bumped revision number for resource 608e6671-b219-4a7d-aabf-6db8579159fc (type: routers) to 2
2026-05-26 06:55:16.106 10 INFO neutron.wsgi [None req-a69e9f5f-c1da-43f8-b936-3637e73a8e3a 8d16257921214e02b42d32bfec1b919c 9e6d7ce1c2244722bba0373ead6ae8d3 - - default default] 10.0.0.153 "POST /v2.0/routers HTTP/1.1" status: 201 len: 877 time: 1.8344927 /var/lib/openstack/lib/python3.10/site-packages/pycadf/identifier.py:71: UserWarning: Invalid uuid: neutron. To ensure interoperability, identifiers should be a valid uuid. warnings.warn(('Invalid uuid: %s. To ensure interoperability, '
2026-05-26 06:55:16.377 9 INFO neutron.wsgi [None req-fb7f24cb-9e7e-477a-acea-5c2ad13e27bd 8d16257921214e02b42d32bfec1b919c 9e6d7ce1c2244722bba0373ead6ae8d3 - - default default] 10.0.0.153 "DELETE /v2.0/routers/3847c974-29c3-4f19-891e-68bfd8340b41 HTTP/1.1" status: 204 len: 168 time: 1.1431775
2026-05-26 06:55:16.495 9 WARNING neutron_lib.context [None req-14950020-8f60-4ce9-afd4-1b8c095f3e1c 48655c67e55e4ffab7468169d9dd9530 9f4bface63b74219a7a1daf324585b2f - - default default] Method 'is_advsvc' is deprecated since 2023.2 release (neutron-lib 3.8.0) and will be removed once support for the old RBAC API policies will be removed from Neutron. Please use method 'is_service_role' instead.
2026-05-26 06:55:16.546 9 WARNING neutron_lib.context [None req-14950020-8f60-4ce9-afd4-1b8c095f3e1c 48655c67e55e4ffab7468169d9dd9530 9f4bface63b74219a7a1daf324585b2f - - default default] Method 'is_advsvc' is deprecated since 2023.2 release (neutron-lib 3.8.0) and will be removed once support for the old RBAC API policies will be removed from Neutron. Please use method 'is_service_role' instead.
2026-05-26 06:55:16.551 10 WARNING neutron.scheduler.dhcp_agent_scheduler [None req-e46fc90f-f1a7-4736-8996-add0e09e1746 8d16257921214e02b42d32bfec1b919c 9e6d7ce1c2244722bba0373ead6ae8d3 - - default default] No more DHCP agents
2026-05-26 06:55:16.553 10 WARNING neutron.api.rpc.agentnotifiers.dhcp_rpc_agent_api [None req-e46fc90f-f1a7-4736-8996-add0e09e1746 8d16257921214e02b42d32bfec1b919c 9e6d7ce1c2244722bba0373ead6ae8d3 - - default default] Unable to schedule network a6430ff1-48b2-41b6-9f99-57c9ba00ed6a: no agents available; will retry on subsequent port and subnet creation events.
2026-05-26 06:55:16.717 10 INFO neutron.db.ovn_revision_numbers_db [None req-e46fc90f-f1a7-4736-8996-add0e09e1746 8d16257921214e02b42d32bfec1b919c 9e6d7ce1c2244722bba0373ead6ae8d3 - - default default] Successfully bumped revision number for resource 4c09379e-510c-405b-b420-a2e06d3b20a3 (type: ports) to 1
2026-05-26 06:55:16.723 9 INFO neutron.wsgi [None req-fe51f612-b726-45f6-80bc-21df244960be 8d16257921214e02b42d32bfec1b919c 9e6d7ce1c2244722bba0373ead6ae8d3 - - default default] 10.0.0.153 "DELETE /v2.0/subnets/752bba03-075a-499a-a551-fd4025b92356 HTTP/1.1" status: 204 len: 168 time: 0.3418703
2026-05-26 06:55:16.797 9 INFO neutron.db.ovn_revision_numbers_db [None req-9b4234d0-ec79-44bf-8ff6-9092706dee19 - - - - - -] Successfully bumped revision number for resource 366cc8f1-9a3d-4733-8edb-a747ae8ac157 (type: ports) to 1
2026-05-26 06:55:17.091 9 INFO neutron.plugins.ml2.drivers.ovn.mech_driver.mech_driver [None req-5387fb26-6f8c-40cd-bf4a-41039702261f - - - - - -] OVN reports status up for port: 4c09379e-510c-405b-b420-a2e06d3b20a3
2026-05-26 06:55:17.104 10 INFO neutron.db.ovn_revision_numbers_db [None req-e46fc90f-f1a7-4736-8996-add0e09e1746 8d16257921214e02b42d32bfec1b919c 9e6d7ce1c2244722bba0373ead6ae8d3 - - default default] Successfully bumped revision number for resource 4c09379e-510c-405b-b420-a2e06d3b20a3 (type: router_ports) to 1
2026-05-26 06:55:17.117 9 INFO neutron.plugins.ml2.plugin [None req-5387fb26-6f8c-40cd-bf4a-41039702261f - - - - - -] Attempt 1 to provision port 4c09379e-510c-405b-b420-a2e06d3b20a3
2026-05-26 06:55:17.250 10 INFO neutron.db.ovn_revision_numbers_db [None req-e46fc90f-f1a7-4736-8996-add0e09e1746 8d16257921214e02b42d32bfec1b919c 9e6d7ce1c2244722bba0373ead6ae8d3 - - default default] Successfully bumped revision number for resource 4c09379e-510c-405b-b420-a2e06d3b20a3 (type: ports) to 1
2026-05-26 06:55:17.328 10 WARNING neutron.scheduler.dhcp_agent_scheduler [None req-e46fc90f-f1a7-4736-8996-add0e09e1746 8d16257921214e02b42d32bfec1b919c 9e6d7ce1c2244722bba0373ead6ae8d3 - - default default] No more DHCP agents
2026-05-26 06:55:17.330 10 WARNING neutron.api.rpc.agentnotifiers.dhcp_rpc_agent_api [None req-e46fc90f-f1a7-4736-8996-add0e09e1746 8d16257921214e02b42d32bfec1b919c 9e6d7ce1c2244722bba0373ead6ae8d3 - - default default] Unable to schedule network a6430ff1-48b2-41b6-9f99-57c9ba00ed6a: no agents available; will retry on subsequent port and subnet creation events.
2026-05-26 06:55:17.609 9 WARNING neutron.scheduler.dhcp_agent_scheduler [None req-14950020-8f60-4ce9-afd4-1b8c095f3e1c 48655c67e55e4ffab7468169d9dd9530 9f4bface63b74219a7a1daf324585b2f - - default default] No more DHCP agents
2026-05-26 06:55:17.620 9 WARNING neutron.api.rpc.agentnotifiers.dhcp_rpc_agent_api [None req-14950020-8f60-4ce9-afd4-1b8c095f3e1c 48655c67e55e4ffab7468169d9dd9530 9f4bface63b74219a7a1daf324585b2f - - default default] Unable to schedule network d231586e-73f4-4697-9984-0cb86c4b418b: no agents available; will retry on subsequent port and subnet creation events.
2026-05-26 06:55:17.688 9 INFO neutron.db.ovn_revision_numbers_db [None req-9b4234d0-ec79-44bf-8ff6-9092706dee19 - - - - - -] Successfully bumped revision number for resource 366cc8f1-9a3d-4733-8edb-a747ae8ac157 (type: router_ports) to 3
2026-05-26 06:55:17.719 9 INFO neutron.db.ovn_revision_numbers_db [None req-14950020-8f60-4ce9-afd4-1b8c095f3e1c 48655c67e55e4ffab7468169d9dd9530 9f4bface63b74219a7a1daf324585b2f - - default default] Successfully bumped revision number for resource 42dbd904-c03c-4332-931a-8313c65beefb (type: subnets) to 0
2026-05-26 06:55:17.769 9 INFO neutron.services.segments.plugin [-] Segment 6531bba7-24ab-4f80-8255-2149bef9157a resource provider aggregate not found
2026-05-26 06:55:17.787 9 INFO neutron.services.segments.plugin [-] Segment 6531bba7-24ab-4f80-8255-2149bef9157a resource provider aggregate not found
2026-05-26 06:55:17.810 9 INFO neutron.services.segments.plugin [-] Segment 6531bba7-24ab-4f80-8255-2149bef9157a resource provider not found; error: Placement Client Error (4xx): {"errors": [{"status": 404, "title": "Not Found", "detail": "The resource could not be found.\n\n No resource provider with uuid 6531bba7-24ab-4f80-8255-2149bef9157a found for delete ", "request_id": "req-f9254406-4f1c-4d24-a48b-30694a0f9f62"}]}
2026-05-26 06:55:17.811 9 WARNING neutron.scheduler.dhcp_agent_scheduler [None req-14950020-8f60-4ce9-afd4-1b8c095f3e1c 48655c67e55e4ffab7468169d9dd9530 9f4bface63b74219a7a1daf324585b2f - - default default] No more DHCP agents
2026-05-26 06:55:17.818 9 INFO neutron.services.segments.plugin [-] Segment 6531bba7-24ab-4f80-8255-2149bef9157a resource provider not found; error: Placement Client Error (4xx): {"errors": [{"status": 404, "title": "Not Found", "detail": "The resource could not be found.\n\n No resource provider with uuid 6531bba7-24ab-4f80-8255-2149bef9157a found for delete ", "request_id": "req-15a62584-f51e-4bee-9801-26617e7e7322"}]}
2026-05-26 06:55:17.820 9 WARNING neutron.api.rpc.agentnotifiers.dhcp_rpc_agent_api [None req-14950020-8f60-4ce9-afd4-1b8c095f3e1c 48655c67e55e4ffab7468169d9dd9530 9f4bface63b74219a7a1daf324585b2f - - default default] Unable to schedule network 3ba7eda4-6948-4c16-8000-d7c153f725bc: no agents available; will retry on subsequent port and subnet creation events.
