2026-05-26 06:58:04.036 10 INFO neutron.wsgi [None req-5f5153e3-5acd-4aa2-8fe1-fb6c1a9bd13d 0edbea49732b462690b759389ec47308 5d3e7656be664730abe9b22533f2b7f7 - - default default] 10.0.0.153 "DELETE /v2.0/networks/76a13308-a659-40a3-b488-c2ab3e36f695 HTTP/1.1" status: 204 len: 168 time: 0.6717737
2026-05-26 06:58:04.058 10 INFO neutron.pecan_wsgi.hooks.translation [None req-0556dc08-aaf3-44b2-9620-26367eb7858f 0edbea49732b462690b759389ec47308 5d3e7656be664730abe9b22533f2b7f7 - - default default] DELETE failed (client error): The resource could not be found.
2026-05-26 06:58:04.061 10 INFO neutron.wsgi [None req-0556dc08-aaf3-44b2-9620-26367eb7858f 0edbea49732b462690b759389ec47308 5d3e7656be664730abe9b22533f2b7f7 - - default default] 10.0.0.153 "DELETE /v2.0/subnets/0ffd170d-a04d-45ab-ad02-a4d6a8b688ec HTTP/1.1" status: 404 len: 337 time: 0.0167723
2026-05-26 06:58:04.083 10 INFO neutron.pecan_wsgi.hooks.translation [None req-5435f6d1-8a26-4cfb-89aa-874658b0caf0 0edbea49732b462690b759389ec47308 5d3e7656be664730abe9b22533f2b7f7 - - default default] DELETE failed (client error): The resource could not be found.
2026-05-26 06:58:04.088 10 INFO neutron.wsgi [None req-5435f6d1-8a26-4cfb-89aa-874658b0caf0 0edbea49732b462690b759389ec47308 5d3e7656be664730abe9b22533f2b7f7 - - default default] 10.0.0.153 "DELETE /v2.0/subnets/2af26e26-8897-4fbe-9af4-55e4d7e2d107 HTTP/1.1" status: 404 len: 337 time: 0.0209396
2026-05-26 06:58:04.105 10 INFO neutron.pecan_wsgi.hooks.translation [None req-99afe7e3-a95d-4ec3-941d-4178b9c21d24 0edbea49732b462690b759389ec47308 5d3e7656be664730abe9b22533f2b7f7 - - default default] DELETE failed (client error): The resource could not be found.
2026-05-26 06:58:04.108 10 INFO neutron.wsgi [None req-99afe7e3-a95d-4ec3-941d-4178b9c21d24 0edbea49732b462690b759389ec47308 5d3e7656be664730abe9b22533f2b7f7 - - default default] 10.0.0.153 "DELETE /v2.0/subnets/520de70f-f33e-4fb8-9aa2-da1f349594bb HTTP/1.1" status: 404 len: 337 time: 0.0158346
2026-05-26 06:58:04.390 9 INFO neutron.db.ovn_revision_numbers_db [None req-2e28de66-9677-42e5-b09b-d22f67126105 a16bad23238b4fe6be8bf0dd3aee1eb6 50a75cbd947e422096bc7eed5693ae64 - - default default] Successfully bumped revision number for resource f5b599c1-abab-4b73-a25d-52b5b7c8445e (type: routers) to 7
2026-05-26 06:58:04.393 9 INFO neutron.wsgi [None req-2e28de66-9677-42e5-b09b-d22f67126105 a16bad23238b4fe6be8bf0dd3aee1eb6 50a75cbd947e422096bc7eed5693ae64 - - default default] 10.0.0.153 "PUT /v2.0/routers/f5b599c1-abab-4b73-a25d-52b5b7c8445e HTTP/1.1" status: 200 len: 655 time: 0.4380686
2026-05-26 06:58:04.422 9 INFO neutron.wsgi [None req-5cfa88e2-4d0c-447d-91d5-b22c11e6fbfb a16bad23238b4fe6be8bf0dd3aee1eb6 50a75cbd947e422096bc7eed5693ae64 - - default default] 10.0.0.153 "GET /v2.0/ports?device_id=f5b599c1-abab-4b73-a25d-52b5b7c8445e HTTP/1.1" status: 200 len: 205 time: 0.0235317
2026-05-26 06:58:04.635 10 INFO neutron.wsgi [-] 10.0.0.162 "GET / HTTP/1.1" status: 200 len: 246 time: 0.0026417
2026-05-26 06:58:04.638 10 INFO neutron.wsgi [-] 10.0.0.162 "GET / HTTP/1.1" status: 200 len: 246 time: 0.0021009
2026-05-26 06:58:04.710 9 INFO neutron.wsgi [None req-4d32f5ca-32be-4c9f-aea0-3678afc17dfc a16bad23238b4fe6be8bf0dd3aee1eb6 50a75cbd947e422096bc7eed5693ae64 - - default default] 10.0.0.153 "DELETE /v2.0/routers/f5b599c1-abab-4b73-a25d-52b5b7c8445e HTTP/1.1" status: 204 len: 168 time: 0.2818980
2026-05-26 06:58:05.115 9 INFO neutron.db.ovn_revision_numbers_db [None req-aee89c8d-a3f3-4d7b-aac0-403b9a5ba109 8d16257921214e02b42d32bfec1b919c 9e6d7ce1c2244722bba0373ead6ae8d3 - - default default] Successfully bumped revision number for resource 4be77398-d32f-4984-8f19-99d373528efc (type: security_groups) to 1
2026-05-26 06:58:05.127 9 INFO neutron.db.ovn_revision_numbers_db [None req-aee89c8d-a3f3-4d7b-aac0-403b9a5ba109 8d16257921214e02b42d32bfec1b919c 9e6d7ce1c2244722bba0373ead6ae8d3 - - default default] Successfully bumped revision number for resource 370d2744-f935-40f1-b81a-13fff466ae67 (type: security_group_rules) to 0
2026-05-26 06:58:05.140 9 INFO neutron.db.ovn_revision_numbers_db [None req-aee89c8d-a3f3-4d7b-aac0-403b9a5ba109 8d16257921214e02b42d32bfec1b919c 9e6d7ce1c2244722bba0373ead6ae8d3 - - default default] Successfully bumped revision number for resource a2da6781-e375-4033-871e-46459453c29f (type: security_group_rules) to 0
2026-05-26 06:58:05.155 9 INFO neutron.db.ovn_revision_numbers_db [None req-aee89c8d-a3f3-4d7b-aac0-403b9a5ba109 8d16257921214e02b42d32bfec1b919c 9e6d7ce1c2244722bba0373ead6ae8d3 - - default default] Successfully bumped revision number for resource c4f81309-5af1-493f-a8bb-0dcd8e4dd5b5 (type: security_group_rules) to 0
2026-05-26 06:58:05.167 9 INFO neutron.db.ovn_revision_numbers_db [None req-aee89c8d-a3f3-4d7b-aac0-403b9a5ba109 8d16257921214e02b42d32bfec1b919c 9e6d7ce1c2244722bba0373ead6ae8d3 - - default default] Successfully bumped revision number for resource dfa441a8-8602-493e-b64d-ac4e2aa8d5cd (type: security_group_rules) to 0
2026-05-26 06:58:05.194 9 INFO neutron.wsgi [None req-aee89c8d-a3f3-4d7b-aac0-403b9a5ba109 8d16257921214e02b42d32bfec1b919c 9e6d7ce1c2244722bba0373ead6ae8d3 - - default default] 10.0.0.153 "GET /v2.0/security-groups?tenant_id=deb525982f1842c9a3cd314c607be188&name=default HTTP/1.1" status: 200 len: 2996 time: 0.3482468
2026-05-26 06:58:05.418 9 INFO neutron.wsgi [None req-75db8d16-03d6-46cb-9ce0-f43d4aafce35 8d16257921214e02b42d32bfec1b919c 9e6d7ce1c2244722bba0373ead6ae8d3 - - default default] 10.0.0.153 "DELETE /v2.0/security-groups/4be77398-d32f-4984-8f19-99d373528efc HTTP/1.1" status: 204 len: 168 time: 0.2198272
2026-05-26 06:58:05.560 10 INFO neutron.wsgi [None req-402657e2-11ae-4074-bb61-3429c3f06ccf 8d16257921214e02b42d32bfec1b919c 9e6d7ce1c2244722bba0373ead6ae8d3 - - default default] 10.0.0.153 "GET /v2.0/security-groups?tenant_id=5d3e7656be664730abe9b22533f2b7f7&name=default HTTP/1.1" status: 200 len: 2996 time: 0.0377386
2026-05-26 06:58:05.784 10 INFO neutron.db.ovn_revision_numbers_db [None req-2b688316-766d-43b8-848c-834ae30ef978 8d16257921214e02b42d32bfec1b919c 9e6d7ce1c2244722bba0373ead6ae8d3 - - default default] Successfully bumped revision number for resource 82d44012-7d53-4353-af6d-22f0815e6bdb (type: security_groups) to 1
2026-05-26 06:58:05.798 10 INFO neutron.wsgi [None req-c93df787-237d-4369-925c-f54c72eedc69 8d16257921214e02b42d32bfec1b919c 9e6d7ce1c2244722bba0373ead6ae8d3 - - default default] 10.0.0.153 "DELETE /v2.0/security-groups/927c92b0-45a7-4449-85b8-22c9c46e46c5 HTTP/1.1" status: 204 len: 168 time: 0.2334597
2026-05-26 06:58:05.800 10 INFO neutron.db.ovn_revision_numbers_db [None req-2b688316-766d-43b8-848c-834ae30ef978 8d16257921214e02b42d32bfec1b919c 9e6d7ce1c2244722bba0373ead6ae8d3 - - default default] Successfully bumped revision number for resource 9e231b8e-f221-4506-b835-05f0a4c071d2 (type: security_group_rules) to 0
2026-05-26 06:58:05.812 10 INFO neutron.db.ovn_revision_numbers_db [None req-2b688316-766d-43b8-848c-834ae30ef978 8d16257921214e02b42d32bfec1b919c 9e6d7ce1c2244722bba0373ead6ae8d3 - - default default] Successfully bumped revision number for resource a4aad955-5935-4020-ae7d-d1f00a17e447 (type: security_group_rules) to 0
2026-05-26 06:58:05.827 10 INFO neutron.db.ovn_revision_numbers_db [None req-2b688316-766d-43b8-848c-834ae30ef978 8d16257921214e02b42d32bfec1b919c 9e6d7ce1c2244722bba0373ead6ae8d3 - - default default] Successfully bumped revision number for resource d3d78042-edfc-4c51-84df-b600eee09db8 (type: security_group_rules) to 0
2026-05-26 06:58:05.843 10 INFO neutron.db.ovn_revision_numbers_db [None req-2b688316-766d-43b8-848c-834ae30ef978 8d16257921214e02b42d32bfec1b919c 9e6d7ce1c2244722bba0373ead6ae8d3 - - default default] Successfully bumped revision number for resource dd8a3a3c-b607-48a7-9a6b-d339423bf00c (type: security_group_rules) to 0
2026-05-26 06:58:05.873 10 INFO neutron.wsgi [None req-2b688316-766d-43b8-848c-834ae30ef978 8d16257921214e02b42d32bfec1b919c 9e6d7ce1c2244722bba0373ead6ae8d3 - - default default] 10.0.0.153 "GET /v2.0/security-groups?tenant_id=50a75cbd947e422096bc7eed5693ae64&name=default HTTP/1.1" status: 200 len: 2996 time: 0.4556293
2026-05-26 06:58:06.060 9 INFO neutron.db.ovn_revision_numbers_db [None req-293b1cde-3386-4d0b-953e-667af0ff3e36 8d16257921214e02b42d32bfec1b919c 9e6d7ce1c2244722bba0373ead6ae8d3 - - default default] Successfully bumped revision number for resource e1db07dd-5e07-4441-ad83-1a0cdfa26350 (type: security_groups) to 1
2026-05-26 06:58:06.074 9 INFO neutron.db.ovn_revision_numbers_db [None req-293b1cde-3386-4d0b-953e-667af0ff3e36 8d16257921214e02b42d32bfec1b919c 9e6d7ce1c2244722bba0373ead6ae8d3 - - default default] Successfully bumped revision number for resource 1fa05894-f19b-4a66-b890-b53ed4bf02d2 (type: security_group_rules) to 0
2026-05-26 06:58:06.088 9 INFO neutron.db.ovn_revision_numbers_db [None req-293b1cde-3386-4d0b-953e-667af0ff3e36 8d16257921214e02b42d32bfec1b919c 9e6d7ce1c2244722bba0373ead6ae8d3 - - default default] Successfully bumped revision number for resource 553c743c-c5d4-47e3-8dee-ebc11e8e5665 (type: security_group_rules) to 0
2026-05-26 06:58:06.102 9 INFO neutron.db.ovn_revision_numbers_db [None req-293b1cde-3386-4d0b-953e-667af0ff3e36 8d16257921214e02b42d32bfec1b919c 9e6d7ce1c2244722bba0373ead6ae8d3 - - default default] Successfully bumped revision number for resource 558e99c9-1401-4428-9463-532e135592f0 (type: security_group_rules) to 0
2026-05-26 06:58:06.115 9 INFO neutron.db.ovn_revision_numbers_db [None req-293b1cde-3386-4d0b-953e-667af0ff3e36 8d16257921214e02b42d32bfec1b919c 9e6d7ce1c2244722bba0373ead6ae8d3 - - default default] Successfully bumped revision number for resource 9676c0b1-5c11-4e96-8ade-5501241e6f93 (type: security_group_rules) to 0
2026-05-26 06:58:06.139 9 INFO neutron.wsgi [None req-293b1cde-3386-4d0b-953e-667af0ff3e36 8d16257921214e02b42d32bfec1b919c 9e6d7ce1c2244722bba0373ead6ae8d3 - - default default] 10.0.0.153 "GET /v2.0/security-groups?tenant_id=b3fd9fd85ae04684bd080714b9315027&name=default HTTP/1.1" status: 200 len: 2996 time: 0.2111232
2026-05-26 06:58:06.336 10 WARNING neutron_lib.context [None req-c0b2ca3e-7a09-49ca-889d-e244d7d1edf0 da1ad4bd8f9144ee9ef9d551f39226af d299284a22b44e2f9a77378c6c7ee359 - - default default] Method 'is_advsvc' is deprecated since 2023.2 release (neutron-lib 3.8.0) and will be removed once support for the old RBAC API policies will be removed from Neutron. Please use method 'is_service_role' instead.
2026-05-26 06:58:06.369 9 INFO neutron.wsgi [None req-b428ec08-ac52-43b9-9233-be50feadedfd 8d16257921214e02b42d32bfec1b919c 9e6d7ce1c2244722bba0373ead6ae8d3 - - default default] 10.0.0.153 "DELETE /v2.0/security-groups/e1db07dd-5e07-4441-ad83-1a0cdfa26350 HTTP/1.1" status: 204 len: 168 time: 0.2252054
2026-05-26 06:58:06.402 10 INFO neutron.wsgi [None req-571af45a-844a-45e3-86d6-6661bcf66815 8d16257921214e02b42d32bfec1b919c 9e6d7ce1c2244722bba0373ead6ae8d3 - - default default] 10.0.0.153 "DELETE /v2.0/security-groups/82d44012-7d53-4353-af6d-22f0815e6bdb HTTP/1.1" status: 204 len: 168 time: 0.5188956
2026-05-26 06:58:06.412 10 INFO neutron.wsgi [None req-c0b2ca3e-7a09-49ca-889d-e244d7d1edf0 da1ad4bd8f9144ee9ef9d551f39226af d299284a22b44e2f9a77378c6c7ee359 - - default default] 10.0.0.153 "POST /v2.0/subnetpools HTTP/1.1" status: 201 len: 715 time: 0.3630741
2026-05-26 06:58:06.454 10 INFO neutron.wsgi [None req-deb8f86c-c61b-472f-ab5f-f040fbc98bb2 da1ad4bd8f9144ee9ef9d551f39226af d299284a22b44e2f9a77378c6c7ee359 - - default default] 10.0.0.153 "PUT /v2.0/subnetpools/bf5544b1-61b4-4fb6-943a-fbe762fc0e55/tags HTTP/1.1" status: 200 len: 218 time: 0.0371387
2026-05-26 06:58:06.481 10 INFO neutron.wsgi [None req-5a066e07-67a4-457b-85f3-4a4cb092af87 da1ad4bd8f9144ee9ef9d551f39226af d299284a22b44e2f9a77378c6c7ee359 - - default default] 10.0.0.153 "GET /v2.0/subnetpools/bf5544b1-61b4-4fb6-943a-fbe762fc0e55/tags HTTP/1.1" status: 200 len: 218 time: 0.0229239
2026-05-26 06:58:06.518 10 INFO neutron.wsgi [None req-02bd07a5-c1c2-4463-a078-0c4ad029a0c5 da1ad4bd8f9144ee9ef9d551f39226af d299284a22b44e2f9a77378c6c7ee359 - - default default] 10.0.0.153 "PUT /v2.0/subnetpools/bf5544b1-61b4-4fb6-943a-fbe762fc0e55/tags/green HTTP/1.1" status: 201 len: 201 time: 0.0331361
2026-05-26 06:58:06.543 10 INFO neutron.wsgi [None req-dff9c9c3-4b00-49e2-8808-7e56e3f4b5b4 da1ad4bd8f9144ee9ef9d551f39226af d299284a22b44e2f9a77378c6c7ee359 - - default default] 10.0.0.153 "GET /v2.0/subnetpools/bf5544b1-61b4-4fb6-943a-fbe762fc0e55/tags HTTP/1.1" status: 200 len: 227 time: 0.0216401
2026-05-26 06:58:06.576 10 INFO neutron.wsgi [None req-0539c8ec-b119-43e7-b87c-57b91286aa23 da1ad4bd8f9144ee9ef9d551f39226af d299284a22b44e2f9a77378c6c7ee359 - - default default] 10.0.0.153 "PUT /v2.0/subnetpools/bf5544b1-61b4-4fb6-943a-fbe762fc0e55/tags/red HTTP/1.1" status: 201 len: 201 time: 0.0287931
2026-05-26 06:58:06.612 9 INFO neutron.wsgi [None req-1eb60511-bba5-4f66-896a-5456884517e7 da1ad4bd8f9144ee9ef9d551f39226af d299284a22b44e2f9a77378c6c7ee359 - - default default] 10.0.0.153 "GET /v2.0/subnetpools/bf5544b1-61b4-4fb6-943a-fbe762fc0e55/tags HTTP/1.1" status: 200 len: 227 time: 0.0278687
2026-05-26 06:58:06.668 9 INFO neutron.wsgi [None req-e60cc30c-db45-4398-88c8-408bca091baa da1ad4bd8f9144ee9ef9d551f39226af d299284a22b44e2f9a77378c6c7ee359 - - default default] 10.0.0.153 "PUT /v2.0/subnetpools/bf5544b1-61b4-4fb6-943a-fbe762fc0e55/tags/black.or.white HTTP/1.1" status: 201 len: 201 time: 0.0490334
2026-05-26 06:58:06.677 10 INFO neutron.db.ovn_revision_numbers_db [None req-63737ce5-ce73-4df3-a3e0-c5fc2b00010c 8d16257921214e02b42d32bfec1b919c 9e6d7ce1c2244722bba0373ead6ae8d3 - - default default] Successfully bumped revision number for resource 0a6e86b1-bd9c-40e8-ace1-f010c33bb01c (type: security_groups) to 1
2026-05-26 06:58:06.690 10 INFO neutron.db.ovn_revision_numbers_db [None req-63737ce5-ce73-4df3-a3e0-c5fc2b00010c 8d16257921214e02b42d32bfec1b919c 9e6d7ce1c2244722bba0373ead6ae8d3 - - default default] Successfully bumped revision number for resource 0eef22ce-a0b2-41f0-a90d-640a6191567c (type: security_group_rules) to 0
2026-05-26 06:58:06.699 9 INFO neutron.wsgi [None req-9aad0a03-ac0a-4b59-800f-49ebfcbca066 da1ad4bd8f9144ee9ef9d551f39226af d299284a22b44e2f9a77378c6c7ee359 - - default default] 10.0.0.153 "GET /v2.0/subnetpools/bf5544b1-61b4-4fb6-943a-fbe762fc0e55/tags HTTP/1.1" status: 200 len: 245 time: 0.0253015
2026-05-26 06:58:06.700 10 INFO neutron.db.ovn_revision_numbers_db [None req-63737ce5-ce73-4df3-a3e0-c5fc2b00010c 8d16257921214e02b42d32bfec1b919c 9e6d7ce1c2244722bba0373ead6ae8d3 - - default default] Successfully bumped revision number for resource 584256bc-3498-4449-869c-26734004e252 (type: security_group_rules) to 0
2026-05-26 06:58:06.723 10 INFO neutron.db.ovn_revision_numbers_db [None req-63737ce5-ce73-4df3-a3e0-c5fc2b00010c 8d16257921214e02b42d32bfec1b919c 9e6d7ce1c2244722bba0373ead6ae8d3 - - default default] Successfully bumped revision number for resource 8ad67f74-efac-4459-a143-4ed6384200f5 (type: security_group_rules) to 0
2026-05-26 06:58:06.741 10 INFO neutron.db.ovn_revision_numbers_db [None req-63737ce5-ce73-4df3-a3e0-c5fc2b00010c 8d16257921214e02b42d32bfec1b919c 9e6d7ce1c2244722bba0373ead6ae8d3 - - default default] Successfully bumped revision number for resource d333b9b4-00f3-4ece-8af2-20ac3a36ebac (type: security_group_rules) to 0
2026-05-26 06:58:06.754 10 INFO neutron.wsgi [None req-c55b4dda-03df-44eb-bc1d-46d07cf4c120 da1ad4bd8f9144ee9ef9d551f39226af d299284a22b44e2f9a77378c6c7ee359 - - default default] 10.0.0.153 "PUT /v2.0/subnetpools/bf5544b1-61b4-4fb6-943a-fbe762fc0e55/tags HTTP/1.1" status: 200 len: 230 time: 0.0497515
2026-05-26 06:58:06.762 10 INFO neutron.wsgi [None req-63737ce5-ce73-4df3-a3e0-c5fc2b00010c 8d16257921214e02b42d32bfec1b919c 9e6d7ce1c2244722bba0373ead6ae8d3 - - default default] 10.0.0.153 "GET /v2.0/security-groups?tenant_id=ad5cf5f52ca546e4a4f7fe9c4eee5eab&name=default HTTP/1.1" status: 200 len: 2996 time: 0.2006881
2026-05-26 06:58:06.797 9 INFO neutron.wsgi [None req-f470eaf1-b390-493b-8588-f8ec14cc8ac6 da1ad4bd8f9144ee9ef9d551f39226af d299284a22b44e2f9a77378c6c7ee359 - - default default] 10.0.0.153 "GET /v2.0/subnetpools/bf5544b1-61b4-4fb6-943a-fbe762fc0e55/tags HTTP/1.1" status: 200 len: 230 time: 0.0386331
2026-05-26 06:58:06.829 10 INFO neutron.wsgi [None req-6459a1fc-b4e3-4ce4-ba75-1189dad6997c da1ad4bd8f9144ee9ef9d551f39226af d299284a22b44e2f9a77378c6c7ee359 - - default default] 10.0.0.153 "GET /v2.0/subnetpools/bf5544b1-61b4-4fb6-943a-fbe762fc0e55/tags/red HTTP/1.1" status: 204 len: 168 time: 0.0240703
2026-05-26 06:58:06.850 10 INFO neutron.api.v2.resource [None req-21af4fad-ebed-45ba-9f68-c9ad5cdcb3f9 da1ad4bd8f9144ee9ef9d551f39226af d299284a22b44e2f9a77378c6c7ee359 - - default default] show failed (client error): The resource could not be found.
2026-05-26 06:58:06.851 10 INFO neutron.wsgi [None req-21af4fad-ebed-45ba-9f68-c9ad5cdcb3f9 da1ad4bd8f9144ee9ef9d551f39226af d299284a22b44e2f9a77378c6c7ee359 - - default default] 10.0.0.153 "GET /v2.0/subnetpools/bf5544b1-61b4-4fb6-943a-fbe762fc0e55/tags/green HTTP/1.1" status: 404 len: 299 time: 0.0177341
2026-05-26 06:58:06.895 10 INFO neutron.wsgi [None req-03a5140b-2c92-403e-b4a9-14a3746c922f da1ad4bd8f9144ee9ef9d551f39226af d299284a22b44e2f9a77378c6c7ee359 - - default default] 10.0.0.153 "DELETE /v2.0/subnetpools/bf5544b1-61b4-4fb6-943a-fbe762fc0e55/tags/red HTTP/1.1" status: 204 len: 168 time: 0.0392218
2026-05-26 06:58:06.923 9 INFO neutron.wsgi [None req-d101a5ee-0312-4ac8-b573-aea08adb45b1 da1ad4bd8f9144ee9ef9d551f39226af d299284a22b44e2f9a77378c6c7ee359 - - default default] 10.0.0.153 "GET /v2.0/subnetpools/bf5544b1-61b4-4fb6-943a-fbe762fc0e55/tags HTTP/1.1" status: 200 len: 223 time: 0.0216994
2026-05-26 06:58:06.953 10 INFO neutron.api.v2.resource [None req-5899ec51-ee9a-437a-a2de-948d7c142418 da1ad4bd8f9144ee9ef9d551f39226af d299284a22b44e2f9a77378c6c7ee359 - - default default] delete failed (client error): The resource could not be found.
2026-05-26 06:58:06.955 10 INFO neutron.wsgi [None req-5899ec51-ee9a-437a-a2de-948d7c142418 da1ad4bd8f9144ee9ef9d551f39226af d299284a22b44e2f9a77378c6c7ee359 - - default default] 10.0.0.153 "DELETE /v2.0/subnetpools/bf5544b1-61b4-4fb6-943a-fbe762fc0e55/tags/green HTTP/1.1" status: 404 len: 299 time: 0.0261235
2026-05-26 06:58:06.966 9 INFO neutron.wsgi [None req-e267e7e1-79a7-4e29-9cba-b156dd5bd980 8d16257921214e02b42d32bfec1b919c 9e6d7ce1c2244722bba0373ead6ae8d3 - - default default] 10.0.0.153 "DELETE /v2.0/security-groups/0a6e86b1-bd9c-40e8-ace1-f010c33bb01c HTTP/1.1" status: 204 len: 168 time: 0.1970325
2026-05-26 06:58:07.002 10 INFO neutron.wsgi [None req-5bb4017c-3c77-49b6-bd8f-97699abd572c da1ad4bd8f9144ee9ef9d551f39226af d299284a22b44e2f9a77378c6c7ee359 - - default default] 10.0.0.153 "DELETE /v2.0/subnetpools/bf5544b1-61b4-4fb6-943a-fbe762fc0e55/tags HTTP/1.1" status: 204 len: 168 time: 0.0399594
2026-05-26 06:58:07.026 10 INFO neutron.wsgi [None req-d479df93-b9cf-4656-8214-f7f36a57c482 da1ad4bd8f9144ee9ef9d551f39226af d299284a22b44e2f9a77378c6c7ee359 - - default default] 10.0.0.153 "GET /v2.0/subnetpools/bf5544b1-61b4-4fb6-943a-fbe762fc0e55/tags HTTP/1.1" status: 200 len: 205 time: 0.0199244
2026-05-26 06:58:07.089 10 INFO neutron.wsgi [None req-1a02e18a-44f4-421e-b673-f61052ff7e45 da1ad4bd8f9144ee9ef9d551f39226af d299284a22b44e2f9a77378c6c7ee359 - - default default] 10.0.0.153 "DELETE /v2.0/subnetpools/bf5544b1-61b4-4fb6-943a-fbe762fc0e55 HTTP/1.1" status: 204 len: 168 time: 0.0569458
2026-05-26 06:58:08.079 10 INFO neutron.db.ovn_revision_numbers_db [None req-29ac34fd-b3af-41c9-8d7a-f33aa2cbafd6 8d16257921214e02b42d32bfec1b919c 9e6d7ce1c2244722bba0373ead6ae8d3 - - default default] Successfully bumped revision number for resource 93ae8974-c538-4fec-91cb-d4332d6957d9 (type: security_groups) to 1
2026-05-26 06:58:08.092 10 INFO neutron.db.ovn_revision_numbers_db [None req-29ac34fd-b3af-41c9-8d7a-f33aa2cbafd6 8d16257921214e02b42d32bfec1b919c 9e6d7ce1c2244722bba0373ead6ae8d3 - - default default] Successfully bumped revision number for resource 053baa7a-7a61-49ea-ab9d-eb056d20cc2a (type: security_group_rules) to 0
2026-05-26 06:58:08.103 10 INFO neutron.db.ovn_revision_numbers_db [None req-29ac34fd-b3af-41c9-8d7a-f33aa2cbafd6 8d16257921214e02b42d32bfec1b919c 9e6d7ce1c2244722bba0373ead6ae8d3 - - default default] Successfully bumped revision number for resource 2f3cf725-a27e-459d-b195-b4e053a04e61 (type: security_group_rules) to 0
2026-05-26 06:58:08.122 10 INFO neutron.db.ovn_revision_numbers_db [None req-29ac34fd-b3af-41c9-8d7a-f33aa2cbafd6 8d16257921214e02b42d32bfec1b919c 9e6d7ce1c2244722bba0373ead6ae8d3 - - default default] Successfully bumped revision number for resource 51938561-6e4f-4aa5-94d3-c1fddd98f0c1 (type: security_group_rules) to 0
2026-05-26 06:58:08.138 10 INFO neutron.db.ovn_revision_numbers_db [None req-29ac34fd-b3af-41c9-8d7a-f33aa2cbafd6 8d16257921214e02b42d32bfec1b919c 9e6d7ce1c2244722bba0373ead6ae8d3 - - default default] Successfully bumped revision number for resource dcb078d7-e7f8-47c2-9d57-31eb74902a20 (type: security_group_rules) to 0
2026-05-26 06:58:08.161 10 INFO neutron.wsgi [None req-29ac34fd-b3af-41c9-8d7a-f33aa2cbafd6 8d16257921214e02b42d32bfec1b919c 9e6d7ce1c2244722bba0373ead6ae8d3 - - default default] 10.0.0.153 "GET /v2.0/security-groups?tenant_id=d299284a22b44e2f9a77378c6c7ee359&name=default HTTP/1.1" status: 200 len: 2996 time: 0.3919075
2026-05-26 06:58:08.342 10 INFO neutron.wsgi [None req-4e99c23c-bb88-4143-8064-2afd11984330 8d16257921214e02b42d32bfec1b919c 9e6d7ce1c2244722bba0373ead6ae8d3 - - default default] 10.0.0.153 "DELETE /v2.0/security-groups/93ae8974-c538-4fec-91cb-d4332d6957d9 HTTP/1.1" status: 204 len: 168 time: 0.1677597
2026-05-26 06:58:08.621 10 INFO neutron.db.ovn_revision_numbers_db [None req-865f9638-3de0-49f6-87cb-d5bd9373b3b2 8d16257921214e02b42d32bfec1b919c 9e6d7ce1c2244722bba0373ead6ae8d3 - - default default] Successfully bumped revision number for resource d5f48f44-3dcc-4353-86b2-18d47cdbaf3a (type: security_groups) to 1
2026-05-26 06:58:08.634 10 INFO neutron.db.ovn_revision_numbers_db [None req-865f9638-3de0-49f6-87cb-d5bd9373b3b2 8d16257921214e02b42d32bfec1b919c 9e6d7ce1c2244722bba0373ead6ae8d3 - - default default] Successfully bumped revision number for resource 46ad2cc4-c730-4db9-8ba4-cf57531330bf (type: security_group_rules) to 0
2026-05-26 06:58:08.646 10 INFO neutron.db.ovn_revision_numbers_db [None req-865f9638-3de0-49f6-87cb-d5bd9373b3b2 8d16257921214e02b42d32bfec1b919c 9e6d7ce1c2244722bba0373ead6ae8d3 - - default default] Successfully bumped revision number for resource d4896ed8-b4bd-4c09-95a6-c4659b7f8ee7 (type: security_group_rules) to 0
2026-05-26 06:58:08.660 10 INFO neutron.db.ovn_revision_numbers_db [None req-865f9638-3de0-49f6-87cb-d5bd9373b3b2 8d16257921214e02b42d32bfec1b919c 9e6d7ce1c2244722bba0373ead6ae8d3 - - default default] Successfully bumped revision number for resource d7722e51-4713-437d-93c0-a8db84bba679 (type: security_group_rules) to 0
2026-05-26 06:58:08.672 10 WARNING neutron_lib.context [None req-b461ef44-06c6-4efc-84b6-8e319159f1d5 d79c837815834122ab95e4f4d6cb2efb c73dd0f8638249729e169fbf2e0fd2bb - - default default] Method 'is_advsvc' is deprecated since 2023.2 release (neutron-lib 3.8.0) and will be removed once support for the old RBAC API policies will be removed from Neutron. Please use method 'is_service_role' instead.
2026-05-26 06:58:08.684 10 INFO neutron.db.ovn_revision_numbers_db [None req-865f9638-3de0-49f6-87cb-d5bd9373b3b2 8d16257921214e02b42d32bfec1b919c 9e6d7ce1c2244722bba0373ead6ae8d3 - - default default] Successfully bumped revision number for resource f2c5254e-464a-480a-b5a3-64ea95159350 (type: security_group_rules) to 0
2026-05-26 06:58:08.709 10 INFO neutron.wsgi [None req-865f9638-3de0-49f6-87cb-d5bd9373b3b2 8d16257921214e02b42d32bfec1b919c 9e6d7ce1c2244722bba0373ead6ae8d3 - - default default] 10.0.0.153 "GET /v2.0/security-groups?tenant_id=5906605f63de4e648bd2756503212884&name=default HTTP/1.1" status: 200 len: 2996 time: 0.1986258
2026-05-26 06:58:08.821 10 INFO neutron.db.ovn_revision_numbers_db [None req-b461ef44-06c6-4efc-84b6-8e319159f1d5 d79c837815834122ab95e4f4d6cb2efb c73dd0f8638249729e169fbf2e0fd2bb - - default default] Successfully bumped revision number for resource 101a7a71-0864-414f-ab3e-84244f0d7016 (type: security_groups) to 1
2026-05-26 06:58:08.833 10 INFO neutron.db.ovn_revision_numbers_db [None req-b461ef44-06c6-4efc-84b6-8e319159f1d5 d79c837815834122ab95e4f4d6cb2efb c73dd0f8638249729e169fbf2e0fd2bb - - default default] Successfully bumped revision number for resource 143c4557-f311-4df1-aba1-1e23a8db5878 (type: security_group_rules) to 0
2026-05-26 06:58:08.851 10 INFO neutron.db.ovn_revision_numbers_db [None req-b461ef44-06c6-4efc-84b6-8e319159f1d5 d79c837815834122ab95e4f4d6cb2efb c73dd0f8638249729e169fbf2e0fd2bb - - default default] Successfully bumped revision number for resource 2b0df7a9-5dea-415f-86c8-dcbe7e9b7c93 (type: security_group_rules) to 0
2026-05-26 06:58:08.866 10 INFO neutron.db.ovn_revision_numbers_db [None req-b461ef44-06c6-4efc-84b6-8e319159f1d5 d79c837815834122ab95e4f4d6cb2efb c73dd0f8638249729e169fbf2e0fd2bb - - default default] Successfully bumped revision number for resource 7020d801-c6c1-45ea-a465-e72964824b93 (type: security_group_rules) to 0
2026-05-26 06:58:08.889 10 INFO neutron.db.ovn_revision_numbers_db [None req-b461ef44-06c6-4efc-84b6-8e319159f1d5 d79c837815834122ab95e4f4d6cb2efb c73dd0f8638249729e169fbf2e0fd2bb - - default default] Successfully bumped revision number for resource 79ec9304-0922-4c0f-9956-25aba4fa0274 (type: security_group_rules) to 0
2026-05-26 06:58:08.933 10 INFO neutron.wsgi [None req-d07d51d7-e51d-4a65-9e26-cba3526c5330 8d16257921214e02b42d32bfec1b919c 9e6d7ce1c2244722bba0373ead6ae8d3 - - default default] 10.0.0.153 "DELETE /v2.0/security-groups/d5f48f44-3dcc-4353-86b2-18d47cdbaf3a HTTP/1.1" status: 204 len: 168 time: 0.2188985
2026-05-26 06:58:08.959 10 INFO neutron.db.segments_db [None req-b461ef44-06c6-4efc-84b6-8e319159f1d5 d79c837815834122ab95e4f4d6cb2efb c73dd0f8638249729e169fbf2e0fd2bb - - default default] Added segment 45beaeb8-c8ec-4bda-b098-16b4a7a04e2b of type geneve for network 42433816-0628-42c4-ab17-174dc8b321ce
2026-05-26 06:58:09.116 10 INFO neutron.db.ovn_revision_numbers_db [None req-b461ef44-06c6-4efc-84b6-8e319159f1d5 d79c837815834122ab95e4f4d6cb2efb c73dd0f8638249729e169fbf2e0fd2bb - - default default] Successfully bumped revision number for resource 42433816-0628-42c4-ab17-174dc8b321ce (type: networks) to 1
2026-05-26 06:58:09.296 10 WARNING neutron.scheduler.dhcp_agent_scheduler [None req-b461ef44-06c6-4efc-84b6-8e319159f1d5 d79c837815834122ab95e4f4d6cb2efb c73dd0f8638249729e169fbf2e0fd2bb - - default default] No more DHCP agents
2026-05-26 06:58:09.298 10 WARNING neutron.api.rpc.agentnotifiers.dhcp_rpc_agent_api [None req-b461ef44-06c6-4efc-84b6-8e319159f1d5 d79c837815834122ab95e4f4d6cb2efb c73dd0f8638249729e169fbf2e0fd2bb - - default default] Unable to schedule network 42433816-0628-42c4-ab17-174dc8b321ce: no agents available; will retry on subsequent port and subnet creation events.
2026-05-26 06:58:09.391 10 INFO neutron.db.ovn_revision_numbers_db [None req-b461ef44-06c6-4efc-84b6-8e319159f1d5 d79c837815834122ab95e4f4d6cb2efb c73dd0f8638249729e169fbf2e0fd2bb - - default default] Successfully bumped revision number for resource ff96534b-a838-489d-8bba-64c23d45a91b (type: ports) to 1
2026-05-26 06:58:09.414 10 INFO neutron.wsgi [None req-b461ef44-06c6-4efc-84b6-8e319159f1d5 d79c837815834122ab95e4f4d6cb2efb c73dd0f8638249729e169fbf2e0fd2bb - - default default] 10.0.0.153 "POST /v2.0/networks HTTP/1.1" status: 201 len: 830 time: 0.9504423
2026-05-26 06:58:09.424 10 WARNING neutron_lib.context [None req-f8f8cd9d-7481-4d95-b8f8-2756c68852b8 d79c837815834122ab95e4f4d6cb2efb c73dd0f8638249729e169fbf2e0fd2bb - - default default] Method 'is_advsvc' is deprecated since 2023.2 release (neutron-lib 3.8.0) and will be removed once support for the old RBAC API policies will be removed from Neutron. Please use method 'is_service_role' instead.
2026-05-26 06:58:09.655 10 WARNING neutron.scheduler.dhcp_agent_scheduler [None req-f8f8cd9d-7481-4d95-b8f8-2756c68852b8 d79c837815834122ab95e4f4d6cb2efb c73dd0f8638249729e169fbf2e0fd2bb - - default default] No more DHCP agents
2026-05-26 06:58:09.656 10 WARNING neutron.api.rpc.agentnotifiers.dhcp_rpc_agent_api [None req-f8f8cd9d-7481-4d95-b8f8-2756c68852b8 d79c837815834122ab95e4f4d6cb2efb c73dd0f8638249729e169fbf2e0fd2bb - - default default] Unable to schedule network 42433816-0628-42c4-ab17-174dc8b321ce: no agents available; will retry on subsequent port and subnet creation events.
2026-05-26 06:58:09.738 10 INFO neutron.db.ovn_revision_numbers_db [None req-f8f8cd9d-7481-4d95-b8f8-2756c68852b8 d79c837815834122ab95e4f4d6cb2efb c73dd0f8638249729e169fbf2e0fd2bb - - default default] Successfully bumped revision number for resource e0a2e1b5-ec22-4204-aae9-a8f5dec5c4ba (type: ports) to 1
2026-05-26 06:58:09.759 10 INFO neutron.wsgi [None req-f8f8cd9d-7481-4d95-b8f8-2756c68852b8 d79c837815834122ab95e4f4d6cb2efb c73dd0f8638249729e169fbf2e0fd2bb - - default default] 10.0.0.153 "POST /v2.0/ports HTTP/1.1" status: 201 len: 942 time: 0.3397739 /var/lib/openstack/lib/python3.10/site-packages/pycadf/identifier.py:71: UserWarning: Invalid uuid: neutron. To ensure interoperability, identifiers should be a valid uuid. warnings.warn(('Invalid uuid: %s. To ensure interoperability, '
2026-05-26 06:58:09.769 10 WARNING neutron_lib.context [None req-1ba77ef5-4113-4953-b1ec-24bf9b0d016d d79c837815834122ab95e4f4d6cb2efb c73dd0f8638249729e169fbf2e0fd2bb - - default default] Method 'is_advsvc' is deprecated since 2023.2 release (neutron-lib 3.8.0) and will be removed once support for the old RBAC API policies will be removed from Neutron. Please use method 'is_service_role' instead.
2026-05-26 06:58:09.997 10 INFO neutron.wsgi [None req-1ba77ef5-4113-4953-b1ec-24bf9b0d016d d79c837815834122ab95e4f4d6cb2efb c73dd0f8638249729e169fbf2e0fd2bb - - default default] 10.0.0.153 "POST /v2.0/trunks HTTP/1.1" status: 201 len: 608 time: 0.2321436
2026-05-26 06:58:10.007 10 WARNING neutron_lib.context [None req-0aafbe5c-1296-42dd-bf50-4cc3516bfb8a d79c837815834122ab95e4f4d6cb2efb c73dd0f8638249729e169fbf2e0fd2bb - - default default] Method 'is_advsvc' is deprecated since 2023.2 release (neutron-lib 3.8.0) and will be removed once support for the old RBAC API policies will be removed from Neutron. Please use method 'is_service_role' instead.
2026-05-26 06:58:10.085 10 INFO neutron.db.segments_db [None req-0aafbe5c-1296-42dd-bf50-4cc3516bfb8a d79c837815834122ab95e4f4d6cb2efb c73dd0f8638249729e169fbf2e0fd2bb - - default default] Added segment 53850a6f-ad89-40ef-afe0-95576c28da8e of type geneve for network 38f764d8-2ac7-496b-97d4-f0681fd5d808
2026-05-26 06:58:10.233 10 INFO neutron.db.ovn_revision_numbers_db [None req-0aafbe5c-1296-42dd-bf50-4cc3516bfb8a d79c837815834122ab95e4f4d6cb2efb c73dd0f8638249729e169fbf2e0fd2bb - - default default] Successfully bumped revision number for resource 38f764d8-2ac7-496b-97d4-f0681fd5d808 (type: networks) to 1
2026-05-26 06:58:10.436 10 WARNING neutron.scheduler.dhcp_agent_scheduler [None req-0aafbe5c-1296-42dd-bf50-4cc3516bfb8a d79c837815834122ab95e4f4d6cb2efb c73dd0f8638249729e169fbf2e0fd2bb - - default default] No more DHCP agents
2026-05-26 06:58:10.439 10 WARNING neutron.api.rpc.agentnotifiers.dhcp_rpc_agent_api [None req-0aafbe5c-1296-42dd-bf50-4cc3516bfb8a d79c837815834122ab95e4f4d6cb2efb c73dd0f8638249729e169fbf2e0fd2bb - - default default] Unable to schedule network 38f764d8-2ac7-496b-97d4-f0681fd5d808: no agents available; will retry on subsequent port and subnet creation events.
2026-05-26 06:58:10.517 10 INFO neutron.db.ovn_revision_numbers_db [None req-0aafbe5c-1296-42dd-bf50-4cc3516bfb8a d79c837815834122ab95e4f4d6cb2efb c73dd0f8638249729e169fbf2e0fd2bb - - default default] Successfully bumped revision number for resource 0e7ea4c2-7d61-4e14-9c8b-db0c3414b6ab (type: ports) to 1
2026-05-26 06:58:10.542 10 INFO neutron.wsgi [None req-0aafbe5c-1296-42dd-bf50-4cc3516bfb8a d79c837815834122ab95e4f4d6cb2efb c73dd0f8638249729e169fbf2e0fd2bb - - default default] 10.0.0.153 "POST /v2.0/networks HTTP/1.1" status: 201 len: 831 time: 0.5398564
2026-05-26 06:58:10.551 10 WARNING neutron_lib.context [None req-944113f4-0916-4e7e-b6a6-b77687d6ccf9 d79c837815834122ab95e4f4d6cb2efb c73dd0f8638249729e169fbf2e0fd2bb - - default default] Method 'is_advsvc' is deprecated since 2023.2 release (neutron-lib 3.8.0) and will be removed once support for the old RBAC API policies will be removed from Neutron. Please use method 'is_service_role' instead.
2026-05-26 06:58:10.801 10 WARNING neutron.scheduler.dhcp_agent_scheduler [None req-944113f4-0916-4e7e-b6a6-b77687d6ccf9 d79c837815834122ab95e4f4d6cb2efb c73dd0f8638249729e169fbf2e0fd2bb - - default default] No more DHCP agents
2026-05-26 06:58:10.806 10 WARNING neutron.api.rpc.agentnotifiers.dhcp_rpc_agent_api [None req-944113f4-0916-4e7e-b6a6-b77687d6ccf9 d79c837815834122ab95e4f4d6cb2efb c73dd0f8638249729e169fbf2e0fd2bb - - default default] Unable to schedule network 38f764d8-2ac7-496b-97d4-f0681fd5d808: no agents available; will retry on subsequent port and subnet creation events. /var/lib/openstack/lib/python3.10/site-packages/pycadf/identifier.py:71: UserWarning: Invalid uuid: neutron. To ensure interoperability, identifiers should be a valid uuid. warnings.warn(('Invalid uuid: %s. To ensure interoperability, '
2026-05-26 06:58:10.906 10 INFO neutron.db.ovn_revision_numbers_db [None req-944113f4-0916-4e7e-b6a6-b77687d6ccf9 d79c837815834122ab95e4f4d6cb2efb c73dd0f8638249729e169fbf2e0fd2bb - - default default] Successfully bumped revision number for resource bd6bae9c-b486-4d8c-ba97-522a1134f985 (type: ports) to 1
2026-05-26 06:58:10.938 10 INFO neutron.wsgi [None req-944113f4-0916-4e7e-b6a6-b77687d6ccf9 d79c837815834122ab95e4f4d6cb2efb c73dd0f8638249729e169fbf2e0fd2bb - - default default] 10.0.0.153 "POST /v2.0/ports HTTP/1.1" status: 201 len: 942 time: 0.3922358
2026-05-26 06:58:10.949 10 WARNING neutron_lib.context [None req-f5f50c29-43a8-4221-8d0e-d10814b02326 d79c837815834122ab95e4f4d6cb2efb c73dd0f8638249729e169fbf2e0fd2bb - - default default] Method 'is_advsvc' is deprecated since 2023.2 release (neutron-lib 3.8.0) and will be removed once support for the old RBAC API policies will be removed from Neutron. Please use method 'is_service_role' instead.
2026-05-26 06:58:11.031 10 INFO neutron.db.ovn_revision_numbers_db [None req-8afc03ff-33a4-48eb-a877-265822efb2f7 8d16257921214e02b42d32bfec1b919c 9e6d7ce1c2244722bba0373ead6ae8d3 - - default default] Successfully bumped revision number for resource 596c130e-8584-47ff-ab6f-2ccfb14b81d9 (type: security_groups) to 1
2026-05-26 06:58:11.057 10 INFO neutron.db.ovn_revision_numbers_db [None req-8afc03ff-33a4-48eb-a877-265822efb2f7 8d16257921214e02b42d32bfec1b919c 9e6d7ce1c2244722bba0373ead6ae8d3 - - default default] Successfully bumped revision number for resource 712eb026-f037-481b-b05b-4e61a3b010e3 (type: security_group_rules) to 0
2026-05-26 06:58:11.085 10 INFO neutron.db.ovn_revision_numbers_db [None req-8afc03ff-33a4-48eb-a877-265822efb2f7 8d16257921214e02b42d32bfec1b919c 9e6d7ce1c2244722bba0373ead6ae8d3 - - default default] Successfully bumped revision number for resource 8a5b3ffc-bd4d-438f-a4a7-2e2b45fa96f9 (type: security_group_rules) to 0
2026-05-26 06:58:11.102 10 INFO neutron.db.ovn_revision_numbers_db [None req-8afc03ff-33a4-48eb-a877-265822efb2f7 8d16257921214e02b42d32bfec1b919c 9e6d7ce1c2244722bba0373ead6ae8d3 - - default default] Successfully bumped revision number for resource 9392f767-b9ba-4316-b95f-61c7b972d813 (type: security_group_rules) to 0
2026-05-26 06:58:11.116 10 INFO neutron.db.ovn_revision_numbers_db [None req-8afc03ff-33a4-48eb-a877-265822efb2f7 8d16257921214e02b42d32bfec1b919c 9e6d7ce1c2244722bba0373ead6ae8d3 - - default default] Successfully bumped revision number for resource e43bc806-36af-4d37-83a5-0244c9350254 (type: security_group_rules) to 0
2026-05-26 06:58:11.140 10 INFO neutron.wsgi [None req-8afc03ff-33a4-48eb-a877-265822efb2f7 8d16257921214e02b42d32bfec1b919c 9e6d7ce1c2244722bba0373ead6ae8d3 - - default default] 10.0.0.153 "GET /v2.0/security-groups?tenant_id=c98fc9e9aecc422ea46e34251e364f58&name=default HTTP/1.1" status: 200 len: 2996 time: 0.3762047
2026-05-26 06:58:11.148 10 INFO neutron.wsgi [None req-f5f50c29-43a8-4221-8d0e-d10814b02326 d79c837815834122ab95e4f4d6cb2efb c73dd0f8638249729e169fbf2e0fd2bb - - default default] 10.0.0.153 "POST /v2.0/trunks HTTP/1.1" status: 201 len: 608 time: 0.2051151
2026-05-26 06:58:11.160 9 WARNING neutron_lib.context [None req-f291c9c0-bf1a-4bc4-b766-b13cc9e9a8a6 d79c837815834122ab95e4f4d6cb2efb c73dd0f8638249729e169fbf2e0fd2bb - - default default] Method 'is_advsvc' is deprecated since 2023.2 release (neutron-lib 3.8.0) and will be removed once support for the old RBAC API policies will be removed from Neutron. Please use method 'is_service_role' instead.
2026-05-26 06:58:11.222 9 INFO neutron.wsgi [None req-679dadf0-52e0-4d54-86c2-38de9b7f483c 1258842fc21345f09c27d094ba37910c 3d3d38d48a54437cba4ea8cae281bc66 - - default default] 10.0.0.153 "POST /v2.0/qos/policies HTTP/1.1" status: 201 len: 558 time: 0.2050886
2026-05-26 06:58:11.247 9 INFO neutron.db.segments_db [None req-f291c9c0-bf1a-4bc4-b766-b13cc9e9a8a6 d79c837815834122ab95e4f4d6cb2efb c73dd0f8638249729e169fbf2e0fd2bb - - default default] Added segment a865b7b5-4935-487b-9de9-e6a78a85a538 of type geneve for network c0dbc0b2-267e-430b-9881-799abc978136
2026-05-26 06:58:11.280 9 INFO neutron.wsgi [None req-3d78d1a9-d702-44f2-9033-8a3c6784fbdd 1258842fc21345f09c27d094ba37910c 3d3d38d48a54437cba4ea8cae281bc66 - - default default] 10.0.0.153 "POST /v2.0/qos/policies HTTP/1.1" status: 201 len: 558 time: 0.0525982
2026-05-26 06:58:11.342 10 INFO neutron.wsgi [None req-d5b1fbad-7b4b-4556-8988-64826af1d4ad 1258842fc21345f09c27d094ba37910c 3d3d38d48a54437cba4ea8cae281bc66 - - default default] 10.0.0.153 "POST /v2.0/qos/policies HTTP/1.1" status: 201 len: 558 time: 0.0564358
2026-05-26 06:58:11.365 10 INFO neutron.wsgi [None req-f201c14d-c909-4e5d-86ec-699e7e0d44b3 8d16257921214e02b42d32bfec1b919c 9e6d7ce1c2244722bba0373ead6ae8d3 - - default default] 10.0.0.153 "DELETE /v2.0/security-groups/596c130e-8584-47ff-ab6f-2ccfb14b81d9 HTTP/1.1" status: 204 len: 168 time: 0.2161040
2026-05-26 06:58:11.395 10 INFO neutron.wsgi [None req-909a84f2-5c52-489b-89aa-75db4815c3c7 1258842fc21345f09c27d094ba37910c 3d3d38d48a54437cba4ea8cae281bc66 - - default default] 10.0.0.153 "POST /v2.0/qos/policies HTTP/1.1" status: 201 len: 558 time: 0.0467086
2026-05-26 06:58:11.415 9 INFO neutron.db.ovn_revision_numbers_db [None req-f291c9c0-bf1a-4bc4-b766-b13cc9e9a8a6 d79c837815834122ab95e4f4d6cb2efb c73dd0f8638249729e169fbf2e0fd2bb - - default default] Successfully bumped revision number for resource c0dbc0b2-267e-430b-9881-799abc978136 (type: networks) to 1
2026-05-26 06:58:11.437 10 INFO neutron.wsgi [None req-853d0cde-bf30-421a-9cf0-b5057b8ff5cf 1258842fc21345f09c27d094ba37910c 3d3d38d48a54437cba4ea8cae281bc66 - - default default] 10.0.0.153 "POST /v2.0/qos/policies HTTP/1.1" status: 201 len: 558 time: 0.0374088
2026-05-26 06:58:11.468 10 INFO neutron.wsgi [None req-5d341a8d-4926-4dd0-aca4-a843fa5af4d7 1258842fc21345f09c27d094ba37910c 3d3d38d48a54437cba4ea8cae281bc66 - - default default] 10.0.0.153 "PUT /v2.0/policies/5f05f492-5be9-474f-9d24-4cd5d9a59e6a/tags HTTP/1.1" status: 200 len: 210 time: 0.0244336
2026-05-26 06:58:11.504 10 INFO neutron.wsgi [None req-1ae1a08d-ee9d-4812-a586-0d2c05243fa2 1258842fc21345f09c27d094ba37910c 3d3d38d48a54437cba4ea8cae281bc66 - - default default] 10.0.0.153 "PUT /v2.0/policies/d471700c-e591-4cf9-82db-df1e43a21628/tags HTTP/1.1" status: 200 len: 218 time: 0.0288072
2026-05-26 06:58:11.542 10 INFO neutron.wsgi [None req-bca0d627-b66e-4c3a-a369-33fabc666f4a 1258842fc21345f09c27d094ba37910c 3d3d38d48a54437cba4ea8cae281bc66 - - default default] 10.0.0.153 "PUT /v2.0/policies/73ce2a86-a9f7-4f86-9da7-02a8b2c3bfe3/tags HTTP/1.1" status: 200 len: 227 time: 0.0331380
2026-05-26 06:58:11.576 10 INFO neutron.wsgi [None req-19ee33e7-90ef-47a5-a247-c7cedd9d501f 1258842fc21345f09c27d094ba37910c 3d3d38d48a54437cba4ea8cae281bc66 - - default default] 10.0.0.153 "PUT /v2.0/policies/4c1fc0b9-b3a9-483c-8def-0b0d11dfe996/tags HTTP/1.1" status: 200 len: 212 time: 0.0292201
2026-05-26 06:58:11.586 10 INFO neutron.db.ovn_revision_numbers_db [None req-d7a0c366-951e-4d80-b6d3-1973135d8f33 8d16257921214e02b42d32bfec1b919c 9e6d7ce1c2244722bba0373ead6ae8d3 - - default default] Successfully bumped revision number for resource 56c55649-d667-4454-8fbf-453c68e26765 (type: security_groups) to 1
2026-05-26 06:58:11.599 10 INFO neutron.db.ovn_revision_numbers_db [None req-d7a0c366-951e-4d80-b6d3-1973135d8f33 8d16257921214e02b42d32bfec1b919c 9e6d7ce1c2244722bba0373ead6ae8d3 - - default default] Successfully bumped revision number for resource 08405d6b-7616-42ff-8114-e6fc3dc0a950 (type: security_group_rules) to 0
2026-05-26 06:58:11.603 9 WARNING neutron.scheduler.dhcp_agent_scheduler [None req-f291c9c0-bf1a-4bc4-b766-b13cc9e9a8a6 d79c837815834122ab95e4f4d6cb2efb c73dd0f8638249729e169fbf2e0fd2bb - - default default] No more DHCP agents
2026-05-26 06:58:11.605 9 WARNING neutron.api.rpc.agentnotifiers.dhcp_rpc_agent_api [None req-f291c9c0-bf1a-4bc4-b766-b13cc9e9a8a6 d79c837815834122ab95e4f4d6cb2efb c73dd0f8638249729e169fbf2e0fd2bb - - default default] Unable to schedule network c0dbc0b2-267e-430b-9881-799abc978136: no agents available; will retry on subsequent port and subnet creation events.
2026-05-26 06:58:11.613 10 INFO neutron.db.ovn_revision_numbers_db [None req-d7a0c366-951e-4d80-b6d3-1973135d8f33 8d16257921214e02b42d32bfec1b919c 9e6d7ce1c2244722bba0373ead6ae8d3 - - default default] Successfully bumped revision number for resource c3427aaf-8a46-48c2-a2f8-221c97024721 (type: security_group_rules) to 0
2026-05-26 06:58:11.627 10 INFO neutron.db.ovn_revision_numbers_db [None req-d7a0c366-951e-4d80-b6d3-1973135d8f33 8d16257921214e02b42d32bfec1b919c 9e6d7ce1c2244722bba0373ead6ae8d3 - - default default] Successfully bumped revision number for resource d6dd61fd-0b33-4eb0-8658-c2a6da1d6eb0 (type: security_group_rules) to 0
2026-05-26 06:58:11.640 10 INFO neutron.db.ovn_revision_numbers_db [None req-d7a0c366-951e-4d80-b6d3-1973135d8f33 8d16257921214e02b42d32bfec1b919c 9e6d7ce1c2244722bba0373ead6ae8d3 - - default default] Successfully bumped revision number for resource ed2b7f30-b4a3-4bb0-a035-3abd62067335 (type: security_group_rules) to 0
2026-05-26 06:58:11.670 10 INFO neutron.wsgi [None req-d7a0c366-951e-4d80-b6d3-1973135d8f33 8d16257921214e02b42d32bfec1b919c 9e6d7ce1c2244722bba0373ead6ae8d3 - - default default] 10.0.0.153 "GET /v2.0/security-groups?tenant_id=64a233f7f9a5435fb9ce71f4806315ce&name=default HTTP/1.1" status: 200 len: 3000 time: 0.1990576
2026-05-26 06:58:11.682 9 INFO neutron.db.ovn_revision_numbers_db [None req-f291c9c0-bf1a-4bc4-b766-b13cc9e9a8a6 d79c837815834122ab95e4f4d6cb2efb c73dd0f8638249729e169fbf2e0fd2bb - - default default] Successfully bumped revision number for resource 689a0095-b2df-4b56-8ad2-b9755019f542 (type: ports) to 1
2026-05-26 06:58:11.704 9 INFO neutron.wsgi [None req-f291c9c0-bf1a-4bc4-b766-b13cc9e9a8a6 d79c837815834122ab95e4f4d6cb2efb c73dd0f8638249729e169fbf2e0fd2bb - - default default] 10.0.0.153 "POST /v2.0/networks HTTP/1.1" status: 201 len: 830 time: 0.5504599
2026-05-26 06:58:11.715 10 WARNING neutron_lib.context [None req-d31749f3-3635-4926-9bb5-b7553e7f666a d79c837815834122ab95e4f4d6cb2efb c73dd0f8638249729e169fbf2e0fd2bb - - default default] Method 'is_advsvc' is deprecated since 2023.2 release (neutron-lib 3.8.0) and will be removed once support for the old RBAC API policies will be removed from Neutron. Please use method 'is_service_role' instead.
2026-05-26 06:58:11.937 10 INFO neutron.wsgi [None req-6963a46b-65ab-40a9-868d-ecaad3ff3839 8d16257921214e02b42d32bfec1b919c 9e6d7ce1c2244722bba0373ead6ae8d3 - - default default] 10.0.0.153 "DELETE /v2.0/security-groups/56c55649-d667-4454-8fbf-453c68e26765 HTTP/1.1" status: 204 len: 168 time: 0.2627327
2026-05-26 06:58:11.939 10 WARNING neutron.scheduler.dhcp_agent_scheduler [None req-d31749f3-3635-4926-9bb5-b7553e7f666a d79c837815834122ab95e4f4d6cb2efb c73dd0f8638249729e169fbf2e0fd2bb - - default default] No more DHCP agents
2026-05-26 06:58:11.942 10 WARNING neutron.api.rpc.agentnotifiers.dhcp_rpc_agent_api [None req-d31749f3-3635-4926-9bb5-b7553e7f666a d79c837815834122ab95e4f4d6cb2efb c73dd0f8638249729e169fbf2e0fd2bb - - default default] Unable to schedule network c0dbc0b2-267e-430b-9881-799abc978136: no agents available; will retry on subsequent port and subnet creation events.
2026-05-26 06:58:12.030 10 INFO neutron.db.ovn_revision_numbers_db [None req-d31749f3-3635-4926-9bb5-b7553e7f666a d79c837815834122ab95e4f4d6cb2efb c73dd0f8638249729e169fbf2e0fd2bb - - default default] Successfully bumped revision number for resource 3c84930d-00d5-4eda-83e8-7bfeec04f4b9 (type: ports) to 1
2026-05-26 06:58:12.054 10 INFO neutron.wsgi [None req-d31749f3-3635-4926-9bb5-b7553e7f666a d79c837815834122ab95e4f4d6cb2efb c73dd0f8638249729e169fbf2e0fd2bb - - default default] 10.0.0.153 "POST /v2.0/ports HTTP/1.1" status: 201 len: 942 time: 0.3454165 /var/lib/openstack/lib/python3.10/site-packages/pycadf/identifier.py:71: UserWarning: Invalid uuid: neutron. To ensure interoperability, identifiers should be a valid uuid. warnings.warn(('Invalid uuid: %s. To ensure interoperability, '
2026-05-26 06:58:12.066 10 WARNING neutron_lib.context [None req-d7696e1c-55cd-4d76-a4e9-eed4dcc47065 d79c837815834122ab95e4f4d6cb2efb c73dd0f8638249729e169fbf2e0fd2bb - - default default] Method 'is_advsvc' is deprecated since 2023.2 release (neutron-lib 3.8.0) and will be removed once support for the old RBAC API policies will be removed from Neutron. Please use method 'is_service_role' instead.
2026-05-26 06:58:12.151 9 INFO neutron.wsgi [None req-30a07e3b-71db-4706-9627-6581b29a2331 f5441621e0ed42c0b193a28933ff98d8 6c0e9f045df8460e84ff227834c67c58 - - default default] 10.0.0.153 "GET /v2.0/qos/policies?tags=red HTTP/1.1" status: 200 len: 1296 time: 0.2164490
2026-05-26 06:58:12.258 10 INFO neutron.wsgi [None req-bc98620e-86f4-42ef-8fcf-87dc0dfbcce9 f5441621e0ed42c0b193a28933ff98d8 6c0e9f045df8460e84ff227834c67c58 - - default default] 10.0.0.153 "GET /v2.0/qos/policies?tags=red%2Cblue HTTP/1.1" status: 200 len: 941 time: 0.1010437
2026-05-26 06:58:12.349 10 INFO neutron.wsgi [None req-92456dc1-8f5e-49d3-8dd2-45c961131930 f5441621e0ed42c0b193a28933ff98d8 6c0e9f045df8460e84ff227834c67c58 - - default default] 10.0.0.153 "GET /v2.0/qos/policies?tags-any=blue HTTP/1.1" status: 200 len: 941 time: 0.0854599
2026-05-26 06:58:12.352 10 INFO neutron.wsgi [None req-d7696e1c-55cd-4d76-a4e9-eed4dcc47065 d79c837815834122ab95e4f4d6cb2efb c73dd0f8638249729e169fbf2e0fd2bb - - default default] 10.0.0.153 "POST /v2.0/trunks HTTP/1.1" status: 201 len: 608 time: 0.2927158
2026-05-26 06:58:12.361 10 WARNING neutron_lib.context [None req-2b47aaf3-27da-4a82-a109-6fe31c00d696 d79c837815834122ab95e4f4d6cb2efb c73dd0f8638249729e169fbf2e0fd2bb - - default default] Method 'is_advsvc' is deprecated since 2023.2 release (neutron-lib 3.8.0) and will be removed once support for the old RBAC API policies will be removed from Neutron. Please use method 'is_service_role' instead.
2026-05-26 06:58:12.412 9 WARNING neutron_lib.context [None req-5bd96f8a-f175-4419-9882-91a448d14268 d441c9c292f0465bbe320a3756597302 9d7ade5aa28541ab8bb13bcaa000304a - - default default] Method 'is_advsvc' is deprecated since 2023.2 release (neutron-lib 3.8.0) and will be removed once support for the old RBAC API policies will be removed from Neutron. Please use method 'is_service_role' instead.
2026-05-26 06:58:12.456 10 INFO neutron.wsgi [None req-bf764afc-f69a-46d5-a832-87f4fad95cb7 f5441621e0ed42c0b193a28933ff98d8 6c0e9f045df8460e84ff227834c67c58 - - default default] 10.0.0.153 "GET /v2.0/qos/policies?tags-any=red%2Cblue HTTP/1.1" status: 200 len: 1296 time: 0.1004570
2026-05-26 06:58:12.458 10 INFO neutron.db.segments_db [None req-2b47aaf3-27da-4a82-a109-6fe31c00d696 d79c837815834122ab95e4f4d6cb2efb c73dd0f8638249729e169fbf2e0fd2bb - - default default] Added segment 2267274e-2d35-4106-9771-f851c938a612 of type geneve for network 348b764b-8723-4074-89e3-c1d4d5aa847f
2026-05-26 06:58:12.592 9 INFO neutron.wsgi [None req-b48fb040-41ed-4735-9144-7569b6d8c081 f5441621e0ed42c0b193a28933ff98d8 6c0e9f045df8460e84ff227834c67c58 - - default default] 10.0.0.153 "GET /v2.0/qos/policies?not-tags=red HTTP/1.1" status: 200 len: 913 time: 0.1255133
2026-05-26 06:58:12.597 9 INFO neutron.db.ovn_revision_numbers_db [None req-5bd96f8a-f175-4419-9882-91a448d14268 d441c9c292f0465bbe320a3756597302 9d7ade5aa28541ab8bb13bcaa000304a - - default default] Successfully bumped revision number for resource 4bd79882-ba19-4ab9-8436-c6f5fc9d26fe (type: security_groups) to 1
2026-05-26 06:58:12.609 10 INFO neutron.db.ovn_revision_numbers_db [None req-2b47aaf3-27da-4a82-a109-6fe31c00d696 d79c837815834122ab95e4f4d6cb2efb c73dd0f8638249729e169fbf2e0fd2bb - - default default] Successfully bumped revision number for resource 348b764b-8723-4074-89e3-c1d4d5aa847f (type: networks) to 1
2026-05-26 06:58:12.613 9 INFO neutron.db.ovn_revision_numbers_db [None req-5bd96f8a-f175-4419-9882-91a448d14268 d441c9c292f0465bbe320a3756597302 9d7ade5aa28541ab8bb13bcaa000304a - - default default] Successfully bumped revision number for resource 2616eaba-1098-46cb-bcda-59f0efc0b354 (type: security_group_rules) to 0
