2026-05-26 06:56:09.208 9 INFO neutron.pecan_wsgi.hooks.translation [None req-f3c8ed2e-62a3-4743-9ec9-a212abe144c0 3c6fb54e20c0461a8bc4df49faf72a63 fed3e0da1ee44a1da12b1d435d343729 - - default default] GET failed (client error): The resource could not be found.
2026-05-26 06:56:09.208 10 INFO neutron.db.ovn_revision_numbers_db [None req-ca079ba6-baff-4dd8-b0a7-c3604e357c30 8d16257921214e02b42d32bfec1b919c 9e6d7ce1c2244722bba0373ead6ae8d3 - - default default] Successfully bumped revision number for resource 50522b74-8789-48f2-9292-2f489fc852d0 (type: security_group_rules) to 0
2026-05-26 06:56:09.210 9 INFO neutron.wsgi [None req-f3c8ed2e-62a3-4743-9ec9-a212abe144c0 3c6fb54e20c0461a8bc4df49faf72a63 fed3e0da1ee44a1da12b1d435d343729 - - default default] 10.0.0.153 "GET /v2.0/ports/ed72ad6d-ad99-4379-8160-b19d5aeabb78 HTTP/1.1" status: 404 len: 333 time: 0.0183244
2026-05-26 06:56:09.234 10 INFO neutron.wsgi [None req-ca079ba6-baff-4dd8-b0a7-c3604e357c30 8d16257921214e02b42d32bfec1b919c 9e6d7ce1c2244722bba0373ead6ae8d3 - - default default] 10.0.0.153 "GET /v2.0/security-groups?tenant_id=697b1ab8c92d4821b33de87c27f7003f&name=default HTTP/1.1" status: 200 len: 2996 time: 0.3327327
2026-05-26 06:56:09.413 9 INFO neutron.wsgi [None req-1952182c-267f-4972-aa4e-493ffe89c13f 3c6fb54e20c0461a8bc4df49faf72a63 fed3e0da1ee44a1da12b1d435d343729 - - default default] 10.0.0.153 "DELETE /v2.0/subnets/45cde0be-10ac-457b-90e4-9e5939090d51 HTTP/1.1" status: 204 len: 168 time: 0.1977797
2026-05-26 06:56:09.426 10 INFO neutron.wsgi [None req-e50783a7-8aa7-48e2-bbdc-737641beb51f 8d16257921214e02b42d32bfec1b919c 9e6d7ce1c2244722bba0373ead6ae8d3 - - default default] 10.0.0.153 "DELETE /v2.0/security-groups/e7030022-f20d-40c2-b224-cfc036968e04 HTTP/1.1" status: 204 len: 168 time: 0.1868832
2026-05-26 06:56:09.767 9 INFO neutron.services.segments.plugin [-] Segment 414fce04-26b5-4cf4-9067-73ec7fac6faa resource provider aggregate not found
2026-05-26 06:56:09.782 9 INFO neutron.services.segments.plugin [-] Segment 414fce04-26b5-4cf4-9067-73ec7fac6faa resource provider aggregate not found
2026-05-26 06:56:09.795 9 INFO neutron.services.segments.plugin [-] Segment 414fce04-26b5-4cf4-9067-73ec7fac6faa resource provider not found; error: Placement Client Error (4xx): {"errors": [{"status": 404, "title": "Not Found", "detail": "The resource could not be found.\n\n No resource provider with uuid 414fce04-26b5-4cf4-9067-73ec7fac6faa found for delete ", "request_id": "req-a7468db6-2ba7-447d-99ff-33f8e14cab0b"}]}
2026-05-26 06:56:09.803 9 INFO neutron.services.segments.plugin [-] Segment 414fce04-26b5-4cf4-9067-73ec7fac6faa resource provider not found; error: Placement Client Error (4xx): {"errors": [{"status": 404, "title": "Not Found", "detail": "The resource could not be found.\n\n No resource provider with uuid 414fce04-26b5-4cf4-9067-73ec7fac6faa found for delete ", "request_id": "req-908ad580-79ed-45c8-8a6a-c736814f16c4"}]}
2026-05-26 06:56:09.817 9 INFO neutron.wsgi [None req-a97f7687-3943-410a-bcff-5f7340100dc3 3c6fb54e20c0461a8bc4df49faf72a63 fed3e0da1ee44a1da12b1d435d343729 - - default default] 10.0.0.153 "DELETE /v2.0/networks/2fc31c46-9819-47dc-ad27-594786cb97aa HTTP/1.1" status: 204 len: 168 time: 0.3981183
2026-05-26 06:56:09.828 10 WARNING neutron_lib.context [None req-525e5563-10ca-48e8-aaf1-7ae51192d302 3c6fb54e20c0461a8bc4df49faf72a63 fed3e0da1ee44a1da12b1d435d343729 - - default default] Method 'is_advsvc' is deprecated since 2023.2 release (neutron-lib 3.8.0) and will be removed once support for the old RBAC API policies will be removed from Neutron. Please use method 'is_service_role' instead.
2026-05-26 06:56:09.913 10 INFO neutron.db.segments_db [None req-525e5563-10ca-48e8-aaf1-7ae51192d302 3c6fb54e20c0461a8bc4df49faf72a63 fed3e0da1ee44a1da12b1d435d343729 - - default default] Added segment 61bee6f4-bd87-4657-b072-a7c76dfcd548 of type geneve for network 4a0fd5e6-2ba8-48e4-ad4f-97e87f422449
2026-05-26 06:56:10.062 10 INFO neutron.db.ovn_revision_numbers_db [None req-525e5563-10ca-48e8-aaf1-7ae51192d302 3c6fb54e20c0461a8bc4df49faf72a63 fed3e0da1ee44a1da12b1d435d343729 - - default default] Successfully bumped revision number for resource 4a0fd5e6-2ba8-48e4-ad4f-97e87f422449 (type: networks) to 1
2026-05-26 06:56:10.228 10 WARNING neutron.scheduler.dhcp_agent_scheduler [None req-525e5563-10ca-48e8-aaf1-7ae51192d302 3c6fb54e20c0461a8bc4df49faf72a63 fed3e0da1ee44a1da12b1d435d343729 - - default default] No more DHCP agents
2026-05-26 06:56:10.230 10 WARNING neutron.api.rpc.agentnotifiers.dhcp_rpc_agent_api [None req-525e5563-10ca-48e8-aaf1-7ae51192d302 3c6fb54e20c0461a8bc4df49faf72a63 fed3e0da1ee44a1da12b1d435d343729 - - default default] Unable to schedule network 4a0fd5e6-2ba8-48e4-ad4f-97e87f422449: no agents available; will retry on subsequent port and subnet creation events.
2026-05-26 06:56:10.318 10 INFO neutron.db.ovn_revision_numbers_db [None req-525e5563-10ca-48e8-aaf1-7ae51192d302 3c6fb54e20c0461a8bc4df49faf72a63 fed3e0da1ee44a1da12b1d435d343729 - - default default] Successfully bumped revision number for resource 08c92f9a-3197-4ea2-9239-53c6555cb6ac (type: ports) to 1
2026-05-26 06:56:10.339 10 INFO neutron.wsgi [None req-525e5563-10ca-48e8-aaf1-7ae51192d302 3c6fb54e20c0461a8bc4df49faf72a63 fed3e0da1ee44a1da12b1d435d343729 - - default default] 10.0.0.153 "POST /v2.0/networks HTTP/1.1" status: 201 len: 834 time: 0.5160589
2026-05-26 06:56:10.348 10 WARNING neutron_lib.context [None req-1a89db84-6f71-470e-9796-20a175f37a45 3c6fb54e20c0461a8bc4df49faf72a63 fed3e0da1ee44a1da12b1d435d343729 - - default default] Method 'is_advsvc' is deprecated since 2023.2 release (neutron-lib 3.8.0) and will be removed once support for the old RBAC API policies will be removed from Neutron. Please use method 'is_service_role' instead.
2026-05-26 06:56:10.611 10 WARNING neutron.scheduler.dhcp_agent_scheduler [None req-1a89db84-6f71-470e-9796-20a175f37a45 3c6fb54e20c0461a8bc4df49faf72a63 fed3e0da1ee44a1da12b1d435d343729 - - default default] No more DHCP agents
2026-05-26 06:56:10.612 10 WARNING neutron.api.rpc.agentnotifiers.dhcp_rpc_agent_api [None req-1a89db84-6f71-470e-9796-20a175f37a45 3c6fb54e20c0461a8bc4df49faf72a63 fed3e0da1ee44a1da12b1d435d343729 - - default default] Unable to schedule network 4a0fd5e6-2ba8-48e4-ad4f-97e87f422449: no agents available; will retry on subsequent port and subnet creation events.
2026-05-26 06:56:10.646 10 INFO neutron.db.ovn_revision_numbers_db [None req-1a89db84-6f71-470e-9796-20a175f37a45 3c6fb54e20c0461a8bc4df49faf72a63 fed3e0da1ee44a1da12b1d435d343729 - - default default] Successfully bumped revision number for resource a20bd392-b28b-4c77-961f-98d8dfde84e1 (type: subnets) to 0
2026-05-26 06:56:10.671 10 INFO neutron.wsgi [None req-1a89db84-6f71-470e-9796-20a175f37a45 3c6fb54e20c0461a8bc4df49faf72a63 fed3e0da1ee44a1da12b1d435d343729 - - default default] 10.0.0.153 "POST /v2.0/subnets HTTP/1.1" status: 201 len: 821 time: 0.3280041
2026-05-26 06:56:10.681 10 WARNING neutron_lib.context [None req-3bac6ca1-0cb1-4ed3-b9f5-eebc31947280 3c6fb54e20c0461a8bc4df49faf72a63 fed3e0da1ee44a1da12b1d435d343729 - - default default] Method 'is_advsvc' is deprecated since 2023.2 release (neutron-lib 3.8.0) and will be removed once support for the old RBAC API policies will be removed from Neutron. Please use method 'is_service_role' instead.
2026-05-26 06:56:11.040 10 WARNING neutron.scheduler.dhcp_agent_scheduler [None req-3bac6ca1-0cb1-4ed3-b9f5-eebc31947280 3c6fb54e20c0461a8bc4df49faf72a63 fed3e0da1ee44a1da12b1d435d343729 - - default default] No more DHCP agents
2026-05-26 06:56:11.041 10 WARNING neutron.api.rpc.agentnotifiers.dhcp_rpc_agent_api [None req-3bac6ca1-0cb1-4ed3-b9f5-eebc31947280 3c6fb54e20c0461a8bc4df49faf72a63 fed3e0da1ee44a1da12b1d435d343729 - - default default] Unable to schedule network 4a0fd5e6-2ba8-48e4-ad4f-97e87f422449: no agents available; will retry on subsequent port and subnet creation events.
2026-05-26 06:56:11.197 10 INFO neutron.db.ovn_revision_numbers_db [None req-3bac6ca1-0cb1-4ed3-b9f5-eebc31947280 3c6fb54e20c0461a8bc4df49faf72a63 fed3e0da1ee44a1da12b1d435d343729 - - default default] Successfully bumped revision number for resource 0a9c4f48-ecc9-459f-9708-690c31782322 (type: ports) to 1
2026-05-26 06:56:11.218 10 INFO neutron.wsgi [None req-3bac6ca1-0cb1-4ed3-b9f5-eebc31947280 3c6fb54e20c0461a8bc4df49faf72a63 fed3e0da1ee44a1da12b1d435d343729 - - default default] 10.0.0.153 "POST /v2.0/ports HTTP/1.1" status: 201 len: 1127 time: 0.5412564
2026-05-26 06:56:11.513 9 INFO neutron.wsgi [None req-7b47a835-fdab-474b-a2d9-5573ee3fe13e 3c6fb54e20c0461a8bc4df49faf72a63 fed3e0da1ee44a1da12b1d435d343729 - - default default] 10.0.0.153 "DELETE /v2.0/ports/0a9c4f48-ecc9-459f-9708-690c31782322 HTTP/1.1" status: 204 len: 168 time: 0.2906654
2026-05-26 06:56:11.543 10 INFO neutron.pecan_wsgi.hooks.translation [None req-c3348b78-9497-4bd7-8717-c92d67c75800 3c6fb54e20c0461a8bc4df49faf72a63 fed3e0da1ee44a1da12b1d435d343729 - - default default] GET failed (client error): The resource could not be found.
2026-05-26 06:56:11.544 10 INFO neutron.wsgi [None req-c3348b78-9497-4bd7-8717-c92d67c75800 3c6fb54e20c0461a8bc4df49faf72a63 fed3e0da1ee44a1da12b1d435d343729 - - default default] 10.0.0.153 "GET /v2.0/ports/0a9c4f48-ecc9-459f-9708-690c31782322 HTTP/1.1" status: 404 len: 333 time: 0.0255933
2026-05-26 06:56:11.589 10 WARNING neutron_lib.context [None req-04546d84-4369-47a0-9c15-a869fd1e28d9 a54bf13c601946c89fe14955a8b03a55 05ce491bd99a4c60aa02cbc6f472bdc4 - - default default] Method 'is_advsvc' is deprecated since 2023.2 release (neutron-lib 3.8.0) and will be removed once support for the old RBAC API policies will be removed from Neutron. Please use method 'is_service_role' instead.
2026-05-26 06:56:11.771 10 INFO neutron.db.ovn_revision_numbers_db [None req-352ba7a7-a08e-4ac1-99f2-48c51223e25b 8d16257921214e02b42d32bfec1b919c 9e6d7ce1c2244722bba0373ead6ae8d3 - - default default] Successfully bumped revision number for resource 4757dcb2-b2de-46d8-8c53-cf015384a9cd (type: security_groups) to 1
2026-05-26 06:56:11.795 10 INFO neutron.db.ovn_revision_numbers_db [None req-352ba7a7-a08e-4ac1-99f2-48c51223e25b 8d16257921214e02b42d32bfec1b919c 9e6d7ce1c2244722bba0373ead6ae8d3 - - default default] Successfully bumped revision number for resource 001e3020-4712-437e-9494-51ee1495f2ac (type: security_group_rules) to 0
2026-05-26 06:56:11.810 10 INFO neutron.wsgi [None req-2e1ee4d9-353d-48b1-804a-b8c185e3800a 3c6fb54e20c0461a8bc4df49faf72a63 fed3e0da1ee44a1da12b1d435d343729 - - default default] 10.0.0.153 "DELETE /v2.0/subnets/a20bd392-b28b-4c77-961f-98d8dfde84e1 HTTP/1.1" status: 204 len: 168 time: 0.2616634
2026-05-26 06:56:11.819 10 INFO neutron.db.ovn_revision_numbers_db [None req-04546d84-4369-47a0-9c15-a869fd1e28d9 a54bf13c601946c89fe14955a8b03a55 05ce491bd99a4c60aa02cbc6f472bdc4 - - default default] Successfully bumped revision number for resource c0f24c67-a4df-4b19-a3ad-a6904539a2e7 (type: security_groups) to 1
2026-05-26 06:56:11.822 10 INFO neutron.db.ovn_revision_numbers_db [None req-352ba7a7-a08e-4ac1-99f2-48c51223e25b 8d16257921214e02b42d32bfec1b919c 9e6d7ce1c2244722bba0373ead6ae8d3 - - default default] Successfully bumped revision number for resource 4ebf7819-77e7-4708-ae24-28d9eba77377 (type: security_group_rules) to 0
2026-05-26 06:56:11.833 10 INFO neutron.db.ovn_revision_numbers_db [None req-04546d84-4369-47a0-9c15-a869fd1e28d9 a54bf13c601946c89fe14955a8b03a55 05ce491bd99a4c60aa02cbc6f472bdc4 - - default default] Successfully bumped revision number for resource 052992bf-482e-4214-9aa5-4c6b46a6a157 (type: security_group_rules) to 0
2026-05-26 06:56:11.838 10 INFO neutron.db.ovn_revision_numbers_db [None req-352ba7a7-a08e-4ac1-99f2-48c51223e25b 8d16257921214e02b42d32bfec1b919c 9e6d7ce1c2244722bba0373ead6ae8d3 - - default default] Successfully bumped revision number for resource 930f5bae-51ec-4126-9838-f97afef35e02 (type: security_group_rules) to 0
2026-05-26 06:56:11.848 10 INFO neutron.db.ovn_revision_numbers_db [None req-04546d84-4369-47a0-9c15-a869fd1e28d9 a54bf13c601946c89fe14955a8b03a55 05ce491bd99a4c60aa02cbc6f472bdc4 - - default default] Successfully bumped revision number for resource 25fda739-3d97-44a2-9d1c-821cb543cde4 (type: security_group_rules) to 0
2026-05-26 06:56:11.854 10 INFO neutron.db.ovn_revision_numbers_db [None req-352ba7a7-a08e-4ac1-99f2-48c51223e25b 8d16257921214e02b42d32bfec1b919c 9e6d7ce1c2244722bba0373ead6ae8d3 - - default default] Successfully bumped revision number for resource f3d19eb3-c13c-4eb9-943f-729d22e2b462 (type: security_group_rules) to 0
2026-05-26 06:56:11.869 10 INFO neutron.db.ovn_revision_numbers_db [None req-04546d84-4369-47a0-9c15-a869fd1e28d9 a54bf13c601946c89fe14955a8b03a55 05ce491bd99a4c60aa02cbc6f472bdc4 - - default default] Successfully bumped revision number for resource 3a8a7c68-581d-43e0-b817-9a1b2147e082 (type: security_group_rules) to 0
2026-05-26 06:56:11.883 10 INFO neutron.wsgi [None req-352ba7a7-a08e-4ac1-99f2-48c51223e25b 8d16257921214e02b42d32bfec1b919c 9e6d7ce1c2244722bba0373ead6ae8d3 - - default default] 10.0.0.153 "GET /v2.0/security-groups?tenant_id=d661e549bfd44d6f8afbd32a332c0442&name=default HTTP/1.1" status: 200 len: 2996 time: 0.4606783
2026-05-26 06:56:11.894 10 INFO neutron.db.ovn_revision_numbers_db [None req-04546d84-4369-47a0-9c15-a869fd1e28d9 a54bf13c601946c89fe14955a8b03a55 05ce491bd99a4c60aa02cbc6f472bdc4 - - default default] Successfully bumped revision number for resource 8eaa310b-9a55-43b0-95fb-498fd39a73f9 (type: security_group_rules) to 0
2026-05-26 06:56:11.966 10 INFO neutron.db.segments_db [None req-04546d84-4369-47a0-9c15-a869fd1e28d9 a54bf13c601946c89fe14955a8b03a55 05ce491bd99a4c60aa02cbc6f472bdc4 - - default default] Added segment d84953d9-85fa-431e-bce9-4ab01df6631c of type geneve for network d9594a67-1cd7-41f6-8b36-f586ba089326
2026-05-26 06:56:12.129 10 INFO neutron.db.ovn_revision_numbers_db [None req-04546d84-4369-47a0-9c15-a869fd1e28d9 a54bf13c601946c89fe14955a8b03a55 05ce491bd99a4c60aa02cbc6f472bdc4 - - default default] Successfully bumped revision number for resource d9594a67-1cd7-41f6-8b36-f586ba089326 (type: networks) to 1
2026-05-26 06:56:12.192 9 INFO neutron.services.segments.plugin [-] Segment 61bee6f4-bd87-4657-b072-a7c76dfcd548 resource provider aggregate not found
2026-05-26 06:56:12.199 9 INFO neutron.services.segments.plugin [-] Segment 61bee6f4-bd87-4657-b072-a7c76dfcd548 resource provider aggregate not found
2026-05-26 06:56:12.212 9 INFO neutron.services.segments.plugin [-] Segment 61bee6f4-bd87-4657-b072-a7c76dfcd548 resource provider not found; error: Placement Client Error (4xx): {"errors": [{"status": 404, "title": "Not Found", "detail": "The resource could not be found.\n\n No resource provider with uuid 61bee6f4-bd87-4657-b072-a7c76dfcd548 found for delete ", "request_id": "req-66681aab-894d-4a47-b744-b7e05bcb10ad"}]}
2026-05-26 06:56:12.217 9 INFO neutron.services.segments.plugin [-] Segment 61bee6f4-bd87-4657-b072-a7c76dfcd548 resource provider not found; error: Placement Client Error (4xx): {"errors": [{"status": 404, "title": "Not Found", "detail": "The resource could not be found.\n\n No resource provider with uuid 61bee6f4-bd87-4657-b072-a7c76dfcd548 found for delete ", "request_id": "req-3d0d360e-41da-4f5d-bdb2-a786e0f73df4"}]}
2026-05-26 06:56:12.248 9 INFO neutron.wsgi [None req-f014bc64-d3be-4237-b3b0-711c8e7e9197 3c6fb54e20c0461a8bc4df49faf72a63 fed3e0da1ee44a1da12b1d435d343729 - - default default] 10.0.0.153 "DELETE /v2.0/networks/4a0fd5e6-2ba8-48e4-ad4f-97e87f422449 HTTP/1.1" status: 204 len: 168 time: 0.4323597
2026-05-26 06:56:12.269 10 INFO neutron.wsgi [None req-a18a4d48-6bee-4a3e-91d1-6fc956b4a09b 8d16257921214e02b42d32bfec1b919c 9e6d7ce1c2244722bba0373ead6ae8d3 - - default default] 10.0.0.153 "DELETE /v2.0/security-groups/4757dcb2-b2de-46d8-8c53-cf015384a9cd HTTP/1.1" status: 204 len: 168 time: 0.3807232
2026-05-26 06:56:12.275 9 WARNING neutron_lib.context [None req-8e57a959-4244-49ef-a615-6eaa4951ae41 3c6fb54e20c0461a8bc4df49faf72a63 fed3e0da1ee44a1da12b1d435d343729 - - default default] Method 'is_advsvc' is deprecated since 2023.2 release (neutron-lib 3.8.0) and will be removed once support for the old RBAC API policies will be removed from Neutron. Please use method 'is_service_role' instead.
2026-05-26 06:56:12.354 10 WARNING neutron.scheduler.dhcp_agent_scheduler [None req-04546d84-4369-47a0-9c15-a869fd1e28d9 a54bf13c601946c89fe14955a8b03a55 05ce491bd99a4c60aa02cbc6f472bdc4 - - default default] No more DHCP agents
2026-05-26 06:56:12.358 10 WARNING neutron.api.rpc.agentnotifiers.dhcp_rpc_agent_api [None req-04546d84-4369-47a0-9c15-a869fd1e28d9 a54bf13c601946c89fe14955a8b03a55 05ce491bd99a4c60aa02cbc6f472bdc4 - - default default] Unable to schedule network d9594a67-1cd7-41f6-8b36-f586ba089326: no agents available; will retry on subsequent port and subnet creation events.
2026-05-26 06:56:12.477 10 INFO neutron.db.ovn_revision_numbers_db [None req-04546d84-4369-47a0-9c15-a869fd1e28d9 a54bf13c601946c89fe14955a8b03a55 05ce491bd99a4c60aa02cbc6f472bdc4 - - default default] Successfully bumped revision number for resource 1035e6e4-20ee-4bde-a96d-10556b9b69d9 (type: ports) to 1
2026-05-26 06:56:12.502 10 INFO neutron.wsgi [None req-04546d84-4369-47a0-9c15-a869fd1e28d9 a54bf13c601946c89fe14955a8b03a55 05ce491bd99a4c60aa02cbc6f472bdc4 - - default default] 10.0.0.153 "POST /v2.0/networks HTTP/1.1" status: 201 len: 842 time: 1.1780267
2026-05-26 06:56:12.543 10 WARNING neutron_lib.context [None req-adf06e78-2c6b-4fe5-9e5d-c8e846c69ac4 a54bf13c601946c89fe14955a8b03a55 05ce491bd99a4c60aa02cbc6f472bdc4 - - default default] Method 'is_advsvc' is deprecated since 2023.2 release (neutron-lib 3.8.0) and will be removed once support for the old RBAC API policies will be removed from Neutron. Please use method 'is_service_role' instead.
2026-05-26 06:56:12.583 9 WARNING neutron.scheduler.dhcp_agent_scheduler [None req-8e57a959-4244-49ef-a615-6eaa4951ae41 3c6fb54e20c0461a8bc4df49faf72a63 fed3e0da1ee44a1da12b1d435d343729 - - default default] No more DHCP agents
2026-05-26 06:56:12.588 9 WARNING neutron.api.rpc.agentnotifiers.dhcp_rpc_agent_api [None req-8e57a959-4244-49ef-a615-6eaa4951ae41 3c6fb54e20c0461a8bc4df49faf72a63 fed3e0da1ee44a1da12b1d435d343729 - - default default] Unable to schedule network a0f4257c-e6e7-48c1-b7b3-ae583ac0d247: no agents available; will retry on subsequent port and subnet creation events.
2026-05-26 06:56:12.590 9 INFO neutron.db.ovn_revision_numbers_db [None req-f28af8e1-94c2-4487-ab98-53c18b98e42c 8d16257921214e02b42d32bfec1b919c 9e6d7ce1c2244722bba0373ead6ae8d3 - - default default] Successfully bumped revision number for resource ee695792-68bb-4fe8-943d-652560ceb3dd (type: security_groups) to 1
2026-05-26 06:56:12.615 9 INFO neutron.db.ovn_revision_numbers_db [None req-f28af8e1-94c2-4487-ab98-53c18b98e42c 8d16257921214e02b42d32bfec1b919c 9e6d7ce1c2244722bba0373ead6ae8d3 - - default default] Successfully bumped revision number for resource 02d63982-5efb-41e7-8f5c-7b4a96a82854 (type: security_group_rules) to 0
2026-05-26 06:56:12.644 9 INFO neutron.db.ovn_revision_numbers_db [None req-f28af8e1-94c2-4487-ab98-53c18b98e42c 8d16257921214e02b42d32bfec1b919c 9e6d7ce1c2244722bba0373ead6ae8d3 - - default default] Successfully bumped revision number for resource 150a8a50-501b-4c45-9246-cecd0ff50eda (type: security_group_rules) to 0
2026-05-26 06:56:12.670 9 INFO neutron.db.ovn_revision_numbers_db [None req-f28af8e1-94c2-4487-ab98-53c18b98e42c 8d16257921214e02b42d32bfec1b919c 9e6d7ce1c2244722bba0373ead6ae8d3 - - default default] Successfully bumped revision number for resource 3ceea7a2-713b-4737-a725-caf6055e63ff (type: security_group_rules) to 0
2026-05-26 06:56:12.689 9 INFO neutron.db.ovn_revision_numbers_db [None req-f28af8e1-94c2-4487-ab98-53c18b98e42c 8d16257921214e02b42d32bfec1b919c 9e6d7ce1c2244722bba0373ead6ae8d3 - - default default] Successfully bumped revision number for resource c212d2f2-c352-46da-8e47-13459a354870 (type: security_group_rules) to 0
2026-05-26 06:56:12.692 9 INFO neutron.db.ovn_revision_numbers_db [None req-8e57a959-4244-49ef-a615-6eaa4951ae41 3c6fb54e20c0461a8bc4df49faf72a63 fed3e0da1ee44a1da12b1d435d343729 - - default default] Successfully bumped revision number for resource fbc6aef1-495b-4130-871b-e0de691c5565 (type: ports) to 1
2026-05-26 06:56:12.722 9 INFO neutron.wsgi [None req-f28af8e1-94c2-4487-ab98-53c18b98e42c 8d16257921214e02b42d32bfec1b919c 9e6d7ce1c2244722bba0373ead6ae8d3 - - default default] 10.0.0.153 "GET /v2.0/security-groups?tenant_id=a8fa60c82ac44228880b07206a7cbea3&name=default HTTP/1.1" status: 200 len: 2996 time: 0.3380270
2026-05-26 06:56:12.730 9 INFO neutron.wsgi [None req-8e57a959-4244-49ef-a615-6eaa4951ae41 3c6fb54e20c0461a8bc4df49faf72a63 fed3e0da1ee44a1da12b1d435d343729 - - default default] 10.0.0.153 "POST /v2.0/ports HTTP/1.1" status: 201 len: 976 time: 0.4649880 /var/lib/openstack/lib/python3.10/site-packages/pycadf/identifier.py:71: UserWarning: Invalid uuid: neutron. To ensure interoperability, identifiers should be a valid uuid. warnings.warn(('Invalid uuid: %s. To ensure interoperability, '
2026-05-26 06:56:13.015 10 WARNING neutron.scheduler.dhcp_agent_scheduler [None req-adf06e78-2c6b-4fe5-9e5d-c8e846c69ac4 a54bf13c601946c89fe14955a8b03a55 05ce491bd99a4c60aa02cbc6f472bdc4 - - default default] No more DHCP agents
2026-05-26 06:56:13.020 10 WARNING neutron.api.rpc.agentnotifiers.dhcp_rpc_agent_api [None req-adf06e78-2c6b-4fe5-9e5d-c8e846c69ac4 a54bf13c601946c89fe14955a8b03a55 05ce491bd99a4c60aa02cbc6f472bdc4 - - default default] Unable to schedule network d9594a67-1cd7-41f6-8b36-f586ba089326: no agents available; will retry on subsequent port and subnet creation events.
2026-05-26 06:56:13.027 10 INFO neutron.plugins.ml2.drivers.ovn.mech_driver.mech_driver [None req-e6a22b7b-ebf5-4e4f-b819-8ca87162508e - - - - - -] OVN reports status down for port: fbc6aef1-495b-4130-871b-e0de691c5565
2026-05-26 06:56:13.070 9 INFO neutron.wsgi [None req-5475d966-c236-4ffe-b017-d232095f4056 8d16257921214e02b42d32bfec1b919c 9e6d7ce1c2244722bba0373ead6ae8d3 - - default default] 10.0.0.153 "DELETE /v2.0/security-groups/ee695792-68bb-4fe8-943d-652560ceb3dd HTTP/1.1" status: 204 len: 168 time: 0.3370249
2026-05-26 06:56:13.079 9 INFO neutron.db.ovn_revision_numbers_db [None req-941f5a36-20dd-43a6-b4ef-bb015521d74e 3c6fb54e20c0461a8bc4df49faf72a63 fed3e0da1ee44a1da12b1d435d343729 - - default default] Successfully bumped revision number for resource fbc6aef1-495b-4130-871b-e0de691c5565 (type: ports) to 2
2026-05-26 06:56:13.092 9 INFO neutron.wsgi [None req-941f5a36-20dd-43a6-b4ef-bb015521d74e 3c6fb54e20c0461a8bc4df49faf72a63 fed3e0da1ee44a1da12b1d435d343729 - - default default] 10.0.0.153 "PUT /v2.0/ports/fbc6aef1-495b-4130-871b-e0de691c5565 HTTP/1.1" status: 200 len: 946 time: 0.3515096 /var/lib/openstack/lib/python3.10/site-packages/pycadf/identifier.py:71: UserWarning: Invalid uuid: neutron. To ensure interoperability, identifiers should be a valid uuid. warnings.warn(('Invalid uuid: %s. To ensure interoperability, '
2026-05-26 06:56:13.324 9 INFO neutron.wsgi [None req-c8e11bce-fae6-4540-8bfa-107dd4519e61 3c6fb54e20c0461a8bc4df49faf72a63 fed3e0da1ee44a1da12b1d435d343729 - - default default] 10.0.0.153 "DELETE /v2.0/ports/fbc6aef1-495b-4130-871b-e0de691c5565 HTTP/1.1" status: 204 len: 168 time: 0.2276869
2026-05-26 06:56:13.422 9 INFO neutron.wsgi [None req-822ad0aa-f176-4c78-a84c-b1bf1dc39de1 3c6fb54e20c0461a8bc4df49faf72a63 fed3e0da1ee44a1da12b1d435d343729 - - default default] 10.0.0.153 "GET /v2.0/ports HTTP/1.1" status: 200 len: 1732 time: 0.0931325
2026-05-26 06:56:13.443 9 INFO neutron.pecan_wsgi.hooks.translation [None req-13aaaaca-8ef9-42e3-b23e-d0b13a9452c7 3c6fb54e20c0461a8bc4df49faf72a63 fed3e0da1ee44a1da12b1d435d343729 - - default default] GET failed (client error): The resource could not be found.
2026-05-26 06:56:13.445 9 INFO neutron.wsgi [None req-13aaaaca-8ef9-42e3-b23e-d0b13a9452c7 3c6fb54e20c0461a8bc4df49faf72a63 fed3e0da1ee44a1da12b1d435d343729 - - default default] 10.0.0.153 "GET /v2.0/ports/fbc6aef1-495b-4130-871b-e0de691c5565 HTTP/1.1" status: 404 len: 333 time: 0.0183899
2026-05-26 06:56:13.497 9 INFO neutron.wsgi [None req-f972f7ac-df47-4f9b-b8af-845f5fe90dc6 3c6fb54e20c0461a8bc4df49faf72a63 fed3e0da1ee44a1da12b1d435d343729 - - default default] 10.0.0.153 "GET /v2.0/ports HTTP/1.1" status: 200 len: 1732 time: 0.0443072
2026-05-26 06:56:13.527 10 INFO neutron.db.ovn_revision_numbers_db [None req-adf06e78-2c6b-4fe5-9e5d-c8e846c69ac4 a54bf13c601946c89fe14955a8b03a55 05ce491bd99a4c60aa02cbc6f472bdc4 - - default default] Successfully bumped revision number for resource 1035e6e4-20ee-4bde-a96d-10556b9b69d9 (type: ports) to 2
2026-05-26 06:56:13.557 9 INFO neutron.wsgi [None req-a1052df8-1bb8-4318-a256-f58bf47487f4 3c6fb54e20c0461a8bc4df49faf72a63 fed3e0da1ee44a1da12b1d435d343729 - - default default] 10.0.0.153 "GET /v2.0/ports/a750be69-f249-4038-be13-8d1e12e9f5fd HTTP/1.1" status: 200 len: 972 time: 0.0480471
2026-05-26 06:56:13.571 10 INFO neutron.db.ovn_revision_numbers_db [None req-adf06e78-2c6b-4fe5-9e5d-c8e846c69ac4 a54bf13c601946c89fe14955a8b03a55 05ce491bd99a4c60aa02cbc6f472bdc4 - - default default] Successfully bumped revision number for resource 5aaa57ef-cf65-424d-ac45-9c6e74f38bed (type: subnets) to 0
2026-05-26 06:56:13.591 10 INFO neutron.wsgi [None req-adf06e78-2c6b-4fe5-9e5d-c8e846c69ac4 a54bf13c601946c89fe14955a8b03a55 05ce491bd99a4c60aa02cbc6f472bdc4 - - default default] 10.0.0.153 "POST /v2.0/subnets HTTP/1.1" status: 201 len: 816 time: 1.0523117
2026-05-26 06:56:13.596 9 INFO neutron.pecan_wsgi.hooks.translation [None req-3c69a806-e440-4293-927a-ff60c0339496 3c6fb54e20c0461a8bc4df49faf72a63 fed3e0da1ee44a1da12b1d435d343729 - - default default] DELETE failed (client error): The resource could not be found.
2026-05-26 06:56:13.599 9 INFO neutron.wsgi [None req-3c69a806-e440-4293-927a-ff60c0339496 3c6fb54e20c0461a8bc4df49faf72a63 fed3e0da1ee44a1da12b1d435d343729 - - default default] 10.0.0.153 "DELETE /v2.0/ports/0a9c4f48-ecc9-459f-9708-690c31782322 HTTP/1.1" status: 404 len: 333 time: 0.0228093
2026-05-26 06:56:13.603 10 WARNING neutron_lib.context [None req-ced11760-96af-44f5-b0d1-f1d4f3abec49 a54bf13c601946c89fe14955a8b03a55 05ce491bd99a4c60aa02cbc6f472bdc4 - - default default] Method 'is_advsvc' is deprecated since 2023.2 release (neutron-lib 3.8.0) and will be removed once support for the old RBAC API policies will be removed from Neutron. Please use method 'is_service_role' instead.
2026-05-26 06:56:13.621 9 INFO neutron.pecan_wsgi.hooks.translation [None req-6b0e9a50-7752-430f-a883-367d62da8a3b 3c6fb54e20c0461a8bc4df49faf72a63 fed3e0da1ee44a1da12b1d435d343729 - - default default] DELETE failed (client error): The resource could not be found.
2026-05-26 06:56:13.624 9 INFO neutron.wsgi [None req-6b0e9a50-7752-430f-a883-367d62da8a3b 3c6fb54e20c0461a8bc4df49faf72a63 fed3e0da1ee44a1da12b1d435d343729 - - default default] 10.0.0.153 "DELETE /v2.0/subnets/a20bd392-b28b-4c77-961f-98d8dfde84e1 HTTP/1.1" status: 404 len: 337 time: 0.0197568
2026-05-26 06:56:13.649 10 INFO neutron.pecan_wsgi.hooks.translation [None req-a5469cb0-68ea-4b8f-a10e-1ff22d57f1f8 3c6fb54e20c0461a8bc4df49faf72a63 fed3e0da1ee44a1da12b1d435d343729 - - default default] DELETE failed (client error): The resource could not be found.
2026-05-26 06:56:13.652 10 INFO neutron.wsgi [None req-a5469cb0-68ea-4b8f-a10e-1ff22d57f1f8 3c6fb54e20c0461a8bc4df49faf72a63 fed3e0da1ee44a1da12b1d435d343729 - - default default] 10.0.0.153 "DELETE /v2.0/subnets/45cde0be-10ac-457b-90e4-9e5939090d51 HTTP/1.1" status: 404 len: 337 time: 0.0227687
2026-05-26 06:56:13.703 10 INFO neutron.db.segments_db [None req-ced11760-96af-44f5-b0d1-f1d4f3abec49 a54bf13c601946c89fe14955a8b03a55 05ce491bd99a4c60aa02cbc6f472bdc4 - - default default] Added segment f48ba9ad-bb28-4c0a-9b67-4e5f76e167f6 of type geneve for network 9f103d49-1790-4df7-ad4a-9877ad6662c4
2026-05-26 06:56:13.911 10 INFO neutron.db.ovn_revision_numbers_db [None req-ced11760-96af-44f5-b0d1-f1d4f3abec49 a54bf13c601946c89fe14955a8b03a55 05ce491bd99a4c60aa02cbc6f472bdc4 - - default default] Successfully bumped revision number for resource 9f103d49-1790-4df7-ad4a-9877ad6662c4 (type: networks) to 1
2026-05-26 06:56:14.018 10 INFO neutron.wsgi [None req-bc7b39b4-10db-4f1b-a5c0-cee74df3edec 3c6fb54e20c0461a8bc4df49faf72a63 fed3e0da1ee44a1da12b1d435d343729 - - default default] 10.0.0.153 "DELETE /v2.0/ports/a750be69-f249-4038-be13-8d1e12e9f5fd HTTP/1.1" status: 204 len: 168 time: 0.3614726
2026-05-26 06:56:14.150 10 WARNING neutron.scheduler.dhcp_agent_scheduler [None req-ced11760-96af-44f5-b0d1-f1d4f3abec49 a54bf13c601946c89fe14955a8b03a55 05ce491bd99a4c60aa02cbc6f472bdc4 - - default default] No more DHCP agents
2026-05-26 06:56:14.153 10 WARNING neutron.api.rpc.agentnotifiers.dhcp_rpc_agent_api [None req-ced11760-96af-44f5-b0d1-f1d4f3abec49 a54bf13c601946c89fe14955a8b03a55 05ce491bd99a4c60aa02cbc6f472bdc4 - - default default] Unable to schedule network 9f103d49-1790-4df7-ad4a-9877ad6662c4: no agents available; will retry on subsequent port and subnet creation events.
2026-05-26 06:56:14.260 10 INFO neutron.db.ovn_revision_numbers_db [None req-ced11760-96af-44f5-b0d1-f1d4f3abec49 a54bf13c601946c89fe14955a8b03a55 05ce491bd99a4c60aa02cbc6f472bdc4 - - default default] Successfully bumped revision number for resource ea9f8fce-5d5a-40ac-af98-4419765755b3 (type: ports) to 1
2026-05-26 06:56:14.285 10 INFO neutron.wsgi [None req-ced11760-96af-44f5-b0d1-f1d4f3abec49 a54bf13c601946c89fe14955a8b03a55 05ce491bd99a4c60aa02cbc6f472bdc4 - - default default] 10.0.0.153 "POST /v2.0/networks HTTP/1.1" status: 201 len: 842 time: 0.6869924
2026-05-26 06:56:14.427 9 INFO neutron.services.segments.plugin [-] Segment 1080d776-6010-4e5e-8063-f3178cd2dc15 resource provider aggregate not found
2026-05-26 06:56:14.434 9 INFO neutron.services.segments.plugin [-] Segment 1080d776-6010-4e5e-8063-f3178cd2dc15 resource provider aggregate not found
2026-05-26 06:56:14.446 9 INFO neutron.services.segments.plugin [-] Segment 1080d776-6010-4e5e-8063-f3178cd2dc15 resource provider not found; error: Placement Client Error (4xx): {"errors": [{"status": 404, "title": "Not Found", "detail": "The resource could not be found.\n\n No resource provider with uuid 1080d776-6010-4e5e-8063-f3178cd2dc15 found for delete ", "request_id": "req-8bd892e5-7cfd-4a32-9ca9-df49d0ddbf28"}]}
2026-05-26 06:56:14.454 9 INFO neutron.services.segments.plugin [-] Segment 1080d776-6010-4e5e-8063-f3178cd2dc15 resource provider not found; error: Placement Client Error (4xx): {"errors": [{"status": 404, "title": "Not Found", "detail": "The resource could not be found.\n\n No resource provider with uuid 1080d776-6010-4e5e-8063-f3178cd2dc15 found for delete ", "request_id": "req-db44dfe1-864e-448d-a189-11effe9b56cb"}]}
2026-05-26 06:56:14.483 9 INFO neutron.wsgi [None req-a89e702f-73e5-437c-98dc-172177f79320 3c6fb54e20c0461a8bc4df49faf72a63 fed3e0da1ee44a1da12b1d435d343729 - - default default] 10.0.0.153 "DELETE /v2.0/networks/a0f4257c-e6e7-48c1-b7b3-ae583ac0d247 HTTP/1.1" status: 204 len: 168 time: 0.4585054
2026-05-26 06:56:14.539 9 INFO neutron.db.ovn_revision_numbers_db [None req-c15cdde0-3055-4165-95da-91444e5d2633 a54bf13c601946c89fe14955a8b03a55 05ce491bd99a4c60aa02cbc6f472bdc4 - - default default] Successfully bumped revision number for resource 9f103d49-1790-4df7-ad4a-9877ad6662c4 (type: networks) to 2
2026-05-26 06:56:14.545 9 INFO neutron.wsgi [None req-c15cdde0-3055-4165-95da-91444e5d2633 a54bf13c601946c89fe14955a8b03a55 05ce491bd99a4c60aa02cbc6f472bdc4 - - default default] 10.0.0.153 "PUT /v2.0/networks/9f103d49-1790-4df7-ad4a-9877ad6662c4 HTTP/1.1" status: 200 len: 792 time: 0.2551515
2026-05-26 06:56:14.555 9 WARNING neutron_lib.context [None req-75a66286-dd48-4342-853b-65c9e4f787a6 a54bf13c601946c89fe14955a8b03a55 05ce491bd99a4c60aa02cbc6f472bdc4 - - default default] Method 'is_advsvc' is deprecated since 2023.2 release (neutron-lib 3.8.0) and will be removed once support for the old RBAC API policies will be removed from Neutron. Please use method 'is_service_role' instead.
2026-05-26 06:56:14.788 9 WARNING neutron.scheduler.dhcp_agent_scheduler [None req-75a66286-dd48-4342-853b-65c9e4f787a6 a54bf13c601946c89fe14955a8b03a55 05ce491bd99a4c60aa02cbc6f472bdc4 - - default default] No more DHCP agents
2026-05-26 06:56:14.790 9 WARNING neutron.api.rpc.agentnotifiers.dhcp_rpc_agent_api [None req-75a66286-dd48-4342-853b-65c9e4f787a6 a54bf13c601946c89fe14955a8b03a55 05ce491bd99a4c60aa02cbc6f472bdc4 - - default default] Unable to schedule network 9f103d49-1790-4df7-ad4a-9877ad6662c4: no agents available; will retry on subsequent port and subnet creation events.
2026-05-26 06:56:15.196 10 INFO neutron.wsgi [None req-7021503d-9d00-4c67-9ef7-bdc8c6000f65 8d16257921214e02b42d32bfec1b919c 9e6d7ce1c2244722bba0373ead6ae8d3 - - default default] 10.0.0.153 "GET /v2.0/security-groups?tenant_id=fed3e0da1ee44a1da12b1d435d343729&name=default HTTP/1.1" status: 200 len: 2996 time: 0.2036083
2026-05-26 06:56:15.390 10 INFO neutron.wsgi [None req-970a0833-a123-4643-842d-785b673c470e 8d16257921214e02b42d32bfec1b919c 9e6d7ce1c2244722bba0373ead6ae8d3 - - default default] 10.0.0.153 "DELETE /v2.0/security-groups/dbb9a482-f665-463d-843a-3a9823856dfd HTTP/1.1" status: 204 len: 168 time: 0.1865082
2026-05-26 06:56:15.476 9 INFO neutron.db.ovn_revision_numbers_db [None req-291e67ca-d2f6-4858-b235-2e2991ef5dc7 8d16257921214e02b42d32bfec1b919c 9e6d7ce1c2244722bba0373ead6ae8d3 - - default default] Successfully bumped revision number for resource 4f27584b-f09e-4f72-802b-632f23d3cc12 (type: security_groups) to 1
2026-05-26 06:56:15.506 9 INFO neutron.db.ovn_revision_numbers_db [None req-291e67ca-d2f6-4858-b235-2e2991ef5dc7 8d16257921214e02b42d32bfec1b919c 9e6d7ce1c2244722bba0373ead6ae8d3 - - default default] Successfully bumped revision number for resource 1046dac2-e381-4eeb-a5f5-1ad4ba4a5dd5 (type: security_group_rules) to 0
2026-05-26 06:56:15.531 9 INFO neutron.db.ovn_revision_numbers_db [None req-291e67ca-d2f6-4858-b235-2e2991ef5dc7 8d16257921214e02b42d32bfec1b919c 9e6d7ce1c2244722bba0373ead6ae8d3 - - default default] Successfully bumped revision number for resource 196b0bb1-5358-4e83-a7ec-be4822221b8e (type: security_group_rules) to 0
2026-05-26 06:56:15.557 9 INFO neutron.db.ovn_revision_numbers_db [None req-291e67ca-d2f6-4858-b235-2e2991ef5dc7 8d16257921214e02b42d32bfec1b919c 9e6d7ce1c2244722bba0373ead6ae8d3 - - default default] Successfully bumped revision number for resource 217abb5f-2fc2-4c14-9300-14fc790accfe (type: security_group_rules) to 0
2026-05-26 06:56:15.578 9 INFO neutron.db.ovn_revision_numbers_db [None req-291e67ca-d2f6-4858-b235-2e2991ef5dc7 8d16257921214e02b42d32bfec1b919c 9e6d7ce1c2244722bba0373ead6ae8d3 - - default default] Successfully bumped revision number for resource f0249fa8-8092-40a7-aa79-3384e879527e (type: security_group_rules) to 0
2026-05-26 06:56:15.609 9 INFO neutron.wsgi [None req-291e67ca-d2f6-4858-b235-2e2991ef5dc7 8d16257921214e02b42d32bfec1b919c 9e6d7ce1c2244722bba0373ead6ae8d3 - - default default] 10.0.0.153 "GET /v2.0/security-groups?tenant_id=ee7b4b7f26774ea9a7e7e964676ceb29&name=default HTTP/1.1" status: 200 len: 2996 time: 0.3685360
2026-05-26 06:56:15.637 9 INFO neutron.db.ovn_revision_numbers_db [None req-75a66286-dd48-4342-853b-65c9e4f787a6 a54bf13c601946c89fe14955a8b03a55 05ce491bd99a4c60aa02cbc6f472bdc4 - - default default] Successfully bumped revision number for resource ea9f8fce-5d5a-40ac-af98-4419765755b3 (type: ports) to 2
2026-05-26 06:56:15.668 9 INFO neutron.db.ovn_revision_numbers_db [None req-75a66286-dd48-4342-853b-65c9e4f787a6 a54bf13c601946c89fe14955a8b03a55 05ce491bd99a4c60aa02cbc6f472bdc4 - - default default] Successfully bumped revision number for resource 9b8eb8fc-0462-4a8c-ba69-76724383e622 (type: subnets) to 0
2026-05-26 06:56:15.684 9 INFO neutron.wsgi [None req-75a66286-dd48-4342-853b-65c9e4f787a6 a54bf13c601946c89fe14955a8b03a55 05ce491bd99a4c60aa02cbc6f472bdc4 - - default default] 10.0.0.153 "POST /v2.0/subnets HTTP/1.1" status: 201 len: 801 time: 1.1347268
2026-05-26 06:56:15.825 10 INFO neutron.wsgi [None req-14349104-e341-4e10-8fb7-50874a6204f3 8d16257921214e02b42d32bfec1b919c 9e6d7ce1c2244722bba0373ead6ae8d3 - - default default] 10.0.0.153 "DELETE /v2.0/security-groups/4f27584b-f09e-4f72-802b-632f23d3cc12 HTTP/1.1" status: 204 len: 168 time: 0.2107863
2026-05-26 06:56:16.021 9 INFO neutron.db.ovn_revision_numbers_db [None req-894352e0-8ace-47b7-b73a-a926503e0177 a54bf13c601946c89fe14955a8b03a55 05ce491bd99a4c60aa02cbc6f472bdc4 - - default default] Successfully bumped revision number for resource 9b8eb8fc-0462-4a8c-ba69-76724383e622 (type: subnets) to 1
2026-05-26 06:56:16.025 9 INFO neutron.wsgi [None req-894352e0-8ace-47b7-b73a-a926503e0177 a54bf13c601946c89fe14955a8b03a55 05ce491bd99a4c60aa02cbc6f472bdc4 - - default default] 10.0.0.153 "PUT /v2.0/subnets/9b8eb8fc-0462-4a8c-ba69-76724383e622 HTTP/1.1" status: 200 len: 806 time: 0.3349524
2026-05-26 06:56:16.570 9 INFO neutron.services.segments.plugin [-] Segment f48ba9ad-bb28-4c0a-9b67-4e5f76e167f6 resource provider aggregate not found
2026-05-26 06:56:16.588 9 INFO neutron.services.segments.plugin [-] Segment f48ba9ad-bb28-4c0a-9b67-4e5f76e167f6 resource provider aggregate not found
2026-05-26 06:56:16.599 9 INFO neutron.services.segments.plugin [-] Segment f48ba9ad-bb28-4c0a-9b67-4e5f76e167f6 resource provider not found; error: Placement Client Error (4xx): {"errors": [{"status": 404, "title": "Not Found", "detail": "The resource could not be found.\n\n No resource provider with uuid f48ba9ad-bb28-4c0a-9b67-4e5f76e167f6 found for delete ", "request_id": "req-d2fe1d55-c994-42e3-b4b9-e5ea2a6cc061"}]}
2026-05-26 06:56:16.606 9 INFO neutron.services.segments.plugin [-] Segment f48ba9ad-bb28-4c0a-9b67-4e5f76e167f6 resource provider not found; error: Placement Client Error (4xx): {"errors": [{"status": 404, "title": "Not Found", "detail": "The resource could not be found.\n\n No resource provider with uuid f48ba9ad-bb28-4c0a-9b67-4e5f76e167f6 found for delete ", "request_id": "req-ce87b85b-3838-4f3a-ae00-b348d0470216"}]}
2026-05-26 06:56:16.626 9 INFO neutron.wsgi [None req-7f13f7c8-0c25-4bed-b15d-170e804fe3b0 a54bf13c601946c89fe14955a8b03a55 05ce491bd99a4c60aa02cbc6f472bdc4 - - default default] 10.0.0.153 "DELETE /v2.0/networks/9f103d49-1790-4df7-ad4a-9877ad6662c4 HTTP/1.1" status: 204 len: 168 time: 0.5954280
2026-05-26 06:56:16.650 10 INFO neutron.pecan_wsgi.hooks.translation [None req-5d538236-7494-4f8f-a87e-bb9a0e98a173 a54bf13c601946c89fe14955a8b03a55 05ce491bd99a4c60aa02cbc6f472bdc4 - - default default] DELETE failed (client error): The resource could not be found.
2026-05-26 06:56:16.652 10 INFO neutron.wsgi [None req-5d538236-7494-4f8f-a87e-bb9a0e98a173 a54bf13c601946c89fe14955a8b03a55 05ce491bd99a4c60aa02cbc6f472bdc4 - - default default] 10.0.0.153 "DELETE /v2.0/networks/9f103d49-1790-4df7-ad4a-9877ad6662c4 HTTP/1.1" status: 404 len: 339 time: 0.0196836
2026-05-26 06:56:16.764 10 INFO neutron.wsgi [None req-e2de9a3f-ecbd-42eb-9a7f-238aac22526d a54bf13c601946c89fe14955a8b03a55 05ce491bd99a4c60aa02cbc6f472bdc4 - - default default] 10.0.0.153 "GET /v2.0/networks?router%3Aexternal=True HTTP/1.1" status: 200 len: 845 time: 0.1039381
2026-05-26 06:56:16.806 10 INFO neutron.wsgi [None req-831254b8-51b5-412a-89c3-112ab5dac971 a54bf13c601946c89fe14955a8b03a55 05ce491bd99a4c60aa02cbc6f472bdc4 - - default default] 10.0.0.153 "GET /v2.0/subnets?network_id=3fa49f1f-41e2-4630-986f-3a5b3c2699c7 HTTP/1.1" status: 200 len: 820 time: 0.0359776
2026-05-26 06:56:16.818 10 INFO neutron.wsgi [None req-836a3dcf-5e9a-4eb1-b8eb-f7c70e6ca8af a54bf13c601946c89fe14955a8b03a55 05ce491bd99a4c60aa02cbc6f472bdc4 - - default default] 10.0.0.153 "GET /v2.0/extensions HTTP/1.1" status: 200 len: 16975 time: 0.0055890
2026-05-26 06:56:16.939 10 INFO neutron.wsgi [None req-7535d4f9-1d4e-44ae-9a7e-030b27c368c0 a54bf13c601946c89fe14955a8b03a55 05ce491bd99a4c60aa02cbc6f472bdc4 - - default default] 10.0.0.153 "GET /v2.0/networks HTTP/1.1" status: 200 len: 1503 time: 0.1144392
2026-05-26 06:56:16.982 10 INFO neutron.wsgi [None req-19a38a42-4632-48e0-9425-97aadcd8c616 a54bf13c601946c89fe14955a8b03a55 05ce491bd99a4c60aa02cbc6f472bdc4 - - default default] 10.0.0.153 "GET /v2.0/subnets HTTP/1.1" status: 200 len: 1428 time: 0.0381083
2026-05-26 06:56:17.055 10 INFO neutron.wsgi [None req-aa87fa9d-545c-4666-9425-c8272543bc08 a54bf13c601946c89fe14955a8b03a55 05ce491bd99a4c60aa02cbc6f472bdc4 - - default default] 10.0.0.153 "GET /v2.0/networks/d9594a67-1cd7-41f6-8b36-f586ba089326 HTTP/1.1" status: 200 len: 862 time: 0.0670185
2026-05-26 06:56:17.103 10 INFO neutron.wsgi [None req-8a3532e5-3a5c-42cf-840b-9669f81530b7 a54bf13c601946c89fe14955a8b03a55 05ce491bd99a4c60aa02cbc6f472bdc4 - - default default] 10.0.0.153 "GET /v2.0/subnets/5aaa57ef-cf65-424d-ac45-9c6e74f38bed HTTP/1.1" status: 200 len: 811 time: 0.0415864
2026-05-26 06:56:17.121 10 INFO neutron.pecan_wsgi.hooks.translation [None req-f45e26b8-b3c0-4963-85db-4f936a012512 a54bf13c601946c89fe14955a8b03a55 05ce491bd99a4c60aa02cbc6f472bdc4 - - default default] DELETE failed (client error): The resource could not be found.
2026-05-26 06:56:17.123 10 INFO neutron.wsgi [None req-f45e26b8-b3c0-4963-85db-4f936a012512 a54bf13c601946c89fe14955a8b03a55 05ce491bd99a4c60aa02cbc6f472bdc4 - - default default] 10.0.0.153 "DELETE /v2.0/subnets/9b8eb8fc-0462-4a8c-ba69-76724383e622 HTTP/1.1" status: 404 len: 337 time: 0.0154812
2026-05-26 06:56:17.138 10 INFO neutron.pecan_wsgi.hooks.translation [None req-b89e71e5-2538-4055-975f-c303f123491c a54bf13c601946c89fe14955a8b03a55 05ce491bd99a4c60aa02cbc6f472bdc4 - - default default] DELETE failed (client error): The resource could not be found.
2026-05-26 06:56:17.141 10 INFO neutron.wsgi [None req-b89e71e5-2538-4055-975f-c303f123491c a54bf13c601946c89fe14955a8b03a55 05ce491bd99a4c60aa02cbc6f472bdc4 - - default default] 10.0.0.153 "DELETE /v2.0/networks/9f103d49-1790-4df7-ad4a-9877ad6662c4 HTTP/1.1" status: 404 len: 339 time: 0.0149994
2026-05-26 06:56:17.346 9 INFO neutron.wsgi [None req-5f3fad84-306f-4b41-bee1-aa5e71ee3bec a54bf13c601946c89fe14955a8b03a55 05ce491bd99a4c60aa02cbc6f472bdc4 - - default default] 10.0.0.153 "DELETE /v2.0/subnets/5aaa57ef-cf65-424d-ac45-9c6e74f38bed HTTP/1.1" status: 204 len: 168 time: 0.2014902
2026-05-26 06:56:17.476 10 WARNING neutron_lib.context [None req-daff9fb2-3008-408c-89f7-e850545adc01 7d4353937b82422abed05ced57031a11 7c6f782540104cbaa0b0065872988c59 - - default default] Method 'is_advsvc' is deprecated since 2023.2 release (neutron-lib 3.8.0) and will be removed once support for the old RBAC API policies will be removed from Neutron. Please use method 'is_service_role' instead.
2026-05-26 06:56:17.652 10 INFO neutron.db.ovn_revision_numbers_db [None req-daff9fb2-3008-408c-89f7-e850545adc01 7d4353937b82422abed05ced57031a11 7c6f782540104cbaa0b0065872988c59 - - default default] Successfully bumped revision number for resource 97c35604-26e6-422a-93f7-e71011e4370f (type: security_groups) to 1
2026-05-26 06:56:17.673 10 INFO neutron.db.ovn_revision_numbers_db [None req-daff9fb2-3008-408c-89f7-e850545adc01 7d4353937b82422abed05ced57031a11 7c6f782540104cbaa0b0065872988c59 - - default default] Successfully bumped revision number for resource 25a726e6-4e68-40bb-b6b1-1bbdbc64fdbb (type: security_group_rules) to 0
2026-05-26 06:56:17.686 10 INFO neutron.db.ovn_revision_numbers_db [None req-daff9fb2-3008-408c-89f7-e850545adc01 7d4353937b82422abed05ced57031a11 7c6f782540104cbaa0b0065872988c59 - - default default] Successfully bumped revision number for resource 2cb29b32-1165-4439-98bf-b57d4f9fba2d (type: security_group_rules) to 0
2026-05-26 06:56:17.703 10 INFO neutron.db.ovn_revision_numbers_db [None req-daff9fb2-3008-408c-89f7-e850545adc01 7d4353937b82422abed05ced57031a11 7c6f782540104cbaa0b0065872988c59 - - default default] Successfully bumped revision number for resource 6a09925b-f553-48ca-8fe3-4b0ac05893b6 (type: security_group_rules) to 0
2026-05-26 06:56:17.720 10 INFO neutron.db.ovn_revision_numbers_db [None req-daff9fb2-3008-408c-89f7-e850545adc01 7d4353937b82422abed05ced57031a11 7c6f782540104cbaa0b0065872988c59 - - default default] Successfully bumped revision number for resource aa583457-d496-4059-831e-4572b0c2979b (type: security_group_rules) to 0
2026-05-26 06:56:17.745 9 INFO neutron.wsgi [None req-e48a1237-08ee-4e42-8061-0c05a7711e18 a54bf13c601946c89fe14955a8b03a55 05ce491bd99a4c60aa02cbc6f472bdc4 - - default default] 10.0.0.153 "DELETE /v2.0/networks/d9594a67-1cd7-41f6-8b36-f586ba089326 HTTP/1.1" status: 204 len: 168 time: 0.3930016
2026-05-26 06:56:17.782 10 INFO neutron.db.segments_db [None req-daff9fb2-3008-408c-89f7-e850545adc01 7d4353937b82422abed05ced57031a11 7c6f782540104cbaa0b0065872988c59 - - default default] Added segment 4ee4e576-d24f-46dc-90d6-3f0a50ce1c64 of type geneve for network 540a46d7-1c62-453e-ada4-db2038ddcf4f
2026-05-26 06:56:17.959 10 INFO neutron.db.ovn_revision_numbers_db [None req-daff9fb2-3008-408c-89f7-e850545adc01 7d4353937b82422abed05ced57031a11 7c6f782540104cbaa0b0065872988c59 - - default default] Successfully bumped revision number for resource 540a46d7-1c62-453e-ada4-db2038ddcf4f (type: networks) to 1
2026-05-26 06:56:18.136 10 WARNING neutron.scheduler.dhcp_agent_scheduler [None req-daff9fb2-3008-408c-89f7-e850545adc01 7d4353937b82422abed05ced57031a11 7c6f782540104cbaa0b0065872988c59 - - default default] No more DHCP agents
2026-05-26 06:56:18.140 10 WARNING neutron.api.rpc.agentnotifiers.dhcp_rpc_agent_api [None req-daff9fb2-3008-408c-89f7-e850545adc01 7d4353937b82422abed05ced57031a11 7c6f782540104cbaa0b0065872988c59 - - default default] Unable to schedule network 540a46d7-1c62-453e-ada4-db2038ddcf4f: no agents available; will retry on subsequent port and subnet creation events.
2026-05-26 06:56:18.188 9 INFO neutron.db.ovn_revision_numbers_db [None req-abeb3dd0-42cb-46a5-a9a4-1758d593f43b 8d16257921214e02b42d32bfec1b919c 9e6d7ce1c2244722bba0373ead6ae8d3 - - default default] Successfully bumped revision number for resource cffc69cc-1ff7-4b66-bde3-d48f4aa8361d (type: security_groups) to 1
2026-05-26 06:56:18.205 9 INFO neutron.db.ovn_revision_numbers_db [None req-abeb3dd0-42cb-46a5-a9a4-1758d593f43b 8d16257921214e02b42d32bfec1b919c 9e6d7ce1c2244722bba0373ead6ae8d3 - - default default] Successfully bumped revision number for resource 5e6ed418-ad0d-46e1-8020-09435701860e (type: security_group_rules) to 0
2026-05-26 06:56:18.219 9 INFO neutron.db.ovn_revision_numbers_db [None req-abeb3dd0-42cb-46a5-a9a4-1758d593f43b 8d16257921214e02b42d32bfec1b919c 9e6d7ce1c2244722bba0373ead6ae8d3 - - default default] Successfully bumped revision number for resource 8321533c-faac-426c-929a-9cb6f3093854 (type: security_group_rules) to 0
2026-05-26 06:56:18.231 10 INFO neutron.db.ovn_revision_numbers_db [None req-daff9fb2-3008-408c-89f7-e850545adc01 7d4353937b82422abed05ced57031a11 7c6f782540104cbaa0b0065872988c59 - - default default] Successfully bumped revision number for resource 03d72656-9924-4f8b-864a-35313f777a1a (type: ports) to 1
2026-05-26 06:56:18.232 9 INFO neutron.db.ovn_revision_numbers_db [None req-abeb3dd0-42cb-46a5-a9a4-1758d593f43b 8d16257921214e02b42d32bfec1b919c 9e6d7ce1c2244722bba0373ead6ae8d3 - - default default] Successfully bumped revision number for resource 833a8232-5944-448e-8af9-7b87eea39749 (type: security_group_rules) to 0
2026-05-26 06:56:18.245 9 INFO neutron.db.ovn_revision_numbers_db [None req-abeb3dd0-42cb-46a5-a9a4-1758d593f43b 8d16257921214e02b42d32bfec1b919c 9e6d7ce1c2244722bba0373ead6ae8d3 - - default default] Successfully bumped revision number for resource bbd81d1f-ed8a-4335-a97e-4e89d1da7668 (type: security_group_rules) to 0
2026-05-26 06:56:18.251 10 INFO neutron.wsgi [None req-daff9fb2-3008-408c-89f7-e850545adc01 7d4353937b82422abed05ced57031a11 7c6f782540104cbaa0b0065872988c59 - - default default] 10.0.0.153 "POST /v2.0/networks HTTP/1.1" status: 201 len: 844 time: 0.8793573
2026-05-26 06:56:18.260 10 WARNING neutron_lib.context [None req-78a74c9f-f1a4-44cd-bca0-e1404ca1eaf5 7d4353937b82422abed05ced57031a11 7c6f782540104cbaa0b0065872988c59 - - default default] Method 'is_advsvc' is deprecated since 2023.2 release (neutron-lib 3.8.0) and will be removed once support for the old RBAC API policies will be removed from Neutron. Please use method 'is_service_role' instead.
2026-05-26 06:56:18.299 9 INFO neutron.db.segments_db [None req-abeb3dd0-42cb-46a5-a9a4-1758d593f43b 8d16257921214e02b42d32bfec1b919c 9e6d7ce1c2244722bba0373ead6ae8d3 - - default default] Added segment ccc70f44-6a8e-4321-bd59-4c574a9c35d9 of type geneve for network aa1b62b9-8fcb-4342-910b-a8c3b999dbd3
2026-05-26 06:56:18.434 10 INFO neutron.wsgi [None req-d72652ee-702d-48a0-af3b-80894b2bee8a 8d16257921214e02b42d32bfec1b919c 9e6d7ce1c2244722bba0373ead6ae8d3 - - default default] 10.0.0.153 "GET /v2.0/security-groups?tenant_id=05ce491bd99a4c60aa02cbc6f472bdc4&name=default HTTP/1.1" status: 200 len: 2996 time: 0.1614721
2026-05-26 06:56:18.438 9 INFO neutron.db.ovn_revision_numbers_db [None req-abeb3dd0-42cb-46a5-a9a4-1758d593f43b 8d16257921214e02b42d32bfec1b919c 9e6d7ce1c2244722bba0373ead6ae8d3 - - default default] Successfully bumped revision number for resource aa1b62b9-8fcb-4342-910b-a8c3b999dbd3 (type: networks) to 1
2026-05-26 06:56:18.522 10 WARNING neutron.scheduler.dhcp_agent_scheduler [None req-78a74c9f-f1a4-44cd-bca0-e1404ca1eaf5 7d4353937b82422abed05ced57031a11 7c6f782540104cbaa0b0065872988c59 - - default default] No more DHCP agents
