2026-05-26 06:57:49.111 10 INFO neutron.db.ovn_revision_numbers_db [None req-1d29eb69-83d0-4687-a79b-a3e2c51c9786 ff2f3b6680f54ad9862ea567caf5e4fd a3381da8c3b744e19154fa91c8b2c415 - - default default] Successfully bumped revision number for resource 5a3dc1c9-cb53-46cd-b643-c88eb18cb1aa (type: subnets) to 0
2026-05-26 06:57:49.136 10 INFO neutron.wsgi [None req-1d29eb69-83d0-4687-a79b-a3e2c51c9786 ff2f3b6680f54ad9862ea567caf5e4fd a3381da8c3b744e19154fa91c8b2c415 - - default default] 10.0.0.153 "POST /v2.0/subnets HTTP/1.1" status: 201 len: 804 time: 1.2445068
2026-05-26 06:57:49.151 10 INFO neutron.wsgi [None req-8aae739a-48d3-4dd0-bc72-534f538785f5 0c95f73e50d944259ad3af2efa152fc6 a6e4f72cd4a64dfbb90f0309e93bbc71 - - default default] 10.0.0.153 "GET /v2.0/ports/d15a3255-8405-4eec-80c5-dae73b5b6368/tags/red HTTP/1.1" status: 204 len: 168 time: 0.0443201
2026-05-26 06:57:49.184 10 INFO neutron.api.v2.resource [None req-1fadde2f-663b-4d92-a2c3-5e7cd0f78018 0c95f73e50d944259ad3af2efa152fc6 a6e4f72cd4a64dfbb90f0309e93bbc71 - - default default] show failed (client error): The resource could not be found.
2026-05-26 06:57:49.186 10 INFO neutron.wsgi [None req-1fadde2f-663b-4d92-a2c3-5e7cd0f78018 0c95f73e50d944259ad3af2efa152fc6 a6e4f72cd4a64dfbb90f0309e93bbc71 - - default default] 10.0.0.153 "GET /v2.0/ports/d15a3255-8405-4eec-80c5-dae73b5b6368/tags/green HTTP/1.1" status: 404 len: 299 time: 0.0308430
2026-05-26 06:57:49.231 9 INFO neutron.wsgi [None req-1c96a76f-9caf-46d9-85ba-e609a8efd2e5 ff2f3b6680f54ad9862ea567caf5e4fd a3381da8c3b744e19154fa91c8b2c415 - - default default] 10.0.0.153 "PUT /v2.0/subnets/53829740-fb35-4e96-adec-f674928be409/tags HTTP/1.1" status: 200 len: 210 time: 0.0906157
2026-05-26 06:57:49.259 10 INFO neutron.wsgi [None req-8a5fae3d-e80d-481c-832c-12506cb311f6 0c95f73e50d944259ad3af2efa152fc6 a6e4f72cd4a64dfbb90f0309e93bbc71 - - default default] 10.0.0.153 "DELETE /v2.0/ports/d15a3255-8405-4eec-80c5-dae73b5b6368/tags/red HTTP/1.1" status: 204 len: 168 time: 0.0688276
2026-05-26 06:57:49.283 9 INFO neutron.wsgi [None req-addac60d-febc-4992-a1cb-ea035025e1c8 8d16257921214e02b42d32bfec1b919c 9e6d7ce1c2244722bba0373ead6ae8d3 - - default default] 10.0.0.153 "DELETE /v2.0/security-groups/3a208f0e-4ab9-433b-8b93-8674f0635a48 HTTP/1.1" status: 204 len: 168 time: 0.2495680
2026-05-26 06:57:49.300 10 INFO neutron.wsgi [None req-5ad6dfed-e47c-4cd8-afc2-1d3dec42f148 ff2f3b6680f54ad9862ea567caf5e4fd a3381da8c3b744e19154fa91c8b2c415 - - default default] 10.0.0.153 "PUT /v2.0/subnets/364058e3-bff4-4926-8428-750cd99f3a68/tags HTTP/1.1" status: 200 len: 218 time: 0.0643830
2026-05-26 06:57:49.302 9 INFO neutron.wsgi [None req-e0fdc3c3-dc98-428d-b65e-1841b66af52c 0c95f73e50d944259ad3af2efa152fc6 a6e4f72cd4a64dfbb90f0309e93bbc71 - - default default] 10.0.0.153 "GET /v2.0/ports/d15a3255-8405-4eec-80c5-dae73b5b6368/tags HTTP/1.1" status: 200 len: 223 time: 0.0365891
2026-05-26 06:57:49.343 10 INFO neutron.api.v2.resource [None req-4270acc7-1c6f-41c0-ab77-1e409a3b6517 0c95f73e50d944259ad3af2efa152fc6 a6e4f72cd4a64dfbb90f0309e93bbc71 - - default default] delete failed (client error): The resource could not be found.
2026-05-26 06:57:49.344 10 INFO neutron.wsgi [None req-4270acc7-1c6f-41c0-ab77-1e409a3b6517 0c95f73e50d944259ad3af2efa152fc6 a6e4f72cd4a64dfbb90f0309e93bbc71 - - default default] 10.0.0.153 "DELETE /v2.0/ports/d15a3255-8405-4eec-80c5-dae73b5b6368/tags/green HTTP/1.1" status: 404 len: 299 time: 0.0381687
2026-05-26 06:57:49.346 9 INFO neutron.wsgi [None req-7b06952d-b62a-419c-9ddb-4377ff2bc144 ff2f3b6680f54ad9862ea567caf5e4fd a3381da8c3b744e19154fa91c8b2c415 - - default default] 10.0.0.153 "PUT /v2.0/subnets/e566414a-f1c7-4817-bdf8-cbbca2844f7d/tags HTTP/1.1" status: 200 len: 227 time: 0.0416160
2026-05-26 06:57:49.399 9 INFO neutron.wsgi [None req-d79bf337-abd3-4d82-bf67-6ae39d393a4d ff2f3b6680f54ad9862ea567caf5e4fd a3381da8c3b744e19154fa91c8b2c415 - - default default] 10.0.0.153 "PUT /v2.0/subnets/442b3ad4-039c-4f6f-82ff-b8f403ea4796/tags HTTP/1.1" status: 200 len: 212 time: 0.0464725
2026-05-26 06:57:49.418 10 INFO neutron.wsgi [None req-cf7906f5-6f0c-48f0-bdea-de9fc873168b 0c95f73e50d944259ad3af2efa152fc6 a6e4f72cd4a64dfbb90f0309e93bbc71 - - default default] 10.0.0.153 "DELETE /v2.0/ports/d15a3255-8405-4eec-80c5-dae73b5b6368/tags HTTP/1.1" status: 204 len: 168 time: 0.0697014
2026-05-26 06:57:49.456 9 INFO neutron.wsgi [None req-cc81e229-caa3-4306-ad81-ebf1b29fe3ea ff2f3b6680f54ad9862ea567caf5e4fd a3381da8c3b744e19154fa91c8b2c415 - - default default] 10.0.0.153 "GET /v2.0/subnets?tags=red HTTP/1.1" status: 200 len: 2027 time: 0.0531352
2026-05-26 06:57:49.469 10 INFO neutron.wsgi [None req-f064cb30-9251-45a9-bcec-1f1677633304 0c95f73e50d944259ad3af2efa152fc6 a6e4f72cd4a64dfbb90f0309e93bbc71 - - default default] 10.0.0.153 "GET /v2.0/ports/d15a3255-8405-4eec-80c5-dae73b5b6368/tags HTTP/1.1" status: 200 len: 205 time: 0.0468771
2026-05-26 06:57:49.524 9 INFO neutron.wsgi [None req-f855ce65-1d41-4db9-80ac-d89d7d58a248 ff2f3b6680f54ad9862ea567caf5e4fd a3381da8c3b744e19154fa91c8b2c415 - - default default] 10.0.0.153 "GET /v2.0/subnets?tags=red%2Cblue HTTP/1.1" status: 200 len: 1430 time: 0.0618160
2026-05-26 06:57:49.578 9 INFO neutron.wsgi [None req-92e291ed-5576-4b5b-b00a-d2cfac4d6ba7 ff2f3b6680f54ad9862ea567caf5e4fd a3381da8c3b744e19154fa91c8b2c415 - - default default] 10.0.0.153 "GET /v2.0/subnets?tags-any=blue HTTP/1.1" status: 200 len: 1430 time: 0.0492365
2026-05-26 06:57:49.622 9 INFO neutron.wsgi [None req-c8772824-9e2e-462f-b6ba-cbb620ea22ea ff2f3b6680f54ad9862ea567caf5e4fd a3381da8c3b744e19154fa91c8b2c415 - - default default] 10.0.0.153 "GET /v2.0/subnets?tags-any=red%2Cblue HTTP/1.1" status: 200 len: 2027 time: 0.0391152
2026-05-26 06:57:49.635 9 INFO neutron.wsgi [-] 10.0.0.162 "GET / HTTP/1.1" status: 200 len: 246 time: 0.0013998
2026-05-26 06:57:49.636 9 INFO neutron.wsgi [-] 10.0.0.162 "GET / HTTP/1.1" status: 200 len: 246 time: 0.0012500
2026-05-26 06:57:49.688 9 INFO neutron.wsgi [None req-a463819a-1143-4ff6-8d46-736392c69880 ff2f3b6680f54ad9862ea567caf5e4fd a3381da8c3b744e19154fa91c8b2c415 - - default default] 10.0.0.153 "GET /v2.0/subnets?not-tags=red HTTP/1.1" status: 200 len: 2018 time: 0.0607927
2026-05-26 06:57:49.723 10 INFO neutron.wsgi [None req-4026cbf4-93cb-49eb-b5fc-2ddb5a3c54cd 0c95f73e50d944259ad3af2efa152fc6 a6e4f72cd4a64dfbb90f0309e93bbc71 - - default default] 10.0.0.153 "DELETE /v2.0/ports/d15a3255-8405-4eec-80c5-dae73b5b6368 HTTP/1.1" status: 204 len: 168 time: 0.2485039
2026-05-26 06:57:49.751 9 INFO neutron.wsgi [None req-2ed9b4a0-8468-4f3e-aaa7-167a8ac95908 ff2f3b6680f54ad9862ea567caf5e4fd a3381da8c3b744e19154fa91c8b2c415 - - default default] 10.0.0.153 "GET /v2.0/subnets?not-tags=red%2Cblue HTTP/1.1" status: 200 len: 2615 time: 0.0588799
2026-05-26 06:57:49.813 9 INFO neutron.wsgi [None req-0e8994ff-792d-43e0-a93c-f501c735e7f1 ff2f3b6680f54ad9862ea567caf5e4fd a3381da8c3b744e19154fa91c8b2c415 - - default default] 10.0.0.153 "GET /v2.0/subnets?not-tags-any=blue HTTP/1.1" status: 200 len: 2615 time: 0.0565915
2026-05-26 06:57:49.857 9 INFO neutron.wsgi [None req-6635a32f-4530-4ffa-ab55-f8081511f555 ff2f3b6680f54ad9862ea567caf5e4fd a3381da8c3b744e19154fa91c8b2c415 - - default default] 10.0.0.153 "GET /v2.0/subnets?not-tags-any=red%2Cblue HTTP/1.1" status: 200 len: 2018 time: 0.0393476
2026-05-26 06:57:50.058 9 INFO neutron.wsgi [None req-d9d2e3d4-8e0b-4a5d-bf3b-fdbeb687d757 ff2f3b6680f54ad9862ea567caf5e4fd a3381da8c3b744e19154fa91c8b2c415 - - default default] 10.0.0.153 "DELETE /v2.0/subnets/53829740-fb35-4e96-adec-f674928be409 HTTP/1.1" status: 204 len: 168 time: 0.1927888
2026-05-26 06:57:50.075 10 INFO neutron.services.segments.plugin [-] Segment 782f9964-f686-4d5e-8748-8c770880749e resource provider aggregate not found
2026-05-26 06:57:50.079 10 INFO neutron.services.segments.plugin [-] Segment 782f9964-f686-4d5e-8748-8c770880749e resource provider aggregate not found
2026-05-26 06:57:50.095 10 INFO neutron.services.segments.plugin [-] Segment 782f9964-f686-4d5e-8748-8c770880749e resource provider not found; error: Placement Client Error (4xx): {"errors": [{"status": 404, "title": "Not Found", "detail": "The resource could not be found.\n\n No resource provider with uuid 782f9964-f686-4d5e-8748-8c770880749e found for delete ", "request_id": "req-546a02be-9678-4fe5-b8dd-542d78812a83"}]}
2026-05-26 06:57:50.096 10 INFO neutron.services.segments.plugin [-] Segment 782f9964-f686-4d5e-8748-8c770880749e resource provider not found; error: Placement Client Error (4xx): {"errors": [{"status": 404, "title": "Not Found", "detail": "The resource could not be found.\n\n No resource provider with uuid 782f9964-f686-4d5e-8748-8c770880749e found for delete ", "request_id": "req-02b07529-3d61-467f-92e3-997d0aaae255"}]}
2026-05-26 06:57:50.116 10 INFO neutron.wsgi [None req-be1316bc-69d0-4e88-a793-e14840b9a5e9 0c95f73e50d944259ad3af2efa152fc6 a6e4f72cd4a64dfbb90f0309e93bbc71 - - default default] 10.0.0.153 "DELETE /v2.0/networks/862e309b-23df-4c51-87d1-ab9f9d92ecf2 HTTP/1.1" status: 204 len: 168 time: 0.3888466
2026-05-26 06:57:50.255 9 INFO neutron.wsgi [None req-4c532fef-3186-48fe-a2e8-58d9e8ea0d46 ff2f3b6680f54ad9862ea567caf5e4fd a3381da8c3b744e19154fa91c8b2c415 - - default default] 10.0.0.153 "DELETE /v2.0/subnets/364058e3-bff4-4926-8428-750cd99f3a68 HTTP/1.1" status: 204 len: 168 time: 0.1921921
2026-05-26 06:57:50.515 9 INFO neutron.wsgi [None req-2ca934fd-3b9a-4454-98eb-1700826f981f ff2f3b6680f54ad9862ea567caf5e4fd a3381da8c3b744e19154fa91c8b2c415 - - default default] 10.0.0.153 "DELETE /v2.0/subnets/e566414a-f1c7-4817-bdf8-cbbca2844f7d HTTP/1.1" status: 204 len: 168 time: 0.2552938
2026-05-26 06:57:50.764 9 INFO neutron.wsgi [None req-ecb69284-487f-4048-a252-803d8f3f96c2 ff2f3b6680f54ad9862ea567caf5e4fd a3381da8c3b744e19154fa91c8b2c415 - - default default] 10.0.0.153 "DELETE /v2.0/subnets/442b3ad4-039c-4f6f-82ff-b8f403ea4796 HTTP/1.1" status: 204 len: 168 time: 0.2443180
2026-05-26 06:57:50.988 9 INFO neutron.wsgi [None req-4d945f12-0347-45e4-b029-159d21f06253 ff2f3b6680f54ad9862ea567caf5e4fd a3381da8c3b744e19154fa91c8b2c415 - - default default] 10.0.0.153 "DELETE /v2.0/subnets/5a3dc1c9-cb53-46cd-b643-c88eb18cb1aa HTTP/1.1" status: 204 len: 168 time: 0.2185974
2026-05-26 06:57:51.105 10 INFO neutron.db.ovn_revision_numbers_db [None req-227bdfd4-f49d-41d4-9df4-18916ad573b4 8d16257921214e02b42d32bfec1b919c 9e6d7ce1c2244722bba0373ead6ae8d3 - - default default] Successfully bumped revision number for resource 03ab3c98-9fb6-414f-8ebc-707a68015a6a (type: security_groups) to 1
2026-05-26 06:57:51.119 10 INFO neutron.db.ovn_revision_numbers_db [None req-227bdfd4-f49d-41d4-9df4-18916ad573b4 8d16257921214e02b42d32bfec1b919c 9e6d7ce1c2244722bba0373ead6ae8d3 - - default default] Successfully bumped revision number for resource 1f888ec7-f530-412e-b318-2dfdb5c9628e (type: security_group_rules) to 0
2026-05-26 06:57:51.134 10 INFO neutron.db.ovn_revision_numbers_db [None req-227bdfd4-f49d-41d4-9df4-18916ad573b4 8d16257921214e02b42d32bfec1b919c 9e6d7ce1c2244722bba0373ead6ae8d3 - - default default] Successfully bumped revision number for resource a2fb65f2-fe45-4f16-a305-748140ee238a (type: security_group_rules) to 0
2026-05-26 06:57:51.154 10 INFO neutron.db.ovn_revision_numbers_db [None req-227bdfd4-f49d-41d4-9df4-18916ad573b4 8d16257921214e02b42d32bfec1b919c 9e6d7ce1c2244722bba0373ead6ae8d3 - - default default] Successfully bumped revision number for resource d2622b7c-1847-4f60-a414-abb8ff5c258c (type: security_group_rules) to 0
2026-05-26 06:57:51.171 10 INFO neutron.db.ovn_revision_numbers_db [None req-227bdfd4-f49d-41d4-9df4-18916ad573b4 8d16257921214e02b42d32bfec1b919c 9e6d7ce1c2244722bba0373ead6ae8d3 - - default default] Successfully bumped revision number for resource d6997942-8748-4f44-b9b1-446862ed761d (type: security_group_rules) to 0
2026-05-26 06:57:51.198 10 INFO neutron.wsgi [None req-227bdfd4-f49d-41d4-9df4-18916ad573b4 8d16257921214e02b42d32bfec1b919c 9e6d7ce1c2244722bba0373ead6ae8d3 - - default default] 10.0.0.153 "GET /v2.0/security-groups?tenant_id=c88ca558fec34ff3a87a3a32fb05f10c&name=default HTTP/1.1" status: 200 len: 2996 time: 0.4088876
2026-05-26 06:57:51.425 9 INFO neutron.services.segments.plugin [-] Segment db971a3f-45ab-4179-8235-94cf623fe9ae resource provider aggregate not found
2026-05-26 06:57:51.431 9 INFO neutron.services.segments.plugin [-] Segment db971a3f-45ab-4179-8235-94cf623fe9ae resource provider aggregate not found
2026-05-26 06:57:51.446 9 INFO neutron.services.segments.plugin [-] Segment db971a3f-45ab-4179-8235-94cf623fe9ae resource provider not found; error: Placement Client Error (4xx): {"errors": [{"status": 404, "title": "Not Found", "detail": "The resource could not be found.\n\n No resource provider with uuid db971a3f-45ab-4179-8235-94cf623fe9ae found for delete ", "request_id": "req-decfc163-9ffc-4595-b915-2fc4b20373be"}]}
2026-05-26 06:57:51.449 9 INFO neutron.services.segments.plugin [-] Segment db971a3f-45ab-4179-8235-94cf623fe9ae resource provider not found; error: Placement Client Error (4xx): {"errors": [{"status": 404, "title": "Not Found", "detail": "The resource could not be found.\n\n No resource provider with uuid db971a3f-45ab-4179-8235-94cf623fe9ae found for delete ", "request_id": "req-09d12b3b-c0b9-461b-bb2f-071c4e8a5821"}]}
2026-05-26 06:57:51.491 9 INFO neutron.wsgi [None req-2d4b25f2-81a5-4675-8758-7af05df4c6d3 ff2f3b6680f54ad9862ea567caf5e4fd a3381da8c3b744e19154fa91c8b2c415 - - default default] 10.0.0.153 "DELETE /v2.0/networks/a9512554-4d5e-4cfb-8c14-392fc7d93938 HTTP/1.1" status: 204 len: 168 time: 0.4965270
2026-05-26 06:57:51.529 9 INFO neutron.wsgi [None req-5f2a6e9a-2354-481f-bd4e-46323dcf3f59 8d16257921214e02b42d32bfec1b919c 9e6d7ce1c2244722bba0373ead6ae8d3 - - default default] 10.0.0.153 "DELETE /v2.0/security-groups/03ab3c98-9fb6-414f-8ebc-707a68015a6a HTTP/1.1" status: 204 len: 168 time: 0.3253067
2026-05-26 06:57:51.729 9 INFO neutron.wsgi [None req-bee90b23-41ec-4c17-830f-815aae855876 8d16257921214e02b42d32bfec1b919c 9e6d7ce1c2244722bba0373ead6ae8d3 - - default default] 10.0.0.153 "GET /v2.0/security-groups?tenant_id=a6e4f72cd4a64dfbb90f0309e93bbc71&name=default HTTP/1.1" status: 200 len: 2996 time: 0.0394716
2026-05-26 06:57:51.907 10 INFO neutron.wsgi [None req-8c93735d-4625-453d-906d-588f89092f2a ff2f3b6680f54ad9862ea567caf5e4fd a3381da8c3b744e19154fa91c8b2c415 - - default default] 10.0.0.153 "DELETE /v2.0/networks/3e2a71e6-16ee-4dfa-96b5-a97418c22ddc HTTP/1.1" status: 204 len: 168 time: 0.4108589
2026-05-26 06:57:51.989 9 INFO neutron.wsgi [None req-3f17b93d-64f1-49fd-b850-ca74a0a5a6a7 8d16257921214e02b42d32bfec1b919c 9e6d7ce1c2244722bba0373ead6ae8d3 - - default default] 10.0.0.153 "DELETE /v2.0/security-groups/61c76173-72fc-4ea5-b86c-2a95868a754f HTTP/1.1" status: 204 len: 168 time: 0.2558010
2026-05-26 06:57:52.118 10 INFO neutron.services.segments.plugin [-] Segment 00e0cbcf-8c6a-4d22-bfd4-ab06ba3f5d74 resource provider aggregate not found
2026-05-26 06:57:52.124 10 INFO neutron.services.segments.plugin [-] Segment 00e0cbcf-8c6a-4d22-bfd4-ab06ba3f5d74 resource provider aggregate not found
2026-05-26 06:57:52.146 10 INFO neutron.services.segments.plugin [-] Segment 00e0cbcf-8c6a-4d22-bfd4-ab06ba3f5d74 resource provider not found; error: Placement Client Error (4xx): {"errors": [{"status": 404, "title": "Not Found", "detail": "The resource could not be found.\n\n No resource provider with uuid 00e0cbcf-8c6a-4d22-bfd4-ab06ba3f5d74 found for delete ", "request_id": "req-4ef1be1d-be03-4e62-b2ae-2d8eaeb7c3e8"}]}
2026-05-26 06:57:52.147 10 INFO neutron.services.segments.plugin [-] Segment 00e0cbcf-8c6a-4d22-bfd4-ab06ba3f5d74 resource provider not found; error: Placement Client Error (4xx): {"errors": [{"status": 404, "title": "Not Found", "detail": "The resource could not be found.\n\n No resource provider with uuid 00e0cbcf-8c6a-4d22-bfd4-ab06ba3f5d74 found for delete ", "request_id": "req-32e21c3e-8811-43ed-a25c-323e1955aac6"}]}
2026-05-26 06:57:52.320 9 INFO neutron.wsgi [None req-66b858fb-de59-4eab-9d65-8757746458a7 ff2f3b6680f54ad9862ea567caf5e4fd a3381da8c3b744e19154fa91c8b2c415 - - default default] 10.0.0.153 "DELETE /v2.0/networks/d8741fd4-113b-42cd-9228-1718f6b04e8e HTTP/1.1" status: 204 len: 168 time: 0.4071393
2026-05-26 06:57:52.712 10 INFO neutron.wsgi [None req-fb8260c7-8d8b-4c0a-a160-7691492a10a0 ff2f3b6680f54ad9862ea567caf5e4fd a3381da8c3b744e19154fa91c8b2c415 - - default default] 10.0.0.153 "DELETE /v2.0/networks/7e264d92-0858-478a-8452-473b68862af8 HTTP/1.1" status: 204 len: 168 time: 0.3868923
2026-05-26 06:57:53.370 9 INFO neutron.wsgi [None req-b9f675a4-efa4-4d6c-b147-de9e008c4f41 ff2f3b6680f54ad9862ea567caf5e4fd a3381da8c3b744e19154fa91c8b2c415 - - default default] 10.0.0.153 "DELETE /v2.0/networks/8a36311f-4f38-4dc3-a640-bc40a19073b1 HTTP/1.1" status: 204 len: 168 time: 0.6520004
2026-05-26 06:57:53.371 10 WARNING neutron_lib.context [None req-ae26f5e0-e32d-4ce7-996e-48c67a13a0f7 44b9214df9404bcca1a872ff0f75a2df 65d4e7df3ac4481e99f8cce1f24bfd20 - - default default] Method 'is_advsvc' is deprecated since 2023.2 release (neutron-lib 3.8.0) and will be removed once support for the old RBAC API policies will be removed from Neutron. Please use method 'is_service_role' instead.
2026-05-26 06:57:53.470 9 INFO neutron.services.segments.plugin [-] Segment 90cf0d83-db3d-4671-96d5-2012fc15a9dd resource provider aggregate not found
2026-05-26 06:57:53.475 9 INFO neutron.services.segments.plugin [-] Segment 90cf0d83-db3d-4671-96d5-2012fc15a9dd resource provider aggregate not found
2026-05-26 06:57:53.492 9 INFO neutron.services.segments.plugin [-] Segment 90cf0d83-db3d-4671-96d5-2012fc15a9dd resource provider not found; error: Placement Client Error (4xx): {"errors": [{"status": 404, "title": "Not Found", "detail": "The resource could not be found.\n\n No resource provider with uuid 90cf0d83-db3d-4671-96d5-2012fc15a9dd found for delete ", "request_id": "req-c823e551-6d40-4988-bd85-f00063f8d42e"}]}
2026-05-26 06:57:53.501 9 INFO neutron.services.segments.plugin [-] Segment 90cf0d83-db3d-4671-96d5-2012fc15a9dd resource provider not found; error: Placement Client Error (4xx): {"errors": [{"status": 404, "title": "Not Found", "detail": "The resource could not be found.\n\n No resource provider with uuid 90cf0d83-db3d-4671-96d5-2012fc15a9dd found for delete ", "request_id": "req-7e0c6bd0-c529-43c9-aa4f-34c9e908b24f"}]}
2026-05-26 06:57:53.510 9 INFO neutron.services.segments.plugin [-] Segment c75c11ca-e33a-4cb2-abf8-588998d068d1 resource provider aggregate not found
2026-05-26 06:57:53.517 9 INFO neutron.services.segments.plugin [-] Segment c75c11ca-e33a-4cb2-abf8-588998d068d1 resource provider aggregate not found
2026-05-26 06:57:53.525 9 INFO neutron.services.segments.plugin [-] Segment c75c11ca-e33a-4cb2-abf8-588998d068d1 resource provider not found; error: Placement Client Error (4xx): {"errors": [{"status": 404, "title": "Not Found", "detail": "The resource could not be found.\n\n No resource provider with uuid c75c11ca-e33a-4cb2-abf8-588998d068d1 found for delete ", "request_id": "req-281954b6-9b37-4a39-a132-b336cc29e0a7"}]}
2026-05-26 06:57:53.529 9 INFO neutron.services.segments.plugin [-] Segment c75c11ca-e33a-4cb2-abf8-588998d068d1 resource provider not found; error: Placement Client Error (4xx): {"errors": [{"status": 404, "title": "Not Found", "detail": "The resource could not be found.\n\n No resource provider with uuid c75c11ca-e33a-4cb2-abf8-588998d068d1 found for delete ", "request_id": "req-0f7692fa-a683-4bf4-87f5-39c28ac18fe8"}]}
2026-05-26 06:57:53.539 10 INFO neutron.db.ovn_revision_numbers_db [None req-ae26f5e0-e32d-4ce7-996e-48c67a13a0f7 44b9214df9404bcca1a872ff0f75a2df 65d4e7df3ac4481e99f8cce1f24bfd20 - - default default] Successfully bumped revision number for resource 8e8dd02a-696c-47a3-9bf7-5c446e9d3f26 (type: routers) to 1
2026-05-26 06:57:53.554 10 INFO neutron.wsgi [None req-ae26f5e0-e32d-4ce7-996e-48c67a13a0f7 44b9214df9404bcca1a872ff0f75a2df 65d4e7df3ac4481e99f8cce1f24bfd20 - - default default] 10.0.0.153 "POST /v2.0/routers HTTP/1.1" status: 201 len: 654 time: 0.2749882
2026-05-26 06:57:53.573 10 WARNING neutron_lib.context [None req-c3ede0f4-a6ff-4600-b2a6-aecb4bd2ae5a 44b9214df9404bcca1a872ff0f75a2df 65d4e7df3ac4481e99f8cce1f24bfd20 - - default default] Method 'is_advsvc' is deprecated since 2023.2 release (neutron-lib 3.8.0) and will be removed once support for the old RBAC API policies will be removed from Neutron. Please use method 'is_service_role' instead.
2026-05-26 06:57:53.713 10 INFO neutron.db.ovn_revision_numbers_db [None req-c3ede0f4-a6ff-4600-b2a6-aecb4bd2ae5a 44b9214df9404bcca1a872ff0f75a2df 65d4e7df3ac4481e99f8cce1f24bfd20 - - default default] Successfully bumped revision number for resource 06202c12-349f-4a79-84b9-a6139afec1dc (type: routers) to 1
2026-05-26 06:57:53.724 10 INFO neutron.wsgi [None req-c3ede0f4-a6ff-4600-b2a6-aecb4bd2ae5a 44b9214df9404bcca1a872ff0f75a2df 65d4e7df3ac4481e99f8cce1f24bfd20 - - default default] 10.0.0.153 "POST /v2.0/routers HTTP/1.1" status: 201 len: 654 time: 0.1562469
2026-05-26 06:57:53.734 10 WARNING neutron_lib.context [None req-77ff7ec1-98fe-4751-8ac8-902c6d9e05c3 44b9214df9404bcca1a872ff0f75a2df 65d4e7df3ac4481e99f8cce1f24bfd20 - - default default] Method 'is_advsvc' is deprecated since 2023.2 release (neutron-lib 3.8.0) and will be removed once support for the old RBAC API policies will be removed from Neutron. Please use method 'is_service_role' instead.
2026-05-26 06:57:53.882 10 INFO neutron.db.ovn_revision_numbers_db [None req-77ff7ec1-98fe-4751-8ac8-902c6d9e05c3 44b9214df9404bcca1a872ff0f75a2df 65d4e7df3ac4481e99f8cce1f24bfd20 - - default default] Successfully bumped revision number for resource 2a5d0c93-5fc7-476c-a44e-bea403eb9a18 (type: routers) to 1
2026-05-26 06:57:53.899 10 INFO neutron.wsgi [None req-77ff7ec1-98fe-4751-8ac8-902c6d9e05c3 44b9214df9404bcca1a872ff0f75a2df 65d4e7df3ac4481e99f8cce1f24bfd20 - - default default] 10.0.0.153 "POST /v2.0/routers HTTP/1.1" status: 201 len: 654 time: 0.1691163
2026-05-26 06:57:53.912 10 WARNING neutron_lib.context [None req-940af3fe-951e-4712-989e-4c92e9f0d74a 44b9214df9404bcca1a872ff0f75a2df 65d4e7df3ac4481e99f8cce1f24bfd20 - - default default] Method 'is_advsvc' is deprecated since 2023.2 release (neutron-lib 3.8.0) and will be removed once support for the old RBAC API policies will be removed from Neutron. Please use method 'is_service_role' instead.
2026-05-26 06:57:54.109 10 INFO neutron.db.ovn_revision_numbers_db [None req-940af3fe-951e-4712-989e-4c92e9f0d74a 44b9214df9404bcca1a872ff0f75a2df 65d4e7df3ac4481e99f8cce1f24bfd20 - - default default] Successfully bumped revision number for resource ec5a3d75-f9b3-45e3-b765-b676271c7a4e (type: routers) to 1
2026-05-26 06:57:54.122 10 INFO neutron.wsgi [None req-940af3fe-951e-4712-989e-4c92e9f0d74a 44b9214df9404bcca1a872ff0f75a2df 65d4e7df3ac4481e99f8cce1f24bfd20 - - default default] 10.0.0.153 "POST /v2.0/routers HTTP/1.1" status: 201 len: 654 time: 0.2154024
2026-05-26 06:57:54.132 10 WARNING neutron_lib.context [None req-30992501-7568-4eb6-830a-123e49efd240 44b9214df9404bcca1a872ff0f75a2df 65d4e7df3ac4481e99f8cce1f24bfd20 - - default default] Method 'is_advsvc' is deprecated since 2023.2 release (neutron-lib 3.8.0) and will be removed once support for the old RBAC API policies will be removed from Neutron. Please use method 'is_service_role' instead.
2026-05-26 06:57:54.170 10 INFO neutron.services.segments.plugin [-] Segment e0f1319f-fd8e-4174-aa41-85bca2911dbf resource provider aggregate not found
2026-05-26 06:57:54.176 10 INFO neutron.services.segments.plugin [-] Segment e0f1319f-fd8e-4174-aa41-85bca2911dbf resource provider aggregate not found
2026-05-26 06:57:54.206 10 INFO neutron.services.segments.plugin [-] Segment e0f1319f-fd8e-4174-aa41-85bca2911dbf resource provider not found; error: Placement Client Error (4xx): {"errors": [{"status": 404, "title": "Not Found", "detail": "The resource could not be found.\n\n No resource provider with uuid e0f1319f-fd8e-4174-aa41-85bca2911dbf found for delete ", "request_id": "req-aeaa1c5e-c760-41b5-b0dd-8a937f2da96b"}]}
2026-05-26 06:57:54.207 10 INFO neutron.services.segments.plugin [-] Segment e0f1319f-fd8e-4174-aa41-85bca2911dbf resource provider not found; error: Placement Client Error (4xx): {"errors": [{"status": 404, "title": "Not Found", "detail": "The resource could not be found.\n\n No resource provider with uuid e0f1319f-fd8e-4174-aa41-85bca2911dbf found for delete ", "request_id": "req-bd67b3a0-9fe7-4f58-b074-e6b38735b37d"}]}
2026-05-26 06:57:54.310 10 INFO neutron.db.ovn_revision_numbers_db [None req-30992501-7568-4eb6-830a-123e49efd240 44b9214df9404bcca1a872ff0f75a2df 65d4e7df3ac4481e99f8cce1f24bfd20 - - default default] Successfully bumped revision number for resource e6dd7ef9-a86d-4d81-ba3f-a5e60e8904a0 (type: routers) to 1
2026-05-26 06:57:54.312 10 INFO neutron.db.ovn_revision_numbers_db [None req-fb34aab5-6c97-4922-b6c5-da0e80ab9794 0edbea49732b462690b759389ec47308 5d3e7656be664730abe9b22533f2b7f7 - - default default] Successfully bumped revision number for resource 927c92b0-45a7-4449-85b8-22c9c46e46c5 (type: security_groups) to 1
2026-05-26 06:57:54.326 10 INFO neutron.wsgi [None req-30992501-7568-4eb6-830a-123e49efd240 44b9214df9404bcca1a872ff0f75a2df 65d4e7df3ac4481e99f8cce1f24bfd20 - - default default] 10.0.0.153 "POST /v2.0/routers HTTP/1.1" status: 201 len: 654 time: 0.1990244
2026-05-26 06:57:54.329 10 INFO neutron.db.ovn_revision_numbers_db [None req-fb34aab5-6c97-4922-b6c5-da0e80ab9794 0edbea49732b462690b759389ec47308 5d3e7656be664730abe9b22533f2b7f7 - - default default] Successfully bumped revision number for resource 056d8484-bf48-421a-8bfc-c5e69f0d7433 (type: security_group_rules) to 0
2026-05-26 06:57:54.361 10 INFO neutron.db.ovn_revision_numbers_db [None req-fb34aab5-6c97-4922-b6c5-da0e80ab9794 0edbea49732b462690b759389ec47308 5d3e7656be664730abe9b22533f2b7f7 - - default default] Successfully bumped revision number for resource 31a28e6b-d43f-40c1-aec1-65d92532e935 (type: security_group_rules) to 0
2026-05-26 06:57:54.408 10 INFO neutron.db.ovn_revision_numbers_db [None req-fb34aab5-6c97-4922-b6c5-da0e80ab9794 0edbea49732b462690b759389ec47308 5d3e7656be664730abe9b22533f2b7f7 - - default default] Successfully bumped revision number for resource 4cbd15a7-eca5-4983-8a1b-5cda9b99b0d9 (type: security_group_rules) to 0
2026-05-26 06:57:54.411 10 INFO neutron.wsgi [None req-60822d39-462a-400c-98bc-3cbd398eddc2 44b9214df9404bcca1a872ff0f75a2df 65d4e7df3ac4481e99f8cce1f24bfd20 - - default default] 10.0.0.153 "PUT /v2.0/routers/8e8dd02a-696c-47a3-9bf7-5c446e9d3f26/tags HTTP/1.1" status: 200 len: 210 time: 0.0804937
2026-05-26 06:57:54.422 10 INFO neutron.wsgi [None req-c77bac87-0938-46d2-b40f-1d4d5cf015d7 8d16257921214e02b42d32bfec1b919c 9e6d7ce1c2244722bba0373ead6ae8d3 - - default default] 10.0.0.153 "GET /v2.0/security-groups?tenant_id=a3381da8c3b744e19154fa91c8b2c415&name=default HTTP/1.1" status: 200 len: 2996 time: 0.1826348
2026-05-26 06:57:54.431 10 INFO neutron.db.ovn_revision_numbers_db [None req-fb34aab5-6c97-4922-b6c5-da0e80ab9794 0edbea49732b462690b759389ec47308 5d3e7656be664730abe9b22533f2b7f7 - - default default] Successfully bumped revision number for resource 607b9bf0-bd5e-4dc9-8c68-fd557e92dd0e (type: security_group_rules) to 0
2026-05-26 06:57:54.482 9 INFO neutron.wsgi [None req-5ee9ea68-4f0b-4c43-b244-0ee32324ef70 44b9214df9404bcca1a872ff0f75a2df 65d4e7df3ac4481e99f8cce1f24bfd20 - - default default] 10.0.0.153 "PUT /v2.0/routers/06202c12-349f-4a79-84b9-a6139afec1dc/tags HTTP/1.1" status: 200 len: 218 time: 0.0628822
2026-05-26 06:57:54.491 10 INFO neutron.db.segments_db [None req-fb34aab5-6c97-4922-b6c5-da0e80ab9794 0edbea49732b462690b759389ec47308 5d3e7656be664730abe9b22533f2b7f7 - - default default] Added segment a48d0b1e-940b-495a-8c25-2c1df07f63a7 of type geneve for network 08c87f7c-5b91-43b7-a4af-5782d54a60ef
2026-05-26 06:57:54.561 9 INFO neutron.wsgi [None req-8bee5a83-6566-471a-a841-232da0c5b391 44b9214df9404bcca1a872ff0f75a2df 65d4e7df3ac4481e99f8cce1f24bfd20 - - default default] 10.0.0.153 "PUT /v2.0/routers/2a5d0c93-5fc7-476c-a44e-bea403eb9a18/tags HTTP/1.1" status: 200 len: 227 time: 0.0719764
2026-05-26 06:57:54.631 9 INFO neutron.wsgi [None req-c5e1bcd6-0df6-4506-b298-30862dfca3dd 44b9214df9404bcca1a872ff0f75a2df 65d4e7df3ac4481e99f8cce1f24bfd20 - - default default] 10.0.0.153 "PUT /v2.0/routers/ec5a3d75-f9b3-45e3-b765-b676271c7a4e/tags HTTP/1.1" status: 200 len: 212 time: 0.0661371
2026-05-26 06:57:54.652 10 INFO neutron.db.ovn_revision_numbers_db [None req-fb34aab5-6c97-4922-b6c5-da0e80ab9794 0edbea49732b462690b759389ec47308 5d3e7656be664730abe9b22533f2b7f7 - - default default] Successfully bumped revision number for resource 08c87f7c-5b91-43b7-a4af-5782d54a60ef (type: networks) to 1
2026-05-26 06:57:54.697 10 INFO neutron.wsgi [None req-34f0b282-6ea5-4c24-a7b4-11f5d64b442b 8d16257921214e02b42d32bfec1b919c 9e6d7ce1c2244722bba0373ead6ae8d3 - - default default] 10.0.0.153 "DELETE /v2.0/security-groups/a4b11dae-4a8e-4aca-b7c9-48233b751e10 HTTP/1.1" status: 204 len: 168 time: 0.2712595
2026-05-26 06:57:54.709 9 INFO neutron.wsgi [None req-7952dfaa-c9c8-4258-9d9a-c48e5e04c8df 44b9214df9404bcca1a872ff0f75a2df 65d4e7df3ac4481e99f8cce1f24bfd20 - - default default] 10.0.0.153 "GET /v2.0/routers?tags=red HTTP/1.1" status: 200 len: 1601 time: 0.0726268
2026-05-26 06:57:54.777 9 INFO neutron.wsgi [None req-84f152dc-12a0-4b1a-964c-765d07ef940d 44b9214df9404bcca1a872ff0f75a2df 65d4e7df3ac4481e99f8cce1f24bfd20 - - default default] 10.0.0.153 "GET /v2.0/routers?tags=red%2Cblue HTTP/1.1" status: 200 len: 1144 time: 0.0646152
2026-05-26 06:57:54.844 9 INFO neutron.wsgi [None req-35ca5aa0-0f19-48fc-a550-eb03f0e989e2 44b9214df9404bcca1a872ff0f75a2df 65d4e7df3ac4481e99f8cce1f24bfd20 - - default default] 10.0.0.153 "GET /v2.0/routers?tags-any=blue HTTP/1.1" status: 200 len: 1144 time: 0.0622234
2026-05-26 06:57:54.907 9 INFO neutron.wsgi [None req-980afc4c-4d1c-48ce-9595-64dfde33f44a 44b9214df9404bcca1a872ff0f75a2df 65d4e7df3ac4481e99f8cce1f24bfd20 - - default default] 10.0.0.153 "GET /v2.0/routers?tags-any=red%2Cblue HTTP/1.1" status: 200 len: 1601 time: 0.0558400
2026-05-26 06:57:54.981 9 INFO neutron.wsgi [None req-ff24f251-485b-43c2-aed5-f35f62b91603 44b9214df9404bcca1a872ff0f75a2df 65d4e7df3ac4481e99f8cce1f24bfd20 - - default default] 10.0.0.153 "GET /v2.0/routers?not-tags=red HTTP/1.1" status: 200 len: 1116 time: 0.0685756
2026-05-26 06:57:55.055 9 INFO neutron.db.ovn_revision_numbers_db [None req-00ab876e-81a6-4632-8569-917bd89ad5c3 8d16257921214e02b42d32bfec1b919c 9e6d7ce1c2244722bba0373ead6ae8d3 - - default default] Successfully bumped revision number for resource bc9cd0bf-551d-4ef8-b70d-0f3091fa2592 (type: security_groups) to 1
2026-05-26 06:57:55.070 9 INFO neutron.db.ovn_revision_numbers_db [None req-00ab876e-81a6-4632-8569-917bd89ad5c3 8d16257921214e02b42d32bfec1b919c 9e6d7ce1c2244722bba0373ead6ae8d3 - - default default] Successfully bumped revision number for resource 17a5464b-cd88-456a-826f-bf632f88a4e4 (type: security_group_rules) to 0
2026-05-26 06:57:55.083 9 INFO neutron.db.ovn_revision_numbers_db [None req-00ab876e-81a6-4632-8569-917bd89ad5c3 8d16257921214e02b42d32bfec1b919c 9e6d7ce1c2244722bba0373ead6ae8d3 - - default default] Successfully bumped revision number for resource a37d50f9-ad90-4143-85c8-6abcafa15d6a (type: security_group_rules) to 0
2026-05-26 06:57:55.088 10 INFO neutron.wsgi [None req-863cc58e-ea28-4fa5-ba76-bd511bea5bc5 44b9214df9404bcca1a872ff0f75a2df 65d4e7df3ac4481e99f8cce1f24bfd20 - - default default] 10.0.0.153 "GET /v2.0/routers?not-tags=red%2Cblue HTTP/1.1" status: 200 len: 1573 time: 0.1013932
2026-05-26 06:57:55.108 9 INFO neutron.db.ovn_revision_numbers_db [None req-00ab876e-81a6-4632-8569-917bd89ad5c3 8d16257921214e02b42d32bfec1b919c 9e6d7ce1c2244722bba0373ead6ae8d3 - - default default] Successfully bumped revision number for resource c37a1a55-bca0-44d7-a47c-4e252b4cca72 (type: security_group_rules) to 0
2026-05-26 06:57:55.125 10 WARNING neutron.scheduler.dhcp_agent_scheduler [None req-fb34aab5-6c97-4922-b6c5-da0e80ab9794 0edbea49732b462690b759389ec47308 5d3e7656be664730abe9b22533f2b7f7 - - default default] No more DHCP agents
2026-05-26 06:57:55.126 10 WARNING neutron.api.rpc.agentnotifiers.dhcp_rpc_agent_api [None req-fb34aab5-6c97-4922-b6c5-da0e80ab9794 0edbea49732b462690b759389ec47308 5d3e7656be664730abe9b22533f2b7f7 - - default default] Unable to schedule network 08c87f7c-5b91-43b7-a4af-5782d54a60ef: no agents available; will retry on subsequent port and subnet creation events.
2026-05-26 06:57:55.154 9 INFO neutron.db.ovn_revision_numbers_db [None req-00ab876e-81a6-4632-8569-917bd89ad5c3 8d16257921214e02b42d32bfec1b919c 9e6d7ce1c2244722bba0373ead6ae8d3 - - default default] Successfully bumped revision number for resource c4b41657-e8cd-451d-8976-eb6b62f98f4c (type: security_group_rules) to 0
2026-05-26 06:57:55.162 9 INFO neutron.wsgi [None req-1ce6bea2-4b23-4ccc-9dad-fe7238a1b972 44b9214df9404bcca1a872ff0f75a2df 65d4e7df3ac4481e99f8cce1f24bfd20 - - default default] 10.0.0.153 "GET /v2.0/routers?not-tags-any=blue HTTP/1.1" status: 200 len: 1573 time: 0.0687804
2026-05-26 06:57:55.178 9 INFO neutron.wsgi [None req-00ab876e-81a6-4632-8569-917bd89ad5c3 8d16257921214e02b42d32bfec1b919c 9e6d7ce1c2244722bba0373ead6ae8d3 - - default default] 10.0.0.153 "GET /v2.0/security-groups?tenant_id=10f22284af9f4cdbb5ee940326cc1b54&name=default HTTP/1.1" status: 200 len: 2996 time: 0.3005791
2026-05-26 06:57:55.257 10 INFO neutron.wsgi [None req-89739c66-79ea-406b-9229-cb42b4b8e247 44b9214df9404bcca1a872ff0f75a2df 65d4e7df3ac4481e99f8cce1f24bfd20 - - default default] 10.0.0.153 "GET /v2.0/routers?not-tags-any=red%2Cblue HTTP/1.1" status: 200 len: 1116 time: 0.0903389
2026-05-26 06:57:55.298 10 INFO neutron.db.ovn_revision_numbers_db [None req-fb34aab5-6c97-4922-b6c5-da0e80ab9794 0edbea49732b462690b759389ec47308 5d3e7656be664730abe9b22533f2b7f7 - - default default] Successfully bumped revision number for resource ac9fde7a-05bc-42d9-aabe-4b0a1f6f3c73 (type: ports) to 1
2026-05-26 06:57:55.327 10 INFO neutron.wsgi [None req-990df42a-8ca0-40af-ae96-786c5e7a7475 44b9214df9404bcca1a872ff0f75a2df 65d4e7df3ac4481e99f8cce1f24bfd20 - - default default] 10.0.0.153 "GET /v2.0/routers/8e8dd02a-696c-47a3-9bf7-5c446e9d3f26 HTTP/1.1" status: 200 len: 660 time: 0.0635087
2026-05-26 06:57:55.335 10 INFO neutron.wsgi [None req-fb34aab5-6c97-4922-b6c5-da0e80ab9794 0edbea49732b462690b759389ec47308 5d3e7656be664730abe9b22533f2b7f7 - - default default] 10.0.0.153 "POST /v2.0/networks HTTP/1.1" status: 201 len: 928 time: 1.5055718
2026-05-26 06:57:55.382 9 INFO neutron.wsgi [None req-2ce6af7d-7964-47c9-b026-7f09d9aa87be 8d16257921214e02b42d32bfec1b919c 9e6d7ce1c2244722bba0373ead6ae8d3 - - default default] 10.0.0.153 "DELETE /v2.0/security-groups/bc9cd0bf-551d-4ef8-b70d-0f3091fa2592 HTTP/1.1" status: 204 len: 168 time: 0.1993418
2026-05-26 06:57:55.548 9 INFO neutron.wsgi [None req-cf5783bc-725c-46bd-ad86-f016d3cb5c8b 788a81fe56e24e56bde9eca93cc2db42 ff5e9b002184485f92dbbaf7d0a6e236 - - default default] 10.0.0.153 "POST /v2.0/qos/policies HTTP/1.1" status: 201 len: 558 time: 0.1540360
2026-05-26 06:57:55.587 9 INFO neutron.wsgi [None req-c46ce7d0-19f8-4458-aeaa-547bb51c9259 788a81fe56e24e56bde9eca93cc2db42 ff5e9b002184485f92dbbaf7d0a6e236 - - default default] 10.0.0.153 "PUT /v2.0/policies/3ed31d50-fb76-4eba-b319-86bc13d4c396/tags HTTP/1.1" status: 200 len: 218 time: 0.0334315
2026-05-26 06:57:55.610 9 INFO neutron.wsgi [None req-81eb3938-1294-4a80-8e33-f3580e9f41fe 788a81fe56e24e56bde9eca93cc2db42 ff5e9b002184485f92dbbaf7d0a6e236 - - default default] 10.0.0.153 "GET /v2.0/policies/3ed31d50-fb76-4eba-b319-86bc13d4c396/tags HTTP/1.1" status: 200 len: 218 time: 0.0182357
2026-05-26 06:57:55.641 9 INFO neutron.wsgi [None req-6cccf42a-f7c2-44b8-aa3f-3b063e0e03ac 788a81fe56e24e56bde9eca93cc2db42 ff5e9b002184485f92dbbaf7d0a6e236 - - default default] 10.0.0.153 "PUT /v2.0/policies/3ed31d50-fb76-4eba-b319-86bc13d4c396/tags/green HTTP/1.1" status: 201 len: 201 time: 0.0273330
2026-05-26 06:57:55.668 9 INFO neutron.wsgi [None req-a1ccbc94-b807-4824-b40f-1d3305694858 788a81fe56e24e56bde9eca93cc2db42 ff5e9b002184485f92dbbaf7d0a6e236 - - default default] 10.0.0.153 "GET /v2.0/policies/3ed31d50-fb76-4eba-b319-86bc13d4c396/tags HTTP/1.1" status: 200 len: 227 time: 0.0189340
2026-05-26 06:57:55.676 10 WARNING neutron.scheduler.dhcp_agent_scheduler [None req-9af3c68a-e5d2-4357-9c0c-171d4c1b8949 0edbea49732b462690b759389ec47308 5d3e7656be664730abe9b22533f2b7f7 - - default default] No more DHCP agents
2026-05-26 06:57:55.691 10 WARNING neutron.api.rpc.agentnotifiers.dhcp_rpc_agent_api [None req-9af3c68a-e5d2-4357-9c0c-171d4c1b8949 0edbea49732b462690b759389ec47308 5d3e7656be664730abe9b22533f2b7f7 - - default default] Unable to schedule network 08c87f7c-5b91-43b7-a4af-5782d54a60ef: no agents available; will retry on subsequent port and subnet creation events.
2026-05-26 06:57:55.696 9 INFO neutron.wsgi [None req-9738adb2-9e10-416b-9506-7cda4df0947d 788a81fe56e24e56bde9eca93cc2db42 ff5e9b002184485f92dbbaf7d0a6e236 - - default default] 10.0.0.153 "PUT /v2.0/policies/3ed31d50-fb76-4eba-b319-86bc13d4c396/tags/red HTTP/1.1" status: 201 len: 201 time: 0.0211453
2026-05-26 06:57:55.696 9 INFO neutron.db.ovn_revision_numbers_db [None req-57aaf5af-65ec-46b6-8e64-f6ef419a4a66 8d16257921214e02b42d32bfec1b919c 9e6d7ce1c2244722bba0373ead6ae8d3 - - default default] Successfully bumped revision number for resource aa4a9dc5-5fe0-4346-bd19-448afaf7d78c (type: security_groups) to 1
2026-05-26 06:57:55.712 9 INFO neutron.db.ovn_revision_numbers_db [None req-57aaf5af-65ec-46b6-8e64-f6ef419a4a66 8d16257921214e02b42d32bfec1b919c 9e6d7ce1c2244722bba0373ead6ae8d3 - - default default] Successfully bumped revision number for resource 3e207f8c-9a6b-4214-bba9-2f1bf9204e90 (type: security_group_rules) to 0
2026-05-26 06:57:55.718 9 INFO neutron.wsgi [None req-23053705-6468-463a-a4aa-1756734ffc8e 788a81fe56e24e56bde9eca93cc2db42 ff5e9b002184485f92dbbaf7d0a6e236 - - default default] 10.0.0.153 "GET /v2.0/policies/3ed31d50-fb76-4eba-b319-86bc13d4c396/tags HTTP/1.1" status: 200 len: 227 time: 0.0169153
2026-05-26 06:57:55.726 9 INFO neutron.db.ovn_revision_numbers_db [None req-57aaf5af-65ec-46b6-8e64-f6ef419a4a66 8d16257921214e02b42d32bfec1b919c 9e6d7ce1c2244722bba0373ead6ae8d3 - - default default] Successfully bumped revision number for resource 50c75b3b-5dc6-4ca2-828a-61bacc4e9b36 (type: security_group_rules) to 0
2026-05-26 06:57:55.741 9 INFO neutron.db.ovn_revision_numbers_db [None req-57aaf5af-65ec-46b6-8e64-f6ef419a4a66 8d16257921214e02b42d32bfec1b919c 9e6d7ce1c2244722bba0373ead6ae8d3 - - default default] Successfully bumped revision number for resource 5c50e14e-0978-4de4-a75a-309c362bc724 (type: security_group_rules) to 0
2026-05-26 06:57:55.758 9 INFO neutron.db.ovn_revision_numbers_db [None req-57aaf5af-65ec-46b6-8e64-f6ef419a4a66 8d16257921214e02b42d32bfec1b919c 9e6d7ce1c2244722bba0373ead6ae8d3 - - default default] Successfully bumped revision number for resource c670c0da-0e30-46da-bd33-3b048f19fa35 (type: security_group_rules) to 0
2026-05-26 06:57:55.782 9 INFO neutron.wsgi [None req-57aaf5af-65ec-46b6-8e64-f6ef419a4a66 8d16257921214e02b42d32bfec1b919c 9e6d7ce1c2244722bba0373ead6ae8d3 - - default default] 10.0.0.153 "GET /v2.0/security-groups?tenant_id=20687f3cf768444fbd810226bb2d758c&name=default HTTP/1.1" status: 200 len: 2996 time: 0.2105594
2026-05-26 06:57:55.795 9 INFO neutron.wsgi [None req-5d900f78-18b6-49f6-8dac-20f2b027ce0a 788a81fe56e24e56bde9eca93cc2db42 ff5e9b002184485f92dbbaf7d0a6e236 - - default default] 10.0.0.153 "PUT /v2.0/policies/3ed31d50-fb76-4eba-b319-86bc13d4c396/tags/black.or.white HTTP/1.1" status: 201 len: 201 time: 0.0731652
2026-05-26 06:57:55.822 9 INFO neutron.wsgi [None req-c9ac7706-a2f9-4997-a9bb-3ed4204bf4c2 788a81fe56e24e56bde9eca93cc2db42 ff5e9b002184485f92dbbaf7d0a6e236 - - default default] 10.0.0.153 "GET /v2.0/policies/3ed31d50-fb76-4eba-b319-86bc13d4c396/tags HTTP/1.1" status: 200 len: 245 time: 0.0208302
2026-05-26 06:57:55.872 10 INFO neutron.db.ovn_revision_numbers_db [None req-3b7d1d4a-2927-4745-ab67-3dbb8cf355e2 44b9214df9404bcca1a872ff0f75a2df 65d4e7df3ac4481e99f8cce1f24bfd20 - - default default] Successfully bumped revision number for resource 8e8dd02a-696c-47a3-9bf7-5c446e9d3f26 (type: routers) to 2
2026-05-26 06:57:55.875 10 INFO neutron.wsgi [None req-3b7d1d4a-2927-4745-ab67-3dbb8cf355e2 44b9214df9404bcca1a872ff0f75a2df 65d4e7df3ac4481e99f8cce1f24bfd20 - - default default] 10.0.0.153 "PUT /v2.0/routers/8e8dd02a-696c-47a3-9bf7-5c446e9d3f26 HTTP/1.1" status: 200 len: 660 time: 0.5392990
2026-05-26 06:57:55.912 10 INFO neutron.wsgi [None req-96e64b4f-5fe3-4408-a3a8-eb0665df62cb 44b9214df9404bcca1a872ff0f75a2df 65d4e7df3ac4481e99f8cce1f24bfd20 - - default default] 10.0.0.153 "GET /v2.0/ports?device_id=8e8dd02a-696c-47a3-9bf7-5c446e9d3f26 HTTP/1.1" status: 200 len: 205 time: 0.0304556
2026-05-26 06:57:55.922 10 INFO neutron.wsgi [None req-6d1605c4-318c-4c98-bf47-70e930814cff 788a81fe56e24e56bde9eca93cc2db42 ff5e9b002184485f92dbbaf7d0a6e236 - - default default] 10.0.0.153 "PUT /v2.0/policies/3ed31d50-fb76-4eba-b319-86bc13d4c396/tags HTTP/1.1" status: 200 len: 230 time: 0.0937307
2026-05-26 06:57:55.958 10 INFO neutron.wsgi [None req-f95a4e53-ab98-4e13-b0a2-2d463018358e 788a81fe56e24e56bde9eca93cc2db42 ff5e9b002184485f92dbbaf7d0a6e236 - - default default] 10.0.0.153 "GET /v2.0/policies/3ed31d50-fb76-4eba-b319-86bc13d4c396/tags HTTP/1.1" status: 200 len: 230 time: 0.0297253
2026-05-26 06:57:55.985 10 INFO neutron.wsgi [None req-089ee461-8a21-4ef4-8362-315940906417 788a81fe56e24e56bde9eca93cc2db42 ff5e9b002184485f92dbbaf7d0a6e236 - - default default] 10.0.0.153 "GET /v2.0/policies/3ed31d50-fb76-4eba-b319-86bc13d4c396/tags/red HTTP/1.1" status: 204 len: 168 time: 0.0227969
2026-05-26 06:57:56.028 9 INFO neutron.api.v2.resource [None req-026e431a-badf-4ddd-9ea6-d00fbcb87b22 788a81fe56e24e56bde9eca93cc2db42 ff5e9b002184485f92dbbaf7d0a6e236 - - default default] show failed (client error): The resource could not be found.
2026-05-26 06:57:56.029 9 INFO neutron.wsgi [None req-026e431a-badf-4ddd-9ea6-d00fbcb87b22 788a81fe56e24e56bde9eca93cc2db42 ff5e9b002184485f92dbbaf7d0a6e236 - - default default] 10.0.0.153 "GET /v2.0/policies/3ed31d50-fb76-4eba-b319-86bc13d4c396/tags/green HTTP/1.1" status: 404 len: 299 time: 0.0403156
2026-05-26 06:57:56.060 9 INFO neutron.wsgi [None req-05976f80-2c07-4bbb-9c30-83a42fa25646 8d16257921214e02b42d32bfec1b919c 9e6d7ce1c2244722bba0373ead6ae8d3 - - default default] 10.0.0.153 "DELETE /v2.0/security-groups/aa4a9dc5-5fe0-4346-bd19-448afaf7d78c HTTP/1.1" status: 204 len: 168 time: 0.2712035
2026-05-26 06:57:56.100 10 INFO neutron.wsgi [None req-0af2342a-afff-45cb-93f4-37013b06e354 788a81fe56e24e56bde9eca93cc2db42 ff5e9b002184485f92dbbaf7d0a6e236 - - default default] 10.0.0.153 "DELETE /v2.0/policies/3ed31d50-fb76-4eba-b319-86bc13d4c396/tags/red HTTP/1.1" status: 204 len: 168 time: 0.0627317
2026-05-26 06:57:56.145 9 INFO neutron.wsgi [None req-66eab583-03cd-4836-a206-f949b41f0dcd 788a81fe56e24e56bde9eca93cc2db42 ff5e9b002184485f92dbbaf7d0a6e236 - - default default] 10.0.0.153 "GET /v2.0/policies/3ed31d50-fb76-4eba-b319-86bc13d4c396/tags HTTP/1.1" status: 200 len: 223 time: 0.0389221
2026-05-26 06:57:56.182 9 INFO neutron.api.v2.resource [None req-fc87a7f2-5630-4acf-87cb-c1044fdea57f 788a81fe56e24e56bde9eca93cc2db42 ff5e9b002184485f92dbbaf7d0a6e236 - - default default] delete failed (client error): The resource could not be found.
2026-05-26 06:57:56.183 9 INFO neutron.wsgi [None req-fc87a7f2-5630-4acf-87cb-c1044fdea57f 788a81fe56e24e56bde9eca93cc2db42 ff5e9b002184485f92dbbaf7d0a6e236 - - default default] 10.0.0.153 "DELETE /v2.0/policies/3ed31d50-fb76-4eba-b319-86bc13d4c396/tags/green HTTP/1.1" status: 404 len: 299 time: 0.0328970
2026-05-26 06:57:56.194 9 INFO neutron.wsgi [None req-8e853970-38d6-40f8-92af-0f0312c84c6e 44b9214df9404bcca1a872ff0f75a2df 65d4e7df3ac4481e99f8cce1f24bfd20 - - default default] 10.0.0.153 "DELETE /v2.0/routers/8e8dd02a-696c-47a3-9bf7-5c446e9d3f26 HTTP/1.1" status: 204 len: 168 time: 0.2752137
2026-05-26 06:57:56.236 10 INFO neutron.wsgi [None req-42b699b9-114b-41ab-94b1-8727bd5e9c9a 788a81fe56e24e56bde9eca93cc2db42 ff5e9b002184485f92dbbaf7d0a6e236 - - default default] 10.0.0.153 "DELETE /v2.0/policies/3ed31d50-fb76-4eba-b319-86bc13d4c396/tags HTTP/1.1" status: 204 len: 168 time: 0.0481024
2026-05-26 06:57:56.252 9 INFO neutron.wsgi [None req-a2b159a3-a19f-4bd5-96cf-447e3e92fb40 44b9214df9404bcca1a872ff0f75a2df 65d4e7df3ac4481e99f8cce1f24bfd20 - - default default] 10.0.0.153 "GET /v2.0/routers/06202c12-349f-4a79-84b9-a6139afec1dc HTTP/1.1" status: 200 len: 668 time: 0.0506682
2026-05-26 06:57:56.266 10 INFO neutron.wsgi [None req-02e50dc5-dd6f-43dc-9b18-b69885097304 788a81fe56e24e56bde9eca93cc2db42 ff5e9b002184485f92dbbaf7d0a6e236 - - default default] 10.0.0.153 "GET /v2.0/policies/3ed31d50-fb76-4eba-b319-86bc13d4c396/tags HTTP/1.1" status: 200 len: 205 time: 0.0257437
2026-05-26 06:57:56.365 10 INFO neutron.db.ovn_revision_numbers_db [None req-9af3c68a-e5d2-4357-9c0c-171d4c1b8949 0edbea49732b462690b759389ec47308 5d3e7656be664730abe9b22533f2b7f7 - - default default] Successfully bumped revision number for resource ac9fde7a-05bc-42d9-aabe-4b0a1f6f3c73 (type: ports) to 2
2026-05-26 06:57:56.374 10 INFO neutron.wsgi [None req-6e5b412d-a4e4-4bff-a0c4-e826a1b2ea0f 788a81fe56e24e56bde9eca93cc2db42 ff5e9b002184485f92dbbaf7d0a6e236 - - default default] 10.0.0.153 "DELETE /v2.0/qos/policies/3ed31d50-fb76-4eba-b319-86bc13d4c396 HTTP/1.1" status: 204 len: 168 time: 0.1012492
2026-05-26 06:57:56.398 10 INFO neutron.db.ovn_revision_numbers_db [None req-9af3c68a-e5d2-4357-9c0c-171d4c1b8949 0edbea49732b462690b759389ec47308 5d3e7656be664730abe9b22533f2b7f7 - - default default] Successfully bumped revision number for resource 0ffd170d-a04d-45ab-ad02-a4d6a8b688ec (type: subnets) to 0
2026-05-26 06:57:56.414 10 INFO neutron.wsgi [None req-9af3c68a-e5d2-4357-9c0c-171d4c1b8949 0edbea49732b462690b759389ec47308 5d3e7656be664730abe9b22533f2b7f7 - - default default] 10.0.0.153 "POST /v2.0/subnets HTTP/1.1" status: 201 len: 819 time: 1.0717833
2026-05-26 06:57:56.425 10 WARNING neutron.api.v2.base [None req-4917ee03-57c8-4953-a530-aa9525204ed3 0edbea49732b462690b759389ec47308 5d3e7656be664730abe9b22533f2b7f7 - - default default] An exception happened while processing the request body. The exception message is [Invalid input for target_tenant. Reason: 'None' is not a valid string.].: webob.exc.HTTPBadRequest: Invalid input for target_tenant. Reason: 'None' is not a valid string.
2026-05-26 06:57:56.426 10 INFO neutron.api.v2.resource [None req-4917ee03-57c8-4953-a530-aa9525204ed3 0edbea49732b462690b759389ec47308 5d3e7656be664730abe9b22533f2b7f7 - - default default] create failed (client error): Invalid input for target_tenant. Reason: 'None' is not a valid string.
2026-05-26 06:57:56.427 10 INFO neutron.wsgi [None req-4917ee03-57c8-4953-a530-aa9525204ed3 0edbea49732b462690b759389ec47308 5d3e7656be664730abe9b22533f2b7f7 - - default default] 10.0.0.153 "POST /v2.0/rbac-policies HTTP/1.1" status: 400 len: 346 time: 0.0073848
2026-05-26 06:57:56.972 9 INFO neutron.db.ovn_revision_numbers_db [None req-26d4d981-23f4-4b2c-b9b4-c772c418c3e3 44b9214df9404bcca1a872ff0f75a2df 65d4e7df3ac4481e99f8cce1f24bfd20 - - default default] Successfully bumped revision number for resource 06202c12-349f-4a79-84b9-a6139afec1dc (type: routers) to 2
2026-05-26 06:57:56.977 9 INFO neutron.wsgi [None req-26d4d981-23f4-4b2c-b9b4-c772c418c3e3 44b9214df9404bcca1a872ff0f75a2df 65d4e7df3ac4481e99f8cce1f24bfd20 - - default default] 10.0.0.153 "PUT /v2.0/routers/06202c12-349f-4a79-84b9-a6139afec1dc HTTP/1.1" status: 200 len: 668 time: 0.7200990
2026-05-26 06:57:57.004 10 INFO neutron.wsgi [None req-9e225fb2-4b96-4a00-b0e1-035986a121f6 44b9214df9404bcca1a872ff0f75a2df 65d4e7df3ac4481e99f8cce1f24bfd20 - - default default] 10.0.0.153 "GET /v2.0/ports?device_id=06202c12-349f-4a79-84b9-a6139afec1dc HTTP/1.1" status: 200 len: 205 time: 0.0221844
2026-05-26 06:57:57.190 10 INFO neutron.services.segments.plugin [-] Segment a48d0b1e-940b-495a-8c25-2c1df07f63a7 resource provider aggregate not found
2026-05-26 06:57:57.195 10 INFO neutron.services.segments.plugin [-] Segment a48d0b1e-940b-495a-8c25-2c1df07f63a7 resource provider aggregate not found
2026-05-26 06:57:57.212 10 INFO neutron.services.segments.plugin [-] Segment a48d0b1e-940b-495a-8c25-2c1df07f63a7 resource provider not found; error: Placement Client Error (4xx): {"errors": [{"status": 404, "title": "Not Found", "detail": "The resource could not be found.\n\n No resource provider with uuid a48d0b1e-940b-495a-8c25-2c1df07f63a7 found for delete ", "request_id": "req-1aa2e198-91cc-4ef2-abd2-75d112634e3b"}]}
2026-05-26 06:57:57.225 10 INFO neutron.services.segments.plugin [-] Segment a48d0b1e-940b-495a-8c25-2c1df07f63a7 resource provider not found; error: Placement Client Error (4xx): {"errors": [{"status": 404, "title": "Not Found", "detail": "The resource could not be found.\n\n No resource provider with uuid a48d0b1e-940b-495a-8c25-2c1df07f63a7 found for delete ", "request_id": "req-f2034c00-27d5-4bd5-bd9a-4b6ca6899837"}]}
2026-05-26 06:57:57.254 10 INFO neutron.wsgi [None req-bb1bb329-95d4-4d4f-a78a-c09a542238ec 0edbea49732b462690b759389ec47308 5d3e7656be664730abe9b22533f2b7f7 - - default default] 10.0.0.153 "DELETE /v2.0/networks/08c87f7c-5b91-43b7-a4af-5782d54a60ef HTTP/1.1" status: 204 len: 168 time: 0.8227506
