2026-05-26 07:01:08.836 10 INFO neutron.wsgi [None req-b12cb3a3-bb74-495f-9d70-f58a24a4bb10 8d16257921214e02b42d32bfec1b919c 9e6d7ce1c2244722bba0373ead6ae8d3 - - default default] 199.204.45.19 "GET /v2.0/subnets/948f1195-b69d-46d2-bab9-8462067f50c5 HTTP/1.1" status: 200 len: 850 time: 0.0315521
2026-05-26 07:01:08.903 10 INFO neutron.wsgi [None req-aeae314e-2a7c-4306-8d26-0b52dc149169 8d16257921214e02b42d32bfec1b919c 9e6d7ce1c2244722bba0373ead6ae8d3 - - default default] 199.204.45.19 "GET /v2.0/networks/a45471c5-9279-4d50-a624-b72f4d457ddf HTTP/1.1" status: 200 len: 1002 time: 0.0617089
2026-05-26 07:01:08.948 10 INFO neutron.wsgi [None req-b8a54872-c3b7-4fbe-9d92-712e54572b74 8d16257921214e02b42d32bfec1b919c 9e6d7ce1c2244722bba0373ead6ae8d3 - - default default] 199.204.45.19 "GET /v2.0/ports/46f143d8-ecb7-4162-9e77-a3fb5f1761f7 HTTP/1.1" status: 200 len: 1340 time: 0.0360155
2026-05-26 07:01:08.986 10 INFO neutron.wsgi [None req-24bc70a3-afe8-43fd-94fa-e22ce3e63248 8d16257921214e02b42d32bfec1b919c 9e6d7ce1c2244722bba0373ead6ae8d3 - - default default] 199.204.45.19 "GET /v2.0/subnets/948f1195-b69d-46d2-bab9-8462067f50c5 HTTP/1.1" status: 200 len: 850 time: 0.0315404
2026-05-26 07:01:09.165 10 INFO neutron.notifiers.nova [-] Nova event matching ['req-cdfae5a1-a915-4151-b9b9-0b73be3bef1e'] response: {'server_uuid': 'a43ea46e-2302-486d-9b35-a57b3101aa1d', 'name': 'network-vif-unplugged', 'status': 'completed', 'tag': '4b2c4a6e-68e8-4c91-b56a-e51e4b7162c8', 'code': 200}
2026-05-26 07:01:09.165 10 INFO neutron.notifiers.nova [-] Nova event matching ['req-cdfae5a1-a915-4151-b9b9-0b73be3bef1e'] response: {'server_uuid': 'a43ea46e-2302-486d-9b35-a57b3101aa1d', 'name': 'network-vif-plugged', 'status': 'completed', 'tag': '4b2c4a6e-68e8-4c91-b56a-e51e4b7162c8', 'code': 200}
2026-05-26 07:01:09.165 10 INFO neutron.notifiers.nova [-] Nova event matching ['req-cdfae5a1-a915-4151-b9b9-0b73be3bef1e'] response: {'server_uuid': 'a43ea46e-2302-486d-9b35-a57b3101aa1d', 'name': 'network-vif-deleted', 'tag': '4b2c4a6e-68e8-4c91-b56a-e51e4b7162c8', 'status': 'completed', 'code': 200}
2026-05-26 07:01:17.321 10 INFO neutron.wsgi [None req-715d49fe-d193-4315-86bd-0e1d8ed93ee4 8d16257921214e02b42d32bfec1b919c 9e6d7ce1c2244722bba0373ead6ae8d3 - - default default] 199.204.45.19 "GET /v2.0/extensions/security-group HTTP/1.1" status: 200 len: 369 time: 0.0069790
2026-05-26 07:01:17.330 10 INFO neutron.wsgi [None req-fed78d27-c143-4b71-8e99-fc458f0cff21 8d16257921214e02b42d32bfec1b919c 9e6d7ce1c2244722bba0373ead6ae8d3 - - default default] 199.204.45.19 "GET /v2.0/extensions/dns-integration HTTP/1.1" status: 200 len: 371 time: 0.0043216
2026-05-26 07:01:17.348 10 INFO neutron.wsgi [None req-3b6f95f1-e613-4d69-b8a0-043fa6963601 8d16257921214e02b42d32bfec1b919c 9e6d7ce1c2244722bba0373ead6ae8d3 - - default default] 199.204.45.19 "GET /v2.0/extensions/qos HTTP/1.1" status: 200 len: 365 time: 0.0056274
2026-05-26 07:01:17.359 10 INFO neutron.wsgi [None req-5a4b9f37-2060-4500-b613-ebdf5438e57c 8d16257921214e02b42d32bfec1b919c 9e6d7ce1c2244722bba0373ead6ae8d3 - - default default] 199.204.45.19 "GET /v2.0/extensions/allowed-address-pairs HTTP/1.1" status: 200 len: 383 time: 0.0058274
2026-05-26 07:01:17.370 10 INFO neutron.api.v2.resource [None req-22b97045-1b4c-4bd9-924e-8710b76e89fa 8d16257921214e02b42d32bfec1b919c 9e6d7ce1c2244722bba0373ead6ae8d3 - - default default] show failed (client error): The resource could not be found.
2026-05-26 07:01:17.372 10 INFO neutron.wsgi [None req-22b97045-1b4c-4bd9-924e-8710b76e89fa 8d16257921214e02b42d32bfec1b919c 9e6d7ce1c2244722bba0373ead6ae8d3 - - default default] 199.204.45.19 "GET /v2.0/security-groups/lb-9c569996-a2be-4388-82f3-6c254c2bd781 HTTP/1.1" status: 404 len: 355 time: 0.0096655
2026-05-26 07:01:17.430 10 INFO neutron.wsgi [None req-20362460-5b4c-48ef-9172-fcce5b668659 8d16257921214e02b42d32bfec1b919c 9e6d7ce1c2244722bba0373ead6ae8d3 - - default default] 199.204.45.19 "GET /v2.0/security-groups?name=lb-9c569996-a2be-4388-82f3-6c254c2bd781 HTTP/1.1" status: 200 len: 2941 time: 0.0550005
2026-05-26 07:01:17.465 10 INFO neutron.wsgi [None req-682af765-dda5-4030-a377-3f2d204b55a4 8d16257921214e02b42d32bfec1b919c 9e6d7ce1c2244722bba0373ead6ae8d3 - - default default] 199.204.45.19 "GET /v2.0/security-group-rules?security_group_id=1435a6e4-3654-4a38-81ce-97d660affc1b HTTP/1.1" status: 200 len: 2406 time: 0.0283437
2026-05-26 07:01:17.582 10 INFO neutron.wsgi [None req-f3425cf3-b690-4c1d-8aa1-c6f5e6ce2b29 8d16257921214e02b42d32bfec1b919c 9e6d7ce1c2244722bba0373ead6ae8d3 - - default default] 199.204.45.19 "DELETE /v2.0/security-group-rules/839e9985-5c4d-4b65-b40d-e514e924d6a5 HTTP/1.1" status: 204 len: 173 time: 0.1032243
2026-05-26 07:01:17.719 10 INFO neutron.wsgi [None req-10c6dd46-42ea-472c-9cec-7178d42437ce 8d16257921214e02b42d32bfec1b919c 9e6d7ce1c2244722bba0373ead6ae8d3 - - default default] 199.204.45.19 "DELETE /v2.0/security-group-rules/e3f059fa-2006-4423-8858-b40415d816e0 HTTP/1.1" status: 204 len: 173 time: 0.1274154
2026-05-26 07:01:19.635 9 INFO neutron.wsgi [-] 10.0.0.162 "GET / HTTP/1.1" status: 200 len: 246 time: 0.0020480
2026-05-26 07:01:19.636 10 INFO neutron.wsgi [-] 10.0.0.162 "GET / HTTP/1.1" status: 200 len: 246 time: 0.0032659
2026-05-26 07:01:21.574 9 INFO neutron.db.l3_db [None req-220f563e-c33a-4e1d-9219-75b7bb535af6 b905b100caf644fca640bb6ff94109cf 19239c86261f472ab15f1a1f913fd071 - - default default] Floating IP f58b00fc-d3b2-4eba-9f29-d8680e86d189 disassociated (deleted). External IP: 10.96.250.208, port: 46f143d8-ecb7-4162-9e77-a3fb5f1761f7.
2026-05-26 07:01:21.643 9 INFO neutron.wsgi [None req-220f563e-c33a-4e1d-9219-75b7bb535af6 b905b100caf644fca640bb6ff94109cf 19239c86261f472ab15f1a1f913fd071 - - default default] 10.0.0.153 "DELETE /v2.0/floatingips/f58b00fc-d3b2-4eba-9f29-d8680e86d189 HTTP/1.1" status: 204 len: 168 time: 0.4928358 /var/lib/openstack/lib/python3.10/site-packages/pycadf/identifier.py:71: UserWarning: Invalid uuid: neutron. To ensure interoperability, identifiers should be a valid uuid. warnings.warn(('Invalid uuid: %s. To ensure interoperability, '
2026-05-26 07:01:21.669 9 INFO neutron.api.v2.resource [None req-f81e0d70-02ad-472c-95d3-b106b8b45e49 b905b100caf644fca640bb6ff94109cf 19239c86261f472ab15f1a1f913fd071 - - default default] show failed (client error): The resource could not be found.
2026-05-26 07:01:21.671 9 INFO neutron.wsgi [None req-f81e0d70-02ad-472c-95d3-b106b8b45e49 b905b100caf644fca640bb6ff94109cf 19239c86261f472ab15f1a1f913fd071 - - default default] 10.0.0.153 "GET /v2.0/floatingips/f58b00fc-d3b2-4eba-9f29-d8680e86d189 HTTP/1.1" status: 404 len: 345 time: 0.0210681
2026-05-26 07:01:22.390 10 INFO neutron.wsgi [None req-b2e6d6c0-c80d-452f-8970-c8a53668c44d 8d16257921214e02b42d32bfec1b919c 9e6d7ce1c2244722bba0373ead6ae8d3 - - default default] 199.204.45.19 "GET /v2.0/extensions/security-group HTTP/1.1" status: 200 len: 369 time: 0.0076880
2026-05-26 07:01:22.401 10 INFO neutron.wsgi [None req-d5844406-0f78-4572-bcfc-79788445c90a 8d16257921214e02b42d32bfec1b919c 9e6d7ce1c2244722bba0373ead6ae8d3 - - default default] 199.204.45.19 "GET /v2.0/extensions/dns-integration HTTP/1.1" status: 200 len: 371 time: 0.0069571
2026-05-26 07:01:22.411 10 INFO neutron.wsgi [None req-84dc123e-0de3-4cf3-b0a9-e2086a379376 8d16257921214e02b42d32bfec1b919c 9e6d7ce1c2244722bba0373ead6ae8d3 - - default default] 199.204.45.19 "GET /v2.0/extensions/qos HTTP/1.1" status: 200 len: 365 time: 0.0051851
2026-05-26 07:01:22.423 10 INFO neutron.wsgi [None req-be6eab93-3c5f-4e57-9fa3-9c84c9b9acfa 8d16257921214e02b42d32bfec1b919c 9e6d7ce1c2244722bba0373ead6ae8d3 - - default default] 199.204.45.19 "GET /v2.0/extensions/allowed-address-pairs HTTP/1.1" status: 200 len: 383 time: 0.0064137
2026-05-26 07:01:22.484 10 INFO neutron.wsgi [None req-df63c632-63d7-4861-ac8d-865c95637edc 8d16257921214e02b42d32bfec1b919c 9e6d7ce1c2244722bba0373ead6ae8d3 - - default default] 199.204.45.19 "GET /v2.0/subnets/948f1195-b69d-46d2-bab9-8462067f50c5 HTTP/1.1" status: 200 len: 850 time: 0.0555141
2026-05-26 07:01:22.533 10 INFO neutron.wsgi [None req-790eac06-4b99-4bd2-b348-4b9a0114ee22 8d16257921214e02b42d32bfec1b919c 9e6d7ce1c2244722bba0373ead6ae8d3 - - default default] 199.204.45.19 "GET /v2.0/ports?device_id=a43ea46e-2302-486d-9b35-a57b3101aa1d HTTP/1.1" status: 200 len: 2724 time: 0.0426064
2026-05-26 07:01:22.619 10 INFO neutron.wsgi [None req-8bdea435-febf-4ebd-a6e7-4358fe326717 8d16257921214e02b42d32bfec1b919c 9e6d7ce1c2244722bba0373ead6ae8d3 - - default default] 199.204.45.19 "GET /v2.0/ports?device_id=a43ea46e-2302-486d-9b35-a57b3101aa1d HTTP/1.1" status: 200 len: 2724 time: 0.0741036
2026-05-26 07:01:22.754 10 INFO neutron.wsgi [None req-55fc4d1b-0889-4ddf-b161-b00adebd65df 8d16257921214e02b42d32bfec1b919c 9e6d7ce1c2244722bba0373ead6ae8d3 - - default default] 199.204.45.19 "GET /v2.0/ports?device_id=a43ea46e-2302-486d-9b35-a57b3101aa1d HTTP/1.1" status: 200 len: 2724 time: 0.0449588
2026-05-26 07:01:22.961 10 INFO neutron.plugins.ml2.drivers.ovn.mech_driver.mech_driver [None req-e6a22b7b-ebf5-4e4f-b819-8ca87162508e - - - - - -] OVN reports status down for port: 46f143d8-ecb7-4162-9e77-a3fb5f1761f7
2026-05-26 07:01:22.967 9 INFO neutron.plugins.ml2.drivers.ovn.mech_driver.mech_driver [None req-5387fb26-6f8c-40cd-bf4a-41039702261f - - - - - -] OVN reports status down for port: ff54d633-b545-4df4-9b4c-db2f3add7bce
2026-05-26 07:01:23.062 10 INFO neutron.wsgi [req-255648ca-00ac-4995-942e-3d0ef0d1fd4d req-ab6aa674-a97e-4027-a292-39fbb3d6a007 5c7467c5ea814135a75c199c52b33b24 4bcddaff19f249f4a00d6370a17ba542 - - 058c7cd3bd794d488f99be929a924898 058c7cd3bd794d488f99be929a924898] 199.204.45.19 "GET /v2.0/ports/ff54d633-b545-4df4-9b4c-db2f3add7bce HTTP/1.1" status: 200 len: 1515 time: 0.0678220
2026-05-26 07:01:23.112 10 INFO neutron.wsgi [req-255648ca-00ac-4995-942e-3d0ef0d1fd4d req-bbac5b4f-aaa1-4c8d-86ab-7668e6255ff5 8d16257921214e02b42d32bfec1b919c 9e6d7ce1c2244722bba0373ead6ae8d3 - - default default] 199.204.45.19 "GET /v2.0/ports/ff54d633-b545-4df4-9b4c-db2f3add7bce?fields=binding%3Aprofile&fields=network_id HTTP/1.1" status: 200 len: 281 time: 0.0438719
2026-05-26 07:01:23.164 9 INFO neutron.db.ovn_revision_numbers_db [None req-9b4234d0-ec79-44bf-8ff6-9092706dee19 - - - - - -] Successfully bumped revision number for resource 46f143d8-ecb7-4162-9e77-a3fb5f1761f7 (type: ports) to 6
2026-05-26 07:01:23.187 9 INFO neutron.notifiers.nova [-] Nova event matching ['req-4cc722e2-4950-478e-ba98-dce4ed9fcae2'] response: {'server_uuid': 'a43ea46e-2302-486d-9b35-a57b3101aa1d', 'name': 'network-vif-unplugged', 'status': 'completed', 'tag': 'ff54d633-b545-4df4-9b4c-db2f3add7bce', 'code': 200}
2026-05-26 07:01:23.199 10 INFO neutron.wsgi [req-255648ca-00ac-4995-942e-3d0ef0d1fd4d req-70745c06-f778-45fd-8837-3ebeb17b4f53 8d16257921214e02b42d32bfec1b919c 9e6d7ce1c2244722bba0373ead6ae8d3 - - default default] 199.204.45.19 "GET /v2.0/networks/a45471c5-9279-4d50-a624-b72f4d457ddf?fields=dns_domain HTTP/1.1" status: 200 len: 227 time: 0.0838544
2026-05-26 07:01:23.338 9 INFO neutron.db.ovn_revision_numbers_db [None req-5387fb26-6f8c-40cd-bf4a-41039702261f - - - - - -] Successfully bumped revision number for resource ff54d633-b545-4df4-9b4c-db2f3add7bce (type: ports) to 7
2026-05-26 07:01:23.674 10 INFO neutron.db.ovn_revision_numbers_db [req-255648ca-00ac-4995-942e-3d0ef0d1fd4d req-66b8d79e-6807-463b-9f21-88b5941a2ba6 5c7467c5ea814135a75c199c52b33b24 4bcddaff19f249f4a00d6370a17ba542 - - 058c7cd3bd794d488f99be929a924898 058c7cd3bd794d488f99be929a924898] Successfully bumped revision number for resource ff54d633-b545-4df4-9b4c-db2f3add7bce (type: ports) to 8
2026-05-26 07:01:23.699 10 INFO neutron.wsgi [req-255648ca-00ac-4995-942e-3d0ef0d1fd4d req-66b8d79e-6807-463b-9f21-88b5941a2ba6 5c7467c5ea814135a75c199c52b33b24 4bcddaff19f249f4a00d6370a17ba542 - - 058c7cd3bd794d488f99be929a924898 058c7cd3bd794d488f99be929a924898] 199.204.45.19 "PUT /v2.0/ports/ff54d633-b545-4df4-9b4c-db2f3add7bce HTTP/1.1" status: 200 len: 1347 time: 0.4955115 /var/lib/openstack/lib/python3.10/site-packages/pycadf/identifier.py:71: UserWarning: Invalid uuid: neutron. To ensure interoperability, identifiers should be a valid uuid. warnings.warn(('Invalid uuid: %s. To ensure interoperability, '
2026-05-26 07:01:23.803 10 INFO neutron.wsgi [req-255648ca-00ac-4995-942e-3d0ef0d1fd4d req-fe45e1d7-f378-4b7f-a80e-cfb6a83bb2e2 5c7467c5ea814135a75c199c52b33b24 4bcddaff19f249f4a00d6370a17ba542 - - 058c7cd3bd794d488f99be929a924898 058c7cd3bd794d488f99be929a924898] 199.204.45.19 "GET /v2.0/ports?tenant_id=9e6d7ce1c2244722bba0373ead6ae8d3&device_id=a43ea46e-2302-486d-9b35-a57b3101aa1d HTTP/1.1" status: 200 len: 1417 time: 0.0534775
2026-05-26 07:01:23.824 10 INFO neutron.wsgi [None req-c0125bb0-4e82-457a-9f5a-a525a174698a 8d16257921214e02b42d32bfec1b919c 9e6d7ce1c2244722bba0373ead6ae8d3 - - default default] 199.204.45.19 "GET /v2.0/ports?device_id=a43ea46e-2302-486d-9b35-a57b3101aa1d HTTP/1.1" status: 200 len: 1417 time: 0.0614698
2026-05-26 07:01:23.905 10 INFO neutron.wsgi [req-255648ca-00ac-4995-942e-3d0ef0d1fd4d req-ba52b29c-6b3e-45ff-a0c5-f124be5e1d45 5c7467c5ea814135a75c199c52b33b24 4bcddaff19f249f4a00d6370a17ba542 - - 058c7cd3bd794d488f99be929a924898 058c7cd3bd794d488f99be929a924898] 199.204.45.19 "GET /v2.0/networks?id=78819352-77a4-42d4-8a38-fa6c8e287c04&id=a45471c5-9279-4d50-a624-b72f4d457ddf HTTP/1.1" status: 200 len: 1730 time: 0.0930300
2026-05-26 07:01:23.950 10 INFO neutron.wsgi [req-255648ca-00ac-4995-942e-3d0ef0d1fd4d req-6ea23640-e0c1-40d9-9d9f-bbf01b4dede9 5c7467c5ea814135a75c199c52b33b24 4bcddaff19f249f4a00d6370a17ba542 - - 058c7cd3bd794d488f99be929a924898 058c7cd3bd794d488f99be929a924898] 199.204.45.19 "GET /v2.0/floatingips?fixed_ip_address=172.24.0.142&port_id=f7cb6eed-a8f1-459a-b75f-cb6c986e8ba0 HTTP/1.1" status: 200 len: 217 time: 0.0367470
2026-05-26 07:01:24.011 10 INFO neutron.wsgi [req-255648ca-00ac-4995-942e-3d0ef0d1fd4d req-42f93509-8e8a-48bc-920f-be56a937c1b6 5c7467c5ea814135a75c199c52b33b24 4bcddaff19f249f4a00d6370a17ba542 - - 058c7cd3bd794d488f99be929a924898 058c7cd3bd794d488f99be929a924898] 199.204.45.19 "GET /v2.0/subnets?id=b1f423e7-c4f3-43b2-b9d1-8650d006c82b HTTP/1.1" status: 200 len: 829 time: 0.0531883
2026-05-26 07:01:24.045 10 INFO neutron.wsgi [req-255648ca-00ac-4995-942e-3d0ef0d1fd4d req-54414b00-30be-4a72-967f-0277f4078cad 5c7467c5ea814135a75c199c52b33b24 4bcddaff19f249f4a00d6370a17ba542 - - 058c7cd3bd794d488f99be929a924898 058c7cd3bd794d488f99be929a924898] 199.204.45.19 "GET /v2.0/ports?network_id=78819352-77a4-42d4-8a38-fa6c8e287c04&device_owner=network%3Adhcp HTTP/1.1" status: 200 len: 210 time: 0.0294356
2026-05-26 07:01:24.134 10 INFO neutron.wsgi [req-255648ca-00ac-4995-942e-3d0ef0d1fd4d req-a25767b1-2212-4875-89ca-025d443b01de 5c7467c5ea814135a75c199c52b33b24 4bcddaff19f249f4a00d6370a17ba542 - - 058c7cd3bd794d488f99be929a924898 058c7cd3bd794d488f99be929a924898] 199.204.45.19 "GET /v2.0/networks/78819352-77a4-42d4-8a38-fa6c8e287c04?fields=segments HTTP/1.1" status: 200 len: 212 time: 0.0820861 /var/lib/openstack/lib/python3.10/site-packages/pycadf/identifier.py:71: UserWarning: Invalid uuid: neutron. To ensure interoperability, identifiers should be a valid uuid. warnings.warn(('Invalid uuid: %s. To ensure interoperability, '
2026-05-26 07:01:24.221 10 INFO neutron.wsgi [req-255648ca-00ac-4995-942e-3d0ef0d1fd4d req-c4c73e20-2558-41ee-b60a-e3faf80809f6 5c7467c5ea814135a75c199c52b33b24 4bcddaff19f249f4a00d6370a17ba542 - - 058c7cd3bd794d488f99be929a924898 058c7cd3bd794d488f99be929a924898] 199.204.45.19 "GET /v2.0/networks/78819352-77a4-42d4-8a38-fa6c8e287c04?fields=provider%3Aphysical_network&fields=provider%3Anetwork_type HTTP/1.1" status: 200 len: 277 time: 0.0796235
2026-05-26 07:01:24.340 10 INFO neutron.db.ovn_revision_numbers_db [None req-90c5705f-2255-422a-88ae-7ac6338f9937 8d16257921214e02b42d32bfec1b919c 9e6d7ce1c2244722bba0373ead6ae8d3 - - default default] Successfully bumped revision number for resource ff54d633-b545-4df4-9b4c-db2f3add7bce (type: ports) to 9
2026-05-26 07:01:24.358 10 INFO neutron.wsgi [None req-90c5705f-2255-422a-88ae-7ac6338f9937 8d16257921214e02b42d32bfec1b919c 9e6d7ce1c2244722bba0373ead6ae8d3 - - default default] 199.204.45.19 "PUT /v2.0/ports/ff54d633-b545-4df4-9b4c-db2f3add7bce HTTP/1.1" status: 200 len: 1286 time: 0.5220802
2026-05-26 07:01:24.412 10 INFO neutron.wsgi [None req-05ffe8e3-573a-4e81-ba91-415123bacac4 8d16257921214e02b42d32bfec1b919c 9e6d7ce1c2244722bba0373ead6ae8d3 - - default default] 199.204.45.19 "GET /v2.0/ports/ff54d633-b545-4df4-9b4c-db2f3add7bce HTTP/1.1" status: 200 len: 1286 time: 0.0478327
2026-05-26 07:01:24.427 9 INFO neutron.db.ovn_revision_numbers_db [None req-9b4234d0-ec79-44bf-8ff6-9092706dee19 - - - - - -] Successfully bumped revision number for resource 46f143d8-ecb7-4162-9e77-a3fb5f1761f7 (type: ports) to 8
2026-05-26 07:01:24.752 10 INFO neutron.wsgi [None req-874f4fa5-3fb0-462a-a01e-94a00f4d311a 8d16257921214e02b42d32bfec1b919c 9e6d7ce1c2244722bba0373ead6ae8d3 - - default default] 199.204.45.19 "DELETE /v2.0/ports/ff54d633-b545-4df4-9b4c-db2f3add7bce HTTP/1.1" status: 204 len: 173 time: 0.3323042
2026-05-26 07:01:24.838 10 INFO neutron.wsgi [None req-a3eabd62-73cf-4f52-a937-b3d9029b6229 8d16257921214e02b42d32bfec1b919c 9e6d7ce1c2244722bba0373ead6ae8d3 - - default default] 199.204.45.19 "GET /v2.0/extensions/security-group HTTP/1.1" status: 200 len: 369 time: 0.0074530
2026-05-26 07:01:24.848 10 INFO neutron.wsgi [None req-80c59f9b-3673-4f98-8a23-b4cdc7bb2057 8d16257921214e02b42d32bfec1b919c 9e6d7ce1c2244722bba0373ead6ae8d3 - - default default] 199.204.45.19 "GET /v2.0/extensions/dns-integration HTTP/1.1" status: 200 len: 371 time: 0.0045097
2026-05-26 07:01:24.856 10 INFO neutron.wsgi [None req-b45b0ec9-633d-4281-94e3-b0253238e85e 8d16257921214e02b42d32bfec1b919c 9e6d7ce1c2244722bba0373ead6ae8d3 - - default default] 199.204.45.19 "GET /v2.0/extensions/qos HTTP/1.1" status: 200 len: 365 time: 0.0042377
2026-05-26 07:01:24.865 10 INFO neutron.wsgi [None req-fe3c3206-d80b-48d0-9ca1-e465de25015d 8d16257921214e02b42d32bfec1b919c 9e6d7ce1c2244722bba0373ead6ae8d3 - - default default] 199.204.45.19 "GET /v2.0/extensions/allowed-address-pairs HTTP/1.1" status: 200 len: 383 time: 0.0044973
2026-05-26 07:01:24.888 10 INFO neutron.pecan_wsgi.hooks.translation [None req-a6b904e4-6741-4673-bdc7-389c21f30198 8d16257921214e02b42d32bfec1b919c 9e6d7ce1c2244722bba0373ead6ae8d3 - - default default] DELETE failed (client error): The resource could not be found.
2026-05-26 07:01:24.890 10 INFO neutron.wsgi [None req-a6b904e4-6741-4673-bdc7-389c21f30198 8d16257921214e02b42d32bfec1b919c 9e6d7ce1c2244722bba0373ead6ae8d3 - - default default] 199.204.45.19 "DELETE /v2.0/ports/ff54d633-b545-4df4-9b4c-db2f3add7bce HTTP/1.1" status: 404 len: 338 time: 0.0204921
2026-05-26 07:01:24.931 10 INFO neutron.wsgi [None req-831a9784-9eb8-43d9-8b9a-4f32954b4610 8d16257921214e02b42d32bfec1b919c 9e6d7ce1c2244722bba0373ead6ae8d3 - - default default] 199.204.45.19 "GET /v2.0/ports/46f143d8-ecb7-4162-9e77-a3fb5f1761f7 HTTP/1.1" status: 200 len: 1332 time: 0.0347919
2026-05-26 07:01:24.949 10 INFO neutron.api.v2.resource [None req-fe96be74-901b-48fb-b285-fafe8b7447fa 8d16257921214e02b42d32bfec1b919c 9e6d7ce1c2244722bba0373ead6ae8d3 - - default default] show failed (client error): The resource could not be found.
2026-05-26 07:01:24.951 10 INFO neutron.wsgi [None req-fe96be74-901b-48fb-b285-fafe8b7447fa 8d16257921214e02b42d32bfec1b919c 9e6d7ce1c2244722bba0373ead6ae8d3 - - default default] 199.204.45.19 "GET /v2.0/security-groups/lb-9c569996-a2be-4388-82f3-6c254c2bd781 HTTP/1.1" status: 404 len: 355 time: 0.0130970
2026-05-26 07:01:25.232 9 INFO neutron.notifiers.nova [-] Nova event matching ['req-07c1859d-51fb-4b44-b1a3-6797f397a23c'] response: {'server_uuid': 'a43ea46e-2302-486d-9b35-a57b3101aa1d', 'name': 'network-vif-plugged', 'status': 'completed', 'tag': 'ff54d633-b545-4df4-9b4c-db2f3add7bce', 'code': 200}
2026-05-26 07:01:25.253 10 INFO neutron.wsgi [None req-55a0c4fc-5ba4-4d76-88eb-3b28363d6a69 8d16257921214e02b42d32bfec1b919c 9e6d7ce1c2244722bba0373ead6ae8d3 - - default default] 199.204.45.19 "GET /v2.0/security-groups?name=lb-9c569996-a2be-4388-82f3-6c254c2bd781 HTTP/1.1" status: 200 len: 1777 time: 0.2976868
2026-05-26 07:01:25.296 10 INFO neutron.wsgi [None req-261f9c0e-ab44-43e8-ae88-c62a11d75abf 8d16257921214e02b42d32bfec1b919c 9e6d7ce1c2244722bba0373ead6ae8d3 - - default default] 199.204.45.19 "GET /v2.0/ports/46f143d8-ecb7-4162-9e77-a3fb5f1761f7 HTTP/1.1" status: 200 len: 1332 time: 0.0359550
2026-05-26 07:01:25.674 10 INFO neutron.db.ovn_revision_numbers_db [None req-af4b9799-c968-4f76-aedb-6a47ab08a3db 8d16257921214e02b42d32bfec1b919c 9e6d7ce1c2244722bba0373ead6ae8d3 - - default default] Successfully bumped revision number for resource 46f143d8-ecb7-4162-9e77-a3fb5f1761f7 (type: ports) to 9
2026-05-26 07:01:25.692 10 INFO neutron.wsgi [None req-af4b9799-c968-4f76-aedb-6a47ab08a3db 8d16257921214e02b42d32bfec1b919c 9e6d7ce1c2244722bba0373ead6ae8d3 - - default default] 199.204.45.19 "PUT /v2.0/ports/46f143d8-ecb7-4162-9e77-a3fb5f1761f7 HTTP/1.1" status: 200 len: 1294 time: 0.3876326
2026-05-26 07:01:25.801 10 INFO neutron.wsgi [None req-52a83044-d874-4e4a-8d5f-dd082499e2a2 8d16257921214e02b42d32bfec1b919c 9e6d7ce1c2244722bba0373ead6ae8d3 - - default default] 199.204.45.19 "DELETE /v2.0/security-groups/1435a6e4-3654-4a38-81ce-97d660affc1b HTTP/1.1" status: 204 len: 173 time: 0.1012065
2026-05-26 07:01:26.113 10 INFO neutron.wsgi [None req-a259c18e-0b7d-49f4-b4a2-2e5165463b58 8d16257921214e02b42d32bfec1b919c 9e6d7ce1c2244722bba0373ead6ae8d3 - - default default] 199.204.45.19 "DELETE /v2.0/ports/46f143d8-ecb7-4162-9e77-a3fb5f1761f7 HTTP/1.1" status: 204 len: 173 time: 0.3040271
2026-05-26 07:01:26.470 9 INFO neutron.plugins.ml2.drivers.ovn.mech_driver.mech_driver [None req-5387fb26-6f8c-40cd-bf4a-41039702261f - - - - - -] OVN reports status down for port: f7cb6eed-a8f1-459a-b75f-cb6c986e8ba0
2026-05-26 07:01:26.719 10 INFO neutron.wsgi [req-910a06a0-78b1-4783-be4d-5514a4e307a4 req-f8fd62bc-695d-422e-955b-6b7fa520fa55 8d16257921214e02b42d32bfec1b919c 9e6d7ce1c2244722bba0373ead6ae8d3 - - default default] 199.204.45.19 "GET /v2.0/ports?device_id=a43ea46e-2302-486d-9b35-a57b3101aa1d HTTP/1.1" status: 200 len: 1415 time: 0.0388412
2026-05-26 07:01:26.963 9 INFO neutron.db.ovn_revision_numbers_db [None req-5387fb26-6f8c-40cd-bf4a-41039702261f - - - - - -] Successfully bumped revision number for resource f7cb6eed-a8f1-459a-b75f-cb6c986e8ba0 (type: ports) to 5
2026-05-26 07:01:27.111 10 INFO neutron.wsgi [req-910a06a0-78b1-4783-be4d-5514a4e307a4 req-cec893f9-b333-4102-8282-777a18a591c5 8d16257921214e02b42d32bfec1b919c 9e6d7ce1c2244722bba0373ead6ae8d3 - - default default] 199.204.45.19 "DELETE /v2.0/ports/f7cb6eed-a8f1-459a-b75f-cb6c986e8ba0 HTTP/1.1" status: 204 len: 173 time: 0.3866775
2026-05-26 07:01:27.154 10 INFO neutron.notifiers.nova [-] Nova event matching ['req-50e21fa6-7268-4c89-b1ed-d45ff60e9a22'] response: {'server_uuid': 'a43ea46e-2302-486d-9b35-a57b3101aa1d', 'name': 'network-vif-deleted', 'tag': 'f7cb6eed-a8f1-459a-b75f-cb6c986e8ba0', 'status': 'completed', 'code': 200}
2026-05-26 07:01:27.268 9 INFO neutron.notifiers.nova [-] Nova event matching ['req-f091f4e0-3eef-4258-9476-555ecdac785b'] response: {'server_uuid': 'a43ea46e-2302-486d-9b35-a57b3101aa1d', 'name': 'network-vif-unplugged', 'status': 'completed', 'tag': 'f7cb6eed-a8f1-459a-b75f-cb6c986e8ba0', 'code': 200}
2026-05-26 07:01:27.268 9 INFO neutron.notifiers.nova [-] Nova event matching ['req-f091f4e0-3eef-4258-9476-555ecdac785b'] response: {'server_uuid': 'a43ea46e-2302-486d-9b35-a57b3101aa1d', 'name': 'network-vif-plugged', 'status': 'completed', 'tag': 'f7cb6eed-a8f1-459a-b75f-cb6c986e8ba0', 'code': 200}
2026-05-26 07:01:27.285 10 INFO neutron.db.l3_db [None req-5a7cfb26-107b-46a2-aa7b-6b218b3090ea b905b100caf644fca640bb6ff94109cf 19239c86261f472ab15f1a1f913fd071 - - default default] Floating IP 45f7f91b-0464-4747-b416-b43f2c247b62 disassociated (deleted). External IP: 10.96.250.215, port: cf1f04f4-fb85-439d-9ce7-74c98320559a.
2026-05-26 07:01:27.362 10 INFO neutron.wsgi [None req-5a7cfb26-107b-46a2-aa7b-6b218b3090ea b905b100caf644fca640bb6ff94109cf 19239c86261f472ab15f1a1f913fd071 - - default default] 10.0.0.153 "DELETE /v2.0/floatingips/45f7f91b-0464-4747-b416-b43f2c247b62 HTTP/1.1" status: 204 len: 168 time: 0.5109670 /var/lib/openstack/lib/python3.10/site-packages/pycadf/identifier.py:71: UserWarning: Invalid uuid: neutron. To ensure interoperability, identifiers should be a valid uuid. warnings.warn(('Invalid uuid: %s. To ensure interoperability, '
2026-05-26 07:01:27.400 10 INFO neutron.api.v2.resource [None req-0d23f8df-95e4-4500-b4ba-51f33727d9ba b905b100caf644fca640bb6ff94109cf 19239c86261f472ab15f1a1f913fd071 - - default default] show failed (client error): The resource could not be found.
2026-05-26 07:01:27.402 10 INFO neutron.wsgi [None req-0d23f8df-95e4-4500-b4ba-51f33727d9ba b905b100caf644fca640bb6ff94109cf 19239c86261f472ab15f1a1f913fd071 - - default default] 10.0.0.153 "GET /v2.0/floatingips/45f7f91b-0464-4747-b416-b43f2c247b62 HTTP/1.1" status: 404 len: 345 time: 0.0320387
2026-05-26 07:01:27.592 9 INFO neutron.plugins.ml2.drivers.ovn.mech_driver.mech_driver [None req-5387fb26-6f8c-40cd-bf4a-41039702261f - - - - - -] OVN reports status down for port: cf1f04f4-fb85-439d-9ce7-74c98320559a
2026-05-26 07:01:27.681 10 INFO neutron.wsgi [req-8791a423-9655-4d6a-9791-530af58c9a09 req-d1ad6ffd-0f26-41d0-af39-0b15c15ca537 b905b100caf644fca640bb6ff94109cf 19239c86261f472ab15f1a1f913fd071 - - default default] 10.0.0.158 "GET /v2.0/ports?device_id=ec279049-aa1f-4063-9831-81e2c6aa8115 HTTP/1.1" status: 200 len: 1404 time: 0.1033757
2026-05-26 07:01:27.735 10 INFO neutron.wsgi [req-8791a423-9655-4d6a-9791-530af58c9a09 req-1cbdd3a7-818c-44d5-9854-0f73dcaf5809 b905b100caf644fca640bb6ff94109cf 19239c86261f472ab15f1a1f913fd071 - - default default] 10.0.0.158 "GET /v2.0/security-groups?id=5d8c9ae7-0ce7-431f-a283-9673dc1ba090&fields=id&fields=name HTTP/1.1" status: 200 len: 311 time: 0.0477741
2026-05-26 07:01:27.883 9 INFO neutron.db.ovn_revision_numbers_db [None req-5387fb26-6f8c-40cd-bf4a-41039702261f - - - - - -] Successfully bumped revision number for resource cf1f04f4-fb85-439d-9ce7-74c98320559a (type: ports) to 5
2026-05-26 07:01:27.897 10 INFO neutron.wsgi [req-91d39f8d-b7b9-4490-80bf-71d28dedf5f7 req-3eb0da56-b43d-4f0d-929a-84ddc0087b2c b905b100caf644fca640bb6ff94109cf 19239c86261f472ab15f1a1f913fd071 - - default default] 199.204.45.19 "GET /v2.0/ports?device_id=ec279049-aa1f-4063-9831-81e2c6aa8115 HTTP/1.1" status: 200 len: 1402 time: 0.0408812
2026-05-26 07:01:28.216 10 INFO neutron.wsgi [req-91d39f8d-b7b9-4490-80bf-71d28dedf5f7 req-3bcedd2e-fbec-4c3b-a2b9-ad28cfc85d3a b905b100caf644fca640bb6ff94109cf 19239c86261f472ab15f1a1f913fd071 - - default default] 199.204.45.19 "DELETE /v2.0/ports/cf1f04f4-fb85-439d-9ce7-74c98320559a HTTP/1.1" status: 204 len: 173 time: 0.3130851
2026-05-26 07:01:29.193 10 INFO neutron.notifiers.nova [-] Nova event matching ['req-08287f85-2b0b-43c9-a3ae-441969cf6fe0'] response: {'name': 'network-changed', 'server_uuid': 'ec279049-aa1f-4063-9831-81e2c6aa8115', 'tag': 'cf1f04f4-fb85-439d-9ce7-74c98320559a', 'status': 'completed', 'code': 200}
2026-05-26 07:01:29.194 10 INFO neutron.notifiers.nova [-] Nova event matching ['req-08287f85-2b0b-43c9-a3ae-441969cf6fe0'] response: {'server_uuid': 'ec279049-aa1f-4063-9831-81e2c6aa8115', 'name': 'network-vif-deleted', 'tag': 'cf1f04f4-fb85-439d-9ce7-74c98320559a', 'status': 'completed', 'code': 200}
2026-05-26 07:01:29.220 10 INFO neutron.wsgi [req-d04891d4-4308-4d94-bef2-9036ab3d2022 req-44519c35-e740-4702-88d0-38e6671a111d 5c7467c5ea814135a75c199c52b33b24 4bcddaff19f249f4a00d6370a17ba542 - - 058c7cd3bd794d488f99be929a924898 058c7cd3bd794d488f99be929a924898] 199.204.45.19 "GET /v2.0/ports?tenant_id=19239c86261f472ab15f1a1f913fd071&device_id=ec279049-aa1f-4063-9831-81e2c6aa8115 HTTP/1.1" status: 200 len: 210 time: 0.0204470
2026-05-26 07:01:29.316 9 INFO neutron.notifiers.nova [-] Nova event matching ['req-48ad66d1-91d7-47d7-a1d2-2ae956c2a172'] response: {'server_uuid': 'ec279049-aa1f-4063-9831-81e2c6aa8115', 'name': 'network-vif-unplugged', 'status': 'completed', 'tag': 'cf1f04f4-fb85-439d-9ce7-74c98320559a', 'code': 200}
2026-05-26 07:01:29.316 9 INFO neutron.notifiers.nova [-] Nova event matching ['req-48ad66d1-91d7-47d7-a1d2-2ae956c2a172'] response: {'server_uuid': 'ec279049-aa1f-4063-9831-81e2c6aa8115', 'name': 'network-vif-plugged', 'status': 'completed', 'tag': 'cf1f04f4-fb85-439d-9ce7-74c98320559a', 'code': 200}
2026-05-26 07:01:29.331 10 INFO neutron.wsgi [req-d04891d4-4308-4d94-bef2-9036ab3d2022 req-b6943bf7-65fc-4fb6-9b71-668111b59ac9 5c7467c5ea814135a75c199c52b33b24 4bcddaff19f249f4a00d6370a17ba542 - - 058c7cd3bd794d488f99be929a924898 058c7cd3bd794d488f99be929a924898] 199.204.45.19 "GET /v2.0/networks?tenant_id=19239c86261f472ab15f1a1f913fd071&shared=False HTTP/1.1" status: 200 len: 2582 time: 0.1045525
2026-05-26 07:01:29.431 10 INFO neutron.wsgi [req-d04891d4-4308-4d94-bef2-9036ab3d2022 req-9fd17c7d-d889-4da6-b444-b4fffd54d648 5c7467c5ea814135a75c199c52b33b24 4bcddaff19f249f4a00d6370a17ba542 - - 058c7cd3bd794d488f99be929a924898 058c7cd3bd794d488f99be929a924898] 199.204.45.19 "GET /v2.0/networks?shared=True HTTP/1.1" status: 200 len: 952 time: 0.0914371 /var/lib/openstack/lib/python3.10/site-packages/pycadf/identifier.py:71: UserWarning: Invalid uuid: neutron. To ensure interoperability, identifiers should be a valid uuid. warnings.warn(('Invalid uuid: %s. To ensure interoperability, '
2026-05-26 07:01:33.165 9 INFO neutron.db.l3_db [None req-3e44466c-cf8a-440c-9008-6eea363f5175 b905b100caf644fca640bb6ff94109cf 19239c86261f472ab15f1a1f913fd071 - - default default] Floating IP a8f143f0-839f-4aba-9acc-e3f5bd5682c4 disassociated (deleted). External IP: 10.96.250.217, port: ca098ae7-1389-4c0c-83b6-b0d0742f1a8f.
2026-05-26 07:01:33.244 9 INFO neutron.wsgi [None req-3e44466c-cf8a-440c-9008-6eea363f5175 b905b100caf644fca640bb6ff94109cf 19239c86261f472ab15f1a1f913fd071 - - default default] 10.0.0.153 "DELETE /v2.0/floatingips/a8f143f0-839f-4aba-9acc-e3f5bd5682c4 HTTP/1.1" status: 204 len: 168 time: 0.4492731
2026-05-26 07:01:33.271 10 INFO neutron.api.v2.resource [None req-fa3cedb6-eff9-4147-b4b7-814317f7beb5 b905b100caf644fca640bb6ff94109cf 19239c86261f472ab15f1a1f913fd071 - - default default] show failed (client error): The resource could not be found.
2026-05-26 07:01:33.272 10 INFO neutron.wsgi [None req-fa3cedb6-eff9-4147-b4b7-814317f7beb5 b905b100caf644fca640bb6ff94109cf 19239c86261f472ab15f1a1f913fd071 - - default default] 10.0.0.153 "GET /v2.0/floatingips/a8f143f0-839f-4aba-9acc-e3f5bd5682c4 HTTP/1.1" status: 404 len: 345 time: 0.0241075
2026-05-26 07:01:33.285 9 INFO neutron.notifiers.nova [-] Nova event matching ['req-1c23570c-914a-4a92-a65b-eccd2c242185'] response: {'name': 'network-changed', 'server_uuid': '29dac7fe-9989-4be9-8f42-7c3fe29a19f6', 'tag': 'ca098ae7-1389-4c0c-83b6-b0d0742f1a8f', 'status': 'completed', 'code': 200}
2026-05-26 07:01:33.350 10 INFO neutron.wsgi [req-1acaa09b-c9dd-4b0f-9228-82eca225f338 req-e1764329-0b60-4725-9964-6eeff95b3f87 5c7467c5ea814135a75c199c52b33b24 4bcddaff19f249f4a00d6370a17ba542 - - 058c7cd3bd794d488f99be929a924898 058c7cd3bd794d488f99be929a924898] 199.204.45.19 "GET /v2.0/ports?tenant_id=19239c86261f472ab15f1a1f913fd071&device_id=29dac7fe-9989-4be9-8f42-7c3fe29a19f6 HTTP/1.1" status: 200 len: 1630 time: 0.0470102
2026-05-26 07:01:33.436 10 INFO neutron.wsgi [req-1acaa09b-c9dd-4b0f-9228-82eca225f338 req-0b211b51-fbb8-4986-8cc2-2395ac2c8071 5c7467c5ea814135a75c199c52b33b24 4bcddaff19f249f4a00d6370a17ba542 - - 058c7cd3bd794d488f99be929a924898 058c7cd3bd794d488f99be929a924898] 199.204.45.19 "GET /v2.0/networks?id=5b79dce7-f94b-42f9-93d2-e577b69f1471 HTTP/1.1" status: 200 len: 1000 time: 0.0729470
2026-05-26 07:01:33.473 9 INFO neutron.plugins.ml2.drivers.ovn.mech_driver.mech_driver [None req-5387fb26-6f8c-40cd-bf4a-41039702261f - - - - - -] OVN reports status down for port: ca098ae7-1389-4c0c-83b6-b0d0742f1a8f
2026-05-26 07:01:33.479 10 INFO neutron.wsgi [req-1acaa09b-c9dd-4b0f-9228-82eca225f338 req-5ffdfa3f-0030-457c-a8ae-049c11e6949a 5c7467c5ea814135a75c199c52b33b24 4bcddaff19f249f4a00d6370a17ba542 - - 058c7cd3bd794d488f99be929a924898 058c7cd3bd794d488f99be929a924898] 199.204.45.19 "GET /v2.0/floatingips?fixed_ip_address=10.2.1.202&port_id=ca098ae7-1389-4c0c-83b6-b0d0742f1a8f HTTP/1.1" status: 200 len: 217 time: 0.0246027
2026-05-26 07:01:33.524 10 INFO neutron.wsgi [req-1acaa09b-c9dd-4b0f-9228-82eca225f338 req-9ae83b76-d73e-4cef-9703-79937d94399d 5c7467c5ea814135a75c199c52b33b24 4bcddaff19f249f4a00d6370a17ba542 - - 058c7cd3bd794d488f99be929a924898 058c7cd3bd794d488f99be929a924898] 199.204.45.19 "GET /v2.0/floatingips?fixed_ip_address=fd7b%3Af9f7%3Afff%3A4eca%3A%3A4&port_id=ca098ae7-1389-4c0c-83b6-b0d0742f1a8f HTTP/1.1" status: 200 len: 217 time: 0.0379839
2026-05-26 07:01:33.572 10 INFO neutron.wsgi [req-1acaa09b-c9dd-4b0f-9228-82eca225f338 req-0d94fc68-866a-48f5-8ee8-13779bac911f 5c7467c5ea814135a75c199c52b33b24 4bcddaff19f249f4a00d6370a17ba542 - - 058c7cd3bd794d488f99be929a924898 058c7cd3bd794d488f99be929a924898] 199.204.45.19 "GET /v2.0/subnets?id=b6aca5de-25ed-40aa-9b0a-b51251deb044&id=43e647e5-e107-4a3c-a9d9-6d6943a65573 HTTP/1.1" status: 200 len: 1563 time: 0.0397816
2026-05-26 07:01:33.579 10 INFO neutron.wsgi [req-a63ac7d7-9ef8-498e-a8ef-2b0e3ef6bdc7 req-2763c02a-3928-41cc-9235-be96eee7e18d b905b100caf644fca640bb6ff94109cf 19239c86261f472ab15f1a1f913fd071 - - default default] 10.0.0.158 "GET /v2.0/ports?device_id=29dac7fe-9989-4be9-8f42-7c3fe29a19f6 HTTP/1.1" status: 200 len: 1392 time: 0.1540358
2026-05-26 07:01:33.601 10 INFO neutron.wsgi [req-1acaa09b-c9dd-4b0f-9228-82eca225f338 req-b8b7e76e-2103-4a33-88bb-80e0a2cabe61 5c7467c5ea814135a75c199c52b33b24 4bcddaff19f249f4a00d6370a17ba542 - - 058c7cd3bd794d488f99be929a924898 058c7cd3bd794d488f99be929a924898] 199.204.45.19 "GET /v2.0/ports?network_id=5b79dce7-f94b-42f9-93d2-e577b69f1471&device_owner=network%3Adhcp HTTP/1.1" status: 200 len: 210 time: 0.0214319
2026-05-26 07:01:33.632 10 INFO neutron.wsgi [req-1acaa09b-c9dd-4b0f-9228-82eca225f338 req-f7e5aaa3-c20f-4b9c-ac76-5d28b1983470 5c7467c5ea814135a75c199c52b33b24 4bcddaff19f249f4a00d6370a17ba542 - - 058c7cd3bd794d488f99be929a924898 058c7cd3bd794d488f99be929a924898] 199.204.45.19 "GET /v2.0/ports?network_id=5b79dce7-f94b-42f9-93d2-e577b69f1471&device_owner=network%3Adhcp HTTP/1.1" status: 200 len: 210 time: 0.0225165
2026-05-26 07:01:33.658 10 INFO neutron.wsgi [req-a63ac7d7-9ef8-498e-a8ef-2b0e3ef6bdc7 req-21d7ae52-861d-4f6c-897e-50e8e9613d1a b905b100caf644fca640bb6ff94109cf 19239c86261f472ab15f1a1f913fd071 - - default default] 10.0.0.158 "GET /v2.0/security-groups?id=5d8c9ae7-0ce7-431f-a283-9673dc1ba090&fields=id&fields=name HTTP/1.1" status: 200 len: 311 time: 0.0701346
2026-05-26 07:01:33.699 10 INFO neutron.wsgi [req-1acaa09b-c9dd-4b0f-9228-82eca225f338 req-94d0bfcc-d1e8-43cd-94e4-eff067c1afe9 5c7467c5ea814135a75c199c52b33b24 4bcddaff19f249f4a00d6370a17ba542 - - 058c7cd3bd794d488f99be929a924898 058c7cd3bd794d488f99be929a924898] 199.204.45.19 "GET /v2.0/networks/5b79dce7-f94b-42f9-93d2-e577b69f1471?fields=segments HTTP/1.1" status: 200 len: 212 time: 0.0614300 /var/lib/openstack/lib/python3.10/site-packages/pycadf/identifier.py:71: UserWarning: Invalid uuid: neutron. To ensure interoperability, identifiers should be a valid uuid. warnings.warn(('Invalid uuid: %s. To ensure interoperability, '
2026-05-26 07:01:33.767 10 INFO neutron.wsgi [req-1acaa09b-c9dd-4b0f-9228-82eca225f338 req-a11f584c-2774-4f60-a72b-7280f667c108 5c7467c5ea814135a75c199c52b33b24 4bcddaff19f249f4a00d6370a17ba542 - - 058c7cd3bd794d488f99be929a924898 058c7cd3bd794d488f99be929a924898] 199.204.45.19 "GET /v2.0/networks/5b79dce7-f94b-42f9-93d2-e577b69f1471?fields=provider%3Aphysical_network&fields=provider%3Anetwork_type HTTP/1.1" status: 200 len: 277 time: 0.0622990
2026-05-26 07:01:33.868 9 INFO neutron.wsgi [req-5440c224-43f8-481a-bcd7-938f040f95ff req-7e966f9d-073a-46e0-b173-68b6a3a498d6 b905b100caf644fca640bb6ff94109cf 19239c86261f472ab15f1a1f913fd071 - - default default] 199.204.45.19 "GET /v2.0/ports?device_id=29dac7fe-9989-4be9-8f42-7c3fe29a19f6 HTTP/1.1" status: 200 len: 1390 time: 0.1149220
2026-05-26 07:01:33.870 9 INFO neutron.db.ovn_revision_numbers_db [None req-5387fb26-6f8c-40cd-bf4a-41039702261f - - - - - -] Successfully bumped revision number for resource ca098ae7-1389-4c0c-83b6-b0d0742f1a8f (type: ports) to 5
2026-05-26 07:01:34.219 9 INFO neutron.wsgi [req-5440c224-43f8-481a-bcd7-938f040f95ff req-96e56c9e-4e2b-4e12-9055-af6d587f9c4e b905b100caf644fca640bb6ff94109cf 19239c86261f472ab15f1a1f913fd071 - - default default] 199.204.45.19 "DELETE /v2.0/ports/ca098ae7-1389-4c0c-83b6-b0d0742f1a8f HTTP/1.1" status: 204 len: 173 time: 0.3443408
2026-05-26 07:01:34.638 10 INFO neutron.wsgi [-] 10.0.0.162 "GET / HTTP/1.1" status: 200 len: 246 time: 0.0048401
2026-05-26 07:01:34.640 10 INFO neutron.wsgi [-] 10.0.0.162 "GET / HTTP/1.1" status: 200 len: 246 time: 0.0013206
2026-05-26 07:01:35.324 9 INFO neutron.notifiers.nova [-] Nova event matching ['req-b2e4047f-2416-4d1f-b265-eef863011372'] response: {'server_uuid': '29dac7fe-9989-4be9-8f42-7c3fe29a19f6', 'name': 'network-vif-unplugged', 'status': 'completed', 'tag': 'ca098ae7-1389-4c0c-83b6-b0d0742f1a8f', 'code': 200}
2026-05-26 07:01:35.325 9 INFO neutron.notifiers.nova [-] Nova event matching ['req-b2e4047f-2416-4d1f-b265-eef863011372'] response: {'server_uuid': '29dac7fe-9989-4be9-8f42-7c3fe29a19f6', 'name': 'network-vif-plugged', 'status': 'completed', 'tag': 'ca098ae7-1389-4c0c-83b6-b0d0742f1a8f', 'code': 200}
2026-05-26 07:01:35.325 9 INFO neutron.notifiers.nova [-] Nova event matching ['req-b2e4047f-2416-4d1f-b265-eef863011372'] response: {'server_uuid': '29dac7fe-9989-4be9-8f42-7c3fe29a19f6', 'name': 'network-vif-deleted', 'tag': 'ca098ae7-1389-4c0c-83b6-b0d0742f1a8f', 'status': 'completed', 'code': 200} /var/lib/openstack/lib/python3.10/site-packages/pycadf/identifier.py:71: UserWarning: Invalid uuid: neutron. To ensure interoperability, identifiers should be a valid uuid. warnings.warn(('Invalid uuid: %s. To ensure interoperability, '
2026-05-26 07:01:38.886 9 INFO neutron.wsgi [None req-de894c5c-e85b-427f-9cc9-aac245805d81 b905b100caf644fca640bb6ff94109cf 19239c86261f472ab15f1a1f913fd071 - - default default] 10.0.0.153 "DELETE /v2.0/security-group-rules/df2dd6d4-aa82-4ceb-ab86-d8bf4ecb6ce6 HTTP/1.1" status: 204 len: 168 time: 0.1585364
2026-05-26 07:01:38.901 9 INFO neutron.api.v2.resource [None req-cb3ba050-dec8-4c74-9744-0fbbff7a43e0 b905b100caf644fca640bb6ff94109cf 19239c86261f472ab15f1a1f913fd071 - - default default] show failed (client error): The resource could not be found.
2026-05-26 07:01:38.902 9 INFO neutron.wsgi [None req-cb3ba050-dec8-4c74-9744-0fbbff7a43e0 b905b100caf644fca640bb6ff94109cf 19239c86261f472ab15f1a1f913fd071 - - default default] 10.0.0.153 "GET /v2.0/security-group-rules/df2dd6d4-aa82-4ceb-ab86-d8bf4ecb6ce6 HTTP/1.1" status: 404 len: 356 time: 0.0115454
2026-05-26 07:01:39.034 9 INFO neutron.wsgi [None req-74b82bcf-3bbb-43d9-87ce-28d945c65e4a b905b100caf644fca640bb6ff94109cf 19239c86261f472ab15f1a1f913fd071 - - default default] 10.0.0.153 "DELETE /v2.0/security-group-rules/923d19c1-2ad8-4388-b998-c23d0ae672dd HTTP/1.1" status: 204 len: 168 time: 0.1272879
2026-05-26 07:01:39.046 9 INFO neutron.api.v2.resource [None req-f1680d31-9e8d-4a08-aedf-bc19499dd958 b905b100caf644fca640bb6ff94109cf 19239c86261f472ab15f1a1f913fd071 - - default default] show failed (client error): The resource could not be found.
2026-05-26 07:01:39.047 9 INFO neutron.wsgi [None req-f1680d31-9e8d-4a08-aedf-bc19499dd958 b905b100caf644fca640bb6ff94109cf 19239c86261f472ab15f1a1f913fd071 - - default default] 10.0.0.153 "GET /v2.0/security-group-rules/923d19c1-2ad8-4388-b998-c23d0ae672dd HTTP/1.1" status: 404 len: 356 time: 0.0084462
2026-05-26 07:01:39.175 9 INFO neutron.wsgi [None req-fe8dfb31-a568-4a2a-a145-b57b16b5a09d b905b100caf644fca640bb6ff94109cf 19239c86261f472ab15f1a1f913fd071 - - default default] 10.0.0.153 "DELETE /v2.0/security-group-rules/de2cd57f-9b8a-4e8b-a1f9-7d922e0a0c0f HTTP/1.1" status: 204 len: 168 time: 0.1243293
2026-05-26 07:01:39.190 9 INFO neutron.api.v2.resource [None req-2091caec-82b5-424b-8826-98c62c1ed639 b905b100caf644fca640bb6ff94109cf 19239c86261f472ab15f1a1f913fd071 - - default default] show failed (client error): The resource could not be found.
2026-05-26 07:01:39.191 9 INFO neutron.wsgi [None req-2091caec-82b5-424b-8826-98c62c1ed639 b905b100caf644fca640bb6ff94109cf 19239c86261f472ab15f1a1f913fd071 - - default default] 10.0.0.153 "GET /v2.0/security-group-rules/de2cd57f-9b8a-4e8b-a1f9-7d922e0a0c0f HTTP/1.1" status: 404 len: 356 time: 0.0103590
2026-05-26 07:01:39.326 9 INFO neutron.wsgi [None req-50d7dd52-9fc1-473d-be84-e79d61d6fffd b905b100caf644fca640bb6ff94109cf 19239c86261f472ab15f1a1f913fd071 - - default default] 10.0.0.153 "DELETE /v2.0/security-group-rules/cc66bb10-1c9e-461f-be1c-6471ec0b70d0 HTTP/1.1" status: 204 len: 168 time: 0.1299391
2026-05-26 07:01:39.337 9 INFO neutron.api.v2.resource [None req-5e14fed4-5530-45ef-b597-19d651b6e441 b905b100caf644fca640bb6ff94109cf 19239c86261f472ab15f1a1f913fd071 - - default default] show failed (client error): The resource could not be found.
2026-05-26 07:01:39.339 9 INFO neutron.wsgi [None req-5e14fed4-5530-45ef-b597-19d651b6e441 b905b100caf644fca640bb6ff94109cf 19239c86261f472ab15f1a1f913fd071 - - default default] 10.0.0.153 "GET /v2.0/security-group-rules/cc66bb10-1c9e-461f-be1c-6471ec0b70d0 HTTP/1.1" status: 404 len: 356 time: 0.0087612
2026-05-26 07:01:39.465 9 INFO neutron.wsgi [None req-7a09d68d-ef9c-4bc1-ab38-26632c6d00d6 b905b100caf644fca640bb6ff94109cf 19239c86261f472ab15f1a1f913fd071 - - default default] 10.0.0.153 "DELETE /v2.0/security-group-rules/af4fd0b0-c2b7-43bb-a6e9-90ef6d78f602 HTTP/1.1" status: 204 len: 168 time: 0.1230221
2026-05-26 07:01:39.476 9 INFO neutron.api.v2.resource [None req-21960317-0736-4d13-ab7f-ad826dca7067 b905b100caf644fca640bb6ff94109cf 19239c86261f472ab15f1a1f913fd071 - - default default] show failed (client error): The resource could not be found.
2026-05-26 07:01:39.477 9 INFO neutron.wsgi [None req-21960317-0736-4d13-ab7f-ad826dca7067 b905b100caf644fca640bb6ff94109cf 19239c86261f472ab15f1a1f913fd071 - - default default] 10.0.0.153 "GET /v2.0/security-group-rules/af4fd0b0-c2b7-43bb-a6e9-90ef6d78f602 HTTP/1.1" status: 404 len: 356 time: 0.0079780
2026-05-26 07:01:39.601 9 INFO neutron.wsgi [None req-e0e66586-4cb5-4fa9-9a7f-699aaf1868e5 b905b100caf644fca640bb6ff94109cf 19239c86261f472ab15f1a1f913fd071 - - default default] 10.0.0.153 "DELETE /v2.0/security-group-rules/4e224313-a485-4cb0-9313-d6ec3e682432 HTTP/1.1" status: 204 len: 168 time: 0.1196148
2026-05-26 07:01:39.618 9 INFO neutron.api.v2.resource [None req-232e2aea-9464-4ef0-8b35-33ce03fb87e1 b905b100caf644fca640bb6ff94109cf 19239c86261f472ab15f1a1f913fd071 - - default default] show failed (client error): The resource could not be found.
2026-05-26 07:01:39.620 9 INFO neutron.wsgi [None req-232e2aea-9464-4ef0-8b35-33ce03fb87e1 b905b100caf644fca640bb6ff94109cf 19239c86261f472ab15f1a1f913fd071 - - default default] 10.0.0.153 "GET /v2.0/security-group-rules/4e224313-a485-4cb0-9313-d6ec3e682432 HTTP/1.1" status: 404 len: 356 time: 0.0141382
2026-05-26 07:01:39.757 9 INFO neutron.wsgi [None req-43aca01e-5028-4509-9997-2eb746771d2f b905b100caf644fca640bb6ff94109cf 19239c86261f472ab15f1a1f913fd071 - - default default] 10.0.0.153 "DELETE /v2.0/security-group-rules/6272f3a9-8257-4faf-9e93-ebfc7d6b0e2a HTTP/1.1" status: 204 len: 168 time: 0.1315429
2026-05-26 07:01:39.769 9 INFO neutron.api.v2.resource [None req-ef9f8ac1-db6b-43c9-b158-ef428bcc6010 b905b100caf644fca640bb6ff94109cf 19239c86261f472ab15f1a1f913fd071 - - default default] show failed (client error): The resource could not be found.
2026-05-26 07:01:39.771 9 INFO neutron.wsgi [None req-ef9f8ac1-db6b-43c9-b158-ef428bcc6010 b905b100caf644fca640bb6ff94109cf 19239c86261f472ab15f1a1f913fd071 - - default default] 10.0.0.153 "GET /v2.0/security-group-rules/6272f3a9-8257-4faf-9e93-ebfc7d6b0e2a HTTP/1.1" status: 404 len: 356 time: 0.0095224
2026-05-26 07:01:39.879 9 INFO neutron.wsgi [None req-66aceb70-4cb5-45e1-9766-89fa48410130 b905b100caf644fca640bb6ff94109cf 19239c86261f472ab15f1a1f913fd071 - - default default] 10.0.0.153 "DELETE /v2.0/security-group-rules/039a0e58-d1e1-45fc-99fb-6d052683ab38 HTTP/1.1" status: 204 len: 168 time: 0.1045101
2026-05-26 07:01:39.892 9 INFO neutron.api.v2.resource [None req-87d0376d-15b3-421b-852f-7aa4613bf134 b905b100caf644fca640bb6ff94109cf 19239c86261f472ab15f1a1f913fd071 - - default default] show failed (client error): The resource could not be found.
2026-05-26 07:01:39.894 9 INFO neutron.wsgi [None req-87d0376d-15b3-421b-852f-7aa4613bf134 b905b100caf644fca640bb6ff94109cf 19239c86261f472ab15f1a1f913fd071 - - default default] 10.0.0.153 "GET /v2.0/security-group-rules/039a0e58-d1e1-45fc-99fb-6d052683ab38 HTTP/1.1" status: 404 len: 356 time: 0.0087678
2026-05-26 07:01:40.017 9 INFO neutron.wsgi [None req-2db92940-f5cb-414b-8741-bc8ece3a22c5 b905b100caf644fca640bb6ff94109cf 19239c86261f472ab15f1a1f913fd071 - - default default] 10.0.0.153 "DELETE /v2.0/security-group-rules/b16830e3-8e74-4efd-acc1-759097a8dc0c HTTP/1.1" status: 204 len: 168 time: 0.1178315
2026-05-26 07:01:40.033 9 INFO neutron.api.v2.resource [None req-2f073291-f8be-4bb6-bba0-2de07d23f990 b905b100caf644fca640bb6ff94109cf 19239c86261f472ab15f1a1f913fd071 - - default default] show failed (client error): The resource could not be found.
2026-05-26 07:01:40.034 9 INFO neutron.wsgi [None req-2f073291-f8be-4bb6-bba0-2de07d23f990 b905b100caf644fca640bb6ff94109cf 19239c86261f472ab15f1a1f913fd071 - - default default] 10.0.0.153 "GET /v2.0/security-group-rules/b16830e3-8e74-4efd-acc1-759097a8dc0c HTTP/1.1" status: 404 len: 356 time: 0.0115528
2026-05-26 07:01:40.143 9 INFO neutron.wsgi [None req-f90c9f6f-64b8-4177-8836-ce1c83e6bdb0 b905b100caf644fca640bb6ff94109cf 19239c86261f472ab15f1a1f913fd071 - - default default] 10.0.0.153 "DELETE /v2.0/security-group-rules/50c0aee6-a170-4805-a839-00efffbdfe2a HTTP/1.1" status: 204 len: 168 time: 0.1044888
2026-05-26 07:01:40.154 9 INFO neutron.api.v2.resource [None req-e73b9369-6cc8-4c5a-9a7e-8762ac021612 b905b100caf644fca640bb6ff94109cf 19239c86261f472ab15f1a1f913fd071 - - default default] show failed (client error): The resource could not be found.
2026-05-26 07:01:40.155 9 INFO neutron.wsgi [None req-e73b9369-6cc8-4c5a-9a7e-8762ac021612 b905b100caf644fca640bb6ff94109cf 19239c86261f472ab15f1a1f913fd071 - - default default] 10.0.0.153 "GET /v2.0/security-group-rules/50c0aee6-a170-4805-a839-00efffbdfe2a HTTP/1.1" status: 404 len: 356 time: 0.0070302
2026-05-26 07:01:40.256 9 INFO neutron.wsgi [None req-3deb1937-686f-47f4-9ce8-5807e893aa3e b905b100caf644fca640bb6ff94109cf 19239c86261f472ab15f1a1f913fd071 - - default default] 10.0.0.153 "DELETE /v2.0/security-group-rules/3a163663-3a63-4799-969c-87a61d657bf5 HTTP/1.1" status: 204 len: 168 time: 0.0976439
2026-05-26 07:01:40.269 9 INFO neutron.api.v2.resource [None req-038aa5b1-4810-4715-be99-6de5397e348a b905b100caf644fca640bb6ff94109cf 19239c86261f472ab15f1a1f913fd071 - - default default] show failed (client error): The resource could not be found.
2026-05-26 07:01:40.270 9 INFO neutron.wsgi [None req-038aa5b1-4810-4715-be99-6de5397e348a b905b100caf644fca640bb6ff94109cf 19239c86261f472ab15f1a1f913fd071 - - default default] 10.0.0.153 "GET /v2.0/security-group-rules/3a163663-3a63-4799-969c-87a61d657bf5 HTTP/1.1" status: 404 len: 356 time: 0.0089188
2026-05-26 07:01:40.369 9 INFO neutron.wsgi [None req-80564a0c-ce32-4f07-b23d-539623671035 b905b100caf644fca640bb6ff94109cf 19239c86261f472ab15f1a1f913fd071 - - default default] 10.0.0.153 "DELETE /v2.0/security-groups/5d8c9ae7-0ce7-431f-a283-9673dc1ba090 HTTP/1.1" status: 204 len: 168 time: 0.0952334
2026-05-26 07:01:40.383 9 INFO neutron.api.v2.resource [None req-7d4cc6fc-17bd-41de-9edd-6421da39393f b905b100caf644fca640bb6ff94109cf 19239c86261f472ab15f1a1f913fd071 - - default default] show failed (client error): The resource could not be found.
2026-05-26 07:01:40.385 9 INFO neutron.wsgi [None req-7d4cc6fc-17bd-41de-9edd-6421da39393f b905b100caf644fca640bb6ff94109cf 19239c86261f472ab15f1a1f913fd071 - - default default] 10.0.0.153 "GET /v2.0/security-groups/5d8c9ae7-0ce7-431f-a283-9673dc1ba090 HTTP/1.1" status: 404 len: 347 time: 0.0104856
2026-05-26 07:01:41.397 9 INFO neutron.wsgi [None req-bb016f75-d404-4d9e-8013-30f155a245a2 b905b100caf644fca640bb6ff94109cf 19239c86261f472ab15f1a1f913fd071 - - default default] 10.0.0.153 "PUT /v2.0/routers/5c2c1603-429a-4f06-a7d2-a82ac1a816ab/remove_router_interface HTTP/1.1" status: 200 len: 503 time: 0.9655309
2026-05-26 07:01:41.542 10 INFO neutron.api.v2.resource [None req-567f7c10-7efd-4b50-8e94-fd4d72e1b818 b905b100caf644fca640bb6ff94109cf 19239c86261f472ab15f1a1f913fd071 - - default default] remove_router_interface failed (client error): The resource could not be found.
2026-05-26 07:01:41.543 10 INFO neutron.wsgi [None req-567f7c10-7efd-4b50-8e94-fd4d72e1b818 b905b100caf644fca640bb6ff94109cf 19239c86261f472ab15f1a1f913fd071 - - default default] 10.0.0.153 "PUT /v2.0/routers/5c2c1603-429a-4f06-a7d2-a82ac1a816ab/remove_router_interface HTTP/1.1" status: 404 len: 399 time: 0.1406097
