2026-05-26 06:58:12.630 9 INFO neutron.db.ovn_revision_numbers_db [None req-5bd96f8a-f175-4419-9882-91a448d14268 d441c9c292f0465bbe320a3756597302 9d7ade5aa28541ab8bb13bcaa000304a - - default default] Successfully bumped revision number for resource 2a2d6845-f675-4ab0-a35a-9055cea3a1e3 (type: security_group_rules) to 0
2026-05-26 06:58:12.646 9 INFO neutron.db.ovn_revision_numbers_db [None req-5bd96f8a-f175-4419-9882-91a448d14268 d441c9c292f0465bbe320a3756597302 9d7ade5aa28541ab8bb13bcaa000304a - - default default] Successfully bumped revision number for resource 74357010-a527-401e-8b97-5146cf113f8a (type: security_group_rules) to 0
2026-05-26 06:58:12.659 9 INFO neutron.db.ovn_revision_numbers_db [None req-5bd96f8a-f175-4419-9882-91a448d14268 d441c9c292f0465bbe320a3756597302 9d7ade5aa28541ab8bb13bcaa000304a - - default default] Successfully bumped revision number for resource df1f4a82-67f4-4747-9ba7-050e26ffc68f (type: security_group_rules) to 0
2026-05-26 06:58:12.710 9 INFO neutron.db.segments_db [None req-5bd96f8a-f175-4419-9882-91a448d14268 d441c9c292f0465bbe320a3756597302 9d7ade5aa28541ab8bb13bcaa000304a - - default default] Added segment 47c8bba8-9c54-46fe-8cfe-d89a099a7ae5 of type geneve for network 055ba573-662e-4e2d-b954-4b9919b4709c
2026-05-26 06:58:12.729 10 INFO neutron.wsgi [None req-0a94a5ab-7b86-4d19-9414-96173b1cd00f f5441621e0ed42c0b193a28933ff98d8 6c0e9f045df8460e84ff227834c67c58 - - default default] 10.0.0.153 "GET /v2.0/qos/policies?not-tags=red%2Cblue HTTP/1.1" status: 200 len: 1268 time: 0.1302614
2026-05-26 06:58:12.780 10 WARNING neutron.scheduler.dhcp_agent_scheduler [None req-2b47aaf3-27da-4a82-a109-6fe31c00d696 d79c837815834122ab95e4f4d6cb2efb c73dd0f8638249729e169fbf2e0fd2bb - - default default] No more DHCP agents
2026-05-26 06:58:12.785 10 WARNING neutron.api.rpc.agentnotifiers.dhcp_rpc_agent_api [None req-2b47aaf3-27da-4a82-a109-6fe31c00d696 d79c837815834122ab95e4f4d6cb2efb c73dd0f8638249729e169fbf2e0fd2bb - - default default] Unable to schedule network 348b764b-8723-4074-89e3-c1d4d5aa847f: no agents available; will retry on subsequent port and subnet creation events.
2026-05-26 06:58:12.864 10 INFO neutron.wsgi [None req-24be6be0-a365-497e-9f4a-45f8cc5f88ed f5441621e0ed42c0b193a28933ff98d8 6c0e9f045df8460e84ff227834c67c58 - - default default] 10.0.0.153 "GET /v2.0/qos/policies?not-tags-any=blue HTTP/1.1" status: 200 len: 1268 time: 0.1294048
2026-05-26 06:58:12.876 10 INFO neutron.db.ovn_revision_numbers_db [None req-2b47aaf3-27da-4a82-a109-6fe31c00d696 d79c837815834122ab95e4f4d6cb2efb c73dd0f8638249729e169fbf2e0fd2bb - - default default] Successfully bumped revision number for resource 306fbe57-aff3-4af5-bbe4-231fcb5aea71 (type: ports) to 1
2026-05-26 06:58:12.882 9 INFO neutron.db.ovn_revision_numbers_db [None req-5bd96f8a-f175-4419-9882-91a448d14268 d441c9c292f0465bbe320a3756597302 9d7ade5aa28541ab8bb13bcaa000304a - - default default] Successfully bumped revision number for resource 055ba573-662e-4e2d-b954-4b9919b4709c (type: networks) to 1
2026-05-26 06:58:12.901 10 INFO neutron.wsgi [None req-2b47aaf3-27da-4a82-a109-6fe31c00d696 d79c837815834122ab95e4f4d6cb2efb c73dd0f8638249729e169fbf2e0fd2bb - - default default] 10.0.0.153 "POST /v2.0/networks HTTP/1.1" status: 201 len: 830 time: 0.5457835
2026-05-26 06:58:12.915 9 WARNING neutron_lib.context [None req-d5433aea-d074-44ee-81fd-6657db50a2e6 d79c837815834122ab95e4f4d6cb2efb c73dd0f8638249729e169fbf2e0fd2bb - - default default] Method 'is_advsvc' is deprecated since 2023.2 release (neutron-lib 3.8.0) and will be removed once support for the old RBAC API policies will be removed from Neutron. Please use method 'is_service_role' instead.
2026-05-26 06:58:12.920 10 INFO neutron.wsgi [None req-2c7964a5-70fc-4300-96c1-8c345e8b605f f5441621e0ed42c0b193a28933ff98d8 6c0e9f045df8460e84ff227834c67c58 - - default default] 10.0.0.153 "GET /v2.0/qos/policies?not-tags-any=red%2Cblue HTTP/1.1" status: 200 len: 913 time: 0.0506349
2026-05-26 06:58:13.009 10 INFO neutron.wsgi [None req-de8e8ce6-9a5b-4a7f-a5f8-d13915fa1cc3 1258842fc21345f09c27d094ba37910c 3d3d38d48a54437cba4ea8cae281bc66 - - default default] 10.0.0.153 "DELETE /v2.0/qos/policies/5f05f492-5be9-474f-9d24-4cd5d9a59e6a HTTP/1.1" status: 204 len: 168 time: 0.0794039
2026-05-26 06:58:13.075 10 INFO neutron.wsgi [None req-224837eb-d081-4ea9-b0ab-3ab6fbac7455 1258842fc21345f09c27d094ba37910c 3d3d38d48a54437cba4ea8cae281bc66 - - default default] 10.0.0.153 "DELETE /v2.0/qos/policies/d471700c-e591-4cf9-82db-df1e43a21628 HTTP/1.1" status: 204 len: 168 time: 0.0613227
2026-05-26 06:58:13.142 10 INFO neutron.wsgi [None req-5b20b59c-9bc0-4d78-92b1-bc553388512b 1258842fc21345f09c27d094ba37910c 3d3d38d48a54437cba4ea8cae281bc66 - - default default] 10.0.0.153 "DELETE /v2.0/qos/policies/73ce2a86-a9f7-4f86-9da7-02a8b2c3bfe3 HTTP/1.1" status: 204 len: 168 time: 0.0612953
2026-05-26 06:58:13.222 10 INFO neutron.wsgi [None req-fe752c91-1cf4-4d75-809c-36634b18f96b 1258842fc21345f09c27d094ba37910c 3d3d38d48a54437cba4ea8cae281bc66 - - default default] 10.0.0.153 "DELETE /v2.0/qos/policies/4c1fc0b9-b3a9-483c-8def-0b0d11dfe996 HTTP/1.1" status: 204 len: 168 time: 0.0741434
2026-05-26 06:58:13.287 10 INFO neutron.wsgi [None req-fa2f2844-9b86-4658-88ed-093579ae3c35 1258842fc21345f09c27d094ba37910c 3d3d38d48a54437cba4ea8cae281bc66 - - default default] 10.0.0.153 "DELETE /v2.0/qos/policies/68ab6062-e771-4a24-b01b-6e15ed56222d HTTP/1.1" status: 204 len: 168 time: 0.0606806
2026-05-26 06:58:13.344 9 WARNING neutron.scheduler.dhcp_agent_scheduler [None req-5bd96f8a-f175-4419-9882-91a448d14268 d441c9c292f0465bbe320a3756597302 9d7ade5aa28541ab8bb13bcaa000304a - - default default] No more DHCP agents
2026-05-26 06:58:13.358 9 WARNING neutron.api.rpc.agentnotifiers.dhcp_rpc_agent_api [None req-5bd96f8a-f175-4419-9882-91a448d14268 d441c9c292f0465bbe320a3756597302 9d7ade5aa28541ab8bb13bcaa000304a - - default default] Unable to schedule network 055ba573-662e-4e2d-b954-4b9919b4709c: no agents available; will retry on subsequent port and subnet creation events.
2026-05-26 06:58:13.464 9 WARNING neutron.scheduler.dhcp_agent_scheduler [None req-d5433aea-d074-44ee-81fd-6657db50a2e6 d79c837815834122ab95e4f4d6cb2efb c73dd0f8638249729e169fbf2e0fd2bb - - default default] No more DHCP agents
2026-05-26 06:58:13.466 9 INFO neutron.db.ovn_revision_numbers_db [None req-5bd96f8a-f175-4419-9882-91a448d14268 d441c9c292f0465bbe320a3756597302 9d7ade5aa28541ab8bb13bcaa000304a - - default default] Successfully bumped revision number for resource 9c960222-78c9-44d6-be88-8ba613067f86 (type: ports) to 1
2026-05-26 06:58:13.469 9 WARNING neutron.api.rpc.agentnotifiers.dhcp_rpc_agent_api [None req-d5433aea-d074-44ee-81fd-6657db50a2e6 d79c837815834122ab95e4f4d6cb2efb c73dd0f8638249729e169fbf2e0fd2bb - - default default] Unable to schedule network 348b764b-8723-4074-89e3-c1d4d5aa847f: no agents available; will retry on subsequent port and subnet creation events.
2026-05-26 06:58:13.501 9 INFO neutron.wsgi [None req-5bd96f8a-f175-4419-9882-91a448d14268 d441c9c292f0465bbe320a3756597302 9d7ade5aa28541ab8bb13bcaa000304a - - default default] 10.0.0.153 "POST /v2.0/networks HTTP/1.1" status: 201 len: 831 time: 1.2256913 /var/lib/openstack/lib/python3.10/site-packages/pycadf/identifier.py:71: UserWarning: Invalid uuid: neutron. To ensure interoperability, identifiers should be a valid uuid. warnings.warn(('Invalid uuid: %s. To ensure interoperability, '
2026-05-26 06:58:13.512 9 WARNING neutron_lib.context [None req-5b536d4c-4ba2-47ec-901d-4118030c571d d441c9c292f0465bbe320a3756597302 9d7ade5aa28541ab8bb13bcaa000304a - - default default] Method 'is_advsvc' is deprecated since 2023.2 release (neutron-lib 3.8.0) and will be removed once support for the old RBAC API policies will be removed from Neutron. Please use method 'is_service_role' instead.
2026-05-26 06:58:13.572 9 INFO neutron.db.ovn_revision_numbers_db [None req-d5433aea-d074-44ee-81fd-6657db50a2e6 d79c837815834122ab95e4f4d6cb2efb c73dd0f8638249729e169fbf2e0fd2bb - - default default] Successfully bumped revision number for resource 5dabc9f1-7519-478c-955d-3a1bced1a289 (type: ports) to 1
2026-05-26 06:58:13.604 9 INFO neutron.wsgi [None req-d5433aea-d074-44ee-81fd-6657db50a2e6 d79c837815834122ab95e4f4d6cb2efb c73dd0f8638249729e169fbf2e0fd2bb - - default default] 10.0.0.153 "POST /v2.0/ports HTTP/1.1" status: 201 len: 942 time: 0.6968451
2026-05-26 06:58:13.617 10 WARNING neutron_lib.context [None req-4f9037b0-f623-4dc9-bebd-df2a563abd94 d79c837815834122ab95e4f4d6cb2efb c73dd0f8638249729e169fbf2e0fd2bb - - default default] Method 'is_advsvc' is deprecated since 2023.2 release (neutron-lib 3.8.0) and will be removed once support for the old RBAC API policies will be removed from Neutron. Please use method 'is_service_role' instead.
2026-05-26 06:58:13.738 9 WARNING neutron.scheduler.dhcp_agent_scheduler [None req-5b536d4c-4ba2-47ec-901d-4118030c571d d441c9c292f0465bbe320a3756597302 9d7ade5aa28541ab8bb13bcaa000304a - - default default] No more DHCP agents
2026-05-26 06:58:13.741 9 WARNING neutron.api.rpc.agentnotifiers.dhcp_rpc_agent_api [None req-5b536d4c-4ba2-47ec-901d-4118030c571d d441c9c292f0465bbe320a3756597302 9d7ade5aa28541ab8bb13bcaa000304a - - default default] Unable to schedule network 055ba573-662e-4e2d-b954-4b9919b4709c: no agents available; will retry on subsequent port and subnet creation events.
2026-05-26 06:58:13.822 9 INFO neutron.db.ovn_revision_numbers_db [None req-5b536d4c-4ba2-47ec-901d-4118030c571d d441c9c292f0465bbe320a3756597302 9d7ade5aa28541ab8bb13bcaa000304a - - default default] Successfully bumped revision number for resource 745b636e-cd09-497c-b3d6-e126dcb52155 (type: ports) to 1
2026-05-26 06:58:13.847 9 INFO neutron.wsgi [None req-5b536d4c-4ba2-47ec-901d-4118030c571d d441c9c292f0465bbe320a3756597302 9d7ade5aa28541ab8bb13bcaa000304a - - default default] 10.0.0.153 "POST /v2.0/ports HTTP/1.1" status: 201 len: 942 time: 0.3404484 /var/lib/openstack/lib/python3.10/site-packages/pycadf/identifier.py:71: UserWarning: Invalid uuid: neutron. To ensure interoperability, identifiers should be a valid uuid. warnings.warn(('Invalid uuid: %s. To ensure interoperability, '
2026-05-26 06:58:13.861 9 WARNING neutron_lib.context [None req-7dd9f995-09d3-4ce7-8014-f7552dc0f93d d441c9c292f0465bbe320a3756597302 9d7ade5aa28541ab8bb13bcaa000304a - - default default] Method 'is_advsvc' is deprecated since 2023.2 release (neutron-lib 3.8.0) and will be removed once support for the old RBAC API policies will be removed from Neutron. Please use method 'is_service_role' instead.
2026-05-26 06:58:14.066 10 INFO neutron.wsgi [None req-4f9037b0-f623-4dc9-bebd-df2a563abd94 d79c837815834122ab95e4f4d6cb2efb c73dd0f8638249729e169fbf2e0fd2bb - - default default] 10.0.0.153 "POST /v2.0/trunks HTTP/1.1" status: 201 len: 608 time: 0.4560995
2026-05-26 06:58:14.075 9 WARNING neutron_lib.context [None req-cf029c50-4897-488f-833d-c76975ddebab d79c837815834122ab95e4f4d6cb2efb c73dd0f8638249729e169fbf2e0fd2bb - - default default] Method 'is_advsvc' is deprecated since 2023.2 release (neutron-lib 3.8.0) and will be removed once support for the old RBAC API policies will be removed from Neutron. Please use method 'is_service_role' instead.
2026-05-26 06:58:14.115 9 INFO neutron.wsgi [None req-7dd9f995-09d3-4ce7-8014-f7552dc0f93d d441c9c292f0465bbe320a3756597302 9d7ade5aa28541ab8bb13bcaa000304a - - default default] 10.0.0.153 "POST /v2.0/trunks HTTP/1.1" status: 201 len: 608 time: 0.2574589
2026-05-26 06:58:14.147 9 INFO neutron.wsgi [None req-18fb3220-db3c-4ca0-a0fb-11fb691ab229 d441c9c292f0465bbe320a3756597302 9d7ade5aa28541ab8bb13bcaa000304a - - default default] 10.0.0.153 "PUT /v2.0/trunks/e9246971-95d5-40b8-8ac0-2b70c5c418aa/tags HTTP/1.1" status: 200 len: 218 time: 0.0275049
2026-05-26 06:58:14.174 10 INFO neutron.wsgi [None req-0ee716bc-f744-4b66-bd34-a5d00deba82e d441c9c292f0465bbe320a3756597302 9d7ade5aa28541ab8bb13bcaa000304a - - default default] 10.0.0.153 "GET /v2.0/trunks/e9246971-95d5-40b8-8ac0-2b70c5c418aa/tags HTTP/1.1" status: 200 len: 218 time: 0.0226905
2026-05-26 06:58:14.175 9 INFO neutron.db.segments_db [None req-cf029c50-4897-488f-833d-c76975ddebab d79c837815834122ab95e4f4d6cb2efb c73dd0f8638249729e169fbf2e0fd2bb - - default default] Added segment 1914a193-f6e5-45ce-8876-1431df09b414 of type geneve for network 63210cf9-7df3-4f1e-b93d-015a7225aee7
2026-05-26 06:58:14.212 10 INFO neutron.wsgi [None req-ee414ca5-0571-4835-9da9-59e125edb512 d441c9c292f0465bbe320a3756597302 9d7ade5aa28541ab8bb13bcaa000304a - - default default] 10.0.0.153 "PUT /v2.0/trunks/e9246971-95d5-40b8-8ac0-2b70c5c418aa/tags/green HTTP/1.1" status: 201 len: 201 time: 0.0331907
2026-05-26 06:58:14.237 10 INFO neutron.wsgi [None req-c9370802-8668-4767-b71c-9f7a712864b9 d441c9c292f0465bbe320a3756597302 9d7ade5aa28541ab8bb13bcaa000304a - - default default] 10.0.0.153 "GET /v2.0/trunks/e9246971-95d5-40b8-8ac0-2b70c5c418aa/tags HTTP/1.1" status: 200 len: 227 time: 0.0205486
2026-05-26 06:58:14.266 10 INFO neutron.wsgi [None req-c9c81ab5-4aae-4928-80c6-69b3978c43e2 d441c9c292f0465bbe320a3756597302 9d7ade5aa28541ab8bb13bcaa000304a - - default default] 10.0.0.153 "PUT /v2.0/trunks/e9246971-95d5-40b8-8ac0-2b70c5c418aa/tags/red HTTP/1.1" status: 201 len: 201 time: 0.0239959
2026-05-26 06:58:14.296 10 INFO neutron.wsgi [None req-b98341dd-05fc-469a-a59b-3082aa8f3224 d441c9c292f0465bbe320a3756597302 9d7ade5aa28541ab8bb13bcaa000304a - - default default] 10.0.0.153 "GET /v2.0/trunks/e9246971-95d5-40b8-8ac0-2b70c5c418aa/tags HTTP/1.1" status: 200 len: 227 time: 0.0237129
2026-05-26 06:58:14.329 9 INFO neutron.db.ovn_revision_numbers_db [None req-cf029c50-4897-488f-833d-c76975ddebab d79c837815834122ab95e4f4d6cb2efb c73dd0f8638249729e169fbf2e0fd2bb - - default default] Successfully bumped revision number for resource 63210cf9-7df3-4f1e-b93d-015a7225aee7 (type: networks) to 1
2026-05-26 06:58:14.332 10 INFO neutron.wsgi [None req-b5280726-2322-4a3b-b3d6-a5bacbebcaa4 d441c9c292f0465bbe320a3756597302 9d7ade5aa28541ab8bb13bcaa000304a - - default default] 10.0.0.153 "PUT /v2.0/trunks/e9246971-95d5-40b8-8ac0-2b70c5c418aa/tags/black.or.white HTTP/1.1" status: 201 len: 201 time: 0.0311575
2026-05-26 06:58:14.362 10 INFO neutron.wsgi [None req-1be1ffe7-9dbb-483e-a64c-cc064d6dc349 d441c9c292f0465bbe320a3756597302 9d7ade5aa28541ab8bb13bcaa000304a - - default default] 10.0.0.153 "GET /v2.0/trunks/e9246971-95d5-40b8-8ac0-2b70c5c418aa/tags HTTP/1.1" status: 200 len: 245 time: 0.0246818
2026-05-26 06:58:14.402 10 INFO neutron.wsgi [None req-f3f8378d-09d8-408c-8a65-fe842cd43bf6 d441c9c292f0465bbe320a3756597302 9d7ade5aa28541ab8bb13bcaa000304a - - default default] 10.0.0.153 "PUT /v2.0/trunks/e9246971-95d5-40b8-8ac0-2b70c5c418aa/tags HTTP/1.1" status: 200 len: 230 time: 0.0357633
2026-05-26 06:58:14.464 9 INFO neutron.wsgi [None req-06a11b9e-65f2-4c78-9479-7b942e08b4bb d441c9c292f0465bbe320a3756597302 9d7ade5aa28541ab8bb13bcaa000304a - - default default] 10.0.0.153 "GET /v2.0/trunks/e9246971-95d5-40b8-8ac0-2b70c5c418aa/tags HTTP/1.1" status: 200 len: 230 time: 0.0450051
2026-05-26 06:58:14.484 10 INFO neutron.wsgi [None req-6f5cd8dc-bafd-49f3-b361-79fb4c6c6017 d441c9c292f0465bbe320a3756597302 9d7ade5aa28541ab8bb13bcaa000304a - - default default] 10.0.0.153 "GET /v2.0/trunks/e9246971-95d5-40b8-8ac0-2b70c5c418aa/tags/red HTTP/1.1" status: 204 len: 168 time: 0.0158272
2026-05-26 06:58:14.513 10 INFO neutron.api.v2.resource [None req-cbcabbf5-2480-4efa-9b70-bd781bc846d6 d441c9c292f0465bbe320a3756597302 9d7ade5aa28541ab8bb13bcaa000304a - - default default] show failed (client error): The resource could not be found.
2026-05-26 06:58:14.515 10 INFO neutron.wsgi [None req-cbcabbf5-2480-4efa-9b70-bd781bc846d6 d441c9c292f0465bbe320a3756597302 9d7ade5aa28541ab8bb13bcaa000304a - - default default] 10.0.0.153 "GET /v2.0/trunks/e9246971-95d5-40b8-8ac0-2b70c5c418aa/tags/green HTTP/1.1" status: 404 len: 299 time: 0.0221527
2026-05-26 06:58:14.536 9 INFO neutron.db.ovn_revision_numbers_db [None req-33b9244f-d6fd-40c8-b197-45daf137e640 8d16257921214e02b42d32bfec1b919c 9e6d7ce1c2244722bba0373ead6ae8d3 - - default default] Successfully bumped revision number for resource 5835a1ce-3651-4cec-ae65-38d24f3e160b (type: security_groups) to 1
2026-05-26 06:58:14.557 10 INFO neutron.wsgi [None req-fad2ebda-678a-45a0-b653-377c107bbab3 d441c9c292f0465bbe320a3756597302 9d7ade5aa28541ab8bb13bcaa000304a - - default default] 10.0.0.153 "DELETE /v2.0/trunks/e9246971-95d5-40b8-8ac0-2b70c5c418aa/tags/red HTTP/1.1" status: 204 len: 168 time: 0.0370326
2026-05-26 06:58:14.560 9 INFO neutron.db.ovn_revision_numbers_db [None req-33b9244f-d6fd-40c8-b197-45daf137e640 8d16257921214e02b42d32bfec1b919c 9e6d7ce1c2244722bba0373ead6ae8d3 - - default default] Successfully bumped revision number for resource 2b9811e6-17f3-4a75-99c2-9e23ae41e4ed (type: security_group_rules) to 0
2026-05-26 06:58:14.569 9 WARNING neutron.scheduler.dhcp_agent_scheduler [None req-cf029c50-4897-488f-833d-c76975ddebab d79c837815834122ab95e4f4d6cb2efb c73dd0f8638249729e169fbf2e0fd2bb - - default default] No more DHCP agents
2026-05-26 06:58:14.572 9 WARNING neutron.api.rpc.agentnotifiers.dhcp_rpc_agent_api [None req-cf029c50-4897-488f-833d-c76975ddebab d79c837815834122ab95e4f4d6cb2efb c73dd0f8638249729e169fbf2e0fd2bb - - default default] Unable to schedule network 63210cf9-7df3-4f1e-b93d-015a7225aee7: no agents available; will retry on subsequent port and subnet creation events.
2026-05-26 06:58:14.577 10 INFO neutron.wsgi [None req-e538eb7c-2a14-4941-a012-7a6e02cd45b9 d441c9c292f0465bbe320a3756597302 9d7ade5aa28541ab8bb13bcaa000304a - - default default] 10.0.0.153 "GET /v2.0/trunks/e9246971-95d5-40b8-8ac0-2b70c5c418aa/tags HTTP/1.1" status: 200 len: 223 time: 0.0162420
2026-05-26 06:58:14.583 9 INFO neutron.db.ovn_revision_numbers_db [None req-33b9244f-d6fd-40c8-b197-45daf137e640 8d16257921214e02b42d32bfec1b919c 9e6d7ce1c2244722bba0373ead6ae8d3 - - default default] Successfully bumped revision number for resource 773ef095-d063-4a29-88d0-1cb901a8ad5e (type: security_group_rules) to 0
2026-05-26 06:58:14.604 10 INFO neutron.api.v2.resource [None req-2228a7c3-f705-4482-aa56-0f2a776f6423 d441c9c292f0465bbe320a3756597302 9d7ade5aa28541ab8bb13bcaa000304a - - default default] delete failed (client error): The resource could not be found.
2026-05-26 06:58:14.605 10 INFO neutron.wsgi [None req-2228a7c3-f705-4482-aa56-0f2a776f6423 d441c9c292f0465bbe320a3756597302 9d7ade5aa28541ab8bb13bcaa000304a - - default default] 10.0.0.153 "DELETE /v2.0/trunks/e9246971-95d5-40b8-8ac0-2b70c5c418aa/tags/green HTTP/1.1" status: 404 len: 299 time: 0.0222023
2026-05-26 06:58:14.610 9 INFO neutron.db.ovn_revision_numbers_db [None req-33b9244f-d6fd-40c8-b197-45daf137e640 8d16257921214e02b42d32bfec1b919c 9e6d7ce1c2244722bba0373ead6ae8d3 - - default default] Successfully bumped revision number for resource 9efc3801-da04-484e-8f31-dbd865c61abc (type: security_group_rules) to 0
2026-05-26 06:58:14.633 9 INFO neutron.db.ovn_revision_numbers_db [None req-33b9244f-d6fd-40c8-b197-45daf137e640 8d16257921214e02b42d32bfec1b919c 9e6d7ce1c2244722bba0373ead6ae8d3 - - default default] Successfully bumped revision number for resource a4b0f9d0-6a98-4d41-bc7d-b3ce9e6ffbe0 (type: security_group_rules) to 0
2026-05-26 06:58:14.645 10 INFO neutron.wsgi [None req-42f33567-085a-40e6-9366-dae948294e55 d441c9c292f0465bbe320a3756597302 9d7ade5aa28541ab8bb13bcaa000304a - - default default] 10.0.0.153 "DELETE /v2.0/trunks/e9246971-95d5-40b8-8ac0-2b70c5c418aa/tags HTTP/1.1" status: 204 len: 168 time: 0.0350537
2026-05-26 06:58:14.671 10 INFO neutron.wsgi [None req-16fc09d1-2e2c-41fc-b452-aeeb6b053016 d441c9c292f0465bbe320a3756597302 9d7ade5aa28541ab8bb13bcaa000304a - - default default] 10.0.0.153 "GET /v2.0/trunks/e9246971-95d5-40b8-8ac0-2b70c5c418aa/tags HTTP/1.1" status: 200 len: 205 time: 0.0204327
2026-05-26 06:58:14.673 9 INFO neutron.wsgi [None req-33b9244f-d6fd-40c8-b197-45daf137e640 8d16257921214e02b42d32bfec1b919c 9e6d7ce1c2244722bba0373ead6ae8d3 - - default default] 10.0.0.153 "GET /v2.0/security-groups?tenant_id=3d3d38d48a54437cba4ea8cae281bc66&name=default HTTP/1.1" status: 200 len: 3000 time: 0.5031517
2026-05-26 06:58:14.679 9 INFO neutron.db.ovn_revision_numbers_db [None req-cf029c50-4897-488f-833d-c76975ddebab d79c837815834122ab95e4f4d6cb2efb c73dd0f8638249729e169fbf2e0fd2bb - - default default] Successfully bumped revision number for resource 80f22c22-f554-4d14-9ef8-032478e841b4 (type: ports) to 1
2026-05-26 06:58:14.699 10 INFO neutron.wsgi [None req-57b6ae65-99a1-4c8f-bec1-aeb2a6071ea9 d441c9c292f0465bbe320a3756597302 9d7ade5aa28541ab8bb13bcaa000304a - - default default] 10.0.0.153 "GET /v2.0/trunks/e9246971-95d5-40b8-8ac0-2b70c5c418aa HTTP/1.1" status: 200 len: 603 time: 0.0236557
2026-05-26 06:58:14.706 9 INFO neutron.wsgi [None req-cf029c50-4897-488f-833d-c76975ddebab d79c837815834122ab95e4f4d6cb2efb c73dd0f8638249729e169fbf2e0fd2bb - - default default] 10.0.0.153 "POST /v2.0/networks HTTP/1.1" status: 201 len: 831 time: 0.6349370
2026-05-26 06:58:14.715 9 WARNING neutron_lib.context [None req-e91ea685-c795-49f5-8d7a-94a206ca4e63 d79c837815834122ab95e4f4d6cb2efb c73dd0f8638249729e169fbf2e0fd2bb - - default default] Method 'is_advsvc' is deprecated since 2023.2 release (neutron-lib 3.8.0) and will be removed once support for the old RBAC API policies will be removed from Neutron. Please use method 'is_service_role' instead.
2026-05-26 06:58:14.804 10 INFO neutron.wsgi [None req-a702238a-2497-4aa8-b858-12be615201c2 d441c9c292f0465bbe320a3756597302 9d7ade5aa28541ab8bb13bcaa000304a - - default default] 10.0.0.153 "GET /v2.0/ports/745b636e-cd09-497c-b3d6-e126dcb52155 HTTP/1.1" status: 200 len: 1020 time: 0.1007674
2026-05-26 06:58:14.891 10 INFO neutron.wsgi [None req-0185a887-8bb6-48b1-be74-26a137e5981c d441c9c292f0465bbe320a3756597302 9d7ade5aa28541ab8bb13bcaa000304a - - default default] 10.0.0.153 "DELETE /v2.0/trunks/e9246971-95d5-40b8-8ac0-2b70c5c418aa HTTP/1.1" status: 204 len: 168 time: 0.0800660
2026-05-26 06:58:14.974 9 WARNING neutron.scheduler.dhcp_agent_scheduler [None req-e91ea685-c795-49f5-8d7a-94a206ca4e63 d79c837815834122ab95e4f4d6cb2efb c73dd0f8638249729e169fbf2e0fd2bb - - default default] No more DHCP agents
2026-05-26 06:58:14.978 9 WARNING neutron.api.rpc.agentnotifiers.dhcp_rpc_agent_api [None req-e91ea685-c795-49f5-8d7a-94a206ca4e63 d79c837815834122ab95e4f4d6cb2efb c73dd0f8638249729e169fbf2e0fd2bb - - default default] Unable to schedule network 63210cf9-7df3-4f1e-b93d-015a7225aee7: no agents available; will retry on subsequent port and subnet creation events.
2026-05-26 06:58:14.979 10 INFO neutron.wsgi [None req-e1361373-f696-40bf-8de4-ecdd1c27d111 8d16257921214e02b42d32bfec1b919c 9e6d7ce1c2244722bba0373ead6ae8d3 - - default default] 10.0.0.153 "DELETE /v2.0/security-groups/5835a1ce-3651-4cec-ae65-38d24f3e160b HTTP/1.1" status: 204 len: 168 time: 0.2980170
2026-05-26 06:58:15.071 9 INFO neutron.db.ovn_revision_numbers_db [None req-e91ea685-c795-49f5-8d7a-94a206ca4e63 d79c837815834122ab95e4f4d6cb2efb c73dd0f8638249729e169fbf2e0fd2bb - - default default] Successfully bumped revision number for resource b5a62e86-83f1-4435-8449-e393c7737a56 (type: ports) to 1 /var/lib/openstack/lib/python3.10/site-packages/pycadf/identifier.py:71: UserWarning: Invalid uuid: neutron. To ensure interoperability, identifiers should be a valid uuid. warnings.warn(('Invalid uuid: %s. To ensure interoperability, '
2026-05-26 06:58:15.098 9 INFO neutron.wsgi [None req-e91ea685-c795-49f5-8d7a-94a206ca4e63 d79c837815834122ab95e4f4d6cb2efb c73dd0f8638249729e169fbf2e0fd2bb - - default default] 10.0.0.153 "POST /v2.0/ports HTTP/1.1" status: 201 len: 942 time: 0.3877757
2026-05-26 06:58:15.107 9 WARNING neutron_lib.context [None req-254465b3-bd3e-4c31-9b8a-1cf265d537fb d79c837815834122ab95e4f4d6cb2efb c73dd0f8638249729e169fbf2e0fd2bb - - default default] Method 'is_advsvc' is deprecated since 2023.2 release (neutron-lib 3.8.0) and will be removed once support for the old RBAC API policies will be removed from Neutron. Please use method 'is_service_role' instead.
2026-05-26 06:58:15.124 10 INFO neutron.wsgi [None req-4257a70d-2042-4526-9f37-504c60a072e4 d441c9c292f0465bbe320a3756597302 9d7ade5aa28541ab8bb13bcaa000304a - - default default] 10.0.0.153 "DELETE /v2.0/ports/745b636e-cd09-497c-b3d6-e126dcb52155 HTTP/1.1" status: 204 len: 168 time: 0.2278714
2026-05-26 06:58:15.248 9 INFO neutron.db.ovn_revision_numbers_db [None req-7cccc992-b254-4ebd-bb98-de2039213f09 8d16257921214e02b42d32bfec1b919c 9e6d7ce1c2244722bba0373ead6ae8d3 - - default default] Successfully bumped revision number for resource a68f31ff-ba25-4916-b501-f63fdca375a2 (type: security_groups) to 1
2026-05-26 06:58:15.272 9 INFO neutron.db.ovn_revision_numbers_db [None req-7cccc992-b254-4ebd-bb98-de2039213f09 8d16257921214e02b42d32bfec1b919c 9e6d7ce1c2244722bba0373ead6ae8d3 - - default default] Successfully bumped revision number for resource 397d054f-1a3e-4cb8-95f0-200f283d4060 (type: security_group_rules) to 0
2026-05-26 06:58:15.286 9 INFO neutron.db.ovn_revision_numbers_db [None req-7cccc992-b254-4ebd-bb98-de2039213f09 8d16257921214e02b42d32bfec1b919c 9e6d7ce1c2244722bba0373ead6ae8d3 - - default default] Successfully bumped revision number for resource 426ae349-2e7e-4e91-a969-150e5518a1c8 (type: security_group_rules) to 0
2026-05-26 06:58:15.307 9 INFO neutron.db.ovn_revision_numbers_db [None req-7cccc992-b254-4ebd-bb98-de2039213f09 8d16257921214e02b42d32bfec1b919c 9e6d7ce1c2244722bba0373ead6ae8d3 - - default default] Successfully bumped revision number for resource 7a193b06-bc9e-4a23-97ef-12784d560b12 (type: security_group_rules) to 0
2026-05-26 06:58:15.324 9 INFO neutron.wsgi [None req-254465b3-bd3e-4c31-9b8a-1cf265d537fb d79c837815834122ab95e4f4d6cb2efb c73dd0f8638249729e169fbf2e0fd2bb - - default default] 10.0.0.153 "POST /v2.0/trunks HTTP/1.1" status: 201 len: 608 time: 0.2215953
2026-05-26 06:58:15.333 9 INFO neutron.db.ovn_revision_numbers_db [None req-7cccc992-b254-4ebd-bb98-de2039213f09 8d16257921214e02b42d32bfec1b919c 9e6d7ce1c2244722bba0373ead6ae8d3 - - default default] Successfully bumped revision number for resource 9a8048fa-7bf2-4a6a-bf39-e3b764e1a986 (type: security_group_rules) to 0
2026-05-26 06:58:15.367 9 INFO neutron.wsgi [None req-7cccc992-b254-4ebd-bb98-de2039213f09 8d16257921214e02b42d32bfec1b919c 9e6d7ce1c2244722bba0373ead6ae8d3 - - default default] 10.0.0.153 "GET /v2.0/security-groups?tenant_id=9b5aa4df817e485bbb37cd32ac5b6f6e&name=default HTTP/1.1" status: 200 len: 3000 time: 0.2790449
2026-05-26 06:58:15.379 9 INFO neutron.wsgi [None req-03b12e85-a641-4f09-a2d4-0b1ab3a524f3 d79c837815834122ab95e4f4d6cb2efb c73dd0f8638249729e169fbf2e0fd2bb - - default default] 10.0.0.153 "PUT /v2.0/trunks/846861fd-ffee-4d94-b49a-d67febc44dcb/tags HTTP/1.1" status: 200 len: 210 time: 0.0504038
2026-05-26 06:58:15.417 9 INFO neutron.wsgi [None req-2a811755-e638-4c17-8d68-efd7d12b047d d79c837815834122ab95e4f4d6cb2efb c73dd0f8638249729e169fbf2e0fd2bb - - default default] 10.0.0.153 "PUT /v2.0/trunks/f3d3bcb6-c927-4f90-bfae-c4a1bf31f627/tags HTTP/1.1" status: 200 len: 218 time: 0.0324554
2026-05-26 06:58:15.470 10 INFO neutron.services.segments.plugin [-] Segment 47c8bba8-9c54-46fe-8cfe-d89a099a7ae5 resource provider aggregate not found
2026-05-26 06:58:15.475 10 INFO neutron.services.segments.plugin [-] Segment 47c8bba8-9c54-46fe-8cfe-d89a099a7ae5 resource provider aggregate not found
2026-05-26 06:58:15.490 10 INFO neutron.services.segments.plugin [-] Segment 47c8bba8-9c54-46fe-8cfe-d89a099a7ae5 resource provider not found; error: Placement Client Error (4xx): {"errors": [{"status": 404, "title": "Not Found", "detail": "The resource could not be found.\n\n No resource provider with uuid 47c8bba8-9c54-46fe-8cfe-d89a099a7ae5 found for delete ", "request_id": "req-8629705a-67d9-4bf3-86dc-996f4491cb14"}]}
2026-05-26 06:58:15.491 10 INFO neutron.services.segments.plugin [-] Segment 47c8bba8-9c54-46fe-8cfe-d89a099a7ae5 resource provider not found; error: Placement Client Error (4xx): {"errors": [{"status": 404, "title": "Not Found", "detail": "The resource could not be found.\n\n No resource provider with uuid 47c8bba8-9c54-46fe-8cfe-d89a099a7ae5 found for delete ", "request_id": "req-6579d294-1e27-4587-9473-7f7db5d35ed5"}]}
2026-05-26 06:58:15.511 10 INFO neutron.wsgi [None req-f2856ee6-bf08-426d-b4ef-77bc854a0864 d441c9c292f0465bbe320a3756597302 9d7ade5aa28541ab8bb13bcaa000304a - - default default] 10.0.0.153 "DELETE /v2.0/networks/055ba573-662e-4e2d-b954-4b9919b4709c HTTP/1.1" status: 204 len: 168 time: 0.3828492
2026-05-26 06:58:15.512 9 INFO neutron.wsgi [None req-b5c84f99-e5ff-4b44-a919-60b86e8d3c96 d79c837815834122ab95e4f4d6cb2efb c73dd0f8638249729e169fbf2e0fd2bb - - default default] 10.0.0.153 "PUT /v2.0/trunks/2a6b55ad-b642-45c5-b0a1-4a3a0a91c879/tags HTTP/1.1" status: 200 len: 227 time: 0.0894690
2026-05-26 06:58:15.547 9 INFO neutron.wsgi [None req-90872349-95a3-4a5b-bcfc-cbde0a1cdccf d79c837815834122ab95e4f4d6cb2efb c73dd0f8638249729e169fbf2e0fd2bb - - default default] 10.0.0.153 "PUT /v2.0/trunks/25e5eb27-0ada-4220-aef5-752084fdfa45/tags HTTP/1.1" status: 200 len: 212 time: 0.0311990
2026-05-26 06:58:15.577 10 INFO neutron.wsgi [None req-2e18dc38-04d7-4bc7-ae0a-6e1cd32f09c6 d79c837815834122ab95e4f4d6cb2efb c73dd0f8638249729e169fbf2e0fd2bb - - default default] 10.0.0.153 "GET /v2.0/trunks?tags=red HTTP/1.1" status: 200 len: 1447 time: 0.0240440
2026-05-26 06:58:15.597 9 INFO neutron.wsgi [None req-76b0a774-c70f-44f3-b1bc-83712088721d 8d16257921214e02b42d32bfec1b919c 9e6d7ce1c2244722bba0373ead6ae8d3 - - default default] 10.0.0.153 "DELETE /v2.0/security-groups/a68f31ff-ba25-4916-b501-f63fdca375a2 HTTP/1.1" status: 204 len: 168 time: 0.2259321
2026-05-26 06:58:15.603 10 INFO neutron.wsgi [None req-9de36398-8ad1-4dec-9815-743c451a2d7d d79c837815834122ab95e4f4d6cb2efb c73dd0f8638249729e169fbf2e0fd2bb - - default default] 10.0.0.153 "GET /v2.0/trunks?tags=red%2Cblue HTTP/1.1" status: 200 len: 1041 time: 0.0205898
2026-05-26 06:58:15.627 10 INFO neutron.wsgi [None req-51a55ddb-e75a-48f0-93a4-68f59d27b169 d79c837815834122ab95e4f4d6cb2efb c73dd0f8638249729e169fbf2e0fd2bb - - default default] 10.0.0.153 "GET /v2.0/trunks?tags-any=blue HTTP/1.1" status: 200 len: 1041 time: 0.0198245
2026-05-26 06:58:15.649 10 INFO neutron.wsgi [None req-90430184-3565-41c0-a3b3-1c8a1bfa4f28 d79c837815834122ab95e4f4d6cb2efb c73dd0f8638249729e169fbf2e0fd2bb - - default default] 10.0.0.153 "GET /v2.0/trunks?tags-any=red%2Cblue HTTP/1.1" status: 200 len: 1447 time: 0.0168569
2026-05-26 06:58:15.674 10 INFO neutron.wsgi [None req-80ee05f1-83f2-4b01-aced-81c1a23680ad d79c837815834122ab95e4f4d6cb2efb c73dd0f8638249729e169fbf2e0fd2bb - - default default] 10.0.0.153 "GET /v2.0/trunks?not-tags=red HTTP/1.1" status: 200 len: 1013 time: 0.0199523
2026-05-26 06:58:15.701 10 INFO neutron.wsgi [None req-78004661-9b87-4c9b-ac5f-ce875781bcaf d79c837815834122ab95e4f4d6cb2efb c73dd0f8638249729e169fbf2e0fd2bb - - default default] 10.0.0.153 "GET /v2.0/trunks?not-tags=red%2Cblue HTTP/1.1" status: 200 len: 1419 time: 0.0235143
2026-05-26 06:58:15.727 10 INFO neutron.wsgi [None req-ab2961a4-e50a-43b5-a5b7-795728985e9d d79c837815834122ab95e4f4d6cb2efb c73dd0f8638249729e169fbf2e0fd2bb - - default default] 10.0.0.153 "GET /v2.0/trunks?not-tags-any=blue HTTP/1.1" status: 200 len: 1419 time: 0.0205910
2026-05-26 06:58:15.750 10 INFO neutron.wsgi [None req-0849026d-4c74-404d-8383-0d3ec2c8defa d79c837815834122ab95e4f4d6cb2efb c73dd0f8638249729e169fbf2e0fd2bb - - default default] 10.0.0.153 "GET /v2.0/trunks?not-tags-any=red%2Cblue HTTP/1.1" status: 200 len: 1013 time: 0.0179832
2026-05-26 06:58:15.786 10 INFO neutron.wsgi [None req-59c5c0d3-0cb6-4ab9-952f-dcf7d8ab9980 d79c837815834122ab95e4f4d6cb2efb c73dd0f8638249729e169fbf2e0fd2bb - - default default] 10.0.0.153 "GET /v2.0/trunks/846861fd-ffee-4d94-b49a-d67febc44dcb HTTP/1.1" status: 200 len: 608 time: 0.0215807
2026-05-26 06:58:15.795 9 INFO neutron.db.ovn_revision_numbers_db [None req-413e72ce-710e-41f5-9651-a7ed9f4c37b4 8d16257921214e02b42d32bfec1b919c 9e6d7ce1c2244722bba0373ead6ae8d3 - - default default] Successfully bumped revision number for resource 5aa73817-d2b5-4893-af05-d8321e03abca (type: security_groups) to 1
2026-05-26 06:58:15.807 9 INFO neutron.db.ovn_revision_numbers_db [None req-413e72ce-710e-41f5-9651-a7ed9f4c37b4 8d16257921214e02b42d32bfec1b919c 9e6d7ce1c2244722bba0373ead6ae8d3 - - default default] Successfully bumped revision number for resource 09328449-aad3-41d2-848e-5ade4d961de4 (type: security_group_rules) to 0
2026-05-26 06:58:15.820 9 INFO neutron.db.ovn_revision_numbers_db [None req-413e72ce-710e-41f5-9651-a7ed9f4c37b4 8d16257921214e02b42d32bfec1b919c 9e6d7ce1c2244722bba0373ead6ae8d3 - - default default] Successfully bumped revision number for resource 39775af8-725d-4250-ac16-2145debeb0ec (type: security_group_rules) to 0
2026-05-26 06:58:15.837 9 INFO neutron.db.ovn_revision_numbers_db [None req-413e72ce-710e-41f5-9651-a7ed9f4c37b4 8d16257921214e02b42d32bfec1b919c 9e6d7ce1c2244722bba0373ead6ae8d3 - - default default] Successfully bumped revision number for resource 99875004-26c5-4e22-99ac-7c34f0bec282 (type: security_group_rules) to 0
2026-05-26 06:58:15.851 9 INFO neutron.db.ovn_revision_numbers_db [None req-413e72ce-710e-41f5-9651-a7ed9f4c37b4 8d16257921214e02b42d32bfec1b919c 9e6d7ce1c2244722bba0373ead6ae8d3 - - default default] Successfully bumped revision number for resource e81c778c-1ebd-416e-8cea-c87e3bce15f5 (type: security_group_rules) to 0
2026-05-26 06:58:15.875 9 INFO neutron.wsgi [None req-413e72ce-710e-41f5-9651-a7ed9f4c37b4 8d16257921214e02b42d32bfec1b919c 9e6d7ce1c2244722bba0373ead6ae8d3 - - default default] 10.0.0.153 "GET /v2.0/security-groups?tenant_id=6c0e9f045df8460e84ff227834c67c58&name=default HTTP/1.1" status: 200 len: 3000 time: 0.1812022
2026-05-26 06:58:15.880 10 INFO neutron.wsgi [None req-cb94e462-cceb-4c79-997c-67cfd0c9442d d79c837815834122ab95e4f4d6cb2efb c73dd0f8638249729e169fbf2e0fd2bb - - default default] 10.0.0.153 "GET /v2.0/ports/e0a2e1b5-ec22-4204-aae9-a8f5dec5c4ba HTTP/1.1" status: 200 len: 1020 time: 0.0897965
2026-05-26 06:58:15.961 10 INFO neutron.wsgi [None req-3b39b9dc-4459-4316-8f19-deb66f050b0a d79c837815834122ab95e4f4d6cb2efb c73dd0f8638249729e169fbf2e0fd2bb - - default default] 10.0.0.153 "DELETE /v2.0/trunks/846861fd-ffee-4d94-b49a-d67febc44dcb HTTP/1.1" status: 204 len: 168 time: 0.0768194
2026-05-26 06:58:15.990 10 INFO neutron.wsgi [None req-fc238c18-ea89-4b8f-b8f2-81a05b88e3d7 d79c837815834122ab95e4f4d6cb2efb c73dd0f8638249729e169fbf2e0fd2bb - - default default] 10.0.0.153 "GET /v2.0/trunks/f3d3bcb6-c927-4f90-bfae-c4a1bf31f627 HTTP/1.1" status: 200 len: 616 time: 0.0188706
2026-05-26 06:58:16.076 10 INFO neutron.wsgi [None req-bbb7c056-e72e-44cb-aad6-e18495e6f8fe d79c837815834122ab95e4f4d6cb2efb c73dd0f8638249729e169fbf2e0fd2bb - - default default] 10.0.0.153 "GET /v2.0/ports/bd6bae9c-b486-4d8c-ba97-522a1134f985 HTTP/1.1" status: 200 len: 1020 time: 0.0818288
2026-05-26 06:58:16.078 9 INFO neutron.wsgi [None req-5a711b91-fa81-4cc9-9057-de156e52e94f 8d16257921214e02b42d32bfec1b919c 9e6d7ce1c2244722bba0373ead6ae8d3 - - default default] 10.0.0.153 "DELETE /v2.0/security-groups/5aa73817-d2b5-4893-af05-d8321e03abca HTTP/1.1" status: 204 len: 168 time: 0.1992524
2026-05-26 06:58:16.153 10 INFO neutron.wsgi [None req-c62c4c00-39c5-426b-918b-d5d44acb05c1 d79c837815834122ab95e4f4d6cb2efb c73dd0f8638249729e169fbf2e0fd2bb - - default default] 10.0.0.153 "DELETE /v2.0/trunks/f3d3bcb6-c927-4f90-bfae-c4a1bf31f627 HTTP/1.1" status: 204 len: 168 time: 0.0738676
2026-05-26 06:58:16.177 10 INFO neutron.wsgi [None req-bc347c8f-f47a-4843-959b-ff9eef6888f5 d79c837815834122ab95e4f4d6cb2efb c73dd0f8638249729e169fbf2e0fd2bb - - default default] 10.0.0.153 "GET /v2.0/trunks/2a6b55ad-b642-45c5-b0a1-4a3a0a91c879 HTTP/1.1" status: 200 len: 625 time: 0.0197871
2026-05-26 06:58:16.278 9 INFO neutron.wsgi [None req-a160fce3-993e-4f76-b2e7-67ba198e08c6 d79c837815834122ab95e4f4d6cb2efb c73dd0f8638249729e169fbf2e0fd2bb - - default default] 10.0.0.153 "GET /v2.0/ports/3c84930d-00d5-4eda-83e8-7bfeec04f4b9 HTTP/1.1" status: 200 len: 1020 time: 0.0973225
2026-05-26 06:58:16.357 9 INFO neutron.wsgi [None req-7684f830-aec2-41e0-a3da-856690757bff d79c837815834122ab95e4f4d6cb2efb c73dd0f8638249729e169fbf2e0fd2bb - - default default] 10.0.0.153 "DELETE /v2.0/trunks/2a6b55ad-b642-45c5-b0a1-4a3a0a91c879 HTTP/1.1" status: 204 len: 168 time: 0.0731866
2026-05-26 06:58:16.379 9 INFO neutron.wsgi [None req-4aadc49d-2e9c-463c-807a-62d744f8dcbe d79c837815834122ab95e4f4d6cb2efb c73dd0f8638249729e169fbf2e0fd2bb - - default default] 10.0.0.153 "GET /v2.0/trunks/25e5eb27-0ada-4220-aef5-752084fdfa45 HTTP/1.1" status: 200 len: 610 time: 0.0179703
2026-05-26 06:58:16.481 9 INFO neutron.wsgi [None req-4a4481af-132e-4af9-9e45-0d312368e336 d79c837815834122ab95e4f4d6cb2efb c73dd0f8638249729e169fbf2e0fd2bb - - default default] 10.0.0.153 "GET /v2.0/ports/5dabc9f1-7519-478c-955d-3a1bced1a289 HTTP/1.1" status: 200 len: 1020 time: 0.0962360
2026-05-26 06:58:16.564 9 INFO neutron.db.ovn_revision_numbers_db [None req-11949790-5f4d-4d63-8be2-a8b8a9c60224 8d16257921214e02b42d32bfec1b919c 9e6d7ce1c2244722bba0373ead6ae8d3 - - default default] Successfully bumped revision number for resource 56673158-dbed-492b-b7ff-bd534d6bba64 (type: security_groups) to 1
2026-05-26 06:58:16.576 9 INFO neutron.wsgi [None req-6f45d36a-6c64-4bb8-8a4c-90d71c353b31 d79c837815834122ab95e4f4d6cb2efb c73dd0f8638249729e169fbf2e0fd2bb - - default default] 10.0.0.153 "DELETE /v2.0/trunks/25e5eb27-0ada-4220-aef5-752084fdfa45 HTTP/1.1" status: 204 len: 168 time: 0.0913608
2026-05-26 06:58:16.577 9 INFO neutron.db.ovn_revision_numbers_db [None req-11949790-5f4d-4d63-8be2-a8b8a9c60224 8d16257921214e02b42d32bfec1b919c 9e6d7ce1c2244722bba0373ead6ae8d3 - - default default] Successfully bumped revision number for resource 23951a02-e953-4742-96ad-ce90f93a5ab8 (type: security_group_rules) to 0
2026-05-26 06:58:16.590 9 INFO neutron.db.ovn_revision_numbers_db [None req-11949790-5f4d-4d63-8be2-a8b8a9c60224 8d16257921214e02b42d32bfec1b919c 9e6d7ce1c2244722bba0373ead6ae8d3 - - default default] Successfully bumped revision number for resource 2920eaa3-ea6a-4c7d-bcbd-b0e197db77e0 (type: security_group_rules) to 0
2026-05-26 06:58:16.602 10 INFO neutron.wsgi [None req-899b797e-cd6b-49a6-acd6-203fc3e2dca1 d79c837815834122ab95e4f4d6cb2efb c73dd0f8638249729e169fbf2e0fd2bb - - default default] 10.0.0.153 "GET /v2.0/trunks/28296d6e-286b-4523-994b-ea2b164581ce HTTP/1.1" status: 200 len: 603 time: 0.0201869
2026-05-26 06:58:16.604 9 INFO neutron.db.ovn_revision_numbers_db [None req-11949790-5f4d-4d63-8be2-a8b8a9c60224 8d16257921214e02b42d32bfec1b919c 9e6d7ce1c2244722bba0373ead6ae8d3 - - default default] Successfully bumped revision number for resource a318b449-cf73-4821-a88e-49625528e93c (type: security_group_rules) to 0
2026-05-26 06:58:16.629 9 INFO neutron.db.ovn_revision_numbers_db [None req-11949790-5f4d-4d63-8be2-a8b8a9c60224 8d16257921214e02b42d32bfec1b919c 9e6d7ce1c2244722bba0373ead6ae8d3 - - default default] Successfully bumped revision number for resource b76d4ed7-0fb5-4a56-b956-1c9e8157089b (type: security_group_rules) to 0
2026-05-26 06:58:16.660 9 INFO neutron.wsgi [None req-11949790-5f4d-4d63-8be2-a8b8a9c60224 8d16257921214e02b42d32bfec1b919c 9e6d7ce1c2244722bba0373ead6ae8d3 - - default default] 10.0.0.153 "GET /v2.0/security-groups?tenant_id=fcde8625f26d4576b3cc00775cb2aa51&name=default HTTP/1.1" status: 200 len: 3000 time: 0.4907422
2026-05-26 06:58:16.701 9 INFO neutron.wsgi [None req-1c115aba-4ec0-4418-90fd-7e3b88c0e209 d79c837815834122ab95e4f4d6cb2efb c73dd0f8638249729e169fbf2e0fd2bb - - default default] 10.0.0.153 "GET /v2.0/ports/b5a62e86-83f1-4435-8449-e393c7737a56 HTTP/1.1" status: 200 len: 1020 time: 0.0932372
2026-05-26 06:58:16.781 9 INFO neutron.wsgi [None req-44ee681b-76bf-448a-a3d3-59869f2833a4 d79c837815834122ab95e4f4d6cb2efb c73dd0f8638249729e169fbf2e0fd2bb - - default default] 10.0.0.153 "DELETE /v2.0/trunks/28296d6e-286b-4523-994b-ea2b164581ce HTTP/1.1" status: 204 len: 168 time: 0.0757651
2026-05-26 06:58:16.848 10 INFO neutron.wsgi [None req-845b1850-aa8d-444a-8f87-11c919c2817a 8d16257921214e02b42d32bfec1b919c 9e6d7ce1c2244722bba0373ead6ae8d3 - - default default] 10.0.0.153 "DELETE /v2.0/security-groups/56673158-dbed-492b-b7ff-bd534d6bba64 HTTP/1.1" status: 204 len: 168 time: 0.1823299
2026-05-26 06:58:16.983 10 INFO neutron.wsgi [None req-620bfdc7-a2ce-4b05-8fdf-ced65e2f31b5 8d16257921214e02b42d32bfec1b919c 9e6d7ce1c2244722bba0373ead6ae8d3 - - default default] 10.0.0.153 "GET /v2.0/security-groups?tenant_id=9d7ade5aa28541ab8bb13bcaa000304a&name=default HTTP/1.1" status: 200 len: 3000 time: 0.0372784
2026-05-26 06:58:17.020 9 INFO neutron.wsgi [None req-e1a559c0-8bb3-4bdb-a0e0-eb940bde4376 d79c837815834122ab95e4f4d6cb2efb c73dd0f8638249729e169fbf2e0fd2bb - - default default] 10.0.0.153 "DELETE /v2.0/ports/e0a2e1b5-ec22-4204-aae9-a8f5dec5c4ba HTTP/1.1" status: 204 len: 168 time: 0.2347612
2026-05-26 06:58:17.225 10 INFO neutron.wsgi [None req-2f2784dc-5f3c-432b-82d1-8a111e701e34 8d16257921214e02b42d32bfec1b919c 9e6d7ce1c2244722bba0373ead6ae8d3 - - default default] 10.0.0.153 "DELETE /v2.0/security-groups/4bd79882-ba19-4ab9-8436-c6f5fc9d26fe HTTP/1.1" status: 204 len: 168 time: 0.2388566
2026-05-26 06:58:17.278 9 INFO neutron.wsgi [None req-8aa22ff3-4c81-4a66-b3a7-758870f8f39c d79c837815834122ab95e4f4d6cb2efb c73dd0f8638249729e169fbf2e0fd2bb - - default default] 10.0.0.153 "DELETE /v2.0/ports/bd6bae9c-b486-4d8c-ba97-522a1134f985 HTTP/1.1" status: 204 len: 168 time: 0.2537196
2026-05-26 06:58:17.562 9 INFO neutron.wsgi [None req-4aa1f599-828a-47d5-9ef8-9d918f8e326c d79c837815834122ab95e4f4d6cb2efb c73dd0f8638249729e169fbf2e0fd2bb - - default default] 10.0.0.153 "DELETE /v2.0/ports/3c84930d-00d5-4eda-83e8-7bfeec04f4b9 HTTP/1.1" status: 204 len: 168 time: 0.2773614
2026-05-26 06:58:17.817 9 INFO neutron.wsgi [None req-92ff9c37-eb93-4af1-be6f-8894aed84ff4 d79c837815834122ab95e4f4d6cb2efb c73dd0f8638249729e169fbf2e0fd2bb - - default default] 10.0.0.153 "DELETE /v2.0/ports/5dabc9f1-7519-478c-955d-3a1bced1a289 HTTP/1.1" status: 204 len: 168 time: 0.2427037
2026-05-26 06:58:18.293 9 INFO neutron.wsgi [None req-dc1a72df-d2ab-4c55-a4b4-e96f8af92cef d79c837815834122ab95e4f4d6cb2efb c73dd0f8638249729e169fbf2e0fd2bb - - default default] 10.0.0.153 "DELETE /v2.0/ports/b5a62e86-83f1-4435-8449-e393c7737a56 HTTP/1.1" status: 204 len: 168 time: 0.4723220
2026-05-26 06:58:18.641 9 INFO neutron.services.segments.plugin [-] Segment 45beaeb8-c8ec-4bda-b098-16b4a7a04e2b resource provider aggregate not found
2026-05-26 06:58:18.648 9 INFO neutron.services.segments.plugin [-] Segment 45beaeb8-c8ec-4bda-b098-16b4a7a04e2b resource provider aggregate not found
2026-05-26 06:58:18.664 9 INFO neutron.services.segments.plugin [-] Segment 45beaeb8-c8ec-4bda-b098-16b4a7a04e2b resource provider not found; error: Placement Client Error (4xx): {"errors": [{"status": 404, "title": "Not Found", "detail": "The resource could not be found.\n\n No resource provider with uuid 45beaeb8-c8ec-4bda-b098-16b4a7a04e2b found for delete ", "request_id": "req-be132ad1-6aa3-4779-9edb-26e98a448a84"}]}
2026-05-26 06:58:18.665 9 INFO neutron.services.segments.plugin [-] Segment 45beaeb8-c8ec-4bda-b098-16b4a7a04e2b resource provider not found; error: Placement Client Error (4xx): {"errors": [{"status": 404, "title": "Not Found", "detail": "The resource could not be found.\n\n No resource provider with uuid 45beaeb8-c8ec-4bda-b098-16b4a7a04e2b found for delete ", "request_id": "req-d0870cd0-f530-4371-a815-450d7ea183e5"}]}
2026-05-26 06:58:18.689 9 INFO neutron.wsgi [None req-7e700253-9bbf-47ed-978d-cdef6efe7a6e d79c837815834122ab95e4f4d6cb2efb c73dd0f8638249729e169fbf2e0fd2bb - - default default] 10.0.0.153 "DELETE /v2.0/networks/42433816-0628-42c4-ab17-174dc8b321ce HTTP/1.1" status: 204 len: 168 time: 0.3908896
2026-05-26 06:58:19.083 10 INFO neutron.services.segments.plugin [-] Segment 53850a6f-ad89-40ef-afe0-95576c28da8e resource provider aggregate not found
2026-05-26 06:58:19.096 10 INFO neutron.services.segments.plugin [-] Segment 53850a6f-ad89-40ef-afe0-95576c28da8e resource provider aggregate not found
2026-05-26 06:58:19.108 10 INFO neutron.services.segments.plugin [-] Segment 53850a6f-ad89-40ef-afe0-95576c28da8e resource provider not found; error: Placement Client Error (4xx): {"errors": [{"status": 404, "title": "Not Found", "detail": "The resource could not be found.\n\n No resource provider with uuid 53850a6f-ad89-40ef-afe0-95576c28da8e found for delete ", "request_id": "req-e9be2fb8-2cbe-477b-a82d-a861278b657f"}]}
2026-05-26 06:58:19.110 10 INFO neutron.services.segments.plugin [-] Segment 53850a6f-ad89-40ef-afe0-95576c28da8e resource provider not found; error: Placement Client Error (4xx): {"errors": [{"status": 404, "title": "Not Found", "detail": "The resource could not be found.\n\n No resource provider with uuid 53850a6f-ad89-40ef-afe0-95576c28da8e found for delete ", "request_id": "req-235a8aa1-aa78-4ffd-8308-2e6634850864"}]}
2026-05-26 06:58:19.132 10 INFO neutron.wsgi [None req-77693129-8786-4a4d-bc6f-95cc03bfe3a6 d79c837815834122ab95e4f4d6cb2efb c73dd0f8638249729e169fbf2e0fd2bb - - default default] 10.0.0.153 "DELETE /v2.0/networks/38f764d8-2ac7-496b-97d4-f0681fd5d808 HTTP/1.1" status: 204 len: 168 time: 0.4374804
2026-05-26 06:58:19.504 9 INFO neutron.wsgi [None req-f042701c-ee3c-499a-ab94-fd79601f4e3c d79c837815834122ab95e4f4d6cb2efb c73dd0f8638249729e169fbf2e0fd2bb - - default default] 10.0.0.153 "DELETE /v2.0/networks/c0dbc0b2-267e-430b-9881-799abc978136 HTTP/1.1" status: 204 len: 168 time: 0.3639379
2026-05-26 06:58:19.635 9 INFO neutron.wsgi [-] 10.0.0.162 "GET / HTTP/1.1" status: 200 len: 246 time: 0.0026419
2026-05-26 06:58:19.637 10 INFO neutron.wsgi [-] 10.0.0.162 "GET / HTTP/1.1" status: 200 len: 246 time: 0.0017769
2026-05-26 06:58:19.910 10 INFO neutron.wsgi [None req-a084b780-2061-403e-9793-32353a8c1ee4 d79c837815834122ab95e4f4d6cb2efb c73dd0f8638249729e169fbf2e0fd2bb - - default default] 10.0.0.153 "DELETE /v2.0/networks/348b764b-8723-4074-89e3-c1d4d5aa847f HTTP/1.1" status: 204 len: 168 time: 0.3961780
2026-05-26 06:58:20.284 9 INFO neutron.wsgi [None req-d26fd6a3-f121-4929-98d7-726b6dcf733d d79c837815834122ab95e4f4d6cb2efb c73dd0f8638249729e169fbf2e0fd2bb - - default default] 10.0.0.153 "DELETE /v2.0/networks/63210cf9-7df3-4f1e-b93d-015a7225aee7 HTTP/1.1" status: 204 len: 168 time: 0.3702071
2026-05-26 06:58:20.396 10 WARNING neutron_lib.context [None req-90137761-dd8a-43d2-86e7-7621749cc167 5aa485824b454bf98ecbc40c19a82c20 28a85edb204c464c851ace43eecc34af - - default default] Method 'is_advsvc' is deprecated since 2023.2 release (neutron-lib 3.8.0) and will be removed once support for the old RBAC API policies will be removed from Neutron. Please use method 'is_service_role' instead.
2026-05-26 06:58:20.520 10 INFO neutron.db.ovn_revision_numbers_db [None req-90137761-dd8a-43d2-86e7-7621749cc167 5aa485824b454bf98ecbc40c19a82c20 28a85edb204c464c851ace43eecc34af - - default default] Successfully bumped revision number for resource a4185a5c-d0e5-4198-92ff-bcbd736b6f75 (type: security_groups) to 1
2026-05-26 06:58:20.534 10 INFO neutron.db.ovn_revision_numbers_db [None req-90137761-dd8a-43d2-86e7-7621749cc167 5aa485824b454bf98ecbc40c19a82c20 28a85edb204c464c851ace43eecc34af - - default default] Successfully bumped revision number for resource 618c4292-5e07-4e4e-a156-6ae352099280 (type: security_group_rules) to 0
2026-05-26 06:58:20.550 10 INFO neutron.db.ovn_revision_numbers_db [None req-90137761-dd8a-43d2-86e7-7621749cc167 5aa485824b454bf98ecbc40c19a82c20 28a85edb204c464c851ace43eecc34af - - default default] Successfully bumped revision number for resource 6e354204-6304-49e0-b23b-0a0898955335 (type: security_group_rules) to 0
2026-05-26 06:58:20.567 10 INFO neutron.db.ovn_revision_numbers_db [None req-90137761-dd8a-43d2-86e7-7621749cc167 5aa485824b454bf98ecbc40c19a82c20 28a85edb204c464c851ace43eecc34af - - default default] Successfully bumped revision number for resource 9619603b-e652-4c3a-895d-e4d229ffc126 (type: security_group_rules) to 0
2026-05-26 06:58:20.583 10 INFO neutron.db.ovn_revision_numbers_db [None req-90137761-dd8a-43d2-86e7-7621749cc167 5aa485824b454bf98ecbc40c19a82c20 28a85edb204c464c851ace43eecc34af - - default default] Successfully bumped revision number for resource de7a1aa2-2812-41d1-b5a5-31a784f2ae7b (type: security_group_rules) to 0
2026-05-26 06:58:20.670 10 INFO neutron.db.ovn_revision_numbers_db [None req-90137761-dd8a-43d2-86e7-7621749cc167 5aa485824b454bf98ecbc40c19a82c20 28a85edb204c464c851ace43eecc34af - - default default] Successfully bumped revision number for resource e7465d63-23c6-49a2-b672-8445b7bb1d4e (type: security_groups) to 1
2026-05-26 06:58:20.684 10 INFO neutron.db.ovn_revision_numbers_db [None req-90137761-dd8a-43d2-86e7-7621749cc167 5aa485824b454bf98ecbc40c19a82c20 28a85edb204c464c851ace43eecc34af - - default default] Successfully bumped revision number for resource 04cd4eca-121d-4c0e-9ffc-b69e5b1cb062 (type: security_group_rules) to 0
2026-05-26 06:58:20.685 9 INFO neutron.services.segments.plugin [-] Segment a865b7b5-4935-487b-9de9-e6a78a85a538 resource provider aggregate not found
2026-05-26 06:58:20.690 9 INFO neutron.services.segments.plugin [-] Segment a865b7b5-4935-487b-9de9-e6a78a85a538 resource provider aggregate not found
