2026-05-26 06:56:48.582 9 INFO neutron.db.ovn_revision_numbers_db [None req-eff67d28-c8f5-47a1-854d-2a4e784979b9 93d1b3e9600e446a91b66dc8bbe9d546 da0ce1362f14486195958c5fd34e3138 - - default default] Successfully bumped revision number for resource 5b60f834-1c2f-497b-9a0e-f569681b4027 (type: subnets) to 1
2026-05-26 06:56:48.585 9 INFO neutron.wsgi [None req-eff67d28-c8f5-47a1-854d-2a4e784979b9 93d1b3e9600e446a91b66dc8bbe9d546 da0ce1362f14486195958c5fd34e3138 - - default default] 10.0.0.153 "PUT /v2.0/subnets/5b60f834-1c2f-497b-9a0e-f569681b4027 HTTP/1.1" status: 200 len: 826 time: 1.0919554
2026-05-26 06:56:49.027 9 INFO neutron.plugins.ml2.drivers.ovn.mech_driver.mech_driver [None req-5387fb26-6f8c-40cd-bf4a-41039702261f - - - - - -] OVN reports status up for port: 8f596db9-bb0c-4740-af3b-3c1c03916101
2026-05-26 06:56:49.044 9 INFO neutron.plugins.ml2.plugin [None req-5387fb26-6f8c-40cd-bf4a-41039702261f - - - - - -] Attempt 1 to provision port 8f596db9-bb0c-4740-af3b-3c1c03916101
2026-05-26 06:56:49.061 9 INFO neutron.db.ovn_revision_numbers_db [None req-3954fd3a-fd9d-498c-b059-a9254150a0f6 8f7b6ca9a18847f4874643e2e1a05ff5 7ea737069167461c8ee9a9e5ee64dd1f - - default default] Successfully bumped revision number for resource 8f596db9-bb0c-4740-af3b-3c1c03916101 (type: router_ports) to 1
2026-05-26 06:56:49.103 10 INFO neutron.services.segments.plugin [-] Segment e103ad40-a731-41d3-a28b-0e2c7b668c8a resource provider aggregate not found
2026-05-26 06:56:49.108 10 INFO neutron.services.segments.plugin [-] Segment e103ad40-a731-41d3-a28b-0e2c7b668c8a resource provider aggregate not found
2026-05-26 06:56:49.125 10 INFO neutron.services.segments.plugin [-] Segment e103ad40-a731-41d3-a28b-0e2c7b668c8a resource provider not found; error: Placement Client Error (4xx): {"errors": [{"status": 404, "title": "Not Found", "detail": "The resource could not be found.\n\n No resource provider with uuid e103ad40-a731-41d3-a28b-0e2c7b668c8a found for delete ", "request_id": "req-03028227-06f5-42a8-816a-dbf6c3647af4"}]}
2026-05-26 06:56:49.126 10 INFO neutron.services.segments.plugin [-] Segment e103ad40-a731-41d3-a28b-0e2c7b668c8a resource provider not found; error: Placement Client Error (4xx): {"errors": [{"status": 404, "title": "Not Found", "detail": "The resource could not be found.\n\n No resource provider with uuid e103ad40-a731-41d3-a28b-0e2c7b668c8a found for delete ", "request_id": "req-7588fe88-4c0b-4406-9a4f-3c321c961839"}]}
2026-05-26 06:56:49.157 10 INFO neutron.wsgi [None req-b6e5a475-f038-4aae-986e-d8581c1267ff 93d1b3e9600e446a91b66dc8bbe9d546 da0ce1362f14486195958c5fd34e3138 - - default default] 10.0.0.153 "DELETE /v2.0/networks/626cf881-5299-4ea3-9d8c-083a6dd9bf9d HTTP/1.1" status: 204 len: 168 time: 0.5660758
2026-05-26 06:56:49.177 10 INFO neutron.pecan_wsgi.hooks.translation [None req-0566afbb-ee27-400d-b617-d6f99f5cfa98 93d1b3e9600e446a91b66dc8bbe9d546 da0ce1362f14486195958c5fd34e3138 - - default default] DELETE failed (client error): The resource could not be found.
2026-05-26 06:56:49.179 10 INFO neutron.wsgi [None req-0566afbb-ee27-400d-b617-d6f99f5cfa98 93d1b3e9600e446a91b66dc8bbe9d546 da0ce1362f14486195958c5fd34e3138 - - default default] 10.0.0.153 "DELETE /v2.0/networks/626cf881-5299-4ea3-9d8c-083a6dd9bf9d HTTP/1.1" status: 404 len: 339 time: 0.0154545
2026-05-26 06:56:49.257 10 INFO neutron.wsgi [None req-ffb22a5c-6b62-4e9b-88dc-1307188da187 93d1b3e9600e446a91b66dc8bbe9d546 da0ce1362f14486195958c5fd34e3138 - - default default] 10.0.0.153 "GET /v2.0/networks?router%3Aexternal=True HTTP/1.1" status: 200 len: 845 time: 0.0702910
2026-05-26 06:56:49.305 10 INFO neutron.wsgi [None req-c22842c3-5eeb-48fb-aeaa-083c4846b29b 93d1b3e9600e446a91b66dc8bbe9d546 da0ce1362f14486195958c5fd34e3138 - - default default] 10.0.0.153 "GET /v2.0/subnets?network_id=3fa49f1f-41e2-4630-986f-3a5b3c2699c7 HTTP/1.1" status: 200 len: 820 time: 0.0429077
2026-05-26 06:56:49.316 10 INFO neutron.wsgi [None req-1e1e0f49-f83d-414b-9307-7a36d0177e3f 93d1b3e9600e446a91b66dc8bbe9d546 da0ce1362f14486195958c5fd34e3138 - - default default] 10.0.0.153 "GET /v2.0/extensions HTTP/1.1" status: 200 len: 16975 time: 0.0067279
2026-05-26 06:56:49.361 9 INFO neutron.db.ovn_revision_numbers_db [None req-3954fd3a-fd9d-498c-b059-a9254150a0f6 8f7b6ca9a18847f4874643e2e1a05ff5 7ea737069167461c8ee9a9e5ee64dd1f - - default default] Successfully bumped revision number for resource de7a421f-1c4e-477a-b890-b3b099bdab2b (type: routers) to 2
2026-05-26 06:56:49.371 9 INFO neutron.wsgi [None req-3954fd3a-fd9d-498c-b059-a9254150a0f6 8f7b6ca9a18847f4874643e2e1a05ff5 7ea737069167461c8ee9a9e5ee64dd1f - - default default] 10.0.0.153 "POST /v2.0/routers HTTP/1.1" status: 201 len: 868 time: 1.7331440
2026-05-26 06:56:49.392 10 INFO neutron.wsgi [None req-1b47468d-6c80-41c9-bd8e-1810b3374cf1 93d1b3e9600e446a91b66dc8bbe9d546 da0ce1362f14486195958c5fd34e3138 - - default default] 10.0.0.153 "GET /v2.0/networks HTTP/1.1" status: 200 len: 1507 time: 0.0718756
2026-05-26 06:56:49.473 9 INFO neutron.wsgi [None req-86e6e0f3-2283-41d2-abc4-54bc0fa143d9 93d1b3e9600e446a91b66dc8bbe9d546 da0ce1362f14486195958c5fd34e3138 - - default default] 10.0.0.153 "GET /v2.0/subnets HTTP/1.1" status: 200 len: 1460 time: 0.0734477
2026-05-26 06:56:49.487 9 INFO neutron.wsgi [None req-3664b6a6-607b-46f6-8774-566071268967 8f7b6ca9a18847f4874643e2e1a05ff5 7ea737069167461c8ee9a9e5ee64dd1f - - default default] 10.0.0.153 "GET /v2.0/routers/de7a421f-1c4e-477a-b890-b3b099bdab2b HTTP/1.1" status: 200 len: 869 time: 0.1104898
2026-05-26 06:56:49.554 9 INFO neutron.wsgi [None req-561d3c91-08c3-4521-8ad2-46bfbd6a036d 93d1b3e9600e446a91b66dc8bbe9d546 da0ce1362f14486195958c5fd34e3138 - - default default] 10.0.0.153 "GET /v2.0/networks/26705f95-a116-44a8-915f-fb77fd4e4365 HTTP/1.1" status: 200 len: 866 time: 0.0751116
2026-05-26 06:56:49.597 9 INFO neutron.wsgi [None req-d508c407-b7c5-4baf-bc63-b83526437d1b 93d1b3e9600e446a91b66dc8bbe9d546 da0ce1362f14486195958c5fd34e3138 - - default default] 10.0.0.153 "GET /v2.0/subnets/53d85105-668f-4017-9eee-3e5eb17a9c4f HTTP/1.1" status: 200 len: 843 time: 0.0351226
2026-05-26 06:56:49.630 10 INFO neutron.pecan_wsgi.hooks.translation [None req-1072ddd4-c016-4432-b060-16e4c3312e5f 93d1b3e9600e446a91b66dc8bbe9d546 da0ce1362f14486195958c5fd34e3138 - - default default] DELETE failed (client error): The resource could not be found.
2026-05-26 06:56:49.633 10 INFO neutron.wsgi [None req-1072ddd4-c016-4432-b060-16e4c3312e5f 93d1b3e9600e446a91b66dc8bbe9d546 da0ce1362f14486195958c5fd34e3138 - - default default] 10.0.0.153 "DELETE /v2.0/subnets/5b60f834-1c2f-497b-9a0e-f569681b4027 HTTP/1.1" status: 404 len: 337 time: 0.0275061
2026-05-26 06:56:49.634 9 INFO neutron.wsgi [-] 10.0.0.162 "GET / HTTP/1.1" status: 200 len: 246 time: 0.0022104
2026-05-26 06:56:49.637 9 INFO neutron.wsgi [-] 10.0.0.162 "GET / HTTP/1.1" status: 200 len: 246 time: 0.0019696
2026-05-26 06:56:49.648 10 INFO neutron.wsgi [None req-ce82792f-9123-4eb0-b130-54b96b6e007a 8f7b6ca9a18847f4874643e2e1a05ff5 7ea737069167461c8ee9a9e5ee64dd1f - - default default] 10.0.0.153 "GET /v2.0/routers HTTP/1.1" status: 200 len: 872 time: 0.1556089
2026-05-26 06:56:49.652 9 INFO neutron.pecan_wsgi.hooks.translation [None req-500ee600-01de-4328-8f28-dfc324b24744 93d1b3e9600e446a91b66dc8bbe9d546 da0ce1362f14486195958c5fd34e3138 - - default default] DELETE failed (client error): The resource could not be found.
2026-05-26 06:56:49.654 9 INFO neutron.wsgi [None req-500ee600-01de-4328-8f28-dfc324b24744 93d1b3e9600e446a91b66dc8bbe9d546 da0ce1362f14486195958c5fd34e3138 - - default default] 10.0.0.153 "DELETE /v2.0/networks/626cf881-5299-4ea3-9d8c-083a6dd9bf9d HTTP/1.1" status: 404 len: 339 time: 0.0162506
2026-05-26 06:56:49.858 9 INFO neutron.wsgi [None req-baebbdef-cf76-4ed0-ab31-4f74b03737fa 93d1b3e9600e446a91b66dc8bbe9d546 da0ce1362f14486195958c5fd34e3138 - - default default] 10.0.0.153 "DELETE /v2.0/subnets/53d85105-668f-4017-9eee-3e5eb17a9c4f HTTP/1.1" status: 204 len: 168 time: 0.1998181
2026-05-26 06:56:49.986 9 WARNING neutron_lib.context [None req-39864718-2165-4826-94de-778baef56f8e 86d91e4d69c94355858b7a12657efad1 736101b79c68468085bd79351efdb896 - - default default] Method 'is_advsvc' is deprecated since 2023.2 release (neutron-lib 3.8.0) and will be removed once support for the old RBAC API policies will be removed from Neutron. Please use method 'is_service_role' instead.
2026-05-26 06:56:50.110 10 INFO neutron.db.ovn_revision_numbers_db [None req-0d021e76-6a11-43c1-8537-c678d9e1d20a 8f7b6ca9a18847f4874643e2e1a05ff5 7ea737069167461c8ee9a9e5ee64dd1f - - default default] Successfully bumped revision number for resource de7a421f-1c4e-477a-b890-b3b099bdab2b (type: routers) to 3
2026-05-26 06:56:50.113 10 INFO neutron.wsgi [None req-0d021e76-6a11-43c1-8537-c678d9e1d20a 8f7b6ca9a18847f4874643e2e1a05ff5 7ea737069167461c8ee9a9e5ee64dd1f - - default default] 10.0.0.153 "PUT /v2.0/routers/de7a421f-1c4e-477a-b890-b3b099bdab2b HTTP/1.1" status: 200 len: 876 time: 0.4612253
2026-05-26 06:56:50.213 9 INFO neutron.db.ovn_revision_numbers_db [None req-39864718-2165-4826-94de-778baef56f8e 86d91e4d69c94355858b7a12657efad1 736101b79c68468085bd79351efdb896 - - default default] Successfully bumped revision number for resource 3a208f0e-4ab9-433b-8b93-8674f0635a48 (type: security_groups) to 1
2026-05-26 06:56:50.217 9 INFO neutron.wsgi [None req-3d8eb040-c83c-4eb4-bda0-65c64e069e85 8f7b6ca9a18847f4874643e2e1a05ff5 7ea737069167461c8ee9a9e5ee64dd1f - - default default] 10.0.0.153 "GET /v2.0/routers/de7a421f-1c4e-477a-b890-b3b099bdab2b HTTP/1.1" status: 200 len: 876 time: 0.0982099
2026-05-26 06:56:50.234 9 INFO neutron.db.ovn_revision_numbers_db [None req-39864718-2165-4826-94de-778baef56f8e 86d91e4d69c94355858b7a12657efad1 736101b79c68468085bd79351efdb896 - - default default] Successfully bumped revision number for resource 346488b2-5453-41f6-864f-42a97d6f1754 (type: security_group_rules) to 0
2026-05-26 06:56:50.246 10 INFO neutron.wsgi [None req-ee3ac523-7cd9-4225-b967-99acb26777f5 8f7b6ca9a18847f4874643e2e1a05ff5 7ea737069167461c8ee9a9e5ee64dd1f - - default default] 10.0.0.153 "GET /v2.0/ports?device_id=de7a421f-1c4e-477a-b890-b3b099bdab2b HTTP/1.1" status: 200 len: 205 time: 0.0224750
2026-05-26 06:56:50.253 9 INFO neutron.db.ovn_revision_numbers_db [None req-39864718-2165-4826-94de-778baef56f8e 86d91e4d69c94355858b7a12657efad1 736101b79c68468085bd79351efdb896 - - default default] Successfully bumped revision number for resource 4aaf5c4a-4afe-4b64-94b2-fc5ddfe550b4 (type: security_group_rules) to 0
2026-05-26 06:56:50.280 9 INFO neutron.db.ovn_revision_numbers_db [None req-39864718-2165-4826-94de-778baef56f8e 86d91e4d69c94355858b7a12657efad1 736101b79c68468085bd79351efdb896 - - default default] Successfully bumped revision number for resource 682b4d32-2853-43da-a65b-6796d457ee2b (type: security_group_rules) to 0
2026-05-26 06:56:50.290 9 INFO neutron.services.segments.plugin [-] Segment 5b28e166-6033-4336-8968-aa585ca77d8d resource provider aggregate not found
2026-05-26 06:56:50.295 9 INFO neutron.services.segments.plugin [-] Segment 5b28e166-6033-4336-8968-aa585ca77d8d resource provider aggregate not found
2026-05-26 06:56:50.309 9 INFO neutron.services.segments.plugin [-] Segment 5b28e166-6033-4336-8968-aa585ca77d8d resource provider not found; error: Placement Client Error (4xx): {"errors": [{"status": 404, "title": "Not Found", "detail": "The resource could not be found.\n\n No resource provider with uuid 5b28e166-6033-4336-8968-aa585ca77d8d found for delete ", "request_id": "req-ba01fe2e-035c-4137-9879-2d4c0394ab75"}]}
2026-05-26 06:56:50.312 9 INFO neutron.services.segments.plugin [-] Segment 5b28e166-6033-4336-8968-aa585ca77d8d resource provider not found; error: Placement Client Error (4xx): {"errors": [{"status": 404, "title": "Not Found", "detail": "The resource could not be found.\n\n No resource provider with uuid 5b28e166-6033-4336-8968-aa585ca77d8d found for delete ", "request_id": "req-6deb49b3-a3ae-44b6-916f-a83f8f4a6327"}]}
2026-05-26 06:56:50.318 9 INFO neutron.db.ovn_revision_numbers_db [None req-39864718-2165-4826-94de-778baef56f8e 86d91e4d69c94355858b7a12657efad1 736101b79c68468085bd79351efdb896 - - default default] Successfully bumped revision number for resource 9fba23f3-4638-4692-b58d-4ca75d11a6b7 (type: security_group_rules) to 0
2026-05-26 06:56:50.345 9 INFO neutron.wsgi [None req-b5ade515-6f96-4b4a-8249-642bdbefdb07 93d1b3e9600e446a91b66dc8bbe9d546 da0ce1362f14486195958c5fd34e3138 - - default default] 10.0.0.153 "DELETE /v2.0/networks/26705f95-a116-44a8-915f-fb77fd4e4365 HTTP/1.1" status: 204 len: 168 time: 0.4817579
2026-05-26 06:56:50.359 9 INFO neutron.db.segments_db [None req-39864718-2165-4826-94de-778baef56f8e 86d91e4d69c94355858b7a12657efad1 736101b79c68468085bd79351efdb896 - - default default] Added segment c1e5d1f5-6c59-42ae-a750-3854f0426601 of type geneve for network 6ea3399d-69f5-4319-bb03-fba511d135c7
2026-05-26 06:56:50.512 9 INFO neutron.db.ovn_revision_numbers_db [None req-39864718-2165-4826-94de-778baef56f8e 86d91e4d69c94355858b7a12657efad1 736101b79c68468085bd79351efdb896 - - default default] Successfully bumped revision number for resource 6ea3399d-69f5-4319-bb03-fba511d135c7 (type: networks) to 1
2026-05-26 06:56:50.714 9 WARNING neutron.scheduler.dhcp_agent_scheduler [None req-39864718-2165-4826-94de-778baef56f8e 86d91e4d69c94355858b7a12657efad1 736101b79c68468085bd79351efdb896 - - default default] No more DHCP agents
2026-05-26 06:56:50.716 9 WARNING neutron.api.rpc.agentnotifiers.dhcp_rpc_agent_api [None req-39864718-2165-4826-94de-778baef56f8e 86d91e4d69c94355858b7a12657efad1 736101b79c68468085bd79351efdb896 - - default default] Unable to schedule network 6ea3399d-69f5-4319-bb03-fba511d135c7: no agents available; will retry on subsequent port and subnet creation events.
2026-05-26 06:56:50.725 10 WARNING neutron.plugins.ml2.drivers.ovn.mech_driver.ovsdb.ovn_client [None req-e6a22b7b-ebf5-4e4f-b819-8ca87162508e - - - - - -] No port found with ID 8d69f5f1-56fd-4f3e-ac2c-df73a1f79b00: RuntimeError: No port found with ID 8d69f5f1-56fd-4f3e-ac2c-df73a1f79b00
2026-05-26 06:56:50.798 9 INFO neutron.db.ovn_revision_numbers_db [None req-39864718-2165-4826-94de-778baef56f8e 86d91e4d69c94355858b7a12657efad1 736101b79c68468085bd79351efdb896 - - default default] Successfully bumped revision number for resource f82a3650-9983-4604-902e-d8b98ec52241 (type: ports) to 1
2026-05-26 06:56:50.819 9 INFO neutron.wsgi [None req-39864718-2165-4826-94de-778baef56f8e 86d91e4d69c94355858b7a12657efad1 736101b79c68468085bd79351efdb896 - - default default] 10.0.0.153 "POST /v2.0/networks HTTP/1.1" status: 201 len: 832 time: 1.0842843
2026-05-26 06:56:50.829 9 WARNING neutron_lib.context [None req-17e4da43-f19a-4a29-8769-eebd5220fba5 86d91e4d69c94355858b7a12657efad1 736101b79c68468085bd79351efdb896 - - default default] Method 'is_advsvc' is deprecated since 2023.2 release (neutron-lib 3.8.0) and will be removed once support for the old RBAC API policies will be removed from Neutron. Please use method 'is_service_role' instead.
2026-05-26 06:56:51.070 9 INFO neutron.wsgi [None req-e05b4877-7dac-41cb-acd0-4d88666e6305 8d16257921214e02b42d32bfec1b919c 9e6d7ce1c2244722bba0373ead6ae8d3 - - default default] 10.0.0.153 "GET /v2.0/security-groups?tenant_id=da0ce1362f14486195958c5fd34e3138&name=default HTTP/1.1" status: 200 len: 2996 time: 0.1827619
2026-05-26 06:56:51.292 9 WARNING neutron.scheduler.dhcp_agent_scheduler [None req-17e4da43-f19a-4a29-8769-eebd5220fba5 86d91e4d69c94355858b7a12657efad1 736101b79c68468085bd79351efdb896 - - default default] No more DHCP agents
2026-05-26 06:56:51.295 9 WARNING neutron.api.rpc.agentnotifiers.dhcp_rpc_agent_api [None req-17e4da43-f19a-4a29-8769-eebd5220fba5 86d91e4d69c94355858b7a12657efad1 736101b79c68468085bd79351efdb896 - - default default] Unable to schedule network 3fa49f1f-41e2-4630-986f-3a5b3c2699c7: no agents available; will retry on subsequent port and subnet creation events.
2026-05-26 06:56:51.304 10 INFO neutron.wsgi [None req-44ae29ca-a2a2-4dfd-917a-b31c5e8056dd 8f7b6ca9a18847f4874643e2e1a05ff5 7ea737069167461c8ee9a9e5ee64dd1f - - default default] 10.0.0.153 "DELETE /v2.0/routers/de7a421f-1c4e-477a-b890-b3b099bdab2b HTTP/1.1" status: 204 len: 168 time: 1.0524077
2026-05-26 06:56:51.328 10 INFO neutron.wsgi [None req-ace9d8b9-b856-4606-a9a2-22326629d0ff 8f7b6ca9a18847f4874643e2e1a05ff5 7ea737069167461c8ee9a9e5ee64dd1f - - default default] 10.0.0.153 "GET /v2.0/ports?device_id=de7a421f-1c4e-477a-b890-b3b099bdab2b HTTP/1.1" status: 200 len: 205 time: 0.0176623
2026-05-26 06:56:51.359 10 INFO neutron.api.v2.resource [None req-8edda8a9-91cc-4808-a0e7-67d05df128cc 8f7b6ca9a18847f4874643e2e1a05ff5 7ea737069167461c8ee9a9e5ee64dd1f - - default default] delete failed (client error): The resource could not be found.
2026-05-26 06:56:51.360 10 INFO neutron.wsgi [None req-8edda8a9-91cc-4808-a0e7-67d05df128cc 8f7b6ca9a18847f4874643e2e1a05ff5 7ea737069167461c8ee9a9e5ee64dd1f - - default default] 10.0.0.153 "DELETE /v2.0/routers/de7a421f-1c4e-477a-b890-b3b099bdab2b HTTP/1.1" status: 404 len: 336 time: 0.0270867
2026-05-26 06:56:51.386 10 INFO neutron.wsgi [None req-ea9f75ce-8ca8-4c45-9c4c-43e76ea615d0 8f7b6ca9a18847f4874643e2e1a05ff5 7ea737069167461c8ee9a9e5ee64dd1f - - default default] 10.0.0.153 "GET /v2.0/ports?device_id=00fbedf9-8373-444b-97c3-ffaca7cbaa96 HTTP/1.1" status: 200 len: 205 time: 0.0207515
2026-05-26 06:56:51.415 10 INFO neutron.api.v2.resource [None req-f36f15d0-2a2c-4d23-aad3-d63d4696ba68 8f7b6ca9a18847f4874643e2e1a05ff5 7ea737069167461c8ee9a9e5ee64dd1f - - default default] delete failed (client error): The resource could not be found.
2026-05-26 06:56:51.417 10 INFO neutron.wsgi [None req-f36f15d0-2a2c-4d23-aad3-d63d4696ba68 8f7b6ca9a18847f4874643e2e1a05ff5 7ea737069167461c8ee9a9e5ee64dd1f - - default default] 10.0.0.153 "DELETE /v2.0/routers/00fbedf9-8373-444b-97c3-ffaca7cbaa96 HTTP/1.1" status: 404 len: 336 time: 0.0250216
2026-05-26 06:56:51.441 10 INFO neutron.pecan_wsgi.hooks.translation [None req-d3c89e17-60b4-4eb5-bf0c-d43a98a98488 8f7b6ca9a18847f4874643e2e1a05ff5 7ea737069167461c8ee9a9e5ee64dd1f - - default default] DELETE failed (client error): The resource could not be found.
2026-05-26 06:56:51.446 10 INFO neutron.wsgi [None req-d3c89e17-60b4-4eb5-bf0c-d43a98a98488 8f7b6ca9a18847f4874643e2e1a05ff5 7ea737069167461c8ee9a9e5ee64dd1f - - default default] 10.0.0.153 "DELETE /v2.0/subnets/dc41b887-8696-4285-92dd-1b807120789a HTTP/1.1" status: 404 len: 337 time: 0.0248702
2026-05-26 06:56:51.470 10 INFO neutron.wsgi [None req-befe6cd5-33b5-4996-b621-67c53c3f08bf 8d16257921214e02b42d32bfec1b919c 9e6d7ce1c2244722bba0373ead6ae8d3 - - default default] 10.0.0.153 "DELETE /v2.0/security-groups/3371956c-3447-41ff-b309-90ece0125e67 HTTP/1.1" status: 204 len: 168 time: 0.3953850
2026-05-26 06:56:51.472 9 INFO neutron.db.ovn_revision_numbers_db [None req-17e4da43-f19a-4a29-8769-eebd5220fba5 86d91e4d69c94355858b7a12657efad1 736101b79c68468085bd79351efdb896 - - default default] Successfully bumped revision number for resource f6595a81-8c80-4cc4-afa5-67c8415138b0 (type: ports) to 1
2026-05-26 06:56:51.478 10 INFO neutron.wsgi [None req-d988e7d8-c893-43b6-a4bc-b54baa3ed2a1 8f7b6ca9a18847f4874643e2e1a05ff5 7ea737069167461c8ee9a9e5ee64dd1f - - default default] 10.0.0.153 "GET /v2.0/ports?device_id=09746dc2-5943-4df6-95dd-9328d5702919 HTTP/1.1" status: 200 len: 205 time: 0.0224509
2026-05-26 06:56:51.503 10 INFO neutron.api.v2.resource [None req-c93abbf8-cc20-4922-8084-126f64db2cf3 8f7b6ca9a18847f4874643e2e1a05ff5 7ea737069167461c8ee9a9e5ee64dd1f - - default default] delete failed (client error): The resource could not be found.
2026-05-26 06:56:51.504 10 INFO neutron.wsgi [None req-c93abbf8-cc20-4922-8084-126f64db2cf3 8f7b6ca9a18847f4874643e2e1a05ff5 7ea737069167461c8ee9a9e5ee64dd1f - - default default] 10.0.0.153 "DELETE /v2.0/routers/09746dc2-5943-4df6-95dd-9328d5702919 HTTP/1.1" status: 404 len: 336 time: 0.0214639
2026-05-26 06:56:51.524 10 INFO neutron.pecan_wsgi.hooks.translation [None req-c1fb52f0-473c-46fc-915a-c2507e3e3aaf 8f7b6ca9a18847f4874643e2e1a05ff5 7ea737069167461c8ee9a9e5ee64dd1f - - default default] DELETE failed (client error): The resource could not be found.
2026-05-26 06:56:51.526 10 INFO neutron.wsgi [None req-c1fb52f0-473c-46fc-915a-c2507e3e3aaf 8f7b6ca9a18847f4874643e2e1a05ff5 7ea737069167461c8ee9a9e5ee64dd1f - - default default] 10.0.0.153 "DELETE /v2.0/subnets/fbf38022-bb90-427e-942c-ffcf5c06c75b HTTP/1.1" status: 404 len: 337 time: 0.0176282
2026-05-26 06:56:51.549 10 INFO neutron.wsgi [None req-84b09052-98dc-47fe-b7d4-bee89079560f 8f7b6ca9a18847f4874643e2e1a05ff5 7ea737069167461c8ee9a9e5ee64dd1f - - default default] 10.0.0.153 "GET /v2.0/ports?device_id=4ccf89e1-995b-48c5-9a84-a088cc11bcf6 HTTP/1.1" status: 200 len: 205 time: 0.0191395
2026-05-26 06:56:51.578 10 INFO neutron.api.v2.resource [None req-baa4fb1d-016b-4ba7-b089-788add7d0447 8f7b6ca9a18847f4874643e2e1a05ff5 7ea737069167461c8ee9a9e5ee64dd1f - - default default] delete failed (client error): The resource could not be found.
2026-05-26 06:56:51.579 10 INFO neutron.wsgi [None req-baa4fb1d-016b-4ba7-b089-788add7d0447 8f7b6ca9a18847f4874643e2e1a05ff5 7ea737069167461c8ee9a9e5ee64dd1f - - default default] 10.0.0.153 "DELETE /v2.0/routers/4ccf89e1-995b-48c5-9a84-a088cc11bcf6 HTTP/1.1" status: 404 len: 336 time: 0.0251515
2026-05-26 06:56:51.601 10 INFO neutron.pecan_wsgi.hooks.translation [None req-555517e9-7cb8-48b5-9810-eb1bfe4aa378 8f7b6ca9a18847f4874643e2e1a05ff5 7ea737069167461c8ee9a9e5ee64dd1f - - default default] DELETE failed (client error): The resource could not be found.
2026-05-26 06:56:51.603 10 INFO neutron.wsgi [None req-555517e9-7cb8-48b5-9810-eb1bfe4aa378 8f7b6ca9a18847f4874643e2e1a05ff5 7ea737069167461c8ee9a9e5ee64dd1f - - default default] 10.0.0.153 "DELETE /v2.0/subnets/7496ac95-60e6-4eba-8b25-f50b6da87d65 HTTP/1.1" status: 404 len: 337 time: 0.0194607
2026-05-26 06:56:51.628 9 INFO neutron.pecan_wsgi.hooks.translation [None req-e19ab7c0-1465-4d64-ad0f-d3b5a34f0051 8f7b6ca9a18847f4874643e2e1a05ff5 7ea737069167461c8ee9a9e5ee64dd1f - - default default] DELETE failed (client error): The resource could not be found.
2026-05-26 06:56:51.631 9 INFO neutron.wsgi [None req-e19ab7c0-1465-4d64-ad0f-d3b5a34f0051 8f7b6ca9a18847f4874643e2e1a05ff5 7ea737069167461c8ee9a9e5ee64dd1f - - default default] 10.0.0.153 "DELETE /v2.0/subnets/fd068d23-e374-404f-8165-22d9e7d76601 HTTP/1.1" status: 404 len: 337 time: 0.0227830
2026-05-26 06:56:52.084 10 INFO neutron.plugins.ml2.drivers.ovn.mech_driver.mech_driver [None req-e6a22b7b-ebf5-4e4f-b819-8ca87162508e - - - - - -] OVN reports status up for port: f6595a81-8c80-4cc4-afa5-67c8415138b0
2026-05-26 06:56:52.094 10 INFO neutron.plugins.ml2.plugin [None req-e6a22b7b-ebf5-4e4f-b819-8ca87162508e - - - - - -] Attempt 1 to provision port f6595a81-8c80-4cc4-afa5-67c8415138b0
2026-05-26 06:56:52.100 9 INFO neutron.plugins.ml2.drivers.ovn.mech_driver.ovsdb.ovsdb_monitor [None req-9b4234d0-ec79-44bf-8ff6-9092706dee19 - - - - - -] Router 09b917ca-d5a0-4af5-9f24-c6376554f1ff is bound to host instance
2026-05-26 06:56:52.123 9 INFO neutron.db.ovn_revision_numbers_db [None req-17e4da43-f19a-4a29-8769-eebd5220fba5 86d91e4d69c94355858b7a12657efad1 736101b79c68468085bd79351efdb896 - - default default] Successfully bumped revision number for resource f6595a81-8c80-4cc4-afa5-67c8415138b0 (type: router_ports) to 1
2026-05-26 06:56:52.289 10 INFO neutron.wsgi [None req-0e23730d-411f-4a5c-acc9-fe4e3a60a835 8d16257921214e02b42d32bfec1b919c 9e6d7ce1c2244722bba0373ead6ae8d3 - - default default] 10.0.0.153 "GET /v2.0/security-groups?tenant_id=7ea737069167461c8ee9a9e5ee64dd1f&name=default HTTP/1.1" status: 200 len: 2996 time: 0.1712527
2026-05-26 06:56:52.483 9 INFO neutron.db.ovn_revision_numbers_db [None req-17e4da43-f19a-4a29-8769-eebd5220fba5 86d91e4d69c94355858b7a12657efad1 736101b79c68468085bd79351efdb896 - - default default] Successfully bumped revision number for resource 09b917ca-d5a0-4af5-9f24-c6376554f1ff (type: routers) to 2
2026-05-26 06:56:52.512 9 INFO neutron.wsgi [None req-17e4da43-f19a-4a29-8769-eebd5220fba5 86d91e4d69c94355858b7a12657efad1 736101b79c68468085bd79351efdb896 - - default default] 10.0.0.153 "POST /v2.0/routers HTTP/1.1" status: 201 len: 874 time: 1.6877031
2026-05-26 06:56:52.551 10 INFO neutron.wsgi [None req-6390f101-a5c5-40ec-86e5-6912eeb38c31 8d16257921214e02b42d32bfec1b919c 9e6d7ce1c2244722bba0373ead6ae8d3 - - default default] 10.0.0.153 "DELETE /v2.0/security-groups/84f506d5-0c74-41dd-b953-b58a0724610a HTTP/1.1" status: 204 len: 168 time: 0.2556787
2026-05-26 06:56:52.733 10 INFO neutron.wsgi [None req-4c0bfdf9-b9c9-4ec8-8be6-4650fe1eee99 f1d11072018545779b197e29acfd1e61 83347d19ca574481ab10c44fb3ade61e - - default default] 10.0.0.153 "GET /v2.0/subnets?project_id=736101b79c68468085bd79351efdb896&cidr=10.100.0.0%2F28 HTTP/1.1" status: 200 len: 207 time: 0.2164662
2026-05-26 06:56:52.837 10 INFO neutron.wsgi [None req-4e443e99-df5f-475e-8f57-93c6040cc91b f1d11072018545779b197e29acfd1e61 83347d19ca574481ab10c44fb3ade61e - - default default] 10.0.0.153 "GET /v2.0/networks?router%3Aexternal=True HTTP/1.1" status: 200 len: 947 time: 0.1002645
2026-05-26 06:56:52.865 10 INFO neutron.wsgi [None req-f1455cea-9cbb-4bc9-a945-514007970423 f1d11072018545779b197e29acfd1e61 83347d19ca574481ab10c44fb3ade61e - - default default] 10.0.0.153 "GET /v2.0/subnets?network_id=3fa49f1f-41e2-4630-986f-3a5b3c2699c7&cidr=10.100.0.0%2F28 HTTP/1.1" status: 200 len: 207 time: 0.0234861
2026-05-26 06:56:52.875 10 WARNING neutron_lib.context [None req-2616ce1e-9c42-4f33-85ee-2c518c3f69c1 86d91e4d69c94355858b7a12657efad1 736101b79c68468085bd79351efdb896 - - default default] Method 'is_advsvc' is deprecated since 2023.2 release (neutron-lib 3.8.0) and will be removed once support for the old RBAC API policies will be removed from Neutron. Please use method 'is_service_role' instead.
2026-05-26 06:56:52.904 9 INFO neutron.db.ovn_revision_numbers_db [None req-9b4234d0-ec79-44bf-8ff6-9092706dee19 - - - - - -] Successfully bumped revision number for resource f6595a81-8c80-4cc4-afa5-67c8415138b0 (type: ports) to 1
2026-05-26 06:56:53.163 10 WARNING neutron.scheduler.dhcp_agent_scheduler [None req-2616ce1e-9c42-4f33-85ee-2c518c3f69c1 86d91e4d69c94355858b7a12657efad1 736101b79c68468085bd79351efdb896 - - default default] No more DHCP agents
2026-05-26 06:56:53.167 10 WARNING neutron.api.rpc.agentnotifiers.dhcp_rpc_agent_api [None req-2616ce1e-9c42-4f33-85ee-2c518c3f69c1 86d91e4d69c94355858b7a12657efad1 736101b79c68468085bd79351efdb896 - - default default] Unable to schedule network 6ea3399d-69f5-4319-bb03-fba511d135c7: no agents available; will retry on subsequent port and subnet creation events.
2026-05-26 06:56:53.197 9 INFO neutron.db.ovn_revision_numbers_db [None req-9b4234d0-ec79-44bf-8ff6-9092706dee19 - - - - - -] Successfully bumped revision number for resource f6595a81-8c80-4cc4-afa5-67c8415138b0 (type: router_ports) to 3
2026-05-26 06:56:53.369 9 INFO neutron.db.ovn_revision_numbers_db [None req-9b4234d0-ec79-44bf-8ff6-9092706dee19 - - - - - -] Successfully bumped revision number for resource f6595a81-8c80-4cc4-afa5-67c8415138b0 (type: ports) to 2
2026-05-26 06:56:53.611 9 INFO neutron.db.ovn_revision_numbers_db [None req-9b4234d0-ec79-44bf-8ff6-9092706dee19 - - - - - -] Successfully bumped revision number for resource f6595a81-8c80-4cc4-afa5-67c8415138b0 (type: ports) to 4
2026-05-26 06:56:53.678 10 INFO neutron.db.ovn_revision_numbers_db [None req-2616ce1e-9c42-4f33-85ee-2c518c3f69c1 86d91e4d69c94355858b7a12657efad1 736101b79c68468085bd79351efdb896 - - default default] Successfully bumped revision number for resource f82a3650-9983-4604-902e-d8b98ec52241 (type: ports) to 2
2026-05-26 06:56:53.714 10 INFO neutron.db.ovn_revision_numbers_db [None req-2616ce1e-9c42-4f33-85ee-2c518c3f69c1 86d91e4d69c94355858b7a12657efad1 736101b79c68468085bd79351efdb896 - - default default] Successfully bumped revision number for resource 0bbace00-e28d-4a2f-98cd-2fb40e0dae97 (type: subnets) to 0
2026-05-26 06:56:53.730 10 INFO neutron.wsgi [None req-2616ce1e-9c42-4f33-85ee-2c518c3f69c1 86d91e4d69c94355858b7a12657efad1 736101b79c68468085bd79351efdb896 - - default default] 10.0.0.153 "POST /v2.0/subnets HTTP/1.1" status: 201 len: 832 time: 0.8592453
2026-05-26 06:56:53.788 9 INFO neutron.db.ovn_revision_numbers_db [None req-9b4234d0-ec79-44bf-8ff6-9092706dee19 - - - - - -] Successfully bumped revision number for resource f6595a81-8c80-4cc4-afa5-67c8415138b0 (type: router_ports) to 4
2026-05-26 06:56:54.098 9 WARNING neutron.plugins.ml2.drivers.ovn.mech_driver.ovsdb.ovn_client [None req-5387fb26-6f8c-40cd-bf4a-41039702261f - - - - - -] No port found with ID 8f596db9-bb0c-4740-af3b-3c1c03916101: RuntimeError: No port found with ID 8f596db9-bb0c-4740-af3b-3c1c03916101
2026-05-26 06:56:54.216 10 WARNING neutron.scheduler.dhcp_agent_scheduler [None req-30cf1e5c-9072-4dc4-81c8-06364048cbf0 86d91e4d69c94355858b7a12657efad1 736101b79c68468085bd79351efdb896 - - default default] No more DHCP agents
2026-05-26 06:56:54.218 10 WARNING neutron.api.rpc.agentnotifiers.dhcp_rpc_agent_api [None req-30cf1e5c-9072-4dc4-81c8-06364048cbf0 86d91e4d69c94355858b7a12657efad1 736101b79c68468085bd79351efdb896 - - default default] Unable to schedule network 6ea3399d-69f5-4319-bb03-fba511d135c7: no agents available; will retry on subsequent port and subnet creation events.
2026-05-26 06:56:54.559 10 INFO neutron.db.ovn_revision_numbers_db [None req-30cf1e5c-9072-4dc4-81c8-06364048cbf0 86d91e4d69c94355858b7a12657efad1 736101b79c68468085bd79351efdb896 - - default default] Successfully bumped revision number for resource fa945a21-9240-418d-ac68-d97552484d08 (type: ports) to 1
2026-05-26 06:56:54.653 9 WARNING neutron_lib.context [None req-4d42d883-70c9-42fb-85bb-9f4eea61f24a 7b8b23d74c2a476aa79dac9da756ce6c 2afcfdd311314e7b832939cf93f0137e - - default default] Method 'is_advsvc' is deprecated since 2023.2 release (neutron-lib 3.8.0) and will be removed once support for the old RBAC API policies will be removed from Neutron. Please use method 'is_service_role' instead.
2026-05-26 06:56:54.796 9 INFO neutron.db.ovn_revision_numbers_db [None req-4d42d883-70c9-42fb-85bb-9f4eea61f24a 7b8b23d74c2a476aa79dac9da756ce6c 2afcfdd311314e7b832939cf93f0137e - - default default] Successfully bumped revision number for resource 74bb282c-c4e4-4ec3-81fd-0d9f2c94f461 (type: security_groups) to 1
2026-05-26 06:56:54.813 9 INFO neutron.db.ovn_revision_numbers_db [None req-4d42d883-70c9-42fb-85bb-9f4eea61f24a 7b8b23d74c2a476aa79dac9da756ce6c 2afcfdd311314e7b832939cf93f0137e - - default default] Successfully bumped revision number for resource 53f23a4b-05ef-455a-84a5-c08f5f5df2eb (type: security_group_rules) to 0
2026-05-26 06:56:54.832 9 INFO neutron.db.ovn_revision_numbers_db [None req-4d42d883-70c9-42fb-85bb-9f4eea61f24a 7b8b23d74c2a476aa79dac9da756ce6c 2afcfdd311314e7b832939cf93f0137e - - default default] Successfully bumped revision number for resource 79355ad8-479d-492b-b1c5-9a99d9fd0cc5 (type: security_group_rules) to 0
2026-05-26 06:56:54.851 9 INFO neutron.db.ovn_revision_numbers_db [None req-4d42d883-70c9-42fb-85bb-9f4eea61f24a 7b8b23d74c2a476aa79dac9da756ce6c 2afcfdd311314e7b832939cf93f0137e - - default default] Successfully bumped revision number for resource d1e31436-2c4f-4440-b2e1-beff29830759 (type: security_group_rules) to 0
2026-05-26 06:56:54.868 9 INFO neutron.db.ovn_revision_numbers_db [None req-4d42d883-70c9-42fb-85bb-9f4eea61f24a 7b8b23d74c2a476aa79dac9da756ce6c 2afcfdd311314e7b832939cf93f0137e - - default default] Successfully bumped revision number for resource eb014273-b1b8-498e-8cfc-6bef661675b4 (type: security_group_rules) to 0
2026-05-26 06:56:54.968 9 INFO neutron.db.ovn_revision_numbers_db [None req-4d42d883-70c9-42fb-85bb-9f4eea61f24a 7b8b23d74c2a476aa79dac9da756ce6c 2afcfdd311314e7b832939cf93f0137e - - default default] Successfully bumped revision number for resource 3d1ae6da-8d57-4539-8673-09249fad025b (type: security_groups) to 1
2026-05-26 06:56:54.990 9 INFO neutron.db.ovn_revision_numbers_db [None req-4d42d883-70c9-42fb-85bb-9f4eea61f24a 7b8b23d74c2a476aa79dac9da756ce6c 2afcfdd311314e7b832939cf93f0137e - - default default] Successfully bumped revision number for resource 5d734076-e9aa-43c5-8c2a-6d550b8159a8 (type: security_group_rules) to 0
2026-05-26 06:56:55.009 9 INFO neutron.db.ovn_revision_numbers_db [None req-4d42d883-70c9-42fb-85bb-9f4eea61f24a 7b8b23d74c2a476aa79dac9da756ce6c 2afcfdd311314e7b832939cf93f0137e - - default default] Successfully bumped revision number for resource ca2eb0d3-9bae-49a7-9e0e-4a27144399c3 (type: security_group_rules) to 0
2026-05-26 06:56:55.042 9 INFO neutron.wsgi [None req-4d42d883-70c9-42fb-85bb-9f4eea61f24a 7b8b23d74c2a476aa79dac9da756ce6c 2afcfdd311314e7b832939cf93f0137e - - default default] 10.0.0.153 "POST /v2.0/security-groups HTTP/1.1" status: 201 len: 1761 time: 0.5018244
2026-05-26 06:56:55.074 10 INFO neutron.db.ovn_revision_numbers_db [None req-30cf1e5c-9072-4dc4-81c8-06364048cbf0 86d91e4d69c94355858b7a12657efad1 736101b79c68468085bd79351efdb896 - - default default] Successfully bumped revision number for resource fa945a21-9240-418d-ac68-d97552484d08 (type: router_ports) to 1
2026-05-26 06:56:55.102 10 INFO neutron.wsgi [None req-b56c5f16-20f9-4149-a86b-5158433cb2b9 7b8b23d74c2a476aa79dac9da756ce6c 2afcfdd311314e7b832939cf93f0137e - - default default] 10.0.0.153 "GET /v2.0/security-groups HTTP/1.1" status: 200 len: 4539 time: 0.0535803
2026-05-26 06:56:55.181 10 INFO neutron.plugins.ml2.drivers.ovn.mech_driver.mech_driver [None req-e6a22b7b-ebf5-4e4f-b819-8ca87162508e - - - - - -] OVN reports status up for port: fa945a21-9240-418d-ac68-d97552484d08
2026-05-26 06:56:55.206 10 INFO neutron.plugins.ml2.plugin [None req-e6a22b7b-ebf5-4e4f-b819-8ca87162508e - - - - - -] Attempt 1 to provision port fa945a21-9240-418d-ac68-d97552484d08
2026-05-26 06:56:55.278 10 INFO neutron.db.ovn_revision_numbers_db [None req-84b2cf94-9c78-4001-9aeb-da6eb6a9628a 7b8b23d74c2a476aa79dac9da756ce6c 2afcfdd311314e7b832939cf93f0137e - - default default] Successfully bumped revision number for resource 3d1ae6da-8d57-4539-8673-09249fad025b (type: security_groups) to 2
2026-05-26 06:56:55.281 10 INFO neutron.wsgi [None req-84b2cf94-9c78-4001-9aeb-da6eb6a9628a 7b8b23d74c2a476aa79dac9da756ce6c 2afcfdd311314e7b832939cf93f0137e - - default default] 10.0.0.153 "PUT /v2.0/security-groups/3d1ae6da-8d57-4539-8673-09249fad025b HTTP/1.1" status: 200 len: 1795 time: 0.1742346
2026-05-26 06:56:55.317 9 INFO neutron.wsgi [None req-dacda496-b021-4469-bb7d-dac44f261996 7b8b23d74c2a476aa79dac9da756ce6c 2afcfdd311314e7b832939cf93f0137e - - default default] 10.0.0.153 "GET /v2.0/security-groups/3d1ae6da-8d57-4539-8673-09249fad025b HTTP/1.1" status: 200 len: 1795 time: 0.0313609
2026-05-26 06:56:55.323 10 INFO neutron.db.ovn_revision_numbers_db [None req-30cf1e5c-9072-4dc4-81c8-06364048cbf0 86d91e4d69c94355858b7a12657efad1 736101b79c68468085bd79351efdb896 - - default default] Successfully bumped revision number for resource fa945a21-9240-418d-ac68-d97552484d08 (type: ports) to 1
2026-05-26 06:56:55.437 10 WARNING neutron.scheduler.dhcp_agent_scheduler [None req-30cf1e5c-9072-4dc4-81c8-06364048cbf0 86d91e4d69c94355858b7a12657efad1 736101b79c68468085bd79351efdb896 - - default default] No more DHCP agents
2026-05-26 06:56:55.442 10 WARNING neutron.api.rpc.agentnotifiers.dhcp_rpc_agent_api [None req-30cf1e5c-9072-4dc4-81c8-06364048cbf0 86d91e4d69c94355858b7a12657efad1 736101b79c68468085bd79351efdb896 - - default default] Unable to schedule network 6ea3399d-69f5-4319-bb03-fba511d135c7: no agents available; will retry on subsequent port and subnet creation events.
2026-05-26 06:56:55.532 10 INFO neutron.wsgi [None req-11b4efb6-280a-4418-9ada-ed9e747fb138 7b8b23d74c2a476aa79dac9da756ce6c 2afcfdd311314e7b832939cf93f0137e - - default default] 10.0.0.153 "DELETE /v2.0/security-groups/3d1ae6da-8d57-4539-8673-09249fad025b HTTP/1.1" status: 204 len: 168 time: 0.2105210
2026-05-26 06:56:55.589 9 INFO neutron.wsgi [None req-56493bc6-96c6-4a93-ac81-30c01db51ae0 7b8b23d74c2a476aa79dac9da756ce6c 2afcfdd311314e7b832939cf93f0137e - - default default] 10.0.0.153 "GET /v2.0/security-groups HTTP/1.1" status: 200 len: 2996 time: 0.0516634
2026-05-26 06:56:55.605 9 INFO neutron.api.v2.resource [None req-f16bafeb-a897-481e-85a2-d06741880c45 7b8b23d74c2a476aa79dac9da756ce6c 2afcfdd311314e7b832939cf93f0137e - - default default] delete failed (client error): The resource could not be found.
2026-05-26 06:56:55.606 9 INFO neutron.wsgi [None req-f16bafeb-a897-481e-85a2-d06741880c45 7b8b23d74c2a476aa79dac9da756ce6c 2afcfdd311314e7b832939cf93f0137e - - default default] 10.0.0.153 "DELETE /v2.0/security-groups/3d1ae6da-8d57-4539-8673-09249fad025b HTTP/1.1" status: 404 len: 347 time: 0.0129392
2026-05-26 06:56:55.616 9 WARNING neutron_lib.context [None req-fe6856cc-0db1-483c-9d33-3d47a990f5ad 7b8b23d74c2a476aa79dac9da756ce6c 2afcfdd311314e7b832939cf93f0137e - - default default] Method 'is_advsvc' is deprecated since 2023.2 release (neutron-lib 3.8.0) and will be removed once support for the old RBAC API policies will be removed from Neutron. Please use method 'is_service_role' instead.
2026-05-26 06:56:55.619 10 INFO neutron.db.ovn_revision_numbers_db [None req-e6a22b7b-ebf5-4e4f-b819-8ca87162508e - - - - - -] Successfully bumped revision number for resource fa945a21-9240-418d-ac68-d97552484d08 (type: ports) to 2
2026-05-26 06:56:55.724 9 INFO neutron.db.ovn_revision_numbers_db [None req-fe6856cc-0db1-483c-9d33-3d47a990f5ad 7b8b23d74c2a476aa79dac9da756ce6c 2afcfdd311314e7b832939cf93f0137e - - default default] Successfully bumped revision number for resource 3fd6a638-bf0e-4c4f-a6a1-d07c347f452b (type: security_groups) to 1
2026-05-26 06:56:55.736 10 INFO neutron.db.ovn_revision_numbers_db [None req-e6a22b7b-ebf5-4e4f-b819-8ca87162508e - - - - - -] Successfully bumped revision number for resource fa945a21-9240-418d-ac68-d97552484d08 (type: router_ports) to 2
2026-05-26 06:56:55.738 9 INFO neutron.db.ovn_revision_numbers_db [None req-fe6856cc-0db1-483c-9d33-3d47a990f5ad 7b8b23d74c2a476aa79dac9da756ce6c 2afcfdd311314e7b832939cf93f0137e - - default default] Successfully bumped revision number for resource 723765a3-4baf-4cd6-89bd-19faac75f960 (type: security_group_rules) to 0
2026-05-26 06:56:55.756 9 INFO neutron.db.ovn_revision_numbers_db [None req-fe6856cc-0db1-483c-9d33-3d47a990f5ad 7b8b23d74c2a476aa79dac9da756ce6c 2afcfdd311314e7b832939cf93f0137e - - default default] Successfully bumped revision number for resource 98c89e32-6c74-4543-91a0-54a2d0870ac9 (type: security_group_rules) to 0
2026-05-26 06:56:55.780 9 INFO neutron.wsgi [None req-fe6856cc-0db1-483c-9d33-3d47a990f5ad 7b8b23d74c2a476aa79dac9da756ce6c 2afcfdd311314e7b832939cf93f0137e - - default default] 10.0.0.153 "POST /v2.0/security-groups HTTP/1.1" status: 201 len: 1760 time: 0.1698360
2026-05-26 06:56:55.790 9 WARNING neutron_lib.context [None req-06ce818f-e984-4fb2-82cf-3185e3382838 7b8b23d74c2a476aa79dac9da756ce6c 2afcfdd311314e7b832939cf93f0137e - - default default] Method 'is_advsvc' is deprecated since 2023.2 release (neutron-lib 3.8.0) and will be removed once support for the old RBAC API policies will be removed from Neutron. Please use method 'is_service_role' instead.
2026-05-26 06:56:55.804 10 INFO neutron.db.ovn_revision_numbers_db [None req-30cf1e5c-9072-4dc4-81c8-06364048cbf0 86d91e4d69c94355858b7a12657efad1 736101b79c68468085bd79351efdb896 - - default default] Successfully bumped revision number for resource fa945a21-9240-418d-ac68-d97552484d08 (type: router_ports) to 2
2026-05-26 06:56:55.806 10 INFO neutron.wsgi [None req-30cf1e5c-9072-4dc4-81c8-06364048cbf0 86d91e4d69c94355858b7a12657efad1 736101b79c68468085bd79351efdb896 - - default default] 10.0.0.153 "PUT /v2.0/routers/09b917ca-d5a0-4af5-9f24-c6376554f1ff/add_router_interface HTTP/1.1" status: 200 len: 503 time: 2.0698099
2026-05-26 06:56:55.896 10 INFO neutron.wsgi [None req-85c3a9f0-2364-4cdd-ac81-f8125c873cfd f1d11072018545779b197e29acfd1e61 83347d19ca574481ab10c44fb3ade61e - - default default] 10.0.0.153 "GET /v2.0/networks HTTP/1.1" status: 200 len: 4627 time: 0.0839007
2026-05-26 06:56:55.939 9 INFO neutron.db.ovn_revision_numbers_db [None req-06ce818f-e984-4fb2-82cf-3185e3382838 7b8b23d74c2a476aa79dac9da756ce6c 2afcfdd311314e7b832939cf93f0137e - - default default] Successfully bumped revision number for resource f6a20471-cc7b-4b40-a39b-1d7880a56f99 (type: security_group_rules) to 0
2026-05-26 06:56:55.947 10 INFO neutron.wsgi [None req-f87aaf43-f6b6-4a86-978d-bb4175476f66 f1d11072018545779b197e29acfd1e61 83347d19ca574481ab10c44fb3ade61e - - default default] 10.0.0.153 "GET /v2.0/subnets HTTP/1.1" status: 200 len: 3403 time: 0.0465498
2026-05-26 06:56:55.969 9 INFO neutron.wsgi [None req-06ce818f-e984-4fb2-82cf-3185e3382838 7b8b23d74c2a476aa79dac9da756ce6c 2afcfdd311314e7b832939cf93f0137e - - default default] 10.0.0.153 "POST /v2.0/security-group-rules HTTP/1.1" status: 201 len: 768 time: 0.1831884
2026-05-26 06:56:55.992 9 INFO neutron.wsgi [None req-ebf3e478-cdd6-47f7-a0e0-72351086eb58 7b8b23d74c2a476aa79dac9da756ce6c 2afcfdd311314e7b832939cf93f0137e - - default default] 10.0.0.153 "GET /v2.0/security-group-rules/f6a20471-cc7b-4b40-a39b-1d7880a56f99 HTTP/1.1" status: 200 len: 763 time: 0.0169859
2026-05-26 06:56:56.062 9 INFO neutron.wsgi [None req-32cd21c4-5493-476d-9738-5df2f3f45a01 7b8b23d74c2a476aa79dac9da756ce6c 2afcfdd311314e7b832939cf93f0137e - - default default] 10.0.0.153 "GET /v2.0/security-group-rules HTTP/1.1" status: 200 len: 4113 time: 0.0649898
2026-05-26 06:56:56.063 10 INFO neutron.wsgi [None req-3a685b97-60d3-4b31-b709-983f183ef72c f1d11072018545779b197e29acfd1e61 83347d19ca574481ab10c44fb3ade61e - - default default] 10.0.0.153 "GET /v2.0/routers HTTP/1.1" status: 200 len: 2219 time: 0.1103897
2026-05-26 06:56:56.083 9 INFO neutron.db.ovn_revision_numbers_db [None req-d1778a19-bd65-41a8-bbd6-7dd37a0c213a 8d16257921214e02b42d32bfec1b919c 9e6d7ce1c2244722bba0373ead6ae8d3 - - default default] Successfully bumped revision number for resource 0fbcdf12-f999-4349-bc50-82b36a5ad16d (type: security_groups) to 1
2026-05-26 06:56:56.094 9 INFO neutron.db.ovn_revision_numbers_db [None req-d1778a19-bd65-41a8-bbd6-7dd37a0c213a 8d16257921214e02b42d32bfec1b919c 9e6d7ce1c2244722bba0373ead6ae8d3 - - default default] Successfully bumped revision number for resource 096f4fb8-47e0-4ca4-8bb8-69dbc4a8016e (type: security_group_rules) to 0
2026-05-26 06:56:56.112 9 WARNING neutron_lib.context [None req-f8ee18cb-2f4b-4c0e-909e-c6387b768fbc 86d91e4d69c94355858b7a12657efad1 736101b79c68468085bd79351efdb896 - - default default] Method 'is_advsvc' is deprecated since 2023.2 release (neutron-lib 3.8.0) and will be removed once support for the old RBAC API policies will be removed from Neutron. Please use method 'is_service_role' instead.
2026-05-26 06:56:56.118 9 INFO neutron.db.ovn_revision_numbers_db [None req-d1778a19-bd65-41a8-bbd6-7dd37a0c213a 8d16257921214e02b42d32bfec1b919c 9e6d7ce1c2244722bba0373ead6ae8d3 - - default default] Successfully bumped revision number for resource 0c0cf30b-84d8-4d17-a312-8e5a84b93883 (type: security_group_rules) to 0
2026-05-26 06:56:56.134 9 INFO neutron.db.ovn_revision_numbers_db [None req-d1778a19-bd65-41a8-bbd6-7dd37a0c213a 8d16257921214e02b42d32bfec1b919c 9e6d7ce1c2244722bba0373ead6ae8d3 - - default default] Successfully bumped revision number for resource 14877d37-0e74-4cbb-8a10-35be44974581 (type: security_group_rules) to 0
2026-05-26 06:56:56.150 9 INFO neutron.db.ovn_revision_numbers_db [None req-d1778a19-bd65-41a8-bbd6-7dd37a0c213a 8d16257921214e02b42d32bfec1b919c 9e6d7ce1c2244722bba0373ead6ae8d3 - - default default] Successfully bumped revision number for resource b62642b8-82f1-434e-b8cb-eb6e478a4443 (type: security_group_rules) to 0
2026-05-26 06:56:56.176 9 INFO neutron.wsgi [None req-d1778a19-bd65-41a8-bbd6-7dd37a0c213a 8d16257921214e02b42d32bfec1b919c 9e6d7ce1c2244722bba0373ead6ae8d3 - - default default] 10.0.0.153 "GET /v2.0/security-groups?tenant_id=6b70b304f3ff46beb4ae5997f2d52e7a&name=default HTTP/1.1" status: 200 len: 2996 time: 0.3569930
2026-05-26 06:56:56.259 9 INFO neutron.db.ovn_revision_numbers_db [None req-f8ee18cb-2f4b-4c0e-909e-c6387b768fbc 86d91e4d69c94355858b7a12657efad1 736101b79c68468085bd79351efdb896 - - default default] Successfully bumped revision number for resource d66d5200-eb33-47b6-a785-2de582c77c85 (type: security_groups) to 1
2026-05-26 06:56:56.278 9 INFO neutron.db.ovn_revision_numbers_db [None req-f8ee18cb-2f4b-4c0e-909e-c6387b768fbc 86d91e4d69c94355858b7a12657efad1 736101b79c68468085bd79351efdb896 - - default default] Successfully bumped revision number for resource eb6f475c-b111-4a40-aac0-02ff349f1a9f (type: security_group_rules) to 0
2026-05-26 06:56:56.292 9 INFO neutron.db.ovn_revision_numbers_db [None req-f8ee18cb-2f4b-4c0e-909e-c6387b768fbc 86d91e4d69c94355858b7a12657efad1 736101b79c68468085bd79351efdb896 - - default default] Successfully bumped revision number for resource f207ec20-dd7a-4a54-89b2-700d6353fbbf (type: security_group_rules) to 0
2026-05-26 06:56:56.316 9 INFO neutron.wsgi [None req-f8ee18cb-2f4b-4c0e-909e-c6387b768fbc 86d91e4d69c94355858b7a12657efad1 736101b79c68468085bd79351efdb896 - - default default] 10.0.0.153 "POST /v2.0/security-groups HTTP/1.1" status: 201 len: 1809 time: 0.2117009
2026-05-26 06:56:56.332 10 WARNING neutron_lib.context [None req-51ce3111-7877-4a98-a97f-82b5d9d0ceb8 86d91e4d69c94355858b7a12657efad1 736101b79c68468085bd79351efdb896 - - default default] Method 'is_advsvc' is deprecated since 2023.2 release (neutron-lib 3.8.0) and will be removed once support for the old RBAC API policies will be removed from Neutron. Please use method 'is_service_role' instead.
2026-05-26 06:56:56.400 9 INFO neutron.wsgi [None req-ed948954-a8eb-40d1-8fbc-b525746d1cca 8d16257921214e02b42d32bfec1b919c 9e6d7ce1c2244722bba0373ead6ae8d3 - - default default] 10.0.0.153 "DELETE /v2.0/security-groups/0fbcdf12-f999-4349-bc50-82b36a5ad16d HTTP/1.1" status: 204 len: 168 time: 0.2187340
2026-05-26 06:56:56.438 10 INFO neutron.wsgi [None req-9c8ec588-4b9d-4953-b0c2-68231cff5349 7b8b23d74c2a476aa79dac9da756ce6c 2afcfdd311314e7b832939cf93f0137e - - default default] 10.0.0.153 "DELETE /v2.0/security-group-rules/f6a20471-cc7b-4b40-a39b-1d7880a56f99 HTTP/1.1" status: 204 len: 168 time: 0.3700445
2026-05-26 06:56:56.494 9 INFO neutron.wsgi [None req-356294c0-6b58-4223-8467-784ab63e6432 7b8b23d74c2a476aa79dac9da756ce6c 2afcfdd311314e7b832939cf93f0137e - - default default] 10.0.0.153 "GET /v2.0/security-group-rules HTTP/1.1" status: 200 len: 3567 time: 0.0505846
2026-05-26 06:56:56.499 10 INFO neutron.db.ovn_revision_numbers_db [None req-51ce3111-7877-4a98-a97f-82b5d9d0ceb8 86d91e4d69c94355858b7a12657efad1 736101b79c68468085bd79351efdb896 - - default default] Successfully bumped revision number for resource 37e78ee0-6b2c-4c52-807e-79d6163af077 (type: security_group_rules) to 0
2026-05-26 06:56:56.507 9 WARNING neutron_lib.context [None req-c616f75e-6dd6-4b05-b4a7-5efd737127ff 7b8b23d74c2a476aa79dac9da756ce6c 2afcfdd311314e7b832939cf93f0137e - - default default] Method 'is_advsvc' is deprecated since 2023.2 release (neutron-lib 3.8.0) and will be removed once support for the old RBAC API policies will be removed from Neutron. Please use method 'is_service_role' instead.
2026-05-26 06:56:56.538 10 INFO neutron.wsgi [None req-51ce3111-7877-4a98-a97f-82b5d9d0ceb8 86d91e4d69c94355858b7a12657efad1 736101b79c68468085bd79351efdb896 - - default default] 10.0.0.153 "POST /v2.0/security-group-rules HTTP/1.1" status: 201 len: 764 time: 0.2138381
2026-05-26 06:56:56.549 10 WARNING neutron_lib.context [None req-d15a255c-5171-4391-8d7f-c95787d7c7d3 86d91e4d69c94355858b7a12657efad1 736101b79c68468085bd79351efdb896 - - default default] Method 'is_advsvc' is deprecated since 2023.2 release (neutron-lib 3.8.0) and will be removed once support for the old RBAC API policies will be removed from Neutron. Please use method 'is_service_role' instead.
2026-05-26 06:56:56.628 9 INFO neutron.db.ovn_revision_numbers_db [None req-c616f75e-6dd6-4b05-b4a7-5efd737127ff 7b8b23d74c2a476aa79dac9da756ce6c 2afcfdd311314e7b832939cf93f0137e - - default default] Successfully bumped revision number for resource da142ba4-6c7e-4e09-9f2d-a682681f8d3b (type: security_group_rules) to 0
2026-05-26 06:56:56.660 9 INFO neutron.wsgi [None req-c616f75e-6dd6-4b05-b4a7-5efd737127ff 7b8b23d74c2a476aa79dac9da756ce6c 2afcfdd311314e7b832939cf93f0137e - - default default] 10.0.0.153 "POST /v2.0/security-group-rules HTTP/1.1" status: 201 len: 768 time: 0.1597774
2026-05-26 06:56:56.676 10 INFO neutron.db.ovn_revision_numbers_db [None req-3de72ea9-57d7-425b-a554-a2c908d47d54 8d16257921214e02b42d32bfec1b919c 9e6d7ce1c2244722bba0373ead6ae8d3 - - default default] Successfully bumped revision number for resource 9ed1576c-db2c-4a69-bfa4-efbec81ef912 (type: security_groups) to 1
2026-05-26 06:56:56.691 9 INFO neutron.wsgi [None req-55892c77-b336-474d-947c-69cc803a9bfc 7b8b23d74c2a476aa79dac9da756ce6c 2afcfdd311314e7b832939cf93f0137e - - default default] 10.0.0.153 "GET /v2.0/security-group-rules/da142ba4-6c7e-4e09-9f2d-a682681f8d3b HTTP/1.1" status: 200 len: 763 time: 0.0259619
2026-05-26 06:56:56.697 10 INFO neutron.db.ovn_revision_numbers_db [None req-3de72ea9-57d7-425b-a554-a2c908d47d54 8d16257921214e02b42d32bfec1b919c 9e6d7ce1c2244722bba0373ead6ae8d3 - - default default] Successfully bumped revision number for resource 194beef2-aa50-42f0-ad53-81459d9bdb13 (type: security_group_rules) to 0
