2026-05-26 06:57:04.029 10 INFO neutron.db.ovn_revision_numbers_db [None req-7691cec6-24d9-4ffa-a481-505875cc45be - - - - - -] Successfully bumped revision number for resource 6f6c128d-7f81-4852-95ab-afd21eddc69f (type: ports) to 4
2026-05-26 06:57:04.070 9 WARNING neutron.scheduler.dhcp_agent_scheduler [None req-40d55d22-147a-4d11-849a-59039883a4ca 8d16257921214e02b42d32bfec1b919c 9e6d7ce1c2244722bba0373ead6ae8d3 - - default default] No more DHCP agents
2026-05-26 06:57:04.073 9 WARNING neutron.api.rpc.agentnotifiers.dhcp_rpc_agent_api [None req-40d55d22-147a-4d11-849a-59039883a4ca 8d16257921214e02b42d32bfec1b919c 9e6d7ce1c2244722bba0373ead6ae8d3 - - default default] Unable to schedule network d51e9ea7-954e-46b8-9016-9e0ea588c27c: no agents available; will retry on subsequent port and subnet creation events.
2026-05-26 06:57:04.400 10 INFO neutron.db.ovn_revision_numbers_db [None req-e0b412a7-0ed0-4c9f-bb17-35cb83249574 8d16257921214e02b42d32bfec1b919c 9e6d7ce1c2244722bba0373ead6ae8d3 - - default default] Successfully bumped revision number for resource 94381765-16a8-42be-89bf-e9acd325533c (type: security_groups) to 1
2026-05-26 06:57:04.411 10 INFO neutron.wsgi [None req-52278f49-7db5-4652-bc77-3c6f6c4a02de bfccc01c0e054dad822c7d3fda73732e 4a028d26e9c14817abc3bf95b2d1d0b0 - - default default] 10.0.0.153 "DELETE /v2.0/security-groups/bd9cc95e-9e02-46da-99a6-16bf90c69b07 HTTP/1.1" status: 204 len: 168 time: 0.3560803
2026-05-26 06:57:04.424 10 INFO neutron.db.ovn_revision_numbers_db [None req-7691cec6-24d9-4ffa-a481-505875cc45be - - - - - -] Successfully bumped revision number for resource 6f6c128d-7f81-4852-95ab-afd21eddc69f (type: router_ports) to 4
2026-05-26 06:57:04.437 9 INFO neutron.api.v2.resource [None req-64320905-f7e2-4d6c-b5be-ebcd983bd274 bfccc01c0e054dad822c7d3fda73732e 4a028d26e9c14817abc3bf95b2d1d0b0 - - default default] show failed (client error): The resource could not be found.
2026-05-26 06:57:04.437 10 INFO neutron.db.ovn_revision_numbers_db [None req-e0b412a7-0ed0-4c9f-bb17-35cb83249574 8d16257921214e02b42d32bfec1b919c 9e6d7ce1c2244722bba0373ead6ae8d3 - - default default] Successfully bumped revision number for resource 0eae85a5-b0dc-4bbb-85d6-f276ea450642 (type: security_group_rules) to 0
2026-05-26 06:57:04.438 9 INFO neutron.wsgi [None req-64320905-f7e2-4d6c-b5be-ebcd983bd274 bfccc01c0e054dad822c7d3fda73732e 4a028d26e9c14817abc3bf95b2d1d0b0 - - default default] 10.0.0.153 "GET /v2.0/security-groups/bd9cc95e-9e02-46da-99a6-16bf90c69b07 HTTP/1.1" status: 404 len: 347 time: 0.0201452
2026-05-26 06:57:04.476 10 INFO neutron.db.ovn_revision_numbers_db [None req-e0b412a7-0ed0-4c9f-bb17-35cb83249574 8d16257921214e02b42d32bfec1b919c 9e6d7ce1c2244722bba0373ead6ae8d3 - - default default] Successfully bumped revision number for resource 6fbe7ce3-d475-4281-a513-1a70a19a0be6 (type: security_group_rules) to 0
2026-05-26 06:57:04.517 10 INFO neutron.db.ovn_revision_numbers_db [None req-e0b412a7-0ed0-4c9f-bb17-35cb83249574 8d16257921214e02b42d32bfec1b919c 9e6d7ce1c2244722bba0373ead6ae8d3 - - default default] Successfully bumped revision number for resource 8f974877-5ccc-4573-9e84-897dbdd947f1 (type: security_group_rules) to 0
2026-05-26 06:57:04.544 10 INFO neutron.db.ovn_revision_numbers_db [None req-e0b412a7-0ed0-4c9f-bb17-35cb83249574 8d16257921214e02b42d32bfec1b919c 9e6d7ce1c2244722bba0373ead6ae8d3 - - default default] Successfully bumped revision number for resource 921a2eec-018c-4842-a4c0-ac90660f1f72 (type: security_group_rules) to 0
2026-05-26 06:57:04.575 10 INFO neutron.wsgi [None req-e0b412a7-0ed0-4c9f-bb17-35cb83249574 8d16257921214e02b42d32bfec1b919c 9e6d7ce1c2244722bba0373ead6ae8d3 - - default default] 10.0.0.153 "GET /v2.0/security-groups?tenant_id=b738ab201d0f41d78f433b75c617ca38&name=default HTTP/1.1" status: 200 len: 2996 time: 0.7011845
2026-05-26 06:57:04.643 10 INFO neutron.wsgi [-] 10.0.0.162 "GET / HTTP/1.1" status: 200 len: 246 time: 0.0023997
2026-05-26 06:57:04.646 10 INFO neutron.wsgi [-] 10.0.0.162 "GET / HTTP/1.1" status: 200 len: 246 time: 0.0020912
2026-05-26 06:57:04.907 10 INFO neutron.wsgi [None req-1ae8ae29-562a-4408-a785-7921e0600628 8d16257921214e02b42d32bfec1b919c 9e6d7ce1c2244722bba0373ead6ae8d3 - - default default] 10.0.0.153 "DELETE /v2.0/security-groups/94381765-16a8-42be-89bf-e9acd325533c HTTP/1.1" status: 204 len: 168 time: 0.3258612
2026-05-26 06:57:04.915 10 INFO neutron.wsgi [None req-12a6e4b1-428e-4269-bd0a-8e3eaadd5a85 bfccc01c0e054dad822c7d3fda73732e 4a028d26e9c14817abc3bf95b2d1d0b0 - - default default] 10.0.0.153 "DELETE /v2.0/floatingips/ab5d83f0-7201-4c84-8b36-e2b3bf4dc9b9 HTTP/1.1" status: 204 len: 168 time: 0.4695120
2026-05-26 06:57:05.110 10 INFO neutron.wsgi [None req-d397e314-6717-438b-b7e4-faf97f52b5e0 bfccc01c0e054dad822c7d3fda73732e 4a028d26e9c14817abc3bf95b2d1d0b0 - - default default] 10.0.0.153 "DELETE /v2.0/security-groups/fc6641e9-7c26-4247-9dac-5b3e2aa5e9b4 HTTP/1.1" status: 204 len: 168 time: 0.1910014
2026-05-26 06:57:05.120 10 INFO neutron.wsgi [req-3aeb4df7-9e71-4e5d-810d-097af60cd8f7 req-cc36c5e6-33ca-4ff9-95d2-b8a6f7469ec1 86d91e4d69c94355858b7a12657efad1 736101b79c68468085bd79351efdb896 - - default default] 10.0.0.158 "GET /v2.0/ports?device_id=1665bfd3-eb3f-4a00-9ec9-8046069cebd2 HTTP/1.1" status: 200 len: 1170 time: 0.0606759
2026-05-26 06:57:05.182 10 INFO neutron.wsgi [req-3aeb4df7-9e71-4e5d-810d-097af60cd8f7 req-586028ba-f1db-4961-8e01-c0ed28d88b9b 86d91e4d69c94355858b7a12657efad1 736101b79c68468085bd79351efdb896 - - default default] 10.0.0.158 "GET /v2.0/security-groups?id=d66d5200-eb33-47b6-a785-2de582c77c85&fields=id&fields=name HTTP/1.1" status: 200 len: 312 time: 0.0560284
2026-05-26 06:57:05.197 9 INFO neutron.db.ovn_revision_numbers_db [None req-8b9d97a9-253e-4be9-90bc-8335679e4348 8d16257921214e02b42d32bfec1b919c 9e6d7ce1c2244722bba0373ead6ae8d3 - - default default] Successfully bumped revision number for resource 3e4ceac5-c871-44a5-883f-962aa6b2cb03 (type: security_groups) to 1
2026-05-26 06:57:05.219 9 INFO neutron.db.ovn_revision_numbers_db [None req-8b9d97a9-253e-4be9-90bc-8335679e4348 8d16257921214e02b42d32bfec1b919c 9e6d7ce1c2244722bba0373ead6ae8d3 - - default default] Successfully bumped revision number for resource 2a9cdfde-8aa6-4ec3-97f8-7a56c2f7bb29 (type: security_group_rules) to 0
2026-05-26 06:57:05.226 9 INFO neutron.db.ovn_revision_numbers_db [None req-40d55d22-147a-4d11-849a-59039883a4ca 8d16257921214e02b42d32bfec1b919c 9e6d7ce1c2244722bba0373ead6ae8d3 - - default default] Successfully bumped revision number for resource cfdac433-6a71-45df-ba3d-c5e267c798a0 (type: router_ports) to 1
2026-05-26 06:57:05.228 9 INFO neutron.wsgi [None req-40d55d22-147a-4d11-849a-59039883a4ca 8d16257921214e02b42d32bfec1b919c 9e6d7ce1c2244722bba0373ead6ae8d3 - - default default] 10.0.0.153 "PUT /v2.0/routers/4334efba-01b6-4d33-925e-814fbcd8d349/add_router_interface HTTP/1.1" status: 200 len: 503 time: 2.4970584
2026-05-26 06:57:05.242 9 INFO neutron.db.ovn_revision_numbers_db [None req-8b9d97a9-253e-4be9-90bc-8335679e4348 8d16257921214e02b42d32bfec1b919c 9e6d7ce1c2244722bba0373ead6ae8d3 - - default default] Successfully bumped revision number for resource ad6e24b1-b74e-4246-9d40-0f93f4fa3e3b (type: security_group_rules) to 0
2026-05-26 06:57:05.284 9 INFO neutron.db.ovn_revision_numbers_db [None req-8b9d97a9-253e-4be9-90bc-8335679e4348 8d16257921214e02b42d32bfec1b919c 9e6d7ce1c2244722bba0373ead6ae8d3 - - default default] Successfully bumped revision number for resource c171cc1b-d3a0-484e-ab11-b77dfe4b880d (type: security_group_rules) to 0
2026-05-26 06:57:05.288 10 INFO neutron.wsgi [req-4ea86f3a-2644-4a3f-8cca-afbbeea55eff req-e6589219-f2e6-43fd-969e-283c3972f1c0 86d91e4d69c94355858b7a12657efad1 736101b79c68468085bd79351efdb896 - - default default] 10.0.0.158 "GET /v2.0/ports?device_id=1665bfd3-eb3f-4a00-9ec9-8046069cebd2 HTTP/1.1" status: 200 len: 1170 time: 0.0461967
2026-05-26 06:57:05.300 9 INFO neutron.db.ovn_revision_numbers_db [None req-8b9d97a9-253e-4be9-90bc-8335679e4348 8d16257921214e02b42d32bfec1b919c 9e6d7ce1c2244722bba0373ead6ae8d3 - - default default] Successfully bumped revision number for resource e3482207-0225-4019-893c-7cb5388b4e6e (type: security_group_rules) to 0
2026-05-26 06:57:05.321 9 INFO neutron.wsgi [None req-8b9d97a9-253e-4be9-90bc-8335679e4348 8d16257921214e02b42d32bfec1b919c 9e6d7ce1c2244722bba0373ead6ae8d3 - - default default] 10.0.0.153 "GET /v2.0/security-groups?tenant_id=cda9371094d0444eb98c1b480bd14b1c&name=default HTTP/1.1" status: 200 len: 2996 time: 0.2917345
2026-05-26 06:57:05.374 10 INFO neutron.wsgi [req-4ea86f3a-2644-4a3f-8cca-afbbeea55eff req-a2fa327c-17a6-486b-8d00-25807e7bc9fe 86d91e4d69c94355858b7a12657efad1 736101b79c68468085bd79351efdb896 - - default default] 10.0.0.158 "GET /v2.0/security-groups?id=d66d5200-eb33-47b6-a785-2de582c77c85&fields=id&fields=name HTTP/1.1" status: 200 len: 312 time: 0.0750194
2026-05-26 06:57:05.436 9 INFO neutron.wsgi [None req-6fe02aec-2810-4084-aaa7-1db660ebdeb5 f1d11072018545779b197e29acfd1e61 83347d19ca574481ab10c44fb3ade61e - - default default] 10.0.0.153 "GET /v2.0/ports?device_id=1665bfd3-eb3f-4a00-9ec9-8046069cebd2 HTTP/1.1" status: 200 len: 1404 time: 0.0331824
2026-05-26 06:57:05.446 9 WARNING neutron_lib.context [None req-4c8b5ad0-55dc-46f0-904d-e4a2073d7e10 86d91e4d69c94355858b7a12657efad1 736101b79c68468085bd79351efdb896 - - default default] Method 'is_advsvc' is deprecated since 2023.2 release (neutron-lib 3.8.0) and will be removed once support for the old RBAC API policies will be removed from Neutron. Please use method 'is_service_role' instead.
2026-05-26 06:57:05.571 9 INFO neutron.wsgi [None req-803e60f3-ebd6-4b8e-b6e1-a5b02bcb147b 8d16257921214e02b42d32bfec1b919c 9e6d7ce1c2244722bba0373ead6ae8d3 - - default default] 10.0.0.153 "DELETE /v2.0/security-groups/3e4ceac5-c871-44a5-883f-962aa6b2cb03 HTTP/1.1" status: 204 len: 168 time: 0.2442603
2026-05-26 06:57:05.646 9 INFO neutron.plugins.ml2.drivers.ovn.mech_driver.mech_driver [None req-5387fb26-6f8c-40cd-bf4a-41039702261f - - - - - -] OVN reports status up for port: cfdac433-6a71-45df-ba3d-c5e267c798a0
2026-05-26 06:57:05.664 9 INFO neutron.plugins.ml2.plugin [None req-5387fb26-6f8c-40cd-bf4a-41039702261f - - - - - -] Attempt 1 to provision port cfdac433-6a71-45df-ba3d-c5e267c798a0
2026-05-26 06:57:05.802 9 WARNING neutron.scheduler.dhcp_agent_scheduler [None req-4c8b5ad0-55dc-46f0-904d-e4a2073d7e10 86d91e4d69c94355858b7a12657efad1 736101b79c68468085bd79351efdb896 - - default default] No more DHCP agents
2026-05-26 06:57:05.805 9 WARNING neutron.api.rpc.agentnotifiers.dhcp_rpc_agent_api [None req-4c8b5ad0-55dc-46f0-904d-e4a2073d7e10 86d91e4d69c94355858b7a12657efad1 736101b79c68468085bd79351efdb896 - - default default] Unable to schedule network 3fa49f1f-41e2-4630-986f-3a5b3c2699c7: no agents available; will retry on subsequent port and subnet creation events.
2026-05-26 06:57:06.118 9 INFO neutron.db.ovn_revision_numbers_db [None req-5387fb26-6f8c-40cd-bf4a-41039702261f - - - - - -] Successfully bumped revision number for resource cfdac433-6a71-45df-ba3d-c5e267c798a0 (type: ports) to 2
2026-05-26 06:57:06.233 9 INFO neutron.db.ovn_revision_numbers_db [None req-5387fb26-6f8c-40cd-bf4a-41039702261f - - - - - -] Successfully bumped revision number for resource cfdac433-6a71-45df-ba3d-c5e267c798a0 (type: router_ports) to 2
2026-05-26 06:57:06.414 9 INFO neutron.db.l3_db [None req-4c8b5ad0-55dc-46f0-904d-e4a2073d7e10 86d91e4d69c94355858b7a12657efad1 736101b79c68468085bd79351efdb896 - - default default] Floating IP d86b06f5-2d66-48f6-aec9-5ffa2f20638f associated. External IP: 10.96.250.220, port: eb130a18-5a3d-4a69-ac4a-6bce3477390c.
2026-05-26 06:57:06.627 9 INFO neutron.db.ovn_revision_numbers_db [None req-4c8b5ad0-55dc-46f0-904d-e4a2073d7e10 86d91e4d69c94355858b7a12657efad1 736101b79c68468085bd79351efdb896 - - default default] Successfully bumped revision number for resource d86b06f5-2d66-48f6-aec9-5ffa2f20638f (type: floatingips) to 0
2026-05-26 06:57:06.746 9 INFO neutron.db.ovn_revision_numbers_db [None req-4c8b5ad0-55dc-46f0-904d-e4a2073d7e10 86d91e4d69c94355858b7a12657efad1 736101b79c68468085bd79351efdb896 - - default default] Successfully bumped revision number for resource d86b06f5-2d66-48f6-aec9-5ffa2f20638f (type: floatingips) to 1
2026-05-26 06:57:06.787 9 INFO neutron.wsgi [None req-4c8b5ad0-55dc-46f0-904d-e4a2073d7e10 86d91e4d69c94355858b7a12657efad1 736101b79c68468085bd79351efdb896 - - default default] 10.0.0.153 "POST /v2.0/floatingips HTTP/1.1" status: 201 len: 1054 time: 1.3461993 /var/lib/openstack/lib/python3.10/site-packages/pycadf/identifier.py:71: UserWarning: Invalid uuid: neutron. To ensure interoperability, identifiers should be a valid uuid. warnings.warn(('Invalid uuid: %s. To ensure interoperability, '
2026-05-26 06:57:06.819 9 INFO neutron.notifiers.nova [-] Nova event matching ['req-ab1aa5a0-73b3-417f-8356-2b3c74ed515e'] response: {'name': 'network-changed', 'server_uuid': '1665bfd3-eb3f-4a00-9ec9-8046069cebd2', 'tag': 'eb130a18-5a3d-4a69-ac4a-6bce3477390c', 'status': 'completed', 'code': 200}
2026-05-26 06:57:06.862 10 INFO neutron.wsgi [None req-d7d769f4-27a0-49bd-abff-db9daae90960 86d91e4d69c94355858b7a12657efad1 736101b79c68468085bd79351efdb896 - - default default] 10.0.0.153 "GET /v2.0/floatingips/d86b06f5-2d66-48f6-aec9-5ffa2f20638f HTTP/1.1" status: 200 len: 1051 time: 0.0689030
2026-05-26 06:57:06.897 10 INFO neutron.wsgi [req-79eaa92f-5360-46ad-97fe-3ad0e638229b req-979e269b-7e3a-456d-ae22-694de4bd7f8b 5c7467c5ea814135a75c199c52b33b24 4bcddaff19f249f4a00d6370a17ba542 - - 058c7cd3bd794d488f99be929a924898 058c7cd3bd794d488f99be929a924898] 199.204.45.19 "GET /v2.0/ports?tenant_id=736101b79c68468085bd79351efdb896&device_id=1665bfd3-eb3f-4a00-9ec9-8046069cebd2 HTTP/1.1" status: 200 len: 1409 time: 0.0531206
2026-05-26 06:57:06.994 10 INFO neutron.wsgi [None req-f2c506cc-f4da-4bde-9777-2f13e4a423b1 8d16257921214e02b42d32bfec1b919c 9e6d7ce1c2244722bba0373ead6ae8d3 - - default default] 10.0.0.153 "PUT /v2.0/routers/a8ff5690-3b05-4366-a3a6-00511256279c/remove_router_interface HTTP/1.1" status: 200 len: 503 time: 1.8481741 /var/lib/openstack/lib/python3.10/site-packages/pycadf/identifier.py:71: UserWarning: Invalid uuid: neutron. To ensure interoperability, identifiers should be a valid uuid. warnings.warn(('Invalid uuid: %s. To ensure interoperability, '
2026-05-26 06:57:07.005 10 INFO neutron.wsgi [req-79eaa92f-5360-46ad-97fe-3ad0e638229b req-46dd4270-60e7-4407-9fca-0f25bcccbf55 5c7467c5ea814135a75c199c52b33b24 4bcddaff19f249f4a00d6370a17ba542 - - 058c7cd3bd794d488f99be929a924898 058c7cd3bd794d488f99be929a924898] 199.204.45.19 "GET /v2.0/networks?id=6ea3399d-69f5-4319-bb03-fba511d135c7 HTTP/1.1" status: 200 len: 959 time: 0.1035812 /var/lib/openstack/lib/python3.10/site-packages/pycadf/identifier.py:71: UserWarning: Invalid uuid: neutron. To ensure interoperability, identifiers should be a valid uuid. warnings.warn(('Invalid uuid: %s. To ensure interoperability, '
2026-05-26 06:57:07.055 10 INFO neutron.wsgi [req-79eaa92f-5360-46ad-97fe-3ad0e638229b req-112f661f-12ef-46e6-8f35-92bca47bc1c7 5c7467c5ea814135a75c199c52b33b24 4bcddaff19f249f4a00d6370a17ba542 - - 058c7cd3bd794d488f99be929a924898 058c7cd3bd794d488f99be929a924898] 199.204.45.19 "GET /v2.0/floatingips?fixed_ip_address=10.100.0.3&port_id=eb130a18-5a3d-4a69-ac4a-6bce3477390c HTTP/1.1" status: 200 len: 1059 time: 0.0448325
2026-05-26 06:57:07.099 10 INFO neutron.wsgi [req-79eaa92f-5360-46ad-97fe-3ad0e638229b req-bc413094-2daa-4f45-bab4-189f499348c2 5c7467c5ea814135a75c199c52b33b24 4bcddaff19f249f4a00d6370a17ba542 - - 058c7cd3bd794d488f99be929a924898 058c7cd3bd794d488f99be929a924898] 199.204.45.19 "GET /v2.0/subnets?id=0bbace00-e28d-4a2f-98cd-2fb40e0dae97 HTTP/1.1" status: 200 len: 853 time: 0.0397599
2026-05-26 06:57:07.125 10 INFO neutron.wsgi [req-79eaa92f-5360-46ad-97fe-3ad0e638229b req-2d2a30c0-4d5e-4aae-810c-314c5511e4db 5c7467c5ea814135a75c199c52b33b24 4bcddaff19f249f4a00d6370a17ba542 - - 058c7cd3bd794d488f99be929a924898 058c7cd3bd794d488f99be929a924898] 199.204.45.19 "GET /v2.0/ports?network_id=6ea3399d-69f5-4319-bb03-fba511d135c7&device_owner=network%3Adhcp HTTP/1.1" status: 200 len: 210 time: 0.0220523
2026-05-26 06:57:07.192 10 INFO neutron.wsgi [req-79eaa92f-5360-46ad-97fe-3ad0e638229b req-73d2face-fbdf-4677-aae9-4a9e568bca0d 5c7467c5ea814135a75c199c52b33b24 4bcddaff19f249f4a00d6370a17ba542 - - 058c7cd3bd794d488f99be929a924898 058c7cd3bd794d488f99be929a924898] 199.204.45.19 "GET /v2.0/networks/6ea3399d-69f5-4319-bb03-fba511d135c7?fields=segments HTTP/1.1" status: 200 len: 212 time: 0.0621111
2026-05-26 06:57:07.272 10 INFO neutron.wsgi [req-79eaa92f-5360-46ad-97fe-3ad0e638229b req-38e33608-e142-4be6-b200-70755b024694 5c7467c5ea814135a75c199c52b33b24 4bcddaff19f249f4a00d6370a17ba542 - - 058c7cd3bd794d488f99be929a924898 058c7cd3bd794d488f99be929a924898] 199.204.45.19 "GET /v2.0/networks/6ea3399d-69f5-4319-bb03-fba511d135c7?fields=provider%3Aphysical_network&fields=provider%3Anetwork_type HTTP/1.1" status: 200 len: 277 time: 0.0693634
2026-05-26 06:57:07.773 10 INFO neutron.wsgi [req-918f9463-0f31-43e3-82cc-d762d615261e req-28949e79-75bc-4e6c-8400-63f264edd068 c4741419335a4d2287350ac62130b7e3 64168558bd414f4da0233882da51a348 - - default default] 10.0.0.158 "GET /v2.0/networks?id=d51e9ea7-954e-46b8-9016-9e0ea588c27c HTTP/1.1" status: 200 len: 870 time: 0.0746009
2026-05-26 06:57:07.790 10 INFO neutron.wsgi [req-918f9463-0f31-43e3-82cc-d762d615261e req-61c0d562-7f36-4962-8d93-7ae8e9f20dd6 c4741419335a4d2287350ac62130b7e3 64168558bd414f4da0233882da51a348 - - default default] 10.0.0.158 "GET /v2.0/quotas/64168558bd414f4da0233882da51a348 HTTP/1.1" status: 200 len: 386 time: 0.0116019
2026-05-26 06:57:07.867 9 INFO neutron.wsgi [None req-464f59d9-1e31-4bb0-b96f-f4d000be614d 8d16257921214e02b42d32bfec1b919c 9e6d7ce1c2244722bba0373ead6ae8d3 - - default default] 10.0.0.153 "DELETE /v2.0/routers/a8ff5690-3b05-4366-a3a6-00511256279c HTTP/1.1" status: 204 len: 168 time: 0.8687551
2026-05-26 06:57:07.913 10 INFO neutron.wsgi [req-918f9463-0f31-43e3-82cc-d762d615261e req-8113809e-3a8b-4c7a-8565-86ee47639b0a c4741419335a4d2287350ac62130b7e3 64168558bd414f4da0233882da51a348 - - default default] 10.0.0.158 "GET /v2.0/ports?tenant_id=64168558bd414f4da0233882da51a348&fields=id HTTP/1.1" status: 200 len: 302 time: 0.1176090
2026-05-26 06:57:08.020 10 INFO neutron.wsgi [req-918f9463-0f31-43e3-82cc-d762d615261e req-a3684b28-402a-4b5d-b5cb-352b0eb5cda1 5c7467c5ea814135a75c199c52b33b24 4bcddaff19f249f4a00d6370a17ba542 - - 058c7cd3bd794d488f99be929a924898 058c7cd3bd794d488f99be929a924898] 10.0.0.158 "GET /v2.0/networks/d51e9ea7-954e-46b8-9016-9e0ea588c27c?fields=segments HTTP/1.1" status: 200 len: 212 time: 0.0997117
2026-05-26 06:57:08.111 10 INFO neutron.wsgi [req-918f9463-0f31-43e3-82cc-d762d615261e req-27647d26-352b-4cff-b472-b51cc5613664 5c7467c5ea814135a75c199c52b33b24 4bcddaff19f249f4a00d6370a17ba542 - - 058c7cd3bd794d488f99be929a924898 058c7cd3bd794d488f99be929a924898] 10.0.0.158 "GET /v2.0/networks/d51e9ea7-954e-46b8-9016-9e0ea588c27c?fields=provider%3Aphysical_network&fields=provider%3Anetwork_type HTTP/1.1" status: 200 len: 277 time: 0.0827832
2026-05-26 06:57:08.117 9 INFO neutron.wsgi [None req-f33a2497-306f-42f6-926f-1f8a5e3a6ddc 8d16257921214e02b42d32bfec1b919c 9e6d7ce1c2244722bba0373ead6ae8d3 - - default default] 10.0.0.153 "DELETE /v2.0/subnets/0a481907-f738-4a0c-b8b1-cc7d7be8a2ad HTTP/1.1" status: 204 len: 168 time: 0.2457485
2026-05-26 06:57:08.260 10 INFO neutron.wsgi [req-04ccc2be-fa1e-4a48-ac5a-69cb10d1eeb5 req-c779633e-bce7-45af-9071-897d10c925e0 c4741419335a4d2287350ac62130b7e3 64168558bd414f4da0233882da51a348 - - default default] 10.0.0.158 "GET /v2.0/ports?device_id=39aeb43b-f044-426e-9326-c13f05acae36 HTTP/1.1" status: 200 len: 210 time: 0.0296183
2026-05-26 06:57:08.511 10 INFO neutron.services.segments.plugin [-] Segment ccc70f44-6a8e-4321-bd59-4c574a9c35d9 resource provider aggregate not found
2026-05-26 06:57:08.520 10 INFO neutron.services.segments.plugin [-] Segment ccc70f44-6a8e-4321-bd59-4c574a9c35d9 resource provider aggregate not found
2026-05-26 06:57:08.529 10 INFO neutron.services.segments.plugin [-] Segment ccc70f44-6a8e-4321-bd59-4c574a9c35d9 resource provider not found; error: Placement Client Error (4xx): {"errors": [{"status": 404, "title": "Not Found", "detail": "The resource could not be found.\n\n No resource provider with uuid ccc70f44-6a8e-4321-bd59-4c574a9c35d9 found for delete ", "request_id": "req-77e11f84-9be4-4fef-87df-8fd735102d8c"}]}
2026-05-26 06:57:08.544 10 INFO neutron.services.segments.plugin [-] Segment ccc70f44-6a8e-4321-bd59-4c574a9c35d9 resource provider not found; error: Placement Client Error (4xx): {"errors": [{"status": 404, "title": "Not Found", "detail": "The resource could not be found.\n\n No resource provider with uuid ccc70f44-6a8e-4321-bd59-4c574a9c35d9 found for delete ", "request_id": "req-39db2655-2832-4b61-b77e-835cff51b682"}]}
2026-05-26 06:57:08.559 10 INFO neutron.wsgi [None req-5f0c0368-712e-42f8-9585-6c33364b74c6 8d16257921214e02b42d32bfec1b919c 9e6d7ce1c2244722bba0373ead6ae8d3 - - default default] 10.0.0.153 "DELETE /v2.0/networks/aa1b62b9-8fcb-4342-910b-a8c3b999dbd3 HTTP/1.1" status: 204 len: 168 time: 0.4355850
2026-05-26 06:57:09.021 10 INFO neutron.wsgi [req-918f9463-0f31-43e3-82cc-d762d615261e req-9bbcd5a3-89a1-4e2c-824f-0ca778720667 c4741419335a4d2287350ac62130b7e3 64168558bd414f4da0233882da51a348 - - default default] 199.204.45.19 "GET /v2.0/networks?id=d51e9ea7-954e-46b8-9016-9e0ea588c27c HTTP/1.1" status: 200 len: 870 time: 0.0711222
2026-05-26 06:57:09.032 10 WARNING neutron_lib.context [req-918f9463-0f31-43e3-82cc-d762d615261e req-fb7623a7-7416-4f18-af37-05c6993e5d70 c4741419335a4d2287350ac62130b7e3 64168558bd414f4da0233882da51a348 - - default default] Method 'is_advsvc' is deprecated since 2023.2 release (neutron-lib 3.8.0) and will be removed once support for the old RBAC API policies will be removed from Neutron. Please use method 'is_service_role' instead.
2026-05-26 06:57:09.349 10 INFO neutron.wsgi [req-796b7699-8b4a-4f0b-bace-0b90d8bd54ef req-d1d328de-07b6-4246-8f98-3220730bbec7 c4741419335a4d2287350ac62130b7e3 64168558bd414f4da0233882da51a348 - - default default] 10.0.0.158 "GET /v2.0/ports?device_id=39aeb43b-f044-426e-9326-c13f05acae36 HTTP/1.1" status: 200 len: 210 time: 0.0280502
2026-05-26 06:57:09.384 10 WARNING neutron.scheduler.dhcp_agent_scheduler [req-918f9463-0f31-43e3-82cc-d762d615261e req-fb7623a7-7416-4f18-af37-05c6993e5d70 c4741419335a4d2287350ac62130b7e3 64168558bd414f4da0233882da51a348 - - default default] No more DHCP agents
2026-05-26 06:57:09.386 10 WARNING neutron.api.rpc.agentnotifiers.dhcp_rpc_agent_api [req-918f9463-0f31-43e3-82cc-d762d615261e req-fb7623a7-7416-4f18-af37-05c6993e5d70 c4741419335a4d2287350ac62130b7e3 64168558bd414f4da0233882da51a348 - - default default] Unable to schedule network d51e9ea7-954e-46b8-9016-9e0ea588c27c: no agents available; will retry on subsequent port and subnet creation events. /var/lib/openstack/lib/python3.10/site-packages/pycadf/identifier.py:71: UserWarning: Invalid uuid: neutron. To ensure interoperability, identifiers should be a valid uuid. warnings.warn(('Invalid uuid: %s. To ensure interoperability, '
2026-05-26 06:57:09.561 10 INFO neutron.db.ovn_revision_numbers_db [req-918f9463-0f31-43e3-82cc-d762d615261e req-fb7623a7-7416-4f18-af37-05c6993e5d70 c4741419335a4d2287350ac62130b7e3 64168558bd414f4da0233882da51a348 - - default default] Successfully bumped revision number for resource 7194e244-1d42-495a-870c-c6de9d667cef (type: ports) to 1
2026-05-26 06:57:09.575 10 INFO neutron.db.ovn_revision_numbers_db [None req-e287e1ee-9bf1-479a-be4e-7acd9f5b1db2 8d16257921214e02b42d32bfec1b919c 9e6d7ce1c2244722bba0373ead6ae8d3 - - default default] Successfully bumped revision number for resource b7bb3bc4-1c36-4a33-b13a-9eda79201d42 (type: security_groups) to 1
2026-05-26 06:57:09.584 10 INFO neutron.wsgi [req-918f9463-0f31-43e3-82cc-d762d615261e req-fb7623a7-7416-4f18-af37-05c6993e5d70 c4741419335a4d2287350ac62130b7e3 64168558bd414f4da0233882da51a348 - - default default] 199.204.45.19 "POST /v2.0/ports HTTP/1.1" status: 201 len: 1158 time: 0.5563405
2026-05-26 06:57:09.589 10 INFO neutron.db.ovn_revision_numbers_db [None req-e287e1ee-9bf1-479a-be4e-7acd9f5b1db2 8d16257921214e02b42d32bfec1b919c 9e6d7ce1c2244722bba0373ead6ae8d3 - - default default] Successfully bumped revision number for resource 97718494-84d4-4507-9f06-d6b2745493a2 (type: security_group_rules) to 0
2026-05-26 06:57:09.609 10 INFO neutron.db.ovn_revision_numbers_db [None req-e287e1ee-9bf1-479a-be4e-7acd9f5b1db2 8d16257921214e02b42d32bfec1b919c 9e6d7ce1c2244722bba0373ead6ae8d3 - - default default] Successfully bumped revision number for resource a672c297-b5a2-4a5a-af5e-bb1a870ed336 (type: security_group_rules) to 0
2026-05-26 06:57:09.623 10 INFO neutron.db.ovn_revision_numbers_db [None req-e287e1ee-9bf1-479a-be4e-7acd9f5b1db2 8d16257921214e02b42d32bfec1b919c 9e6d7ce1c2244722bba0373ead6ae8d3 - - default default] Successfully bumped revision number for resource c7ec874a-f522-480e-aeb7-d2fd0759a1f6 (type: security_group_rules) to 0
2026-05-26 06:57:09.644 10 INFO neutron.db.ovn_revision_numbers_db [None req-e287e1ee-9bf1-479a-be4e-7acd9f5b1db2 8d16257921214e02b42d32bfec1b919c 9e6d7ce1c2244722bba0373ead6ae8d3 - - default default] Successfully bumped revision number for resource e84b01c1-bb03-4ba3-971b-d953da93f64f (type: security_group_rules) to 0
2026-05-26 06:57:09.670 10 INFO neutron.wsgi [None req-e287e1ee-9bf1-479a-be4e-7acd9f5b1db2 8d16257921214e02b42d32bfec1b919c 9e6d7ce1c2244722bba0373ead6ae8d3 - - default default] 10.0.0.153 "GET /v2.0/security-groups?tenant_id=33590a96054c4e82ac4a1502c426dee4&name=default HTTP/1.1" status: 200 len: 2996 time: 0.4236193
2026-05-26 06:57:10.000 10 INFO neutron.db.ovn_revision_numbers_db [req-918f9463-0f31-43e3-82cc-d762d615261e req-6a2a9120-c240-4ab3-9822-6f09bbded6f5 5c7467c5ea814135a75c199c52b33b24 4bcddaff19f249f4a00d6370a17ba542 - - 058c7cd3bd794d488f99be929a924898 058c7cd3bd794d488f99be929a924898] Successfully bumped revision number for resource 7194e244-1d42-495a-870c-c6de9d667cef (type: ports) to 2
2026-05-26 06:57:10.005 9 INFO neutron.wsgi [None req-005079b0-ef56-4066-941c-74697db16432 8d16257921214e02b42d32bfec1b919c 9e6d7ce1c2244722bba0373ead6ae8d3 - - default default] 10.0.0.153 "DELETE /v2.0/security-groups/b7bb3bc4-1c36-4a33-b13a-9eda79201d42 HTTP/1.1" status: 204 len: 168 time: 0.3292792
2026-05-26 06:57:10.105 9 INFO neutron.wsgi [None req-f766fcd8-32ba-4e2f-ac33-6e4ccc4b2c6e 8d16257921214e02b42d32bfec1b919c 9e6d7ce1c2244722bba0373ead6ae8d3 - - default default] 10.0.0.153 "PUT /v2.0/routers/ae3515b4-21f8-48c9-8a5b-41983411da98/remove_router_interface HTTP/1.1" status: 200 len: 503 time: 1.5379832 /var/lib/openstack/lib/python3.10/site-packages/pycadf/identifier.py:71: UserWarning: Invalid uuid: neutron. To ensure interoperability, identifiers should be a valid uuid. warnings.warn(('Invalid uuid: %s. To ensure interoperability, '
2026-05-26 06:57:10.232 10 INFO neutron.db.ovn_revision_numbers_db [req-918f9463-0f31-43e3-82cc-d762d615261e req-6a2a9120-c240-4ab3-9822-6f09bbded6f5 5c7467c5ea814135a75c199c52b33b24 4bcddaff19f249f4a00d6370a17ba542 - - 058c7cd3bd794d488f99be929a924898 058c7cd3bd794d488f99be929a924898] Successfully bumped revision number for resource 7194e244-1d42-495a-870c-c6de9d667cef (type: ports) to 2
2026-05-26 06:57:10.249 10 INFO neutron.wsgi [req-918f9463-0f31-43e3-82cc-d762d615261e req-6a2a9120-c240-4ab3-9822-6f09bbded6f5 5c7467c5ea814135a75c199c52b33b24 4bcddaff19f249f4a00d6370a17ba542 - - 058c7cd3bd794d488f99be929a924898 058c7cd3bd794d488f99be929a924898] 199.204.45.19 "PUT /v2.0/ports/7194e244-1d42-495a-870c-c6de9d667cef HTTP/1.1" status: 200 len: 1376 time: 0.6548617 /var/lib/openstack/lib/python3.10/site-packages/pycadf/identifier.py:71: UserWarning: Invalid uuid: neutron. To ensure interoperability, identifiers should be a valid uuid. warnings.warn(('Invalid uuid: %s. To ensure interoperability, '
2026-05-26 06:57:10.298 10 INFO neutron.notifiers.nova [-] Nova event matching ['req-a14e35d8-b4a2-4d2b-a5dc-454d79803854'] response: {'name': 'network-changed', 'server_uuid': '39aeb43b-f044-426e-9326-c13f05acae36', 'tag': '7194e244-1d42-495a-870c-c6de9d667cef', 'status': 'completed', 'code': 200}
2026-05-26 06:57:10.326 10 INFO neutron.wsgi [req-918f9463-0f31-43e3-82cc-d762d615261e req-a5d03773-7cbd-439d-9960-a49474a67b82 5c7467c5ea814135a75c199c52b33b24 4bcddaff19f249f4a00d6370a17ba542 - - 058c7cd3bd794d488f99be929a924898 058c7cd3bd794d488f99be929a924898] 199.204.45.19 "GET /v2.0/ports?tenant_id=64168558bd414f4da0233882da51a348&device_id=39aeb43b-f044-426e-9326-c13f05acae36 HTTP/1.1" status: 200 len: 1407 time: 0.0398264
2026-05-26 06:57:10.360 10 INFO neutron.wsgi [req-918f9463-0f31-43e3-82cc-d762d615261e req-7a567e85-a604-41e7-8ec2-d99f0161ea46 5c7467c5ea814135a75c199c52b33b24 4bcddaff19f249f4a00d6370a17ba542 - - 058c7cd3bd794d488f99be929a924898 058c7cd3bd794d488f99be929a924898] 199.204.45.19 "GET /v2.0/floatingips?fixed_ip_address=10.100.0.5&port_id=7194e244-1d42-495a-870c-c6de9d667cef HTTP/1.1" status: 200 len: 217 time: 0.0238166
2026-05-26 06:57:10.392 10 INFO neutron.wsgi [req-918f9463-0f31-43e3-82cc-d762d615261e req-16505842-5042-4728-be56-bf164d39a4c4 5c7467c5ea814135a75c199c52b33b24 4bcddaff19f249f4a00d6370a17ba542 - - 058c7cd3bd794d488f99be929a924898 058c7cd3bd794d488f99be929a924898] 199.204.45.19 "GET /v2.0/subnets?id=f1c0c0da-448f-4aa4-891b-aafc68025aa6 HTTP/1.1" status: 200 len: 864 time: 0.0272090
2026-05-26 06:57:10.420 10 INFO neutron.wsgi [req-918f9463-0f31-43e3-82cc-d762d615261e req-b2708e89-826a-44c7-b7af-272ed437a9a6 5c7467c5ea814135a75c199c52b33b24 4bcddaff19f249f4a00d6370a17ba542 - - 058c7cd3bd794d488f99be929a924898 058c7cd3bd794d488f99be929a924898] 199.204.45.19 "GET /v2.0/ports?network_id=d51e9ea7-954e-46b8-9016-9e0ea588c27c&device_owner=network%3Adhcp HTTP/1.1" status: 200 len: 210 time: 0.0225968
2026-05-26 06:57:10.467 10 INFO neutron.wsgi [req-3b8683bf-2d6f-4d73-a880-db87f594b4bc req-47df5508-4821-43bc-a15a-df85175e7d8d c4741419335a4d2287350ac62130b7e3 64168558bd414f4da0233882da51a348 - - default default] 10.0.0.158 "GET /v2.0/ports?device_id=39aeb43b-f044-426e-9326-c13f05acae36 HTTP/1.1" status: 200 len: 1168 time: 0.0515971
2026-05-26 06:57:10.498 10 INFO neutron.wsgi [req-918f9463-0f31-43e3-82cc-d762d615261e req-08132039-95c1-46f4-bb51-824f69e1dbdd 5c7467c5ea814135a75c199c52b33b24 4bcddaff19f249f4a00d6370a17ba542 - - 058c7cd3bd794d488f99be929a924898 058c7cd3bd794d488f99be929a924898] 199.204.45.19 "GET /v2.0/networks/d51e9ea7-954e-46b8-9016-9e0ea588c27c?fields=segments HTTP/1.1" status: 200 len: 212 time: 0.0701056
2026-05-26 06:57:10.517 10 INFO neutron.wsgi [req-3b8683bf-2d6f-4d73-a880-db87f594b4bc req-0b67d223-d0f5-4753-a81a-f772c0f3a721 c4741419335a4d2287350ac62130b7e3 64168558bd414f4da0233882da51a348 - - default default] 10.0.0.158 "GET /v2.0/security-groups?id=e1faa86f-74ed-454a-b5ce-8e14ed7e4cf4&fields=id&fields=name HTTP/1.1" status: 200 len: 286 time: 0.0426464
2026-05-26 06:57:10.578 10 INFO neutron.wsgi [req-918f9463-0f31-43e3-82cc-d762d615261e req-d4fa7203-117f-46a2-8e65-9e106deccb0a 5c7467c5ea814135a75c199c52b33b24 4bcddaff19f249f4a00d6370a17ba542 - - 058c7cd3bd794d488f99be929a924898 058c7cd3bd794d488f99be929a924898] 199.204.45.19 "GET /v2.0/networks/d51e9ea7-954e-46b8-9016-9e0ea588c27c?fields=provider%3Aphysical_network&fields=provider%3Anetwork_type HTTP/1.1" status: 200 len: 277 time: 0.0736232
2026-05-26 06:57:10.690 10 INFO neutron.wsgi [req-41e85ca0-36c9-4c74-b061-31b9b3a855ec req-fba6b154-46a6-47fb-9250-13ed147f91da 5c7467c5ea814135a75c199c52b33b24 4bcddaff19f249f4a00d6370a17ba542 - - 058c7cd3bd794d488f99be929a924898 058c7cd3bd794d488f99be929a924898] 199.204.45.19 "GET /v2.0/ports?tenant_id=64168558bd414f4da0233882da51a348&device_id=39aeb43b-f044-426e-9326-c13f05acae36 HTTP/1.1" status: 200 len: 1407 time: 0.0689476
2026-05-26 06:57:10.768 10 INFO neutron.wsgi [req-41e85ca0-36c9-4c74-b061-31b9b3a855ec req-0cd074b9-3fe0-4950-a9bb-7369e5947e02 5c7467c5ea814135a75c199c52b33b24 4bcddaff19f249f4a00d6370a17ba542 - - 058c7cd3bd794d488f99be929a924898 058c7cd3bd794d488f99be929a924898] 199.204.45.19 "GET /v2.0/networks?id=d51e9ea7-954e-46b8-9016-9e0ea588c27c HTTP/1.1" status: 200 len: 969 time: 0.0723133
2026-05-26 06:57:10.803 10 INFO neutron.wsgi [req-41e85ca0-36c9-4c74-b061-31b9b3a855ec req-b0adbfa6-aa7b-4b87-b3dc-6d46277e993c 5c7467c5ea814135a75c199c52b33b24 4bcddaff19f249f4a00d6370a17ba542 - - 058c7cd3bd794d488f99be929a924898 058c7cd3bd794d488f99be929a924898] 199.204.45.19 "GET /v2.0/floatingips?fixed_ip_address=10.100.0.5&port_id=7194e244-1d42-495a-870c-c6de9d667cef HTTP/1.1" status: 200 len: 217 time: 0.0265825
2026-05-26 06:57:10.810 10 INFO neutron.plugins.ml2.drivers.ovn.mech_driver.mech_driver [None req-e6a22b7b-ebf5-4e4f-b819-8ca87162508e - - - - - -] OVN reports status up for port: 7194e244-1d42-495a-870c-c6de9d667cef
2026-05-26 06:57:10.847 10 INFO neutron.plugins.ml2.plugin [None req-e6a22b7b-ebf5-4e4f-b819-8ca87162508e - - - - - -] Attempt 1 to provision port 7194e244-1d42-495a-870c-c6de9d667cef
2026-05-26 06:57:10.861 10 INFO neutron.wsgi [req-41e85ca0-36c9-4c74-b061-31b9b3a855ec req-57b4c171-c556-4a27-8c08-3c8630a08794 5c7467c5ea814135a75c199c52b33b24 4bcddaff19f249f4a00d6370a17ba542 - - 058c7cd3bd794d488f99be929a924898 058c7cd3bd794d488f99be929a924898] 199.204.45.19 "GET /v2.0/subnets?id=f1c0c0da-448f-4aa4-891b-aafc68025aa6 HTTP/1.1" status: 200 len: 864 time: 0.0490425
2026-05-26 06:57:10.904 10 INFO neutron.wsgi [req-41e85ca0-36c9-4c74-b061-31b9b3a855ec req-92980448-5dd5-417f-b4be-5ff27189f343 5c7467c5ea814135a75c199c52b33b24 4bcddaff19f249f4a00d6370a17ba542 - - 058c7cd3bd794d488f99be929a924898 058c7cd3bd794d488f99be929a924898] 199.204.45.19 "GET /v2.0/ports?network_id=d51e9ea7-954e-46b8-9016-9e0ea588c27c&device_owner=network%3Adhcp HTTP/1.1" status: 200 len: 210 time: 0.0333979
2026-05-26 06:57:10.989 10 INFO neutron.wsgi [req-41e85ca0-36c9-4c74-b061-31b9b3a855ec req-f190d0ce-ecfb-4d11-baad-6de3669814bc 5c7467c5ea814135a75c199c52b33b24 4bcddaff19f249f4a00d6370a17ba542 - - 058c7cd3bd794d488f99be929a924898 058c7cd3bd794d488f99be929a924898] 199.204.45.19 "GET /v2.0/networks/d51e9ea7-954e-46b8-9016-9e0ea588c27c?fields=segments HTTP/1.1" status: 200 len: 212 time: 0.0786827
2026-05-26 06:57:11.019 9 INFO neutron.wsgi [None req-c4d4e8c4-2ef8-4d79-a986-1d86e85c7b66 8d16257921214e02b42d32bfec1b919c 9e6d7ce1c2244722bba0373ead6ae8d3 - - default default] 10.0.0.153 "DELETE /v2.0/routers/ae3515b4-21f8-48c9-8a5b-41983411da98 HTTP/1.1" status: 204 len: 168 time: 0.9092779
2026-05-26 06:57:11.077 10 INFO neutron.wsgi [req-41e85ca0-36c9-4c74-b061-31b9b3a855ec req-d2848014-dce2-42aa-bde8-68fd7eed0c68 5c7467c5ea814135a75c199c52b33b24 4bcddaff19f249f4a00d6370a17ba542 - - 058c7cd3bd794d488f99be929a924898 058c7cd3bd794d488f99be929a924898] 199.204.45.19 "GET /v2.0/networks/d51e9ea7-954e-46b8-9016-9e0ea588c27c?fields=provider%3Aphysical_network&fields=provider%3Anetwork_type HTTP/1.1" status: 200 len: 277 time: 0.0757651
2026-05-26 06:57:11.210 10 INFO neutron.db.ovn_revision_numbers_db [None req-e6a22b7b-ebf5-4e4f-b819-8ca87162508e - - - - - -] Successfully bumped revision number for resource 7194e244-1d42-495a-870c-c6de9d667cef (type: ports) to 4
2026-05-26 06:57:11.228 9 INFO neutron.wsgi [None req-5d9f3c66-ba08-4784-adfa-ba3961e1a4f8 8d16257921214e02b42d32bfec1b919c 9e6d7ce1c2244722bba0373ead6ae8d3 - - default default] 10.0.0.153 "DELETE /v2.0/subnets/d7c0b930-cbef-4048-a69d-023f7e3d8a82 HTTP/1.1" status: 204 len: 168 time: 0.2046518 /var/lib/openstack/lib/python3.10/site-packages/pycadf/identifier.py:71: UserWarning: Invalid uuid: neutron. To ensure interoperability, identifiers should be a valid uuid. warnings.warn(('Invalid uuid: %s. To ensure interoperability, '
2026-05-26 06:57:11.601 9 INFO neutron.services.segments.plugin [-] Segment 8ba3d74b-e03e-4567-aa18-1dd0bbd574f6 resource provider aggregate not found
2026-05-26 06:57:11.608 9 INFO neutron.services.segments.plugin [-] Segment 8ba3d74b-e03e-4567-aa18-1dd0bbd574f6 resource provider aggregate not found
2026-05-26 06:57:11.624 9 INFO neutron.services.segments.plugin [-] Segment 8ba3d74b-e03e-4567-aa18-1dd0bbd574f6 resource provider not found; error: Placement Client Error (4xx): {"errors": [{"status": 404, "title": "Not Found", "detail": "The resource could not be found.\n\n No resource provider with uuid 8ba3d74b-e03e-4567-aa18-1dd0bbd574f6 found for delete ", "request_id": "req-7d654f4c-0309-49db-9830-e1bbd6771240"}]}
2026-05-26 06:57:11.632 9 INFO neutron.services.segments.plugin [-] Segment 8ba3d74b-e03e-4567-aa18-1dd0bbd574f6 resource provider not found; error: Placement Client Error (4xx): {"errors": [{"status": 404, "title": "Not Found", "detail": "The resource could not be found.\n\n No resource provider with uuid 8ba3d74b-e03e-4567-aa18-1dd0bbd574f6 found for delete ", "request_id": "req-42e649ed-a9dc-472f-9cb9-87eb9a23ab8e"}]}
2026-05-26 06:57:11.636 10 INFO neutron.wsgi [req-fd85d419-0079-4a06-bd31-e9be32d538b1 req-3367f482-3d4e-4ff5-b1da-101d6abb905f c4741419335a4d2287350ac62130b7e3 64168558bd414f4da0233882da51a348 - - default default] 10.0.0.158 "GET /v2.0/ports?device_id=39aeb43b-f044-426e-9326-c13f05acae36 HTTP/1.1" status: 200 len: 1170 time: 0.0565884
2026-05-26 06:57:11.662 9 INFO neutron.wsgi [None req-28aa105c-9a6c-49f1-a51b-dd3db366746d 8d16257921214e02b42d32bfec1b919c 9e6d7ce1c2244722bba0373ead6ae8d3 - - default default] 10.0.0.153 "DELETE /v2.0/networks/fec98ad8-f2f1-4e81-99d4-26c5a8387b09 HTTP/1.1" status: 204 len: 168 time: 0.4278848
2026-05-26 06:57:11.687 10 INFO neutron.wsgi [req-fd85d419-0079-4a06-bd31-e9be32d538b1 req-415ac867-7ef5-4f39-abe8-83b6a103f5bc c4741419335a4d2287350ac62130b7e3 64168558bd414f4da0233882da51a348 - - default default] 10.0.0.158 "GET /v2.0/security-groups?id=e1faa86f-74ed-454a-b5ce-8e14ed7e4cf4&fields=id&fields=name HTTP/1.1" status: 200 len: 286 time: 0.0434554
2026-05-26 06:57:11.730 9 WARNING neutron.plugins.ml2.drivers.ovn.mech_driver.ovsdb.ovn_client [None req-5387fb26-6f8c-40cd-bf4a-41039702261f - - - - - -] No hosting information found for port cfdac433-6a71-45df-ba3d-c5e267c798a0: RuntimeError: No hosting information found for port cfdac433-6a71-45df-ba3d-c5e267c798a0
2026-05-26 06:57:12.028 9 INFO neutron.wsgi [None req-4ba3a7c0-4caa-4b1b-8dcd-b3af14ab545c 8d16257921214e02b42d32bfec1b919c 9e6d7ce1c2244722bba0373ead6ae8d3 - - default default] 10.0.0.153 "GET /v2.0/security-groups?tenant_id=4a028d26e9c14817abc3bf95b2d1d0b0&name=default HTTP/1.1" status: 200 len: 2996 time: 0.0389462
2026-05-26 06:57:12.235 9 INFO neutron.wsgi [None req-3feaab2f-a238-4cf0-b3e3-4425d6bf1ea7 8d16257921214e02b42d32bfec1b919c 9e6d7ce1c2244722bba0373ead6ae8d3 - - default default] 10.0.0.153 "DELETE /v2.0/security-groups/cffc69cc-1ff7-4b66-bde3-d48f4aa8361d HTTP/1.1" status: 204 len: 168 time: 0.2024922
2026-05-26 06:57:12.339 10 INFO neutron.notifiers.nova [-] Nova event matching ['req-21bb3142-673e-44f0-931e-708d8d7b71b6'] response: {'server_uuid': '39aeb43b-f044-426e-9326-c13f05acae36', 'name': 'network-vif-plugged', 'status': 'completed', 'tag': '7194e244-1d42-495a-870c-c6de9d667cef', 'code': 200}
2026-05-26 06:57:12.339 10 INFO neutron.notifiers.nova [-] Nova event matching ['req-21bb3142-673e-44f0-931e-708d8d7b71b6'] response: {'server_uuid': '39aeb43b-f044-426e-9326-c13f05acae36', 'name': 'network-vif-plugged', 'status': 'completed', 'tag': '7194e244-1d42-495a-870c-c6de9d667cef', 'code': 200}
2026-05-26 06:57:12.494 9 INFO neutron.wsgi [None req-cf4fb340-dba9-4839-91fd-aa64f3e20144 8d16257921214e02b42d32bfec1b919c 9e6d7ce1c2244722bba0373ead6ae8d3 - - default default] 10.0.0.153 "GET /v2.0/security-groups?tenant_id=9a801d636ddc40b9aed5674f19e8fe6f&name=default HTTP/1.1" status: 200 len: 2996 time: 0.0397043
2026-05-26 06:57:12.721 9 INFO neutron.wsgi [None req-6d6d47c9-cf08-41b2-a863-39ffd97a57af 8d16257921214e02b42d32bfec1b919c 9e6d7ce1c2244722bba0373ead6ae8d3 - - default default] 10.0.0.153 "DELETE /v2.0/security-groups/c6f8b33f-4a9e-40ec-b177-f87059dac517 HTTP/1.1" status: 204 len: 168 time: 0.2237890
2026-05-26 06:57:12.800 10 INFO neutron.wsgi [req-d7f865a7-fdaf-43b8-9f4a-ceae8c959a48 req-966ea310-a128-4219-9750-6fab3cd42731 c4741419335a4d2287350ac62130b7e3 64168558bd414f4da0233882da51a348 - - default default] 10.0.0.158 "GET /v2.0/ports?device_id=39aeb43b-f044-426e-9326-c13f05acae36 HTTP/1.1" status: 200 len: 1170 time: 0.0468082
2026-05-26 06:57:12.848 10 INFO neutron.wsgi [req-d7f865a7-fdaf-43b8-9f4a-ceae8c959a48 req-23f771f3-ee91-4233-b54a-c83e59f3c462 c4741419335a4d2287350ac62130b7e3 64168558bd414f4da0233882da51a348 - - default default] 10.0.0.158 "GET /v2.0/security-groups?id=e1faa86f-74ed-454a-b5ce-8e14ed7e4cf4&fields=id&fields=name HTTP/1.1" status: 200 len: 286 time: 0.0429394
2026-05-26 06:57:13.444 10 INFO neutron.plugins.ml2.drivers.ovn.mech_driver.mech_driver [None req-e6a22b7b-ebf5-4e4f-b819-8ca87162508e - - - - - -] OVN reports status down for port: 7194e244-1d42-495a-870c-c6de9d667cef
2026-05-26 06:57:13.514 10 INFO neutron.wsgi [req-5edab9cd-f7e0-4967-a804-7e708a03f5a8 req-51dfda42-d5b3-4389-94f9-06e57fdbe3f5 c4741419335a4d2287350ac62130b7e3 64168558bd414f4da0233882da51a348 - - default default] 10.0.0.158 "GET /v2.0/ports?device_id=39aeb43b-f044-426e-9326-c13f05acae36 HTTP/1.1" status: 200 len: 1170 time: 0.1286623
2026-05-26 06:57:13.584 10 INFO neutron.wsgi [req-5edab9cd-f7e0-4967-a804-7e708a03f5a8 req-2e7f085d-59fa-4354-8037-935174789e79 c4741419335a4d2287350ac62130b7e3 64168558bd414f4da0233882da51a348 - - default default] 10.0.0.158 "GET /v2.0/security-groups?id=e1faa86f-74ed-454a-b5ce-8e14ed7e4cf4&fields=id&fields=name HTTP/1.1" status: 200 len: 286 time: 0.0634325
2026-05-26 06:57:13.795 10 INFO neutron.wsgi [req-aafcad09-c17b-4f94-9447-abdb431f9003 req-43d8383f-cf84-4fd5-8561-5bfe757ca244 c4741419335a4d2287350ac62130b7e3 64168558bd414f4da0233882da51a348 - - default default] 199.204.45.19 "GET /v2.0/ports?device_id=39aeb43b-f044-426e-9326-c13f05acae36 HTTP/1.1" status: 200 len: 1168 time: 0.0467582
2026-05-26 06:57:13.857 10 INFO neutron.db.ovn_revision_numbers_db [None req-e6a22b7b-ebf5-4e4f-b819-8ca87162508e - - - - - -] Successfully bumped revision number for resource 7194e244-1d42-495a-870c-c6de9d667cef (type: ports) to 5
2026-05-26 06:57:13.884 9 INFO neutron.db.ovn_revision_numbers_db [None req-df8ab5c5-d2dc-4164-95ec-3cf9be6bfe79 8d16257921214e02b42d32bfec1b919c 9e6d7ce1c2244722bba0373ead6ae8d3 - - default default] Successfully bumped revision number for resource 6cb35c26-dcbf-469b-93e6-8a223e6382a3 (type: security_groups) to 1
2026-05-26 06:57:13.905 9 INFO neutron.db.ovn_revision_numbers_db [None req-df8ab5c5-d2dc-4164-95ec-3cf9be6bfe79 8d16257921214e02b42d32bfec1b919c 9e6d7ce1c2244722bba0373ead6ae8d3 - - default default] Successfully bumped revision number for resource 65b45d15-4e76-4370-990c-5ea6b4623efb (type: security_group_rules) to 0
2026-05-26 06:57:13.920 9 INFO neutron.db.ovn_revision_numbers_db [None req-df8ab5c5-d2dc-4164-95ec-3cf9be6bfe79 8d16257921214e02b42d32bfec1b919c 9e6d7ce1c2244722bba0373ead6ae8d3 - - default default] Successfully bumped revision number for resource a3785422-9377-4b93-a16e-25c6eaa4d188 (type: security_group_rules) to 0
2026-05-26 06:57:13.934 9 INFO neutron.db.ovn_revision_numbers_db [None req-df8ab5c5-d2dc-4164-95ec-3cf9be6bfe79 8d16257921214e02b42d32bfec1b919c 9e6d7ce1c2244722bba0373ead6ae8d3 - - default default] Successfully bumped revision number for resource a9b3b1ea-9d28-4a3d-98ea-0ed015b38d27 (type: security_group_rules) to 0
2026-05-26 06:57:13.947 9 INFO neutron.db.ovn_revision_numbers_db [None req-df8ab5c5-d2dc-4164-95ec-3cf9be6bfe79 8d16257921214e02b42d32bfec1b919c 9e6d7ce1c2244722bba0373ead6ae8d3 - - default default] Successfully bumped revision number for resource c48b3d33-51d1-416b-8cd6-6b3a6abee23f (type: security_group_rules) to 0
2026-05-26 06:57:13.975 9 INFO neutron.wsgi [None req-df8ab5c5-d2dc-4164-95ec-3cf9be6bfe79 8d16257921214e02b42d32bfec1b919c 9e6d7ce1c2244722bba0373ead6ae8d3 - - default default] 10.0.0.153 "GET /v2.0/security-groups?tenant_id=09cff4ff35114162bc10d69a93b86ef8&name=default HTTP/1.1" status: 200 len: 2996 time: 0.3471291
2026-05-26 06:57:14.226 9 INFO neutron.wsgi [None req-c589a929-9a17-49bb-9cd6-b839c4c357a6 8d16257921214e02b42d32bfec1b919c 9e6d7ce1c2244722bba0373ead6ae8d3 - - default default] 10.0.0.153 "DELETE /v2.0/security-groups/6cb35c26-dcbf-469b-93e6-8a223e6382a3 HTTP/1.1" status: 204 len: 168 time: 0.2459884
2026-05-26 06:57:14.392 10 INFO neutron.notifiers.nova [-] Nova event matching ['req-e47f28e3-f812-41ce-ab69-2b9fde79ba35'] response: {'server_uuid': '39aeb43b-f044-426e-9326-c13f05acae36', 'name': 'network-vif-unplugged', 'status': 'completed', 'tag': '7194e244-1d42-495a-870c-c6de9d667cef', 'code': 200}
2026-05-26 06:57:14.392 10 INFO neutron.notifiers.nova [-] Nova event matching ['req-e47f28e3-f812-41ce-ab69-2b9fde79ba35'] response: {'server_uuid': '39aeb43b-f044-426e-9326-c13f05acae36', 'name': 'network-vif-plugged', 'status': 'completed', 'tag': '7194e244-1d42-495a-870c-c6de9d667cef', 'code': 200}
2026-05-26 06:57:14.396 10 INFO neutron.wsgi [req-aafcad09-c17b-4f94-9447-abdb431f9003 req-a58d6d53-6e31-457a-9964-a99dd670fb67 c4741419335a4d2287350ac62130b7e3 64168558bd414f4da0233882da51a348 - - default default] 199.204.45.19 "DELETE /v2.0/ports/7194e244-1d42-495a-870c-c6de9d667cef HTTP/1.1" status: 204 len: 173 time: 0.5924568 /var/lib/openstack/lib/python3.10/site-packages/pycadf/identifier.py:71: UserWarning: Invalid uuid: neutron. To ensure interoperability, identifiers should be a valid uuid. warnings.warn(('Invalid uuid: %s. To ensure interoperability, '
2026-05-26 06:57:14.698 10 INFO neutron.wsgi [req-89a2c32d-2de2-4c1a-9d62-da1f22c9cf32 req-c90bc7d4-1197-43e8-8706-c04787b78e43 c4741419335a4d2287350ac62130b7e3 64168558bd414f4da0233882da51a348 - - default default] 10.0.0.158 "GET /v2.0/ports?device_id=39aeb43b-f044-426e-9326-c13f05acae36 HTTP/1.1" status: 200 len: 210 time: 0.0236328
2026-05-26 06:57:16.133 9 INFO neutron.wsgi [req-8d962231-f6ca-4414-84ce-1ed0e62c9159 req-9f54ff44-f456-4e62-9d9e-ce36843489a5 5c7467c5ea814135a75c199c52b33b24 4bcddaff19f249f4a00d6370a17ba542 - - 058c7cd3bd794d488f99be929a924898 058c7cd3bd794d488f99be929a924898] 10.0.0.234 "GET /v2.0/ports?device_id=1665bfd3-eb3f-4a00-9ec9-8046069cebd2 HTTP/1.1" status: 200 len: 1409 time: 0.0438230
2026-05-26 06:57:16.202 9 INFO neutron.wsgi [req-8d962231-f6ca-4414-84ce-1ed0e62c9159 req-54518a18-3ee8-47bd-a5b3-4aadc53cd7e7 5c7467c5ea814135a75c199c52b33b24 4bcddaff19f249f4a00d6370a17ba542 - - 058c7cd3bd794d488f99be929a924898 058c7cd3bd794d488f99be929a924898] 10.0.0.234 "GET /v2.0/security-groups?id=d66d5200-eb33-47b6-a785-2de582c77c85&fields=id&fields=name HTTP/1.1" status: 200 len: 312 time: 0.0463619
2026-05-26 06:57:16.429 10 INFO neutron.notifiers.nova [-] Nova event matching ['req-65d3d92f-1e9b-4042-aa60-375b2f18d67e'] response: {'server_uuid': '39aeb43b-f044-426e-9326-c13f05acae36', 'name': 'network-vif-deleted', 'tag': '7194e244-1d42-495a-870c-c6de9d667cef', 'status': 'completed', 'code': 200}
2026-05-26 06:57:17.270 10 INFO neutron.wsgi [None req-06835953-e555-4198-9b85-dc322e0a4f66 f1d11072018545779b197e29acfd1e61 83347d19ca574481ab10c44fb3ade61e - - default default] 10.0.0.153 "GET /v2.0/ports?project_id=736101b79c68468085bd79351efdb896&network_id=6ea3399d-69f5-4319-bb03-fba511d135c7 HTTP/1.1" status: 200 len: 3510 time: 0.0646057
2026-05-26 06:57:17.409 9 WARNING neutron_lib.context [None req-8c27b343-825d-4547-a924-02eabcb5ac43 24b1c66c2d2b4a1faef48829ef79dfd6 33ba0ab95e864d16bebedd1a4b7b76ba - - default default] Method 'is_advsvc' is deprecated since 2023.2 release (neutron-lib 3.8.0) and will be removed once support for the old RBAC API policies will be removed from Neutron. Please use method 'is_service_role' instead.
2026-05-26 06:57:17.556 10 INFO neutron.wsgi [None req-12e1ad82-667c-4c38-9a85-5f01aed54b5c f1d11072018545779b197e29acfd1e61 83347d19ca574481ab10c44fb3ade61e - - default default] 10.0.0.153 "GET /v2.0/subnets?network_id=3fa49f1f-41e2-4630-986f-3a5b3c2699c7 HTTP/1.1" status: 200 len: 838 time: 0.0542738
2026-05-26 06:57:17.708 9 WARNING neutron.scheduler.dhcp_agent_scheduler [None req-8c27b343-825d-4547-a924-02eabcb5ac43 24b1c66c2d2b4a1faef48829ef79dfd6 33ba0ab95e864d16bebedd1a4b7b76ba - - default default] No more DHCP agents
2026-05-26 06:57:17.711 9 WARNING neutron.api.rpc.agentnotifiers.dhcp_rpc_agent_api [None req-8c27b343-825d-4547-a924-02eabcb5ac43 24b1c66c2d2b4a1faef48829ef79dfd6 33ba0ab95e864d16bebedd1a4b7b76ba - - default default] Unable to schedule network 3fa49f1f-41e2-4630-986f-3a5b3c2699c7: no agents available; will retry on subsequent port and subnet creation events.
2026-05-26 06:57:17.897 9 INFO neutron.db.ovn_revision_numbers_db [None req-acf298c7-8d73-4ba2-8fd4-19e6ee7eea3c 8d16257921214e02b42d32bfec1b919c 9e6d7ce1c2244722bba0373ead6ae8d3 - - default default] Successfully bumped revision number for resource b452bf52-dbb0-419c-b17d-e61e5b4e08bc (type: security_groups) to 1
2026-05-26 06:57:17.925 9 INFO neutron.db.l3_db [None req-e4786f4f-39b2-416c-a534-48a0df7ecb7a 86d91e4d69c94355858b7a12657efad1 736101b79c68468085bd79351efdb896 - - default default] Floating IP d86b06f5-2d66-48f6-aec9-5ffa2f20638f disassociated. External IP: 10.96.250.220, port: eb130a18-5a3d-4a69-ac4a-6bce3477390c.
2026-05-26 06:57:17.933 9 INFO neutron.db.ovn_revision_numbers_db [None req-acf298c7-8d73-4ba2-8fd4-19e6ee7eea3c 8d16257921214e02b42d32bfec1b919c 9e6d7ce1c2244722bba0373ead6ae8d3 - - default default] Successfully bumped revision number for resource 15c6dec6-f9c8-4321-8fa6-45c51f53a95a (type: security_group_rules) to 0
