2026-05-26 06:54:51.720 9 INFO neutron.wsgi [None req-08e7116b-7517-41f0-82b6-5745df1e9761 d9f24d3f05314bada664deafbf0c70b0 8f385a30f2104832938e9ea156b47ab1 - - default default] 10.0.0.153 "POST /v2.0/security-group-rules HTTP/1.1" status: 201 len: 769 time: 0.1749492
2026-05-26 06:54:51.730 9 WARNING neutron_lib.context [None req-11161737-7b5a-434b-b68a-a04f285014a1 d9f24d3f05314bada664deafbf0c70b0 8f385a30f2104832938e9ea156b47ab1 - - default default] Method 'is_advsvc' is deprecated since 2023.2 release (neutron-lib 3.8.0) and will be removed once support for the old RBAC API policies will be removed from Neutron. Please use method 'is_service_role' instead.
2026-05-26 06:54:51.800 10 INFO neutron.db.ovn_revision_numbers_db [None req-f53f0c72-31ab-499e-a0cc-cb1de23bed11 a35fdab04d064cf3afb4d5274e795bcf b904d785b88d4e348998afece0dffd52 - - default default] Successfully bumped revision number for resource 2d2dceb1-206d-4986-9635-575e3dc93b0d (type: ports) to 1
2026-05-26 06:54:52.001 9 WARNING neutron.scheduler.dhcp_agent_scheduler [None req-11161737-7b5a-434b-b68a-a04f285014a1 d9f24d3f05314bada664deafbf0c70b0 8f385a30f2104832938e9ea156b47ab1 - - default default] No more DHCP agents
2026-05-26 06:54:52.004 9 WARNING neutron.api.rpc.agentnotifiers.dhcp_rpc_agent_api [None req-11161737-7b5a-434b-b68a-a04f285014a1 d9f24d3f05314bada664deafbf0c70b0 8f385a30f2104832938e9ea156b47ab1 - - default default] Unable to schedule network 3fa49f1f-41e2-4630-986f-3a5b3c2699c7: no agents available; will retry on subsequent port and subnet creation events.
2026-05-26 06:54:52.257 9 INFO neutron.db.ovn_revision_numbers_db [None req-11161737-7b5a-434b-b68a-a04f285014a1 d9f24d3f05314bada664deafbf0c70b0 8f385a30f2104832938e9ea156b47ab1 - - default default] Successfully bumped revision number for resource 9d0093a8-4a81-4c8b-9867-b4d4fcaafcfc (type: floatingips) to 0
2026-05-26 06:54:52.269 9 INFO neutron.wsgi [None req-11161737-7b5a-434b-b68a-a04f285014a1 d9f24d3f05314bada664deafbf0c70b0 8f385a30f2104832938e9ea156b47ab1 - - default default] 10.0.0.153 "POST /v2.0/floatingips HTTP/1.1" status: 201 len: 751 time: 0.5443444
2026-05-26 06:54:52.366 10 INFO neutron.db.ovn_revision_numbers_db [None req-f53f0c72-31ab-499e-a0cc-cb1de23bed11 a35fdab04d064cf3afb4d5274e795bcf b904d785b88d4e348998afece0dffd52 - - default default] Successfully bumped revision number for resource 2d2dceb1-206d-4986-9635-575e3dc93b0d (type: router_ports) to 1
2026-05-26 06:54:52.539 10 INFO neutron.db.ovn_revision_numbers_db [None req-f53f0c72-31ab-499e-a0cc-cb1de23bed11 a35fdab04d064cf3afb4d5274e795bcf b904d785b88d4e348998afece0dffd52 - - default default] Successfully bumped revision number for resource 2d2dceb1-206d-4986-9635-575e3dc93b0d (type: ports) to 1
2026-05-26 06:54:52.608 10 WARNING neutron.scheduler.dhcp_agent_scheduler [None req-f53f0c72-31ab-499e-a0cc-cb1de23bed11 a35fdab04d064cf3afb4d5274e795bcf b904d785b88d4e348998afece0dffd52 - - default default] No more DHCP agents
2026-05-26 06:54:52.609 10 WARNING neutron.api.rpc.agentnotifiers.dhcp_rpc_agent_api [None req-f53f0c72-31ab-499e-a0cc-cb1de23bed11 a35fdab04d064cf3afb4d5274e795bcf b904d785b88d4e348998afece0dffd52 - - default default] Unable to schedule network 05565d28-3e16-4bf2-9d38-224471d4bab3: no agents available; will retry on subsequent port and subnet creation events.
2026-05-26 06:54:52.790 10 INFO neutron.wsgi [req-f7e6c5e5-bef7-4ca9-8917-b3259b40699b req-a1e7bc1d-7336-419b-b2dc-768f56594de2 d9f24d3f05314bada664deafbf0c70b0 8f385a30f2104832938e9ea156b47ab1 - - default default] 10.0.0.158 "GET /v2.0/security-groups?name=tempest-securitygroup--573776651&fields=id&tenant_id=8f385a30f2104832938e9ea156b47ab1 HTTP/1.1" status: 200 len: 267 time: 0.0464728
2026-05-26 06:54:52.907 10 INFO neutron.wsgi [req-f7e6c5e5-bef7-4ca9-8917-b3259b40699b req-c2f7f022-fe30-42cc-a997-48bdfe652e54 d9f24d3f05314bada664deafbf0c70b0 8f385a30f2104832938e9ea156b47ab1 - - default default] 10.0.0.158 "GET /v2.0/networks?id=6cbdf446-5657-44e6-bb44-e96358c05ac0 HTTP/1.1" status: 200 len: 875 time: 0.0904911
2026-05-26 06:54:52.929 10 INFO neutron.wsgi [req-f7e6c5e5-bef7-4ca9-8917-b3259b40699b req-f7db6326-72d2-4024-8acf-3b3dfd2b8e0e d9f24d3f05314bada664deafbf0c70b0 8f385a30f2104832938e9ea156b47ab1 - - default default] 10.0.0.158 "GET /v2.0/quotas/8f385a30f2104832938e9ea156b47ab1 HTTP/1.1" status: 200 len: 386 time: 0.0141602
2026-05-26 06:54:52.983 10 INFO neutron.db.ovn_revision_numbers_db [None req-f53f0c72-31ab-499e-a0cc-cb1de23bed11 a35fdab04d064cf3afb4d5274e795bcf b904d785b88d4e348998afece0dffd52 - - default default] Successfully bumped revision number for resource 2d2dceb1-206d-4986-9635-575e3dc93b0d (type: router_ports) to 1
2026-05-26 06:54:52.985 10 INFO neutron.wsgi [None req-f53f0c72-31ab-499e-a0cc-cb1de23bed11 a35fdab04d064cf3afb4d5274e795bcf b904d785b88d4e348998afece0dffd52 - - default default] 10.0.0.153 "PUT /v2.0/routers/2cd758c7-3c3f-41ff-8718-255e055950e6/add_router_interface HTTP/1.1" status: 200 len: 503 time: 2.0061426
2026-05-26 06:54:52.999 9 WARNING neutron_lib.context [None req-f95948df-1c88-4b60-9ac6-9eae5ed16ed3 a35fdab04d064cf3afb4d5274e795bcf b904d785b88d4e348998afece0dffd52 - - default default] Method 'is_advsvc' is deprecated since 2023.2 release (neutron-lib 3.8.0) and will be removed once support for the old RBAC API policies will be removed from Neutron. Please use method 'is_service_role' instead.
2026-05-26 06:54:53.045 10 INFO neutron.wsgi [req-f7e6c5e5-bef7-4ca9-8917-b3259b40699b req-5b768a1b-69b5-4441-89be-12f0313a935e d9f24d3f05314bada664deafbf0c70b0 8f385a30f2104832938e9ea156b47ab1 - - default default] 10.0.0.158 "GET /v2.0/ports?tenant_id=8f385a30f2104832938e9ea156b47ab1&fields=id HTTP/1.1" status: 200 len: 302 time: 0.1095080
2026-05-26 06:54:53.441 10 INFO neutron.wsgi [req-f7e6c5e5-bef7-4ca9-8917-b3259b40699b req-33ac66c8-2a59-45d9-badf-44f8d31341c8 5c7467c5ea814135a75c199c52b33b24 4bcddaff19f249f4a00d6370a17ba542 - - 058c7cd3bd794d488f99be929a924898 058c7cd3bd794d488f99be929a924898] 10.0.0.158 "GET /v2.0/extensions HTTP/1.1" status: 200 len: 16980 time: 0.0474501
2026-05-26 06:54:53.446 9 WARNING neutron.scheduler.dhcp_agent_scheduler [None req-f95948df-1c88-4b60-9ac6-9eae5ed16ed3 a35fdab04d064cf3afb4d5274e795bcf b904d785b88d4e348998afece0dffd52 - - default default] No more DHCP agents
2026-05-26 06:54:53.453 9 WARNING neutron.api.rpc.agentnotifiers.dhcp_rpc_agent_api [None req-f95948df-1c88-4b60-9ac6-9eae5ed16ed3 a35fdab04d064cf3afb4d5274e795bcf b904d785b88d4e348998afece0dffd52 - - default default] Unable to schedule network 05565d28-3e16-4bf2-9d38-224471d4bab3: no agents available; will retry on subsequent port and subnet creation events.
2026-05-26 06:54:53.539 10 INFO neutron.wsgi [req-f7e6c5e5-bef7-4ca9-8917-b3259b40699b req-d4f9b8ac-6d0a-4925-bff9-6d77c89bb6f4 5c7467c5ea814135a75c199c52b33b24 4bcddaff19f249f4a00d6370a17ba542 - - 058c7cd3bd794d488f99be929a924898 058c7cd3bd794d488f99be929a924898] 10.0.0.158 "GET /v2.0/networks/6cbdf446-5657-44e6-bb44-e96358c05ac0?fields=segments HTTP/1.1" status: 200 len: 212 time: 0.0905633
2026-05-26 06:54:53.594 10 INFO neutron.wsgi [req-f7e6c5e5-bef7-4ca9-8917-b3259b40699b req-462ef360-3c96-426b-883e-7fa08848fb36 5c7467c5ea814135a75c199c52b33b24 4bcddaff19f249f4a00d6370a17ba542 - - 058c7cd3bd794d488f99be929a924898 058c7cd3bd794d488f99be929a924898] 10.0.0.158 "GET /v2.0/networks/6cbdf446-5657-44e6-bb44-e96358c05ac0?fields=provider%3Aphysical_network&fields=provider%3Anetwork_type HTTP/1.1" status: 200 len: 277 time: 0.0508647
2026-05-26 06:54:53.634 9 INFO neutron.db.ovn_revision_numbers_db [None req-f95948df-1c88-4b60-9ac6-9eae5ed16ed3 a35fdab04d064cf3afb4d5274e795bcf b904d785b88d4e348998afece0dffd52 - - default default] Successfully bumped revision number for resource d3bcce8e-0de4-48bc-bc35-2ba2db659289 (type: ports) to 1
2026-05-26 06:54:53.657 9 INFO neutron.wsgi [None req-f95948df-1c88-4b60-9ac6-9eae5ed16ed3 a35fdab04d064cf3afb4d5274e795bcf b904d785b88d4e348998afece0dffd52 - - default default] 10.0.0.153 "POST /v2.0/ports HTTP/1.1" status: 201 len: 1152 time: 0.6649966 /var/lib/openstack/lib/python3.10/site-packages/pycadf/identifier.py:71: UserWarning: Invalid uuid: neutron. To ensure interoperability, identifiers should be a valid uuid. warnings.warn(('Invalid uuid: %s. To ensure interoperability, '
2026-05-26 06:54:53.666 9 WARNING neutron_lib.context [None req-5dbe971e-da54-4d5b-8647-7e2530abd66d a35fdab04d064cf3afb4d5274e795bcf b904d785b88d4e348998afece0dffd52 - - default default] Method 'is_advsvc' is deprecated since 2023.2 release (neutron-lib 3.8.0) and will be removed once support for the old RBAC API policies will be removed from Neutron. Please use method 'is_service_role' instead.
2026-05-26 06:54:53.752 10 INFO neutron.wsgi [req-96760201-afd7-477c-a849-66186483049f req-4235b834-68a4-40fd-89b2-60f235c09a29 d9f24d3f05314bada664deafbf0c70b0 8f385a30f2104832938e9ea156b47ab1 - - default default] 10.0.0.158 "GET /v2.0/ports?device_id=bd0a7d5e-cd62-4911-9df2-99e7bd70e913 HTTP/1.1" status: 200 len: 210 time: 0.0239503
2026-05-26 06:54:53.998 9 WARNING neutron.scheduler.dhcp_agent_scheduler [None req-5dbe971e-da54-4d5b-8647-7e2530abd66d a35fdab04d064cf3afb4d5274e795bcf b904d785b88d4e348998afece0dffd52 - - default default] No more DHCP agents
2026-05-26 06:54:54.000 9 WARNING neutron.api.rpc.agentnotifiers.dhcp_rpc_agent_api [None req-5dbe971e-da54-4d5b-8647-7e2530abd66d a35fdab04d064cf3afb4d5274e795bcf b904d785b88d4e348998afece0dffd52 - - default default] Unable to schedule network 05565d28-3e16-4bf2-9d38-224471d4bab3: no agents available; will retry on subsequent port and subnet creation events.
2026-05-26 06:54:54.167 9 INFO neutron.db.ovn_revision_numbers_db [None req-5dbe971e-da54-4d5b-8647-7e2530abd66d a35fdab04d064cf3afb4d5274e795bcf b904d785b88d4e348998afece0dffd52 - - default default] Successfully bumped revision number for resource a5caebd3-cd18-41a5-8480-edb44c61a54d (type: ports) to 1
2026-05-26 06:54:54.189 9 INFO neutron.wsgi [None req-5dbe971e-da54-4d5b-8647-7e2530abd66d a35fdab04d064cf3afb4d5274e795bcf b904d785b88d4e348998afece0dffd52 - - default default] 10.0.0.153 "POST /v2.0/ports HTTP/1.1" status: 201 len: 1153 time: 0.5278349 /var/lib/openstack/lib/python3.10/site-packages/pycadf/identifier.py:71: UserWarning: Invalid uuid: neutron. To ensure interoperability, identifiers should be a valid uuid. warnings.warn(('Invalid uuid: %s. To ensure interoperability, '
2026-05-26 06:54:54.200 9 WARNING neutron_lib.context [None req-951f527b-3030-4a91-85c0-f05e03fb8c3e a35fdab04d064cf3afb4d5274e795bcf b904d785b88d4e348998afece0dffd52 - - default default] Method 'is_advsvc' is deprecated since 2023.2 release (neutron-lib 3.8.0) and will be removed once support for the old RBAC API policies will be removed from Neutron. Please use method 'is_service_role' instead.
2026-05-26 06:54:54.432 9 WARNING neutron.scheduler.dhcp_agent_scheduler [None req-951f527b-3030-4a91-85c0-f05e03fb8c3e a35fdab04d064cf3afb4d5274e795bcf b904d785b88d4e348998afece0dffd52 - - default default] No more DHCP agents
2026-05-26 06:54:54.434 9 WARNING neutron.api.rpc.agentnotifiers.dhcp_rpc_agent_api [None req-951f527b-3030-4a91-85c0-f05e03fb8c3e a35fdab04d064cf3afb4d5274e795bcf b904d785b88d4e348998afece0dffd52 - - default default] Unable to schedule network 3fa49f1f-41e2-4630-986f-3a5b3c2699c7: no agents available; will retry on subsequent port and subnet creation events.
2026-05-26 06:54:54.558 9 WARNING neutron.plugins.ml2.drivers.ovn.mech_driver.ovsdb.ovn_client [None req-5387fb26-6f8c-40cd-bf4a-41039702261f - - - - - -] No hosting information found for port 9d96ab46-a2aa-48cd-a141-8e15d2c35ed5: RuntimeError: No hosting information found for port 9d96ab46-a2aa-48cd-a141-8e15d2c35ed5
2026-05-26 06:54:54.559 9 INFO neutron.plugins.ml2.drivers.ovn.mech_driver.mech_driver [None req-5387fb26-6f8c-40cd-bf4a-41039702261f - - - - - -] OVN reports status up for port: 010487d0-45ef-4672-8dd9-da8351086046
2026-05-26 06:54:54.580 9 INFO neutron.plugins.ml2.plugin [None req-5387fb26-6f8c-40cd-bf4a-41039702261f - - - - - -] Attempt 1 to provision port 010487d0-45ef-4672-8dd9-da8351086046
2026-05-26 06:54:54.790 10 INFO neutron.wsgi [req-f7e6c5e5-bef7-4ca9-8917-b3259b40699b req-a6923f6c-3303-40d6-9c76-0a1cc4da0964 d9f24d3f05314bada664deafbf0c70b0 8f385a30f2104832938e9ea156b47ab1 - - default default] 199.204.45.19 "GET /v2.0/networks?id=6cbdf446-5657-44e6-bb44-e96358c05ac0 HTTP/1.1" status: 200 len: 875 time: 0.0712323
2026-05-26 06:54:54.836 10 INFO neutron.wsgi [req-99449974-99c9-428d-b721-7daca8427259 req-260096df-2b1d-4a9e-aa05-54f4df8f5744 d9f24d3f05314bada664deafbf0c70b0 8f385a30f2104832938e9ea156b47ab1 - - default default] 10.0.0.158 "GET /v2.0/ports?device_id=bd0a7d5e-cd62-4911-9df2-99e7bd70e913 HTTP/1.1" status: 200 len: 210 time: 0.0263917
2026-05-26 06:54:54.865 10 INFO neutron.wsgi [req-f7e6c5e5-bef7-4ca9-8917-b3259b40699b req-86bd3c6d-cca9-4b85-a529-bc726e48a345 d9f24d3f05314bada664deafbf0c70b0 8f385a30f2104832938e9ea156b47ab1 - - default default] 199.204.45.19 "GET /v2.0/security-groups?fields=id&fields=name&tenant_id=8f385a30f2104832938e9ea156b47ab1 HTTP/1.1" status: 200 len: 379 time: 0.0680282
2026-05-26 06:54:54.876 10 WARNING neutron_lib.context [req-f7e6c5e5-bef7-4ca9-8917-b3259b40699b req-76b35243-b019-4472-939c-4139ffdc45a9 d9f24d3f05314bada664deafbf0c70b0 8f385a30f2104832938e9ea156b47ab1 - - default default] Method 'is_advsvc' is deprecated since 2023.2 release (neutron-lib 3.8.0) and will be removed once support for the old RBAC API policies will be removed from Neutron. Please use method 'is_service_role' instead.
2026-05-26 06:54:55.106 9 INFO neutron.db.l3_db [None req-951f527b-3030-4a91-85c0-f05e03fb8c3e a35fdab04d064cf3afb4d5274e795bcf b904d785b88d4e348998afece0dffd52 - - default default] Floating IP 012e578a-96f8-474e-b7d9-6c36a24680b7 associated. External IP: 10.96.250.212, port: a5caebd3-cd18-41a5-8480-edb44c61a54d.
2026-05-26 06:54:55.217 10 WARNING neutron.scheduler.dhcp_agent_scheduler [req-f7e6c5e5-bef7-4ca9-8917-b3259b40699b req-76b35243-b019-4472-939c-4139ffdc45a9 d9f24d3f05314bada664deafbf0c70b0 8f385a30f2104832938e9ea156b47ab1 - - default default] No more DHCP agents
2026-05-26 06:54:55.220 10 WARNING neutron.api.rpc.agentnotifiers.dhcp_rpc_agent_api [req-f7e6c5e5-bef7-4ca9-8917-b3259b40699b req-76b35243-b019-4472-939c-4139ffdc45a9 d9f24d3f05314bada664deafbf0c70b0 8f385a30f2104832938e9ea156b47ab1 - - default default] Unable to schedule network 6cbdf446-5657-44e6-bb44-e96358c05ac0: no agents available; will retry on subsequent port and subnet creation events.
2026-05-26 06:54:55.276 9 INFO neutron.db.ovn_revision_numbers_db [None req-951f527b-3030-4a91-85c0-f05e03fb8c3e a35fdab04d064cf3afb4d5274e795bcf b904d785b88d4e348998afece0dffd52 - - default default] Successfully bumped revision number for resource 012e578a-96f8-474e-b7d9-6c36a24680b7 (type: floatingips) to 0
2026-05-26 06:54:55.386 10 INFO neutron.db.ovn_revision_numbers_db [req-f7e6c5e5-bef7-4ca9-8917-b3259b40699b req-76b35243-b019-4472-939c-4139ffdc45a9 d9f24d3f05314bada664deafbf0c70b0 8f385a30f2104832938e9ea156b47ab1 - - default default] Successfully bumped revision number for resource 93a5850f-4727-45c0-a535-738771441a63 (type: ports) to 1
2026-05-26 06:54:55.405 9 INFO neutron.db.ovn_revision_numbers_db [None req-951f527b-3030-4a91-85c0-f05e03fb8c3e a35fdab04d064cf3afb4d5274e795bcf b904d785b88d4e348998afece0dffd52 - - default default] Successfully bumped revision number for resource 012e578a-96f8-474e-b7d9-6c36a24680b7 (type: floatingips) to 1
2026-05-26 06:54:55.417 10 INFO neutron.wsgi [req-f7e6c5e5-bef7-4ca9-8917-b3259b40699b req-76b35243-b019-4472-939c-4139ffdc45a9 d9f24d3f05314bada664deafbf0c70b0 8f385a30f2104832938e9ea156b47ab1 - - default default] 199.204.45.19 "POST /v2.0/ports HTTP/1.1" status: 201 len: 1162 time: 0.5455608 /var/lib/openstack/lib/python3.10/site-packages/pycadf/identifier.py:71: UserWarning: Invalid uuid: neutron. To ensure interoperability, identifiers should be a valid uuid. warnings.warn(('Invalid uuid: %s. To ensure interoperability, '
2026-05-26 06:54:55.447 9 INFO neutron.wsgi [None req-951f527b-3030-4a91-85c0-f05e03fb8c3e a35fdab04d064cf3afb4d5274e795bcf b904d785b88d4e348998afece0dffd52 - - default default] 10.0.0.153 "POST /v2.0/floatingips HTTP/1.1" status: 201 len: 1040 time: 1.2528012
2026-05-26 06:54:55.568 9 INFO neutron.db.l3_db [None req-d90af184-2985-4ff6-b7b4-4b7048b9bf7f a35fdab04d064cf3afb4d5274e795bcf b904d785b88d4e348998afece0dffd52 - - default default] Floating IP 012e578a-96f8-474e-b7d9-6c36a24680b7 disassociated. External IP: 10.96.250.212, port: a5caebd3-cd18-41a5-8480-edb44c61a54d.
2026-05-26 06:54:55.599 9 INFO neutron.db.ovn_revision_numbers_db [None req-d90af184-2985-4ff6-b7b4-4b7048b9bf7f a35fdab04d064cf3afb4d5274e795bcf b904d785b88d4e348998afece0dffd52 - - default default] Successfully bumped revision number for resource 012e578a-96f8-474e-b7d9-6c36a24680b7 (type: floatingips) to 2
2026-05-26 06:54:55.666 9 INFO neutron.wsgi [None req-d90af184-2985-4ff6-b7b4-4b7048b9bf7f a35fdab04d064cf3afb4d5274e795bcf b904d785b88d4e348998afece0dffd52 - - default default] 10.0.0.153 "PUT /v2.0/floatingips/012e578a-96f8-474e-b7d9-6c36a24680b7 HTTP/1.1" status: 200 len: 748 time: 0.2128737
2026-05-26 06:54:55.823 10 INFO neutron.db.ovn_revision_numbers_db [req-f7e6c5e5-bef7-4ca9-8917-b3259b40699b req-2e45f3e3-f339-4e19-a052-5ee3bf3774a0 5c7467c5ea814135a75c199c52b33b24 4bcddaff19f249f4a00d6370a17ba542 - - 058c7cd3bd794d488f99be929a924898 058c7cd3bd794d488f99be929a924898] Successfully bumped revision number for resource 93a5850f-4727-45c0-a535-738771441a63 (type: ports) to 2 /var/lib/openstack/lib/python3.10/site-packages/pycadf/identifier.py:71: UserWarning: Invalid uuid: neutron. To ensure interoperability, identifiers should be a valid uuid. warnings.warn(('Invalid uuid: %s. To ensure interoperability, '
2026-05-26 06:54:55.979 10 INFO neutron.wsgi [req-3404a957-fe7f-4323-a582-5d268ab6cea3 req-49c65798-30f6-40b3-a30a-251ff5fb777c d9f24d3f05314bada664deafbf0c70b0 8f385a30f2104832938e9ea156b47ab1 - - default default] 10.0.0.158 "GET /v2.0/ports?device_id=bd0a7d5e-cd62-4911-9df2-99e7bd70e913 HTTP/1.1" status: 200 len: 1172 time: 0.0638807 /var/lib/openstack/lib/python3.10/site-packages/pycadf/identifier.py:71: UserWarning: Invalid uuid: neutron. To ensure interoperability, identifiers should be a valid uuid. warnings.warn(('Invalid uuid: %s. To ensure interoperability, '
2026-05-26 06:54:56.019 10 WARNING neutron.plugins.ml2.drivers.ovn.mech_driver.ovsdb.ovn_client [None req-e6a22b7b-ebf5-4e4f-b819-8ca87162508e - - - - - -] No hosting information found for port bccf1960-e138-4a62-a53e-4bbea3f45878: RuntimeError: No hosting information found for port bccf1960-e138-4a62-a53e-4bbea3f45878
2026-05-26 06:54:56.030 9 INFO neutron.wsgi [None req-034d7f1e-2d11-4cf5-8b12-52f5fd1df748 a35fdab04d064cf3afb4d5274e795bcf b904d785b88d4e348998afece0dffd52 - - default default] 10.0.0.153 "DELETE /v2.0/floatingips/012e578a-96f8-474e-b7d9-6c36a24680b7 HTTP/1.1" status: 204 len: 168 time: 0.3577323
2026-05-26 06:54:56.040 9 WARNING neutron_lib.context [None req-1db687b2-ea00-4b40-b9d9-439754326f9a a35fdab04d064cf3afb4d5274e795bcf b904d785b88d4e348998afece0dffd52 - - default default] Method 'is_advsvc' is deprecated since 2023.2 release (neutron-lib 3.8.0) and will be removed once support for the old RBAC API policies will be removed from Neutron. Please use method 'is_service_role' instead.
2026-05-26 06:54:56.098 10 INFO neutron.wsgi [req-3404a957-fe7f-4323-a582-5d268ab6cea3 req-4e7a3d9a-9f56-4738-a147-c9b685fed5ce d9f24d3f05314bada664deafbf0c70b0 8f385a30f2104832938e9ea156b47ab1 - - default default] 10.0.0.158 "GET /v2.0/security-groups?id=5738d67a-75d8-4223-ac61-ceb61f96eaa3&fields=id&fields=name HTTP/1.1" status: 200 len: 312 time: 0.1100287
2026-05-26 06:54:56.141 10 INFO neutron.db.ovn_revision_numbers_db [req-f7e6c5e5-bef7-4ca9-8917-b3259b40699b req-2e45f3e3-f339-4e19-a052-5ee3bf3774a0 5c7467c5ea814135a75c199c52b33b24 4bcddaff19f249f4a00d6370a17ba542 - - 058c7cd3bd794d488f99be929a924898 058c7cd3bd794d488f99be929a924898] Successfully bumped revision number for resource 93a5850f-4727-45c0-a535-738771441a63 (type: ports) to 2
2026-05-26 06:54:56.160 10 INFO neutron.wsgi [req-f7e6c5e5-bef7-4ca9-8917-b3259b40699b req-2e45f3e3-f339-4e19-a052-5ee3bf3774a0 5c7467c5ea814135a75c199c52b33b24 4bcddaff19f249f4a00d6370a17ba542 - - 058c7cd3bd794d488f99be929a924898 058c7cd3bd794d488f99be929a924898] 199.204.45.19 "PUT /v2.0/ports/93a5850f-4727-45c0-a535-738771441a63 HTTP/1.1" status: 200 len: 1380 time: 0.7382026
2026-05-26 06:54:56.203 10 INFO neutron.notifiers.nova [-] Nova event matching ['req-dd0cbc28-b590-44d1-bb35-1f2bac7f1c5b'] response: {'name': 'network-changed', 'server_uuid': 'bd0a7d5e-cd62-4911-9df2-99e7bd70e913', 'tag': '93a5850f-4727-45c0-a535-738771441a63', 'status': 'completed', 'code': 200} /var/lib/openstack/lib/python3.10/site-packages/pycadf/identifier.py:71: UserWarning: Invalid uuid: neutron. To ensure interoperability, identifiers should be a valid uuid. warnings.warn(('Invalid uuid: %s. To ensure interoperability, '
2026-05-26 06:54:56.223 9 INFO neutron.wsgi [req-c22cda66-8124-4845-b363-faa55df14a4b req-01469653-e0f4-4428-9196-996d7273f18d 5c7467c5ea814135a75c199c52b33b24 4bcddaff19f249f4a00d6370a17ba542 - - 058c7cd3bd794d488f99be929a924898 058c7cd3bd794d488f99be929a924898] 199.204.45.19 "GET /v2.0/ports?device_id=c0912cb7-dd86-4306-82b6-69deac7c4982&fields=binding%3Ahost_id&fields=binding%3Avif_type HTTP/1.1" status: 200 len: 265 time: 0.0531409
2026-05-26 06:54:56.366 9 INFO neutron.wsgi [req-c22cda66-8124-4845-b363-faa55df14a4b req-7e87e3cc-b00b-4e21-a9aa-fe5d211c1c51 5c7467c5ea814135a75c199c52b33b24 4bcddaff19f249f4a00d6370a17ba542 - - 058c7cd3bd794d488f99be929a924898 058c7cd3bd794d488f99be929a924898] 199.204.45.19 "GET /v2.0/ports?tenant_id=28b7ad37efe84e63a1bb1259383b7983&device_id=c0912cb7-dd86-4306-82b6-69deac7c4982 HTTP/1.1" status: 200 len: 1409 time: 0.1012044
2026-05-26 06:54:56.391 9 INFO neutron.wsgi [req-2493b81a-b0e7-4d1f-b89d-91187f8adbd6 req-2097a12f-2383-437a-80f7-6467f6457c23 5c7467c5ea814135a75c199c52b33b24 4bcddaff19f249f4a00d6370a17ba542 - - 058c7cd3bd794d488f99be929a924898 058c7cd3bd794d488f99be929a924898] 10.0.0.234 "GET /v2.0/ports?device_id=c0912cb7-dd86-4306-82b6-69deac7c4982 HTTP/1.1" status: 200 len: 1409 time: 0.2368872
2026-05-26 06:54:56.438 10 INFO neutron.wsgi [req-f7e6c5e5-bef7-4ca9-8917-b3259b40699b req-b05483b8-a484-47e0-9c74-5cbc74e79535 5c7467c5ea814135a75c199c52b33b24 4bcddaff19f249f4a00d6370a17ba542 - - 058c7cd3bd794d488f99be929a924898 058c7cd3bd794d488f99be929a924898] 199.204.45.19 "GET /v2.0/ports?tenant_id=8f385a30f2104832938e9ea156b47ab1&device_id=bd0a7d5e-cd62-4911-9df2-99e7bd70e913 HTTP/1.1" status: 200 len: 1411 time: 0.2274721
2026-05-26 06:54:56.447 9 WARNING neutron.scheduler.dhcp_agent_scheduler [None req-1db687b2-ea00-4b40-b9d9-439754326f9a a35fdab04d064cf3afb4d5274e795bcf b904d785b88d4e348998afece0dffd52 - - default default] No more DHCP agents
2026-05-26 06:54:56.463 9 WARNING neutron.api.rpc.agentnotifiers.dhcp_rpc_agent_api [None req-1db687b2-ea00-4b40-b9d9-439754326f9a a35fdab04d064cf3afb4d5274e795bcf b904d785b88d4e348998afece0dffd52 - - default default] Unable to schedule network 3fa49f1f-41e2-4630-986f-3a5b3c2699c7: no agents available; will retry on subsequent port and subnet creation events.
2026-05-26 06:54:56.477 10 INFO neutron.wsgi [req-f7e6c5e5-bef7-4ca9-8917-b3259b40699b req-ce1402cc-0bce-4fb0-828d-7c96f938e6b8 5c7467c5ea814135a75c199c52b33b24 4bcddaff19f249f4a00d6370a17ba542 - - 058c7cd3bd794d488f99be929a924898 058c7cd3bd794d488f99be929a924898] 199.204.45.19 "GET /v2.0/floatingips?fixed_ip_address=10.100.0.13&port_id=93a5850f-4727-45c0-a535-738771441a63 HTTP/1.1" status: 200 len: 217 time: 0.0302405
2026-05-26 06:54:56.479 9 INFO neutron.wsgi [req-2493b81a-b0e7-4d1f-b89d-91187f8adbd6 req-68e52fc5-9523-4738-b243-cb4d133064d5 5c7467c5ea814135a75c199c52b33b24 4bcddaff19f249f4a00d6370a17ba542 - - 058c7cd3bd794d488f99be929a924898 058c7cd3bd794d488f99be929a924898] 10.0.0.234 "GET /v2.0/security-groups?id=38227bda-5f74-4730-bbc0-8e807dd2dc4f&fields=id&fields=name HTTP/1.1" status: 200 len: 312 time: 0.0724916
2026-05-26 06:54:56.497 9 INFO neutron.wsgi [req-c22cda66-8124-4845-b363-faa55df14a4b req-784914ef-d228-439e-ba7c-62aee08d13ac 5c7467c5ea814135a75c199c52b33b24 4bcddaff19f249f4a00d6370a17ba542 - - 058c7cd3bd794d488f99be929a924898 058c7cd3bd794d488f99be929a924898] 199.204.45.19 "GET /v2.0/networks?id=d20a7644-c2d2-4529-87ad-b84b021f3349 HTTP/1.1" status: 200 len: 981 time: 0.1113493
2026-05-26 06:54:56.521 10 INFO neutron.wsgi [req-f7e6c5e5-bef7-4ca9-8917-b3259b40699b req-9a546e27-a47a-47d1-9b5b-cf602c109c9b 5c7467c5ea814135a75c199c52b33b24 4bcddaff19f249f4a00d6370a17ba542 - - 058c7cd3bd794d488f99be929a924898 058c7cd3bd794d488f99be929a924898] 199.204.45.19 "GET /v2.0/subnets?id=6cf7b5d9-4b87-412b-955e-3e5fc328f63e HTTP/1.1" status: 200 len: 869 time: 0.0354664
2026-05-26 06:54:56.544 10 INFO neutron.wsgi [req-f7e6c5e5-bef7-4ca9-8917-b3259b40699b req-b11c88e3-5ace-4b39-a572-b902aae4e00b 5c7467c5ea814135a75c199c52b33b24 4bcddaff19f249f4a00d6370a17ba542 - - 058c7cd3bd794d488f99be929a924898 058c7cd3bd794d488f99be929a924898] 199.204.45.19 "GET /v2.0/ports?network_id=6cbdf446-5657-44e6-bb44-e96358c05ac0&device_owner=network%3Adhcp HTTP/1.1" status: 200 len: 210 time: 0.0184705
2026-05-26 06:54:56.575 9 INFO neutron.wsgi [req-c22cda66-8124-4845-b363-faa55df14a4b req-d3e93ae5-81a3-4709-8d75-e91f0b796514 5c7467c5ea814135a75c199c52b33b24 4bcddaff19f249f4a00d6370a17ba542 - - 058c7cd3bd794d488f99be929a924898 058c7cd3bd794d488f99be929a924898] 199.204.45.19 "GET /v2.0/floatingips?fixed_ip_address=10.100.0.7&port_id=d424fc22-8e4c-4e49-af03-5f9334c0b99d HTTP/1.1" status: 200 len: 1059 time: 0.0694344
2026-05-26 06:54:56.601 10 INFO neutron.wsgi [req-f7e6c5e5-bef7-4ca9-8917-b3259b40699b req-75752b04-c3fb-4b55-a699-322551c0bb1d 5c7467c5ea814135a75c199c52b33b24 4bcddaff19f249f4a00d6370a17ba542 - - 058c7cd3bd794d488f99be929a924898 058c7cd3bd794d488f99be929a924898] 199.204.45.19 "GET /v2.0/networks/6cbdf446-5657-44e6-bb44-e96358c05ac0?fields=segments HTTP/1.1" status: 200 len: 212 time: 0.0493279
2026-05-26 06:54:56.624 9 INFO neutron.wsgi [req-c22cda66-8124-4845-b363-faa55df14a4b req-04820bc5-a849-4d63-b3f1-bc766e4a676e 5c7467c5ea814135a75c199c52b33b24 4bcddaff19f249f4a00d6370a17ba542 - - 058c7cd3bd794d488f99be929a924898 058c7cd3bd794d488f99be929a924898] 199.204.45.19 "GET /v2.0/subnets?id=6d40f992-fe8d-4d54-936a-9803516c5be3 HTTP/1.1" status: 200 len: 876 time: 0.0421450
2026-05-26 06:54:56.662 10 INFO neutron.wsgi [req-f7e6c5e5-bef7-4ca9-8917-b3259b40699b req-4d755a8c-a93d-4617-9a42-5c293f83d4fa 5c7467c5ea814135a75c199c52b33b24 4bcddaff19f249f4a00d6370a17ba542 - - 058c7cd3bd794d488f99be929a924898 058c7cd3bd794d488f99be929a924898] 199.204.45.19 "GET /v2.0/networks/6cbdf446-5657-44e6-bb44-e96358c05ac0?fields=provider%3Aphysical_network&fields=provider%3Anetwork_type HTTP/1.1" status: 200 len: 277 time: 0.0543096
2026-05-26 06:54:56.666 9 INFO neutron.wsgi [req-c22cda66-8124-4845-b363-faa55df14a4b req-ce1c3e8f-c2f0-4347-b761-af95417db489 5c7467c5ea814135a75c199c52b33b24 4bcddaff19f249f4a00d6370a17ba542 - - 058c7cd3bd794d488f99be929a924898 058c7cd3bd794d488f99be929a924898] 199.204.45.19 "GET /v2.0/ports?network_id=d20a7644-c2d2-4529-87ad-b84b021f3349&device_owner=network%3Adhcp HTTP/1.1" status: 200 len: 210 time: 0.0329719
2026-05-26 06:54:56.763 10 INFO neutron.wsgi [req-5017bf1d-d3e2-424d-90d7-6b82e54c1b32 req-38495636-aeaf-4900-baf4-fdcb76726b67 5c7467c5ea814135a75c199c52b33b24 4bcddaff19f249f4a00d6370a17ba542 - - 058c7cd3bd794d488f99be929a924898 058c7cd3bd794d488f99be929a924898] 199.204.45.19 "GET /v2.0/ports?tenant_id=8f385a30f2104832938e9ea156b47ab1&device_id=bd0a7d5e-cd62-4911-9df2-99e7bd70e913 HTTP/1.1" status: 200 len: 1411 time: 0.0516245
2026-05-26 06:54:56.839 10 INFO neutron.wsgi [req-5017bf1d-d3e2-424d-90d7-6b82e54c1b32 req-aa212f6e-4072-443f-b5cc-a4e4bfdff48d 5c7467c5ea814135a75c199c52b33b24 4bcddaff19f249f4a00d6370a17ba542 - - 058c7cd3bd794d488f99be929a924898 058c7cd3bd794d488f99be929a924898] 199.204.45.19 "GET /v2.0/networks?id=6cbdf446-5657-44e6-bb44-e96358c05ac0 HTTP/1.1" status: 200 len: 974 time: 0.0683522
2026-05-26 06:54:56.875 10 INFO neutron.wsgi [req-5017bf1d-d3e2-424d-90d7-6b82e54c1b32 req-e20fafa1-3148-41b6-9de0-4f4d3a882d67 5c7467c5ea814135a75c199c52b33b24 4bcddaff19f249f4a00d6370a17ba542 - - 058c7cd3bd794d488f99be929a924898 058c7cd3bd794d488f99be929a924898] 199.204.45.19 "GET /v2.0/floatingips?fixed_ip_address=10.100.0.13&port_id=93a5850f-4727-45c0-a535-738771441a63 HTTP/1.1" status: 200 len: 217 time: 0.0285418
2026-05-26 06:54:56.921 10 INFO neutron.wsgi [req-5017bf1d-d3e2-424d-90d7-6b82e54c1b32 req-490f7b92-b602-4eb3-bf43-d13a88f0b55b 5c7467c5ea814135a75c199c52b33b24 4bcddaff19f249f4a00d6370a17ba542 - - 058c7cd3bd794d488f99be929a924898 058c7cd3bd794d488f99be929a924898] 199.204.45.19 "GET /v2.0/subnets?id=6cf7b5d9-4b87-412b-955e-3e5fc328f63e HTTP/1.1" status: 200 len: 869 time: 0.0416458
2026-05-26 06:54:56.947 10 INFO neutron.wsgi [req-5017bf1d-d3e2-424d-90d7-6b82e54c1b32 req-bf7db200-6591-4336-be06-43303f6f4790 5c7467c5ea814135a75c199c52b33b24 4bcddaff19f249f4a00d6370a17ba542 - - 058c7cd3bd794d488f99be929a924898 058c7cd3bd794d488f99be929a924898] 199.204.45.19 "GET /v2.0/ports?network_id=6cbdf446-5657-44e6-bb44-e96358c05ac0&device_owner=network%3Adhcp HTTP/1.1" status: 200 len: 210 time: 0.0217636
2026-05-26 06:54:56.975 9 INFO neutron.wsgi [req-c22cda66-8124-4845-b363-faa55df14a4b req-407c4ed0-3dd1-4642-a70a-f85f14882f9a 5c7467c5ea814135a75c199c52b33b24 4bcddaff19f249f4a00d6370a17ba542 - - 058c7cd3bd794d488f99be929a924898 058c7cd3bd794d488f99be929a924898] 199.204.45.19 "GET /v2.0/networks/d20a7644-c2d2-4529-87ad-b84b021f3349?fields=segments HTTP/1.1" status: 200 len: 212 time: 0.2938409
2026-05-26 06:54:57.008 10 INFO neutron.wsgi [req-5017bf1d-d3e2-424d-90d7-6b82e54c1b32 req-c0abbdd9-3e7d-45e5-97f7-7e8ccf11170d 5c7467c5ea814135a75c199c52b33b24 4bcddaff19f249f4a00d6370a17ba542 - - 058c7cd3bd794d488f99be929a924898 058c7cd3bd794d488f99be929a924898] 199.204.45.19 "GET /v2.0/networks/6cbdf446-5657-44e6-bb44-e96358c05ac0?fields=segments HTTP/1.1" status: 200 len: 212 time: 0.0543668
2026-05-26 06:54:57.056 9 INFO neutron.wsgi [req-c22cda66-8124-4845-b363-faa55df14a4b req-f6f088f3-b538-4e62-a95a-0669fabccf2b 5c7467c5ea814135a75c199c52b33b24 4bcddaff19f249f4a00d6370a17ba542 - - 058c7cd3bd794d488f99be929a924898 058c7cd3bd794d488f99be929a924898] 199.204.45.19 "GET /v2.0/networks/d20a7644-c2d2-4529-87ad-b84b021f3349?fields=provider%3Aphysical_network&fields=provider%3Anetwork_type HTTP/1.1" status: 200 len: 277 time: 0.0759754
2026-05-26 06:54:57.071 10 INFO neutron.wsgi [req-5017bf1d-d3e2-424d-90d7-6b82e54c1b32 req-4a008a31-0fd8-4928-94c7-685b1544b04d 5c7467c5ea814135a75c199c52b33b24 4bcddaff19f249f4a00d6370a17ba542 - - 058c7cd3bd794d488f99be929a924898 058c7cd3bd794d488f99be929a924898] 199.204.45.19 "GET /v2.0/networks/6cbdf446-5657-44e6-bb44-e96358c05ac0?fields=provider%3Aphysical_network&fields=provider%3Anetwork_type HTTP/1.1" status: 200 len: 277 time: 0.0568333
2026-05-26 06:54:57.204 9 INFO neutron.db.l3_db [None req-1db687b2-ea00-4b40-b9d9-439754326f9a a35fdab04d064cf3afb4d5274e795bcf b904d785b88d4e348998afece0dffd52 - - default default] Floating IP e7dc49a4-2326-41dc-972e-afc63cc57fce associated. External IP: 10.96.250.206, port: d3bcce8e-0de4-48bc-bc35-2ba2db659289.
2026-05-26 06:54:57.206 10 INFO neutron.wsgi [req-dae9f068-6042-4dc8-9860-b3c4ac5bbc43 req-598ce748-da01-4798-abc4-e7be3b27e012 d9f24d3f05314bada664deafbf0c70b0 8f385a30f2104832938e9ea156b47ab1 - - default default] 10.0.0.158 "GET /v2.0/ports?device_id=bd0a7d5e-cd62-4911-9df2-99e7bd70e913 HTTP/1.1" status: 200 len: 1172 time: 0.0457330
2026-05-26 06:54:57.250 10 INFO neutron.wsgi [req-dae9f068-6042-4dc8-9860-b3c4ac5bbc43 req-0b71db33-f4e9-46bd-8d8b-fbdbacbf1627 d9f24d3f05314bada664deafbf0c70b0 8f385a30f2104832938e9ea156b47ab1 - - default default] 10.0.0.158 "GET /v2.0/security-groups?id=5738d67a-75d8-4223-ac61-ceb61f96eaa3&fields=id&fields=name HTTP/1.1" status: 200 len: 312 time: 0.0362606
2026-05-26 06:54:57.419 9 INFO neutron.db.ovn_revision_numbers_db [None req-1db687b2-ea00-4b40-b9d9-439754326f9a a35fdab04d064cf3afb4d5274e795bcf b904d785b88d4e348998afece0dffd52 - - default default] Successfully bumped revision number for resource e7dc49a4-2326-41dc-972e-afc63cc57fce (type: floatingips) to 0 /var/lib/openstack/lib/python3.10/site-packages/pycadf/identifier.py:71: UserWarning: Invalid uuid: neutron. To ensure interoperability, identifiers should be a valid uuid. warnings.warn(('Invalid uuid: %s. To ensure interoperability, '
2026-05-26 06:54:57.500 10 INFO neutron.wsgi [req-2ad9dc4d-3b3d-4a39-9697-666807950466 req-549913ee-5544-428d-a354-3e12579cb942 ac8d5b34cb0841639bed8536fb4bf1c5 6836b74802d648eb87e9c23307c8f2d3 - - default default] 10.0.0.158 "GET /v2.0/security-groups?name=tempest-securitygroup--1301738622&fields=id&tenant_id=6836b74802d648eb87e9c23307c8f2d3 HTTP/1.1" status: 200 len: 267 time: 0.0401800
2026-05-26 06:54:57.544 9 INFO neutron.db.ovn_revision_numbers_db [None req-1db687b2-ea00-4b40-b9d9-439754326f9a a35fdab04d064cf3afb4d5274e795bcf b904d785b88d4e348998afece0dffd52 - - default default] Successfully bumped revision number for resource e7dc49a4-2326-41dc-972e-afc63cc57fce (type: floatingips) to 1
2026-05-26 06:54:57.584 9 INFO neutron.wsgi [None req-1db687b2-ea00-4b40-b9d9-439754326f9a a35fdab04d064cf3afb4d5274e795bcf b904d785b88d4e348998afece0dffd52 - - default default] 10.0.0.153 "POST /v2.0/floatingips HTTP/1.1" status: 201 len: 1039 time: 1.5488293
2026-05-26 06:54:57.585 10 INFO neutron.wsgi [req-2ad9dc4d-3b3d-4a39-9697-666807950466 req-e09342ae-5fe3-468c-9011-b4d807f56c2b ac8d5b34cb0841639bed8536fb4bf1c5 6836b74802d648eb87e9c23307c8f2d3 - - default default] 10.0.0.158 "GET /v2.0/networks?id=a1932f06-f4ea-462d-beff-3bc43752ad6f HTTP/1.1" status: 200 len: 879 time: 0.0801907
2026-05-26 06:54:57.602 10 INFO neutron.wsgi [req-2ad9dc4d-3b3d-4a39-9697-666807950466 req-260165de-6118-46b2-b1af-481dcd523226 ac8d5b34cb0841639bed8536fb4bf1c5 6836b74802d648eb87e9c23307c8f2d3 - - default default] 10.0.0.158 "GET /v2.0/quotas/6836b74802d648eb87e9c23307c8f2d3 HTTP/1.1" status: 200 len: 386 time: 0.0099592
2026-05-26 06:54:57.631 9 INFO neutron.wsgi [None req-08e8ea72-0dc6-4b0b-ad49-b8976c39a488 a35fdab04d064cf3afb4d5274e795bcf b904d785b88d4e348998afece0dffd52 - - default default] 10.0.0.153 "GET /v2.0/floatingips/e7dc49a4-2326-41dc-972e-afc63cc57fce HTTP/1.1" status: 200 len: 1036 time: 0.0425510
2026-05-26 06:54:57.688 9 INFO neutron.wsgi [None req-513f71a7-d3f2-4fb7-8070-d883b693bdbc a35fdab04d064cf3afb4d5274e795bcf b904d785b88d4e348998afece0dffd52 - - default default] 10.0.0.153 "GET /v2.0/floatingips HTTP/1.1" status: 200 len: 1039 time: 0.0533707
2026-05-26 06:54:57.697 10 INFO neutron.wsgi [req-2ad9dc4d-3b3d-4a39-9697-666807950466 req-c34850a5-b8b2-40df-9b35-5fc42a4f8ae8 ac8d5b34cb0841639bed8536fb4bf1c5 6836b74802d648eb87e9c23307c8f2d3 - - default default] 10.0.0.158 "GET /v2.0/ports?tenant_id=6836b74802d648eb87e9c23307c8f2d3&fields=id HTTP/1.1" status: 200 len: 302 time: 0.0876064
2026-05-26 06:54:57.776 10 INFO neutron.wsgi [req-2ad9dc4d-3b3d-4a39-9697-666807950466 req-d50569a9-c45a-4909-ac2b-522e6e53add9 5c7467c5ea814135a75c199c52b33b24 4bcddaff19f249f4a00d6370a17ba542 - - 058c7cd3bd794d488f99be929a924898 058c7cd3bd794d488f99be929a924898] 10.0.0.158 "GET /v2.0/networks/a1932f06-f4ea-462d-beff-3bc43752ad6f?fields=segments HTTP/1.1" status: 200 len: 212 time: 0.0675528
2026-05-26 06:54:57.857 10 INFO neutron.wsgi [req-2ad9dc4d-3b3d-4a39-9697-666807950466 req-27492261-29d1-4b6f-a8e0-85ac3f9370c4 5c7467c5ea814135a75c199c52b33b24 4bcddaff19f249f4a00d6370a17ba542 - - 058c7cd3bd794d488f99be929a924898 058c7cd3bd794d488f99be929a924898] 10.0.0.158 "GET /v2.0/networks/a1932f06-f4ea-462d-beff-3bc43752ad6f?fields=provider%3Aphysical_network&fields=provider%3Anetwork_type HTTP/1.1" status: 200 len: 277 time: 0.0746953
2026-05-26 06:54:58.012 9 INFO neutron.db.l3_db [None req-f72886ec-46b2-4d19-a434-ebaee46b9f73 a35fdab04d064cf3afb4d5274e795bcf b904d785b88d4e348998afece0dffd52 - - default default] Floating IP e7dc49a4-2326-41dc-972e-afc63cc57fce associated. External IP: 10.96.250.206, port: d3bcce8e-0de4-48bc-bc35-2ba2db659289.
2026-05-26 06:54:58.170 10 INFO neutron.wsgi [req-83daff0a-54e7-45b6-bd0c-a32fe93d4e61 req-3e3e86f6-dbe7-4027-83f5-c01aaa52e2dc ac8d5b34cb0841639bed8536fb4bf1c5 6836b74802d648eb87e9c23307c8f2d3 - - default default] 10.0.0.158 "GET /v2.0/ports?device_id=28957b8f-a019-4b77-85ea-53e1959a5945 HTTP/1.1" status: 200 len: 210 time: 0.0329440
2026-05-26 06:54:58.172 9 INFO neutron.wsgi [None req-57e735fc-42b3-4373-8628-8ec1f8091550 8d16257921214e02b42d32bfec1b919c 9e6d7ce1c2244722bba0373ead6ae8d3 - - default default] 10.0.0.172 "GET /v2.0/agents HTTP/1.1" status: 200 len: 997 time: 0.0889156
2026-05-26 06:54:58.198 9 INFO neutron.wsgi [None req-7bc353da-26f3-45e2-9c76-e6f87f1b0dbc 8d16257921214e02b42d32bfec1b919c 9e6d7ce1c2244722bba0373ead6ae8d3 - - default default] 10.0.0.172 "GET /v2.0/network-ip-availabilities HTTP/1.1" status: 200 len: 3167 time: 0.0204792
2026-05-26 06:54:58.235 10 INFO neutron.wsgi [req-2d9ec772-a4eb-4dc2-a655-818f8ea5c8b1 req-d3ef9ab7-5cd4-4c04-9372-46ed75d29877 fe96e3e316c3445e9278e15f137a1e89 28b7ad37efe84e63a1bb1259383b7983 - - default default] 10.0.0.158 "GET /v2.0/ports?device_id=c0912cb7-dd86-4306-82b6-69deac7c4982 HTTP/1.1" status: 200 len: 1170 time: 0.1511512
2026-05-26 06:54:58.276 9 INFO neutron.wsgi [None req-85736c43-130d-47e4-beba-441b60f6526c 8d16257921214e02b42d32bfec1b919c 9e6d7ce1c2244722bba0373ead6ae8d3 - - default default] 10.0.0.172 "GET /v2.0/floatingips HTTP/1.1" status: 200 len: 2941 time: 0.0773258 /var/lib/openstack/lib/python3.10/site-packages/pycadf/identifier.py:71: UserWarning: Invalid uuid: neutron. To ensure interoperability, identifiers should be a valid uuid. warnings.warn(('Invalid uuid: %s. To ensure interoperability, '
2026-05-26 06:54:58.333 10 INFO neutron.wsgi [req-c5414463-1cc0-456c-9b15-84c4c98eb103 req-7ce83202-c6ee-4ca4-b06b-e14d4d33252d fe96e3e316c3445e9278e15f137a1e89 28b7ad37efe84e63a1bb1259383b7983 - - default default] 10.0.0.158 "GET /v2.0/ports/d424fc22-8e4c-4e49-af03-5f9334c0b99d HTTP/1.1" status: 200 len: 1167 time: 0.0405879
2026-05-26 06:54:58.406 9 INFO neutron.wsgi [None req-d6dafb5d-aa42-4535-935a-a234c098340c 8d16257921214e02b42d32bfec1b919c 9e6d7ce1c2244722bba0373ead6ae8d3 - - default default] 10.0.0.172 "GET /v2.0/ports HTTP/1.1" status: 200 len: 26460 time: 0.1283286
2026-05-26 06:54:58.407 9 INFO neutron.db.ovn_revision_numbers_db [None req-f72886ec-46b2-4d19-a434-ebaee46b9f73 a35fdab04d064cf3afb4d5274e795bcf b904d785b88d4e348998afece0dffd52 - - default default] Successfully bumped revision number for resource e7dc49a4-2326-41dc-972e-afc63cc57fce (type: floatingips) to 2
2026-05-26 06:54:58.430 10 INFO neutron.wsgi [req-7e54251d-b300-4560-8fbc-91118721f50a req-da77fea8-f310-410f-813c-03fc27869b02 d9f24d3f05314bada664deafbf0c70b0 8f385a30f2104832938e9ea156b47ab1 - - default default] 10.0.0.158 "GET /v2.0/ports?device_id=bd0a7d5e-cd62-4911-9df2-99e7bd70e913 HTTP/1.1" status: 200 len: 1172 time: 0.0964336
2026-05-26 06:54:58.480 10 INFO neutron.wsgi [req-7e54251d-b300-4560-8fbc-91118721f50a req-ca373c1f-178c-4cd3-a779-d5b665d19d99 d9f24d3f05314bada664deafbf0c70b0 8f385a30f2104832938e9ea156b47ab1 - - default default] 10.0.0.158 "GET /v2.0/security-groups?id=5738d67a-75d8-4223-ac61-ceb61f96eaa3&fields=id&fields=name HTTP/1.1" status: 200 len: 312 time: 0.0442147
2026-05-26 06:54:58.518 10 INFO neutron.wsgi [req-c5ff3abb-7eca-4533-936e-e8ef736749eb req-a7769718-68a4-4a1e-b3be-2bfe7bf4cf83 fe96e3e316c3445e9278e15f137a1e89 28b7ad37efe84e63a1bb1259383b7983 - - default default] 199.204.45.19 "GET /v2.0/subnets?network_id=d20a7644-c2d2-4529-87ad-b84b021f3349 HTTP/1.1" status: 200 len: 858 time: 0.0373290
2026-05-26 06:54:58.553 9 INFO neutron.wsgi [None req-4353c853-752e-4d44-9355-5fc113b5b04f 8d16257921214e02b42d32bfec1b919c 9e6d7ce1c2244722bba0373ead6ae8d3 - - default default] 10.0.0.172 "GET /v2.0/routers HTTP/1.1" status: 200 len: 2893 time: 0.1323318
2026-05-26 06:54:58.580 9 INFO neutron.wsgi [None req-a1d7ba2f-5582-4735-9af8-439647655492 8d16257921214e02b42d32bfec1b919c 9e6d7ce1c2244722bba0373ead6ae8d3 - - default default] 10.0.0.172 "GET /v2.0/agents?binary=ovn-controller HTTP/1.1" status: 200 len: 591 time: 0.0249836
2026-05-26 06:54:58.610 10 INFO neutron.wsgi [req-c5ff3abb-7eca-4533-936e-e8ef736749eb req-f439a2c0-5729-442a-b99a-bcda4e224195 fe96e3e316c3445e9278e15f137a1e89 28b7ad37efe84e63a1bb1259383b7983 - - default default] 199.204.45.19 "GET /v2.0/ports?device_id=c0912cb7-dd86-4306-82b6-69deac7c4982&device_owner=compute%3Anova&network_id=d20a7644-c2d2-4529-87ad-b84b021f3349 HTTP/1.1" status: 200 len: 1170 time: 0.0837412
2026-05-26 06:54:58.813 9 INFO neutron.db.ovn_revision_numbers_db [None req-f72886ec-46b2-4d19-a434-ebaee46b9f73 a35fdab04d064cf3afb4d5274e795bcf b904d785b88d4e348998afece0dffd52 - - default default] Successfully bumped revision number for resource e7dc49a4-2326-41dc-972e-afc63cc57fce (type: floatingips) to 2
2026-05-26 06:54:58.874 9 INFO neutron.wsgi [None req-11f6728d-b0a4-4f5f-981c-1efba84c471a 8d16257921214e02b42d32bfec1b919c 9e6d7ce1c2244722bba0373ead6ae8d3 - - default default] 10.0.0.172 "GET /v2.0/networks HTTP/1.1" status: 200 len: 5402 time: 0.2925127
2026-05-26 06:54:58.890 9 INFO neutron.wsgi [None req-f72886ec-46b2-4d19-a434-ebaee46b9f73 a35fdab04d064cf3afb4d5274e795bcf b904d785b88d4e348998afece0dffd52 - - default default] 10.0.0.153 "PUT /v2.0/floatingips/e7dc49a4-2326-41dc-972e-afc63cc57fce HTTP/1.1" status: 200 len: 1037 time: 1.1955538
2026-05-26 06:54:59.058 9 INFO neutron.wsgi [req-2ad9dc4d-3b3d-4a39-9697-666807950466 req-1de2c7ea-57f1-4d27-8547-c91c1803c779 ac8d5b34cb0841639bed8536fb4bf1c5 6836b74802d648eb87e9c23307c8f2d3 - - default default] 199.204.45.19 "GET /v2.0/networks?id=a1932f06-f4ea-462d-beff-3bc43752ad6f HTTP/1.1" status: 200 len: 879 time: 0.1665440
2026-05-26 06:54:59.074 9 INFO neutron.wsgi [None req-661c47c5-29bb-4bd3-ac1b-14bd54693719 8d16257921214e02b42d32bfec1b919c 9e6d7ce1c2244722bba0373ead6ae8d3 - - default default] 10.0.0.172 "GET /v2.0/security-groups HTTP/1.1" status: 200 len: 36141 time: 0.1959462
2026-05-26 06:54:59.113 10 INFO neutron.db.ovn_revision_numbers_db [req-c5ff3abb-7eca-4533-936e-e8ef736749eb req-b54f70cd-4f43-4c3a-b502-fb652b9a96cf fe96e3e316c3445e9278e15f137a1e89 28b7ad37efe84e63a1bb1259383b7983 - - default default] Successfully bumped revision number for resource d424fc22-8e4c-4e49-af03-5f9334c0b99d (type: ports) to 5
2026-05-26 06:54:59.125 10 INFO neutron.wsgi [req-c5ff3abb-7eca-4533-936e-e8ef736749eb req-b54f70cd-4f43-4c3a-b502-fb652b9a96cf fe96e3e316c3445e9278e15f137a1e89 28b7ad37efe84e63a1bb1259383b7983 - - default default] 199.204.45.19 "PUT /v2.0/ports/d424fc22-8e4c-4e49-af03-5f9334c0b99d HTTP/1.1" status: 200 len: 1349 time: 0.5116608 /var/lib/openstack/lib/python3.10/site-packages/pycadf/identifier.py:71: UserWarning: Invalid uuid: neutron. To ensure interoperability, identifiers should be a valid uuid. warnings.warn(('Invalid uuid: %s. To ensure interoperability, '
2026-05-26 06:54:59.166 10 INFO neutron.notifiers.nova [-] Nova event matching ['req-c65f0386-0c1c-4353-a6f0-5536b248d37a'] response: {'name': 'network-changed', 'server_uuid': 'c0912cb7-dd86-4306-82b6-69deac7c4982', 'tag': 'd424fc22-8e4c-4e49-af03-5f9334c0b99d', 'status': 'completed', 'code': 200}
2026-05-26 06:54:59.178 10 INFO neutron.wsgi [req-c5ff3abb-7eca-4533-936e-e8ef736749eb req-a33e164b-6a10-49d9-b0fc-795bbd924697 5c7467c5ea814135a75c199c52b33b24 4bcddaff19f249f4a00d6370a17ba542 - - 058c7cd3bd794d488f99be929a924898 058c7cd3bd794d488f99be929a924898] 199.204.45.19 "GET /v2.0/ports?tenant_id=28b7ad37efe84e63a1bb1259383b7983&device_id=c0912cb7-dd86-4306-82b6-69deac7c4982 HTTP/1.1" status: 200 len: 1590 time: 0.0357499
2026-05-26 06:54:59.186 9 INFO neutron.wsgi [None req-b5520623-b09a-4d09-8a11-365d2ea5a0f4 8d16257921214e02b42d32bfec1b919c 9e6d7ce1c2244722bba0373ead6ae8d3 - - default default] 10.0.0.172 "GET /v2.0/subnets HTTP/1.1" status: 200 len: 4030 time: 0.0913277
2026-05-26 06:54:59.218 9 INFO neutron.wsgi [None req-ff70890a-56bb-4919-8b5a-87aba2b01e28 8d16257921214e02b42d32bfec1b919c 9e6d7ce1c2244722bba0373ead6ae8d3 - - default default] 10.0.0.172 "GET /v2.0/subnetpools HTTP/1.1" status: 200 len: 193 time: 0.0279434
2026-05-26 06:54:59.221 9 INFO neutron.wsgi [req-2ad9dc4d-3b3d-4a39-9697-666807950466 req-90bbb8ac-a581-4d6b-a611-ece92d28b421 ac8d5b34cb0841639bed8536fb4bf1c5 6836b74802d648eb87e9c23307c8f2d3 - - default default] 199.204.45.19 "GET /v2.0/security-groups?fields=id&fields=name&tenant_id=6836b74802d648eb87e9c23307c8f2d3 HTTP/1.1" status: 200 len: 380 time: 0.1462550
2026-05-26 06:54:59.227 9 INFO neutron.db.l3_db [None req-e56149e0-3c56-4031-bc50-14ee98b7fc24 a35fdab04d064cf3afb4d5274e795bcf b904d785b88d4e348998afece0dffd52 - - default default] Floating IP e7dc49a4-2326-41dc-972e-afc63cc57fce disassociated. External IP: 10.96.250.206, port: a5caebd3-cd18-41a5-8480-edb44c61a54d.
2026-05-26 06:54:59.235 9 WARNING neutron_lib.context [req-2ad9dc4d-3b3d-4a39-9697-666807950466 req-298d2304-ee74-4e48-9935-86e9e1a7ea59 ac8d5b34cb0841639bed8536fb4bf1c5 6836b74802d648eb87e9c23307c8f2d3 - - default default] Method 'is_advsvc' is deprecated since 2023.2 release (neutron-lib 3.8.0) and will be removed once support for the old RBAC API policies will be removed from Neutron. Please use method 'is_service_role' instead.
2026-05-26 06:54:59.259 10 INFO neutron.wsgi [req-4eddc0db-24e0-40be-aae0-f38a7a0d5dd4 req-b6e887ef-42c4-4f71-947d-3253963b786e ac8d5b34cb0841639bed8536fb4bf1c5 6836b74802d648eb87e9c23307c8f2d3 - - default default] 10.0.0.158 "GET /v2.0/ports?device_id=28957b8f-a019-4b77-85ea-53e1959a5945 HTTP/1.1" status: 200 len: 210 time: 0.0203755
2026-05-26 06:54:59.287 9 INFO neutron.wsgi [None req-9cce9280-35fc-45a2-8151-8418488e7973 8d16257921214e02b42d32bfec1b919c 9e6d7ce1c2244722bba0373ead6ae8d3 - - default default] 10.0.0.172 "GET /v2.0/subnets HTTP/1.1" status: 200 len: 4030 time: 0.0649772
2026-05-26 06:54:59.290 10 INFO neutron.wsgi [req-c5ff3abb-7eca-4533-936e-e8ef736749eb req-bb279a69-6b4f-4ff3-b33b-5e83b38d30de 5c7467c5ea814135a75c199c52b33b24 4bcddaff19f249f4a00d6370a17ba542 - - 058c7cd3bd794d488f99be929a924898 058c7cd3bd794d488f99be929a924898] 199.204.45.19 "GET /v2.0/networks?id=d20a7644-c2d2-4529-87ad-b84b021f3349 HTTP/1.1" status: 200 len: 981 time: 0.0999324
2026-05-26 06:54:59.317 9 WARNING neutron.plugins.ml2.drivers.ovn.mech_driver.ovsdb.ovn_client [None req-5387fb26-6f8c-40cd-bf4a-41039702261f - - - - - -] No hosting information found for port 010487d0-45ef-4672-8dd9-da8351086046: RuntimeError: No hosting information found for port 010487d0-45ef-4672-8dd9-da8351086046
2026-05-26 06:54:59.318 9 INFO neutron.plugins.ml2.drivers.ovn.mech_driver.mech_driver [None req-5387fb26-6f8c-40cd-bf4a-41039702261f - - - - - -] OVN reports status up for port: 2d2dceb1-206d-4986-9635-575e3dc93b0d
2026-05-26 06:54:59.329 10 INFO neutron.wsgi [req-c5ff3abb-7eca-4533-936e-e8ef736749eb req-6b15baa4-cf28-4fd1-8746-bfdd6ae71622 5c7467c5ea814135a75c199c52b33b24 4bcddaff19f249f4a00d6370a17ba542 - - 058c7cd3bd794d488f99be929a924898 058c7cd3bd794d488f99be929a924898] 199.204.45.19 "GET /v2.0/floatingips?fixed_ip_address=10.100.0.10&port_id=d424fc22-8e4c-4e49-af03-5f9334c0b99d HTTP/1.1" status: 200 len: 217 time: 0.0280302
2026-05-26 06:54:59.331 9 INFO neutron.plugins.ml2.plugin [None req-5387fb26-6f8c-40cd-bf4a-41039702261f - - - - - -] Attempt 1 to provision port 2d2dceb1-206d-4986-9635-575e3dc93b0d
2026-05-26 06:54:59.333 9 INFO neutron.db.ovn_revision_numbers_db [None req-e56149e0-3c56-4031-bc50-14ee98b7fc24 a35fdab04d064cf3afb4d5274e795bcf b904d785b88d4e348998afece0dffd52 - - default default] Successfully bumped revision number for resource e7dc49a4-2326-41dc-972e-afc63cc57fce (type: floatingips) to 3
2026-05-26 06:54:59.393 10 INFO neutron.wsgi [req-c5ff3abb-7eca-4533-936e-e8ef736749eb req-36b2017f-b332-46f6-b1ff-9f0148056e65 5c7467c5ea814135a75c199c52b33b24 4bcddaff19f249f4a00d6370a17ba542 - - 058c7cd3bd794d488f99be929a924898 058c7cd3bd794d488f99be929a924898] 199.204.45.19 "GET /v2.0/floatingips?fixed_ip_address=10.100.0.7&port_id=d424fc22-8e4c-4e49-af03-5f9334c0b99d HTTP/1.1" status: 200 len: 1059 time: 0.0560327
2026-05-26 06:54:59.434 10 INFO neutron.wsgi [req-c5ff3abb-7eca-4533-936e-e8ef736749eb req-40f5bb29-502f-4841-bc8a-884201bf8357 5c7467c5ea814135a75c199c52b33b24 4bcddaff19f249f4a00d6370a17ba542 - - 058c7cd3bd794d488f99be929a924898 058c7cd3bd794d488f99be929a924898] 199.204.45.19 "GET /v2.0/subnets?id=6d40f992-fe8d-4d54-936a-9803516c5be3 HTTP/1.1" status: 200 len: 876 time: 0.0367432
2026-05-26 06:54:59.449 9 INFO neutron.wsgi [None req-e56149e0-3c56-4031-bc50-14ee98b7fc24 a35fdab04d064cf3afb4d5274e795bcf b904d785b88d4e348998afece0dffd52 - - default default] 10.0.0.153 "PUT /v2.0/floatingips/e7dc49a4-2326-41dc-972e-afc63cc57fce HTTP/1.1" status: 200 len: 748 time: 0.5463066
2026-05-26 06:54:59.475 10 INFO neutron.wsgi [req-c5ff3abb-7eca-4533-936e-e8ef736749eb req-4081abce-caff-4053-9dc7-dc1f28953f01 5c7467c5ea814135a75c199c52b33b24 4bcddaff19f249f4a00d6370a17ba542 - - 058c7cd3bd794d488f99be929a924898 058c7cd3bd794d488f99be929a924898] 199.204.45.19 "GET /v2.0/ports?network_id=d20a7644-c2d2-4529-87ad-b84b021f3349&device_owner=network%3Adhcp HTTP/1.1" status: 200 len: 210 time: 0.0335624
