2026-05-26 06:54:59.583 10 INFO neutron.wsgi [req-c5ff3abb-7eca-4533-936e-e8ef736749eb req-f1ef465b-090d-4742-b5f7-295d2cfd3567 5c7467c5ea814135a75c199c52b33b24 4bcddaff19f249f4a00d6370a17ba542 - - 058c7cd3bd794d488f99be929a924898 058c7cd3bd794d488f99be929a924898] 199.204.45.19 "GET /v2.0/networks/d20a7644-c2d2-4529-87ad-b84b021f3349?fields=segments HTTP/1.1" status: 200 len: 212 time: 0.0945120
2026-05-26 06:54:59.591 10 INFO neutron.wsgi [req-5ab011bc-4186-4683-ac00-07157e32cdac req-c2816bed-e907-43cd-8973-816723bd73b2 d9f24d3f05314bada664deafbf0c70b0 8f385a30f2104832938e9ea156b47ab1 - - default default] 10.0.0.158 "GET /v2.0/ports?device_id=bd0a7d5e-cd62-4911-9df2-99e7bd70e913 HTTP/1.1" status: 200 len: 1172 time: 0.0405495
2026-05-26 06:54:59.673 10 INFO neutron.wsgi [req-5ab011bc-4186-4683-ac00-07157e32cdac req-a62697e7-4c82-48a3-9214-c267b5b0659f d9f24d3f05314bada664deafbf0c70b0 8f385a30f2104832938e9ea156b47ab1 - - default default] 10.0.0.158 "GET /v2.0/security-groups?id=5738d67a-75d8-4223-ac61-ceb61f96eaa3&fields=id&fields=name HTTP/1.1" status: 200 len: 312 time: 0.0711265
2026-05-26 06:54:59.676 10 INFO neutron.wsgi [req-c5ff3abb-7eca-4533-936e-e8ef736749eb req-3714904d-b102-4683-85b0-25fb359ad85c 5c7467c5ea814135a75c199c52b33b24 4bcddaff19f249f4a00d6370a17ba542 - - 058c7cd3bd794d488f99be929a924898 058c7cd3bd794d488f99be929a924898] 199.204.45.19 "GET /v2.0/networks/d20a7644-c2d2-4529-87ad-b84b021f3349?fields=provider%3Aphysical_network&fields=provider%3Anetwork_type HTTP/1.1" status: 200 len: 277 time: 0.0848064
2026-05-26 06:54:59.718 9 WARNING neutron.scheduler.dhcp_agent_scheduler [req-2ad9dc4d-3b3d-4a39-9697-666807950466 req-298d2304-ee74-4e48-9935-86e9e1a7ea59 ac8d5b34cb0841639bed8536fb4bf1c5 6836b74802d648eb87e9c23307c8f2d3 - - default default] No more DHCP agents
2026-05-26 06:54:59.726 9 WARNING neutron.api.rpc.agentnotifiers.dhcp_rpc_agent_api [req-2ad9dc4d-3b3d-4a39-9697-666807950466 req-298d2304-ee74-4e48-9935-86e9e1a7ea59 ac8d5b34cb0841639bed8536fb4bf1c5 6836b74802d648eb87e9c23307c8f2d3 - - default default] Unable to schedule network a1932f06-f4ea-462d-beff-3bc43752ad6f: no agents available; will retry on subsequent port and subnet creation events.
2026-05-26 06:54:59.783 9 INFO neutron.db.ovn_revision_numbers_db [None req-5387fb26-6f8c-40cd-bf4a-41039702261f - - - - - -] Successfully bumped revision number for resource 2d2dceb1-206d-4986-9635-575e3dc93b0d (type: ports) to 2
2026-05-26 06:54:59.793 10 INFO neutron.wsgi [req-6e830ada-8036-4786-8b81-255e57cc73da req-4eb2ce72-ab73-47ac-aeee-602db4c5c7af 5c7467c5ea814135a75c199c52b33b24 4bcddaff19f249f4a00d6370a17ba542 - - 058c7cd3bd794d488f99be929a924898 058c7cd3bd794d488f99be929a924898] 199.204.45.19 "GET /v2.0/ports?tenant_id=28b7ad37efe84e63a1bb1259383b7983&device_id=c0912cb7-dd86-4306-82b6-69deac7c4982 HTTP/1.1" status: 200 len: 1590 time: 0.0468478
2026-05-26 06:54:59.894 9 INFO neutron.db.ovn_revision_numbers_db [None req-5387fb26-6f8c-40cd-bf4a-41039702261f - - - - - -] Successfully bumped revision number for resource 2d2dceb1-206d-4986-9635-575e3dc93b0d (type: router_ports) to 2
2026-05-26 06:54:59.895 10 INFO neutron.wsgi [req-6e830ada-8036-4786-8b81-255e57cc73da req-d5b6c5bd-9699-47b8-b0da-36ec5b1c76ea 5c7467c5ea814135a75c199c52b33b24 4bcddaff19f249f4a00d6370a17ba542 - - 058c7cd3bd794d488f99be929a924898 058c7cd3bd794d488f99be929a924898] 199.204.45.19 "GET /v2.0/networks?id=d20a7644-c2d2-4529-87ad-b84b021f3349 HTTP/1.1" status: 200 len: 981 time: 0.0934091
2026-05-26 06:54:59.930 10 INFO neutron.wsgi [req-6e830ada-8036-4786-8b81-255e57cc73da req-0483d6f3-a2e2-45f9-90c6-289923eecd46 5c7467c5ea814135a75c199c52b33b24 4bcddaff19f249f4a00d6370a17ba542 - - 058c7cd3bd794d488f99be929a924898 058c7cd3bd794d488f99be929a924898] 199.204.45.19 "GET /v2.0/floatingips?fixed_ip_address=10.100.0.10&port_id=d424fc22-8e4c-4e49-af03-5f9334c0b99d HTTP/1.1" status: 200 len: 217 time: 0.0296724
2026-05-26 06:54:59.973 9 INFO neutron.db.ovn_revision_numbers_db [req-2ad9dc4d-3b3d-4a39-9697-666807950466 req-298d2304-ee74-4e48-9935-86e9e1a7ea59 ac8d5b34cb0841639bed8536fb4bf1c5 6836b74802d648eb87e9c23307c8f2d3 - - default default] Successfully bumped revision number for resource 4bc6009e-ca0a-4562-aa65-30bb8d513441 (type: ports) to 1
2026-05-26 06:54:59.984 10 INFO neutron.wsgi [req-6e830ada-8036-4786-8b81-255e57cc73da req-ef85ba14-7ece-409e-b9fe-0c711eb7ec61 5c7467c5ea814135a75c199c52b33b24 4bcddaff19f249f4a00d6370a17ba542 - - 058c7cd3bd794d488f99be929a924898 058c7cd3bd794d488f99be929a924898] 199.204.45.19 "GET /v2.0/floatingips?fixed_ip_address=10.100.0.7&port_id=d424fc22-8e4c-4e49-af03-5f9334c0b99d HTTP/1.1" status: 200 len: 1059 time: 0.0461035
2026-05-26 06:54:59.990 10 INFO neutron.wsgi [None req-fdfe76a6-85e6-4ae0-80fa-c5c02aae86e1 a35fdab04d064cf3afb4d5274e795bcf b904d785b88d4e348998afece0dffd52 - - default default] 10.0.0.153 "DELETE /v2.0/floatingips/e7dc49a4-2326-41dc-972e-afc63cc57fce HTTP/1.1" status: 204 len: 168 time: 0.5356779 /var/lib/openstack/lib/python3.10/site-packages/pycadf/identifier.py:71: UserWarning: Invalid uuid: neutron. To ensure interoperability, identifiers should be a valid uuid. warnings.warn(('Invalid uuid: %s. To ensure interoperability, '
2026-05-26 06:55:00.018 9 INFO neutron.wsgi [req-2ad9dc4d-3b3d-4a39-9697-666807950466 req-298d2304-ee74-4e48-9935-86e9e1a7ea59 ac8d5b34cb0841639bed8536fb4bf1c5 6836b74802d648eb87e9c23307c8f2d3 - - default default] 199.204.45.19 "POST /v2.0/ports HTTP/1.1" status: 201 len: 1162 time: 0.7911472
2026-05-26 06:55:00.019 9 INFO neutron.api.v2.resource [None req-3d22cece-f2ad-4a49-997c-da058a996a57 a35fdab04d064cf3afb4d5274e795bcf b904d785b88d4e348998afece0dffd52 - - default default] delete failed (client error): The resource could not be found.
2026-05-26 06:55:00.020 9 INFO neutron.wsgi [None req-3d22cece-f2ad-4a49-997c-da058a996a57 a35fdab04d064cf3afb4d5274e795bcf b904d785b88d4e348998afece0dffd52 - - default default] 10.0.0.153 "DELETE /v2.0/floatingips/e7dc49a4-2326-41dc-972e-afc63cc57fce HTTP/1.1" status: 404 len: 345 time: 0.0251169
2026-05-26 06:55:00.204 10 INFO neutron.wsgi [req-6e830ada-8036-4786-8b81-255e57cc73da req-ee90912a-d4a4-4865-97c5-fe20d5e499a5 5c7467c5ea814135a75c199c52b33b24 4bcddaff19f249f4a00d6370a17ba542 - - 058c7cd3bd794d488f99be929a924898 058c7cd3bd794d488f99be929a924898] 199.204.45.19 "GET /v2.0/subnets?id=6d40f992-fe8d-4d54-936a-9803516c5be3 HTTP/1.1" status: 200 len: 876 time: 0.2131588
2026-05-26 06:55:00.227 10 INFO neutron.wsgi [req-6e830ada-8036-4786-8b81-255e57cc73da req-04a613ea-2f0e-407d-bf84-70cff60656a4 5c7467c5ea814135a75c199c52b33b24 4bcddaff19f249f4a00d6370a17ba542 - - 058c7cd3bd794d488f99be929a924898 058c7cd3bd794d488f99be929a924898] 199.204.45.19 "GET /v2.0/ports?network_id=d20a7644-c2d2-4529-87ad-b84b021f3349&device_owner=network%3Adhcp HTTP/1.1" status: 200 len: 210 time: 0.0170681
2026-05-26 06:55:00.297 10 INFO neutron.wsgi [req-6e830ada-8036-4786-8b81-255e57cc73da req-6cc33736-099f-42bd-8d54-a3b7c5257947 5c7467c5ea814135a75c199c52b33b24 4bcddaff19f249f4a00d6370a17ba542 - - 058c7cd3bd794d488f99be929a924898 058c7cd3bd794d488f99be929a924898] 199.204.45.19 "GET /v2.0/networks/d20a7644-c2d2-4529-87ad-b84b021f3349?fields=segments HTTP/1.1" status: 200 len: 212 time: 0.0612905
2026-05-26 06:55:00.372 10 INFO neutron.wsgi [req-6e830ada-8036-4786-8b81-255e57cc73da req-198f7789-857a-49af-86c4-a856e6051453 5c7467c5ea814135a75c199c52b33b24 4bcddaff19f249f4a00d6370a17ba542 - - 058c7cd3bd794d488f99be929a924898 058c7cd3bd794d488f99be929a924898] 199.204.45.19 "GET /v2.0/networks/d20a7644-c2d2-4529-87ad-b84b021f3349?fields=provider%3Aphysical_network&fields=provider%3Anetwork_type HTTP/1.1" status: 200 len: 277 time: 0.0708313
2026-05-26 06:55:00.377 10 INFO neutron.wsgi [req-dea9a21f-06ae-4a75-b000-e60ac4c7e22d req-e0078c42-a4a2-4cdd-9e25-3edeaaab3a29 ac8d5b34cb0841639bed8536fb4bf1c5 6836b74802d648eb87e9c23307c8f2d3 - - default default] 10.0.0.158 "GET /v2.0/ports?device_id=28957b8f-a019-4b77-85ea-53e1959a5945 HTTP/1.1" status: 200 len: 1160 time: 0.0460539
2026-05-26 06:55:00.443 10 INFO neutron.wsgi [req-dea9a21f-06ae-4a75-b000-e60ac4c7e22d req-d538ddb9-26cc-4fb9-88fc-9bf8d1fd3094 ac8d5b34cb0841639bed8536fb4bf1c5 6836b74802d648eb87e9c23307c8f2d3 - - default default] 10.0.0.158 "GET /v2.0/security-groups?id=4bc58df8-51c8-4c2e-8dde-7bb1f00d3a5e&fields=id&fields=name HTTP/1.1" status: 200 len: 313 time: 0.0602875
2026-05-26 06:55:00.554 9 INFO neutron.wsgi [None req-40f16731-f05d-4f45-b59c-784b2da36a92 a35fdab04d064cf3afb4d5274e795bcf b904d785b88d4e348998afece0dffd52 - - default default] 10.0.0.153 "DELETE /v2.0/ports/a5caebd3-cd18-41a5-8480-edb44c61a54d HTTP/1.1" status: 204 len: 168 time: 0.5280113
2026-05-26 06:55:00.635 9 INFO neutron.db.ovn_revision_numbers_db [req-2ad9dc4d-3b3d-4a39-9697-666807950466 req-06384989-2600-47c5-a199-bdf76084126b 5c7467c5ea814135a75c199c52b33b24 4bcddaff19f249f4a00d6370a17ba542 - - 058c7cd3bd794d488f99be929a924898 058c7cd3bd794d488f99be929a924898] Successfully bumped revision number for resource 4bc6009e-ca0a-4562-aa65-30bb8d513441 (type: ports) to 2
2026-05-26 06:55:00.694 10 INFO neutron.wsgi [req-eb02df18-19f0-4e90-a5e0-527b5eb517b5 req-8b6b6cb2-9cbc-4b40-9e93-299f16388f71 fe96e3e316c3445e9278e15f137a1e89 28b7ad37efe84e63a1bb1259383b7983 - - default default] 10.0.0.158 "GET /v2.0/ports?device_id=c0912cb7-dd86-4306-82b6-69deac7c4982 HTTP/1.1" status: 200 len: 1352 time: 0.0437067
2026-05-26 06:55:00.764 10 INFO neutron.wsgi [req-eb02df18-19f0-4e90-a5e0-527b5eb517b5 req-fff609ae-3bf3-4530-84b4-25c84616a38f fe96e3e316c3445e9278e15f137a1e89 28b7ad37efe84e63a1bb1259383b7983 - - default default] 10.0.0.158 "GET /v2.0/security-groups?id=38227bda-5f74-4730-bbc0-8e807dd2dc4f&fields=id&fields=name HTTP/1.1" status: 200 len: 312 time: 0.0608704
2026-05-26 06:55:00.834 10 INFO neutron.wsgi [req-23ccebd3-b3bb-4311-9bb6-fa534efcd665 req-1ad715f3-631f-4c09-a8c9-4da3b0d936b3 d9f24d3f05314bada664deafbf0c70b0 8f385a30f2104832938e9ea156b47ab1 - - default default] 10.0.0.158 "GET /v2.0/ports?device_id=bd0a7d5e-cd62-4911-9df2-99e7bd70e913 HTTP/1.1" status: 200 len: 1172 time: 0.0838985
2026-05-26 06:55:00.842 9 INFO neutron.db.ovn_revision_numbers_db [req-2ad9dc4d-3b3d-4a39-9697-666807950466 req-06384989-2600-47c5-a199-bdf76084126b 5c7467c5ea814135a75c199c52b33b24 4bcddaff19f249f4a00d6370a17ba542 - - 058c7cd3bd794d488f99be929a924898 058c7cd3bd794d488f99be929a924898] Successfully bumped revision number for resource 4bc6009e-ca0a-4562-aa65-30bb8d513441 (type: ports) to 2
2026-05-26 06:55:00.860 9 INFO neutron.wsgi [req-2ad9dc4d-3b3d-4a39-9697-666807950466 req-06384989-2600-47c5-a199-bdf76084126b 5c7467c5ea814135a75c199c52b33b24 4bcddaff19f249f4a00d6370a17ba542 - - 058c7cd3bd794d488f99be929a924898 058c7cd3bd794d488f99be929a924898] 199.204.45.19 "PUT /v2.0/ports/4bc6009e-ca0a-4562-aa65-30bb8d513441 HTTP/1.1" status: 200 len: 1380 time: 0.8347552 /var/lib/openstack/lib/python3.10/site-packages/pycadf/identifier.py:71: UserWarning: Invalid uuid: neutron. To ensure interoperability, identifiers should be a valid uuid. warnings.warn(('Invalid uuid: %s. To ensure interoperability, '
2026-05-26 06:55:00.894 10 INFO neutron.wsgi [req-23ccebd3-b3bb-4311-9bb6-fa534efcd665 req-9616fdee-96b2-4bb8-a526-3c840a851918 d9f24d3f05314bada664deafbf0c70b0 8f385a30f2104832938e9ea156b47ab1 - - default default] 10.0.0.158 "GET /v2.0/security-groups?id=5738d67a-75d8-4223-ac61-ceb61f96eaa3&fields=id&fields=name HTTP/1.1" status: 200 len: 312 time: 0.0537157
2026-05-26 06:55:00.899 9 INFO neutron.notifiers.nova [-] Nova event matching ['req-1054528c-fe99-4d7b-9d17-221309ae859d'] response: {'name': 'network-changed', 'server_uuid': '28957b8f-a019-4b77-85ea-53e1959a5945', 'tag': '4bc6009e-ca0a-4562-aa65-30bb8d513441', 'status': 'completed', 'code': 200}
2026-05-26 06:55:00.963 10 INFO neutron.wsgi [req-2ad9dc4d-3b3d-4a39-9697-666807950466 req-8ea9d33c-6278-41ca-a81d-ed3931a02acc 5c7467c5ea814135a75c199c52b33b24 4bcddaff19f249f4a00d6370a17ba542 - - 058c7cd3bd794d488f99be929a924898 058c7cd3bd794d488f99be929a924898] 199.204.45.19 "GET /v2.0/ports?tenant_id=6836b74802d648eb87e9c23307c8f2d3&device_id=28957b8f-a019-4b77-85ea-53e1959a5945 HTTP/1.1" status: 200 len: 1411 time: 0.0618219
2026-05-26 06:55:00.998 10 INFO neutron.wsgi [req-2ad9dc4d-3b3d-4a39-9697-666807950466 req-4698dc85-913a-42c1-810b-f97528727a27 5c7467c5ea814135a75c199c52b33b24 4bcddaff19f249f4a00d6370a17ba542 - - 058c7cd3bd794d488f99be929a924898 058c7cd3bd794d488f99be929a924898] 199.204.45.19 "GET /v2.0/floatingips?fixed_ip_address=10.100.0.14&port_id=4bc6009e-ca0a-4562-aa65-30bb8d513441 HTTP/1.1" status: 200 len: 217 time: 0.0279307
2026-05-26 06:55:01.021 9 INFO neutron.wsgi [req-a43b4799-aebc-4c8a-88b8-2d96c24712c4 req-134138df-9d12-418f-a80f-f0eca9c990e1 fe96e3e316c3445e9278e15f137a1e89 28b7ad37efe84e63a1bb1259383b7983 - - default default] 199.204.45.19 "GET /v2.0/ports?device_id=c0912cb7-dd86-4306-82b6-69deac7c4982&device_owner=compute%3Anova&fixed_ips=ip_address%3D10.100.0.10 HTTP/1.1" status: 200 len: 1352 time: 0.1330216
2026-05-26 06:55:01.047 10 INFO neutron.wsgi [req-2ad9dc4d-3b3d-4a39-9697-666807950466 req-54d9df27-fc1a-415c-acfe-7a43a82affa6 5c7467c5ea814135a75c199c52b33b24 4bcddaff19f249f4a00d6370a17ba542 - - 058c7cd3bd794d488f99be929a924898 058c7cd3bd794d488f99be929a924898] 199.204.45.19 "GET /v2.0/subnets?id=752bba03-075a-499a-a551-fd4025b92356 HTTP/1.1" status: 200 len: 873 time: 0.0418029
2026-05-26 06:55:01.072 10 INFO neutron.wsgi [req-2ad9dc4d-3b3d-4a39-9697-666807950466 req-67c65f63-5d94-4226-a5e4-81defdd73b22 5c7467c5ea814135a75c199c52b33b24 4bcddaff19f249f4a00d6370a17ba542 - - 058c7cd3bd794d488f99be929a924898 058c7cd3bd794d488f99be929a924898] 199.204.45.19 "GET /v2.0/ports?network_id=a1932f06-f4ea-462d-beff-3bc43752ad6f&device_owner=network%3Adhcp HTTP/1.1" status: 200 len: 210 time: 0.0202324
2026-05-26 06:55:01.075 10 INFO neutron.wsgi [None req-feb18b44-ddce-480a-9341-8df40782d0df a35fdab04d064cf3afb4d5274e795bcf b904d785b88d4e348998afece0dffd52 - - default default] 10.0.0.153 "DELETE /v2.0/ports/d3bcce8e-0de4-48bc-bc35-2ba2db659289 HTTP/1.1" status: 204 len: 168 time: 0.5126631
2026-05-26 06:55:01.140 10 INFO neutron.wsgi [req-2ad9dc4d-3b3d-4a39-9697-666807950466 req-a08f26ba-fa0e-4350-ac0b-05ba27885145 5c7467c5ea814135a75c199c52b33b24 4bcddaff19f249f4a00d6370a17ba542 - - 058c7cd3bd794d488f99be929a924898 058c7cd3bd794d488f99be929a924898] 199.204.45.19 "GET /v2.0/networks/a1932f06-f4ea-462d-beff-3bc43752ad6f?fields=segments HTTP/1.1" status: 200 len: 212 time: 0.0636206
2026-05-26 06:55:01.288 10 INFO neutron.wsgi [req-2ad9dc4d-3b3d-4a39-9697-666807950466 req-4a76154e-549e-4299-81e6-b2a14066bfba 5c7467c5ea814135a75c199c52b33b24 4bcddaff19f249f4a00d6370a17ba542 - - 058c7cd3bd794d488f99be929a924898 058c7cd3bd794d488f99be929a924898] 199.204.45.19 "GET /v2.0/networks/a1932f06-f4ea-462d-beff-3bc43752ad6f?fields=provider%3Aphysical_network&fields=provider%3Anetwork_type HTTP/1.1" status: 200 len: 277 time: 0.1429710
2026-05-26 06:55:01.360 10 INFO neutron.wsgi [req-0a3ecc33-38a9-4cf0-956d-49d851a99c41 req-81d873e9-6358-4e65-a8a9-e414cff5c3e7 5c7467c5ea814135a75c199c52b33b24 4bcddaff19f249f4a00d6370a17ba542 - - 058c7cd3bd794d488f99be929a924898 058c7cd3bd794d488f99be929a924898] 199.204.45.19 "GET /v2.0/ports?tenant_id=6836b74802d648eb87e9c23307c8f2d3&device_id=28957b8f-a019-4b77-85ea-53e1959a5945 HTTP/1.1" status: 200 len: 1411 time: 0.0359812
2026-05-26 06:55:01.425 10 INFO neutron.wsgi [req-0a3ecc33-38a9-4cf0-956d-49d851a99c41 req-bf035632-1f7f-4e4a-8b18-16e5d3b03e56 5c7467c5ea814135a75c199c52b33b24 4bcddaff19f249f4a00d6370a17ba542 - - 058c7cd3bd794d488f99be929a924898 058c7cd3bd794d488f99be929a924898] 199.204.45.19 "GET /v2.0/networks?id=a1932f06-f4ea-462d-beff-3bc43752ad6f HTTP/1.1" status: 200 len: 977 time: 0.0592296
2026-05-26 06:55:01.467 10 INFO neutron.wsgi [req-0a3ecc33-38a9-4cf0-956d-49d851a99c41 req-35d9901a-bd04-4009-9df5-d837be3b094e 5c7467c5ea814135a75c199c52b33b24 4bcddaff19f249f4a00d6370a17ba542 - - 058c7cd3bd794d488f99be929a924898 058c7cd3bd794d488f99be929a924898] 199.204.45.19 "GET /v2.0/floatingips?fixed_ip_address=10.100.0.14&port_id=4bc6009e-ca0a-4562-aa65-30bb8d513441 HTTP/1.1" status: 200 len: 217 time: 0.0339050
2026-05-26 06:55:01.513 10 INFO neutron.wsgi [req-0a3ecc33-38a9-4cf0-956d-49d851a99c41 req-19ec92d3-c380-4a64-954f-002e364495c2 5c7467c5ea814135a75c199c52b33b24 4bcddaff19f249f4a00d6370a17ba542 - - 058c7cd3bd794d488f99be929a924898 058c7cd3bd794d488f99be929a924898] 199.204.45.19 "GET /v2.0/subnets?id=752bba03-075a-499a-a551-fd4025b92356 HTTP/1.1" status: 200 len: 873 time: 0.0399880
2026-05-26 06:55:01.522 9 INFO neutron.wsgi [None req-222158be-742d-4f12-aa4b-9c9c70fdf819 a35fdab04d064cf3afb4d5274e795bcf b904d785b88d4e348998afece0dffd52 - - default default] 10.0.0.153 "GET /v2.0/ports?device_id=2cd758c7-3c3f-41ff-8718-255e055950e6 HTTP/1.1" status: 200 len: 1140 time: 0.4421310
2026-05-26 06:55:01.547 10 INFO neutron.wsgi [req-0a3ecc33-38a9-4cf0-956d-49d851a99c41 req-05a1736d-fb17-4887-b0c3-07dd9e3fadc7 5c7467c5ea814135a75c199c52b33b24 4bcddaff19f249f4a00d6370a17ba542 - - 058c7cd3bd794d488f99be929a924898 058c7cd3bd794d488f99be929a924898] 199.204.45.19 "GET /v2.0/ports?network_id=a1932f06-f4ea-462d-beff-3bc43752ad6f&device_owner=network%3Adhcp HTTP/1.1" status: 200 len: 210 time: 0.0263867
2026-05-26 06:55:01.609 10 INFO neutron.wsgi [req-49bf8344-406e-4f00-a8ef-adf107a111c7 req-2a2ad018-065e-4f60-9568-61c924cfdc3c ac8d5b34cb0841639bed8536fb4bf1c5 6836b74802d648eb87e9c23307c8f2d3 - - default default] 10.0.0.158 "GET /v2.0/ports?device_id=28957b8f-a019-4b77-85ea-53e1959a5945 HTTP/1.1" status: 200 len: 1172 time: 0.0657928
2026-05-26 06:55:01.645 10 INFO neutron.wsgi [req-0a3ecc33-38a9-4cf0-956d-49d851a99c41 req-c17ea128-0089-4f6a-9c33-ea30db71442b 5c7467c5ea814135a75c199c52b33b24 4bcddaff19f249f4a00d6370a17ba542 - - 058c7cd3bd794d488f99be929a924898 058c7cd3bd794d488f99be929a924898] 199.204.45.19 "GET /v2.0/networks/a1932f06-f4ea-462d-beff-3bc43752ad6f?fields=segments HTTP/1.1" status: 200 len: 212 time: 0.0886314
2026-05-26 06:55:01.662 10 INFO neutron.wsgi [req-49bf8344-406e-4f00-a8ef-adf107a111c7 req-810986fb-ac74-41ae-9538-b2d0d9391a84 ac8d5b34cb0841639bed8536fb4bf1c5 6836b74802d648eb87e9c23307c8f2d3 - - default default] 10.0.0.158 "GET /v2.0/security-groups?id=4bc58df8-51c8-4c2e-8dde-7bb1f00d3a5e&fields=id&fields=name HTTP/1.1" status: 200 len: 313 time: 0.0471478
2026-05-26 06:55:01.725 10 INFO neutron.wsgi [req-0a3ecc33-38a9-4cf0-956d-49d851a99c41 req-cd0014d8-1598-4426-a5a4-cfa19fd48e6e 5c7467c5ea814135a75c199c52b33b24 4bcddaff19f249f4a00d6370a17ba542 - - 058c7cd3bd794d488f99be929a924898 058c7cd3bd794d488f99be929a924898] 199.204.45.19 "GET /v2.0/networks/a1932f06-f4ea-462d-beff-3bc43752ad6f?fields=provider%3Aphysical_network&fields=provider%3Anetwork_type HTTP/1.1" status: 200 len: 277 time: 0.0703290
2026-05-26 06:55:02.006 10 INFO neutron.wsgi [req-29d5d22b-808a-4958-b2a1-975737e8357a req-3df13d12-f1c6-4257-ac67-1aefe460ca14 d9f24d3f05314bada664deafbf0c70b0 8f385a30f2104832938e9ea156b47ab1 - - default default] 10.0.0.158 "GET /v2.0/ports?device_id=bd0a7d5e-cd62-4911-9df2-99e7bd70e913 HTTP/1.1" status: 200 len: 1172 time: 0.0372031
2026-05-26 06:55:02.065 10 INFO neutron.wsgi [req-29d5d22b-808a-4958-b2a1-975737e8357a req-75095938-03f9-4adc-acd2-c2afd002708d d9f24d3f05314bada664deafbf0c70b0 8f385a30f2104832938e9ea156b47ab1 - - default default] 10.0.0.158 "GET /v2.0/security-groups?id=5738d67a-75d8-4223-ac61-ceb61f96eaa3&fields=id&fields=name HTTP/1.1" status: 200 len: 312 time: 0.0468669
2026-05-26 06:55:02.088 9 INFO neutron.db.ovn_revision_numbers_db [req-a43b4799-aebc-4c8a-88b8-2d96c24712c4 req-0ddb11de-d168-494b-a160-8a9a92beeedb fe96e3e316c3445e9278e15f137a1e89 28b7ad37efe84e63a1bb1259383b7983 - - default default] Successfully bumped revision number for resource d424fc22-8e4c-4e49-af03-5f9334c0b99d (type: ports) to 6
2026-05-26 06:55:02.100 9 INFO neutron.wsgi [req-a43b4799-aebc-4c8a-88b8-2d96c24712c4 req-0ddb11de-d168-494b-a160-8a9a92beeedb fe96e3e316c3445e9278e15f137a1e89 28b7ad37efe84e63a1bb1259383b7983 - - default default] 199.204.45.19 "PUT /v2.0/ports/d424fc22-8e4c-4e49-af03-5f9334c0b99d HTTP/1.1" status: 200 len: 1167 time: 1.0757811 /var/lib/openstack/lib/python3.10/site-packages/pycadf/identifier.py:71: UserWarning: Invalid uuid: neutron. To ensure interoperability, identifiers should be a valid uuid. warnings.warn(('Invalid uuid: %s. To ensure interoperability, '
2026-05-26 06:55:02.153 9 INFO neutron.wsgi [req-a43b4799-aebc-4c8a-88b8-2d96c24712c4 req-642b61a0-783a-4fb0-8e38-f2dbaa003303 5c7467c5ea814135a75c199c52b33b24 4bcddaff19f249f4a00d6370a17ba542 - - 058c7cd3bd794d488f99be929a924898 058c7cd3bd794d488f99be929a924898] 199.204.45.19 "GET /v2.0/ports?tenant_id=28b7ad37efe84e63a1bb1259383b7983&device_id=c0912cb7-dd86-4306-82b6-69deac7c4982 HTTP/1.1" status: 200 len: 1409 time: 0.0362029
2026-05-26 06:55:02.260 9 INFO neutron.wsgi [req-a43b4799-aebc-4c8a-88b8-2d96c24712c4 req-03912502-062b-4ad5-af3b-2cc515e00ab7 5c7467c5ea814135a75c199c52b33b24 4bcddaff19f249f4a00d6370a17ba542 - - 058c7cd3bd794d488f99be929a924898 058c7cd3bd794d488f99be929a924898] 199.204.45.19 "GET /v2.0/networks?id=d20a7644-c2d2-4529-87ad-b84b021f3349 HTTP/1.1" status: 200 len: 981 time: 0.1019988
2026-05-26 06:55:02.330 9 INFO neutron.wsgi [req-a43b4799-aebc-4c8a-88b8-2d96c24712c4 req-f667e35e-fe4e-45a1-acdf-ba9e77865c84 5c7467c5ea814135a75c199c52b33b24 4bcddaff19f249f4a00d6370a17ba542 - - 058c7cd3bd794d488f99be929a924898 058c7cd3bd794d488f99be929a924898] 199.204.45.19 "GET /v2.0/floatingips?fixed_ip_address=10.100.0.7&port_id=d424fc22-8e4c-4e49-af03-5f9334c0b99d HTTP/1.1" status: 200 len: 1059 time: 0.0636179
2026-05-26 06:55:02.373 9 INFO neutron.wsgi [req-a43b4799-aebc-4c8a-88b8-2d96c24712c4 req-52c478d4-fbf9-4bdf-858f-7172396440f9 5c7467c5ea814135a75c199c52b33b24 4bcddaff19f249f4a00d6370a17ba542 - - 058c7cd3bd794d488f99be929a924898 058c7cd3bd794d488f99be929a924898] 199.204.45.19 "GET /v2.0/subnets?id=6d40f992-fe8d-4d54-936a-9803516c5be3 HTTP/1.1" status: 200 len: 876 time: 0.0373170
2026-05-26 06:55:02.413 9 INFO neutron.wsgi [req-a43b4799-aebc-4c8a-88b8-2d96c24712c4 req-3316edd6-eacc-46d0-bd04-935e5c6adf94 5c7467c5ea814135a75c199c52b33b24 4bcddaff19f249f4a00d6370a17ba542 - - 058c7cd3bd794d488f99be929a924898 058c7cd3bd794d488f99be929a924898] 199.204.45.19 "GET /v2.0/ports?network_id=d20a7644-c2d2-4529-87ad-b84b021f3349&device_owner=network%3Adhcp HTTP/1.1" status: 200 len: 210 time: 0.0183198
2026-05-26 06:55:02.485 9 INFO neutron.wsgi [req-a43b4799-aebc-4c8a-88b8-2d96c24712c4 req-a8c8fccd-358d-48ac-bbe7-7730d1f8b712 5c7467c5ea814135a75c199c52b33b24 4bcddaff19f249f4a00d6370a17ba542 - - 058c7cd3bd794d488f99be929a924898 058c7cd3bd794d488f99be929a924898] 199.204.45.19 "GET /v2.0/networks/d20a7644-c2d2-4529-87ad-b84b021f3349?fields=segments HTTP/1.1" status: 200 len: 212 time: 0.0607095
2026-05-26 06:55:02.576 9 INFO neutron.wsgi [req-a43b4799-aebc-4c8a-88b8-2d96c24712c4 req-2b73defb-63b6-4d63-a29f-39319ef36297 5c7467c5ea814135a75c199c52b33b24 4bcddaff19f249f4a00d6370a17ba542 - - 058c7cd3bd794d488f99be929a924898 058c7cd3bd794d488f99be929a924898] 199.204.45.19 "GET /v2.0/networks/d20a7644-c2d2-4529-87ad-b84b021f3349?fields=provider%3Aphysical_network&fields=provider%3Anetwork_type HTTP/1.1" status: 200 len: 277 time: 0.0685468
2026-05-26 06:55:02.758 9 INFO neutron.wsgi [None req-c658fcf6-c028-403e-8bcd-595dacd601a8 a35fdab04d064cf3afb4d5274e795bcf b904d785b88d4e348998afece0dffd52 - - default default] 10.0.0.153 "PUT /v2.0/routers/2cd758c7-3c3f-41ff-8718-255e055950e6/remove_router_interface HTTP/1.1" status: 200 len: 503 time: 1.2297845 /var/lib/openstack/lib/python3.10/site-packages/pycadf/identifier.py:71: UserWarning: Invalid uuid: neutron. To ensure interoperability, identifiers should be a valid uuid. warnings.warn(('Invalid uuid: %s. To ensure interoperability, '
2026-05-26 06:55:02.831 10 INFO neutron.wsgi [req-23c0d117-e08b-4947-b7a0-19a9e77516af req-0bee84a0-890f-40b6-900e-f1b15ad260df ac8d5b34cb0841639bed8536fb4bf1c5 6836b74802d648eb87e9c23307c8f2d3 - - default default] 10.0.0.158 "GET /v2.0/ports?device_id=28957b8f-a019-4b77-85ea-53e1959a5945 HTTP/1.1" status: 200 len: 1172 time: 0.0983744
2026-05-26 06:55:02.872 10 INFO neutron.wsgi [req-23c0d117-e08b-4947-b7a0-19a9e77516af req-a6a16a00-9446-4592-8a2e-56b747436cf1 ac8d5b34cb0841639bed8536fb4bf1c5 6836b74802d648eb87e9c23307c8f2d3 - - default default] 10.0.0.158 "GET /v2.0/security-groups?id=4bc58df8-51c8-4c2e-8dde-7bb1f00d3a5e&fields=id&fields=name HTTP/1.1" status: 200 len: 313 time: 0.0352519
2026-05-26 06:55:03.125 9 INFO neutron.notifiers.nova [-] Nova event matching ['req-e48a2a36-edb8-431e-b879-efb3882c2aee'] response: {'name': 'network-changed', 'server_uuid': 'c0912cb7-dd86-4306-82b6-69deac7c4982', 'tag': 'd424fc22-8e4c-4e49-af03-5f9334c0b99d', 'status': 'completed', 'code': 200}
2026-05-26 06:55:03.160 9 INFO neutron.wsgi [req-0c8484e1-cc9f-4011-a5da-c97456370d5c req-3487f4d4-3df6-4824-9132-c0c556bea376 5c7467c5ea814135a75c199c52b33b24 4bcddaff19f249f4a00d6370a17ba542 - - 058c7cd3bd794d488f99be929a924898 058c7cd3bd794d488f99be929a924898] 199.204.45.19 "GET /v2.0/ports?tenant_id=28b7ad37efe84e63a1bb1259383b7983&device_id=c0912cb7-dd86-4306-82b6-69deac7c4982 HTTP/1.1" status: 200 len: 1409 time: 0.0339074
2026-05-26 06:55:03.197 10 INFO neutron.wsgi [req-dbd3c167-78b2-4e38-9ce3-fea47f3a89e7 req-5373e281-3c72-4bc7-8607-104e04e55467 fe96e3e316c3445e9278e15f137a1e89 28b7ad37efe84e63a1bb1259383b7983 - - default default] 10.0.0.158 "GET /v2.0/ports?device_id=c0912cb7-dd86-4306-82b6-69deac7c4982 HTTP/1.1" status: 200 len: 1170 time: 0.0573313
2026-05-26 06:55:03.212 10 INFO neutron.wsgi [req-23cd8a88-17e1-4d27-9f6c-d7944664f3da req-f93c0c98-4d3f-4a14-9dde-61febe76aa28 d9f24d3f05314bada664deafbf0c70b0 8f385a30f2104832938e9ea156b47ab1 - - default default] 10.0.0.158 "GET /v2.0/ports?device_id=bd0a7d5e-cd62-4911-9df2-99e7bd70e913 HTTP/1.1" status: 200 len: 1172 time: 0.0852714
2026-05-26 06:55:03.256 9 INFO neutron.wsgi [req-0c8484e1-cc9f-4011-a5da-c97456370d5c req-d6742597-22c9-4f98-8c58-92e41adc4f12 5c7467c5ea814135a75c199c52b33b24 4bcddaff19f249f4a00d6370a17ba542 - - 058c7cd3bd794d488f99be929a924898 058c7cd3bd794d488f99be929a924898] 199.204.45.19 "GET /v2.0/networks?id=d20a7644-c2d2-4529-87ad-b84b021f3349 HTTP/1.1" status: 200 len: 981 time: 0.0770025
2026-05-26 06:55:03.265 10 INFO neutron.wsgi [req-23cd8a88-17e1-4d27-9f6c-d7944664f3da req-4f74f3b6-ab53-405c-9c76-f095b771690f d9f24d3f05314bada664deafbf0c70b0 8f385a30f2104832938e9ea156b47ab1 - - default default] 10.0.0.158 "GET /v2.0/security-groups?id=5738d67a-75d8-4223-ac61-ceb61f96eaa3&fields=id&fields=name HTTP/1.1" status: 200 len: 312 time: 0.0468090
2026-05-26 06:55:03.269 10 INFO neutron.wsgi [req-dbd3c167-78b2-4e38-9ce3-fea47f3a89e7 req-083be865-8f4e-46d3-9b5d-63a786c0bd21 fe96e3e316c3445e9278e15f137a1e89 28b7ad37efe84e63a1bb1259383b7983 - - default default] 10.0.0.158 "GET /v2.0/security-groups?id=38227bda-5f74-4730-bbc0-8e807dd2dc4f&fields=id&fields=name HTTP/1.1" status: 200 len: 312 time: 0.0565495
2026-05-26 06:55:03.317 9 INFO neutron.wsgi [req-0c8484e1-cc9f-4011-a5da-c97456370d5c req-7782645d-8815-4eae-b9f3-207a186e2c99 5c7467c5ea814135a75c199c52b33b24 4bcddaff19f249f4a00d6370a17ba542 - - 058c7cd3bd794d488f99be929a924898 058c7cd3bd794d488f99be929a924898] 199.204.45.19 "GET /v2.0/floatingips?fixed_ip_address=10.100.0.7&port_id=d424fc22-8e4c-4e49-af03-5f9334c0b99d HTTP/1.1" status: 200 len: 1059 time: 0.0458646
2026-05-26 06:55:03.375 9 INFO neutron.wsgi [req-0c8484e1-cc9f-4011-a5da-c97456370d5c req-96bb7741-a82a-4e84-a19a-1ce5c1f5bc47 5c7467c5ea814135a75c199c52b33b24 4bcddaff19f249f4a00d6370a17ba542 - - 058c7cd3bd794d488f99be929a924898 058c7cd3bd794d488f99be929a924898] 199.204.45.19 "GET /v2.0/subnets?id=6d40f992-fe8d-4d54-936a-9803516c5be3 HTTP/1.1" status: 200 len: 876 time: 0.0396314
2026-05-26 06:55:03.411 9 INFO neutron.wsgi [req-0c8484e1-cc9f-4011-a5da-c97456370d5c req-ce63d29e-1ec2-4e64-857b-acae489f9a03 5c7467c5ea814135a75c199c52b33b24 4bcddaff19f249f4a00d6370a17ba542 - - 058c7cd3bd794d488f99be929a924898 058c7cd3bd794d488f99be929a924898] 199.204.45.19 "GET /v2.0/ports?network_id=d20a7644-c2d2-4529-87ad-b84b021f3349&device_owner=network%3Adhcp HTTP/1.1" status: 200 len: 210 time: 0.0311987
2026-05-26 06:55:03.526 9 INFO neutron.wsgi [req-0c8484e1-cc9f-4011-a5da-c97456370d5c req-64614716-d5ab-44e8-9f4f-816ddc5a55d2 5c7467c5ea814135a75c199c52b33b24 4bcddaff19f249f4a00d6370a17ba542 - - 058c7cd3bd794d488f99be929a924898 058c7cd3bd794d488f99be929a924898] 199.204.45.19 "GET /v2.0/networks/d20a7644-c2d2-4529-87ad-b84b021f3349?fields=segments HTTP/1.1" status: 200 len: 212 time: 0.1051261
2026-05-26 06:55:03.646 9 INFO neutron.wsgi [req-0c8484e1-cc9f-4011-a5da-c97456370d5c req-1768ab5a-b5a2-44ce-8af9-a1a504a1c912 5c7467c5ea814135a75c199c52b33b24 4bcddaff19f249f4a00d6370a17ba542 - - 058c7cd3bd794d488f99be929a924898 058c7cd3bd794d488f99be929a924898] 199.204.45.19 "GET /v2.0/networks/d20a7644-c2d2-4529-87ad-b84b021f3349?fields=provider%3Aphysical_network&fields=provider%3Anetwork_type HTTP/1.1" status: 200 len: 277 time: 0.1144133
2026-05-26 06:55:03.675 10 INFO neutron.wsgi [req-2accf049-92ab-483e-9f45-bc071cd43551 req-14ce4074-0321-4f1c-83ef-a5c85bc22d87 fe96e3e316c3445e9278e15f137a1e89 28b7ad37efe84e63a1bb1259383b7983 - - default default] 199.204.45.19 "GET /v2.0/ports?device_id=c0912cb7-dd86-4306-82b6-69deac7c4982 HTTP/1.1" status: 200 len: 1170 time: 0.1263907
2026-05-26 06:55:03.988 10 INFO neutron.wsgi [req-16d48478-c588-4fc7-a9c6-a2047d18c0c2 req-cf87312a-b5af-4c48-9341-7d6aec24d1c5 ac8d5b34cb0841639bed8536fb4bf1c5 6836b74802d648eb87e9c23307c8f2d3 - - default default] 10.0.0.158 "GET /v2.0/ports?device_id=28957b8f-a019-4b77-85ea-53e1959a5945 HTTP/1.1" status: 200 len: 1172 time: 0.0563571
2026-05-26 06:55:04.017 10 INFO neutron.db.l3_db [req-2accf049-92ab-483e-9f45-bc071cd43551 req-11d89dfe-bc94-44e2-a8e7-badba179e071 fe96e3e316c3445e9278e15f137a1e89 28b7ad37efe84e63a1bb1259383b7983 - - default default] Floating IP 070e3c58-2403-4ff9-9aa4-d569bdecb726 disassociated. External IP: 10.96.250.203, port: d424fc22-8e4c-4e49-af03-5f9334c0b99d.
2026-05-26 06:55:04.077 9 INFO neutron.wsgi [None req-6a04ecd7-d4ef-4b7a-b75b-3bf905439adf a35fdab04d064cf3afb4d5274e795bcf b904d785b88d4e348998afece0dffd52 - - default default] 10.0.0.153 "DELETE /v2.0/routers/2cd758c7-3c3f-41ff-8718-255e055950e6 HTTP/1.1" status: 204 len: 168 time: 1.3107147
2026-05-26 06:55:04.108 10 INFO neutron.wsgi [req-16d48478-c588-4fc7-a9c6-a2047d18c0c2 req-5dd5c5a3-544b-4de5-bb8a-db3e731e4676 ac8d5b34cb0841639bed8536fb4bf1c5 6836b74802d648eb87e9c23307c8f2d3 - - default default] 10.0.0.158 "GET /v2.0/security-groups?id=4bc58df8-51c8-4c2e-8dde-7bb1f00d3a5e&fields=id&fields=name HTTP/1.1" status: 200 len: 313 time: 0.1133351
2026-05-26 06:55:04.258 10 INFO neutron.wsgi [req-2accf049-92ab-483e-9f45-bc071cd43551 req-11d89dfe-bc94-44e2-a8e7-badba179e071 fe96e3e316c3445e9278e15f137a1e89 28b7ad37efe84e63a1bb1259383b7983 - - default default] 199.204.45.19 "DELETE /v2.0/ports/d424fc22-8e4c-4e49-af03-5f9334c0b99d HTTP/1.1" status: 204 len: 173 time: 0.5759318
2026-05-26 06:55:04.266 9 INFO neutron.wsgi [None req-2cf02000-2194-49d4-a294-50c1d71b9b37 a35fdab04d064cf3afb4d5274e795bcf b904d785b88d4e348998afece0dffd52 - - default default] 10.0.0.153 "DELETE /v2.0/subnets/b82537d8-bcbd-405d-b688-4af89e632de1 HTTP/1.1" status: 204 len: 168 time: 0.1840289
2026-05-26 06:55:04.305 10 INFO neutron.notifiers.nova [-] Nova event matching ['req-a9904a49-0c80-448a-8d9d-cc83cbc54d41'] response: {'server_uuid': 'c0912cb7-dd86-4306-82b6-69deac7c4982', 'name': 'network-vif-deleted', 'tag': 'd424fc22-8e4c-4e49-af03-5f9334c0b99d', 'status': 'completed', 'code': 200} /var/lib/openstack/lib/python3.10/site-packages/pycadf/identifier.py:71: UserWarning: Invalid uuid: neutron. To ensure interoperability, identifiers should be a valid uuid. warnings.warn(('Invalid uuid: %s. To ensure interoperability, '
2026-05-26 06:55:04.384 10 INFO neutron.wsgi [req-5048124d-609e-44f3-8f53-fa629d5098a4 req-8485123b-bd14-42ea-95f3-3b8364207457 fe96e3e316c3445e9278e15f137a1e89 28b7ad37efe84e63a1bb1259383b7983 - - default default] 10.0.0.158 "GET /v2.0/ports?device_id=c0912cb7-dd86-4306-82b6-69deac7c4982 HTTP/1.1" status: 200 len: 210 time: 0.0482645
2026-05-26 06:55:04.444 10 INFO neutron.wsgi [req-32ad4fd3-b896-4310-bc23-15135054d9a7 req-48fc8eca-9cfe-4764-8e2c-76b539226e7f d9f24d3f05314bada664deafbf0c70b0 8f385a30f2104832938e9ea156b47ab1 - - default default] 10.0.0.158 "GET /v2.0/ports?device_id=bd0a7d5e-cd62-4911-9df2-99e7bd70e913 HTTP/1.1" status: 200 len: 1172 time: 0.1127772
2026-05-26 06:55:04.491 10 INFO neutron.wsgi [req-32ad4fd3-b896-4310-bc23-15135054d9a7 req-42ea417e-e4e8-4e75-b583-46747263bdd5 d9f24d3f05314bada664deafbf0c70b0 8f385a30f2104832938e9ea156b47ab1 - - default default] 10.0.0.158 "GET /v2.0/security-groups?id=5738d67a-75d8-4223-ac61-ceb61f96eaa3&fields=id&fields=name HTTP/1.1" status: 200 len: 312 time: 0.0367665
2026-05-26 06:55:04.634 9 INFO neutron.wsgi [-] 10.0.0.162 "GET / HTTP/1.1" status: 200 len: 246 time: 0.0029624
2026-05-26 06:55:04.634 10 INFO neutron.wsgi [-] 10.0.0.162 "GET / HTTP/1.1" status: 200 len: 246 time: 0.0026677
2026-05-26 06:55:04.701 9 INFO neutron.services.segments.plugin [-] Segment 772a3051-b45e-475f-87f3-c7ebf603f83b resource provider aggregate not found
2026-05-26 06:55:04.706 9 INFO neutron.services.segments.plugin [-] Segment 772a3051-b45e-475f-87f3-c7ebf603f83b resource provider aggregate not found
2026-05-26 06:55:04.721 9 INFO neutron.services.segments.plugin [-] Segment 772a3051-b45e-475f-87f3-c7ebf603f83b resource provider not found; error: Placement Client Error (4xx): {"errors": [{"status": 404, "title": "Not Found", "detail": "The resource could not be found.\n\n No resource provider with uuid 772a3051-b45e-475f-87f3-c7ebf603f83b found for delete ", "request_id": "req-6034f5b1-523b-474f-95fd-7d0ced3cfd15"}]}
2026-05-26 06:55:04.724 9 INFO neutron.services.segments.plugin [-] Segment 772a3051-b45e-475f-87f3-c7ebf603f83b resource provider not found; error: Placement Client Error (4xx): {"errors": [{"status": 404, "title": "Not Found", "detail": "The resource could not be found.\n\n No resource provider with uuid 772a3051-b45e-475f-87f3-c7ebf603f83b found for delete ", "request_id": "req-9e1b4b54-1a8a-40dc-bd22-49aa06b2af9b"}]}
2026-05-26 06:55:04.750 9 INFO neutron.wsgi [None req-90e4e07e-c891-40eb-bcf5-78f2af695fd5 a35fdab04d064cf3afb4d5274e795bcf b904d785b88d4e348998afece0dffd52 - - default default] 10.0.0.153 "DELETE /v2.0/networks/05565d28-3e16-4bf2-9d38-224471d4bab3 HTTP/1.1" status: 204 len: 168 time: 0.4803660
2026-05-26 06:55:05.235 10 INFO neutron.wsgi [req-90231990-3c6c-4d2a-93d8-07a28941a1f4 req-a7dbc275-1b2d-4e83-b321-b318977844aa ac8d5b34cb0841639bed8536fb4bf1c5 6836b74802d648eb87e9c23307c8f2d3 - - default default] 10.0.0.158 "GET /v2.0/ports?device_id=28957b8f-a019-4b77-85ea-53e1959a5945 HTTP/1.1" status: 200 len: 1172 time: 0.0484066
2026-05-26 06:55:05.283 10 INFO neutron.wsgi [req-90231990-3c6c-4d2a-93d8-07a28941a1f4 req-e009188b-9543-4db9-aed5-f0ff006d1223 ac8d5b34cb0841639bed8536fb4bf1c5 6836b74802d648eb87e9c23307c8f2d3 - - default default] 10.0.0.158 "GET /v2.0/security-groups?id=4bc58df8-51c8-4c2e-8dde-7bb1f00d3a5e&fields=id&fields=name HTTP/1.1" status: 200 len: 313 time: 0.0380187
2026-05-26 06:55:05.417 10 INFO neutron.wsgi [None req-d6d9722b-cf9d-4d82-83b9-8f0f30c53aeb 8d16257921214e02b42d32bfec1b919c 9e6d7ce1c2244722bba0373ead6ae8d3 - - default default] 10.0.0.153 "GET /v2.0/security-groups?tenant_id=b904d785b88d4e348998afece0dffd52&name=default HTTP/1.1" status: 200 len: 2996 time: 0.1777599
2026-05-26 06:55:05.619 9 INFO neutron.wsgi [None req-86fc3a10-1b16-4580-b8e1-70f5f594fb68 fe96e3e316c3445e9278e15f137a1e89 28b7ad37efe84e63a1bb1259383b7983 - - default default] 10.0.0.153 "DELETE /v2.0/security-groups/38227bda-5f74-4730-bbc0-8e807dd2dc4f HTTP/1.1" status: 204 len: 168 time: 0.1414657
2026-05-26 06:55:05.633 10 INFO neutron.wsgi [req-fa4cd00a-eb58-4307-8205-6939c6224b6b req-e8b9bb66-8c19-40fe-9401-c79f16bc65ee d9f24d3f05314bada664deafbf0c70b0 8f385a30f2104832938e9ea156b47ab1 - - default default] 10.0.0.158 "GET /v2.0/ports?device_id=bd0a7d5e-cd62-4911-9df2-99e7bd70e913 HTTP/1.1" status: 200 len: 1172 time: 0.0574684
2026-05-26 06:55:05.636 9 INFO neutron.api.v2.resource [None req-529a1b75-f562-4c5c-84d2-9f44089a8d74 fe96e3e316c3445e9278e15f137a1e89 28b7ad37efe84e63a1bb1259383b7983 - - default default] show failed (client error): The resource could not be found.
2026-05-26 06:55:05.638 9 INFO neutron.wsgi [None req-529a1b75-f562-4c5c-84d2-9f44089a8d74 fe96e3e316c3445e9278e15f137a1e89 28b7ad37efe84e63a1bb1259383b7983 - - default default] 10.0.0.153 "GET /v2.0/security-groups/38227bda-5f74-4730-bbc0-8e807dd2dc4f HTTP/1.1" status: 404 len: 347 time: 0.0127687
2026-05-26 06:55:05.674 10 INFO neutron.wsgi [req-fa4cd00a-eb58-4307-8205-6939c6224b6b req-bd7f565c-dd9e-4906-9c06-41fc8d142cb2 d9f24d3f05314bada664deafbf0c70b0 8f385a30f2104832938e9ea156b47ab1 - - default default] 10.0.0.158 "GET /v2.0/security-groups?id=5738d67a-75d8-4223-ac61-ceb61f96eaa3&fields=id&fields=name HTTP/1.1" status: 200 len: 312 time: 0.0344894
2026-05-26 06:55:05.686 9 WARNING neutron.plugins.ml2.drivers.ovn.mech_driver.ovsdb.ovn_client [None req-5387fb26-6f8c-40cd-bf4a-41039702261f - - - - - -] No port found with ID 2d2dceb1-206d-4986-9635-575e3dc93b0d: RuntimeError: No port found with ID 2d2dceb1-206d-4986-9635-575e3dc93b0d
2026-05-26 06:55:05.686 9 INFO neutron.plugins.ml2.drivers.ovn.mech_driver.mech_driver [None req-5387fb26-6f8c-40cd-bf4a-41039702261f - - - - - -] OVN reports status up for port: 93a5850f-4727-45c0-a535-738771441a63
2026-05-26 06:55:05.689 10 INFO neutron.wsgi [None req-773812c5-2f98-4dcc-9056-18621c0b1ce2 8d16257921214e02b42d32bfec1b919c 9e6d7ce1c2244722bba0373ead6ae8d3 - - default default] 10.0.0.153 "DELETE /v2.0/security-groups/8a25e802-0556-4c20-9d40-f6d0f63e2535 HTTP/1.1" status: 204 len: 168 time: 0.2678289
2026-05-26 06:55:05.713 9 INFO neutron.plugins.ml2.plugin [None req-5387fb26-6f8c-40cd-bf4a-41039702261f - - - - - -] Attempt 1 to provision port 93a5850f-4727-45c0-a535-738771441a63
2026-05-26 06:55:05.897 9 INFO neutron.notifiers.nova [-] Nova event matching ['req-ca81be05-396d-496f-9808-f7fe84cd30be'] response: {'server_uuid': 'bd0a7d5e-cd62-4911-9df2-99e7bd70e913', 'name': 'network-vif-plugged', 'status': 'completed', 'tag': '93a5850f-4727-45c0-a535-738771441a63', 'code': 200}
2026-05-26 06:55:06.122 9 INFO neutron.db.ovn_revision_numbers_db [None req-5387fb26-6f8c-40cd-bf4a-41039702261f - - - - - -] Successfully bumped revision number for resource 93a5850f-4727-45c0-a535-738771441a63 (type: ports) to 4
2026-05-26 06:55:06.135 9 INFO neutron.wsgi [None req-7bba9d97-50e7-4659-b7b4-cf36c9c0c260 fe96e3e316c3445e9278e15f137a1e89 28b7ad37efe84e63a1bb1259383b7983 - - default default] 10.0.0.153 "DELETE /v2.0/floatingips/070e3c58-2403-4ff9-9aa4-d569bdecb726 HTTP/1.1" status: 204 len: 168 time: 0.4915030
2026-05-26 06:55:06.228 9 INFO neutron.plugins.ml2.drivers.ovn.mech_driver.mech_driver [None req-5387fb26-6f8c-40cd-bf4a-41039702261f - - - - - -] OVN reports status up for port: 4bc6009e-ca0a-4562-aa65-30bb8d513441
2026-05-26 06:55:06.260 9 INFO neutron.plugins.ml2.plugin [None req-5387fb26-6f8c-40cd-bf4a-41039702261f - - - - - -] Attempt 1 to provision port 4bc6009e-ca0a-4562-aa65-30bb8d513441
2026-05-26 06:55:06.421 10 INFO neutron.wsgi [req-f89eefaf-fa02-463b-932c-529dac37b61c req-a4004f03-6450-430d-b3a2-9b8db25f1e62 ac8d5b34cb0841639bed8536fb4bf1c5 6836b74802d648eb87e9c23307c8f2d3 - - default default] 10.0.0.158 "GET /v2.0/ports?device_id=28957b8f-a019-4b77-85ea-53e1959a5945 HTTP/1.1" status: 200 len: 1174 time: 0.0555933
2026-05-26 06:55:06.474 10 INFO neutron.wsgi [req-f89eefaf-fa02-463b-932c-529dac37b61c req-902ceb44-639b-496a-b432-21f62ef7849d ac8d5b34cb0841639bed8536fb4bf1c5 6836b74802d648eb87e9c23307c8f2d3 - - default default] 10.0.0.158 "GET /v2.0/security-groups?id=4bc58df8-51c8-4c2e-8dde-7bb1f00d3a5e&fields=id&fields=name HTTP/1.1" status: 200 len: 313 time: 0.0423160
2026-05-26 06:55:06.553 9 INFO neutron.db.ovn_revision_numbers_db [None req-5387fb26-6f8c-40cd-bf4a-41039702261f - - - - - -] Successfully bumped revision number for resource 4bc6009e-ca0a-4562-aa65-30bb8d513441 (type: ports) to 4
2026-05-26 06:55:06.606 9 INFO neutron.plugins.ml2.drivers.ovn.mech_driver.mech_driver [None req-5387fb26-6f8c-40cd-bf4a-41039702261f - - - - - -] OVN reports status down for port: d424fc22-8e4c-4e49-af03-5f9334c0b99d
2026-05-26 06:55:06.798 10 INFO neutron.wsgi [req-6572afb6-44d0-40c9-a20d-ed98be640154 req-ecdb9f15-d822-4110-8deb-381a4baabd5f d9f24d3f05314bada664deafbf0c70b0 8f385a30f2104832938e9ea156b47ab1 - - default default] 10.0.0.158 "GET /v2.0/ports?device_id=bd0a7d5e-cd62-4911-9df2-99e7bd70e913 HTTP/1.1" status: 200 len: 1174 time: 0.0474248
2026-05-26 06:55:06.859 10 INFO neutron.wsgi [req-6572afb6-44d0-40c9-a20d-ed98be640154 req-2b4a3f2e-5d10-4c31-b09c-37e6f492c7e4 d9f24d3f05314bada664deafbf0c70b0 8f385a30f2104832938e9ea156b47ab1 - - default default] 10.0.0.158 "GET /v2.0/security-groups?id=5738d67a-75d8-4223-ac61-ceb61f96eaa3&fields=id&fields=name HTTP/1.1" status: 200 len: 312 time: 0.0539730
2026-05-26 06:55:06.997 10 INFO neutron.wsgi [req-f53f0983-3ec0-47c5-b9a0-db9346d94307 req-d83e059f-3abd-4f9f-9785-f630898b94e2 d9f24d3f05314bada664deafbf0c70b0 8f385a30f2104832938e9ea156b47ab1 - - default default] 10.0.0.158 "GET /v2.0/ports?device_id=bd0a7d5e-cd62-4911-9df2-99e7bd70e913 HTTP/1.1" status: 200 len: 1174 time: 0.0656509 /var/lib/openstack/lib/python3.10/site-packages/pycadf/identifier.py:71: UserWarning: Invalid uuid: neutron. To ensure interoperability, identifiers should be a valid uuid. warnings.warn(('Invalid uuid: %s. To ensure interoperability, '
2026-05-26 06:55:07.278 9 INFO neutron.db.l3_db [None req-7a008a2a-0a20-4e6d-9087-e5cee9914938 d9f24d3f05314bada664deafbf0c70b0 8f385a30f2104832938e9ea156b47ab1 - - default default] Floating IP 9d0093a8-4a81-4c8b-9867-b4d4fcaafcfc associated. External IP: 10.96.250.210, port: 93a5850f-4727-45c0-a535-738771441a63.
2026-05-26 06:55:07.489 9 INFO neutron.db.ovn_revision_numbers_db [None req-7a008a2a-0a20-4e6d-9087-e5cee9914938 d9f24d3f05314bada664deafbf0c70b0 8f385a30f2104832938e9ea156b47ab1 - - default default] Successfully bumped revision number for resource 9d0093a8-4a81-4c8b-9867-b4d4fcaafcfc (type: floatingips) to 1
2026-05-26 06:55:07.579 10 INFO neutron.wsgi [req-092c1b2f-0974-4ad2-b1a5-b4787fa92992 req-9aadc530-f314-4fa6-bd7d-85f86a6587bf ac8d5b34cb0841639bed8536fb4bf1c5 6836b74802d648eb87e9c23307c8f2d3 - - default default] 10.0.0.158 "GET /v2.0/ports?device_id=28957b8f-a019-4b77-85ea-53e1959a5945 HTTP/1.1" status: 200 len: 1174 time: 0.0396471
2026-05-26 06:55:07.636 9 INFO neutron.db.ovn_revision_numbers_db [None req-7a008a2a-0a20-4e6d-9087-e5cee9914938 d9f24d3f05314bada664deafbf0c70b0 8f385a30f2104832938e9ea156b47ab1 - - default default] Successfully bumped revision number for resource 9d0093a8-4a81-4c8b-9867-b4d4fcaafcfc (type: floatingips) to 2
2026-05-26 06:55:07.666 10 INFO neutron.wsgi [req-092c1b2f-0974-4ad2-b1a5-b4787fa92992 req-81893276-c8ea-41b2-bec4-f3b7a6d5d761 ac8d5b34cb0841639bed8536fb4bf1c5 6836b74802d648eb87e9c23307c8f2d3 - - default default] 10.0.0.158 "GET /v2.0/security-groups?id=4bc58df8-51c8-4c2e-8dde-7bb1f00d3a5e&fields=id&fields=name HTTP/1.1" status: 200 len: 313 time: 0.0814617
2026-05-26 06:55:07.672 9 INFO neutron.wsgi [None req-7a008a2a-0a20-4e6d-9087-e5cee9914938 d9f24d3f05314bada664deafbf0c70b0 8f385a30f2104832938e9ea156b47ab1 - - default default] 10.0.0.153 "PUT /v2.0/floatingips/9d0093a8-4a81-4c8b-9867-b4d4fcaafcfc HTTP/1.1" status: 200 len: 1050 time: 0.6650691
2026-05-26 06:55:07.694 10 WARNING neutron_lib.context [None req-90904feb-d4dc-4554-a13c-92438f2b3074 48655c67e55e4ffab7468169d9dd9530 9f4bface63b74219a7a1daf324585b2f - - default default] Method 'is_advsvc' is deprecated since 2023.2 release (neutron-lib 3.8.0) and will be removed once support for the old RBAC API policies will be removed from Neutron. Please use method 'is_service_role' instead.
2026-05-26 06:55:07.695 10 WARNING neutron_lib.context [None req-90904feb-d4dc-4554-a13c-92438f2b3074 48655c67e55e4ffab7468169d9dd9530 9f4bface63b74219a7a1daf324585b2f - - default default] Method 'is_advsvc' is deprecated since 2023.2 release (neutron-lib 3.8.0) and will be removed once support for the old RBAC API policies will be removed from Neutron. Please use method 'is_service_role' instead.
2026-05-26 06:55:07.894 10 INFO neutron.db.ovn_revision_numbers_db [None req-90904feb-d4dc-4554-a13c-92438f2b3074 48655c67e55e4ffab7468169d9dd9530 9f4bface63b74219a7a1daf324585b2f - - default default] Successfully bumped revision number for resource 19225b3c-c881-41a7-a46d-d4b7ab7822b8 (type: security_groups) to 1
2026-05-26 06:55:07.909 10 INFO neutron.db.ovn_revision_numbers_db [None req-90904feb-d4dc-4554-a13c-92438f2b3074 48655c67e55e4ffab7468169d9dd9530 9f4bface63b74219a7a1daf324585b2f - - default default] Successfully bumped revision number for resource 2a35abe8-cb35-4d94-9522-550ddeb3743a (type: security_group_rules) to 0
2026-05-26 06:55:07.936 9 INFO neutron.notifiers.nova [-] Nova event matching ['req-29d4a197-112b-450b-a963-c3916d7329db'] response: {'server_uuid': 'bd0a7d5e-cd62-4911-9df2-99e7bd70e913', 'name': 'network-vif-plugged', 'status': 'completed', 'tag': '93a5850f-4727-45c0-a535-738771441a63', 'code': 200}
2026-05-26 06:55:07.939 9 INFO neutron.notifiers.nova [-] Nova event matching ['req-29d4a197-112b-450b-a963-c3916d7329db'] response: {'server_uuid': '28957b8f-a019-4b77-85ea-53e1959a5945', 'name': 'network-vif-plugged', 'status': 'completed', 'tag': '4bc6009e-ca0a-4562-aa65-30bb8d513441', 'code': 200}
2026-05-26 06:55:07.939 9 INFO neutron.notifiers.nova [-] Nova event matching ['req-29d4a197-112b-450b-a963-c3916d7329db'] response: {'server_uuid': '28957b8f-a019-4b77-85ea-53e1959a5945', 'name': 'network-vif-plugged', 'status': 'completed', 'tag': '4bc6009e-ca0a-4562-aa65-30bb8d513441', 'code': 200}
2026-05-26 06:55:07.939 9 INFO neutron.notifiers.nova [-] Nova event matching ['req-29d4a197-112b-450b-a963-c3916d7329db'] response: {'name': 'network-changed', 'server_uuid': 'bd0a7d5e-cd62-4911-9df2-99e7bd70e913', 'tag': '93a5850f-4727-45c0-a535-738771441a63', 'status': 'completed', 'code': 200}
2026-05-26 06:55:07.946 10 INFO neutron.db.ovn_revision_numbers_db [None req-90904feb-d4dc-4554-a13c-92438f2b3074 48655c67e55e4ffab7468169d9dd9530 9f4bface63b74219a7a1daf324585b2f - - default default] Successfully bumped revision number for resource 4e5d8e74-fb35-4ca0-a945-487fbb259014 (type: security_group_rules) to 0
2026-05-26 06:55:07.952 10 INFO neutron.wsgi [None req-58026bf3-8f40-4ff9-8568-c126cc7336a2 8d16257921214e02b42d32bfec1b919c 9e6d7ce1c2244722bba0373ead6ae8d3 - - default default] 10.0.0.153 "PUT /v2.0/routers/83825516-b015-485d-9747-35ef697060a0/remove_router_interface HTTP/1.1" status: 200 len: 503 time: 1.7091148 /var/lib/openstack/lib/python3.10/site-packages/pycadf/identifier.py:71: UserWarning: Invalid uuid: neutron. To ensure interoperability, identifiers should be a valid uuid. warnings.warn(('Invalid uuid: %s. To ensure interoperability, '
2026-05-26 06:55:07.967 10 INFO neutron.db.ovn_revision_numbers_db [None req-90904feb-d4dc-4554-a13c-92438f2b3074 48655c67e55e4ffab7468169d9dd9530 9f4bface63b74219a7a1daf324585b2f - - default default] Successfully bumped revision number for resource 56b108f8-b763-4d3a-ae56-1d74d74e3134 (type: security_group_rules) to 0 /var/lib/openstack/lib/python3.10/site-packages/pycadf/identifier.py:71: UserWarning: Invalid uuid: neutron. To ensure interoperability, identifiers should be a valid uuid. warnings.warn(('Invalid uuid: %s. To ensure interoperability, '
2026-05-26 06:55:08.012 10 INFO neutron.wsgi [req-be7afd66-7fb6-45b2-9dd7-35334e46b8d1 req-51d28738-53b8-4399-9792-8b8f6ec03b24 5c7467c5ea814135a75c199c52b33b24 4bcddaff19f249f4a00d6370a17ba542 - - 058c7cd3bd794d488f99be929a924898 058c7cd3bd794d488f99be929a924898] 199.204.45.19 "GET /v2.0/ports?tenant_id=8f385a30f2104832938e9ea156b47ab1&device_id=bd0a7d5e-cd62-4911-9df2-99e7bd70e913 HTTP/1.1" status: 200 len: 1413 time: 0.0426998
2026-05-26 06:55:08.012 10 INFO neutron.db.ovn_revision_numbers_db [None req-90904feb-d4dc-4554-a13c-92438f2b3074 48655c67e55e4ffab7468169d9dd9530 9f4bface63b74219a7a1daf324585b2f - - default default] Successfully bumped revision number for resource b766844d-951f-49e3-adef-df87ac236f67 (type: security_group_rules) to 0
2026-05-26 06:55:08.093 10 INFO neutron.wsgi [req-be7afd66-7fb6-45b2-9dd7-35334e46b8d1 req-0ea02118-3747-4a95-9832-d4cb738cafec 5c7467c5ea814135a75c199c52b33b24 4bcddaff19f249f4a00d6370a17ba542 - - 058c7cd3bd794d488f99be929a924898 058c7cd3bd794d488f99be929a924898] 199.204.45.19 "GET /v2.0/networks?id=6cbdf446-5657-44e6-bb44-e96358c05ac0 HTTP/1.1" status: 200 len: 974 time: 0.0762591
2026-05-26 06:55:08.139 10 INFO neutron.db.segments_db [None req-90904feb-d4dc-4554-a13c-92438f2b3074 48655c67e55e4ffab7468169d9dd9530 9f4bface63b74219a7a1daf324585b2f - - default default] Added segment 94bbc924-e961-4a5c-9c8b-b14ed1725284 of type geneve for network 7890dbf0-dada-45f6-9660-8e7bb5cba09d
2026-05-26 06:55:08.153 10 INFO neutron.wsgi [req-be7afd66-7fb6-45b2-9dd7-35334e46b8d1 req-472c91ee-5c0b-411b-9fff-bf16a646e7f9 5c7467c5ea814135a75c199c52b33b24 4bcddaff19f249f4a00d6370a17ba542 - - 058c7cd3bd794d488f99be929a924898 058c7cd3bd794d488f99be929a924898] 199.204.45.19 "GET /v2.0/floatingips?fixed_ip_address=10.100.0.13&port_id=93a5850f-4727-45c0-a535-738771441a63 HTTP/1.1" status: 200 len: 1060 time: 0.0547037
