2026-02-27 19:31:18.259 7 INFO placement.requestlog [None req-2fc2a6a9-eb9f-4ddd-8af1-a713d2dfe9a9 89d5c116b2f34af191f252029d0cf57e f93db5426c7e42daaaaf664590872084 - - 6f7b00aaeedb4e52a68b5d418fcd20ae 6f7b00aaeedb4e52a68b5d418fcd20ae] 10.0.0.32 "GET /resource_providers/1dab6e9a-0651-4395-a59c-30d096813724/aggregates" status: 404 len: 235 microversion: 1.1 [pid: 7|app: 0|req: 595/1190] 10.0.0.32 () {32 vars in 824 bytes} [Fri Feb 27 19:31:18 2026] GET /resource_providers/1dab6e9a-0651-4395-a59c-30d096813724/aggregates => generated 235 bytes in 48 msecs (HTTP/1.1 404) 5 headers in 202 bytes (1 switches on core 0)
2026-02-27 19:31:18.271 8 INFO placement.requestlog [None req-aacbdcda-2c91-4544-b8db-66bb2f8aa6fc 89d5c116b2f34af191f252029d0cf57e f93db5426c7e42daaaaf664590872084 - - 6f7b00aaeedb4e52a68b5d418fcd20ae 6f7b00aaeedb4e52a68b5d418fcd20ae] 10.0.0.32 "GET /resource_providers/1dab6e9a-0651-4395-a59c-30d096813724/aggregates" status: 404 len: 235 microversion: 1.1
2026-02-27 19:31:18.272 7 INFO placement.requestlog [None req-b91bb4cb-8a11-4fd2-8c14-7db76851dd98 89d5c116b2f34af191f252029d0cf57e f93db5426c7e42daaaaf664590872084 - - 6f7b00aaeedb4e52a68b5d418fcd20ae 6f7b00aaeedb4e52a68b5d418fcd20ae] 10.0.0.32 "DELETE /resource_providers/1dab6e9a-0651-4395-a59c-30d096813724" status: 404 len: 246 microversion: 1.1 [pid: 8|app: 0|req: 596/1191] 10.0.0.32 () {32 vars in 824 bytes} [Fri Feb 27 19:31:18 2026] GET /resource_providers/1dab6e9a-0651-4395-a59c-30d096813724/aggregates => generated 235 bytes in 60 msecs (HTTP/1.1 404) 5 headers in 202 bytes (1 switches on core 0) [pid: 7|app: 0|req: 596/1192] 10.0.0.32 () {34 vars in 824 bytes} [Fri Feb 27 19:31:18 2026] DELETE /resource_providers/1dab6e9a-0651-4395-a59c-30d096813724 => generated 246 bytes in 7 msecs (HTTP/1.1 404) 6 headers in 231 bytes (1 switches on core 0)
2026-02-27 19:31:18.287 8 INFO placement.requestlog [None req-245da93f-edd8-4dc8-a536-7e763cc76f5f 89d5c116b2f34af191f252029d0cf57e f93db5426c7e42daaaaf664590872084 - - 6f7b00aaeedb4e52a68b5d418fcd20ae 6f7b00aaeedb4e52a68b5d418fcd20ae] 10.0.0.32 "DELETE /resource_providers/1dab6e9a-0651-4395-a59c-30d096813724" status: 404 len: 246 microversion: 1.1 [pid: 8|app: 0|req: 597/1193] 10.0.0.32 () {34 vars in 824 bytes} [Fri Feb 27 19:31:18 2026] DELETE /resource_providers/1dab6e9a-0651-4395-a59c-30d096813724 => generated 246 bytes in 9 msecs (HTTP/1.1 404) 6 headers in 231 bytes (1 switches on core 0)
2026-02-27 19:31:18.296 7 INFO placement.requestlog [None req-e8a50486-239d-4bc1-bdee-b95265068442 89d5c116b2f34af191f252029d0cf57e f93db5426c7e42daaaaf664590872084 - - 6f7b00aaeedb4e52a68b5d418fcd20ae 6f7b00aaeedb4e52a68b5d418fcd20ae] 10.0.0.32 "GET /resource_providers/c127e471-0099-43d5-ac65-8936ba875d24/aggregates" status: 404 len: 235 microversion: 1.1 [pid: 7|app: 0|req: 597/1194] 10.0.0.32 () {32 vars in 824 bytes} [Fri Feb 27 19:31:18 2026] GET /resource_providers/c127e471-0099-43d5-ac65-8936ba875d24/aggregates => generated 235 bytes in 8 msecs (HTTP/1.1 404) 5 headers in 202 bytes (1 switches on core 0)
2026-02-27 19:31:18.316 7 INFO placement.requestlog [None req-3f179ec4-c7f4-45d1-a281-00e4709dfc0d 89d5c116b2f34af191f252029d0cf57e f93db5426c7e42daaaaf664590872084 - - 6f7b00aaeedb4e52a68b5d418fcd20ae 6f7b00aaeedb4e52a68b5d418fcd20ae] 10.0.0.32 "DELETE /resource_providers/c127e471-0099-43d5-ac65-8936ba875d24" status: 404 len: 246 microversion: 1.1 [pid: 7|app: 0|req: 598/1195] 10.0.0.32 () {34 vars in 824 bytes} [Fri Feb 27 19:31:18 2026] DELETE /resource_providers/c127e471-0099-43d5-ac65-8936ba875d24 => generated 246 bytes in 8 msecs (HTTP/1.1 404) 6 headers in 231 bytes (1 switches on core 0)
2026-02-27 19:31:18.319 8 INFO placement.requestlog [None req-45acacf9-6631-4b7b-af9e-056a4c9f3113 89d5c116b2f34af191f252029d0cf57e f93db5426c7e42daaaaf664590872084 - - 6f7b00aaeedb4e52a68b5d418fcd20ae 6f7b00aaeedb4e52a68b5d418fcd20ae] 10.0.0.32 "GET /resource_providers/c127e471-0099-43d5-ac65-8936ba875d24/aggregates" status: 404 len: 235 microversion: 1.1 [pid: 8|app: 0|req: 598/1196] 10.0.0.32 () {32 vars in 824 bytes} [Fri Feb 27 19:31:18 2026] GET /resource_providers/c127e471-0099-43d5-ac65-8936ba875d24/aggregates => generated 235 bytes in 12 msecs (HTTP/1.1 404) 5 headers in 202 bytes (1 switches on core 0)
2026-02-27 19:31:18.336 7 INFO placement.requestlog [None req-cf9d000b-9351-4c58-ac71-4458bef00d44 89d5c116b2f34af191f252029d0cf57e f93db5426c7e42daaaaf664590872084 - - 6f7b00aaeedb4e52a68b5d418fcd20ae 6f7b00aaeedb4e52a68b5d418fcd20ae] 10.0.0.32 "DELETE /resource_providers/c127e471-0099-43d5-ac65-8936ba875d24" status: 404 len: 246 microversion: 1.1 [pid: 7|app: 0|req: 599/1197] 10.0.0.32 () {34 vars in 824 bytes} [Fri Feb 27 19:31:18 2026] DELETE /resource_providers/c127e471-0099-43d5-ac65-8936ba875d24 => generated 246 bytes in 9 msecs (HTTP/1.1 404) 6 headers in 231 bytes (1 switches on core 0)
2026-02-27 19:31:20.629 7 INFO placement.requestlog [None req-314d1100-aa07-4675-96d6-e14186c28996 - - - - - -] 10.0.0.146 "GET /" status: 200 len: 136 microversion: 1.0
2026-02-27 19:31:20.630 8 INFO placement.requestlog [None req-9829e566-a3ae-4944-9f2f-84514fec2372 - - - - - -] 10.0.0.146 "GET /" status: 200 len: 136 microversion: 1.0
2026-02-27 19:31:30.630 8 INFO placement.requestlog [None req-6ee73bcd-b0f4-406d-ac04-60455904bb20 - - - - - -] 10.0.0.146 "GET /" status: 200 len: 136 microversion: 1.0
2026-02-27 19:31:30.630 7 INFO placement.requestlog [None req-bb64803a-c454-46e9-942f-1d203b4ccbcf - - - - - -] 10.0.0.146 "GET /" status: 200 len: 136 microversion: 1.0
2026-02-27 19:31:37.389 8 INFO placement.requestlog [None req-6c23bb6c-e658-46f8-89ce-0605e220f2f5 89d5c116b2f34af191f252029d0cf57e f93db5426c7e42daaaaf664590872084 - - 6f7b00aaeedb4e52a68b5d418fcd20ae 6f7b00aaeedb4e52a68b5d418fcd20ae] 10.0.0.32 "GET /resource_providers/d6ad2c26-7e11-401c-b41c-0435b4b5afb2/aggregates" status: 404 len: 235 microversion: 1.1 [pid: 8|app: 0|req: 601/1202] 10.0.0.32 () {32 vars in 824 bytes} [Fri Feb 27 19:31:37 2026] GET /resource_providers/d6ad2c26-7e11-401c-b41c-0435b4b5afb2/aggregates => generated 235 bytes in 11 msecs (HTTP/1.1 404) 5 headers in 202 bytes (1 switches on core 0)
2026-02-27 19:31:37.396 7 INFO placement.requestlog [None req-88329bc9-4528-4775-8144-48b83fa685c8 89d5c116b2f34af191f252029d0cf57e f93db5426c7e42daaaaf664590872084 - - 6f7b00aaeedb4e52a68b5d418fcd20ae 6f7b00aaeedb4e52a68b5d418fcd20ae] 10.0.0.32 "GET /resource_providers/d6ad2c26-7e11-401c-b41c-0435b4b5afb2/aggregates" status: 404 len: 235 microversion: 1.1 [pid: 7|app: 0|req: 602/1203] 10.0.0.32 () {32 vars in 824 bytes} [Fri Feb 27 19:31:37 2026] GET /resource_providers/d6ad2c26-7e11-401c-b41c-0435b4b5afb2/aggregates => generated 235 bytes in 17 msecs (HTTP/1.1 404) 5 headers in 202 bytes (1 switches on core 0)
2026-02-27 19:31:37.405 8 INFO placement.requestlog [None req-be0b746c-aff4-469b-b912-8f0ac5f9c5e7 89d5c116b2f34af191f252029d0cf57e f93db5426c7e42daaaaf664590872084 - - 6f7b00aaeedb4e52a68b5d418fcd20ae 6f7b00aaeedb4e52a68b5d418fcd20ae] 10.0.0.32 "DELETE /resource_providers/d6ad2c26-7e11-401c-b41c-0435b4b5afb2" status: 404 len: 246 microversion: 1.1 [pid: 8|app: 0|req: 602/1204] 10.0.0.32 () {34 vars in 824 bytes} [Fri Feb 27 19:31:37 2026] DELETE /resource_providers/d6ad2c26-7e11-401c-b41c-0435b4b5afb2 => generated 246 bytes in 8 msecs (HTTP/1.1 404) 6 headers in 231 bytes (1 switches on core 0)
2026-02-27 19:31:37.414 7 INFO placement.requestlog [None req-657f7ffe-dcb6-4ec9-ad52-2049ff9ecda9 89d5c116b2f34af191f252029d0cf57e f93db5426c7e42daaaaf664590872084 - - 6f7b00aaeedb4e52a68b5d418fcd20ae 6f7b00aaeedb4e52a68b5d418fcd20ae] 10.0.0.32 "DELETE /resource_providers/d6ad2c26-7e11-401c-b41c-0435b4b5afb2" status: 404 len: 246 microversion: 1.1 [pid: 7|app: 0|req: 603/1205] 10.0.0.32 () {34 vars in 824 bytes} [Fri Feb 27 19:31:37 2026] DELETE /resource_providers/d6ad2c26-7e11-401c-b41c-0435b4b5afb2 => generated 246 bytes in 12 msecs (HTTP/1.1 404) 6 headers in 231 bytes (1 switches on core 0)
2026-02-27 19:31:40.630 7 INFO placement.requestlog [None req-037623b4-68ee-4974-a523-93ac40800884 - - - - - -] 10.0.0.146 "GET /" status: 200 len: 136 microversion: 1.0
2026-02-27 19:31:40.630 8 INFO placement.requestlog [None req-fe6b4a85-81c8-4fb1-9f45-217c2db05927 - - - - - -] 10.0.0.146 "GET /" status: 200 len: 136 microversion: 1.0
2026-02-27 19:31:49.594 7 INFO placement.requestlog [None req-e08468e1-e25b-40f5-9207-88a17ccdc0d7 89d5c116b2f34af191f252029d0cf57e f93db5426c7e42daaaaf664590872084 - - 6f7b00aaeedb4e52a68b5d418fcd20ae 6f7b00aaeedb4e52a68b5d418fcd20ae] 10.0.0.32 "GET /resource_providers/073eeb1e-a3d6-4aea-aea5-03b769c1f6a5/aggregates" status: 404 len: 235 microversion: 1.1 [pid: 7|app: 0|req: 605/1208] 10.0.0.32 () {32 vars in 824 bytes} [Fri Feb 27 19:31:49 2026] GET /resource_providers/073eeb1e-a3d6-4aea-aea5-03b769c1f6a5/aggregates => generated 235 bytes in 8 msecs (HTTP/1.1 404) 5 headers in 202 bytes (1 switches on core 0)
2026-02-27 19:31:49.597 8 INFO placement.requestlog [None req-cddd26d9-d0ae-48e6-b879-6d16ae5142ab 89d5c116b2f34af191f252029d0cf57e f93db5426c7e42daaaaf664590872084 - - 6f7b00aaeedb4e52a68b5d418fcd20ae 6f7b00aaeedb4e52a68b5d418fcd20ae] 10.0.0.32 "GET /resource_providers/073eeb1e-a3d6-4aea-aea5-03b769c1f6a5/aggregates" status: 404 len: 235 microversion: 1.1 [pid: 8|app: 0|req: 604/1209] 10.0.0.32 () {32 vars in 824 bytes} [Fri Feb 27 19:31:49 2026] GET /resource_providers/073eeb1e-a3d6-4aea-aea5-03b769c1f6a5/aggregates => generated 235 bytes in 12 msecs (HTTP/1.1 404) 5 headers in 202 bytes (1 switches on core 0)
2026-02-27 19:31:49.613 7 INFO placement.requestlog [None req-0492ccdc-0cce-49c0-a687-6a9e5c1fe49a 89d5c116b2f34af191f252029d0cf57e f93db5426c7e42daaaaf664590872084 - - 6f7b00aaeedb4e52a68b5d418fcd20ae 6f7b00aaeedb4e52a68b5d418fcd20ae] 10.0.0.32 "DELETE /resource_providers/073eeb1e-a3d6-4aea-aea5-03b769c1f6a5" status: 404 len: 246 microversion: 1.1 [pid: 7|app: 0|req: 606/1210] 10.0.0.32 () {34 vars in 824 bytes} [Fri Feb 27 19:31:49 2026] DELETE /resource_providers/073eeb1e-a3d6-4aea-aea5-03b769c1f6a5 => generated 246 bytes in 8 msecs (HTTP/1.1 404) 6 headers in 231 bytes (1 switches on core 0)
2026-02-27 19:31:49.615 8 INFO placement.requestlog [None req-2fcdf356-fd32-4555-b7d0-bd99561e529b 89d5c116b2f34af191f252029d0cf57e f93db5426c7e42daaaaf664590872084 - - 6f7b00aaeedb4e52a68b5d418fcd20ae 6f7b00aaeedb4e52a68b5d418fcd20ae] 10.0.0.32 "DELETE /resource_providers/073eeb1e-a3d6-4aea-aea5-03b769c1f6a5" status: 404 len: 246 microversion: 1.1 [pid: 8|app: 0|req: 605/1211] 10.0.0.32 () {34 vars in 824 bytes} [Fri Feb 27 19:31:49 2026] DELETE /resource_providers/073eeb1e-a3d6-4aea-aea5-03b769c1f6a5 => generated 246 bytes in 8 msecs (HTTP/1.1 404) 6 headers in 231 bytes (1 switches on core 0)
2026-02-27 19:31:49.993 8 INFO placement.requestlog [None req-f1178653-9628-44ff-a51e-ba7ea188eb54 89d5c116b2f34af191f252029d0cf57e f93db5426c7e42daaaaf664590872084 - - 6f7b00aaeedb4e52a68b5d418fcd20ae 6f7b00aaeedb4e52a68b5d418fcd20ae] 10.0.0.32 "GET /resource_providers/791d2e29-8488-4791-af08-7adf07ba3008/aggregates" status: 404 len: 235 microversion: 1.1 [pid: 8|app: 0|req: 606/1212] 10.0.0.32 () {32 vars in 824 bytes} [Fri Feb 27 19:31:49 2026] GET /resource_providers/791d2e29-8488-4791-af08-7adf07ba3008/aggregates => generated 235 bytes in 13 msecs (HTTP/1.1 404) 5 headers in 202 bytes (1 switches on core 0)
2026-02-27 19:31:49.995 7 INFO placement.requestlog [None req-d6ebe507-dc4b-4222-8eae-4ace57be4a06 89d5c116b2f34af191f252029d0cf57e f93db5426c7e42daaaaf664590872084 - - 6f7b00aaeedb4e52a68b5d418fcd20ae 6f7b00aaeedb4e52a68b5d418fcd20ae] 10.0.0.32 "GET /resource_providers/791d2e29-8488-4791-af08-7adf07ba3008/aggregates" status: 404 len: 235 microversion: 1.1 [pid: 7|app: 0|req: 607/1213] 10.0.0.32 () {32 vars in 824 bytes} [Fri Feb 27 19:31:49 2026] GET /resource_providers/791d2e29-8488-4791-af08-7adf07ba3008/aggregates => generated 235 bytes in 15 msecs (HTTP/1.1 404) 5 headers in 202 bytes (1 switches on core 0)
2026-02-27 19:31:50.016 8 INFO placement.requestlog [None req-b215f279-f21e-46a8-ad6c-44b53a2f29f4 89d5c116b2f34af191f252029d0cf57e f93db5426c7e42daaaaf664590872084 - - 6f7b00aaeedb4e52a68b5d418fcd20ae 6f7b00aaeedb4e52a68b5d418fcd20ae] 10.0.0.32 "DELETE /resource_providers/791d2e29-8488-4791-af08-7adf07ba3008" status: 404 len: 246 microversion: 1.1 [pid: 8|app: 0|req: 607/1214] 10.0.0.32 () {34 vars in 824 bytes} [Fri Feb 27 19:31:50 2026] DELETE /resource_providers/791d2e29-8488-4791-af08-7adf07ba3008 => generated 246 bytes in 14 msecs (HTTP/1.1 404) 6 headers in 231 bytes (1 switches on core 0)
2026-02-27 19:31:50.025 7 INFO placement.requestlog [None req-6451883d-31f9-4b16-9144-a3f5e2fcd695 89d5c116b2f34af191f252029d0cf57e f93db5426c7e42daaaaf664590872084 - - 6f7b00aaeedb4e52a68b5d418fcd20ae 6f7b00aaeedb4e52a68b5d418fcd20ae] 10.0.0.32 "DELETE /resource_providers/791d2e29-8488-4791-af08-7adf07ba3008" status: 404 len: 246 microversion: 1.1 [pid: 7|app: 0|req: 608/1215] 10.0.0.32 () {34 vars in 824 bytes} [Fri Feb 27 19:31:50 2026] DELETE /resource_providers/791d2e29-8488-4791-af08-7adf07ba3008 => generated 246 bytes in 18 msecs (HTTP/1.1 404) 6 headers in 231 bytes (1 switches on core 0)
2026-02-27 19:31:50.630 8 INFO placement.requestlog [None req-6e0e299f-1c8e-4873-a36f-c92478b4f9be - - - - - -] 10.0.0.146 "GET /" status: 200 len: 136 microversion: 1.0
2026-02-27 19:31:50.630 7 INFO placement.requestlog [None req-a6357d82-a460-43ca-b805-ce06dd409be2 - - - - - -] 10.0.0.146 "GET /" status: 200 len: 136 microversion: 1.0
2026-02-27 19:31:55.671 8 INFO placement.requestlog [None req-9c4601a6-ff58-47f0-b8f5-43fdad900b6e 47c62716c03a4a4c96d809bc8d006bc6 1fdea886561b449284a7f80e9351b184 - - default default] 10.0.0.177 "GET /resource_providers" status: 200 len: 406 microversion: 1.0 [pid: 8|app: 0|req: 609/1218] 10.0.0.177 () {28 vars in 593 bytes} [Fri Feb 27 19:31:55 2026] GET /resource_providers => generated 406 bytes in 201 msecs (HTTP/1.1 200) 6 headers in 224 bytes (1 switches on core 0)
2026-02-27 19:31:55.696 7 INFO placement.requestlog [None req-3b4fdbf0-dea5-42fd-9f18-0d9d2f8bb077 47c62716c03a4a4c96d809bc8d006bc6 1fdea886561b449284a7f80e9351b184 - - default default] 10.0.0.177 "GET /resource_providers/f0cccab5-004d-4a72-84fc-d191b20d155f/inventories" status: 200 len: 401 microversion: 1.0 [pid: 7|app: 0|req: 610/1219] 10.0.0.177 () {28 vars in 691 bytes} [Fri Feb 27 19:31:55 2026] GET /resource_providers/f0cccab5-004d-4a72-84fc-d191b20d155f/inventories => generated 401 bytes in 20 msecs (HTTP/1.1 200) 6 headers in 224 bytes (1 switches on core 0)
2026-02-27 19:31:55.720 8 INFO placement.requestlog [None req-5aa3fdd5-654f-464c-bed8-603cc7c81527 47c62716c03a4a4c96d809bc8d006bc6 1fdea886561b449284a7f80e9351b184 - - default default] 10.0.0.177 "GET /resource_providers/f0cccab5-004d-4a72-84fc-d191b20d155f/usages" status: 200 len: 89 microversion: 1.0 [pid: 8|app: 0|req: 610/1220] 10.0.0.177 () {28 vars in 681 bytes} [Fri Feb 27 19:31:55 2026] GET /resource_providers/f0cccab5-004d-4a72-84fc-d191b20d155f/usages => generated 89 bytes in 20 msecs (HTTP/1.1 200) 6 headers in 223 bytes (1 switches on core 0)
2026-02-27 19:32:00.630 7 INFO placement.requestlog [None req-c92850ee-d261-4dc2-9479-a74aaaaf14cb - - - - - -] 10.0.0.146 "GET /" status: 200 len: 136 microversion: 1.0
2026-02-27 19:32:00.631 8 INFO placement.requestlog [None req-527454ce-1761-4c5d-932e-813e206a8e31 - - - - - -] 10.0.0.146 "GET /" status: 200 len: 136 microversion: 1.0
2026-02-27 19:32:04.879 7 INFO placement.requestlog [req-85fadacb-cdfb-4657-89c7-4b483b4623eb req-b9e59a2e-f868-43d7-a687-eacb23c05140 c7b6c27ed9dc410ebb2bed8e2e214eee f93db5426c7e42daaaaf664590872084 - - 6f7b00aaeedb4e52a68b5d418fcd20ae 6f7b00aaeedb4e52a68b5d418fcd20ae] 199.204.45.49 "GET /resource_providers/f0cccab5-004d-4a72-84fc-d191b20d155f/allocations" status: 200 len: 55 microversion: 1.0 [pid: 7|app: 0|req: 612/1223] 199.204.45.49 () {32 vars in 856 bytes} [Fri Feb 27 19:32:04 2026] GET /resource_providers/f0cccab5-004d-4a72-84fc-d191b20d155f/allocations => generated 55 bytes in 13 msecs (HTTP/1.1 200) 6 headers in 223 bytes (1 switches on core 0)
2026-02-27 19:32:04.900 8 INFO placement.requestlog [req-85fadacb-cdfb-4657-89c7-4b483b4623eb req-8280f2cf-7266-4dfc-b988-572b0e1f5238 c7b6c27ed9dc410ebb2bed8e2e214eee f93db5426c7e42daaaaf664590872084 - - 6f7b00aaeedb4e52a68b5d418fcd20ae 6f7b00aaeedb4e52a68b5d418fcd20ae] 199.204.45.49 "GET /resource_providers/f0cccab5-004d-4a72-84fc-d191b20d155f/allocations" status: 200 len: 55 microversion: 1.0 [pid: 8|app: 0|req: 612/1224] 199.204.45.49 () {32 vars in 856 bytes} [Fri Feb 27 19:32:04 2026] GET /resource_providers/f0cccab5-004d-4a72-84fc-d191b20d155f/allocations => generated 55 bytes in 15 msecs (HTTP/1.1 200) 6 headers in 223 bytes (1 switches on core 0)
2026-02-27 19:32:10.629 7 INFO placement.requestlog [None req-20dad19a-fb1d-4e22-a9fa-cdc8b65d99a2 - - - - - -] 10.0.0.146 "GET /" status: 200 len: 136 microversion: 1.0
2026-02-27 19:32:10.629 8 INFO placement.requestlog [None req-fd83dbee-dfae-439c-a86f-cb04a8fb14e5 - - - - - -] 10.0.0.146 "GET /" status: 200 len: 136 microversion: 1.0
2026-02-27 19:32:20.630 7 INFO placement.requestlog [None req-3f05e992-0dd2-46e8-bb8d-a6a6300413d8 - - - - - -] 10.0.0.146 "GET /" status: 200 len: 136 microversion: 1.0
2026-02-27 19:32:20.630 8 INFO placement.requestlog [None req-6316b12d-58cd-41d6-9bd3-e62074f7405f - - - - - -] 10.0.0.146 "GET /" status: 200 len: 136 microversion: 1.0
2026-02-27 19:32:30.629 7 INFO placement.requestlog [None req-9698dce4-fe77-4ffc-b448-b028995d1075 - - - - - -] 10.0.0.146 "GET /" status: 200 len: 136 microversion: 1.0
2026-02-27 19:32:30.630 8 INFO placement.requestlog [None req-d5d4794a-dedc-4864-ae10-15f40215de3e - - - - - -] 10.0.0.146 "GET /" status: 200 len: 136 microversion: 1.0
2026-02-27 19:32:40.630 7 INFO placement.requestlog [None req-151d4d04-19a2-40b5-ba51-70068b26e7a8 - - - - - -] 10.0.0.146 "GET /" status: 200 len: 136 microversion: 1.0
2026-02-27 19:32:40.630 8 INFO placement.requestlog [None req-819839a4-8087-4992-9ba2-f84824d50b09 - - - - - -] 10.0.0.146 "GET /" status: 200 len: 136 microversion: 1.0
2026-02-27 19:32:50.629 7 INFO placement.requestlog [None req-3fbf443c-711f-4505-b821-a812b83274de - - - - - -] 10.0.0.146 "GET /" status: 200 len: 136 microversion: 1.0
2026-02-27 19:32:50.630 8 INFO placement.requestlog [None req-782992fc-9a45-4f63-b530-955c75966e1b - - - - - -] 10.0.0.146 "GET /" status: 200 len: 136 microversion: 1.0
2026-02-27 19:32:55.473 7 INFO placement.requestlog [None req-9c747b58-b173-43ae-8170-97e00c01d7bc 47c62716c03a4a4c96d809bc8d006bc6 1fdea886561b449284a7f80e9351b184 - - default default] 10.0.0.177 "GET /resource_providers" status: 200 len: 406 microversion: 1.0 [pid: 7|app: 0|req: 618/1235] 10.0.0.177 () {28 vars in 593 bytes} [Fri Feb 27 19:32:55 2026] GET /resource_providers => generated 406 bytes in 80 msecs (HTTP/1.1 200) 6 headers in 224 bytes (1 switches on core 0)
2026-02-27 19:32:55.520 8 INFO placement.requestlog [None req-03619679-be6f-4b77-90d2-67341541a320 47c62716c03a4a4c96d809bc8d006bc6 1fdea886561b449284a7f80e9351b184 - - default default] 10.0.0.177 "GET /resource_providers/f0cccab5-004d-4a72-84fc-d191b20d155f/inventories" status: 200 len: 401 microversion: 1.0 [pid: 8|app: 0|req: 618/1236] 10.0.0.177 () {28 vars in 691 bytes} [Fri Feb 27 19:32:55 2026] GET /resource_providers/f0cccab5-004d-4a72-84fc-d191b20d155f/inventories => generated 401 bytes in 40 msecs (HTTP/1.1 200) 6 headers in 224 bytes (1 switches on core 0)
2026-02-27 19:32:55.551 7 INFO placement.requestlog [None req-21c312f8-2f34-458b-90cf-bcb8bc3385f0 47c62716c03a4a4c96d809bc8d006bc6 1fdea886561b449284a7f80e9351b184 - - default default] 10.0.0.177 "GET /resource_providers/f0cccab5-004d-4a72-84fc-d191b20d155f/usages" status: 200 len: 89 microversion: 1.0 [pid: 7|app: 0|req: 619/1237] 10.0.0.177 () {28 vars in 681 bytes} [Fri Feb 27 19:32:55 2026] GET /resource_providers/f0cccab5-004d-4a72-84fc-d191b20d155f/usages => generated 89 bytes in 16 msecs (HTTP/1.1 200) 6 headers in 223 bytes (1 switches on core 0)
2026-02-27 19:33:00.629 8 INFO placement.requestlog [None req-f38cd02e-a266-4618-9317-545fbc595f44 - - - - - -] 10.0.0.146 "GET /" status: 200 len: 136 microversion: 1.0
2026-02-27 19:33:00.630 7 INFO placement.requestlog [None req-14a812d4-c7bd-4352-9fe1-0a68f3c36690 - - - - - -] 10.0.0.146 "GET /" status: 200 len: 136 microversion: 1.0
2026-02-27 19:33:04.923 8 INFO placement.requestlog [req-9dd8fab6-dbb5-4a51-955f-2c9991f39343 req-65fa50fd-5da5-4f56-aaeb-1ad87efcb1d6 c7b6c27ed9dc410ebb2bed8e2e214eee f93db5426c7e42daaaaf664590872084 - - 6f7b00aaeedb4e52a68b5d418fcd20ae 6f7b00aaeedb4e52a68b5d418fcd20ae] 199.204.45.49 "GET /resource_providers/f0cccab5-004d-4a72-84fc-d191b20d155f/allocations" status: 200 len: 55 microversion: 1.0 [pid: 8|app: 0|req: 620/1240] 199.204.45.49 () {32 vars in 856 bytes} [Fri Feb 27 19:33:04 2026] GET /resource_providers/f0cccab5-004d-4a72-84fc-d191b20d155f/allocations => generated 55 bytes in 16 msecs (HTTP/1.1 200) 6 headers in 223 bytes (1 switches on core 0)
2026-02-27 19:33:04.946 7 INFO placement.requestlog [req-9dd8fab6-dbb5-4a51-955f-2c9991f39343 req-e1905951-3c05-4fce-80d1-3fc41dc908e3 c7b6c27ed9dc410ebb2bed8e2e214eee f93db5426c7e42daaaaf664590872084 - - 6f7b00aaeedb4e52a68b5d418fcd20ae 6f7b00aaeedb4e52a68b5d418fcd20ae] 199.204.45.49 "GET /resource_providers/f0cccab5-004d-4a72-84fc-d191b20d155f/allocations" status: 200 len: 55 microversion: 1.0 [pid: 7|app: 0|req: 621/1241] 199.204.45.49 () {32 vars in 856 bytes} [Fri Feb 27 19:33:04 2026] GET /resource_providers/f0cccab5-004d-4a72-84fc-d191b20d155f/allocations => generated 55 bytes in 17 msecs (HTTP/1.1 200) 6 headers in 223 bytes (1 switches on core 0)
2026-02-27 19:33:10.630 7 INFO placement.requestlog [None req-3b8fb7c3-dda9-4ede-926a-3c3c55543c58 - - - - - -] 10.0.0.146 "GET /" status: 200 len: 136 microversion: 1.0
2026-02-27 19:33:10.630 8 INFO placement.requestlog [None req-40bc57a5-9829-4ed2-a92e-1320969027c1 - - - - - -] 10.0.0.146 "GET /" status: 200 len: 136 microversion: 1.0
2026-02-27 19:33:20.630 7 INFO placement.requestlog [None req-c25f2a49-2fe5-40d4-914f-657f5cfb574e - - - - - -] 10.0.0.146 "GET /" status: 200 len: 136 microversion: 1.0
2026-02-27 19:33:20.630 8 INFO placement.requestlog [None req-801cb356-0bf8-4f55-bf30-db9e91ca235f - - - - - -] 10.0.0.146 "GET /" status: 200 len: 136 microversion: 1.0
2026-02-27 19:33:30.629 7 INFO placement.requestlog [None req-61d202a0-42d6-4c65-9d73-63c84046d086 - - - - - -] 10.0.0.146 "GET /" status: 200 len: 136 microversion: 1.0
2026-02-27 19:33:30.629 8 INFO placement.requestlog [None req-c5210340-2ec6-4436-a173-7b32c7c11a62 - - - - - -] 10.0.0.146 "GET /" status: 200 len: 136 microversion: 1.0
2026-02-27 19:33:40.629 8 INFO placement.requestlog [None req-b631afed-9135-4be3-bf92-c5c98800f0ea - - - - - -] 10.0.0.146 "GET /" status: 200 len: 136 microversion: 1.0
2026-02-27 19:33:40.630 7 INFO placement.requestlog [None req-20536d4b-fcf2-43ac-b09b-54718b06135e - - - - - -] 10.0.0.146 "GET /" status: 200 len: 136 microversion: 1.0
2026-02-27 19:33:50.629 8 INFO placement.requestlog [None req-9ba77c1c-610d-4f24-a045-74b293bac818 - - - - - -] 10.0.0.146 "GET /" status: 200 len: 136 microversion: 1.0
2026-02-27 19:33:50.631 7 INFO placement.requestlog [None req-f999c84b-5321-4907-8c06-3c73768bc985 - - - - - -] 10.0.0.146 "GET /" status: 200 len: 136 microversion: 1.0
2026-02-27 19:33:55.467 8 INFO placement.requestlog [None req-5f558b8e-b466-4642-aaa1-cf6f4eb16135 47c62716c03a4a4c96d809bc8d006bc6 1fdea886561b449284a7f80e9351b184 - - default default] 10.0.0.177 "GET /resource_providers" status: 200 len: 406 microversion: 1.0 [pid: 8|app: 0|req: 626/1252] 10.0.0.177 () {28 vars in 593 bytes} [Fri Feb 27 19:33:55 2026] GET /resource_providers => generated 406 bytes in 70 msecs (HTTP/1.1 200) 6 headers in 224 bytes (1 switches on core 0)
2026-02-27 19:33:55.537 7 INFO placement.requestlog [None req-b8e83525-8947-45a7-83ca-0d46afa1ca26 47c62716c03a4a4c96d809bc8d006bc6 1fdea886561b449284a7f80e9351b184 - - default default] 10.0.0.177 "GET /resource_providers/f0cccab5-004d-4a72-84fc-d191b20d155f/inventories" status: 200 len: 401 microversion: 1.0 [pid: 7|app: 0|req: 627/1253] 10.0.0.177 () {28 vars in 691 bytes} [Fri Feb 27 19:33:55 2026] GET /resource_providers/f0cccab5-004d-4a72-84fc-d191b20d155f/inventories => generated 401 bytes in 63 msecs (HTTP/1.1 200) 6 headers in 224 bytes (1 switches on core 0)
2026-02-27 19:33:55.564 8 INFO placement.requestlog [None req-e5c76d97-dde4-4451-a8a2-ab4f855ac0c8 47c62716c03a4a4c96d809bc8d006bc6 1fdea886561b449284a7f80e9351b184 - - default default] 10.0.0.177 "GET /resource_providers/f0cccab5-004d-4a72-84fc-d191b20d155f/usages" status: 200 len: 89 microversion: 1.0 [pid: 8|app: 0|req: 627/1254] 10.0.0.177 () {28 vars in 681 bytes} [Fri Feb 27 19:33:55 2026] GET /resource_providers/f0cccab5-004d-4a72-84fc-d191b20d155f/usages => generated 89 bytes in 20 msecs (HTTP/1.1 200) 6 headers in 223 bytes (1 switches on core 0)
2026-02-27 19:34:00.630 7 INFO placement.requestlog [None req-6e9665a2-2f66-45ce-96f8-dd22fa9382f0 - - - - - -] 10.0.0.146 "GET /" status: 200 len: 136 microversion: 1.0
2026-02-27 19:34:00.631 8 INFO placement.requestlog [None req-0cf6dfe7-8e0b-41c8-8c5d-e81a6fbc59b8 - - - - - -] 10.0.0.146 "GET /" status: 200 len: 136 microversion: 1.0
2026-02-27 19:34:07.003 7 INFO placement.requestlog [req-168669e6-3f49-4ab8-9a85-f43a52785eb2 req-c64759eb-cdfb-4c10-bc94-3eef5740a519 c7b6c27ed9dc410ebb2bed8e2e214eee f93db5426c7e42daaaaf664590872084 - - 6f7b00aaeedb4e52a68b5d418fcd20ae 6f7b00aaeedb4e52a68b5d418fcd20ae] 199.204.45.49 "GET /resource_providers/f0cccab5-004d-4a72-84fc-d191b20d155f/allocations" status: 200 len: 55 microversion: 1.0 [pid: 7|app: 0|req: 629/1257] 199.204.45.49 () {32 vars in 856 bytes} [Fri Feb 27 19:34:06 2026] GET /resource_providers/f0cccab5-004d-4a72-84fc-d191b20d155f/allocations => generated 55 bytes in 48 msecs (HTTP/1.1 200) 6 headers in 223 bytes (1 switches on core 0)
2026-02-27 19:34:07.032 8 INFO placement.requestlog [req-168669e6-3f49-4ab8-9a85-f43a52785eb2 req-f85799de-bee0-4686-8ad0-d4d54cc66ad0 c7b6c27ed9dc410ebb2bed8e2e214eee f93db5426c7e42daaaaf664590872084 - - 6f7b00aaeedb4e52a68b5d418fcd20ae 6f7b00aaeedb4e52a68b5d418fcd20ae] 199.204.45.49 "GET /resource_providers?in_tree=f0cccab5-004d-4a72-84fc-d191b20d155f" status: 200 len: 798 microversion: 1.14 [pid: 8|app: 0|req: 629/1258] 199.204.45.49 () {34 vars in 891 bytes} [Fri Feb 27 19:34:07 2026] GET /resource_providers?in_tree=f0cccab5-004d-4a72-84fc-d191b20d155f => generated 798 bytes in 22 msecs (HTTP/1.1 200) 6 headers in 225 bytes (1 switches on core 0)
2026-02-27 19:34:07.053 7 INFO placement.requestlog [req-168669e6-3f49-4ab8-9a85-f43a52785eb2 req-639de3c3-ee6c-44d5-a2ff-d9110f3d5129 c7b6c27ed9dc410ebb2bed8e2e214eee f93db5426c7e42daaaaf664590872084 - - 6f7b00aaeedb4e52a68b5d418fcd20ae 6f7b00aaeedb4e52a68b5d418fcd20ae] 199.204.45.49 "GET /resource_providers/f0cccab5-004d-4a72-84fc-d191b20d155f/inventories" status: 200 len: 401 microversion: 1.0 [pid: 7|app: 0|req: 630/1259] 199.204.45.49 () {32 vars in 856 bytes} [Fri Feb 27 19:34:07 2026] GET /resource_providers/f0cccab5-004d-4a72-84fc-d191b20d155f/inventories => generated 401 bytes in 17 msecs (HTTP/1.1 200) 6 headers in 224 bytes (1 switches on core 0)
2026-02-27 19:34:07.076 8 INFO placement.requestlog [req-168669e6-3f49-4ab8-9a85-f43a52785eb2 req-f804ca26-c893-4f35-88ba-2b50b0eaa1c7 c7b6c27ed9dc410ebb2bed8e2e214eee f93db5426c7e42daaaaf664590872084 - - 6f7b00aaeedb4e52a68b5d418fcd20ae 6f7b00aaeedb4e52a68b5d418fcd20ae] 199.204.45.49 "GET /resource_providers/f0cccab5-004d-4a72-84fc-d191b20d155f/aggregates" status: 200 len: 54 microversion: 1.19 [pid: 8|app: 0|req: 630/1260] 199.204.45.49 () {34 vars in 898 bytes} [Fri Feb 27 19:34:07 2026] GET /resource_providers/f0cccab5-004d-4a72-84fc-d191b20d155f/aggregates => generated 54 bytes in 16 msecs (HTTP/1.1 200) 8 headers in 295 bytes (1 switches on core 0)
2026-02-27 19:34:07.105 7 INFO placement.requestlog [req-168669e6-3f49-4ab8-9a85-f43a52785eb2 req-9b52b057-1b32-405c-9e5a-852b63dc1bad c7b6c27ed9dc410ebb2bed8e2e214eee f93db5426c7e42daaaaf664590872084 - - 6f7b00aaeedb4e52a68b5d418fcd20ae 6f7b00aaeedb4e52a68b5d418fcd20ae] 199.204.45.49 "GET /resource_providers/f0cccab5-004d-4a72-84fc-d191b20d155f/traits" status: 200 len: 1753 microversion: 1.6 [pid: 7|app: 0|req: 631/1261] 199.204.45.49 () {34 vars in 889 bytes} [Fri Feb 27 19:34:07 2026] GET /resource_providers/f0cccab5-004d-4a72-84fc-d191b20d155f/traits => generated 1753 bytes in 22 msecs (HTTP/1.1 200) 6 headers in 225 bytes (1 switches on core 0)
2026-02-27 19:34:07.126 8 INFO placement.requestlog [req-168669e6-3f49-4ab8-9a85-f43a52785eb2 req-b03f24a2-38c9-495a-ba1a-8c65bf1c1a7a c7b6c27ed9dc410ebb2bed8e2e214eee f93db5426c7e42daaaaf664590872084 - - 6f7b00aaeedb4e52a68b5d418fcd20ae 6f7b00aaeedb4e52a68b5d418fcd20ae] 199.204.45.49 "GET /resource_providers/f0cccab5-004d-4a72-84fc-d191b20d155f/allocations" status: 200 len: 55 microversion: 1.0 [pid: 8|app: 0|req: 631/1262] 199.204.45.49 () {32 vars in 856 bytes} [Fri Feb 27 19:34:07 2026] GET /resource_providers/f0cccab5-004d-4a72-84fc-d191b20d155f/allocations => generated 55 bytes in 15 msecs (HTTP/1.1 200) 6 headers in 223 bytes (1 switches on core 0)
2026-02-27 19:34:10.630 7 INFO placement.requestlog [None req-f159de65-0c75-4fb1-bdd5-99af8b8e079c - - - - - -] 10.0.0.146 "GET /" status: 200 len: 136 microversion: 1.0
2026-02-27 19:34:10.631 8 INFO placement.requestlog [None req-5ca086c5-dd36-4631-babe-92af30d44df8 - - - - - -] 10.0.0.146 "GET /" status: 200 len: 136 microversion: 1.0
2026-02-27 19:34:20.630 7 INFO placement.requestlog [None req-214f93d6-579b-4ca4-a322-6cde207e59ab - - - - - -] 10.0.0.146 "GET /" status: 200 len: 136 microversion: 1.0
2026-02-27 19:34:20.631 8 INFO placement.requestlog [None req-c042545c-f4f1-4394-91d9-e356cc84f5ed - - - - - -] 10.0.0.146 "GET /" status: 200 len: 136 microversion: 1.0
2026-02-27 19:34:30.630 7 INFO placement.requestlog [None req-31940bf4-c2a5-4461-91fc-3263477535ac - - - - - -] 10.0.0.146 "GET /" status: 200 len: 136 microversion: 1.0
2026-02-27 19:34:30.631 8 INFO placement.requestlog [None req-82aab64e-4369-4948-8a24-c89f756f8d94 - - - - - -] 10.0.0.146 "GET /" status: 200 len: 136 microversion: 1.0
2026-02-27 19:34:40.630 8 INFO placement.requestlog [None req-90554c25-7060-418c-af48-f3d080b3c4b3 - - - - - -] 10.0.0.146 "GET /" status: 200 len: 136 microversion: 1.0
2026-02-27 19:34:40.630 7 INFO placement.requestlog [None req-9b326e97-9e55-4d27-bc01-9bcfb6b68d95 - - - - - -] 10.0.0.146 "GET /" status: 200 len: 136 microversion: 1.0
2026-02-27 19:34:50.630 8 INFO placement.requestlog [None req-374a294d-9ceb-44f5-a2ab-a1621c504039 - - - - - -] 10.0.0.146 "GET /" status: 200 len: 136 microversion: 1.0
2026-02-27 19:34:50.630 7 INFO placement.requestlog [None req-51bb6040-b93e-444b-a4c5-1459b160c0d8 - - - - - -] 10.0.0.146 "GET /" status: 200 len: 136 microversion: 1.0
2026-02-27 19:34:55.555 8 INFO placement.requestlog [None req-283d8e43-8b7a-474b-af56-cf19fb8d46c6 47c62716c03a4a4c96d809bc8d006bc6 1fdea886561b449284a7f80e9351b184 - - default default] 10.0.0.177 "GET /resource_providers" status: 200 len: 406 microversion: 1.0 [pid: 8|app: 0|req: 637/1273] 10.0.0.177 () {28 vars in 593 bytes} [Fri Feb 27 19:34:55 2026] GET /resource_providers => generated 406 bytes in 124 msecs (HTTP/1.1 200) 6 headers in 224 bytes (1 switches on core 0)
2026-02-27 19:34:55.593 7 INFO placement.requestlog [None req-a52a6a54-4d61-41aa-84dd-154738cefcb3 47c62716c03a4a4c96d809bc8d006bc6 1fdea886561b449284a7f80e9351b184 - - default default] 10.0.0.177 "GET /resource_providers/f0cccab5-004d-4a72-84fc-d191b20d155f/inventories" status: 200 len: 401 microversion: 1.0 [pid: 7|app: 0|req: 637/1274] 10.0.0.177 () {28 vars in 691 bytes} [Fri Feb 27 19:34:55 2026] GET /resource_providers/f0cccab5-004d-4a72-84fc-d191b20d155f/inventories => generated 401 bytes in 33 msecs (HTTP/1.1 200) 6 headers in 224 bytes (1 switches on core 0)
2026-02-27 19:34:55.624 8 INFO placement.requestlog [None req-26d1c2e7-3a26-40f9-914e-1f3cb9fe02e0 47c62716c03a4a4c96d809bc8d006bc6 1fdea886561b449284a7f80e9351b184 - - default default] 10.0.0.177 "GET /resource_providers/f0cccab5-004d-4a72-84fc-d191b20d155f/usages" status: 200 len: 89 microversion: 1.0 [pid: 8|app: 0|req: 638/1275] 10.0.0.177 () {28 vars in 681 bytes} [Fri Feb 27 19:34:55 2026] GET /resource_providers/f0cccab5-004d-4a72-84fc-d191b20d155f/usages => generated 89 bytes in 29 msecs (HTTP/1.1 200) 6 headers in 223 bytes (1 switches on core 0)
2026-02-27 19:35:00.630 8 INFO placement.requestlog [None req-8d7895c3-6d65-41b7-8efc-85e9257d94bf - - - - - -] 10.0.0.146 "GET /" status: 200 len: 136 microversion: 1.0
2026-02-27 19:35:00.630 7 INFO placement.requestlog [None req-2e21fec2-5bf4-4c65-b3fe-e7649253de13 - - - - - -] 10.0.0.146 "GET /" status: 200 len: 136 microversion: 1.0
2026-02-27 19:35:09.801 8 INFO placement.requestlog [req-dfda1003-1a14-4bce-8eba-c555a7798004 req-ecc58b5d-df1f-4864-908a-a2a4115d8439 c7b6c27ed9dc410ebb2bed8e2e214eee f93db5426c7e42daaaaf664590872084 - - 6f7b00aaeedb4e52a68b5d418fcd20ae 6f7b00aaeedb4e52a68b5d418fcd20ae] 199.204.45.49 "GET /resource_providers/f0cccab5-004d-4a72-84fc-d191b20d155f/allocations" status: 200 len: 55 microversion: 1.0 [pid: 8|app: 0|req: 640/1278] 199.204.45.49 () {32 vars in 856 bytes} [Fri Feb 27 19:35:09 2026] GET /resource_providers/f0cccab5-004d-4a72-84fc-d191b20d155f/allocations => generated 55 bytes in 21 msecs (HTTP/1.1 200) 6 headers in 223 bytes (1 switches on core 0)
2026-02-27 19:35:09.828 7 INFO placement.requestlog [req-dfda1003-1a14-4bce-8eba-c555a7798004 req-44f0223d-7d66-4e45-b130-6862dfb6b024 c7b6c27ed9dc410ebb2bed8e2e214eee f93db5426c7e42daaaaf664590872084 - - 6f7b00aaeedb4e52a68b5d418fcd20ae 6f7b00aaeedb4e52a68b5d418fcd20ae] 199.204.45.49 "GET /resource_providers/f0cccab5-004d-4a72-84fc-d191b20d155f/allocations" status: 200 len: 55 microversion: 1.0 [pid: 7|app: 0|req: 639/1279] 199.204.45.49 () {32 vars in 856 bytes} [Fri Feb 27 19:35:09 2026] GET /resource_providers/f0cccab5-004d-4a72-84fc-d191b20d155f/allocations => generated 55 bytes in 21 msecs (HTTP/1.1 200) 6 headers in 223 bytes (1 switches on core 0)
2026-02-27 19:35:10.630 8 INFO placement.requestlog [None req-7ae4946c-b28f-4ac9-ab1f-a95615f4ee51 - - - - - -] 10.0.0.146 "GET /" status: 200 len: 136 microversion: 1.0
2026-02-27 19:35:10.630 7 INFO placement.requestlog [None req-a34f0b01-00b0-4465-abf3-46425fe1bff5 - - - - - -] 10.0.0.146 "GET /" status: 200 len: 136 microversion: 1.0
2026-02-27 19:35:20.630 7 INFO placement.requestlog [None req-cd53a6c3-346b-42a5-bf62-54b11bce3f25 - - - - - -] 10.0.0.146 "GET /" status: 200 len: 136 microversion: 1.0
2026-02-27 19:35:20.630 8 INFO placement.requestlog [None req-b04dbb2e-2c0c-4c30-9ab9-0423cdb1bb4c - - - - - -] 10.0.0.146 "GET /" status: 200 len: 136 microversion: 1.0
2026-02-27 19:35:30.629 8 INFO placement.requestlog [None req-66ca40aa-f703-4aa7-91af-17b41de1e690 - - - - - -] 10.0.0.146 "GET /" status: 200 len: 136 microversion: 1.0
2026-02-27 19:35:30.629 7 INFO placement.requestlog [None req-735c5eae-272b-49e8-ad6d-af9a84203a85 - - - - - -] 10.0.0.146 "GET /" status: 200 len: 136 microversion: 1.0
2026-02-27 19:35:40.630 8 INFO placement.requestlog [None req-c7a8e303-1734-4ffe-bd23-c1140bed167a - - - - - -] 10.0.0.146 "GET /" status: 200 len: 136 microversion: 1.0
2026-02-27 19:35:40.630 7 INFO placement.requestlog [None req-bb1809cf-d3ee-4316-b763-3c0654c7ec08 - - - - - -] 10.0.0.146 "GET /" status: 200 len: 136 microversion: 1.0
2026-02-27 19:35:50.630 8 INFO placement.requestlog [None req-8bcaf108-ed61-46af-b0a9-753899272c82 - - - - - -] 10.0.0.146 "GET /" status: 200 len: 136 microversion: 1.0
2026-02-27 19:35:50.631 7 INFO placement.requestlog [None req-dac5217c-2514-4c83-8e08-4a180ba7c71b - - - - - -] 10.0.0.146 "GET /" status: 200 len: 136 microversion: 1.0
2026-02-27 19:35:55.356 8 INFO placement.requestlog [None req-1ec332b6-2ce5-4dc7-9ee5-263ed91d99ed 47c62716c03a4a4c96d809bc8d006bc6 1fdea886561b449284a7f80e9351b184 - - default default] 10.0.0.177 "GET /resource_providers" status: 200 len: 406 microversion: 1.0 [pid: 8|app: 0|req: 646/1290] 10.0.0.177 () {28 vars in 593 bytes} [Fri Feb 27 19:35:55 2026] GET /resource_providers => generated 406 bytes in 64 msecs (HTTP/1.1 200) 6 headers in 224 bytes (1 switches on core 0)
2026-02-27 19:35:55.392 7 INFO placement.requestlog [None req-77f20502-88ba-4efc-8eab-6e3cbf0c7fa5 47c62716c03a4a4c96d809bc8d006bc6 1fdea886561b449284a7f80e9351b184 - - default default] 10.0.0.177 "GET /resource_providers/f0cccab5-004d-4a72-84fc-d191b20d155f/inventories" status: 200 len: 401 microversion: 1.0 [pid: 7|app: 0|req: 645/1291] 10.0.0.177 () {28 vars in 691 bytes} [Fri Feb 27 19:35:55 2026] GET /resource_providers/f0cccab5-004d-4a72-84fc-d191b20d155f/inventories => generated 401 bytes in 30 msecs (HTTP/1.1 200) 6 headers in 224 bytes (1 switches on core 0)
2026-02-27 19:35:55.417 8 INFO placement.requestlog [None req-e6abb902-79ab-49e0-80ea-254cbf4d7014 47c62716c03a4a4c96d809bc8d006bc6 1fdea886561b449284a7f80e9351b184 - - default default] 10.0.0.177 "GET /resource_providers/f0cccab5-004d-4a72-84fc-d191b20d155f/usages" status: 200 len: 89 microversion: 1.0 [pid: 8|app: 0|req: 647/1292] 10.0.0.177 () {28 vars in 681 bytes} [Fri Feb 27 19:35:55 2026] GET /resource_providers/f0cccab5-004d-4a72-84fc-d191b20d155f/usages => generated 89 bytes in 15 msecs (HTTP/1.1 200) 6 headers in 223 bytes (1 switches on core 0)
2026-02-27 19:36:00.629 8 INFO placement.requestlog [None req-6c82c5e5-c2c5-4859-98b5-9fd6d5ea09f3 - - - - - -] 10.0.0.146 "GET /" status: 200 len: 136 microversion: 1.0
2026-02-27 19:36:00.630 7 INFO placement.requestlog [None req-ca1b3c8e-6be9-4f87-87f6-3d8164bb1114 - - - - - -] 10.0.0.146 "GET /" status: 200 len: 136 microversion: 1.0
2026-02-27 19:36:08.882 8 INFO placement.requestlog [req-541fa4fa-de6d-49f9-91d5-52284025a40d req-0618563b-a3e3-47fa-b44c-62943dd79137 c7b6c27ed9dc410ebb2bed8e2e214eee f93db5426c7e42daaaaf664590872084 - - 6f7b00aaeedb4e52a68b5d418fcd20ae 6f7b00aaeedb4e52a68b5d418fcd20ae] 199.204.45.49 "GET /resource_providers/f0cccab5-004d-4a72-84fc-d191b20d155f/allocations" status: 200 len: 55 microversion: 1.0 [pid: 8|app: 0|req: 649/1295] 199.204.45.49 () {32 vars in 856 bytes} [Fri Feb 27 19:36:08 2026] GET /resource_providers/f0cccab5-004d-4a72-84fc-d191b20d155f/allocations => generated 55 bytes in 15 msecs (HTTP/1.1 200) 6 headers in 223 bytes (1 switches on core 0)
2026-02-27 19:36:08.904 7 INFO placement.requestlog [req-541fa4fa-de6d-49f9-91d5-52284025a40d req-e2e4eec8-3ca8-4442-82bc-b4f8c499321a c7b6c27ed9dc410ebb2bed8e2e214eee f93db5426c7e42daaaaf664590872084 - - 6f7b00aaeedb4e52a68b5d418fcd20ae 6f7b00aaeedb4e52a68b5d418fcd20ae] 199.204.45.49 "GET /resource_providers/f0cccab5-004d-4a72-84fc-d191b20d155f/allocations" status: 200 len: 55 microversion: 1.0 [pid: 7|app: 0|req: 647/1296] 199.204.45.49 () {32 vars in 856 bytes} [Fri Feb 27 19:36:08 2026] GET /resource_providers/f0cccab5-004d-4a72-84fc-d191b20d155f/allocations => generated 55 bytes in 13 msecs (HTTP/1.1 200) 6 headers in 223 bytes (1 switches on core 0)
2026-02-27 19:36:10.630 8 INFO placement.requestlog [None req-c27473fe-495f-41d9-bd13-8c96a7e56d10 - - - - - -] 10.0.0.146 "GET /" status: 200 len: 136 microversion: 1.0
2026-02-27 19:36:10.630 7 INFO placement.requestlog [None req-20efc290-f842-4d3d-afd0-a4403182c6ad - - - - - -] 10.0.0.146 "GET /" status: 200 len: 136 microversion: 1.0
2026-02-27 19:36:20.629 8 INFO placement.requestlog [None req-ff984139-55ac-4654-9693-466eefe8dd83 - - - - - -] 10.0.0.146 "GET /" status: 200 len: 136 microversion: 1.0
2026-02-27 19:36:20.630 7 INFO placement.requestlog [None req-ceb45a7b-f596-4e99-9417-64143b7e039f - - - - - -] 10.0.0.146 "GET /" status: 200 len: 136 microversion: 1.0
2026-02-27 19:36:30.630 7 INFO placement.requestlog [None req-54635525-eb1f-4500-af40-8a68f97b8a4d - - - - - -] 10.0.0.146 "GET /" status: 200 len: 136 microversion: 1.0
2026-02-27 19:36:30.630 8 INFO placement.requestlog [None req-17c466bd-9758-456a-b492-d52884e5870c - - - - - -] 10.0.0.146 "GET /" status: 200 len: 136 microversion: 1.0
2026-02-27 19:36:40.631 7 INFO placement.requestlog [None req-cb454310-9f3a-447a-9d2c-b22c9853eeee - - - - - -] 10.0.0.146 "GET /" status: 200 len: 136 microversion: 1.0
2026-02-27 19:36:40.631 8 INFO placement.requestlog [None req-e3403ea5-6078-4a4b-a130-6192d52cbebf - - - - - -] 10.0.0.146 "GET /" status: 200 len: 136 microversion: 1.0
2026-02-27 19:36:50.630 7 INFO placement.requestlog [None req-dc9245ee-593f-42af-9861-2ef3fa2d550e - - - - - -] 10.0.0.146 "GET /" status: 200 len: 136 microversion: 1.0
2026-02-27 19:36:50.630 8 INFO placement.requestlog [None req-fd709c50-7902-49c5-9376-2027cba3cc58 - - - - - -] 10.0.0.146 "GET /" status: 200 len: 136 microversion: 1.0
2026-02-27 19:36:55.362 8 INFO placement.requestlog [None req-076aa50a-889b-4db9-80bb-b35eb70eb829 47c62716c03a4a4c96d809bc8d006bc6 1fdea886561b449284a7f80e9351b184 - - default default] 10.0.0.177 "GET /resource_providers" status: 200 len: 406 microversion: 1.0 [pid: 8|app: 0|req: 655/1307] 10.0.0.177 () {28 vars in 593 bytes} [Fri Feb 27 19:36:55 2026] GET /resource_providers => generated 406 bytes in 70 msecs (HTTP/1.1 200) 6 headers in 224 bytes (1 switches on core 0)
2026-02-27 19:36:55.394 7 INFO placement.requestlog [None req-8193f196-0c69-43f4-84d4-4c2b5defca51 47c62716c03a4a4c96d809bc8d006bc6 1fdea886561b449284a7f80e9351b184 - - default default] 10.0.0.177 "GET /resource_providers/f0cccab5-004d-4a72-84fc-d191b20d155f/inventories" status: 200 len: 401 microversion: 1.0 [pid: 7|app: 0|req: 653/1308] 10.0.0.177 () {28 vars in 691 bytes} [Fri Feb 27 19:36:55 2026] GET /resource_providers/f0cccab5-004d-4a72-84fc-d191b20d155f/inventories => generated 401 bytes in 23 msecs (HTTP/1.1 200) 6 headers in 224 bytes (1 switches on core 0)
2026-02-27 19:36:55.418 8 INFO placement.requestlog [None req-e222e684-adf4-40f1-b6dd-a21860eb7065 47c62716c03a4a4c96d809bc8d006bc6 1fdea886561b449284a7f80e9351b184 - - default default] 10.0.0.177 "GET /resource_providers/f0cccab5-004d-4a72-84fc-d191b20d155f/usages" status: 200 len: 89 microversion: 1.0 [pid: 8|app: 0|req: 656/1309] 10.0.0.177 () {28 vars in 681 bytes} [Fri Feb 27 19:36:55 2026] GET /resource_providers/f0cccab5-004d-4a72-84fc-d191b20d155f/usages => generated 89 bytes in 17 msecs (HTTP/1.1 200) 6 headers in 223 bytes (1 switches on core 0)
2026-02-27 19:37:00.630 7 INFO placement.requestlog [None req-a9d23196-d411-4c05-88a6-2572c0548e10 - - - - - -] 10.0.0.146 "GET /" status: 200 len: 136 microversion: 1.0
2026-02-27 19:37:00.630 8 INFO placement.requestlog [None req-1f3f0a4a-d6b4-423b-ad70-be2d635f52e6 - - - - - -] 10.0.0.146 "GET /" status: 200 len: 136 microversion: 1.0
2026-02-27 19:37:10.630 7 INFO placement.requestlog [None req-40585352-53bc-45be-a04d-a34a9d8b220a - - - - - -] 10.0.0.146 "GET /" status: 200 len: 136 microversion: 1.0
2026-02-27 19:37:10.630 8 INFO placement.requestlog [None req-ef0c0c1a-29bb-43af-b4a2-ae9f7d0063bf - - - - - -] 10.0.0.146 "GET /" status: 200 len: 136 microversion: 1.0
2026-02-27 19:37:11.092 7 INFO placement.requestlog [req-098bc7af-827f-4477-aad4-595e24303127 req-8bcbccfb-5ab8-486c-b72e-0c8ae6aa722a c7b6c27ed9dc410ebb2bed8e2e214eee f93db5426c7e42daaaaf664590872084 - - 6f7b00aaeedb4e52a68b5d418fcd20ae 6f7b00aaeedb4e52a68b5d418fcd20ae] 199.204.45.49 "GET /resource_providers/f0cccab5-004d-4a72-84fc-d191b20d155f/allocations" status: 200 len: 55 microversion: 1.0 [pid: 7|app: 0|req: 656/1314] 199.204.45.49 () {32 vars in 856 bytes} [Fri Feb 27 19:37:11 2026] GET /resource_providers/f0cccab5-004d-4a72-84fc-d191b20d155f/allocations => generated 55 bytes in 18 msecs (HTTP/1.1 200) 6 headers in 223 bytes (1 switches on core 0)
2026-02-27 19:37:11.116 8 INFO placement.requestlog [req-098bc7af-827f-4477-aad4-595e24303127 req-fe8dee6f-73a8-4579-b613-246ee5bf2a02 c7b6c27ed9dc410ebb2bed8e2e214eee f93db5426c7e42daaaaf664590872084 - - 6f7b00aaeedb4e52a68b5d418fcd20ae 6f7b00aaeedb4e52a68b5d418fcd20ae] 199.204.45.49 "GET /resource_providers/f0cccab5-004d-4a72-84fc-d191b20d155f/allocations" status: 200 len: 55 microversion: 1.0 [pid: 8|app: 0|req: 659/1315] 199.204.45.49 () {32 vars in 856 bytes} [Fri Feb 27 19:37:11 2026] GET /resource_providers/f0cccab5-004d-4a72-84fc-d191b20d155f/allocations => generated 55 bytes in 16 msecs (HTTP/1.1 200) 6 headers in 223 bytes (1 switches on core 0)
2026-02-27 19:37:20.630 7 INFO placement.requestlog [None req-ea40192a-2233-4820-805c-1095ef098787 - - - - - -] 10.0.0.146 "GET /" status: 200 len: 136 microversion: 1.0
2026-02-27 19:37:20.630 8 INFO placement.requestlog [None req-12c38dcd-d337-4ba8-bcd6-1302fe5bc59a - - - - - -] 10.0.0.146 "GET /" status: 200 len: 136 microversion: 1.0
2026-02-27 19:37:30.629 8 INFO placement.requestlog [None req-ab5d2575-ce69-44bc-9548-29279982d4dc - - - - - -] 10.0.0.146 "GET /" status: 200 len: 136 microversion: 1.0
2026-02-27 19:37:30.630 7 INFO placement.requestlog [None req-27d752bb-0340-4e46-9ebc-4c65de0801d2 - - - - - -] 10.0.0.146 "GET /" status: 200 len: 136 microversion: 1.0