Jul 14 16:33:32.383141 np0000185168 systemd[1]: Starting devstack@n-api-meta.service - Devstack devstack@n-api-meta.service...
Jul 14 16:33:32.389424 np0000185168 devstack@n-api-meta.service[106936]: [uWSGI] getting INI configuration from /etc/nova/nova-metadata-uwsgi.ini
Jul 14 16:33:32.391723 np0000185168 devstack@n-api-meta.service[106936]: *** Starting uWSGI 2.0.24-debian (64bit) on [Tue Jul 14 16:33:32 2026] ***
Jul 14 16:33:32.391723 np0000185168 devstack@n-api-meta.service[106936]: compiled with version: 13.2.0 on 17 April 2024 16:23:48
Jul 14 16:33:32.391723 np0000185168 devstack@n-api-meta.service[106936]: os: Linux-6.8.0-134-generic #134-Ubuntu SMP PREEMPT_DYNAMIC Fri Jun 26 18:43:11 UTC 2026
Jul 14 16:33:32.391723 np0000185168 devstack@n-api-meta.service[106936]: nodename: np0000185168
Jul 14 16:33:32.391723 np0000185168 devstack@n-api-meta.service[106936]: machine: x86_64
Jul 14 16:33:32.391723 np0000185168 devstack@n-api-meta.service[106936]: clock source: unix
Jul 14 16:33:32.391723 np0000185168 devstack@n-api-meta.service[106936]: pcre jit disabled
Jul 14 16:33:32.391723 np0000185168 devstack@n-api-meta.service[106936]: detected number of CPU cores: 16
Jul 14 16:33:32.391723 np0000185168 devstack@n-api-meta.service[106936]: current working directory: /
Jul 14 16:33:32.391723 np0000185168 devstack@n-api-meta.service[106936]: detected binary path: /usr/bin/uwsgi-core
Jul 14 16:33:32.391723 np0000185168 devstack@n-api-meta.service[106936]: your processes number limit is 256916
Jul 14 16:33:32.391723 np0000185168 devstack@n-api-meta.service[106936]: your memory page size is 4096 bytes
Jul 14 16:33:32.391723 np0000185168 devstack@n-api-meta.service[106936]: detected max file descriptor number: 2048
Jul 14 16:33:32.391723 np0000185168 devstack@n-api-meta.service[106936]: lock engine: pthread robust mutexes
Jul 14 16:33:32.392122 np0000185168 devstack@n-api-meta.service[106936]: thunder lock: enabled
Jul 14 16:33:32.392154 np0000185168 devstack@n-api-meta.service[106936]: uWSGI http bound on 0.0.0.0:8775 fd 5
Jul 14 16:33:32.392180 np0000185168 devstack@n-api-meta.service[106936]: uwsgi socket 0 bound to TCP address 127.0.0.1:40927 (port auto-assigned) fd 4
Jul 14 16:33:32.392209 np0000185168 devstack@n-api-meta.service[106936]: Python version: 3.12.3 (main, Jun 19 2026, 12:46:00) [GCC 13.3.0]
Jul 14 16:33:32.392209 np0000185168 devstack@n-api-meta.service[106936]: PEP 405 virtualenv detected: /opt/stack/data/venv
Jul 14 16:33:32.392209 np0000185168 devstack@n-api-meta.service[106936]: Set PythonHome to /opt/stack/data/venv
Jul 14 16:33:32.428133 np0000185168 devstack@n-api-meta.service[106936]: Python main interpreter initialized at 0x7c4aed2a4668
Jul 14 16:33:32.428133 np0000185168 devstack@n-api-meta.service[106936]: python threads support enabled
Jul 14 16:33:32.428133 np0000185168 devstack@n-api-meta.service[106936]: your server socket listen backlog is limited to 100 connections
Jul 14 16:33:32.428133 np0000185168 devstack@n-api-meta.service[106936]: your mercy for graceful operations on workers is 80 seconds
Jul 14 16:33:32.428648 np0000185168 devstack@n-api-meta.service[106936]: mapped 671795 bytes (656 KB) for 4 cores
Jul 14 16:33:32.428789 np0000185168 devstack@n-api-meta.service[106936]: *** Operational MODE: preforking ***
Jul 14 16:33:32.428956 np0000185168 devstack@n-api-meta.service[106936]: *** uWSGI is running in multiple interpreter mode ***
Jul 14 16:33:32.428956 np0000185168 devstack@n-api-meta.service[106936]: spawned uWSGI master process (pid: 106936)
Jul 14 16:33:32.429106 np0000185168 systemd[1]: Started devstack@n-api-meta.service - Devstack devstack@n-api-meta.service.
Jul 14 16:33:32.429602 np0000185168 devstack@n-api-meta.service[106936]: spawned uWSGI worker 1 (pid: 106937, cores: 1)
Jul 14 16:33:32.430296 np0000185168 devstack@n-api-meta.service[106936]: spawned uWSGI worker 2 (pid: 106938, cores: 1)
Jul 14 16:33:32.430736 np0000185168 devstack@n-api-meta.service[106936]: spawned uWSGI worker 3 (pid: 106939, cores: 1)
Jul 14 16:33:32.431225 np0000185168 devstack@n-api-meta.service[106936]: spawned uWSGI worker 4 (pid: 106940, cores: 1)
Jul 14 16:33:32.431719 np0000185168 devstack@n-api-meta.service[106936]: spawned uWSGI http 1 (pid: 106941)
Jul 14 16:33:32.431719 np0000185168 devstack@n-api-meta.service[106936]: running "unix_signal:15 gracefully_kill_them_all" (master-start)...
Jul 14 16:33:34.023002 np0000185168 devstack@n-api-meta.service[106940]: INFO dbcounter [None req-92981119-fcb4-4e09-9008-0d3ef4580583 None None] Registered counter for database nova_api
Jul 14 16:33:34.067736 np0000185168 devstack@n-api-meta.service[106940]: DEBUG oslo_db.sqlalchemy.engines [None req-92981119-fcb4-4e09-9008-0d3ef4580583 None None] MySQL server mode set to STRICT_TRANS_TABLES,STRICT_ALL_TABLES,NO_ZERO_IN_DATE,NO_ZERO_DATE,ERROR_FOR_DIVISION_BY_ZERO,TRADITIONAL,NO_ENGINE_SUBSTITUTION {{(pid=106940) _check_effective_sql_mode /opt/stack/data/venv/lib/python3.12/site-packages/oslo_db/sqlalchemy/engines.py:325}}
Jul 14 16:33:34.102806 np0000185168 devstack@n-api-meta.service[106940]: DEBUG dbcounter [-] [106940] Writer thread running {{(pid=106940) stat_writer /opt/stack/data/venv/lib/python3.12/site-packages/dbcounter.py:102}}
Jul 14 16:33:34.103207 np0000185168 devstack@n-api-meta.service[106938]: INFO dbcounter [None req-afb4901a-5875-4eb3-b481-a1cf65eaad27 None None] Registered counter for database nova_api
Jul 14 16:33:34.105153 np0000185168 devstack@n-api-meta.service[106940]: DEBUG nova.context [None req-92981119-fcb4-4e09-9008-0d3ef4580583 None None] Found 2 cells: 00000000-0000-0000-0000-000000000000(cell0),39c8ea96-6faf-4071-b572-57814e77a584(cell1) {{(pid=106940) load_cells /opt/stack/nova/nova/context.py:509}}
Jul 14 16:33:34.105378 np0000185168 devstack@n-api-meta.service[106940]: INFO nova.utils [None req-92981119-fcb4-4e09-9008-0d3ef4580583 None None] The cell worker thread pool MainProcess.cell_worker is initialized
Jul 14 16:33:34.107126 np0000185168 devstack@n-api-meta.service[106940]: DEBUG oslo_concurrency.lockutils [None req-92981119-fcb4-4e09-9008-0d3ef4580583 None None] Acquiring lock "00000000-0000-0000-0000-000000000000" by "nova.context.set_target_cell..get_or_set_cached_cell_and_set_connections" {{(pid=106940) inner /opt/stack/data/venv/lib/python3.12/site-packages/oslo_concurrency/lockutils.py:511}}
Jul 14 16:33:34.107289 np0000185168 devstack@n-api-meta.service[106940]: DEBUG oslo_concurrency.lockutils [None req-92981119-fcb4-4e09-9008-0d3ef4580583 None None] Lock "00000000-0000-0000-0000-000000000000" acquired by "nova.context.set_target_cell..get_or_set_cached_cell_and_set_connections" :: waited 0.000s {{(pid=106940) inner /opt/stack/data/venv/lib/python3.12/site-packages/oslo_concurrency/lockutils.py:524}}
Jul 14 16:33:34.107669 np0000185168 devstack@n-api-meta.service[106940]: DEBUG oslo_concurrency.lockutils [None req-92981119-fcb4-4e09-9008-0d3ef4580583 None None] Lock "00000000-0000-0000-0000-000000000000" "released" by "nova.context.set_target_cell..get_or_set_cached_cell_and_set_connections" :: held 0.000s {{(pid=106940) inner /opt/stack/data/venv/lib/python3.12/site-packages/oslo_concurrency/lockutils.py:543}}
Jul 14 16:33:34.108374 np0000185168 devstack@n-api-meta.service[106940]: DEBUG oslo_concurrency.lockutils [None req-92981119-fcb4-4e09-9008-0d3ef4580583 None None] Acquiring lock "39c8ea96-6faf-4071-b572-57814e77a584" by "nova.context.set_target_cell..get_or_set_cached_cell_and_set_connections" {{(pid=106940) inner /opt/stack/data/venv/lib/python3.12/site-packages/oslo_concurrency/lockutils.py:511}}
Jul 14 16:33:34.108512 np0000185168 devstack@n-api-meta.service[106940]: DEBUG oslo_concurrency.lockutils [None req-92981119-fcb4-4e09-9008-0d3ef4580583 None None] Lock "39c8ea96-6faf-4071-b572-57814e77a584" acquired by "nova.context.set_target_cell..get_or_set_cached_cell_and_set_connections" :: waited 0.000s {{(pid=106940) inner /opt/stack/data/venv/lib/python3.12/site-packages/oslo_concurrency/lockutils.py:524}}
Jul 14 16:33:34.109346 np0000185168 devstack@n-api-meta.service[106940]: DEBUG oslo_concurrency.lockutils [None req-92981119-fcb4-4e09-9008-0d3ef4580583 None None] Lock "39c8ea96-6faf-4071-b572-57814e77a584" "released" by "nova.context.set_target_cell..get_or_set_cached_cell_and_set_connections" :: held 0.001s {{(pid=106940) inner /opt/stack/data/venv/lib/python3.12/site-packages/oslo_concurrency/lockutils.py:543}}
Jul 14 16:33:34.113118 np0000185168 devstack@n-api-meta.service[106940]: INFO dbcounter [None req-92981119-fcb4-4e09-9008-0d3ef4580583 None None] Registered counter for database nova_cell0
Jul 14 16:33:34.116264 np0000185168 devstack@n-api-meta.service[106940]: INFO dbcounter [None req-92981119-fcb4-4e09-9008-0d3ef4580583 None None] Registered counter for database nova_cell1
Jul 14 16:33:34.121561 np0000185168 devstack@n-api-meta.service[106937]: INFO dbcounter [None req-82447c4a-8590-4f87-9834-9d03d07641f1 None None] Registered counter for database nova_api
Jul 14 16:33:34.165231 np0000185168 devstack@n-api-meta.service[106938]: DEBUG oslo_db.sqlalchemy.engines [None req-afb4901a-5875-4eb3-b481-a1cf65eaad27 None None] MySQL server mode set to STRICT_TRANS_TABLES,STRICT_ALL_TABLES,NO_ZERO_IN_DATE,NO_ZERO_DATE,ERROR_FOR_DIVISION_BY_ZERO,TRADITIONAL,NO_ENGINE_SUBSTITUTION {{(pid=106938) _check_effective_sql_mode /opt/stack/data/venv/lib/python3.12/site-packages/oslo_db/sqlalchemy/engines.py:325}}
Jul 14 16:33:34.171814 np0000185168 devstack@n-api-meta.service[106937]: DEBUG oslo_db.sqlalchemy.engines [None req-82447c4a-8590-4f87-9834-9d03d07641f1 None None] MySQL server mode set to STRICT_TRANS_TABLES,STRICT_ALL_TABLES,NO_ZERO_IN_DATE,NO_ZERO_DATE,ERROR_FOR_DIVISION_BY_ZERO,TRADITIONAL,NO_ENGINE_SUBSTITUTION {{(pid=106937) _check_effective_sql_mode /opt/stack/data/venv/lib/python3.12/site-packages/oslo_db/sqlalchemy/engines.py:325}}
Jul 14 16:33:34.181935 np0000185168 devstack@n-api-meta.service[106940]: DEBUG oslo_db.sqlalchemy.engines [None req-92981119-fcb4-4e09-9008-0d3ef4580583 None None] MySQL server mode set to STRICT_TRANS_TABLES,STRICT_ALL_TABLES,NO_ZERO_IN_DATE,NO_ZERO_DATE,ERROR_FOR_DIVISION_BY_ZERO,TRADITIONAL,NO_ENGINE_SUBSTITUTION {{(pid=106940) _check_effective_sql_mode /opt/stack/data/venv/lib/python3.12/site-packages/oslo_db/sqlalchemy/engines.py:325}}
Jul 14 16:33:34.187345 np0000185168 devstack@n-api-meta.service[106940]: DEBUG oslo_db.sqlalchemy.engines [None req-92981119-fcb4-4e09-9008-0d3ef4580583 None None] MySQL server mode set to STRICT_TRANS_TABLES,STRICT_ALL_TABLES,NO_ZERO_IN_DATE,NO_ZERO_DATE,ERROR_FOR_DIVISION_BY_ZERO,TRADITIONAL,NO_ENGINE_SUBSTITUTION {{(pid=106940) _check_effective_sql_mode /opt/stack/data/venv/lib/python3.12/site-packages/oslo_db/sqlalchemy/engines.py:325}}
Jul 14 16:33:34.198039 np0000185168 devstack@n-api-meta.service[106937]: DEBUG dbcounter [-] [106937] Writer thread running {{(pid=106937) stat_writer /opt/stack/data/venv/lib/python3.12/site-packages/dbcounter.py:102}}
Jul 14 16:33:34.200640 np0000185168 devstack@n-api-meta.service[106937]: DEBUG nova.context [None req-82447c4a-8590-4f87-9834-9d03d07641f1 None None] Found 2 cells: 00000000-0000-0000-0000-000000000000(cell0),39c8ea96-6faf-4071-b572-57814e77a584(cell1) {{(pid=106937) load_cells /opt/stack/nova/nova/context.py:509}}
Jul 14 16:33:34.200640 np0000185168 devstack@n-api-meta.service[106937]: INFO nova.utils [None req-82447c4a-8590-4f87-9834-9d03d07641f1 None None] The cell worker thread pool MainProcess.cell_worker is initialized
Jul 14 16:33:34.202030 np0000185168 devstack@n-api-meta.service[106937]: DEBUG oslo_concurrency.lockutils [None req-82447c4a-8590-4f87-9834-9d03d07641f1 None None] Acquiring lock "00000000-0000-0000-0000-000000000000" by "nova.context.set_target_cell..get_or_set_cached_cell_and_set_connections" {{(pid=106937) inner /opt/stack/data/venv/lib/python3.12/site-packages/oslo_concurrency/lockutils.py:511}}
Jul 14 16:33:34.202723 np0000185168 devstack@n-api-meta.service[106937]: DEBUG oslo_concurrency.lockutils [None req-82447c4a-8590-4f87-9834-9d03d07641f1 None None] Lock "00000000-0000-0000-0000-000000000000" acquired by "nova.context.set_target_cell..get_or_set_cached_cell_and_set_connections" :: waited 0.000s {{(pid=106937) inner /opt/stack/data/venv/lib/python3.12/site-packages/oslo_concurrency/lockutils.py:524}}
Jul 14 16:33:34.202723 np0000185168 devstack@n-api-meta.service[106937]: DEBUG oslo_concurrency.lockutils [None req-82447c4a-8590-4f87-9834-9d03d07641f1 None None] Lock "00000000-0000-0000-0000-000000000000" "released" by "nova.context.set_target_cell..get_or_set_cached_cell_and_set_connections" :: held 0.000s {{(pid=106937) inner /opt/stack/data/venv/lib/python3.12/site-packages/oslo_concurrency/lockutils.py:543}}
Jul 14 16:33:34.203269 np0000185168 devstack@n-api-meta.service[106937]: DEBUG oslo_concurrency.lockutils [None req-82447c4a-8590-4f87-9834-9d03d07641f1 None None] Acquiring lock "39c8ea96-6faf-4071-b572-57814e77a584" by "nova.context.set_target_cell..get_or_set_cached_cell_and_set_connections" {{(pid=106937) inner /opt/stack/data/venv/lib/python3.12/site-packages/oslo_concurrency/lockutils.py:511}}
Jul 14 16:33:34.203470 np0000185168 devstack@n-api-meta.service[106937]: DEBUG oslo_concurrency.lockutils [None req-82447c4a-8590-4f87-9834-9d03d07641f1 None None] Lock "39c8ea96-6faf-4071-b572-57814e77a584" acquired by "nova.context.set_target_cell..get_or_set_cached_cell_and_set_connections" :: waited 0.000s {{(pid=106937) inner /opt/stack/data/venv/lib/python3.12/site-packages/oslo_concurrency/lockutils.py:524}}
Jul 14 16:33:34.203533 np0000185168 devstack@n-api-meta.service[106938]: DEBUG dbcounter [-] [106938] Writer thread running {{(pid=106938) stat_writer /opt/stack/data/venv/lib/python3.12/site-packages/dbcounter.py:102}}
Jul 14 16:33:34.204235 np0000185168 devstack@n-api-meta.service[106937]: DEBUG oslo_concurrency.lockutils [None req-82447c4a-8590-4f87-9834-9d03d07641f1 None None] Lock "39c8ea96-6faf-4071-b572-57814e77a584" "released" by "nova.context.set_target_cell..get_or_set_cached_cell_and_set_connections" :: held 0.001s {{(pid=106937) inner /opt/stack/data/venv/lib/python3.12/site-packages/oslo_concurrency/lockutils.py:543}}
Jul 14 16:33:34.206496 np0000185168 devstack@n-api-meta.service[106938]: DEBUG nova.context [None req-afb4901a-5875-4eb3-b481-a1cf65eaad27 None None] Found 2 cells: 00000000-0000-0000-0000-000000000000(cell0),39c8ea96-6faf-4071-b572-57814e77a584(cell1) {{(pid=106938) load_cells /opt/stack/nova/nova/context.py:509}}
Jul 14 16:33:34.206751 np0000185168 devstack@n-api-meta.service[106938]: INFO nova.utils [None req-afb4901a-5875-4eb3-b481-a1cf65eaad27 None None] The cell worker thread pool MainProcess.cell_worker is initialized
Jul 14 16:33:34.207421 np0000185168 devstack@n-api-meta.service[106937]: INFO dbcounter [None req-82447c4a-8590-4f87-9834-9d03d07641f1 None None] Registered counter for database nova_cell0
Jul 14 16:33:34.208924 np0000185168 devstack@n-api-meta.service[106938]: DEBUG oslo_concurrency.lockutils [None req-afb4901a-5875-4eb3-b481-a1cf65eaad27 None None] Acquiring lock "00000000-0000-0000-0000-000000000000" by "nova.context.set_target_cell..get_or_set_cached_cell_and_set_connections" {{(pid=106938) inner /opt/stack/data/venv/lib/python3.12/site-packages/oslo_concurrency/lockutils.py:511}}
Jul 14 16:33:34.209208 np0000185168 devstack@n-api-meta.service[106938]: DEBUG oslo_concurrency.lockutils [None req-afb4901a-5875-4eb3-b481-a1cf65eaad27 None None] Lock "00000000-0000-0000-0000-000000000000" acquired by "nova.context.set_target_cell..get_or_set_cached_cell_and_set_connections" :: waited 0.000s {{(pid=106938) inner /opt/stack/data/venv/lib/python3.12/site-packages/oslo_concurrency/lockutils.py:524}}
Jul 14 16:33:34.210016 np0000185168 devstack@n-api-meta.service[106938]: DEBUG oslo_concurrency.lockutils [None req-afb4901a-5875-4eb3-b481-a1cf65eaad27 None None] Lock "00000000-0000-0000-0000-000000000000" "released" by "nova.context.set_target_cell..get_or_set_cached_cell_and_set_connections" :: held 0.001s {{(pid=106938) inner /opt/stack/data/venv/lib/python3.12/site-packages/oslo_concurrency/lockutils.py:543}}
Jul 14 16:33:34.210810 np0000185168 devstack@n-api-meta.service[106938]: DEBUG oslo_concurrency.lockutils [None req-afb4901a-5875-4eb3-b481-a1cf65eaad27 None None] Acquiring lock "39c8ea96-6faf-4071-b572-57814e77a584" by "nova.context.set_target_cell..get_or_set_cached_cell_and_set_connections" {{(pid=106938) inner /opt/stack/data/venv/lib/python3.12/site-packages/oslo_concurrency/lockutils.py:511}}
Jul 14 16:33:34.211062 np0000185168 devstack@n-api-meta.service[106938]: DEBUG oslo_concurrency.lockutils [None req-afb4901a-5875-4eb3-b481-a1cf65eaad27 None None] Lock "39c8ea96-6faf-4071-b572-57814e77a584" acquired by "nova.context.set_target_cell..get_or_set_cached_cell_and_set_connections" :: waited 0.000s {{(pid=106938) inner /opt/stack/data/venv/lib/python3.12/site-packages/oslo_concurrency/lockutils.py:524}}
Jul 14 16:33:34.212281 np0000185168 devstack@n-api-meta.service[106938]: DEBUG oslo_concurrency.lockutils [None req-afb4901a-5875-4eb3-b481-a1cf65eaad27 None None] Lock "39c8ea96-6faf-4071-b572-57814e77a584" "released" by "nova.context.set_target_cell..get_or_set_cached_cell_and_set_connections" :: held 0.001s {{(pid=106938) inner /opt/stack/data/venv/lib/python3.12/site-packages/oslo_concurrency/lockutils.py:543}}
Jul 14 16:33:34.214453 np0000185168 devstack@n-api-meta.service[106937]: INFO dbcounter [None req-82447c4a-8590-4f87-9834-9d03d07641f1 None None] Registered counter for database nova_cell1
Jul 14 16:33:34.215559 np0000185168 devstack@n-api-meta.service[106938]: INFO dbcounter [None req-afb4901a-5875-4eb3-b481-a1cf65eaad27 None None] Registered counter for database nova_cell0
Jul 14 16:33:34.221934 np0000185168 devstack@n-api-meta.service[106938]: INFO dbcounter [None req-afb4901a-5875-4eb3-b481-a1cf65eaad27 None None] Registered counter for database nova_cell1
Jul 14 16:33:34.223072 np0000185168 devstack@n-api-meta.service[106939]: INFO dbcounter [None req-00edc0c5-21c4-4c94-9a31-a6d7514c24fd None None] Registered counter for database nova_api
Jul 14 16:33:34.260591 np0000185168 devstack@n-api-meta.service[106937]: DEBUG oslo_db.sqlalchemy.engines [None req-82447c4a-8590-4f87-9834-9d03d07641f1 None None] MySQL server mode set to STRICT_TRANS_TABLES,STRICT_ALL_TABLES,NO_ZERO_IN_DATE,NO_ZERO_DATE,ERROR_FOR_DIVISION_BY_ZERO,TRADITIONAL,NO_ENGINE_SUBSTITUTION {{(pid=106937) _check_effective_sql_mode /opt/stack/data/venv/lib/python3.12/site-packages/oslo_db/sqlalchemy/engines.py:325}}
Jul 14 16:33:34.274711 np0000185168 devstack@n-api-meta.service[106940]: DEBUG dbcounter [-] [106940] Writer thread running {{(pid=106940) stat_writer /opt/stack/data/venv/lib/python3.12/site-packages/dbcounter.py:102}}
Jul 14 16:33:34.275938 np0000185168 devstack@n-api-meta.service[106937]: DEBUG oslo_db.sqlalchemy.engines [None req-82447c4a-8590-4f87-9834-9d03d07641f1 None None] MySQL server mode set to STRICT_TRANS_TABLES,STRICT_ALL_TABLES,NO_ZERO_IN_DATE,NO_ZERO_DATE,ERROR_FOR_DIVISION_BY_ZERO,TRADITIONAL,NO_ENGINE_SUBSTITUTION {{(pid=106937) _check_effective_sql_mode /opt/stack/data/venv/lib/python3.12/site-packages/oslo_db/sqlalchemy/engines.py:325}}
Jul 14 16:33:34.276313 np0000185168 devstack@n-api-meta.service[106939]: DEBUG oslo_db.sqlalchemy.engines [None req-00edc0c5-21c4-4c94-9a31-a6d7514c24fd None None] MySQL server mode set to STRICT_TRANS_TABLES,STRICT_ALL_TABLES,NO_ZERO_IN_DATE,NO_ZERO_DATE,ERROR_FOR_DIVISION_BY_ZERO,TRADITIONAL,NO_ENGINE_SUBSTITUTION {{(pid=106939) _check_effective_sql_mode /opt/stack/data/venv/lib/python3.12/site-packages/oslo_db/sqlalchemy/engines.py:325}}
Jul 14 16:33:34.284388 np0000185168 devstack@n-api-meta.service[106940]: DEBUG dbcounter [-] [106940] Writer thread running {{(pid=106940) stat_writer /opt/stack/data/venv/lib/python3.12/site-packages/dbcounter.py:102}}
Jul 14 16:33:34.284493 np0000185168 devstack@n-api-meta.service[106938]: DEBUG oslo_db.sqlalchemy.engines [None req-afb4901a-5875-4eb3-b481-a1cf65eaad27 None None] MySQL server mode set to STRICT_TRANS_TABLES,STRICT_ALL_TABLES,NO_ZERO_IN_DATE,NO_ZERO_DATE,ERROR_FOR_DIVISION_BY_ZERO,TRADITIONAL,NO_ENGINE_SUBSTITUTION {{(pid=106938) _check_effective_sql_mode /opt/stack/data/venv/lib/python3.12/site-packages/oslo_db/sqlalchemy/engines.py:325}}
Jul 14 16:33:34.284977 np0000185168 devstack@n-api-meta.service[106938]: DEBUG oslo_db.sqlalchemy.engines [None req-afb4901a-5875-4eb3-b481-a1cf65eaad27 None None] MySQL server mode set to STRICT_TRANS_TABLES,STRICT_ALL_TABLES,NO_ZERO_IN_DATE,NO_ZERO_DATE,ERROR_FOR_DIVISION_BY_ZERO,TRADITIONAL,NO_ENGINE_SUBSTITUTION {{(pid=106938) _check_effective_sql_mode /opt/stack/data/venv/lib/python3.12/site-packages/oslo_db/sqlalchemy/engines.py:325}}
Jul 14 16:33:34.290865 np0000185168 devstack@n-api-meta.service[106940]: INFO dbcounter [None req-92981119-fcb4-4e09-9008-0d3ef4580583 None None] Registered counter for database nova_cell0
Jul 14 16:33:34.312755 np0000185168 devstack@n-api-meta.service[106939]: DEBUG dbcounter [-] [106939] Writer thread running {{(pid=106939) stat_writer /opt/stack/data/venv/lib/python3.12/site-packages/dbcounter.py:102}}
Jul 14 16:33:34.315438 np0000185168 devstack@n-api-meta.service[106939]: DEBUG nova.context [None req-00edc0c5-21c4-4c94-9a31-a6d7514c24fd None None] Found 2 cells: 00000000-0000-0000-0000-000000000000(cell0),39c8ea96-6faf-4071-b572-57814e77a584(cell1) {{(pid=106939) load_cells /opt/stack/nova/nova/context.py:509}}
Jul 14 16:33:34.315707 np0000185168 devstack@n-api-meta.service[106939]: INFO nova.utils [None req-00edc0c5-21c4-4c94-9a31-a6d7514c24fd None None] The cell worker thread pool MainProcess.cell_worker is initialized
Jul 14 16:33:34.317645 np0000185168 devstack@n-api-meta.service[106939]: DEBUG oslo_concurrency.lockutils [None req-00edc0c5-21c4-4c94-9a31-a6d7514c24fd None None] Acquiring lock "00000000-0000-0000-0000-000000000000" by "nova.context.set_target_cell..get_or_set_cached_cell_and_set_connections" {{(pid=106939) inner /opt/stack/data/venv/lib/python3.12/site-packages/oslo_concurrency/lockutils.py:511}}
Jul 14 16:33:34.317899 np0000185168 devstack@n-api-meta.service[106939]: DEBUG oslo_concurrency.lockutils [None req-00edc0c5-21c4-4c94-9a31-a6d7514c24fd None None] Lock "00000000-0000-0000-0000-000000000000" acquired by "nova.context.set_target_cell..get_or_set_cached_cell_and_set_connections" :: waited 0.000s {{(pid=106939) inner /opt/stack/data/venv/lib/python3.12/site-packages/oslo_concurrency/lockutils.py:524}}
Jul 14 16:33:34.318209 np0000185168 devstack@n-api-meta.service[106939]: DEBUG oslo_concurrency.lockutils [None req-00edc0c5-21c4-4c94-9a31-a6d7514c24fd None None] Lock "00000000-0000-0000-0000-000000000000" "released" by "nova.context.set_target_cell..get_or_set_cached_cell_and_set_connections" :: held 0.000s {{(pid=106939) inner /opt/stack/data/venv/lib/python3.12/site-packages/oslo_concurrency/lockutils.py:543}}
Jul 14 16:33:34.318995 np0000185168 devstack@n-api-meta.service[106939]: DEBUG oslo_concurrency.lockutils [None req-00edc0c5-21c4-4c94-9a31-a6d7514c24fd None None] Acquiring lock "39c8ea96-6faf-4071-b572-57814e77a584" by "nova.context.set_target_cell..get_or_set_cached_cell_and_set_connections" {{(pid=106939) inner /opt/stack/data/venv/lib/python3.12/site-packages/oslo_concurrency/lockutils.py:511}}
Jul 14 16:33:34.319128 np0000185168 devstack@n-api-meta.service[106939]: DEBUG oslo_concurrency.lockutils [None req-00edc0c5-21c4-4c94-9a31-a6d7514c24fd None None] Lock "39c8ea96-6faf-4071-b572-57814e77a584" acquired by "nova.context.set_target_cell..get_or_set_cached_cell_and_set_connections" :: waited 0.000s {{(pid=106939) inner /opt/stack/data/venv/lib/python3.12/site-packages/oslo_concurrency/lockutils.py:524}}
Jul 14 16:33:34.320114 np0000185168 devstack@n-api-meta.service[106939]: DEBUG oslo_concurrency.lockutils [None req-00edc0c5-21c4-4c94-9a31-a6d7514c24fd None None] Lock "39c8ea96-6faf-4071-b572-57814e77a584" "released" by "nova.context.set_target_cell..get_or_set_cached_cell_and_set_connections" :: held 0.001s {{(pid=106939) inner /opt/stack/data/venv/lib/python3.12/site-packages/oslo_concurrency/lockutils.py:543}}
Jul 14 16:33:34.323392 np0000185168 devstack@n-api-meta.service[106939]: INFO dbcounter [None req-00edc0c5-21c4-4c94-9a31-a6d7514c24fd None None] Registered counter for database nova_cell0
Jul 14 16:33:34.326761 np0000185168 devstack@n-api-meta.service[106940]: DEBUG oslo_db.sqlalchemy.engines [None req-92981119-fcb4-4e09-9008-0d3ef4580583 None None] MySQL server mode set to STRICT_TRANS_TABLES,STRICT_ALL_TABLES,NO_ZERO_IN_DATE,NO_ZERO_DATE,ERROR_FOR_DIVISION_BY_ZERO,TRADITIONAL,NO_ENGINE_SUBSTITUTION {{(pid=106940) _check_effective_sql_mode /opt/stack/data/venv/lib/python3.12/site-packages/oslo_db/sqlalchemy/engines.py:325}}
Jul 14 16:33:34.327867 np0000185168 devstack@n-api-meta.service[106939]: INFO dbcounter [None req-00edc0c5-21c4-4c94-9a31-a6d7514c24fd None None] Registered counter for database nova_cell1
Jul 14 16:33:34.337627 np0000185168 devstack@n-api-meta.service[106940]: DEBUG dbcounter [-] [106940] Writer thread running {{(pid=106940) stat_writer /opt/stack/data/venv/lib/python3.12/site-packages/dbcounter.py:102}}
Jul 14 16:33:34.363235 np0000185168 devstack@n-api-meta.service[106937]: DEBUG dbcounter [-] [106937] Writer thread running {{(pid=106937) stat_writer /opt/stack/data/venv/lib/python3.12/site-packages/dbcounter.py:102}}
Jul 14 16:33:34.370383 np0000185168 devstack@n-api-meta.service[106937]: DEBUG dbcounter [-] [106937] Writer thread running {{(pid=106937) stat_writer /opt/stack/data/venv/lib/python3.12/site-packages/dbcounter.py:102}}
Jul 14 16:33:34.375206 np0000185168 devstack@n-api-meta.service[106937]: INFO dbcounter [None req-82447c4a-8590-4f87-9834-9d03d07641f1 None None] Registered counter for database nova_cell0
Jul 14 16:33:34.383278 np0000185168 devstack@n-api-meta.service[106939]: DEBUG oslo_db.sqlalchemy.engines [None req-00edc0c5-21c4-4c94-9a31-a6d7514c24fd None None] MySQL server mode set to STRICT_TRANS_TABLES,STRICT_ALL_TABLES,NO_ZERO_IN_DATE,NO_ZERO_DATE,ERROR_FOR_DIVISION_BY_ZERO,TRADITIONAL,NO_ENGINE_SUBSTITUTION {{(pid=106939) _check_effective_sql_mode /opt/stack/data/venv/lib/python3.12/site-packages/oslo_db/sqlalchemy/engines.py:325}}
Jul 14 16:33:34.389374 np0000185168 devstack@n-api-meta.service[106938]: DEBUG dbcounter [-] [106938] Writer thread running {{(pid=106938) stat_writer /opt/stack/data/venv/lib/python3.12/site-packages/dbcounter.py:102}}
Jul 14 16:33:34.391334 np0000185168 devstack@n-api-meta.service[106938]: DEBUG dbcounter [-] [106938] Writer thread running {{(pid=106938) stat_writer /opt/stack/data/venv/lib/python3.12/site-packages/dbcounter.py:102}}
Jul 14 16:33:34.395914 np0000185168 devstack@n-api-meta.service[106938]: INFO dbcounter [None req-afb4901a-5875-4eb3-b481-a1cf65eaad27 None None] Registered counter for database nova_cell0
Jul 14 16:33:34.397262 np0000185168 devstack@n-api-meta.service[106940]: WARNING nova.api.metadata.handler [None req-92981119-fcb4-4e09-9008-0d3ef4580583 None None] metadata_proxy_shared_secret is not configured, the metadata information returned by the proxy cannot be trusted
Jul 14 16:33:34.399869 np0000185168 devstack@n-api-meta.service[106940]: DEBUG nova.api.openstack.wsgi_app [None req-92981119-fcb4-4e09-9008-0d3ef4580583 None None] ******************************************************************************** {{(pid=106940) log_opt_values /opt/stack/data/venv/lib/python3.12/site-packages/oslo_config/cfg.py:3226}}
Jul 14 16:33:34.399957 np0000185168 devstack@n-api-meta.service[106940]: DEBUG nova.api.openstack.wsgi_app [None req-92981119-fcb4-4e09-9008-0d3ef4580583 None None] Configuration options gathered from: {{(pid=106940) log_opt_values /opt/stack/data/venv/lib/python3.12/site-packages/oslo_config/cfg.py:3227}}
Jul 14 16:33:34.400074 np0000185168 devstack@n-api-meta.service[106940]: DEBUG nova.api.openstack.wsgi_app [None req-92981119-fcb4-4e09-9008-0d3ef4580583 None None] command line args: [] {{(pid=106940) log_opt_values /opt/stack/data/venv/lib/python3.12/site-packages/oslo_config/cfg.py:3228}}
Jul 14 16:33:34.400235 np0000185168 devstack@n-api-meta.service[106940]: DEBUG nova.api.openstack.wsgi_app [None req-92981119-fcb4-4e09-9008-0d3ef4580583 None None] config files: ['/etc/nova/api-paste.ini', '/etc/nova/nova.conf'] {{(pid=106940) log_opt_values /opt/stack/data/venv/lib/python3.12/site-packages/oslo_config/cfg.py:3229}}
Jul 14 16:33:34.400333 np0000185168 devstack@n-api-meta.service[106940]: DEBUG nova.api.openstack.wsgi_app [None req-92981119-fcb4-4e09-9008-0d3ef4580583 None None] ================================================================================ {{(pid=106940) log_opt_values /opt/stack/data/venv/lib/python3.12/site-packages/oslo_config/cfg.py:3234}}
Jul 14 16:33:34.400515 np0000185168 devstack@n-api-meta.service[106940]: DEBUG nova.api.openstack.wsgi_app [None req-92981119-fcb4-4e09-9008-0d3ef4580583 None None] allow_resize_to_same_host = True {{(pid=106940) log_opt_values /opt/stack/data/venv/lib/python3.12/site-packages/oslo_config/cfg.py:3242}}
Jul 14 16:33:34.400650 np0000185168 devstack@n-api-meta.service[106940]: DEBUG nova.api.openstack.wsgi_app [None req-92981119-fcb4-4e09-9008-0d3ef4580583 None None] arq_binding_timeout = 300 {{(pid=106940) log_opt_values /opt/stack/data/venv/lib/python3.12/site-packages/oslo_config/cfg.py:3242}}
Jul 14 16:33:34.400795 np0000185168 devstack@n-api-meta.service[106940]: DEBUG nova.api.openstack.wsgi_app [None req-92981119-fcb4-4e09-9008-0d3ef4580583 None None] block_device_allocate_retries = 60 {{(pid=106940) log_opt_values /opt/stack/data/venv/lib/python3.12/site-packages/oslo_config/cfg.py:3242}}
Jul 14 16:33:34.400928 np0000185168 devstack@n-api-meta.service[106940]: DEBUG nova.api.openstack.wsgi_app [None req-92981119-fcb4-4e09-9008-0d3ef4580583 None None] block_device_allocate_retries_interval = 3 {{(pid=106940) log_opt_values /opt/stack/data/venv/lib/python3.12/site-packages/oslo_config/cfg.py:3242}}
Jul 14 16:33:34.401057 np0000185168 devstack@n-api-meta.service[106940]: DEBUG nova.api.openstack.wsgi_app [None req-92981119-fcb4-4e09-9008-0d3ef4580583 None None] cell_worker_thread_pool_size = 5 {{(pid=106940) log_opt_values /opt/stack/data/venv/lib/python3.12/site-packages/oslo_config/cfg.py:3242}}
Jul 14 16:33:34.401194 np0000185168 devstack@n-api-meta.service[106940]: DEBUG nova.api.openstack.wsgi_app [None req-92981119-fcb4-4e09-9008-0d3ef4580583 None None] cert = self.pem {{(pid=106940) log_opt_values /opt/stack/data/venv/lib/python3.12/site-packages/oslo_config/cfg.py:3242}}
Jul 14 16:33:34.401329 np0000185168 devstack@n-api-meta.service[106940]: DEBUG nova.api.openstack.wsgi_app [None req-92981119-fcb4-4e09-9008-0d3ef4580583 None None] compute_driver = libvirt.LibvirtDriver {{(pid=106940) log_opt_values /opt/stack/data/venv/lib/python3.12/site-packages/oslo_config/cfg.py:3242}}
Jul 14 16:33:34.401463 np0000185168 devstack@n-api-meta.service[106940]: DEBUG nova.api.openstack.wsgi_app [None req-92981119-fcb4-4e09-9008-0d3ef4580583 None None] compute_monitors = [] {{(pid=106940) log_opt_values /opt/stack/data/venv/lib/python3.12/site-packages/oslo_config/cfg.py:3242}}
Jul 14 16:33:34.401595 np0000185168 devstack@n-api-meta.service[106940]: DEBUG nova.api.openstack.wsgi_app [None req-92981119-fcb4-4e09-9008-0d3ef4580583 None None] concurrency_backend = auto {{(pid=106940) log_opt_values /opt/stack/data/venv/lib/python3.12/site-packages/oslo_config/cfg.py:3242}}
Jul 14 16:33:34.401734 np0000185168 devstack@n-api-meta.service[106940]: DEBUG nova.api.openstack.wsgi_app [None req-92981119-fcb4-4e09-9008-0d3ef4580583 None None] config_dir = [] {{(pid=106940) log_opt_values /opt/stack/data/venv/lib/python3.12/site-packages/oslo_config/cfg.py:3242}}
Jul 14 16:33:34.401889 np0000185168 devstack@n-api-meta.service[106940]: DEBUG nova.api.openstack.wsgi_app [None req-92981119-fcb4-4e09-9008-0d3ef4580583 None None] config_drive_format = iso9660 {{(pid=106940) log_opt_values /opt/stack/data/venv/lib/python3.12/site-packages/oslo_config/cfg.py:3242}}
Jul 14 16:33:34.401996 np0000185168 devstack@n-api-meta.service[106940]: DEBUG nova.api.openstack.wsgi_app [None req-92981119-fcb4-4e09-9008-0d3ef4580583 None None] config_file = ['/etc/nova/api-paste.ini', '/etc/nova/nova.conf'] {{(pid=106940) log_opt_values /opt/stack/data/venv/lib/python3.12/site-packages/oslo_config/cfg.py:3242}}
Jul 14 16:33:34.402130 np0000185168 devstack@n-api-meta.service[106940]: DEBUG nova.api.openstack.wsgi_app [None req-92981119-fcb4-4e09-9008-0d3ef4580583 None None] config_source = [] {{(pid=106940) log_opt_values /opt/stack/data/venv/lib/python3.12/site-packages/oslo_config/cfg.py:3242}}
Jul 14 16:33:34.402265 np0000185168 devstack@n-api-meta.service[106940]: DEBUG nova.api.openstack.wsgi_app [None req-92981119-fcb4-4e09-9008-0d3ef4580583 None None] console_host = np0000185168 {{(pid=106940) log_opt_values /opt/stack/data/venv/lib/python3.12/site-packages/oslo_config/cfg.py:3242}}
Jul 14 16:33:34.402396 np0000185168 devstack@n-api-meta.service[106940]: DEBUG nova.api.openstack.wsgi_app [None req-92981119-fcb4-4e09-9008-0d3ef4580583 None None] control_exchange = nova {{(pid=106940) log_opt_values /opt/stack/data/venv/lib/python3.12/site-packages/oslo_config/cfg.py:3242}}
Jul 14 16:33:34.402523 np0000185168 devstack@n-api-meta.service[106940]: DEBUG nova.api.openstack.wsgi_app [None req-92981119-fcb4-4e09-9008-0d3ef4580583 None None] cpu_allocation_ratio = None {{(pid=106940) log_opt_values /opt/stack/data/venv/lib/python3.12/site-packages/oslo_config/cfg.py:3242}}
Jul 14 16:33:34.402650 np0000185168 devstack@n-api-meta.service[106940]: DEBUG nova.api.openstack.wsgi_app [None req-92981119-fcb4-4e09-9008-0d3ef4580583 None None] daemon = False {{(pid=106940) log_opt_values /opt/stack/data/venv/lib/python3.12/site-packages/oslo_config/cfg.py:3242}}
Jul 14 16:33:34.402830 np0000185168 devstack@n-api-meta.service[106940]: DEBUG nova.api.openstack.wsgi_app [None req-92981119-fcb4-4e09-9008-0d3ef4580583 None None] debug = True {{(pid=106940) log_opt_values /opt/stack/data/venv/lib/python3.12/site-packages/oslo_config/cfg.py:3242}}
Jul 14 16:33:34.402953 np0000185168 devstack@n-api-meta.service[106940]: DEBUG nova.api.openstack.wsgi_app [None req-92981119-fcb4-4e09-9008-0d3ef4580583 None None] default_access_ip_network_name = None {{(pid=106940) log_opt_values /opt/stack/data/venv/lib/python3.12/site-packages/oslo_config/cfg.py:3242}}
Jul 14 16:33:34.403090 np0000185168 devstack@n-api-meta.service[106940]: DEBUG nova.api.openstack.wsgi_app [None req-92981119-fcb4-4e09-9008-0d3ef4580583 None None] default_availability_zone = nova {{(pid=106940) log_opt_values /opt/stack/data/venv/lib/python3.12/site-packages/oslo_config/cfg.py:3242}}
Jul 14 16:33:34.403223 np0000185168 devstack@n-api-meta.service[106940]: DEBUG nova.api.openstack.wsgi_app [None req-92981119-fcb4-4e09-9008-0d3ef4580583 None None] default_ephemeral_format = ext4 {{(pid=106940) log_opt_values /opt/stack/data/venv/lib/python3.12/site-packages/oslo_config/cfg.py:3242}}
Jul 14 16:33:34.403352 np0000185168 devstack@n-api-meta.service[106940]: DEBUG nova.api.openstack.wsgi_app [None req-92981119-fcb4-4e09-9008-0d3ef4580583 None None] default_green_pool_size = 1000 {{(pid=106940) log_opt_values /opt/stack/data/venv/lib/python3.12/site-packages/oslo_config/cfg.py:3242}}
Jul 14 16:33:34.403603 np0000185168 devstack@n-api-meta.service[106940]: DEBUG nova.api.openstack.wsgi_app [None req-92981119-fcb4-4e09-9008-0d3ef4580583 None None] default_log_levels = ['amqp=WARN', 'boto=WARN', 'sqlalchemy=WARN', 'suds=INFO', 'oslo.messaging=INFO', 'oslo_messaging=INFO', 'iso8601=WARN', 'requests.packages.urllib3.connectionpool=WARN', 'urllib3.connectionpool=WARN', 'websocket=WARN', 'requests.packages.urllib3.util.retry=WARN', 'urllib3.util.retry=WARN', 'keystonemiddleware=WARN', 'routes.middleware=WARN', 'stevedore=WARN', 'taskflow=WARN', 'keystoneauth=WARN', 'oslo.cache=INFO', 'oslo_policy=INFO', 'dogpile.core.dogpile=INFO', 'glanceclient=WARN', 'oslo.privsep.daemon=INFO'] {{(pid=106940) log_opt_values /opt/stack/data/venv/lib/python3.12/site-packages/oslo_config/cfg.py:3242}}
Jul 14 16:33:34.403721 np0000185168 devstack@n-api-meta.service[106940]: DEBUG nova.api.openstack.wsgi_app [None req-92981119-fcb4-4e09-9008-0d3ef4580583 None None] default_schedule_zone = None {{(pid=106940) log_opt_values /opt/stack/data/venv/lib/python3.12/site-packages/oslo_config/cfg.py:3242}}
Jul 14 16:33:34.403870 np0000185168 devstack@n-api-meta.service[106940]: DEBUG nova.api.openstack.wsgi_app [None req-92981119-fcb4-4e09-9008-0d3ef4580583 None None] default_thread_pool_size = 10 {{(pid=106940) log_opt_values /opt/stack/data/venv/lib/python3.12/site-packages/oslo_config/cfg.py:3242}}
Jul 14 16:33:34.403989 np0000185168 devstack@n-api-meta.service[106940]: DEBUG nova.api.openstack.wsgi_app [None req-92981119-fcb4-4e09-9008-0d3ef4580583 None None] disk_allocation_ratio = None {{(pid=106940) log_opt_values /opt/stack/data/venv/lib/python3.12/site-packages/oslo_config/cfg.py:3242}}
Jul 14 16:33:34.404122 np0000185168 devstack@n-api-meta.service[106940]: DEBUG nova.api.openstack.wsgi_app [None req-92981119-fcb4-4e09-9008-0d3ef4580583 None None] enable_new_services = True {{(pid=106940) log_opt_values /opt/stack/data/venv/lib/python3.12/site-packages/oslo_config/cfg.py:3242}}
Jul 14 16:33:34.404249 np0000185168 devstack@n-api-meta.service[106940]: DEBUG nova.api.openstack.wsgi_app [None req-92981119-fcb4-4e09-9008-0d3ef4580583 None None] flat_injected = False {{(pid=106940) log_opt_values /opt/stack/data/venv/lib/python3.12/site-packages/oslo_config/cfg.py:3242}}
Jul 14 16:33:34.404376 np0000185168 devstack@n-api-meta.service[106940]: DEBUG nova.api.openstack.wsgi_app [None req-92981119-fcb4-4e09-9008-0d3ef4580583 None None] force_config_drive = False {{(pid=106940) log_opt_values /opt/stack/data/venv/lib/python3.12/site-packages/oslo_config/cfg.py:3242}}
Jul 14 16:33:34.404502 np0000185168 devstack@n-api-meta.service[106940]: DEBUG nova.api.openstack.wsgi_app [None req-92981119-fcb4-4e09-9008-0d3ef4580583 None None] force_raw_images = True {{(pid=106940) log_opt_values /opt/stack/data/venv/lib/python3.12/site-packages/oslo_config/cfg.py:3242}}
Jul 14 16:33:34.404639 np0000185168 devstack@n-api-meta.service[106940]: DEBUG nova.api.openstack.wsgi_app [None req-92981119-fcb4-4e09-9008-0d3ef4580583 None None] graceful_shutdown_timeout = 5 {{(pid=106940) log_opt_values /opt/stack/data/venv/lib/python3.12/site-packages/oslo_config/cfg.py:3242}}
Jul 14 16:33:34.404789 np0000185168 devstack@n-api-meta.service[106940]: DEBUG nova.api.openstack.wsgi_app [None req-92981119-fcb4-4e09-9008-0d3ef4580583 None None] heal_instance_info_cache_interval = -1 {{(pid=106940) log_opt_values /opt/stack/data/venv/lib/python3.12/site-packages/oslo_config/cfg.py:3242}}
Jul 14 16:33:34.404980 np0000185168 devstack@n-api-meta.service[106940]: DEBUG nova.api.openstack.wsgi_app [None req-92981119-fcb4-4e09-9008-0d3ef4580583 None None] host = np0000185168 {{(pid=106940) log_opt_values /opt/stack/data/venv/lib/python3.12/site-packages/oslo_config/cfg.py:3242}}
Jul 14 16:33:34.405112 np0000185168 devstack@n-api-meta.service[106940]: DEBUG nova.api.openstack.wsgi_app [None req-92981119-fcb4-4e09-9008-0d3ef4580583 None None] initial_cpu_allocation_ratio = 4.0 {{(pid=106940) log_opt_values /opt/stack/data/venv/lib/python3.12/site-packages/oslo_config/cfg.py:3242}}
Jul 14 16:33:34.405253 np0000185168 devstack@n-api-meta.service[106940]: DEBUG nova.api.openstack.wsgi_app [None req-92981119-fcb4-4e09-9008-0d3ef4580583 None None] initial_disk_allocation_ratio = 1.0 {{(pid=106940) log_opt_values /opt/stack/data/venv/lib/python3.12/site-packages/oslo_config/cfg.py:3242}}
Jul 14 16:33:34.405374 np0000185168 devstack@n-api-meta.service[106940]: DEBUG nova.api.openstack.wsgi_app [None req-92981119-fcb4-4e09-9008-0d3ef4580583 None None] initial_ram_allocation_ratio = 1.0 {{(pid=106940) log_opt_values /opt/stack/data/venv/lib/python3.12/site-packages/oslo_config/cfg.py:3242}}
Jul 14 16:33:34.405545 np0000185168 devstack@n-api-meta.service[106940]: DEBUG nova.api.openstack.wsgi_app [None req-92981119-fcb4-4e09-9008-0d3ef4580583 None None] injected_network_template = /opt/stack/nova/nova/virt/interfaces.template {{(pid=106940) log_opt_values /opt/stack/data/venv/lib/python3.12/site-packages/oslo_config/cfg.py:3242}}
Jul 14 16:33:34.405674 np0000185168 devstack@n-api-meta.service[106940]: DEBUG nova.api.openstack.wsgi_app [None req-92981119-fcb4-4e09-9008-0d3ef4580583 None None] instance_build_timeout = 0 {{(pid=106940) log_opt_values /opt/stack/data/venv/lib/python3.12/site-packages/oslo_config/cfg.py:3242}}
Jul 14 16:33:34.405823 np0000185168 devstack@n-api-meta.service[106940]: DEBUG nova.api.openstack.wsgi_app [None req-92981119-fcb4-4e09-9008-0d3ef4580583 None None] instance_delete_interval = 300 {{(pid=106940) log_opt_values /opt/stack/data/venv/lib/python3.12/site-packages/oslo_config/cfg.py:3242}}
Jul 14 16:33:34.405957 np0000185168 devstack@n-api-meta.service[106940]: DEBUG nova.api.openstack.wsgi_app [None req-92981119-fcb4-4e09-9008-0d3ef4580583 None None] instance_format = [instance: %(uuid)s] {{(pid=106940) log_opt_values /opt/stack/data/venv/lib/python3.12/site-packages/oslo_config/cfg.py:3242}}
Jul 14 16:33:34.406096 np0000185168 devstack@n-api-meta.service[106940]: DEBUG nova.api.openstack.wsgi_app [None req-92981119-fcb4-4e09-9008-0d3ef4580583 None None] instance_name_template = instance-%08x {{(pid=106940) log_opt_values /opt/stack/data/venv/lib/python3.12/site-packages/oslo_config/cfg.py:3242}}
Jul 14 16:33:34.406222 np0000185168 devstack@n-api-meta.service[106940]: DEBUG nova.api.openstack.wsgi_app [None req-92981119-fcb4-4e09-9008-0d3ef4580583 None None] instance_usage_audit = False {{(pid=106940) log_opt_values /opt/stack/data/venv/lib/python3.12/site-packages/oslo_config/cfg.py:3242}}
Jul 14 16:33:34.406360 np0000185168 devstack@n-api-meta.service[106940]: DEBUG nova.api.openstack.wsgi_app [None req-92981119-fcb4-4e09-9008-0d3ef4580583 None None] instance_usage_audit_period = month {{(pid=106940) log_opt_values /opt/stack/data/venv/lib/python3.12/site-packages/oslo_config/cfg.py:3242}}
Jul 14 16:33:34.406490 np0000185168 devstack@n-api-meta.service[106940]: DEBUG nova.api.openstack.wsgi_app [None req-92981119-fcb4-4e09-9008-0d3ef4580583 None None] instance_uuid_format = [instance: %(uuid)s] {{(pid=106940) log_opt_values /opt/stack/data/venv/lib/python3.12/site-packages/oslo_config/cfg.py:3242}}
Jul 14 16:33:34.406626 np0000185168 devstack@n-api-meta.service[106940]: DEBUG nova.api.openstack.wsgi_app [None req-92981119-fcb4-4e09-9008-0d3ef4580583 None None] instances_path = /opt/stack/data/nova/instances {{(pid=106940) log_opt_values /opt/stack/data/venv/lib/python3.12/site-packages/oslo_config/cfg.py:3242}}
Jul 14 16:33:34.406755 np0000185168 devstack@n-api-meta.service[106940]: DEBUG nova.api.openstack.wsgi_app [None req-92981119-fcb4-4e09-9008-0d3ef4580583 None None] internal_service_availability_zone = internal {{(pid=106940) log_opt_values /opt/stack/data/venv/lib/python3.12/site-packages/oslo_config/cfg.py:3242}}
Jul 14 16:33:34.406897 np0000185168 devstack@n-api-meta.service[106940]: DEBUG nova.api.openstack.wsgi_app [None req-92981119-fcb4-4e09-9008-0d3ef4580583 None None] key = None {{(pid=106940) log_opt_values /opt/stack/data/venv/lib/python3.12/site-packages/oslo_config/cfg.py:3242}}
Jul 14 16:33:34.407024 np0000185168 devstack@n-api-meta.service[106940]: DEBUG nova.api.openstack.wsgi_app [None req-92981119-fcb4-4e09-9008-0d3ef4580583 None None] live_migration_retry_count = 30 {{(pid=106940) log_opt_values /opt/stack/data/venv/lib/python3.12/site-packages/oslo_config/cfg.py:3242}}
Jul 14 16:33:34.407162 np0000185168 devstack@n-api-meta.service[106940]: DEBUG nova.api.openstack.wsgi_app [None req-92981119-fcb4-4e09-9008-0d3ef4580583 None None] log_color = False {{(pid=106940) log_opt_values /opt/stack/data/venv/lib/python3.12/site-packages/oslo_config/cfg.py:3242}}
Jul 14 16:33:34.407323 np0000185168 devstack@n-api-meta.service[106940]: DEBUG nova.api.openstack.wsgi_app [None req-92981119-fcb4-4e09-9008-0d3ef4580583 None None] log_config_append = None {{(pid=106940) log_opt_values /opt/stack/data/venv/lib/python3.12/site-packages/oslo_config/cfg.py:3242}}
Jul 14 16:33:34.407481 np0000185168 devstack@n-api-meta.service[106940]: DEBUG nova.api.openstack.wsgi_app [None req-92981119-fcb4-4e09-9008-0d3ef4580583 None None] log_date_format = %Y-%m-%d %H:%M:%S {{(pid=106940) log_opt_values /opt/stack/data/venv/lib/python3.12/site-packages/oslo_config/cfg.py:3242}}
Jul 14 16:33:34.407633 np0000185168 devstack@n-api-meta.service[106940]: DEBUG nova.api.openstack.wsgi_app [None req-92981119-fcb4-4e09-9008-0d3ef4580583 None None] log_dir = None {{(pid=106940) log_opt_values /opt/stack/data/venv/lib/python3.12/site-packages/oslo_config/cfg.py:3242}}
Jul 14 16:33:34.407763 np0000185168 devstack@n-api-meta.service[106940]: DEBUG nova.api.openstack.wsgi_app [None req-92981119-fcb4-4e09-9008-0d3ef4580583 None None] log_file = None {{(pid=106940) log_opt_values /opt/stack/data/venv/lib/python3.12/site-packages/oslo_config/cfg.py:3242}}
Jul 14 16:33:34.407875 np0000185168 devstack@n-api-meta.service[106940]: DEBUG nova.api.openstack.wsgi_app [None req-92981119-fcb4-4e09-9008-0d3ef4580583 None None] log_options = True {{(pid=106940) log_opt_values /opt/stack/data/venv/lib/python3.12/site-packages/oslo_config/cfg.py:3242}}
Jul 14 16:33:34.408004 np0000185168 devstack@n-api-meta.service[106940]: DEBUG nova.api.openstack.wsgi_app [None req-92981119-fcb4-4e09-9008-0d3ef4580583 None None] log_rotate_interval = 1 {{(pid=106940) log_opt_values /opt/stack/data/venv/lib/python3.12/site-packages/oslo_config/cfg.py:3242}}
Jul 14 16:33:34.408140 np0000185168 devstack@n-api-meta.service[106940]: DEBUG nova.api.openstack.wsgi_app [None req-92981119-fcb4-4e09-9008-0d3ef4580583 None None] log_rotate_interval_type = days {{(pid=106940) log_opt_values /opt/stack/data/venv/lib/python3.12/site-packages/oslo_config/cfg.py:3242}}
Jul 14 16:33:34.408273 np0000185168 devstack@n-api-meta.service[106940]: DEBUG nova.api.openstack.wsgi_app [None req-92981119-fcb4-4e09-9008-0d3ef4580583 None None] log_rotation_type = none {{(pid=106940) log_opt_values /opt/stack/data/venv/lib/python3.12/site-packages/oslo_config/cfg.py:3242}}
Jul 14 16:33:34.408376 np0000185168 devstack@n-api-meta.service[106940]: DEBUG nova.api.openstack.wsgi_app [None req-92981119-fcb4-4e09-9008-0d3ef4580583 None None] logging_context_format_string = %(color)s%(levelname)s %(name)s [%(global_request_id)s %(request_id)s %(project_name)s %(user_name)s%(color)s] %(instance)s%(color)s%(message)s {{(pid=106940) log_opt_values /opt/stack/data/venv/lib/python3.12/site-packages/oslo_config/cfg.py:3242}}
Jul 14 16:33:34.408479 np0000185168 devstack@n-api-meta.service[106940]: DEBUG nova.api.openstack.wsgi_app [None req-92981119-fcb4-4e09-9008-0d3ef4580583 None None] logging_debug_format_suffix = {{(pid=%(process)d) %(funcName)s %(pathname)s:%(lineno)d}} {{(pid=106940) log_opt_values /opt/stack/data/venv/lib/python3.12/site-packages/oslo_config/cfg.py:3242}}
Jul 14 16:33:34.408613 np0000185168 devstack@n-api-meta.service[106940]: DEBUG nova.api.openstack.wsgi_app [None req-92981119-fcb4-4e09-9008-0d3ef4580583 None None] logging_default_format_string = %(color)s%(levelname)s %(name)s [-%(color)s] %(instance)s%(color)s%(message)s {{(pid=106940) log_opt_values /opt/stack/data/venv/lib/python3.12/site-packages/oslo_config/cfg.py:3242}}
Jul 14 16:33:34.408743 np0000185168 devstack@n-api-meta.service[106940]: DEBUG nova.api.openstack.wsgi_app [None req-92981119-fcb4-4e09-9008-0d3ef4580583 None None] logging_exception_prefix = ERROR %(name)s %(instance)s {{(pid=106940) log_opt_values /opt/stack/data/venv/lib/python3.12/site-packages/oslo_config/cfg.py:3242}}
Jul 14 16:33:34.408863 np0000185168 devstack@n-api-meta.service[106940]: DEBUG nova.api.openstack.wsgi_app [None req-92981119-fcb4-4e09-9008-0d3ef4580583 None None] logging_user_identity_format = %(user)s %(project)s %(domain)s %(system_scope)s %(user_domain)s %(project_domain)s {{(pid=106940) log_opt_values /opt/stack/data/venv/lib/python3.12/site-packages/oslo_config/cfg.py:3242}}
Jul 14 16:33:34.408995 np0000185168 devstack@n-api-meta.service[106940]: DEBUG nova.api.openstack.wsgi_app [None req-92981119-fcb4-4e09-9008-0d3ef4580583 None None] long_rpc_timeout = 1800 {{(pid=106940) log_opt_values /opt/stack/data/venv/lib/python3.12/site-packages/oslo_config/cfg.py:3242}}
Jul 14 16:33:34.409130 np0000185168 devstack@n-api-meta.service[106940]: DEBUG nova.api.openstack.wsgi_app [None req-92981119-fcb4-4e09-9008-0d3ef4580583 None None] manager_shutdown_timeout = 160 {{(pid=106940) log_opt_values /opt/stack/data/venv/lib/python3.12/site-packages/oslo_config/cfg.py:3242}}
Jul 14 16:33:34.409256 np0000185168 devstack@n-api-meta.service[106940]: DEBUG nova.api.openstack.wsgi_app [None req-92981119-fcb4-4e09-9008-0d3ef4580583 None None] max_concurrent_builds = 10 {{(pid=106940) log_opt_values /opt/stack/data/venv/lib/python3.12/site-packages/oslo_config/cfg.py:3242}}
Jul 14 16:33:34.409384 np0000185168 devstack@n-api-meta.service[106940]: DEBUG nova.api.openstack.wsgi_app [None req-92981119-fcb4-4e09-9008-0d3ef4580583 None None] max_concurrent_live_migrations = 1 {{(pid=106940) log_opt_values /opt/stack/data/venv/lib/python3.12/site-packages/oslo_config/cfg.py:3242}}
