Jul 14 16:33:00.948456 np0000185168 devstack@neutron-api.service[101810]: DEBUG neutron.api.extensions [None req-07892607-88ff-4c63-8746-a28020e7295e None None] Ext name="Vlantransparent" alias="vlan-transparent" description="Provides Vlan Transparent Networks" updated="2015-03-23T09:00:00-00:00" {{(pid=101810) _check_extension /opt/stack/neutron/neutron/api/extensions.py:415}}
Jul 14 16:33:00.948665 np0000185168 devstack@neutron-api.service[101810]: INFO neutron.api.extensions [None req-07892607-88ff-4c63-8746-a28020e7295e None None] Loaded extension: vlan-transparent
Jul 14 16:33:00.950591 np0000185168 devstack@neutron-api.service[101810]: INFO neutron.quota.resource_registry [None req-07892607-88ff-4c63-8746-a28020e7295e None None] Creating instance of TrackedResource for resource:network
Jul 14 16:33:00.950754 np0000185168 devstack@neutron-api.service[101810]: INFO neutron.quota.resource_registry [None req-07892607-88ff-4c63-8746-a28020e7295e None None] Creating instance of TrackedResource for resource:subnet
Jul 14 16:33:00.950942 np0000185168 devstack@neutron-api.service[101810]: INFO neutron.quota.resource_registry [None req-07892607-88ff-4c63-8746-a28020e7295e None None] Creating instance of TrackedResource for resource:subnetpool
Jul 14 16:33:00.950942 np0000185168 devstack@neutron-api.service[101810]: INFO neutron.quota.resource_registry [None req-07892607-88ff-4c63-8746-a28020e7295e None None] Creating instance of TrackedResource for resource:port
Jul 14 16:33:00.952390 np0000185168 devstack@neutron-api.service[101810]: INFO neutron.quota.resource_registry [None req-07892607-88ff-4c63-8746-a28020e7295e None None] Creating instance of CountableResource for resource:router_route
Jul 14 16:33:00.952546 np0000185168 devstack@neutron-api.service[101810]: DEBUG neutron.api.v2.resource_helper [None req-07892607-88ff-4c63-8746-a28020e7295e None None] Service L3_ROUTER_NAT assigned prefix: {{(pid=101810) build_resource_info /opt/stack/neutron/neutron/api/v2/resource_helper.py:77}}
Jul 14 16:33:00.952979 np0000185168 devstack@neutron-api.service[101810]: DEBUG neutron.api.v2.resource_helper [None req-07892607-88ff-4c63-8746-a28020e7295e None None] Service FLAVORS assigned prefix: {{(pid=101810) build_resource_info /opt/stack/neutron/neutron/api/v2/resource_helper.py:77}}
Jul 14 16:33:00.953868 np0000185168 devstack@neutron-api.service[101810]: DEBUG neutron.api.v2.resource_helper [None req-07892607-88ff-4c63-8746-a28020e7295e None None] Service L3_ROUTER_NAT assigned prefix: {{(pid=101810) build_resource_info /opt/stack/neutron/neutron/api/v2/resource_helper.py:77}}
Jul 14 16:33:00.955633 np0000185168 devstack@neutron-api.service[101810]: DEBUG neutron.api.v2.resource_helper [None req-07892607-88ff-4c63-8746-a28020e7295e None None] Service L3_ROUTER_NAT assigned prefix: {{(pid=101810) build_resource_info /opt/stack/neutron/neutron/api/v2/resource_helper.py:77}}
Jul 14 16:33:00.955633 np0000185168 devstack@neutron-api.service[101810]: INFO neutron.quota.resource_registry [None req-07892607-88ff-4c63-8746-a28020e7295e None None] Creating instance of TrackedResource for resource:router
Jul 14 16:33:00.955633 np0000185168 devstack@neutron-api.service[101810]: INFO neutron.quota.resource_registry [None req-07892607-88ff-4c63-8746-a28020e7295e None None] Creating instance of TrackedResource for resource:floatingip
Jul 14 16:33:00.955877 np0000185168 devstack@neutron-api.service[101810]: INFO neutron.quota.resource_registry [None req-07892607-88ff-4c63-8746-a28020e7295e None None] Creating instance of CountableResource for resource:rbac_policy
Jul 14 16:33:00.956621 np0000185168 devstack@neutron-api.service[101810]: INFO neutron.quota.resource_registry [None req-07892607-88ff-4c63-8746-a28020e7295e None None] Creating instance of TrackedResource for resource:security_group
Jul 14 16:33:00.957018 np0000185168 devstack@neutron-api.service[101810]: INFO neutron.quota.resource_registry [None req-07892607-88ff-4c63-8746-a28020e7295e None None] Creating instance of TrackedResource for resource:security_group_rule
Jul 14 16:33:00.957655 np0000185168 devstack@neutron-api.service[101810]: DEBUG neutron.api.v2.resource_helper [None req-07892607-88ff-4c63-8746-a28020e7295e None None] Service CORE assigned prefix: {{(pid=101810) build_resource_info /opt/stack/neutron/neutron/api/v2/resource_helper.py:77}}
Jul 14 16:33:00.957812 np0000185168 devstack@neutron-api.service[101810]: INFO neutron.quota.resource_registry [None req-07892607-88ff-4c63-8746-a28020e7295e None None] Creating instance of TrackedResource for resource:subnetpool
Jul 14 16:33:00.957944 np0000185168 devstack@neutron-api.service[101810]: WARNING neutron.quota.resource_registry [None req-07892607-88ff-4c63-8746-a28020e7295e None None] subnetpool is already registered
Jul 14 16:33:00.958313 np0000185168 devstack@neutron-api.service[101810]: DEBUG neutron.api.v2.resource_helper [None req-07892607-88ff-4c63-8746-a28020e7295e None None] Service CORE assigned prefix: {{(pid=101810) build_resource_info /opt/stack/neutron/neutron/api/v2/resource_helper.py:77}}
Jul 14 16:33:00.958402 np0000185168 devstack@neutron-api.service[101810]: INFO neutron.quota.resource_registry [None req-07892607-88ff-4c63-8746-a28020e7295e None None] Creating instance of TrackedResource for resource:subnetpool
Jul 14 16:33:00.958529 np0000185168 devstack@neutron-api.service[101810]: WARNING neutron.quota.resource_registry [None req-07892607-88ff-4c63-8746-a28020e7295e None None] subnetpool is already registered
Jul 14 16:33:00.960762 np0000185168 devstack@neutron-api.service[101810]: INFO neutron.quota.resource_registry [None req-07892607-88ff-4c63-8746-a28020e7295e None None] Creating instance of CountableResource for resource:router_route
Jul 14 16:33:00.960881 np0000185168 devstack@neutron-api.service[101810]: WARNING neutron.quota.resource_registry [None req-07892607-88ff-4c63-8746-a28020e7295e None None] router_route is already registered
Jul 14 16:33:00.961011 np0000185168 devstack@neutron-api.service[101810]: DEBUG neutron.api.v2.resource_helper [None req-07892607-88ff-4c63-8746-a28020e7295e None None] Service L3_ROUTER_NAT assigned prefix: {{(pid=101810) build_resource_info /opt/stack/neutron/neutron/api/v2/resource_helper.py:77}}
Jul 14 16:33:00.961363 np0000185168 devstack@neutron-api.service[101810]: DEBUG neutron.api.v2.resource_helper [None req-07892607-88ff-4c63-8746-a28020e7295e None None] Service FLAVORS assigned prefix: {{(pid=101810) build_resource_info /opt/stack/neutron/neutron/api/v2/resource_helper.py:77}}
Jul 14 16:33:00.962331 np0000185168 devstack@neutron-api.service[101810]: DEBUG neutron.api.v2.resource_helper [None req-07892607-88ff-4c63-8746-a28020e7295e None None] Service L3_ROUTER_NAT assigned prefix: {{(pid=101810) build_resource_info /opt/stack/neutron/neutron/api/v2/resource_helper.py:77}}
Jul 14 16:33:00.962569 np0000185168 devstack@neutron-api.service[101810]: DEBUG neutron.api.v2.resource_helper [None req-07892607-88ff-4c63-8746-a28020e7295e None None] Service L3_ROUTER_NAT assigned prefix: {{(pid=101810) build_resource_info /opt/stack/neutron/neutron/api/v2/resource_helper.py:77}}
Jul 14 16:33:00.962700 np0000185168 devstack@neutron-api.service[101810]: INFO neutron.quota.resource_registry [None req-07892607-88ff-4c63-8746-a28020e7295e None None] Creating instance of TrackedResource for resource:router
Jul 14 16:33:00.962817 np0000185168 devstack@neutron-api.service[101810]: WARNING neutron.quota.resource_registry [None req-07892607-88ff-4c63-8746-a28020e7295e None None] router is already registered
Jul 14 16:33:00.963186 np0000185168 devstack@neutron-api.service[101810]: INFO neutron.quota.resource_registry [None req-07892607-88ff-4c63-8746-a28020e7295e None None] Creating instance of TrackedResource for resource:floatingip
Jul 14 16:33:00.963303 np0000185168 devstack@neutron-api.service[101810]: WARNING neutron.quota.resource_registry [None req-07892607-88ff-4c63-8746-a28020e7295e None None] floatingip is already registered
Jul 14 16:33:00.964388 np0000185168 devstack@neutron-api.service[101810]: INFO neutron.quota.resource_registry [None req-07892607-88ff-4c63-8746-a28020e7295e None None] Creating instance of CountableResource for resource:rbac_policy
Jul 14 16:33:00.964473 np0000185168 devstack@neutron-api.service[101810]: WARNING neutron.quota.resource_registry [None req-07892607-88ff-4c63-8746-a28020e7295e None None] rbac_policy is already registered
Jul 14 16:33:00.965182 np0000185168 devstack@neutron-api.service[101810]: INFO neutron.quota.resource_registry [None req-07892607-88ff-4c63-8746-a28020e7295e None None] Creating instance of TrackedResource for resource:security_group
Jul 14 16:33:00.965316 np0000185168 devstack@neutron-api.service[101810]: WARNING neutron.quota.resource_registry [None req-07892607-88ff-4c63-8746-a28020e7295e None None] security_group is already registered
Jul 14 16:33:00.965659 np0000185168 devstack@neutron-api.service[101810]: INFO neutron.quota.resource_registry [None req-07892607-88ff-4c63-8746-a28020e7295e None None] Creating instance of TrackedResource for resource:security_group_rule
Jul 14 16:33:00.965759 np0000185168 devstack@neutron-api.service[101810]: WARNING neutron.quota.resource_registry [None req-07892607-88ff-4c63-8746-a28020e7295e None None] security_group_rule is already registered
Jul 14 16:33:00.966297 np0000185168 devstack@neutron-api.service[101810]: DEBUG neutron.api.v2.resource_helper [None req-07892607-88ff-4c63-8746-a28020e7295e None None] Service CORE assigned prefix: {{(pid=101810) build_resource_info /opt/stack/neutron/neutron/api/v2/resource_helper.py:77}}
Jul 14 16:33:00.966414 np0000185168 devstack@neutron-api.service[101810]: INFO neutron.quota.resource_registry [None req-07892607-88ff-4c63-8746-a28020e7295e None None] Creating instance of TrackedResource for resource:subnetpool
Jul 14 16:33:00.966508 np0000185168 devstack@neutron-api.service[101810]: WARNING neutron.quota.resource_registry [None req-07892607-88ff-4c63-8746-a28020e7295e None None] subnetpool is already registered
Jul 14 16:33:00.966897 np0000185168 devstack@neutron-api.service[101810]: DEBUG neutron.api.v2.resource_helper [None req-07892607-88ff-4c63-8746-a28020e7295e None None] Service CORE assigned prefix: {{(pid=101810) build_resource_info /opt/stack/neutron/neutron/api/v2/resource_helper.py:77}}
Jul 14 16:33:00.967006 np0000185168 devstack@neutron-api.service[101810]: INFO neutron.quota.resource_registry [None req-07892607-88ff-4c63-8746-a28020e7295e None None] Creating instance of TrackedResource for resource:subnetpool
Jul 14 16:33:00.967138 np0000185168 devstack@neutron-api.service[101810]: WARNING neutron.quota.resource_registry [None req-07892607-88ff-4c63-8746-a28020e7295e None None] subnetpool is already registered
Jul 14 16:33:00.967517 np0000185168 devstack@neutron-api.service[101810]: DEBUG neutron.api.extensions [None req-07892607-88ff-4c63-8746-a28020e7295e None None] Extended resource: extensions {{(pid=101810) __init__ /opt/stack/neutron/neutron/api/extensions.py:156}}
Jul 14 16:33:00.968386 np0000185168 devstack@neutron-api.service[101810]: DEBUG neutron.api.extensions [None req-07892607-88ff-4c63-8746-a28020e7295e None None] Extended resource: address-groups {{(pid=101810) __init__ /opt/stack/neutron/neutron/api/extensions.py:156}}
Jul 14 16:33:00.969082 np0000185168 devstack@neutron-api.service[101810]: DEBUG neutron.api.extensions [None req-07892607-88ff-4c63-8746-a28020e7295e None None] Extended resource: address-scopes {{(pid=101810) __init__ /opt/stack/neutron/neutron/api/extensions.py:156}}
Jul 14 16:33:00.969644 np0000185168 devstack@neutron-api.service[101810]: DEBUG neutron.api.extensions [None req-07892607-88ff-4c63-8746-a28020e7295e None None] Extended resource: agents {{(pid=101810) __init__ /opt/stack/neutron/neutron/api/extensions.py:156}}
Jul 14 16:33:00.970170 np0000185168 devstack@neutron-api.service[101810]: DEBUG neutron.api.extensions [None req-07892607-88ff-4c63-8746-a28020e7295e None None] Extended resource: auto-allocated-topology {{(pid=101810) __init__ /opt/stack/neutron/neutron/api/extensions.py:156}}
Jul 14 16:33:00.970936 np0000185168 devstack@neutron-api.service[101810]: DEBUG neutron.api.extensions [None req-07892607-88ff-4c63-8746-a28020e7295e None None] Extended resource: availability_zones {{(pid=101810) __init__ /opt/stack/neutron/neutron/api/extensions.py:156}}
Jul 14 16:33:00.971355 np0000185168 devstack@neutron-api.service[101810]: DEBUG neutron.api.extensions [None req-07892607-88ff-4c63-8746-a28020e7295e None None] Extended resource: dhcp-networks {{(pid=101810) __init__ /opt/stack/neutron/neutron/api/extensions.py:156}}
Jul 14 16:33:00.972064 np0000185168 devstack@neutron-api.service[101810]: DEBUG neutron.api.extensions [None req-07892607-88ff-4c63-8746-a28020e7295e None None] Extended resource: dhcp-agents {{(pid=101810) __init__ /opt/stack/neutron/neutron/api/extensions.py:156}}
Jul 14 16:33:00.972742 np0000185168 devstack@neutron-api.service[101810]: DEBUG neutron.api.extensions [None req-07892607-88ff-4c63-8746-a28020e7295e None None] Extended resource: routers {{(pid=101810) __init__ /opt/stack/neutron/neutron/api/extensions.py:156}}
Jul 14 16:33:00.973784 np0000185168 devstack@neutron-api.service[101810]: DEBUG neutron.api.extensions [None req-07892607-88ff-4c63-8746-a28020e7295e None None] Extended resource: flavors {{(pid=101810) __init__ /opt/stack/neutron/neutron/api/extensions.py:156}}
Jul 14 16:33:00.974303 np0000185168 devstack@neutron-api.service[101810]: DEBUG neutron.api.extensions [None req-07892607-88ff-4c63-8746-a28020e7295e None None] Extended resource: service_profiles {{(pid=101810) __init__ /opt/stack/neutron/neutron/api/extensions.py:156}}
Jul 14 16:33:00.974882 np0000185168 devstack@neutron-api.service[101810]: DEBUG neutron.api.extensions [None req-07892607-88ff-4c63-8746-a28020e7295e None None] Extended resource: next_providers {{(pid=101810) __init__ /opt/stack/neutron/neutron/api/extensions.py:156}}
Jul 14 16:33:00.975511 np0000185168 devstack@neutron-api.service[101810]: DEBUG neutron.api.extensions [None req-07892607-88ff-4c63-8746-a28020e7295e None None] Extended resource: service_profiles {{(pid=101810) __init__ /opt/stack/neutron/neutron/api/extensions.py:156}}
Jul 14 16:33:00.976206 np0000185168 devstack@neutron-api.service[101810]: DEBUG neutron.api.extensions [None req-07892607-88ff-4c63-8746-a28020e7295e None None] Extended resource: floatingip-pools {{(pid=101810) __init__ /opt/stack/neutron/neutron/api/extensions.py:156}}
Jul 14 16:33:00.976818 np0000185168 devstack@neutron-api.service[101810]: DEBUG neutron.api.extensions [None req-07892607-88ff-4c63-8746-a28020e7295e None None] Extended resource: routers {{(pid=101810) __init__ /opt/stack/neutron/neutron/api/extensions.py:156}}
Jul 14 16:33:00.977828 np0000185168 devstack@neutron-api.service[101810]: DEBUG neutron.api.extensions [None req-07892607-88ff-4c63-8746-a28020e7295e None None] Extended resource: floatingips {{(pid=101810) __init__ /opt/stack/neutron/neutron/api/extensions.py:156}}
Jul 14 16:33:00.978342 np0000185168 devstack@neutron-api.service[101810]: DEBUG neutron.api.extensions [None req-07892607-88ff-4c63-8746-a28020e7295e None None] Extended resource: l3-routers {{(pid=101810) __init__ /opt/stack/neutron/neutron/api/extensions.py:156}}
Jul 14 16:33:00.978973 np0000185168 devstack@neutron-api.service[101810]: DEBUG neutron.api.extensions [None req-07892607-88ff-4c63-8746-a28020e7295e None None] Extended resource: l3-agents {{(pid=101810) __init__ /opt/stack/neutron/neutron/api/extensions.py:156}}
Jul 14 16:33:00.979666 np0000185168 devstack@neutron-api.service[101810]: DEBUG neutron.api.extensions [None req-07892607-88ff-4c63-8746-a28020e7295e None None] Extended resource: network-ip-availabilities {{(pid=101810) __init__ /opt/stack/neutron/neutron/api/extensions.py:156}}
Jul 14 16:33:00.980359 np0000185168 devstack@neutron-api.service[101810]: DEBUG neutron.api.extensions [None req-07892607-88ff-4c63-8746-a28020e7295e None None] Extended resource: network-ip-availabilities {{(pid=101810) __init__ /opt/stack/neutron/neutron/api/extensions.py:156}}
Jul 14 16:33:00.981462 np0000185168 devstack@neutron-api.service[101810]: DEBUG neutron.api.extensions [None req-07892607-88ff-4c63-8746-a28020e7295e None None] Extended resource: bindings {{(pid=101810) __init__ /opt/stack/neutron/neutron/api/extensions.py:156}}
Jul 14 16:33:00.982155 np0000185168 devstack@neutron-api.service[101810]: DEBUG neutron.api.extensions [None req-07892607-88ff-4c63-8746-a28020e7295e None None] Extended resource: quotas {{(pid=101810) __init__ /opt/stack/neutron/neutron/api/extensions.py:156}}
Jul 14 16:33:00.982829 np0000185168 devstack@neutron-api.service[101811]: INFO neutron.plugins.ml2.drivers.type_vlan [None req-7559c053-8eee-41a5-bc34-f94cdf844a91 None None] VlanTypeDriver initialization complete
Jul 14 16:33:00.983438 np0000185168 devstack@neutron-api.service[101810]: DEBUG neutron.api.extensions [None req-07892607-88ff-4c63-8746-a28020e7295e None None] Extended resource: quotas {{(pid=101810) __init__ /opt/stack/neutron/neutron/api/extensions.py:156}}
Jul 14 16:33:00.983649 np0000185168 devstack@neutron-api.service[101811]: INFO neutron.plugins.ml2.managers [None req-7559c053-8eee-41a5-bc34-f94cdf844a91 None None] Initializing extension driver 'port_security'
Jul 14 16:33:00.983649 np0000185168 devstack@neutron-api.service[101811]: INFO neutron.plugins.ml2.extensions.port_security [None req-7559c053-8eee-41a5-bc34-f94cdf844a91 None None] PortSecurityExtensionDriver initialization complete
Jul 14 16:33:00.983649 np0000185168 devstack@neutron-api.service[101811]: INFO neutron.plugins.ml2.managers [None req-7559c053-8eee-41a5-bc34-f94cdf844a91 None None] Initializing extension driver 'qos'
Jul 14 16:33:00.983649 np0000185168 devstack@neutron-api.service[101811]: DEBUG neutron.plugins.ml2.extensions.qos [None req-7559c053-8eee-41a5-bc34-f94cdf844a91 None None] QosExtensionDriver initialization complete {{(pid=101811) initialize /opt/stack/neutron/neutron/plugins/ml2/extensions/qos.py:31}}
Jul 14 16:33:00.983649 np0000185168 devstack@neutron-api.service[101811]: INFO neutron.plugins.ml2.managers [None req-7559c053-8eee-41a5-bc34-f94cdf844a91 None None] Initializing mechanism driver 'ovn'
Jul 14 16:33:00.983649 np0000185168 devstack@neutron-api.service[101811]: INFO neutron.plugins.ml2.drivers.ovn.mech_driver.mech_driver [None req-7559c053-8eee-41a5-bc34-f94cdf844a91 None None] Starting OVNMechanismDriver
Jul 14 16:33:00.984105 np0000185168 devstack@neutron-api.service[101810]: DEBUG neutron.api.extensions [None req-07892607-88ff-4c63-8746-a28020e7295e None None] Extended resource: rbac-policies {{(pid=101810) __init__ /opt/stack/neutron/neutron/api/extensions.py:156}}
Jul 14 16:33:00.984255 np0000185168 devstack@neutron-api.service[101810]: DEBUG neutron.api.extensions [None req-07892607-88ff-4c63-8746-a28020e7295e None None] Extended resource: default-security-group-rules {{(pid=101810) __init__ /opt/stack/neutron/neutron/api/extensions.py:156}}
Jul 14 16:33:00.984848 np0000185168 devstack@neutron-api.service[101810]: DEBUG neutron.api.extensions [None req-07892607-88ff-4c63-8746-a28020e7295e None None] Extended resource: security-groups-default-statefulness {{(pid=101810) __init__ /opt/stack/neutron/neutron/api/extensions.py:156}}
Jul 14 16:33:00.985448 np0000185168 devstack@neutron-api.service[101810]: DEBUG neutron.api.extensions [None req-07892607-88ff-4c63-8746-a28020e7295e None None] Extended resource: security-groups {{(pid=101810) __init__ /opt/stack/neutron/neutron/api/extensions.py:156}}
Jul 14 16:33:00.985575 np0000185168 devstack@neutron-api.service[101811]: DEBUG neutron_lib.callbacks.manager [None req-7559c053-8eee-41a5-bc34-f94cdf844a91 None None] Subscribe: > process before_spawn 55550000, False {{(pid=101811) subscribe /opt/stack/data/venv/lib/python3.12/site-packages/neutron_lib/callbacks/manager.py:52}}
Jul 14 16:33:00.985575 np0000185168 devstack@neutron-api.service[101811]: DEBUG neutron_lib.callbacks.manager [None req-7559c053-8eee-41a5-bc34-f94cdf844a91 None None] Subscribe: > process after_init 55550000, True {{(pid=101811) subscribe /opt/stack/data/venv/lib/python3.12/site-packages/neutron_lib/callbacks/manager.py:52}}
Jul 14 16:33:00.985752 np0000185168 devstack@neutron-api.service[101811]: DEBUG neutron_lib.callbacks.manager [None req-7559c053-8eee-41a5-bc34-f94cdf844a91 None None] Subscribe: > segment after_create 55550000, False {{(pid=101811) subscribe /opt/stack/data/venv/lib/python3.12/site-packages/neutron_lib/callbacks/manager.py:52}}
Jul 14 16:33:00.985937 np0000185168 devstack@neutron-api.service[101811]: DEBUG neutron_lib.callbacks.manager [None req-7559c053-8eee-41a5-bc34-f94cdf844a91 None None] Subscribe: > segment after_create 55550000, False {{(pid=101811) subscribe /opt/stack/data/venv/lib/python3.12/site-packages/neutron_lib/callbacks/manager.py:52}}
Jul 14 16:33:00.986551 np0000185168 devstack@neutron-api.service[101810]: DEBUG neutron.api.extensions [None req-07892607-88ff-4c63-8746-a28020e7295e None None] Extended resource: security-group-rules {{(pid=101810) __init__ /opt/stack/neutron/neutron/api/extensions.py:156}}
Jul 14 16:33:00.986676 np0000185168 devstack@neutron-api.service[101811]: DEBUG neutron_lib.callbacks.manager [None req-7559c053-8eee-41a5-bc34-f94cdf844a91 None None] Subscribe: > segment after_delete 55550000, False {{(pid=101811) subscribe /opt/stack/data/venv/lib/python3.12/site-packages/neutron_lib/callbacks/manager.py:52}}
Jul 14 16:33:00.986676 np0000185168 devstack@neutron-api.service[101811]: DEBUG neutron_lib.callbacks.manager [None req-7559c053-8eee-41a5-bc34-f94cdf844a91 None None] Subscribe: > allowed_address_pair before_create 55550000, False {{(pid=101811) subscribe /opt/stack/data/venv/lib/python3.12/site-packages/neutron_lib/callbacks/manager.py:52}}
Jul 14 16:33:00.986676 np0000185168 devstack@neutron-api.service[101811]: DEBUG neutron_lib.callbacks.manager [None req-7559c053-8eee-41a5-bc34-f94cdf844a91 None None] Subscribe: > security_group precommit_create 55550000, False {{(pid=101811) subscribe /opt/stack/data/venv/lib/python3.12/site-packages/neutron_lib/callbacks/manager.py:52}}
Jul 14 16:33:00.986676 np0000185168 devstack@neutron-api.service[101811]: DEBUG neutron_lib.callbacks.manager [None req-7559c053-8eee-41a5-bc34-f94cdf844a91 None None] Subscribe: > security_group after_update 55550000, False {{(pid=101811) subscribe /opt/stack/data/venv/lib/python3.12/site-packages/neutron_lib/callbacks/manager.py:52}}
Jul 14 16:33:00.986989 np0000185168 devstack@neutron-api.service[101811]: DEBUG neutron_lib.callbacks.manager [None req-7559c053-8eee-41a5-bc34-f94cdf844a91 None None] Subscribe: > security_group after_create 55550000, False {{(pid=101811) subscribe /opt/stack/data/venv/lib/python3.12/site-packages/neutron_lib/callbacks/manager.py:52}}
Jul 14 16:33:00.986989 np0000185168 devstack@neutron-api.service[101811]: DEBUG neutron_lib.callbacks.manager [None req-7559c053-8eee-41a5-bc34-f94cdf844a91 None None] Subscribe: > security_group precommit_delete 55550000, False {{(pid=101811) subscribe /opt/stack/data/venv/lib/python3.12/site-packages/neutron_lib/callbacks/manager.py:52}}
Jul 14 16:33:00.987264 np0000185168 devstack@neutron-api.service[101810]: DEBUG neutron.api.extensions [None req-07892607-88ff-4c63-8746-a28020e7295e None None] Extended resource: service-providers {{(pid=101810) __init__ /opt/stack/neutron/neutron/api/extensions.py:156}}
Jul 14 16:33:00.987413 np0000185168 devstack@neutron-api.service[101811]: DEBUG neutron_lib.callbacks.manager [None req-7559c053-8eee-41a5-bc34-f94cdf844a91 None None] Subscribe: > security_group after_delete 55550000, False {{(pid=101811) subscribe /opt/stack/data/venv/lib/python3.12/site-packages/neutron_lib/callbacks/manager.py:52}}
Jul 14 16:33:00.987413 np0000185168 devstack@neutron-api.service[101811]: DEBUG neutron_lib.callbacks.manager [None req-7559c053-8eee-41a5-bc34-f94cdf844a91 None None] Subscribe: > security_group_rule precommit_create 55550000, False {{(pid=101811) subscribe /opt/stack/data/venv/lib/python3.12/site-packages/neutron_lib/callbacks/manager.py:52}}
Jul 14 16:33:00.987413 np0000185168 devstack@neutron-api.service[101811]: DEBUG neutron_lib.callbacks.manager [None req-7559c053-8eee-41a5-bc34-f94cdf844a91 None None] Subscribe: > security_group_rule after_create 55550000, False {{(pid=101811) subscribe /opt/stack/data/venv/lib/python3.12/site-packages/neutron_lib/callbacks/manager.py:52}}
Jul 14 16:33:00.987413 np0000185168 devstack@neutron-api.service[101811]: DEBUG neutron_lib.callbacks.manager [None req-7559c053-8eee-41a5-bc34-f94cdf844a91 None None] Subscribe: > security_group_rule before_delete 55550000, False {{(pid=101811) subscribe /opt/stack/data/venv/lib/python3.12/site-packages/neutron_lib/callbacks/manager.py:52}}
Jul 14 16:33:00.987902 np0000185168 devstack@neutron-api.service[101811]: DEBUG neutron_lib.callbacks.manager [None req-7559c053-8eee-41a5-bc34-f94cdf844a91 None None] Subscribe: > address_group after_create 55550000, False {{(pid=101811) subscribe /opt/stack/data/venv/lib/python3.12/site-packages/neutron_lib/callbacks/manager.py:52}}
Jul 14 16:33:00.988031 np0000185168 devstack@neutron-api.service[101810]: DEBUG neutron.api.extensions [None req-07892607-88ff-4c63-8746-a28020e7295e None None] Extended resource: subnetpools {{(pid=101810) __init__ /opt/stack/neutron/neutron/api/extensions.py:156}}
Jul 14 16:33:00.988164 np0000185168 devstack@neutron-api.service[101811]: DEBUG neutron_lib.callbacks.manager [None req-7559c053-8eee-41a5-bc34-f94cdf844a91 None None] Subscribe: > address_group after_update 55550000, False {{(pid=101811) subscribe /opt/stack/data/venv/lib/python3.12/site-packages/neutron_lib/callbacks/manager.py:52}}
Jul 14 16:33:00.988164 np0000185168 devstack@neutron-api.service[101811]: DEBUG neutron_lib.callbacks.manager [None req-7559c053-8eee-41a5-bc34-f94cdf844a91 None None] Subscribe: > address_group after_delete 55550000, False {{(pid=101811) subscribe /opt/stack/data/venv/lib/python3.12/site-packages/neutron_lib/callbacks/manager.py:52}}
Jul 14 16:33:00.988164 np0000185168 devstack@neutron-api.service[101811]: DEBUG neutron_lib.callbacks.manager [None req-7559c053-8eee-41a5-bc34-f94cdf844a91 None None] Subscribe: > qos_plugin after_init 55550000, False {{(pid=101811) subscribe /opt/stack/data/venv/lib/python3.12/site-packages/neutron_lib/callbacks/manager.py:52}}
Jul 14 16:33:00.988164 np0000185168 devstack@neutron-api.service[101811]: DEBUG neutron_lib.callbacks.manager [None req-7559c053-8eee-41a5-bc34-f94cdf844a91 None None] Subscribe: > trunk_plugin after_init 55550000, False {{(pid=101811) subscribe /opt/stack/data/venv/lib/python3.12/site-packages/neutron_lib/callbacks/manager.py:52}}
Jul 14 16:33:00.988468 np0000185168 devstack@neutron-api.service[101810]: DEBUG neutron.api.extensions [None req-07892607-88ff-4c63-8746-a28020e7295e None None] Extended resource: subnetpools {{(pid=101810) __init__ /opt/stack/neutron/neutron/api/extensions.py:156}}
Jul 14 16:33:00.988604 np0000185168 devstack@neutron-api.service[101811]: DEBUG neutron_lib.callbacks.manager [None req-7559c053-8eee-41a5-bc34-f94cdf844a91 None None] Subscribe: > logging-plugin after_init 55550000, False {{(pid=101811) subscribe /opt/stack/data/venv/lib/python3.12/site-packages/neutron_lib/callbacks/manager.py:52}}
Jul 14 16:33:00.988740 np0000185168 devstack@neutron-api.service[101810]: DEBUG neutron.api.extensions [None req-07892607-88ff-4c63-8746-a28020e7295e None None] Extended resource: tags {{(pid=101810) __init__ /opt/stack/neutron/neutron/api/extensions.py:156}}
Jul 14 16:33:00.988893 np0000185168 devstack@neutron-api.service[101811]: INFO neutron.services.logapi.drivers.ovn.driver [None req-7559c053-8eee-41a5-bc34-f94cdf844a91 None None] OVN logging driver registered
Jul 14 16:33:00.988893 np0000185168 devstack@neutron-api.service[101811]: DEBUG neutron_lib.callbacks.manager [None req-7559c053-8eee-41a5-bc34-f94cdf844a91 None None] Subscribe: ._register_pvlan_driver at 0x7312c55b2e80> pvlan_plugin before_spawn 55550000, False {{(pid=101811) subscribe /opt/stack/data/venv/lib/python3.12/site-packages/neutron_lib/callbacks/manager.py:52}}
Jul 14 16:33:00.988893 np0000185168 devstack@neutron-api.service[101811]: DEBUG neutron_lib.callbacks.manager [None req-7559c053-8eee-41a5-bc34-f94cdf844a91 None None] Subscribe: process after_init 55550000, False {{(pid=101811) subscribe /opt/stack/data/venv/lib/python3.12/site-packages/neutron_lib/callbacks/manager.py:52}}
Jul 14 16:33:00.989163 np0000185168 devstack@neutron-api.service[101810]: DEBUG neutron.api.extensions [None req-07892607-88ff-4c63-8746-a28020e7295e None None] Extended resource: tags {{(pid=101810) __init__ /opt/stack/neutron/neutron/api/extensions.py:156}}
Jul 14 16:33:00.990003 np0000185168 devstack@neutron-api.service[101810]: DEBUG neutron.api.extensions [None req-07892607-88ff-4c63-8746-a28020e7295e None None] Extended resource: tags {{(pid=101810) __init__ /opt/stack/neutron/neutron/api/extensions.py:156}}
Jul 14 16:33:00.990701 np0000185168 devstack@neutron-api.service[101811]: DEBUG neutron.plugins.ml2.plugin [None req-7559c053-8eee-41a5-bc34-f94cdf844a91 None None] neutron.plugins.ml2.plugin.Ml2Plugin method _start_rpc_notifiers called with arguments () {} {{(pid=101811) wrapper /opt/stack/data/venv/lib/python3.12/site-packages/oslo_log/helpers.py:77}}
Jul 14 16:33:00.990911 np0000185168 devstack@neutron-api.service[101810]: DEBUG neutron.api.extensions [None req-07892607-88ff-4c63-8746-a28020e7295e None None] Extended resource: tags {{(pid=101810) __init__ /opt/stack/neutron/neutron/api/extensions.py:156}}
Jul 14 16:33:00.991053 np0000185168 devstack@neutron-api.service[101811]: DEBUG neutron_lib.callbacks.manager [None req-7559c053-8eee-41a5-bc34-f94cdf844a91 None None] Subscribe: > port after_create 55550000, False {{(pid=101811) subscribe /opt/stack/data/venv/lib/python3.12/site-packages/neutron_lib/callbacks/manager.py:52}}
Jul 14 16:33:00.991053 np0000185168 devstack@neutron-api.service[101811]: DEBUG neutron_lib.callbacks.manager [None req-7559c053-8eee-41a5-bc34-f94cdf844a91 None None] Subscribe: > port after_update 55550000, False {{(pid=101811) subscribe /opt/stack/data/venv/lib/python3.12/site-packages/neutron_lib/callbacks/manager.py:52}}
Jul 14 16:33:00.991820 np0000185168 devstack@neutron-api.service[101810]: DEBUG neutron.api.extensions [None req-07892607-88ff-4c63-8746-a28020e7295e None None] Extended resource: tags {{(pid=101810) __init__ /opt/stack/neutron/neutron/api/extensions.py:156}}
Jul 14 16:33:00.992520 np0000185168 devstack@neutron-api.service[101810]: DEBUG neutron.api.extensions [None req-07892607-88ff-4c63-8746-a28020e7295e None None] Extended resource: tags {{(pid=101810) __init__ /opt/stack/neutron/neutron/api/extensions.py:156}}
Jul 14 16:33:00.993648 np0000185168 devstack@neutron-api.service[101810]: DEBUG neutron.api.extensions [None req-07892607-88ff-4c63-8746-a28020e7295e None None] Extended resource: tags {{(pid=101810) __init__ /opt/stack/neutron/neutron/api/extensions.py:156}}
Jul 14 16:33:00.994094 np0000185168 devstack@neutron-api.service[101810]: DEBUG neutron.api.extensions [None req-07892607-88ff-4c63-8746-a28020e7295e None None] Extended resource: tags {{(pid=101810) __init__ /opt/stack/neutron/neutron/api/extensions.py:156}}
Jul 14 16:33:00.994698 np0000185168 devstack@neutron-api.service[101811]: DEBUG neutron_lib.callbacks.manager [None req-7559c053-8eee-41a5-bc34-f94cdf844a91 None None] Subscribe: > port after_delete 55550000, False {{(pid=101811) subscribe /opt/stack/data/venv/lib/python3.12/site-packages/neutron_lib/callbacks/manager.py:52}}
Jul 14 16:33:00.995034 np0000185168 devstack@neutron-api.service[101811]: DEBUG neutron_lib.callbacks.manager [None req-7559c053-8eee-41a5-bc34-f94cdf844a91 None None] Subscribe: > subnet after_create 55550000, False {{(pid=101811) subscribe /opt/stack/data/venv/lib/python3.12/site-packages/neutron_lib/callbacks/manager.py:52}}
Jul 14 16:33:00.995034 np0000185168 devstack@neutron-api.service[101811]: DEBUG neutron_lib.callbacks.manager [None req-7559c053-8eee-41a5-bc34-f94cdf844a91 None None] Subscribe: > subnet after_update 55550000, False {{(pid=101811) subscribe /opt/stack/data/venv/lib/python3.12/site-packages/neutron_lib/callbacks/manager.py:52}}
Jul 14 16:33:00.995143 np0000185168 devstack@neutron-api.service[101811]: DEBUG neutron_lib.callbacks.manager [None req-7559c053-8eee-41a5-bc34-f94cdf844a91 None None] Subscribe: > subnet after_delete 55550000, False {{(pid=101811) subscribe /opt/stack/data/venv/lib/python3.12/site-packages/neutron_lib/callbacks/manager.py:52}}
Jul 14 16:33:00.995215 np0000185168 devstack@neutron-api.service[101811]: DEBUG neutron_lib.callbacks.manager [None req-7559c053-8eee-41a5-bc34-f94cdf844a91 None None] Subscribe: > network after_create 55550000, False {{(pid=101811) subscribe /opt/stack/data/venv/lib/python3.12/site-packages/neutron_lib/callbacks/manager.py:52}}
Jul 14 16:33:00.995327 np0000185168 devstack@neutron-api.service[101811]: DEBUG neutron_lib.callbacks.manager [None req-7559c053-8eee-41a5-bc34-f94cdf844a91 None None] Subscribe: > network after_update 55550000, False {{(pid=101811) subscribe /opt/stack/data/venv/lib/python3.12/site-packages/neutron_lib/callbacks/manager.py:52}}
Jul 14 16:33:00.995458 np0000185168 devstack@neutron-api.service[101810]: DEBUG neutron.api.extensions [None req-07892607-88ff-4c63-8746-a28020e7295e None None] Extended resource: tags {{(pid=101810) __init__ /opt/stack/neutron/neutron/api/extensions.py:156}}
Jul 14 16:33:00.995530 np0000185168 devstack@neutron-api.service[101811]: DEBUG neutron_lib.callbacks.manager [None req-7559c053-8eee-41a5-bc34-f94cdf844a91 None None] Subscribe: > network after_delete 55550000, False {{(pid=101811) subscribe /opt/stack/data/venv/lib/python3.12/site-packages/neutron_lib/callbacks/manager.py:52}}
Jul 14 16:33:00.995530 np0000185168 devstack@neutron-api.service[101811]: DEBUG neutron_lib.callbacks.manager [None req-7559c053-8eee-41a5-bc34-f94cdf844a91 None None] Subscribe: > security_group after_create 55550000, False {{(pid=101811) subscribe /opt/stack/data/venv/lib/python3.12/site-packages/neutron_lib/callbacks/manager.py:52}}
Jul 14 16:33:00.995641 np0000185168 devstack@neutron-api.service[101811]: DEBUG neutron_lib.callbacks.manager [None req-7559c053-8eee-41a5-bc34-f94cdf844a91 None None] Subscribe: > security_group after_update 55550000, False {{(pid=101811) subscribe /opt/stack/data/venv/lib/python3.12/site-packages/neutron_lib/callbacks/manager.py:52}}
Jul 14 16:33:00.995742 np0000185168 devstack@neutron-api.service[101811]: DEBUG neutron_lib.callbacks.manager [None req-7559c053-8eee-41a5-bc34-f94cdf844a91 None None] Subscribe: > security_group after_delete 55550000, False {{(pid=101811) subscribe /opt/stack/data/venv/lib/python3.12/site-packages/neutron_lib/callbacks/manager.py:52}}
Jul 14 16:33:00.995860 np0000185168 devstack@neutron-api.service[101811]: DEBUG neutron_lib.callbacks.manager [None req-7559c053-8eee-41a5-bc34-f94cdf844a91 None None] Subscribe: > security_group_rule after_create 55550000, False {{(pid=101811) subscribe /opt/stack/data/venv/lib/python3.12/site-packages/neutron_lib/callbacks/manager.py:52}}
Jul 14 16:33:00.995962 np0000185168 devstack@neutron-api.service[101811]: DEBUG neutron_lib.callbacks.manager [None req-7559c053-8eee-41a5-bc34-f94cdf844a91 None None] Subscribe: > security_group_rule after_update 55550000, False {{(pid=101811) subscribe /opt/stack/data/venv/lib/python3.12/site-packages/neutron_lib/callbacks/manager.py:52}}
Jul 14 16:33:00.996087 np0000185168 devstack@neutron-api.service[101811]: DEBUG neutron_lib.callbacks.manager [None req-7559c053-8eee-41a5-bc34-f94cdf844a91 None None] Subscribe: > security_group_rule after_delete 55550000, False {{(pid=101811) subscribe /opt/stack/data/venv/lib/python3.12/site-packages/neutron_lib/callbacks/manager.py:52}}
Jul 14 16:33:00.996161 np0000185168 devstack@neutron-api.service[101811]: DEBUG neutron_lib.callbacks.manager [None req-7559c053-8eee-41a5-bc34-f94cdf844a91 None None] Subscribe: > address_group after_create 55550000, False {{(pid=101811) subscribe /opt/stack/data/venv/lib/python3.12/site-packages/neutron_lib/callbacks/manager.py:52}}
Jul 14 16:33:00.996282 np0000185168 devstack@neutron-api.service[101811]: DEBUG neutron_lib.callbacks.manager [None req-7559c053-8eee-41a5-bc34-f94cdf844a91 None None] Subscribe: > address_group after_update 55550000, False {{(pid=101811) subscribe /opt/stack/data/venv/lib/python3.12/site-packages/neutron_lib/callbacks/manager.py:52}}
Jul 14 16:33:00.996348 np0000185168 devstack@neutron-api.service[101810]: DEBUG neutron.api.extensions [None req-07892607-88ff-4c63-8746-a28020e7295e None None] Extended resource: tags {{(pid=101810) __init__ /opt/stack/neutron/neutron/api/extensions.py:156}}
Jul 14 16:33:00.997650 np0000185168 devstack@neutron-api.service[101811]: DEBUG neutron_lib.callbacks.manager [None req-7559c053-8eee-41a5-bc34-f94cdf844a91 None None] Subscribe: > address_group after_delete 55550000, False {{(pid=101811) subscribe /opt/stack/data/venv/lib/python3.12/site-packages/neutron_lib/callbacks/manager.py:52}}
Jul 14 16:33:00.997763 np0000185168 devstack@neutron-api.service[101811]: DEBUG neutron.plugins.ml2.ovo_rpc [None req-7559c053-8eee-41a5-bc34-f94cdf844a91 None None] ML2 OVO RPC backend initialized. {{(pid=101811) __init__ /opt/stack/neutron/neutron/plugins/ml2/ovo_rpc.py:117}}
Jul 14 16:33:00.999130 np0000185168 devstack@neutron-api.service[101811]: INFO neutron.quota [None req-7559c053-8eee-41a5-bc34-f94cdf844a91 None None] Loaded quota_driver: .
Jul 14 16:33:00.999251 np0000185168 devstack@neutron-api.service[101811]: INFO neutron.plugins.ml2.plugin [None req-7559c053-8eee-41a5-bc34-f94cdf844a91 None None] Modular L2 Plugin initialization complete
Jul 14 16:33:00.999399 np0000185168 devstack@neutron-api.service[101811]: DEBUG neutron.manager [None req-7559c053-8eee-41a5-bc34-f94cdf844a91 None None] Loading services supported by the core plugin {{(pid=101811) _load_services_from_core_plugin /opt/stack/neutron/neutron/manager.py:167}}
Jul 14 16:33:00.999525 np0000185168 devstack@neutron-api.service[101811]: INFO neutron.plugins.ml2.managers [None req-7559c053-8eee-41a5-bc34-f94cdf844a91 None None] Got port-security extension from driver 'port_security'
Jul 14 16:33:00.999854 np0000185168 devstack@neutron-api.service[101811]: DEBUG neutron.manager [None req-7559c053-8eee-41a5-bc34-f94cdf844a91 None None] Loading service plugins: ['ovn-router', 'auto_allocate', 'tag', 'timestamp', 'network_ip_availability', 'flavors', 'revisions'] {{(pid=101811) _load_service_plugins /opt/stack/neutron/neutron/manager.py:192}}
Jul 14 16:33:00.999954 np0000185168 devstack@neutron-api.service[101811]: INFO neutron.manager [None req-7559c053-8eee-41a5-bc34-f94cdf844a91 None None] Loading Plugin: ovn-router
Jul 14 16:33:01.008783 np0000185168 devstack@neutron-api.service[101810]: DEBUG neutron_lib.callbacks.manager [None req-07892607-88ff-4c63-8746-a28020e7295e None None] Publish callbacks ['neutron.plugins.ml2.drivers.ovn.mech_driver.mech_driver.OVNMechanismDriver.pre_fork_initialize-327766'] for process (None), before_spawn {{(pid=101810) _notify_loop /opt/stack/data/venv/lib/python3.12/site-packages/neutron_lib/callbacks/manager.py:184}}
Jul 14 16:33:01.008783 np0000185168 devstack@neutron-api.service[101810]: DEBUG oslo_concurrency.processutils [None req-07892607-88ff-4c63-8746-a28020e7295e None None] Running cmd (subprocess): ovsdb-client transact ssl:199.204.45.89:6641 --timeout 180 -p /opt/stack/data/CA/int-ca/private/devstack-cert.key -c /opt/stack/data/CA/int-ca/devstack-cert.crt -C /opt/stack/data/CA/int-ca/ca-chain.pem ["OVN_Northbound", {"op": "wait", "timeout": 0, "table": "Port_Group", "where": [["name", "==", "neutron_pg_drop"]], "until": "==", "rows": []}, {"op": "insert", "table": "ACL", "row": {"action": "drop", "direction": "to-lport", "match": "outport == @neutron_pg_drop && ip", "priority": 1001}, "uuid-name": "droptoport"}, {"op": "insert", "table": "ACL", "row": {"action": "drop", "direction": "from-lport", "match": "inport == @neutron_pg_drop && ip", "priority": 1001}, "uuid-name": "dropfromport"}, {"op": "insert", "table": "Port_Group", "row": {"name": "neutron_pg_drop", "acls": ["set", [["named-uuid", "droptoport"], ["named-uuid", "dropfromport"]]]}}] {{(pid=101810) execute /opt/stack/data/venv/lib/python3.12/site-packages/oslo_concurrency/processutils.py:440}}
Jul 14 16:33:01.013880 np0000185168 devstack@neutron-api.service[101811]: DEBUG neutron_lib.callbacks.manager [None req-7559c053-8eee-41a5-bc34-f94cdf844a91 None None] Subscribe: > router before_delete 55550000, False {{(pid=101811) subscribe /opt/stack/data/venv/lib/python3.12/site-packages/neutron_lib/callbacks/manager.py:52}}
Jul 14 16:33:01.013880 np0000185168 devstack@neutron-api.service[101811]: DEBUG neutron_lib.callbacks.manager [None req-7559c053-8eee-41a5-bc34-f94cdf844a91 None None] Subscribe: port before_update 55550000, False {{(pid=101811) subscribe /opt/stack/data/venv/lib/python3.12/site-packages/neutron_lib/callbacks/manager.py:52}}
Jul 14 16:33:01.013880 np0000185168 devstack@neutron-api.service[101811]: DEBUG neutron_lib.callbacks.manager [None req-7559c053-8eee-41a5-bc34-f94cdf844a91 None None] Subscribe: port after_update 55550000, False {{(pid=101811) subscribe /opt/stack/data/venv/lib/python3.12/site-packages/neutron_lib/callbacks/manager.py:52}}
Jul 14 16:33:01.013880 np0000185168 devstack@neutron-api.service[101811]: DEBUG neutron_lib.callbacks.manager [None req-7559c053-8eee-41a5-bc34-f94cdf844a91 None None] Subscribe: > port precommit_delete 55550000, False {{(pid=101811) subscribe /opt/stack/data/venv/lib/python3.12/site-packages/neutron_lib/callbacks/manager.py:52}}
Jul 14 16:33:01.013880 np0000185168 devstack@neutron-api.service[101811]: DEBUG neutron_lib.callbacks.manager [None req-7559c053-8eee-41a5-bc34-f94cdf844a91 None None] Subscribe: port before_update 55550000, False {{(pid=101811) subscribe /opt/stack/data/venv/lib/python3.12/site-packages/neutron_lib/callbacks/manager.py:52}}
Jul 14 16:33:01.014117 np0000185168 devstack@neutron-api.service[101811]: DEBUG neutron_lib.callbacks.manager [None req-7559c053-8eee-41a5-bc34-f94cdf844a91 None None] Subscribe: port before_delete 55550000, False {{(pid=101811) subscribe /opt/stack/data/venv/lib/python3.12/site-packages/neutron_lib/callbacks/manager.py:52}}
Jul 14 16:33:01.014117 np0000185168 devstack@neutron-api.service[101811]: DEBUG neutron_lib.callbacks.manager [None req-7559c053-8eee-41a5-bc34-f94cdf844a91 None None] Subscribe: > router precommit_create 55550000, False {{(pid=101811) subscribe /opt/stack/data/venv/lib/python3.12/site-packages/neutron_lib/callbacks/manager.py:52}}
Jul 14 16:33:01.014117 np0000185168 devstack@neutron-api.service[101811]: DEBUG neutron_lib.callbacks.manager [None req-7559c053-8eee-41a5-bc34-f94cdf844a91 None None] Subscribe: > router precommit_create 55550000, False {{(pid=101811) subscribe /opt/stack/data/venv/lib/python3.12/site-packages/neutron_lib/callbacks/manager.py:52}}
Jul 14 16:33:01.014117 np0000185168 devstack@neutron-api.service[101811]: DEBUG neutron_lib.callbacks.manager [None req-7559c053-8eee-41a5-bc34-f94cdf844a91 None None] Subscribe: > router precommit_update 55550000, False {{(pid=101811) subscribe /opt/stack/data/venv/lib/python3.12/site-packages/neutron_lib/callbacks/manager.py:52}}
Jul 14 16:33:01.014283 np0000185168 devstack@neutron-api.service[101811]: DEBUG neutron_lib.callbacks.manager [None req-7559c053-8eee-41a5-bc34-f94cdf844a91 None None] Subscribe: subnet after_update 55550000, False {{(pid=101811) subscribe /opt/stack/data/venv/lib/python3.12/site-packages/neutron_lib/callbacks/manager.py:52}}
Jul 14 16:33:01.014283 np0000185168 devstack@neutron-api.service[101811]: DEBUG neutron.quota.resource_registry [None req-7559c053-8eee-41a5-bc34-f94cdf844a91 None None] Tracking information for resource: router configured {{(pid=101811) set_tracked_resource /opt/stack/neutron/neutron/quota/resource_registry.py:203}}
Jul 14 16:33:01.014283 np0000185168 devstack@neutron-api.service[101811]: DEBUG neutron.quota.resource_registry [None req-7559c053-8eee-41a5-bc34-f94cdf844a91 None None] Tracking information for resource: floatingip configured {{(pid=101811) set_tracked_resource /opt/stack/neutron/neutron/quota/resource_registry.py:203}}
Jul 14 16:33:01.014283 np0000185168 devstack@neutron-api.service[101811]: INFO neutron.services.ovn_l3.plugin [None req-7559c053-8eee-41a5-bc34-f94cdf844a91 None None] Starting OVNL3RouterPlugin
Jul 14 16:33:01.014283 np0000185168 devstack@neutron-api.service[101811]: DEBUG neutron_lib.callbacks.manager [None req-7559c053-8eee-41a5-bc34-f94cdf844a91 None None] Subscribe: > port_forwarding_plugin after_init 55550000, False {{(pid=101811) subscribe /opt/stack/data/venv/lib/python3.12/site-packages/neutron_lib/callbacks/manager.py:52}}
Jul 14 16:33:01.014283 np0000185168 devstack@neutron-api.service[101811]: DEBUG neutron_lib.callbacks.manager [None req-7559c053-8eee-41a5-bc34-f94cdf844a91 None None] Subscribe: > router before_create 55550100, False {{(pid=101811) subscribe /opt/stack/data/venv/lib/python3.12/site-packages/neutron_lib/callbacks/manager.py:52}}
Jul 14 16:33:01.014524 np0000185168 devstack@neutron-api.service[101811]: DEBUG neutron_lib.callbacks.manager [None req-7559c053-8eee-41a5-bc34-f94cdf844a91 None None] Subscribe: > router precommit_delete 55550100, False {{(pid=101811) subscribe /opt/stack/data/venv/lib/python3.12/site-packages/neutron_lib/callbacks/manager.py:52}}
Jul 14 16:33:01.014524 np0000185168 devstack@neutron-api.service[101811]: DEBUG neutron_lib.callbacks.manager [None req-7559c053-8eee-41a5-bc34-f94cdf844a91 None None] Subscribe: > router precommit_create 55550100, False {{(pid=101811) subscribe /opt/stack/data/venv/lib/python3.12/site-packages/neutron_lib/callbacks/manager.py:52}}
Jul 14 16:33:01.014524 np0000185168 devstack@neutron-api.service[101811]: DEBUG neutron_lib.callbacks.manager [None req-7559c053-8eee-41a5-bc34-f94cdf844a91 None None] Subscribe: > router precommit_update 55550100, False {{(pid=101811) subscribe /opt/stack/data/venv/lib/python3.12/site-packages/neutron_lib/callbacks/manager.py:52}}
Jul 14 16:33:01.017943 np0000185168 devstack@neutron-api.service[101811]: DEBUG neutron.services.provider_configuration [None req-7559c053-8eee-41a5-bc34-f94cdf844a91 None None] Service providers = [] {{(pid=101811) parse_service_provider_opt /opt/stack/neutron/neutron/services/provider_configuration.py:170}}
Jul 14 16:33:01.017943 np0000185168 devstack@neutron-api.service[101811]: DEBUG neutron.db.servicetype_db [None req-7559c053-8eee-41a5-bc34-f94cdf844a91 None None] Adding provider configuration for service L3_ROUTER_NAT {{(pid=101811) add_provider_configuration /opt/stack/neutron/neutron/db/servicetype_db.py:45}}
Jul 14 16:33:01.019310 np0000185168 devstack@neutron-api.service[101811]: DEBUG neutron_lib.callbacks.manager [None req-7559c053-8eee-41a5-bc34-f94cdf844a91 None None] Subscribe: > router precommit_create 55549900, False {{(pid=101811) subscribe /opt/stack/data/venv/lib/python3.12/site-packages/neutron_lib/callbacks/manager.py:52}}
Jul 14 16:33:01.019310 np0000185168 devstack@neutron-api.service[101811]: DEBUG neutron_lib.callbacks.manager [None req-7559c053-8eee-41a5-bc34-f94cdf844a91 None None] Subscribe: > router_interface after_create 55550000, False {{(pid=101811) subscribe /opt/stack/data/venv/lib/python3.12/site-packages/neutron_lib/callbacks/manager.py:52}}
Jul 14 16:33:01.019535 np0000185168 devstack@neutron-api.service[101811]: DEBUG neutron_lib.callbacks.manager [None req-7559c053-8eee-41a5-bc34-f94cdf844a91 None None] Subscribe: > floatingip after_create 55550000, False {{(pid=101811) subscribe /opt/stack/data/venv/lib/python3.12/site-packages/neutron_lib/callbacks/manager.py:52}}
Jul 14 16:33:01.019535 np0000185168 devstack@neutron-api.service[101811]: DEBUG neutron_lib.callbacks.manager [None req-7559c053-8eee-41a5-bc34-f94cdf844a91 None None] Subscribe: > floatingip precommit_create 55550000, False {{(pid=101811) subscribe /opt/stack/data/venv/lib/python3.12/site-packages/neutron_lib/callbacks/manager.py:52}}
Jul 14 16:33:01.019754 np0000185168 devstack@neutron-api.service[101811]: DEBUG neutron_lib.callbacks.manager [None req-7559c053-8eee-41a5-bc34-f94cdf844a91 None None] Subscribe: > floatingip precommit_update 55550000, False {{(pid=101811) subscribe /opt/stack/data/venv/lib/python3.12/site-packages/neutron_lib/callbacks/manager.py:52}}
Jul 14 16:33:01.019754 np0000185168 devstack@neutron-api.service[101811]: DEBUG neutron_lib.callbacks.manager [None req-7559c053-8eee-41a5-bc34-f94cdf844a91 None None] Subscribe: > floatingip after_delete 55550000, False {{(pid=101811) subscribe /opt/stack/data/venv/lib/python3.12/site-packages/neutron_lib/callbacks/manager.py:52}}
Jul 14 16:33:01.019885 np0000185168 devstack@neutron-api.service[101811]: DEBUG neutron_lib.callbacks.manager [None req-7559c053-8eee-41a5-bc34-f94cdf844a91 None None] Subscribe: > floatingip after_status_update 55550000, False {{(pid=101811) subscribe /opt/stack/data/venv/lib/python3.12/site-packages/neutron_lib/callbacks/manager.py:52}}
Jul 14 16:33:01.020014 np0000185168 devstack@neutron-api.service[101811]: DEBUG neutron_lib.callbacks.manager [None req-7559c053-8eee-41a5-bc34-f94cdf844a91 None None] Subscribe: > floatingip after_update 55550000, False {{(pid=101811) subscribe /opt/stack/data/venv/lib/python3.12/site-packages/neutron_lib/callbacks/manager.py:52}}
