+ COMMAND=start + start + for KEYSTONE_WSGI_SCRIPT in keystone-wsgi-public ++ type -p keystone-wsgi-public + cp -a /var/lib/openstack/bin/keystone-wsgi-public /var/www/cgi-bin/keystone/ + '[' -f /etc/apache2/envvars ']' + source /etc/apache2/envvars ++ unset HOME ++ '[' '' '!=' '' ']' ++ SUFFIX= ++ export APACHE_RUN_USER=www-data ++ APACHE_RUN_USER=www-data ++ export APACHE_RUN_GROUP=www-data ++ APACHE_RUN_GROUP=www-data ++ export APACHE_PID_FILE=/var/run/apache2/apache2.pid ++ APACHE_PID_FILE=/var/run/apache2/apache2.pid ++ export APACHE_RUN_DIR=/var/run/apache2 ++ APACHE_RUN_DIR=/var/run/apache2 ++ export APACHE_LOCK_DIR=/var/lock/apache2 ++ APACHE_LOCK_DIR=/var/lock/apache2 ++ export APACHE_LOG_DIR=/var/log/apache2 ++ APACHE_LOG_DIR=/var/log/apache2 ++ export LANG=C ++ LANG=C ++ export LANG + '[' -f /var/run/apache2/apache2.pid ']' + exec apache2 -DFOREGROUND AH00558: apache2: Could not reliably determine the server's fully qualified domain name, using 10.0.0.235. Set the 'ServerName' directive globally to suppress this message AH00558: apache2: Could not reliably determine the server's fully qualified domain name, using 10.0.0.235. Set the 'ServerName' directive globally to suppress this message
[Wed May 06 01:26:57.162017 2026] [mpm_event:notice] [pid 1:tid 140595373213568] AH00489: Apache/2.4.58 (Ubuntu) mod_wsgi/5.0.0 Python/3.12 configured -- resuming normal operations
[Wed May 06 01:26:57.162164 2026] [core:notice] [pid 1:tid 140595373213568] AH00094: Command line: 'apache2 -D FOREGROUND'
[Wed May 06 01:27:56.849157 2026] [wsgi:error] [pid 8:tid 140594736441024] /var/lib/openstack/lib/python3.12/site-packages/oslo_utils/importutils.py:77: EventletDeprecationWarning:
[Wed May 06 01:27:56.849204 2026] [wsgi:error] [pid 8:tid 140594736441024] Eventlet is deprecated. It is currently being maintained in bugfix mode, and
[Wed May 06 01:27:56.849206 2026] [wsgi:error] [pid 8:tid 140594736441024] we strongly recommend against using it for new projects.
[Wed May 06 01:27:56.849207 2026] [wsgi:error] [pid 8:tid 140594736441024]
[Wed May 06 01:27:56.849208 2026] [wsgi:error] [pid 8:tid 140594736441024] If you are already using Eventlet, we recommend migrating to a different
[Wed May 06 01:27:56.849209 2026] [wsgi:error] [pid 8:tid 140594736441024] framework. For more detail see
[Wed May 06 01:27:56.849210 2026] [wsgi:error] [pid 8:tid 140594736441024] https://eventlet.readthedocs.io/en/latest/asyncio/migration.html
[Wed May 06 01:27:56.849212 2026] [wsgi:error] [pid 8:tid 140594736441024]
[Wed May 06 01:27:56.849213 2026] [wsgi:error] [pid 8:tid 140594736441024] __import__(import_str)
[Wed May 06 01:27:56.850874 2026] [wsgi:error] [pid 11:tid 140594736441024] /var/lib/openstack/lib/python3.12/site-packages/oslo_utils/importutils.py:77: EventletDeprecationWarning:
[Wed May 06 01:27:56.850920 2026] [wsgi:error] [pid 11:tid 140594736441024] Eventlet is deprecated. It is currently being maintained in bugfix mode, and
[Wed May 06 01:27:56.850922 2026] [wsgi:error] [pid 11:tid 140594736441024] we strongly recommend against using it for new projects.
[Wed May 06 01:27:56.850923 2026] [wsgi:error] [pid 11:tid 140594736441024]
[Wed May 06 01:27:56.850924 2026] [wsgi:error] [pid 11:tid 140594736441024] If you are already using Eventlet, we recommend migrating to a different
[Wed May 06 01:27:56.850926 2026] [wsgi:error] [pid 11:tid 140594736441024] framework. For more detail see
[Wed May 06 01:27:56.850927 2026] [wsgi:error] [pid 11:tid 140594736441024] https://eventlet.readthedocs.io/en/latest/asyncio/migration.html
[Wed May 06 01:27:56.850928 2026] [wsgi:error] [pid 11:tid 140594736441024]
[Wed May 06 01:27:56.850929 2026] [wsgi:error] [pid 11:tid 140594736441024] __import__(import_str) 10.0.0.218 - - [06/May/2026:01:27:55 +0000] "GET /v3/ HTTP/1.1" 200 250 10.0.0.218 - - [06/May/2026:01:27:55 +0000] "GET /v3/ HTTP/1.1" 200 250
[Wed May 06 01:28:08.758506 2026] [wsgi:error] [pid 9:tid 140594736441024] /var/lib/openstack/lib/python3.12/site-packages/oslo_utils/importutils.py:77: EventletDeprecationWarning:
[Wed May 06 01:28:08.758545 2026] [wsgi:error] [pid 9:tid 140594736441024] Eventlet is deprecated. It is currently being maintained in bugfix mode, and
[Wed May 06 01:28:08.758547 2026] [wsgi:error] [pid 9:tid 140594736441024] we strongly recommend against using it for new projects.
[Wed May 06 01:28:08.758548 2026] [wsgi:error] [pid 9:tid 140594736441024]
[Wed May 06 01:28:08.758550 2026] [wsgi:error] [pid 9:tid 140594736441024] If you are already using Eventlet, we recommend migrating to a different
[Wed May 06 01:28:08.758551 2026] [wsgi:error] [pid 9:tid 140594736441024] framework. For more detail see
[Wed May 06 01:28:08.758552 2026] [wsgi:error] [pid 9:tid 140594736441024] https://eventlet.readthedocs.io/en/latest/asyncio/migration.html
[Wed May 06 01:28:08.758553 2026] [wsgi:error] [pid 9:tid 140594736441024]
[Wed May 06 01:28:08.758554 2026] [wsgi:error] [pid 9:tid 140594736441024] __import__(import_str) 10.0.0.38 - - [06/May/2026:01:28:07 +0000] "GET / HTTP/1.1" 300 295
[Wed May 06 01:28:14.011382 2026] [wsgi:error] [pid 10:tid 140594736441024] /var/lib/openstack/lib/python3.12/site-packages/oslo_utils/importutils.py:77: EventletDeprecationWarning:
[Wed May 06 01:28:14.011419 2026] [wsgi:error] [pid 10:tid 140594736441024] Eventlet is deprecated. It is currently being maintained in bugfix mode, and
[Wed May 06 01:28:14.011421 2026] [wsgi:error] [pid 10:tid 140594736441024] we strongly recommend against using it for new projects.
[Wed May 06 01:28:14.011422 2026] [wsgi:error] [pid 10:tid 140594736441024]
[Wed May 06 01:28:14.011423 2026] [wsgi:error] [pid 10:tid 140594736441024] If you are already using Eventlet, we recommend migrating to a different
[Wed May 06 01:28:14.011424 2026] [wsgi:error] [pid 10:tid 140594736441024] framework. For more detail see
[Wed May 06 01:28:14.011425 2026] [wsgi:error] [pid 10:tid 140594736441024] https://eventlet.readthedocs.io/en/latest/asyncio/migration.html
[Wed May 06 01:28:14.011427 2026] [wsgi:error] [pid 10:tid 140594736441024]
[Wed May 06 01:28:14.011428 2026] [wsgi:error] [pid 10:tid 140594736441024] __import__(import_str)
[Wed May 06 01:28:18.557422 2026] [wsgi:error] [pid 10:tid 140594736441024] [remote 10.0.0.38:37474] 2026-05-06 01:28:18.555 10 WARNING keystone.identity.core [None req-98dc4cf3-24a3-4ba0-91d7-67060e73d34a - - - - - -] Invalid domain name (atmosphere) found in config file name: keystone.exception.DomainNotFound: Could not find domain: atmosphere.
[Wed May 06 01:28:18.603943 2026] [wsgi:error] [pid 10:tid 140594736441024] [remote 10.0.0.38:37474] 2026-05-06 01:28:18.603 10 WARNING keystone.common.password_hashing [None req-98dc4cf3-24a3-4ba0-91d7-67060e73d34a - - - - - -] Truncating password to algorithm specific maximum length 72 characters.
[Wed May 06 01:28:18.881484 2026] [wsgi:error] [pid 10:tid 140594736441024] [remote 10.0.0.38:37474] 2026-05-06 01:28:18.881 10 WARNING keystone.common.fernet_utils [None req-98dc4cf3-24a3-4ba0-91d7-67060e73d34a - - - - - -] key_repository is world readable: /etc/keystone/fernet-keys/ 10.0.0.38 - - [06/May/2026:01:28:13 +0000] "POST /v3/auth/tokens HTTP/1.1" 201 1360
[Wed May 06 01:28:19.203469 2026] [wsgi:error] [pid 8:tid 140594736441024] [remote 10.0.0.38:37474] 2026-05-06 01:28:19.201 8 WARNING keystone.identity.core [None req-100db1b2-d168-4071-94c8-f9a2f48e9e4f - - - - - -] Invalid domain name (atmosphere) found in config file name: keystone.exception.DomainNotFound: Could not find domain: atmosphere. 10.0.0.38 - - [06/May/2026:01:28:19 +0000] "POST /v3/domains HTTP/1.1" 201 261 10.0.0.120 - - [06/May/2026:01:28:31 +0000] "GET / HTTP/1.1" 300 295
[Wed May 06 01:28:31.432392 2026] [wsgi:error] [pid 9:tid 140594736441024] [remote 10.0.0.120:41762] 2026-05-06 01:28:31.431 9 WARNING keystone.common.password_hashing [None req-c65ae97f-0523-4f3b-94ec-e66a3d8f0a48 - - - - - -] Truncating password to algorithm specific maximum length 72 characters.
[Wed May 06 01:28:31.706240 2026] [wsgi:error] [pid 9:tid 140594736441024] [remote 10.0.0.120:41762] 2026-05-06 01:28:31.705 9 WARNING keystone.common.fernet_utils [None req-c65ae97f-0523-4f3b-94ec-e66a3d8f0a48 - - - - - -] key_repository is world readable: /etc/keystone/fernet-keys/ 10.0.0.120 - - [06/May/2026:01:28:31 +0000] "POST /v3/auth/tokens HTTP/1.1" 201 1360 10.0.0.120 - - [06/May/2026:01:28:31 +0000] "GET /v3/roles/admin HTTP/1.1" 404 83
[Wed May 06 01:28:31.932003 2026] [wsgi:error] [pid 8:tid 140594736441024] [remote 10.0.0.120:41762] 2026-05-06 01:28:31.931 8 WARNING keystone.common.rbac_enforcer.enforcer [None req-7311756d-4f26-462b-b2cb-0bc1e24b292f 42a04cb631c84b578deca7a9aa830b5d 20571b7505fa4afda0a06770787c7f9e - - default default] Deprecated policy rules found. Use oslopolicy-policy-generator and oslopolicy-policy-upgrade to detect and resolve deprecated policies in your configuration. 10.0.0.120 - - [06/May/2026:01:28:31 +0000] "GET /v3/roles?name=admin HTTP/1.1" 200 389
[Wed May 06 01:28:32.282537 2026] [wsgi:error] [pid 11:tid 140594736441024] [remote 10.0.0.120:41762] 2026-05-06 01:28:32.282 11 WARNING keystone.common.rbac_enforcer.enforcer [None req-448fe978-034c-4f16-986e-483e74af8a24 42a04cb631c84b578deca7a9aa830b5d 20571b7505fa4afda0a06770787c7f9e - - default default] Deprecated policy rules found. Use oslopolicy-policy-generator and oslopolicy-policy-upgrade to detect and resolve deprecated policies in your configuration. 10.0.0.120 - - [06/May/2026:01:28:31 +0000] "GET /v3/users/admin-RegionOne HTTP/1.1" 404 93
[Wed May 06 01:28:32.421760 2026] [wsgi:error] [pid 9:tid 140594736441024] [remote 10.0.0.120:41762] 2026-05-06 01:28:32.421 9 WARNING keystone.common.rbac_enforcer.enforcer [None req-e0acad0d-b3b8-4e71-bfcc-da832b57ef60 42a04cb631c84b578deca7a9aa830b5d 20571b7505fa4afda0a06770787c7f9e - - default default] Deprecated policy rules found. Use oslopolicy-policy-generator and oslopolicy-policy-upgrade to detect and resolve deprecated policies in your configuration. 10.0.0.120 - - [06/May/2026:01:28:32 +0000] "GET /v3/users?name=admin-RegionOne HTTP/1.1" 200 422
[Wed May 06 01:28:32.581378 2026] [wsgi:error] [pid 10:tid 140594736441024] [remote 10.0.0.120:41762] 2026-05-06 01:28:32.581 10 WARNING keystone.common.rbac_enforcer.enforcer [None req-f1d07df5-efcd-41b1-b3d7-d33f1a9cc9d3 42a04cb631c84b578deca7a9aa830b5d 20571b7505fa4afda0a06770787c7f9e - - default default] Deprecated policy rules found. Use oslopolicy-policy-generator and oslopolicy-policy-upgrade to detect and resolve deprecated policies in your configuration. 10.0.0.120 - - [06/May/2026:01:28:32 +0000] "GET /v3/domains/default HTTP/1.1" 200 224 10.0.0.120 - - [06/May/2026:01:28:32 +0000] "PUT /v3/domains/default/users/42a04cb631c84b578deca7a9aa830b5d/roles/5e0cbdf68842479f8596730500d6680a HTTP/1.1" 204 - 10.0.0.218 - - [06/May/2026:01:28:42 +0000] "GET / HTTP/1.1" 300 281 10.0.0.218 - - [06/May/2026:01:28:43 +0000] "GET /v3 HTTP/1.1" 200 266
[Wed May 06 01:28:44.006236 2026] [wsgi:error] [pid 10:tid 140594736441024] [remote 10.0.0.218:37226] 2026-05-06 01:28:44.006 10 WARNING keystone.common.password_hashing [None req-e42dfc72-facf-4847-abb9-baecafdbde2c - - - - - -] Truncating password to algorithm specific maximum length 72 characters.
[Wed May 06 01:28:44.276120 2026] [wsgi:error] [pid 10:tid 140594736441024] [remote 10.0.0.218:37226] 2026-05-06 01:28:44.275 10 WARNING keystone.common.fernet_utils [None req-e42dfc72-facf-4847-abb9-baecafdbde2c - - - - - -] key_repository is world readable: /etc/keystone/fernet-keys/ 10.0.0.218 - - [06/May/2026:01:28:43 +0000] "POST /v3/auth/tokens HTTP/1.1" 201 1360 10.0.0.218 - - [06/May/2026:01:28:44 +0000] "GET / HTTP/1.1" 300 281 10.0.0.218 - - [06/May/2026:01:28:44 +0000] "GET /v3/domains/atmosphere HTTP/1.1" 404 90 10.0.0.218 - - [06/May/2026:01:28:44 +0000] "GET /v3/domains?name=atmosphere HTTP/1.1" 200 370 10.0.0.218 - - [06/May/2026:01:28:44 +0000] "GET /v3/domains/ac9bdb369fbd423da47645fb40e570b1 HTTP/1.1" 200 247 10.0.0.218 - - [06/May/2026:01:28:45 +0000] "GET /v3 HTTP/1.1" 200 266
[Wed May 06 01:28:45.332377 2026] [wsgi:error] [pid 11:tid 140594736441024] [remote 10.0.0.218:37240] 2026-05-06 01:28:45.332 11 WARNING keystone.common.password_hashing [None req-594b2692-2e15-4da9-91a8-9fed73f6846c - - - - - -] Truncating password to algorithm specific maximum length 72 characters.
[Wed May 06 01:28:45.600428 2026] [wsgi:error] [pid 11:tid 140594736441024] [remote 10.0.0.218:37240] 2026-05-06 01:28:45.600 11 WARNING keystone.common.fernet_utils [None req-594b2692-2e15-4da9-91a8-9fed73f6846c - - - - - -] key_repository is world readable: /etc/keystone/fernet-keys/ 10.0.0.218 - - [06/May/2026:01:28:45 +0000] "POST /v3/auth/tokens HTTP/1.1" 201 1360 10.0.0.218 - - [06/May/2026:01:28:45 +0000] "GET / HTTP/1.1" 300 281 10.0.0.218 - - [06/May/2026:01:28:45 +0000] "GET /v3/OS-FEDERATION/identity_providers/atmosphere HTTP/1.1" 404 101 10.0.0.218 - - [06/May/2026:01:28:45 +0000] "GET /v3/OS-FEDERATION/identity_providers HTTP/1.1" 200 156 10.0.0.218 - - [06/May/2026:01:28:45 +0000] "PUT /v3/OS-FEDERATION/identity_providers/atmosphere HTTP/1.1" 201 342 10.0.0.218 - - [06/May/2026:01:28:46 +0000] "GET /v3 HTTP/1.1" 200 266
[Wed May 06 01:28:46.383158 2026] [wsgi:error] [pid 10:tid 140594736441024] [remote 10.0.0.218:37226] 2026-05-06 01:28:46.382 10 WARNING keystone.common.password_hashing [None req-bc364f2e-1ded-4f9f-ab81-4f4b71bd4b7f - - - - - -] Truncating password to algorithm specific maximum length 72 characters.
[Wed May 06 01:28:46.668271 2026] [wsgi:error] [pid 10:tid 140594736441024] [remote 10.0.0.218:37226] 2026-05-06 01:28:46.668 10 WARNING keystone.common.fernet_utils [None req-bc364f2e-1ded-4f9f-ab81-4f4b71bd4b7f - - - - - -] key_repository is world readable: /etc/keystone/fernet-keys/ 10.0.0.218 - - [06/May/2026:01:28:46 +0000] "POST /v3/auth/tokens HTTP/1.1" 201 1360 10.0.0.218 - - [06/May/2026:01:28:46 +0000] "GET / HTTP/1.1" 300 281 10.0.0.218 - - [06/May/2026:01:28:46 +0000] "GET /v3/OS-FEDERATION/mappings/atmosphere-openid HTTP/1.1" 404 98 10.0.0.218 - - [06/May/2026:01:28:46 +0000] "GET /v3/OS-FEDERATION/mappings HTTP/1.1" 200 136 10.0.0.218 - - [06/May/2026:01:28:46 +0000] "PUT /v3/OS-FEDERATION/mappings/atmosphere-openid HTTP/1.1" 201 357 10.0.0.218 - - [06/May/2026:01:28:47 +0000] "GET /v3 HTTP/1.1" 200 266
[Wed May 06 01:28:47.489197 2026] [wsgi:error] [pid 11:tid 140594736441024] [remote 10.0.0.218:37240] 2026-05-06 01:28:47.489 11 WARNING keystone.common.password_hashing [None req-178d7aff-dddc-48fb-bd6f-c8c54dcee1fe - - - - - -] Truncating password to algorithm specific maximum length 72 characters.
[Wed May 06 01:28:47.756992 2026] [wsgi:error] [pid 11:tid 140594736441024] [remote 10.0.0.218:37240] 2026-05-06 01:28:47.756 11 WARNING keystone.common.fernet_utils [None req-178d7aff-dddc-48fb-bd6f-c8c54dcee1fe - - - - - -] key_repository is world readable: /etc/keystone/fernet-keys/ 10.0.0.218 - - [06/May/2026:01:28:47 +0000] "POST /v3/auth/tokens HTTP/1.1" 201 1360 10.0.0.218 - - [06/May/2026:01:28:47 +0000] "GET / HTTP/1.1" 300 281 10.0.0.218 - - [06/May/2026:01:28:47 +0000] "GET /v3/OS-FEDERATION/identity_providers/atmosphere/protocols/openid?idp_id=atmosphere HTTP/1.1" 404 131 10.0.0.218 - - [06/May/2026:01:28:47 +0000] "GET /v3/OS-FEDERATION/identity_providers/atmosphere/protocols HTTP/1.1" 200 168 10.0.0.218 - - [06/May/2026:01:28:47 +0000] "PUT /v3/OS-FEDERATION/identity_providers/atmosphere/protocols/openid HTTP/1.1" 201 224 10.0.0.218 - - [06/May/2026:01:28:55 +0000] "GET /v3/ HTTP/1.1" 200 250 10.0.0.218 - - [06/May/2026:01:28:55 +0000] "GET /v3/ HTTP/1.1" 200 250 10.0.0.218 - - [06/May/2026:01:29:55 +0000] "GET /v3/ HTTP/1.1" 200 250 10.0.0.218 - - [06/May/2026:01:29:55 +0000] "GET /v3/ HTTP/1.1" 200 250 10.0.0.242 - - [06/May/2026:01:30:09 +0000] "GET / HTTP/1.1" 300 295
[Wed May 06 01:30:09.049381 2026] [wsgi:error] [pid 10:tid 140594736441024] [remote 10.0.0.242:38062] 2026-05-06 01:30:09.049 10 WARNING keystone.common.password_hashing [None req-e28b1098-b0bf-4bba-b9a4-a986d59cfa32 - - - - - -] Truncating password to algorithm specific maximum length 72 characters.
[Wed May 06 01:30:09.320063 2026] [wsgi:error] [pid 10:tid 140594736441024] [remote 10.0.0.242:38062] 2026-05-06 01:30:09.319 10 WARNING keystone.common.fernet_utils [None req-e28b1098-b0bf-4bba-b9a4-a986d59cfa32 - - - - - -] key_repository is world readable: /etc/keystone/fernet-keys/ 10.0.0.242 - - [06/May/2026:01:30:09 +0000] "POST /v3/auth/tokens HTTP/1.1" 201 1360 10.0.0.242 - - [06/May/2026:01:30:09 +0000] "GET /v3/services HTTP/1.1" 200 355 10.0.0.242 - - [06/May/2026:01:30:12 +0000] "GET / HTTP/1.1" 300 295
[Wed May 06 01:30:12.838788 2026] [wsgi:error] [pid 9:tid 140594736441024] [remote 10.0.0.242:38078] 2026-05-06 01:30:12.838 9 WARNING keystone.common.password_hashing [None req-936d9944-8190-4707-8741-3f9d1d9b34f0 - - - - - -] Truncating password to algorithm specific maximum length 72 characters.
[Wed May 06 01:30:13.114421 2026] [wsgi:error] [pid 9:tid 140594736441024] [remote 10.0.0.242:38078] 2026-05-06 01:30:13.114 9 WARNING keystone.common.fernet_utils [None req-936d9944-8190-4707-8741-3f9d1d9b34f0 - - - - - -] key_repository is world readable: /etc/keystone/fernet-keys/ 10.0.0.242 - - [06/May/2026:01:30:12 +0000] "POST /v3/auth/tokens HTTP/1.1" 201 1360 10.0.0.242 - - [06/May/2026:01:30:13 +0000] "GET /v3/services HTTP/1.1" 200 355 10.0.0.242 - - [06/May/2026:01:30:16 +0000] "GET / HTTP/1.1" 300 295
[Wed May 06 01:30:16.548688 2026] [wsgi:error] [pid 8:tid 140594736441024] [remote 10.0.0.242:38088] 2026-05-06 01:30:16.548 8 WARNING keystone.common.password_hashing [None req-179ba500-c70c-4da1-b6f4-1d0991a43a96 - - - - - -] Truncating password to algorithm specific maximum length 72 characters.
[Wed May 06 01:30:16.824040 2026] [wsgi:error] [pid 8:tid 140594736441024] [remote 10.0.0.242:38088] 2026-05-06 01:30:16.823 8 WARNING keystone.common.fernet_utils [None req-179ba500-c70c-4da1-b6f4-1d0991a43a96 - - - - - -] key_repository is world readable: /etc/keystone/fernet-keys/ 10.0.0.242 - - [06/May/2026:01:30:16 +0000] "POST /v3/auth/tokens HTTP/1.1" 201 1360 10.0.0.242 - - [06/May/2026:01:30:16 +0000] "GET /v3/services HTTP/1.1" 200 355 10.0.0.242 - - [06/May/2026:01:30:20 +0000] "GET / HTTP/1.1" 300 295
[Wed May 06 01:30:20.185574 2026] [wsgi:error] [pid 11:tid 140594736441024] [remote 10.0.0.242:46632] 2026-05-06 01:30:20.185 11 WARNING keystone.common.password_hashing [None req-09244737-238b-4611-b475-d380951a00c8 - - - - - -] Truncating password to algorithm specific maximum length 72 characters.
[Wed May 06 01:30:20.471632 2026] [wsgi:error] [pid 11:tid 140594736441024] [remote 10.0.0.242:46632] 2026-05-06 01:30:20.471 11 WARNING keystone.common.fernet_utils [None req-09244737-238b-4611-b475-d380951a00c8 - - - - - -] key_repository is world readable: /etc/keystone/fernet-keys/ 10.0.0.242 - - [06/May/2026:01:30:20 +0000] "POST /v3/auth/tokens HTTP/1.1" 201 1360 10.0.0.242 - - [06/May/2026:01:30:20 +0000] "POST /v3/services HTTP/1.1" 201 296 10.0.0.78 - - [06/May/2026:01:30:31 +0000] "GET / HTTP/1.1" 300 295
[Wed May 06 01:30:31.250322 2026] [wsgi:error] [pid 10:tid 140594736441024] [remote 10.0.0.78:39576] 2026-05-06 01:30:31.250 10 WARNING keystone.common.password_hashing [None req-3bc790a2-394f-4fe5-af88-04d34a777f69 - - - - - -] Truncating password to algorithm specific maximum length 72 characters. 10.0.0.78 - - [06/May/2026:01:30:31 +0000] "GET / HTTP/1.1" 300 295
[Wed May 06 01:30:31.275463 2026] [wsgi:error] [pid 8:tid 140594736441024] [remote 10.0.0.78:39582] 2026-05-06 01:30:31.275 8 WARNING keystone.common.password_hashing [None req-15586129-1dbb-4b96-9a2f-46e552da6b57 - - - - - -] Truncating password to algorithm specific maximum length 72 characters. 10.0.0.78 - - [06/May/2026:01:30:31 +0000] "GET / HTTP/1.1" 300 295
[Wed May 06 01:30:31.491217 2026] [wsgi:error] [pid 11:tid 140594736441024] [remote 10.0.0.78:39596] 2026-05-06 01:30:31.491 11 WARNING keystone.common.password_hashing [None req-28689eac-8b62-4057-91fa-825d7f3b429c - - - - - -] Truncating password to algorithm specific maximum length 72 characters.
[Wed May 06 01:30:31.539667 2026] [wsgi:error] [pid 10:tid 140594736441024] [remote 10.0.0.78:39576] 2026-05-06 01:30:31.539 10 WARNING keystone.common.fernet_utils [None req-3bc790a2-394f-4fe5-af88-04d34a777f69 - - - - - -] key_repository is world readable: /etc/keystone/fernet-keys/ 10.0.0.78 - - [06/May/2026:01:30:31 +0000] "POST /v3/auth/tokens HTTP/1.1" 201 1464
[Wed May 06 01:30:31.563315 2026] [wsgi:error] [pid 8:tid 140594736441024] [remote 10.0.0.78:39582] 2026-05-06 01:30:31.563 8 WARNING keystone.common.fernet_utils [None req-15586129-1dbb-4b96-9a2f-46e552da6b57 - - - - - -] key_repository is world readable: /etc/keystone/fernet-keys/ 10.0.0.78 - - [06/May/2026:01:30:31 +0000] "POST /v3/auth/tokens HTTP/1.1" 201 1464 10.0.0.78 - - [06/May/2026:01:30:31 +0000] "GET /v3/services HTTP/1.1" 200 639 10.0.0.78 - - [06/May/2026:01:30:31 +0000] "GET /v3/services HTTP/1.1" 200 639
[Wed May 06 01:30:31.770594 2026] [wsgi:error] [pid 11:tid 140594736441024] [remote 10.0.0.78:39596] 2026-05-06 01:30:31.770 11 WARNING keystone.common.fernet_utils [None req-28689eac-8b62-4057-91fa-825d7f3b429c - - - - - -] key_repository is world readable: /etc/keystone/fernet-keys/ 10.0.0.78 - - [06/May/2026:01:30:31 +0000] "POST /v3/auth/tokens HTTP/1.1" 201 1464 10.0.0.78 - - [06/May/2026:01:30:31 +0000] "GET /v3/services HTTP/1.1" 200 639 10.0.0.78 - - [06/May/2026:01:30:33 +0000] "GET / HTTP/1.1" 300 295
[Wed May 06 01:30:33.086519 2026] [wsgi:error] [pid 10:tid 140594736441024] [remote 10.0.0.78:39602] 2026-05-06 01:30:33.086 10 WARNING keystone.common.password_hashing [None req-74026b99-c44e-4254-997e-8b1181d97fa7 - - - - - -] Truncating password to algorithm specific maximum length 72 characters. 10.0.0.78 - - [06/May/2026:01:30:33 +0000] "GET / HTTP/1.1" 300 295
[Wed May 06 01:30:33.121162 2026] [wsgi:error] [pid 8:tid 140594736441024] [remote 10.0.0.78:39612] 2026-05-06 01:30:33.120 8 WARNING keystone.common.password_hashing [None req-cc1c9e3a-16bd-4f57-93fe-9240724249bc - - - - - -] Truncating password to algorithm specific maximum length 72 characters.
[Wed May 06 01:30:33.359419 2026] [wsgi:error] [pid 10:tid 140594736441024] [remote 10.0.0.78:39602] 2026-05-06 01:30:33.359 10 WARNING keystone.common.fernet_utils [None req-74026b99-c44e-4254-997e-8b1181d97fa7 - - - - - -] key_repository is world readable: /etc/keystone/fernet-keys/ 10.0.0.78 - - [06/May/2026:01:30:33 +0000] "POST /v3/auth/tokens HTTP/1.1" 201 1464
[Wed May 06 01:30:33.400571 2026] [wsgi:error] [pid 8:tid 140594736441024] [remote 10.0.0.78:39612] 2026-05-06 01:30:33.400 8 WARNING keystone.common.fernet_utils [None req-cc1c9e3a-16bd-4f57-93fe-9240724249bc - - - - - -] key_repository is world readable: /etc/keystone/fernet-keys/ 10.0.0.78 - - [06/May/2026:01:30:33 +0000] "POST /v3/auth/tokens HTTP/1.1" 201 1464 10.0.0.78 - - [06/May/2026:01:30:33 +0000] "GET /v3/endpoints HTTP/1.1" 200 1227 10.0.0.78 - - [06/May/2026:01:30:33 +0000] "GET /v3/services/2b37f7c7abc44622b97d10d82149f2bd HTTP/1.1" 200 233 10.0.0.78 - - [06/May/2026:01:30:33 +0000] "GET / HTTP/1.1" 300 295
[Wed May 06 01:30:33.519727 2026] [wsgi:error] [pid 9:tid 140594736441024] [remote 10.0.0.78:39626] 2026-05-06 01:30:33.519 9 WARNING keystone.common.password_hashing [None req-4a9c2d73-e790-4407-b854-f66e8616ada5 - - - - - -] Truncating password to algorithm specific maximum length 72 characters. 10.0.0.78 - - [06/May/2026:01:30:33 +0000] "GET /v3/services/2b37f7c7abc44622b97d10d82149f2bd HTTP/1.1" 200 233 10.0.0.78 - - [06/May/2026:01:30:33 +0000] "GET /v3/services/2b37f7c7abc44622b97d10d82149f2bd HTTP/1.1" 200 233 10.0.0.78 - - [06/May/2026:01:30:33 +0000] "GET /v3/endpoints HTTP/1.1" 200 1227 10.0.0.78 - - [06/May/2026:01:30:33 +0000] "GET /v3/services/2b37f7c7abc44622b97d10d82149f2bd HTTP/1.1" 200 233 10.0.0.78 - - [06/May/2026:01:30:33 +0000] "GET /v3/services/2b37f7c7abc44622b97d10d82149f2bd HTTP/1.1" 200 233 10.0.0.78 - - [06/May/2026:01:30:33 +0000] "GET /v3/services/2b37f7c7abc44622b97d10d82149f2bd HTTP/1.1" 200 233
[Wed May 06 01:30:33.785473 2026] [wsgi:error] [pid 9:tid 140594736441024] [remote 10.0.0.78:39626] 2026-05-06 01:30:33.785 9 WARNING keystone.common.fernet_utils [None req-4a9c2d73-e790-4407-b854-f66e8616ada5 - - - - - -] key_repository is world readable: /etc/keystone/fernet-keys/ 10.0.0.78 - - [06/May/2026:01:30:33 +0000] "POST /v3/auth/tokens HTTP/1.1" 201 1464 10.0.0.78 - - [06/May/2026:01:30:33 +0000] "GET /v3/endpoints HTTP/1.1" 200 1227 10.0.0.78 - - [06/May/2026:01:30:33 +0000] "GET /v3/services/2b37f7c7abc44622b97d10d82149f2bd HTTP/1.1" 200 233 10.0.0.78 - - [06/May/2026:01:30:33 +0000] "GET /v3/services/2b37f7c7abc44622b97d10d82149f2bd HTTP/1.1" 200 233 10.0.0.78 - - [06/May/2026:01:30:33 +0000] "GET /v3/services/2b37f7c7abc44622b97d10d82149f2bd HTTP/1.1" 200 233 10.0.0.78 - - [06/May/2026:01:30:34 +0000] "GET / HTTP/1.1" 300 295
[Wed May 06 01:30:34.827407 2026] [wsgi:error] [pid 8:tid 140594736441024] [remote 10.0.0.78:39640] 2026-05-06 01:30:34.827 8 WARNING keystone.common.password_hashing [None req-0278b79f-36bf-4dc3-b596-5c81f5bb7a1e - - - - - -] Truncating password to algorithm specific maximum length 72 characters. 10.0.0.78 - - [06/May/2026:01:30:35 +0000] "GET / HTTP/1.1" 300 295
[Wed May 06 01:30:35.105063 2026] [wsgi:error] [pid 9:tid 140594736441024] [remote 10.0.0.78:39648] 2026-05-06 01:30:35.104 9 WARNING keystone.common.password_hashing [None req-9c492557-239c-42f6-b4a5-19eade13533f - - - - - -] Truncating password to algorithm specific maximum length 72 characters.
[Wed May 06 01:30:35.122746 2026] [wsgi:error] [pid 8:tid 140594736441024] [remote 10.0.0.78:39640] 2026-05-06 01:30:35.122 8 WARNING keystone.common.fernet_utils [None req-0278b79f-36bf-4dc3-b596-5c81f5bb7a1e - - - - - -] key_repository is world readable: /etc/keystone/fernet-keys/ 10.0.0.78 - - [06/May/2026:01:30:34 +0000] "POST /v3/auth/tokens HTTP/1.1" 201 1464 10.0.0.78 - - [06/May/2026:01:30:35 +0000] "GET /v3/services/b9b63e376abb4377a4104fc41497fbf5 HTTP/1.1" 200 296 10.0.0.78 - - [06/May/2026:01:30:35 +0000] "GET /v3/regions/RegionOne HTTP/1.1" 200 173 10.0.0.78 - - [06/May/2026:01:30:35 +0000] "GET / HTTP/1.1" 300 295 10.0.0.78 - - [06/May/2026:01:30:35 +0000] "POST /v3/endpoints HTTP/1.1" 201 380
[Wed May 06 01:30:35.308647 2026] [wsgi:error] [pid 11:tid 140594736441024] [remote 10.0.0.78:39658] 2026-05-06 01:30:35.308 11 WARNING keystone.common.password_hashing [None req-76446bb6-e487-4fc5-9a51-2e1b8881d9f8 - - - - - -] Truncating password to algorithm specific maximum length 72 characters.
[Wed May 06 01:30:35.370290 2026] [wsgi:error] [pid 9:tid 140594736441024] [remote 10.0.0.78:39648] 2026-05-06 01:30:35.370 9 WARNING keystone.common.fernet_utils [None req-9c492557-239c-42f6-b4a5-19eade13533f - - - - - -] key_repository is world readable: /etc/keystone/fernet-keys/ 10.0.0.78 - - [06/May/2026:01:30:35 +0000] "POST /v3/auth/tokens HTTP/1.1" 201 1641 10.0.0.78 - - [06/May/2026:01:30:35 +0000] "GET /v3/services/b9b63e376abb4377a4104fc41497fbf5 HTTP/1.1" 200 296 10.0.0.78 - - [06/May/2026:01:30:35 +0000] "GET /v3/regions/RegionOne HTTP/1.1" 200 173
[Wed May 06 01:30:35.589494 2026] [wsgi:error] [pid 11:tid 140594736441024] [remote 10.0.0.78:39658] 2026-05-06 01:30:35.589 11 WARNING keystone.common.fernet_utils [None req-76446bb6-e487-4fc5-9a51-2e1b8881d9f8 - - - - - -] key_repository is world readable: /etc/keystone/fernet-keys/ 10.0.0.78 - - [06/May/2026:01:30:35 +0000] "POST /v3/auth/tokens HTTP/1.1" 201 1641 10.0.0.78 - - [06/May/2026:01:30:35 +0000] "POST /v3/endpoints HTTP/1.1" 201 383 10.0.0.78 - - [06/May/2026:01:30:35 +0000] "GET /v3/services/b9b63e376abb4377a4104fc41497fbf5 HTTP/1.1" 200 296 10.0.0.78 - - [06/May/2026:01:30:35 +0000] "GET /v3/regions/RegionOne HTTP/1.1" 200 173 10.0.0.78 - - [06/May/2026:01:30:35 +0000] "POST /v3/endpoints HTTP/1.1" 201 370 10.0.0.78 - - [06/May/2026:01:30:36 +0000] "GET / HTTP/1.1" 300 295
[Wed May 06 01:30:36.691252 2026] [wsgi:error] [pid 10:tid 140594736441024] [remote 10.0.0.78:39666] 2026-05-06 01:30:36.690 10 WARNING keystone.common.password_hashing [None req-52c93b3f-b152-4651-87b3-1a9b8927b202 - - - - - -] Truncating password to algorithm specific maximum length 72 characters.
[Wed May 06 01:30:36.965403 2026] [wsgi:error] [pid 10:tid 140594736441024] [remote 10.0.0.78:39666] 2026-05-06 01:30:36.965 10 WARNING keystone.common.fernet_utils [None req-52c93b3f-b152-4651-87b3-1a9b8927b202 - - - - - -] key_repository is world readable: /etc/keystone/fernet-keys/ 10.0.0.78 - - [06/May/2026:01:30:36 +0000] "GET / HTTP/1.1" 300 295 10.0.0.78 - - [06/May/2026:01:30:36 +0000] "POST /v3/auth/tokens HTTP/1.1" 201 1992
[Wed May 06 01:30:36.991241 2026] [wsgi:error] [pid 11:tid 140594736441024] [remote 10.0.0.78:39680] 2026-05-06 01:30:36.990 11 WARNING keystone.common.password_hashing [None req-fca568f9-5156-476b-ab41-5dcbbd788498 - - - - - -] Truncating password to algorithm specific maximum length 72 characters. 10.0.0.78 - - [06/May/2026:01:30:37 +0000] "GET /v3/endpoints/fdec0bb57dba46fd9cd07fc333c23663 HTTP/1.1" 200 380 10.0.0.78 - - [06/May/2026:01:30:37 +0000] "GET /v3/services/b9b63e376abb4377a4104fc41497fbf5 HTTP/1.1" 200 296 10.0.0.78 - - [06/May/2026:01:30:37 +0000] "GET / HTTP/1.1" 300 295
[Wed May 06 01:30:37.186047 2026] [wsgi:error] [pid 9:tid 140594736441024] [remote 10.0.0.78:39686] 2026-05-06 01:30:37.185 9 WARNING keystone.common.password_hashing [None req-bbdf3fda-d350-4299-822e-27dc1f29c19f - - - - - -] Truncating password to algorithm specific maximum length 72 characters.
[Wed May 06 01:30:37.274879 2026] [wsgi:error] [pid 11:tid 140594736441024] [remote 10.0.0.78:39680] 2026-05-06 01:30:37.274 11 WARNING keystone.common.fernet_utils [None req-fca568f9-5156-476b-ab41-5dcbbd788498 - - - - - -] key_repository is world readable: /etc/keystone/fernet-keys/ 10.0.0.78 - - [06/May/2026:01:30:36 +0000] "POST /v3/auth/tokens HTTP/1.1" 201 1992 10.0.0.78 - - [06/May/2026:01:30:37 +0000] "GET /v3/endpoints/a9284ffd135848fa9ff634e992e22769 HTTP/1.1" 200 383 10.0.0.78 - - [06/May/2026:01:30:37 +0000] "GET /v3/services/b9b63e376abb4377a4104fc41497fbf5 HTTP/1.1" 200 296
[Wed May 06 01:30:37.455496 2026] [wsgi:error] [pid 9:tid 140594736441024] [remote 10.0.0.78:39686] 2026-05-06 01:30:37.455 9 WARNING keystone.common.fernet_utils [None req-bbdf3fda-d350-4299-822e-27dc1f29c19f - - - - - -] key_repository is world readable: /etc/keystone/fernet-keys/ 10.0.0.78 - - [06/May/2026:01:30:37 +0000] "POST /v3/auth/tokens HTTP/1.1" 201 1992 10.0.0.78 - - [06/May/2026:01:30:37 +0000] "GET /v3/endpoints/121e3dd5425e4cd18461073a0c11165e HTTP/1.1" 200 370 10.0.0.78 - - [06/May/2026:01:30:37 +0000] "GET /v3/services/b9b63e376abb4377a4104fc41497fbf5 HTTP/1.1" 200 296 10.0.0.170 - - [06/May/2026:01:30:49 +0000] "GET / HTTP/1.1" 300 295
[Wed May 06 01:30:49.392520 2026] [wsgi:error] [pid 9:tid 140594736441024] [remote 10.0.0.170:42328] 2026-05-06 01:30:49.392 9 WARNING keystone.common.password_hashing [None req-d93b90fe-d8bb-4ce8-83fc-fe5ede20fc9e - - - - - -] Truncating password to algorithm specific maximum length 72 characters.
[Wed May 06 01:30:49.667726 2026] [wsgi:error] [pid 9:tid 140594736441024] [remote 10.0.0.170:42328] 2026-05-06 01:30:49.667 9 WARNING keystone.common.fernet_utils [None req-d93b90fe-d8bb-4ce8-83fc-fe5ede20fc9e - - - - - -] key_repository is world readable: /etc/keystone/fernet-keys/ 10.0.0.170 - - [06/May/2026:01:30:49 +0000] "POST /v3/auth/tokens HTTP/1.1" 201 1992 10.0.0.170 - - [06/May/2026:01:30:49 +0000] "POST /v3/domains HTTP/1.1" 201 284 10.0.0.170 - - [06/May/2026:01:30:51 +0000] "GET / HTTP/1.1" 300 295
[Wed May 06 01:30:51.173746 2026] [wsgi:error] [pid 10:tid 140594736441024] [remote 10.0.0.170:42332] 2026-05-06 01:30:51.173 10 WARNING keystone.common.password_hashing [None req-d7d51b18-ac3f-42c3-aece-3e1b54191b2e - - - - - -] Truncating password to algorithm specific maximum length 72 characters.
[Wed May 06 01:30:51.464292 2026] [wsgi:error] [pid 10:tid 140594736441024] [remote 10.0.0.170:42332] 2026-05-06 01:30:51.464 10 WARNING keystone.common.fernet_utils [None req-d7d51b18-ac3f-42c3-aece-3e1b54191b2e - - - - - -] key_repository is world readable: /etc/keystone/fernet-keys/ 10.0.0.170 - - [06/May/2026:01:30:51 +0000] "POST /v3/auth/tokens HTTP/1.1" 201 1992
[Wed May 06 01:30:51.639180 2026] [wsgi:error] [pid 9:tid 140594736441024] [remote 10.0.0.170:42332] 2026-05-06 01:30:51.626 9 ERROR keystone.server.flask.application [None req-a809381f-6d12-4c92-99ff-3ca2caf70f4d 42a04cb631c84b578deca7a9aa830b5d 20571b7505fa4afda0a06770787c7f9e - - default default] Conflict occurred attempting to store project - it is not permitted to have two projects acting as domains with the same name: service.: keystone.exception.Conflict: Conflict occurred attempting to store project - it is not permitted to have two projects acting as domains with the same name: service.
[Wed May 06 01:30:51.639209 2026] [wsgi:error] [pid 9:tid 140594736441024] [remote 10.0.0.170:42332] 2026-05-06 01:30:51.626 9 ERROR keystone.server.flask.application
Traceback (most recent call last):
[Wed May 06 01:30:51.639211 2026] [wsgi:error] [pid 9:tid 140594736441024] [remote 10.0.0.170:42332] 2026-05-06 01:30:51.626 9 ERROR keystone.server.flask.application
File "/var/lib/openstack/lib/python3.12/site-packages/sqlalchemy/engine/base.py", line 1967, in _exec_single_context
[Wed May 06 01:30:51.639213 2026] [wsgi:error] [pid 9:tid 140594736441024] [remote 10.0.0.170:42332] 2026-05-06 01:30:51.626 9 ERROR keystone.server.flask.application self.dialect.do_execute(
[Wed May 06 01:30:51.639214 2026] [wsgi:error] [pid 9:tid 140594736441024] [remote 10.0.0.170:42332] 2026-05-06 01:30:51.626 9 ERROR keystone.server.flask.application
File "/var/lib/openstack/lib/python3.12/site-packages/sqlalchemy/engine/default.py", line 952, in do_execute
[Wed May 06 01:30:51.639216 2026] [wsgi:error] [pid 9:tid 140594736441024] [remote 10.0.0.170:42332] 2026-05-06 01:30:51.626 9 ERROR keystone.server.flask.application cursor.execute(statement, parameters)
[Wed May 06 01:30:51.639218 2026] [wsgi:error] [pid 9:tid 140594736441024] [remote 10.0.0.170:42332] 2026-05-06 01:30:51.626 9 ERROR keystone.server.flask.application
File "/var/lib/openstack/lib/python3.12/site-packages/pymysql/cursors.py", line 153, in execute
[Wed May 06 01:30:51.639219 2026] [wsgi:error] [pid 9:tid 140594736441024] [remote 10.0.0.170:42332] 2026-05-06 01:30:51.626 9 ERROR keystone.server.flask.application result = self._query(query)
[Wed May 06 01:30:51.639221 2026] [wsgi:error] [pid 9:tid 140594736441024] [remote 10.0.0.170:42332] 2026-05-06 01:30:51.626 9 ERROR keystone.server.flask.application ^^^^^^^^^^^^^^^^^^
[Wed May 06 01:30:51.639222 2026] [wsgi:error] [pid 9:tid 140594736441024] [remote 10.0.0.170:42332] 2026-05-06 01:30:51.626 9 ERROR keystone.server.flask.application
File "/var/lib/openstack/lib/python3.12/site-packages/pymysql/cursors.py", line 322, in _query
[Wed May 06 01:30:51.639224 2026] [wsgi:error] [pid 9:tid 140594736441024] [remote 10.0.0.170:42332] 2026-05-06 01:30:51.626 9 ERROR keystone.server.flask.application conn.query(q)
[Wed May 06 01:30:51.639225 2026] [wsgi:error] [pid 9:tid 140594736441024] [remote 10.0.0.170:42332] 2026-05-06 01:30:51.626 9 ERROR keystone.server.flask.application
File "/var/lib/openstack/lib/python3.12/site-packages/pymysql/connections.py", line 575, in query
[Wed May 06 01:30:51.639227 2026] [wsgi:error] [pid 9:tid 140594736441024] [remote 10.0.0.170:42332] 2026-05-06 01:30:51.626 9 ERROR keystone.server.flask.application self._affected_rows = self._read_query_result(unbuffered=unbuffered)
[Wed May 06 01:30:51.639229 2026] [wsgi:error] [pid 9:tid 140594736441024] [remote 10.0.0.170:42332] 2026-05-06 01:30:51.626 9 ERROR keystone.server.flask.application ^^^^^^^^^^^^^^^^^^^^^^^^^^^^^^^^^^^^^^^^^^^^^^
[Wed May 06 01:30:51.639230 2026] [wsgi:error] [pid 9:tid 140594736441024] [remote 10.0.0.170:42332] 2026-05-06 01:30:51.626 9 ERROR keystone.server.flask.application
File "/var/lib/openstack/lib/python3.12/site-packages/pymysql/connections.py", line 826, in _read_query_result
[Wed May 06 01:30:51.639231 2026] [wsgi:error] [pid 9:tid 140594736441024] [remote 10.0.0.170:42332] 2026-05-06 01:30:51.626 9 ERROR keystone.server.flask.application result.read()
[Wed May 06 01:30:51.639235 2026] [wsgi:error] [pid 9:tid 140594736441024] [remote 10.0.0.170:42332] 2026-05-06 01:30:51.626 9 ERROR keystone.server.flask.application
File "/var/lib/openstack/lib/python3.12/site-packages/pymysql/connections.py", line 1203, in read
[Wed May 06 01:30:51.639237 2026] [wsgi:error] [pid 9:tid 140594736441024] [remote 10.0.0.170:42332] 2026-05-06 01:30:51.626 9 ERROR keystone.server.flask.application first_packet = self.connection._read_packet()
[Wed May 06 01:30:51.639238 2026] [wsgi:error] [pid 9:tid 140594736441024] [remote 10.0.0.170:42332] 2026-05-06 01:30:51.626 9 ERROR keystone.server.flask.application ^^^^^^^^^^^^^^^^^^^^^^^^^^^^^^
[Wed May 06 01:30:51.639239 2026] [wsgi:error] [pid 9:tid 140594736441024] [remote 10.0.0.170:42332] 2026-05-06 01:30:51.626 9 ERROR keystone.server.flask.application
File "/var/lib/openstack/lib/python3.12/site-packages/pymysql/connections.py", line 782, in _read_packet
[Wed May 06 01:30:51.639241 2026] [wsgi:error] [pid 9:tid 140594736441024] [remote 10.0.0.170:42332] 2026-05-06 01:30:51.626 9 ERROR keystone.server.flask.application packet.raise_for_error()
[Wed May 06 01:30:51.639242 2026] [wsgi:error] [pid 9:tid 140594736441024] [remote 10.0.0.170:42332] 2026-05-06 01:30:51.626 9 ERROR keystone.server.flask.application
File "/var/lib/openstack/lib/python3.12/site-packages/pymysql/protocol.py", line 219, in raise_for_error
[Wed May 06 01:30:51.639243 2026] [wsgi:error] [pid 9:tid 140594736441024] [remote 10.0.0.170:42332] 2026-05-06 01:30:51.626 9 ERROR keystone.server.flask.application err.raise_mysql_exception(self._data)
[Wed May 06 01:30:51.639245 2026] [wsgi:error] [pid 9:tid 140594736441024] [remote 10.0.0.170:42332] 2026-05-06 01:30:51.626 9 ERROR keystone.server.flask.application
File "/var/lib/openstack/lib/python3.12/site-packages/pymysql/err.py", line 150, in raise_mysql_exception
[Wed May 06 01:30:51.639246 2026] [wsgi:error] [pid 9:tid 140594736441024] [remote 10.0.0.170:42332] 2026-05-06 01:30:51.626 9 ERROR keystone.server.flask.application raise errorclass(errno, errval)
[Wed May 06 01:30:51.639255 2026] [wsgi:error] [pid 9:tid 140594736441024] [remote 10.0.0.170:42332] 2026-05-06 01:30:51.626 9 ERROR keystone.server.flask.application pymysql.err.IntegrityError: (1062, "Duplicate entry '<>-service' for key 'project.ixu_project_name_domain_id'")
[Wed May 06 01:30:51.639257 2026] [wsgi:error] [pid 9:tid 140594736441024] [remote 10.0.0.170:42332] 2026-05-06 01:30:51.626 9 ERROR keystone.server.flask.application
[Wed May 06 01:30:51.639259 2026] [wsgi:error] [pid 9:tid 140594736441024] [remote 10.0.0.170:42332] 2026-05-06 01:30:51.626 9 ERROR keystone.server.flask.application The above exception was the direct cause of the following exception:
[Wed May 06 01:30:51.639260 2026] [wsgi:error] [pid 9:tid 140594736441024] [remote 10.0.0.170:42332] 2026-05-06 01:30:51.626 9 ERROR keystone.server.flask.application
[Wed May 06 01:30:51.639262 2026] [wsgi:error] [pid 9:tid 140594736441024] [remote 10.0.0.170:42332] 2026-05-06 01:30:51.626 9 ERROR keystone.server.flask.application
Traceback (most recent call last):
[Wed May 06 01:30:51.639263 2026] [wsgi:error] [pid 9:tid 140594736441024] [remote 10.0.0.170:42332] 2026-05-06 01:30:51.626 9 ERROR keystone.server.flask.application
File "/var/lib/openstack/lib/python3.12/site-packages/keystone/common/sql/core.py", line 575, in wrapper
[Wed May 06 01:30:51.639265 2026] [wsgi:error] [pid 9:tid 140594736441024] [remote 10.0.0.170:42332] 2026-05-06 01:30:51.626 9 ERROR keystone.server.flask.application return method(*args, **kwargs)
[Wed May 06 01:30:51.639266 2026] [wsgi:error] [pid 9:tid 140594736441024] [remote 10.0.0.170:42332] 2026-05-06 01:30:51.626 9 ERROR keystone.server.flask.application ^^^^^^^^^^^^^^^^^^^^^^^
[Wed May 06 01:30:51.639268 2026] [wsgi:error] [pid 9:tid 140594736441024] [remote 10.0.0.170:42332] 2026-05-06 01:30:51.626 9 ERROR keystone.server.flask.application
File "/var/lib/openstack/lib/python3.12/site-packages/keystone/resource/backends/sql.py", line 278, in create_project
[Wed May 06 01:30:51.639270 2026] [wsgi:error] [pid 9:tid 140594736441024] [remote 10.0.0.170:42332] 2026-05-06 01:30:51.626 9 ERROR keystone.server.flask.application with sql.session_for_write() as session:
[Wed May 06 01:30:51.639271 2026] [wsgi:error] [pid 9:tid 140594736441024] [remote 10.0.0.170:42332] 2026-05-06 01:30:51.626 9 ERROR keystone.server.flask.application
File "/usr/lib/python3.12/contextlib.py", line 144, in __exit__
[Wed May 06 01:30:51.639273 2026] [wsgi:error] [pid 9:tid 140594736441024] [remote 10.0.0.170:42332] 2026-05-06 01:30:51.626 9 ERROR keystone.server.flask.application next(self.gen)
[Wed May 06 01:30:51.639274 2026] [wsgi:error] [pid 9:tid 140594736441024] [remote 10.0.0.170:42332] 2026-05-06 01:30:51.626 9 ERROR keystone.server.flask.application
File "/var/lib/openstack/lib/python3.12/site-packages/oslo_db/sqlalchemy/enginefacade.py", line 1175, in _transaction_scope
[Wed May 06 01:30:51.639276 2026] [wsgi:error] [pid 9:tid 140594736441024] [remote 10.0.0.170:42332] 2026-05-06 01:30:51.626 9 ERROR keystone.server.flask.application with current._produce_block(
[Wed May 06 01:30:51.639277 2026] [wsgi:error] [pid 9:tid 140594736441024] [remote 10.0.0.170:42332] 2026-05-06 01:30:51.626 9 ERROR keystone.server.flask.application
File "/usr/lib/python3.12/contextlib.py", line 144, in __exit__
[Wed May 06 01:30:51.639279 2026] [wsgi:error] [pid 9:tid 140594736441024] [remote 10.0.0.170:42332] 2026-05-06 01:30:51.626 9 ERROR keystone.server.flask.application next(self.gen)
[Wed May 06 01:30:51.639280 2026] [wsgi:error] [pid 9:tid 140594736441024] [remote 10.0.0.170:42332] 2026-05-06 01:30:51.626 9 ERROR keystone.server.flask.application
File "/var/lib/openstack/lib/python3.12/site-packages/oslo_db/sqlalchemy/enginefacade.py", line 837, in _session
[Wed May 06 01:30:51.639282 2026] [wsgi:error] [pid 9:tid 140594736441024] [remote 10.0.0.170:42332] 2026-05-06 01:30:51.626 9 ERROR keystone.server.flask.application with excutils.save_and_reraise_exception():
[Wed May 06 01:30:51.639285 2026] [wsgi:error] [pid 9:tid 140594736441024] [remote 10.0.0.170:42332] 2026-05-06 01:30:51.626 9 ERROR keystone.server.flask.application
File "/var/lib/openstack/lib/python3.12/site-packages/oslo_utils/excutils.py", line 271, in __exit__
[Wed May 06 01:30:51.639286 2026] [wsgi:error] [pid 9:tid 140594736441024] [remote 10.0.0.170:42332] 2026-05-06 01:30:51.626 9 ERROR keystone.server.flask.application self.force_reraise()
[Wed May 06 01:30:51.639288 2026] [wsgi:error] [pid 9:tid 140594736441024] [remote 10.0.0.170:42332] 2026-05-06 01:30:51.626 9 ERROR keystone.server.flask.application
File "/var/lib/openstack/lib/python3.12/site-packages/oslo_utils/excutils.py", line 233, in force_reraise
[Wed May 06 01:30:51.639289 2026] [wsgi:error] [pid 9:tid 140594736441024] [remote 10.0.0.170:42332] 2026-05-06 01:30:51.626 9 ERROR keystone.server.flask.application raise self.value
[Wed May 06 01:30:51.639291 2026] [wsgi:error] [pid 9:tid 140594736441024] [remote 10.0.0.170:42332] 2026-05-06 01:30:51.626 9 ERROR keystone.server.flask.application
File "/var/lib/openstack/lib/python3.12/site-packages/oslo_db/sqlalchemy/enginefacade.py", line 835, in _session
[Wed May 06 01:30:51.639293 2026] [wsgi:error] [pid 9:tid 140594736441024] [remote 10.0.0.170:42332] 2026-05-06 01:30:51.626 9 ERROR keystone.server.flask.application self._end_session_transaction(self.session)
[Wed May 06 01:30:51.639295 2026] [wsgi:error] [pid 9:tid 140594736441024] [remote 10.0.0.170:42332] 2026-05-06 01:30:51.626 9 ERROR keystone.server.flask.application
File "/var/lib/openstack/lib/python3.12/site-packages/oslo_db/sqlalchemy/enginefacade.py", line 748, in _end_session_transaction
[Wed May 06 01:30:51.639297 2026] [wsgi:error] [pid 9:tid 140594736441024] [remote 10.0.0.170:42332] 2026-05-06 01:30:51.626 9 ERROR keystone.server.flask.application session.commit()
[Wed May 06 01:30:51.639298 2026] [wsgi:error] [pid 9:tid 140594736441024] [remote 10.0.0.170:42332] 2026-05-06 01:30:51.626 9 ERROR keystone.server.flask.application
File "/var/lib/openstack/lib/python3.12/site-packages/sqlalchemy/orm/session.py", line 2030, in commit
[Wed May 06 01:30:51.639301 2026] [wsgi:error] [pid 9:tid 140594736441024] [remote 10.0.0.170:42332] 2026-05-06 01:30:51.626 9 ERROR keystone.server.flask.application trans.commit(_to_root=True)
[Wed May 06 01:30:51.639303 2026] [wsgi:error] [pid 9:tid 140594736441024] [remote 10.0.0.170:42332] 2026-05-06 01:30:51.626 9 ERROR keystone.server.flask.application File "", line 2, in commit
[Wed May 06 01:30:51.639305 2026] [wsgi:error] [pid 9:tid 140594736441024] [remote 10.0.0.170:42332] 2026-05-06 01:30:51.626 9 ERROR keystone.server.flask.application
File "/var/lib/openstack/lib/python3.12/site-packages/sqlalchemy/orm/state_changes.py", line 137, in _go
[Wed May 06 01:30:51.639307 2026] [wsgi:error] [pid 9:tid 140594736441024] [remote 10.0.0.170:42332] 2026-05-06 01:30:51.626 9 ERROR keystone.server.flask.application ret_value = fn(self, *arg, **kw)
[Wed May 06 01:30:51.639310 2026] [wsgi:error] [pid 9:tid 140594736441024] [remote 10.0.0.170:42332] 2026-05-06 01:30:51.626 9 ERROR keystone.server.flask.application ^^^^^^^^^^^^^^^^^^^^
[Wed May 06 01:30:51.639312 2026] [wsgi:error] [pid 9:tid 140594736441024] [remote 10.0.0.170:42332] 2026-05-06 01:30:51.626 9 ERROR keystone.server.flask.application
File "/var/lib/openstack/lib/python3.12/site-packages/sqlalchemy/orm/session.py", line 1311, in commit
[Wed May 06 01:30:51.639315 2026] [wsgi:error] [pid 9:tid 140594736441024] [remote 10.0.0.170:42332] 2026-05-06 01:30:51.626 9 ERROR keystone.server.flask.application self._prepare_impl()
[Wed May 06 01:30:51.639316 2026] [wsgi:error] [pid 9:tid 140594736441024] [remote 10.0.0.170:42332] 2026-05-06 01:30:51.626 9 ERROR keystone.server.flask.application File "", line 2, in _prepare_impl
[Wed May 06 01:30:51.639318 2026] [wsgi:error] [pid 9:tid 140594736441024] [remote 10.0.0.170:42332] 2026-05-06 01:30:51.626 9 ERROR keystone.server.flask.application
File "/var/lib/openstack/lib/python3.12/site-packages/sqlalchemy/orm/state_changes.py", line 137, in _go
[Wed May 06 01:30:51.639320 2026] [wsgi:error] [pid 9:tid 140594736441024] [remote 10.0.0.170:42332] 2026-05-06 01:30:51.626 9 ERROR keystone.server.flask.application ret_value = fn(self, *arg, **kw)
[Wed May 06 01:30:51.639322 2026] [wsgi:error] [pid 9:tid 140594736441024] [remote 10.0.0.170:42332] 2026-05-06 01:30:51.626 9 ERROR keystone.server.flask.application ^^^^^^^^^^^^^^^^^^^^
[Wed May 06 01:30:51.639323 2026] [wsgi:error] [pid 9:tid 140594736441024] [remote 10.0.0.170:42332] 2026-05-06 01:30:51.626 9 ERROR keystone.server.flask.application
File "/var/lib/openstack/lib/python3.12/site-packages/sqlalchemy/orm/session.py", line 1286, in _prepare_impl
[Wed May 06 01:30:51.639325 2026] [wsgi:error] [pid 9:tid 140594736441024] [remote 10.0.0.170:42332] 2026-05-06 01:30:51.626 9 ERROR keystone.server.flask.application self.session.flush()
[Wed May 06 01:30:51.639327 2026] [wsgi:error] [pid 9:tid 140594736441024] [remote 10.0.0.170:42332] 2026-05-06 01:30:51.626 9 ERROR keystone.server.flask.application
File "/var/lib/openstack/lib/python3.12/site-packages/sqlalchemy/orm/session.py", line 4331, in flush
[Wed May 06 01:30:51.639329 2026] [wsgi:error] [pid 9:tid 140594736441024] [remote 10.0.0.170:42332] 2026-05-06 01:30:51.626 9 ERROR keystone.server.flask.application self._flush(objects)
[Wed May 06 01:30:51.639331 2026] [wsgi:error] [pid 9:tid 140594736441024] [remote 10.0.0.170:42332] 2026-05-06 01:30:51.626 9 ERROR keystone.server.flask.application
File "/var/lib/openstack/lib/python3.12/site-packages/sqlalchemy/orm/session.py", line 4466, in _flush
[Wed May 06 01:30:51.639333 2026] [wsgi:error] [pid 9:tid 140594736441024] [remote 10.0.0.170:42332] 2026-05-06 01:30:51.626 9 ERROR keystone.server.flask.application with util.safe_reraise():
[Wed May 06 01:30:51.639335 2026] [wsgi:error] [pid 9:tid 140594736441024] [remote 10.0.0.170:42332] 2026-05-06 01:30:51.626 9 ERROR keystone.server.flask.application
File "/var/lib/openstack/lib/python3.12/site-packages/sqlalchemy/util/langhelpers.py", line 121, in __exit__
[Wed May 06 01:30:51.639337 2026] [wsgi:error] [pid 9:tid 140594736441024] [remote 10.0.0.170:42332] 2026-05-06 01:30:51.626 9 ERROR keystone.server.flask.application raise exc_value.with_traceback(exc_tb)
[Wed May 06 01:30:51.639339 2026] [wsgi:error] [pid 9:tid 140594736441024] [remote 10.0.0.170:42332] 2026-05-06 01:30:51.626 9 ERROR keystone.server.flask.application
File "/var/lib/openstack/lib/python3.12/site-packages/sqlalchemy/orm/session.py", line 4427, in _flush
[Wed May 06 01:30:51.639341 2026] [wsgi:error] [pid 9:tid 140594736441024] [remote 10.0.0.170:42332] 2026-05-06 01:30:51.626 9 ERROR keystone.server.flask.application flush_context.execute()
[Wed May 06 01:30:51.639343 2026] [wsgi:error] [pid 9:tid 140594736441024] [remote 10.0.0.170:42332] 2026-05-06 01:30:51.626 9 ERROR keystone.server.flask.application
File "/var/lib/openstack/lib/python3.12/site-packages/sqlalchemy/orm/unitofwork.py", line 466, in execute
[Wed May 06 01:30:51.639345 2026] [wsgi:error] [pid 9:tid 140594736441024] [remote 10.0.0.170:42332] 2026-05-06 01:30:51.626 9 ERROR keystone.server.flask.application rec.execute(self)
