2026-05-06 02:26:40.276 6 INFO placement.requestlog [None req-43e2caa4-242c-4769-bfe9-e8f3bb1155f7 b587fd79171c4a6099c0ecb706aeb11d 175c2eee2c7c4b4693db6accf82510ce - - a1039bfcde3949f9a95960cf040dfe23 a1039bfcde3949f9a95960cf040dfe23] 10.0.0.222 "DELETE /resource_providers/ee70531f-cf39-4061-a653-d7d35052dff2" status: 404 len: 246 microversion: 1.1 [pid: 6|app: 0|req: 467/923] 10.0.0.222 () {34 vars in 814 bytes} [Wed May 6 02:26:40 2026] DELETE /resource_providers/ee70531f-cf39-4061-a653-d7d35052dff2 => generated 246 bytes in 7 msecs (HTTP/1.1 404) 6 headers in 231 bytes (1 switches on core 0)
2026-05-06 02:26:40.278 7 INFO placement.requestlog [None req-d5727bbe-23ab-49e4-bee0-2c953212b180 b587fd79171c4a6099c0ecb706aeb11d 175c2eee2c7c4b4693db6accf82510ce - - a1039bfcde3949f9a95960cf040dfe23 a1039bfcde3949f9a95960cf040dfe23] 10.0.0.222 "DELETE /resource_providers/ee70531f-cf39-4061-a653-d7d35052dff2" status: 404 len: 246 microversion: 1.1 [pid: 7|app: 0|req: 457/924] 10.0.0.222 () {34 vars in 814 bytes} [Wed May 6 02:26:40 2026] DELETE /resource_providers/ee70531f-cf39-4061-a653-d7d35052dff2 => generated 246 bytes in 9 msecs (HTTP/1.1 404) 6 headers in 231 bytes (1 switches on core 0)
2026-05-06 02:26:43.918 6 INFO placement.requestlog [None req-28d8da20-a4d3-41a1-80ea-c42918fdfeee b587fd79171c4a6099c0ecb706aeb11d 175c2eee2c7c4b4693db6accf82510ce - - a1039bfcde3949f9a95960cf040dfe23 a1039bfcde3949f9a95960cf040dfe23] 10.0.0.222 "GET /resource_providers/ad59c1e4-5752-4640-85b8-b08f6d18d7c2/aggregates" status: 404 len: 235 microversion: 1.1 [pid: 6|app: 0|req: 468/925] 10.0.0.222 () {32 vars in 814 bytes} [Wed May 6 02:26:43 2026] GET /resource_providers/ad59c1e4-5752-4640-85b8-b08f6d18d7c2/aggregates => generated 235 bytes in 10 msecs (HTTP/1.1 404) 5 headers in 202 bytes (1 switches on core 0)
2026-05-06 02:26:43.923 7 INFO placement.requestlog [None req-97600d0b-efd6-4136-ba9d-304de89d8270 b587fd79171c4a6099c0ecb706aeb11d 175c2eee2c7c4b4693db6accf82510ce - - a1039bfcde3949f9a95960cf040dfe23 a1039bfcde3949f9a95960cf040dfe23] 10.0.0.222 "GET /resource_providers/ad59c1e4-5752-4640-85b8-b08f6d18d7c2/aggregates" status: 404 len: 235 microversion: 1.1 [pid: 7|app: 0|req: 458/926] 10.0.0.222 () {32 vars in 814 bytes} [Wed May 6 02:26:43 2026] GET /resource_providers/ad59c1e4-5752-4640-85b8-b08f6d18d7c2/aggregates => generated 235 bytes in 9 msecs (HTTP/1.1 404) 5 headers in 202 bytes (1 switches on core 0)
2026-05-06 02:26:43.943 7 INFO placement.requestlog [None req-eb682553-c1c2-4deb-8693-ed0b165c7363 b587fd79171c4a6099c0ecb706aeb11d 175c2eee2c7c4b4693db6accf82510ce - - a1039bfcde3949f9a95960cf040dfe23 a1039bfcde3949f9a95960cf040dfe23] 10.0.0.222 "DELETE /resource_providers/ad59c1e4-5752-4640-85b8-b08f6d18d7c2" status: 404 len: 246 microversion: 1.1 [pid: 7|app: 0|req: 459/927] 10.0.0.222 () {34 vars in 814 bytes} [Wed May 6 02:26:43 2026] DELETE /resource_providers/ad59c1e4-5752-4640-85b8-b08f6d18d7c2 => generated 246 bytes in 9 msecs (HTTP/1.1 404) 6 headers in 231 bytes (1 switches on core 0)
2026-05-06 02:26:43.944 6 INFO placement.requestlog [None req-3ece55ee-c585-453f-9464-07e5d01efa49 b587fd79171c4a6099c0ecb706aeb11d 175c2eee2c7c4b4693db6accf82510ce - - a1039bfcde3949f9a95960cf040dfe23 a1039bfcde3949f9a95960cf040dfe23] 10.0.0.222 "DELETE /resource_providers/ad59c1e4-5752-4640-85b8-b08f6d18d7c2" status: 404 len: 246 microversion: 1.1 [pid: 6|app: 0|req: 469/928] 10.0.0.222 () {34 vars in 814 bytes} [Wed May 6 02:26:43 2026] DELETE /resource_providers/ad59c1e4-5752-4640-85b8-b08f6d18d7c2 => generated 246 bytes in 12 msecs (HTTP/1.1 404) 6 headers in 231 bytes (1 switches on core 0)
2026-05-06 02:26:45.975 7 INFO placement.requestlog [None req-10e22b10-e060-4c43-8f3e-c314aff4a4c8 b587fd79171c4a6099c0ecb706aeb11d 175c2eee2c7c4b4693db6accf82510ce - - a1039bfcde3949f9a95960cf040dfe23 a1039bfcde3949f9a95960cf040dfe23] 10.0.0.222 "GET /resource_providers/f051a72e-5019-4512-b908-06766b65b1a7/aggregates" status: 404 len: 235 microversion: 1.1 [pid: 7|app: 0|req: 460/929] 10.0.0.222 () {32 vars in 814 bytes} [Wed May 6 02:26:45 2026] GET /resource_providers/f051a72e-5019-4512-b908-06766b65b1a7/aggregates => generated 235 bytes in 11 msecs (HTTP/1.1 404) 5 headers in 202 bytes (1 switches on core 0)
2026-05-06 02:26:45.976 6 INFO placement.requestlog [None req-5076d056-000d-40d8-96a7-ef686f5c8b92 b587fd79171c4a6099c0ecb706aeb11d 175c2eee2c7c4b4693db6accf82510ce - - a1039bfcde3949f9a95960cf040dfe23 a1039bfcde3949f9a95960cf040dfe23] 10.0.0.222 "GET /resource_providers/f051a72e-5019-4512-b908-06766b65b1a7/aggregates" status: 404 len: 235 microversion: 1.1 [pid: 6|app: 0|req: 470/930] 10.0.0.222 () {32 vars in 814 bytes} [Wed May 6 02:26:45 2026] GET /resource_providers/f051a72e-5019-4512-b908-06766b65b1a7/aggregates => generated 235 bytes in 11 msecs (HTTP/1.1 404) 5 headers in 202 bytes (1 switches on core 0)
2026-05-06 02:26:46.003 7 INFO placement.requestlog [None req-b748b788-f3be-4fbe-9d88-c7127df4d8a1 b587fd79171c4a6099c0ecb706aeb11d 175c2eee2c7c4b4693db6accf82510ce - - a1039bfcde3949f9a95960cf040dfe23 a1039bfcde3949f9a95960cf040dfe23] 10.0.0.222 "DELETE /resource_providers/f051a72e-5019-4512-b908-06766b65b1a7" status: 404 len: 246 microversion: 1.1 [pid: 7|app: 0|req: 461/931] 10.0.0.222 () {34 vars in 814 bytes} [Wed May 6 02:26:45 2026] DELETE /resource_providers/f051a72e-5019-4512-b908-06766b65b1a7 => generated 246 bytes in 9 msecs (HTTP/1.1 404) 6 headers in 231 bytes (1 switches on core 0)
2026-05-06 02:26:46.005 6 INFO placement.requestlog [None req-5ad570a7-3c64-4d4c-9f8d-d6f2d875111b b587fd79171c4a6099c0ecb706aeb11d 175c2eee2c7c4b4693db6accf82510ce - - a1039bfcde3949f9a95960cf040dfe23 a1039bfcde3949f9a95960cf040dfe23] 10.0.0.222 "DELETE /resource_providers/f051a72e-5019-4512-b908-06766b65b1a7" status: 404 len: 246 microversion: 1.1 [pid: 6|app: 0|req: 471/932] 10.0.0.222 () {34 vars in 814 bytes} [Wed May 6 02:26:45 2026] DELETE /resource_providers/f051a72e-5019-4512-b908-06766b65b1a7 => generated 246 bytes in 9 msecs (HTTP/1.1 404) 6 headers in 231 bytes (1 switches on core 0)
2026-05-06 02:26:46.026 7 INFO placement.requestlog [None req-912d8761-b486-422f-a88e-4a37c1941dae b587fd79171c4a6099c0ecb706aeb11d 175c2eee2c7c4b4693db6accf82510ce - - a1039bfcde3949f9a95960cf040dfe23 a1039bfcde3949f9a95960cf040dfe23] 10.0.0.222 "GET /resource_providers/622a17bf-4d26-490d-bf01-839a3f92101b/aggregates" status: 404 len: 235 microversion: 1.1 [pid: 7|app: 0|req: 462/933] 10.0.0.222 () {32 vars in 814 bytes} [Wed May 6 02:26:46 2026] GET /resource_providers/622a17bf-4d26-490d-bf01-839a3f92101b/aggregates => generated 235 bytes in 10 msecs (HTTP/1.1 404) 5 headers in 202 bytes (1 switches on core 0)
2026-05-06 02:26:46.027 6 INFO placement.requestlog [None req-5e834d5e-6698-4988-b7ad-3da3ad428765 b587fd79171c4a6099c0ecb706aeb11d 175c2eee2c7c4b4693db6accf82510ce - - a1039bfcde3949f9a95960cf040dfe23 a1039bfcde3949f9a95960cf040dfe23] 10.0.0.222 "GET /resource_providers/622a17bf-4d26-490d-bf01-839a3f92101b/aggregates" status: 404 len: 235 microversion: 1.1 [pid: 6|app: 0|req: 472/934] 10.0.0.222 () {32 vars in 814 bytes} [Wed May 6 02:26:46 2026] GET /resource_providers/622a17bf-4d26-490d-bf01-839a3f92101b/aggregates => generated 235 bytes in 10 msecs (HTTP/1.1 404) 5 headers in 202 bytes (1 switches on core 0)
2026-05-06 02:26:46.052 6 INFO placement.requestlog [None req-2fcbe168-2c91-4cea-acf1-51a0f49d4da2 b587fd79171c4a6099c0ecb706aeb11d 175c2eee2c7c4b4693db6accf82510ce - - a1039bfcde3949f9a95960cf040dfe23 a1039bfcde3949f9a95960cf040dfe23] 10.0.0.222 "DELETE /resource_providers/622a17bf-4d26-490d-bf01-839a3f92101b" status: 404 len: 246 microversion: 1.1 [pid: 6|app: 0|req: 473/935] 10.0.0.222 () {34 vars in 814 bytes} [Wed May 6 02:26:46 2026] DELETE /resource_providers/622a17bf-4d26-490d-bf01-839a3f92101b => generated 246 bytes in 10 msecs (HTTP/1.1 404) 6 headers in 231 bytes (1 switches on core 0)
2026-05-06 02:26:46.056 7 INFO placement.requestlog [None req-c7d50dc3-27e2-496b-8544-35ab25be0bd8 b587fd79171c4a6099c0ecb706aeb11d 175c2eee2c7c4b4693db6accf82510ce - - a1039bfcde3949f9a95960cf040dfe23 a1039bfcde3949f9a95960cf040dfe23] 10.0.0.222 "DELETE /resource_providers/622a17bf-4d26-490d-bf01-839a3f92101b" status: 404 len: 246 microversion: 1.1 [pid: 7|app: 0|req: 463/936] 10.0.0.222 () {34 vars in 814 bytes} [Wed May 6 02:26:46 2026] DELETE /resource_providers/622a17bf-4d26-490d-bf01-839a3f92101b => generated 246 bytes in 15 msecs (HTTP/1.1 404) 6 headers in 231 bytes (1 switches on core 0)
2026-05-06 02:26:46.073 6 INFO placement.requestlog [None req-83d11532-061b-4691-9afc-88c173f98deb b587fd79171c4a6099c0ecb706aeb11d 175c2eee2c7c4b4693db6accf82510ce - - a1039bfcde3949f9a95960cf040dfe23 a1039bfcde3949f9a95960cf040dfe23] 10.0.0.222 "GET /resource_providers/b88cae01-1889-46d7-b3bc-7651a838f2fe/aggregates" status: 404 len: 235 microversion: 1.1 [pid: 6|app: 0|req: 474/937] 10.0.0.222 () {32 vars in 814 bytes} [Wed May 6 02:26:46 2026] GET /resource_providers/b88cae01-1889-46d7-b3bc-7651a838f2fe/aggregates => generated 235 bytes in 11 msecs (HTTP/1.1 404) 5 headers in 202 bytes (1 switches on core 0)
2026-05-06 02:26:46.075 7 INFO placement.requestlog [None req-5b436b49-ecb6-4650-adeb-db78712a6244 b587fd79171c4a6099c0ecb706aeb11d 175c2eee2c7c4b4693db6accf82510ce - - a1039bfcde3949f9a95960cf040dfe23 a1039bfcde3949f9a95960cf040dfe23] 10.0.0.222 "GET /resource_providers/b88cae01-1889-46d7-b3bc-7651a838f2fe/aggregates" status: 404 len: 235 microversion: 1.1 [pid: 7|app: 0|req: 464/938] 10.0.0.222 () {32 vars in 814 bytes} [Wed May 6 02:26:46 2026] GET /resource_providers/b88cae01-1889-46d7-b3bc-7651a838f2fe/aggregates => generated 235 bytes in 11 msecs (HTTP/1.1 404) 5 headers in 202 bytes (1 switches on core 0)
2026-05-06 02:26:46.101 6 INFO placement.requestlog [None req-ec8cb1d9-0a14-4aa2-a859-8473fa44bd5e b587fd79171c4a6099c0ecb706aeb11d 175c2eee2c7c4b4693db6accf82510ce - - a1039bfcde3949f9a95960cf040dfe23 a1039bfcde3949f9a95960cf040dfe23] 10.0.0.222 "DELETE /resource_providers/b88cae01-1889-46d7-b3bc-7651a838f2fe" status: 404 len: 246 microversion: 1.1 [pid: 6|app: 0|req: 475/939] 10.0.0.222 () {34 vars in 814 bytes} [Wed May 6 02:26:46 2026] DELETE /resource_providers/b88cae01-1889-46d7-b3bc-7651a838f2fe => generated 246 bytes in 7 msecs (HTTP/1.1 404) 6 headers in 231 bytes (1 switches on core 0)
2026-05-06 02:26:46.102 7 INFO placement.requestlog [None req-d1b3ac32-ad2f-4930-a03a-4e599ff4ad36 b587fd79171c4a6099c0ecb706aeb11d 175c2eee2c7c4b4693db6accf82510ce - - a1039bfcde3949f9a95960cf040dfe23 a1039bfcde3949f9a95960cf040dfe23] 10.0.0.222 "DELETE /resource_providers/b88cae01-1889-46d7-b3bc-7651a838f2fe" status: 404 len: 246 microversion: 1.1 [pid: 7|app: 0|req: 465/940] 10.0.0.222 () {34 vars in 814 bytes} [Wed May 6 02:26:46 2026] DELETE /resource_providers/b88cae01-1889-46d7-b3bc-7651a838f2fe => generated 246 bytes in 7 msecs (HTTP/1.1 404) 6 headers in 231 bytes (1 switches on core 0)
2026-05-06 02:26:46.131 6 INFO placement.requestlog [None req-6c575493-56bc-4c30-b487-7ee45811e678 b587fd79171c4a6099c0ecb706aeb11d 175c2eee2c7c4b4693db6accf82510ce - - a1039bfcde3949f9a95960cf040dfe23 a1039bfcde3949f9a95960cf040dfe23] 10.0.0.222 "GET /resource_providers/aae89bc7-502f-4ccc-8c65-10bc1710cd1e/aggregates" status: 404 len: 235 microversion: 1.1 [pid: 6|app: 0|req: 476/941] 10.0.0.222 () {32 vars in 814 bytes} [Wed May 6 02:26:46 2026] GET /resource_providers/aae89bc7-502f-4ccc-8c65-10bc1710cd1e/aggregates => generated 235 bytes in 8 msecs (HTTP/1.1 404) 5 headers in 202 bytes (1 switches on core 0)
2026-05-06 02:26:46.131 7 INFO placement.requestlog [None req-b23b1312-2cb2-4a19-be65-b11ee671fc8d b587fd79171c4a6099c0ecb706aeb11d 175c2eee2c7c4b4693db6accf82510ce - - a1039bfcde3949f9a95960cf040dfe23 a1039bfcde3949f9a95960cf040dfe23] 10.0.0.222 "GET /resource_providers/aae89bc7-502f-4ccc-8c65-10bc1710cd1e/aggregates" status: 404 len: 235 microversion: 1.1 [pid: 7|app: 0|req: 466/942] 10.0.0.222 () {32 vars in 814 bytes} [Wed May 6 02:26:46 2026] GET /resource_providers/aae89bc7-502f-4ccc-8c65-10bc1710cd1e/aggregates => generated 235 bytes in 9 msecs (HTTP/1.1 404) 5 headers in 202 bytes (1 switches on core 0)
2026-05-06 02:26:46.162 6 INFO placement.requestlog [None req-cc41909d-4e5c-4151-81af-a289f96e4f0d b587fd79171c4a6099c0ecb706aeb11d 175c2eee2c7c4b4693db6accf82510ce - - a1039bfcde3949f9a95960cf040dfe23 a1039bfcde3949f9a95960cf040dfe23] 10.0.0.222 "DELETE /resource_providers/aae89bc7-502f-4ccc-8c65-10bc1710cd1e" status: 404 len: 246 microversion: 1.1 [pid: 6|app: 0|req: 477/943] 10.0.0.222 () {34 vars in 814 bytes} [Wed May 6 02:26:46 2026] DELETE /resource_providers/aae89bc7-502f-4ccc-8c65-10bc1710cd1e => generated 246 bytes in 9 msecs (HTTP/1.1 404) 6 headers in 231 bytes (1 switches on core 0)
2026-05-06 02:26:46.167 7 INFO placement.requestlog [None req-ff2b0b1c-e4ce-44e1-bcba-0a13c652a8b5 b587fd79171c4a6099c0ecb706aeb11d 175c2eee2c7c4b4693db6accf82510ce - - a1039bfcde3949f9a95960cf040dfe23 a1039bfcde3949f9a95960cf040dfe23] 10.0.0.222 "DELETE /resource_providers/aae89bc7-502f-4ccc-8c65-10bc1710cd1e" status: 404 len: 246 microversion: 1.1 [pid: 7|app: 0|req: 467/944] 10.0.0.222 () {34 vars in 814 bytes} [Wed May 6 02:26:46 2026] DELETE /resource_providers/aae89bc7-502f-4ccc-8c65-10bc1710cd1e => generated 246 bytes in 12 msecs (HTTP/1.1 404) 6 headers in 231 bytes (1 switches on core 0)
2026-05-06 02:26:47.317 7 INFO placement.requestlog [None req-7194004d-7e1e-4933-9c53-c2b4461aa57f - - - - - -] 10.0.0.218 "GET /" status: 200 len: 136 microversion: 1.0
2026-05-06 02:26:47.321 6 INFO placement.requestlog [None req-3c7f8a78-5943-43a2-bbfa-443d88caa9f4 - - - - - -] 10.0.0.218 "GET /" status: 200 len: 136 microversion: 1.0
2026-05-06 02:26:49.992 6 INFO placement.requestlog [None req-72edd6df-86ee-4220-8672-6e2b3ab0b7f4 b587fd79171c4a6099c0ecb706aeb11d 175c2eee2c7c4b4693db6accf82510ce - - a1039bfcde3949f9a95960cf040dfe23 a1039bfcde3949f9a95960cf040dfe23] 10.0.0.222 "GET /resource_providers/9e90776b-f97f-4dc1-9169-1017fa905b5a/aggregates" status: 404 len: 235 microversion: 1.1 [pid: 6|app: 0|req: 479/947] 10.0.0.222 () {32 vars in 814 bytes} [Wed May 6 02:26:49 2026] GET /resource_providers/9e90776b-f97f-4dc1-9169-1017fa905b5a/aggregates => generated 235 bytes in 13 msecs (HTTP/1.1 404) 5 headers in 202 bytes (1 switches on core 0)
2026-05-06 02:26:49.993 7 INFO placement.requestlog [None req-237fde6b-678b-40dc-83d1-012d13711e0f b587fd79171c4a6099c0ecb706aeb11d 175c2eee2c7c4b4693db6accf82510ce - - a1039bfcde3949f9a95960cf040dfe23 a1039bfcde3949f9a95960cf040dfe23] 10.0.0.222 "GET /resource_providers/9e90776b-f97f-4dc1-9169-1017fa905b5a/aggregates" status: 404 len: 235 microversion: 1.1 [pid: 7|app: 0|req: 469/948] 10.0.0.222 () {32 vars in 814 bytes} [Wed May 6 02:26:49 2026] GET /resource_providers/9e90776b-f97f-4dc1-9169-1017fa905b5a/aggregates => generated 235 bytes in 15 msecs (HTTP/1.1 404) 5 headers in 202 bytes (1 switches on core 0)
2026-05-06 02:26:50.006 6 INFO placement.requestlog [None req-d25b0926-46db-4034-bc4e-b80b30e5f207 b587fd79171c4a6099c0ecb706aeb11d 175c2eee2c7c4b4693db6accf82510ce - - a1039bfcde3949f9a95960cf040dfe23 a1039bfcde3949f9a95960cf040dfe23] 10.0.0.222 "DELETE /resource_providers/9e90776b-f97f-4dc1-9169-1017fa905b5a" status: 404 len: 246 microversion: 1.1 [pid: 6|app: 0|req: 480/949] 10.0.0.222 () {34 vars in 814 bytes} [Wed May 6 02:26:49 2026] DELETE /resource_providers/9e90776b-f97f-4dc1-9169-1017fa905b5a => generated 246 bytes in 9 msecs (HTTP/1.1 404) 6 headers in 231 bytes (1 switches on core 0)
2026-05-06 02:26:50.024 7 INFO placement.requestlog [None req-7cd291a8-b15f-4f8c-b4e9-3c0339f39a90 b587fd79171c4a6099c0ecb706aeb11d 175c2eee2c7c4b4693db6accf82510ce - - a1039bfcde3949f9a95960cf040dfe23 a1039bfcde3949f9a95960cf040dfe23] 10.0.0.222 "DELETE /resource_providers/9e90776b-f97f-4dc1-9169-1017fa905b5a" status: 404 len: 246 microversion: 1.1 [pid: 7|app: 0|req: 470/950] 10.0.0.222 () {34 vars in 814 bytes} [Wed May 6 02:26:50 2026] DELETE /resource_providers/9e90776b-f97f-4dc1-9169-1017fa905b5a => generated 246 bytes in 12 msecs (HTTP/1.1 404) 6 headers in 231 bytes (1 switches on core 0)
2026-05-06 02:26:52.024 7 INFO placement.requestlog [None req-b5392897-9f91-4884-a597-7f12572fddbb b587fd79171c4a6099c0ecb706aeb11d 175c2eee2c7c4b4693db6accf82510ce - - a1039bfcde3949f9a95960cf040dfe23 a1039bfcde3949f9a95960cf040dfe23] 10.0.0.222 "GET /resource_providers/4a283175-4cc7-4a63-9332-55ad6c81819d/aggregates" status: 404 len: 235 microversion: 1.1 [pid: 7|app: 0|req: 471/951] 10.0.0.222 () {32 vars in 814 bytes} [Wed May 6 02:26:52 2026] GET /resource_providers/4a283175-4cc7-4a63-9332-55ad6c81819d/aggregates => generated 235 bytes in 12 msecs (HTTP/1.1 404) 5 headers in 202 bytes (1 switches on core 0)
2026-05-06 02:26:52.040 6 INFO placement.requestlog [req-f09ae8cb-1450-43ca-ad93-e702013a2cb5 req-35413aff-50ac-4f41-aea3-28ef9bacd19e c0723fe5e6464e6d95008f2ffbbb7ab5 175c2eee2c7c4b4693db6accf82510ce - - a1039bfcde3949f9a95960cf040dfe23 a1039bfcde3949f9a95960cf040dfe23] 10.0.0.239 "GET /allocation_candidates?limit=1000&resources=DISK_GB%3A1%2CMEMORY_MB%3A512%2CVCPU%3A1&root_required=%21COMPUTE_STATUS_DISABLED" status: 200 len: 2783 microversion: 1.36 [pid: 6|app: 0|req: 481/952] 10.0.0.239 () {34 vars in 1010 bytes} [Wed May 6 02:26:51 2026] GET /allocation_candidates?limit=1000&resources=DISK_GB%3A1%2CMEMORY_MB%3A512%2CVCPU%3A1&root_required=%21COMPUTE_STATUS_DISABLED => generated 2783 bytes in 43 msecs (HTTP/1.1 200) 8 headers in 297 bytes (1 switches on core 0)
2026-05-06 02:26:52.040 7 INFO placement.requestlog [None req-fe7454b9-c184-4af2-ad83-c1cea6f7adf9 b587fd79171c4a6099c0ecb706aeb11d 175c2eee2c7c4b4693db6accf82510ce - - a1039bfcde3949f9a95960cf040dfe23 a1039bfcde3949f9a95960cf040dfe23] 10.0.0.222 "DELETE /resource_providers/4a283175-4cc7-4a63-9332-55ad6c81819d" status: 404 len: 246 microversion: 1.1 [pid: 7|app: 0|req: 472/953] 10.0.0.222 () {34 vars in 814 bytes} [Wed May 6 02:26:52 2026] DELETE /resource_providers/4a283175-4cc7-4a63-9332-55ad6c81819d => generated 246 bytes in 9 msecs (HTTP/1.1 404) 6 headers in 231 bytes (1 switches on core 0)
2026-05-06 02:26:52.047 6 INFO placement.requestlog [None req-19ce0169-9f78-450e-b1f1-e0b6f1acb28e b587fd79171c4a6099c0ecb706aeb11d 175c2eee2c7c4b4693db6accf82510ce - - a1039bfcde3949f9a95960cf040dfe23 a1039bfcde3949f9a95960cf040dfe23] 10.0.0.222 "GET /resource_providers/4a283175-4cc7-4a63-9332-55ad6c81819d/aggregates" status: 404 len: 235 microversion: 1.1 [pid: 6|app: 0|req: 482/954] 10.0.0.222 () {32 vars in 814 bytes} [Wed May 6 02:26:52 2026] GET /resource_providers/4a283175-4cc7-4a63-9332-55ad6c81819d/aggregates => generated 235 bytes in 7 msecs (HTTP/1.1 404) 5 headers in 202 bytes (1 switches on core 0)
2026-05-06 02:26:52.064 7 INFO placement.requestlog [None req-70d7243a-f517-4e53-a4db-0c025309ea71 b587fd79171c4a6099c0ecb706aeb11d 175c2eee2c7c4b4693db6accf82510ce - - a1039bfcde3949f9a95960cf040dfe23 a1039bfcde3949f9a95960cf040dfe23] 10.0.0.222 "DELETE /resource_providers/4a283175-4cc7-4a63-9332-55ad6c81819d" status: 404 len: 246 microversion: 1.1 [pid: 7|app: 0|req: 473/955] 10.0.0.222 () {34 vars in 814 bytes} [Wed May 6 02:26:52 2026] DELETE /resource_providers/4a283175-4cc7-4a63-9332-55ad6c81819d => generated 246 bytes in 9 msecs (HTTP/1.1 404) 6 headers in 231 bytes (1 switches on core 0)
2026-05-06 02:26:52.067 6 INFO placement.requestlog [req-f09ae8cb-1450-43ca-ad93-e702013a2cb5 req-0230946c-26d8-4ea9-89a4-7eeec3aa0dac c0723fe5e6464e6d95008f2ffbbb7ab5 175c2eee2c7c4b4693db6accf82510ce - - a1039bfcde3949f9a95960cf040dfe23 a1039bfcde3949f9a95960cf040dfe23] 10.0.0.239 "GET /allocations/0e5cabab-c90c-497f-afaa-3c61183b2f6f" status: 200 len: 19 microversion: 1.28 [pid: 6|app: 0|req: 483/956] 10.0.0.239 () {34 vars in 859 bytes} [Wed May 6 02:26:52 2026] GET /allocations/0e5cabab-c90c-497f-afaa-3c61183b2f6f => generated 19 bytes in 9 msecs (HTTP/1.1 200) 8 headers in 295 bytes (1 switches on core 0)
2026-05-06 02:26:52.135 7 INFO placement.requestlog [req-f09ae8cb-1450-43ca-ad93-e702013a2cb5 req-6f7c93fc-a571-415f-b365-2f1b1f46cbf8 c0723fe5e6464e6d95008f2ffbbb7ab5 175c2eee2c7c4b4693db6accf82510ce - - a1039bfcde3949f9a95960cf040dfe23 a1039bfcde3949f9a95960cf040dfe23] 10.0.0.239 "PUT /allocations/0e5cabab-c90c-497f-afaa-3c61183b2f6f" status: 204 len: 0 microversion: 1.36 [pid: 7|app: 0|req: 474/957] 10.0.0.239 () {38 vars in 912 bytes} [Wed May 6 02:26:52 2026] PUT /allocations/0e5cabab-c90c-497f-afaa-3c61183b2f6f => generated 0 bytes in 63 msecs (HTTP/1.1 204) 5 headers in 199 bytes (1 switches on core 0)
2026-05-06 02:26:53.627 6 INFO placement.requestlog [req-f09ae8cb-1450-43ca-ad93-e702013a2cb5 req-4e5b7596-ad8e-4931-b64b-1484571d8c5c c0723fe5e6464e6d95008f2ffbbb7ab5 175c2eee2c7c4b4693db6accf82510ce - - a1039bfcde3949f9a95960cf040dfe23 a1039bfcde3949f9a95960cf040dfe23] 199.204.45.169 "GET /allocations/0e5cabab-c90c-497f-afaa-3c61183b2f6f" status: 200 len: 258 microversion: 1.28 [pid: 6|app: 0|req: 484/958] 199.204.45.169 () {34 vars in 861 bytes} [Wed May 6 02:26:53 2026] GET /allocations/0e5cabab-c90c-497f-afaa-3c61183b2f6f => generated 258 bytes in 16 msecs (HTTP/1.1 200) 8 headers in 296 bytes (1 switches on core 0)
2026-05-06 02:26:54.670 7 INFO placement.requestlog [req-f09ae8cb-1450-43ca-ad93-e702013a2cb5 req-ac6f4da4-df04-4653-81ac-19f6d8f6b689 c0723fe5e6464e6d95008f2ffbbb7ab5 175c2eee2c7c4b4693db6accf82510ce - - a1039bfcde3949f9a95960cf040dfe23 a1039bfcde3949f9a95960cf040dfe23] 199.204.45.169 "GET /resource_providers/9c3f5422-fbd0-463a-a8e7-e2462ff12109/allocations" status: 200 len: 253 microversion: 1.0 [pid: 7|app: 0|req: 475/959] 199.204.45.169 () {32 vars in 855 bytes} [Wed May 6 02:26:54 2026] GET /resource_providers/9c3f5422-fbd0-463a-a8e7-e2462ff12109/allocations => generated 253 bytes in 15 msecs (HTTP/1.1 200) 6 headers in 224 bytes (1 switches on core 0)
2026-05-06 02:26:54.699 6 INFO placement.requestlog [req-f09ae8cb-1450-43ca-ad93-e702013a2cb5 req-9f400d4a-d852-4a34-ac45-92581093cd73 c0723fe5e6464e6d95008f2ffbbb7ab5 175c2eee2c7c4b4693db6accf82510ce - - a1039bfcde3949f9a95960cf040dfe23 a1039bfcde3949f9a95960cf040dfe23] 199.204.45.169 "GET /allocations/0e5cabab-c90c-497f-afaa-3c61183b2f6f" status: 200 len: 258 microversion: 1.28 [pid: 6|app: 0|req: 485/960] 199.204.45.169 () {34 vars in 861 bytes} [Wed May 6 02:26:54 2026] GET /allocations/0e5cabab-c90c-497f-afaa-3c61183b2f6f => generated 258 bytes in 20 msecs (HTTP/1.1 200) 8 headers in 296 bytes (1 switches on core 0)
2026-05-06 02:26:54.721 7 INFO placement.requestlog [req-f09ae8cb-1450-43ca-ad93-e702013a2cb5 req-03a0d0d6-4475-4449-9ef0-6f81886b7bba c0723fe5e6464e6d95008f2ffbbb7ab5 175c2eee2c7c4b4693db6accf82510ce - - a1039bfcde3949f9a95960cf040dfe23 a1039bfcde3949f9a95960cf040dfe23] 199.204.45.169 "GET /allocations/a3dc5e54-fced-4cdd-b895-761509b5099b" status: 200 len: 258 microversion: 1.28 [pid: 7|app: 0|req: 476/961] 199.204.45.169 () {34 vars in 861 bytes} [Wed May 6 02:26:54 2026] GET /allocations/a3dc5e54-fced-4cdd-b895-761509b5099b => generated 258 bytes in 11 msecs (HTTP/1.1 200) 8 headers in 296 bytes (1 switches on core 0)
2026-05-06 02:26:54.957 6 INFO placement.requestlog [None req-05162d1a-3c6f-4335-bb3b-69ac29d2d92a b587fd79171c4a6099c0ecb706aeb11d 175c2eee2c7c4b4693db6accf82510ce - - a1039bfcde3949f9a95960cf040dfe23 a1039bfcde3949f9a95960cf040dfe23] 10.0.0.222 "GET /resource_providers/3ec9447b-4584-4627-9d85-ba0aec5af82e/aggregates" status: 404 len: 235 microversion: 1.1 [pid: 6|app: 0|req: 486/962] 10.0.0.222 () {32 vars in 814 bytes} [Wed May 6 02:26:54 2026] GET /resource_providers/3ec9447b-4584-4627-9d85-ba0aec5af82e/aggregates => generated 235 bytes in 12 msecs (HTTP/1.1 404) 5 headers in 202 bytes (1 switches on core 0)
2026-05-06 02:26:54.958 7 INFO placement.requestlog [None req-0b7bd8d3-f204-46b9-893c-d791b9cb6542 b587fd79171c4a6099c0ecb706aeb11d 175c2eee2c7c4b4693db6accf82510ce - - a1039bfcde3949f9a95960cf040dfe23 a1039bfcde3949f9a95960cf040dfe23] 10.0.0.222 "GET /resource_providers/3ec9447b-4584-4627-9d85-ba0aec5af82e/aggregates" status: 404 len: 235 microversion: 1.1 [pid: 7|app: 0|req: 477/963] 10.0.0.222 () {32 vars in 814 bytes} [Wed May 6 02:26:54 2026] GET /resource_providers/3ec9447b-4584-4627-9d85-ba0aec5af82e/aggregates => generated 235 bytes in 9 msecs (HTTP/1.1 404) 5 headers in 202 bytes (1 switches on core 0)
2026-05-06 02:26:54.979 6 INFO placement.requestlog [None req-e735cb8c-399d-4591-8d7d-0e9f69378de3 b587fd79171c4a6099c0ecb706aeb11d 175c2eee2c7c4b4693db6accf82510ce - - a1039bfcde3949f9a95960cf040dfe23 a1039bfcde3949f9a95960cf040dfe23] 10.0.0.222 "DELETE /resource_providers/3ec9447b-4584-4627-9d85-ba0aec5af82e" status: 404 len: 246 microversion: 1.1 [pid: 6|app: 0|req: 487/964] 10.0.0.222 () {34 vars in 814 bytes} [Wed May 6 02:26:54 2026] DELETE /resource_providers/3ec9447b-4584-4627-9d85-ba0aec5af82e => generated 246 bytes in 9 msecs (HTTP/1.1 404) 6 headers in 231 bytes (1 switches on core 0)
2026-05-06 02:26:54.984 7 INFO placement.requestlog [None req-68af2394-7566-4b5a-a266-fb70b24079de b587fd79171c4a6099c0ecb706aeb11d 175c2eee2c7c4b4693db6accf82510ce - - a1039bfcde3949f9a95960cf040dfe23 a1039bfcde3949f9a95960cf040dfe23] 10.0.0.222 "DELETE /resource_providers/3ec9447b-4584-4627-9d85-ba0aec5af82e" status: 404 len: 246 microversion: 1.1 [pid: 7|app: 0|req: 478/965] 10.0.0.222 () {34 vars in 814 bytes} [Wed May 6 02:26:54 2026] DELETE /resource_providers/3ec9447b-4584-4627-9d85-ba0aec5af82e => generated 246 bytes in 10 msecs (HTTP/1.1 404) 6 headers in 231 bytes (1 switches on core 0)
2026-05-06 02:26:56.999 6 INFO placement.requestlog [None req-d9730f2a-741b-4501-8d89-16a5a9d2f481 b587fd79171c4a6099c0ecb706aeb11d 175c2eee2c7c4b4693db6accf82510ce - - a1039bfcde3949f9a95960cf040dfe23 a1039bfcde3949f9a95960cf040dfe23] 10.0.0.222 "GET /resource_providers/64a065cf-2e29-4f93-ada6-d19443c0a084/aggregates" status: 404 len: 235 microversion: 1.1 [pid: 6|app: 0|req: 488/966] 10.0.0.222 () {32 vars in 814 bytes} [Wed May 6 02:26:56 2026] GET /resource_providers/64a065cf-2e29-4f93-ada6-d19443c0a084/aggregates => generated 235 bytes in 10 msecs (HTTP/1.1 404) 5 headers in 202 bytes (1 switches on core 0)
2026-05-06 02:26:57.004 7 INFO placement.requestlog [None req-c62d4a73-04a7-4c8e-8dfc-81b5bb3e2087 b587fd79171c4a6099c0ecb706aeb11d 175c2eee2c7c4b4693db6accf82510ce - - a1039bfcde3949f9a95960cf040dfe23 a1039bfcde3949f9a95960cf040dfe23] 10.0.0.222 "GET /resource_providers/64a065cf-2e29-4f93-ada6-d19443c0a084/aggregates" status: 404 len: 235 microversion: 1.1 [pid: 7|app: 0|req: 479/967] 10.0.0.222 () {32 vars in 814 bytes} [Wed May 6 02:26:56 2026] GET /resource_providers/64a065cf-2e29-4f93-ada6-d19443c0a084/aggregates => generated 235 bytes in 12 msecs (HTTP/1.1 404) 5 headers in 202 bytes (1 switches on core 0)
2026-05-06 02:26:57.012 6 INFO placement.requestlog [None req-3389db3b-e774-4bfc-baae-19d336fd59eb b587fd79171c4a6099c0ecb706aeb11d 175c2eee2c7c4b4693db6accf82510ce - - a1039bfcde3949f9a95960cf040dfe23 a1039bfcde3949f9a95960cf040dfe23] 10.0.0.222 "DELETE /resource_providers/64a065cf-2e29-4f93-ada6-d19443c0a084" status: 404 len: 246 microversion: 1.1 [pid: 6|app: 0|req: 489/968] 10.0.0.222 () {34 vars in 814 bytes} [Wed May 6 02:26:57 2026] DELETE /resource_providers/64a065cf-2e29-4f93-ada6-d19443c0a084 => generated 246 bytes in 6 msecs (HTTP/1.1 404) 6 headers in 231 bytes (1 switches on core 0)
2026-05-06 02:26:57.024 7 INFO placement.requestlog [None req-1c0aecc3-768b-420a-a3bc-900570093dfd b587fd79171c4a6099c0ecb706aeb11d 175c2eee2c7c4b4693db6accf82510ce - - a1039bfcde3949f9a95960cf040dfe23 a1039bfcde3949f9a95960cf040dfe23] 10.0.0.222 "DELETE /resource_providers/64a065cf-2e29-4f93-ada6-d19443c0a084" status: 404 len: 246 microversion: 1.1 [pid: 7|app: 0|req: 480/969] 10.0.0.222 () {34 vars in 814 bytes} [Wed May 6 02:26:57 2026] DELETE /resource_providers/64a065cf-2e29-4f93-ada6-d19443c0a084 => generated 246 bytes in 14 msecs (HTTP/1.1 404) 6 headers in 231 bytes (1 switches on core 0)
2026-05-06 02:26:57.317 6 INFO placement.requestlog [None req-7c34030a-a137-4f7b-a34b-f8124d3b63d7 - - - - - -] 10.0.0.218 "GET /" status: 200 len: 136 microversion: 1.0
2026-05-06 02:26:57.317 7 INFO placement.requestlog [None req-85116fac-53cf-43e5-a658-46fb6221f4f9 - - - - - -] 10.0.0.218 "GET /" status: 200 len: 136 microversion: 1.0
2026-05-06 02:27:00.135 7 INFO placement.requestlog [None req-feeaa490-7e0a-4d48-b68e-0f50b061d301 b587fd79171c4a6099c0ecb706aeb11d 175c2eee2c7c4b4693db6accf82510ce - - a1039bfcde3949f9a95960cf040dfe23 a1039bfcde3949f9a95960cf040dfe23] 10.0.0.222 "GET /resource_providers/eb751aa7-ec6b-4921-b347-a377e35fee14/aggregates" status: 404 len: 235 microversion: 1.1 [pid: 7|app: 0|req: 482/972] 10.0.0.222 () {32 vars in 814 bytes} [Wed May 6 02:27:00 2026] GET /resource_providers/eb751aa7-ec6b-4921-b347-a377e35fee14/aggregates => generated 235 bytes in 11 msecs (HTTP/1.1 404) 5 headers in 202 bytes (1 switches on core 0)
2026-05-06 02:27:00.137 6 INFO placement.requestlog [None req-dd66cb51-7c51-4953-8d62-c15ea7ee58a6 b587fd79171c4a6099c0ecb706aeb11d 175c2eee2c7c4b4693db6accf82510ce - - a1039bfcde3949f9a95960cf040dfe23 a1039bfcde3949f9a95960cf040dfe23] 10.0.0.222 "GET /resource_providers/eb751aa7-ec6b-4921-b347-a377e35fee14/aggregates" status: 404 len: 235 microversion: 1.1 [pid: 6|app: 0|req: 491/973] 10.0.0.222 () {32 vars in 814 bytes} [Wed May 6 02:27:00 2026] GET /resource_providers/eb751aa7-ec6b-4921-b347-a377e35fee14/aggregates => generated 235 bytes in 12 msecs (HTTP/1.1 404) 5 headers in 202 bytes (1 switches on core 0)
2026-05-06 02:27:00.158 7 INFO placement.requestlog [None req-db6345ea-7004-4408-82f4-b3cc6957101d b587fd79171c4a6099c0ecb706aeb11d 175c2eee2c7c4b4693db6accf82510ce - - a1039bfcde3949f9a95960cf040dfe23 a1039bfcde3949f9a95960cf040dfe23] 10.0.0.222 "DELETE /resource_providers/eb751aa7-ec6b-4921-b347-a377e35fee14" status: 404 len: 246 microversion: 1.1 [pid: 7|app: 0|req: 483/974] 10.0.0.222 () {34 vars in 814 bytes} [Wed May 6 02:27:00 2026] DELETE /resource_providers/eb751aa7-ec6b-4921-b347-a377e35fee14 => generated 246 bytes in 8 msecs (HTTP/1.1 404) 6 headers in 231 bytes (1 switches on core 0)
2026-05-06 02:27:00.161 6 INFO placement.requestlog [None req-d2e46ede-73dc-4b89-ac63-9374c54c240e b587fd79171c4a6099c0ecb706aeb11d 175c2eee2c7c4b4693db6accf82510ce - - a1039bfcde3949f9a95960cf040dfe23 a1039bfcde3949f9a95960cf040dfe23] 10.0.0.222 "DELETE /resource_providers/eb751aa7-ec6b-4921-b347-a377e35fee14" status: 404 len: 246 microversion: 1.1 [pid: 6|app: 0|req: 492/975] 10.0.0.222 () {34 vars in 814 bytes} [Wed May 6 02:27:00 2026] DELETE /resource_providers/eb751aa7-ec6b-4921-b347-a377e35fee14 => generated 246 bytes in 7 msecs (HTTP/1.1 404) 6 headers in 231 bytes (1 switches on core 0)
2026-05-06 02:27:01.394 6 INFO placement.requestlog [None req-c231e150-faca-48c2-bb9d-d6278de37489 b587fd79171c4a6099c0ecb706aeb11d 175c2eee2c7c4b4693db6accf82510ce - - a1039bfcde3949f9a95960cf040dfe23 a1039bfcde3949f9a95960cf040dfe23] 10.0.0.222 "GET /resource_providers/65728d84-5a62-4c59-8b6a-4868a1e96254/aggregates" status: 404 len: 235 microversion: 1.1 [pid: 6|app: 0|req: 493/976] 10.0.0.222 () {32 vars in 814 bytes} [Wed May 6 02:27:01 2026] GET /resource_providers/65728d84-5a62-4c59-8b6a-4868a1e96254/aggregates => generated 235 bytes in 8 msecs (HTTP/1.1 404) 5 headers in 202 bytes (1 switches on core 0)
2026-05-06 02:27:01.394 7 INFO placement.requestlog [None req-3dd470e4-3277-4b55-b0c9-503c39e5e3ad b587fd79171c4a6099c0ecb706aeb11d 175c2eee2c7c4b4693db6accf82510ce - - a1039bfcde3949f9a95960cf040dfe23 a1039bfcde3949f9a95960cf040dfe23] 10.0.0.222 "GET /resource_providers/65728d84-5a62-4c59-8b6a-4868a1e96254/aggregates" status: 404 len: 235 microversion: 1.1 [pid: 7|app: 0|req: 484/977] 10.0.0.222 () {32 vars in 814 bytes} [Wed May 6 02:27:01 2026] GET /resource_providers/65728d84-5a62-4c59-8b6a-4868a1e96254/aggregates => generated 235 bytes in 11 msecs (HTTP/1.1 404) 5 headers in 202 bytes (1 switches on core 0)
2026-05-06 02:27:01.414 6 INFO placement.requestlog [None req-f6ce8f6b-9526-4c92-8267-845347a86c11 b587fd79171c4a6099c0ecb706aeb11d 175c2eee2c7c4b4693db6accf82510ce - - a1039bfcde3949f9a95960cf040dfe23 a1039bfcde3949f9a95960cf040dfe23] 10.0.0.222 "DELETE /resource_providers/65728d84-5a62-4c59-8b6a-4868a1e96254" status: 404 len: 246 microversion: 1.1
2026-05-06 02:27:01.414 7 INFO placement.requestlog [None req-cd2ffae9-d2b5-4665-ad4b-d203e34d82e5 b587fd79171c4a6099c0ecb706aeb11d 175c2eee2c7c4b4693db6accf82510ce - - a1039bfcde3949f9a95960cf040dfe23 a1039bfcde3949f9a95960cf040dfe23] 10.0.0.222 "DELETE /resource_providers/65728d84-5a62-4c59-8b6a-4868a1e96254" status: 404 len: 246 microversion: 1.1 [pid: 6|app: 0|req: 494/978] 10.0.0.222 () {34 vars in 814 bytes} [Wed May 6 02:27:01 2026] DELETE /resource_providers/65728d84-5a62-4c59-8b6a-4868a1e96254 => generated 246 bytes in 9 msecs (HTTP/1.1 404) 6 headers in 231 bytes (1 switches on core 0) [pid: 7|app: 0|req: 485/979] 10.0.0.222 () {34 vars in 814 bytes} [Wed May 6 02:27:01 2026] DELETE /resource_providers/65728d84-5a62-4c59-8b6a-4868a1e96254 => generated 246 bytes in 8 msecs (HTTP/1.1 404) 6 headers in 231 bytes (1 switches on core 0)
2026-05-06 02:27:03.433 6 INFO placement.requestlog [None req-74c8f93c-a84f-448d-848b-90368aeb602f b587fd79171c4a6099c0ecb706aeb11d 175c2eee2c7c4b4693db6accf82510ce - - a1039bfcde3949f9a95960cf040dfe23 a1039bfcde3949f9a95960cf040dfe23] 10.0.0.222 "GET /resource_providers/680eefb0-634d-46b5-8fbd-5095b99671eb/aggregates" status: 404 len: 235 microversion: 1.1 [pid: 6|app: 0|req: 495/980] 10.0.0.222 () {32 vars in 814 bytes} [Wed May 6 02:27:03 2026] GET /resource_providers/680eefb0-634d-46b5-8fbd-5095b99671eb/aggregates => generated 235 bytes in 9 msecs (HTTP/1.1 404) 5 headers in 202 bytes (1 switches on core 0)
2026-05-06 02:27:03.438 7 INFO placement.requestlog [None req-f70301bf-2c8c-43b8-a5bb-31762d598735 b587fd79171c4a6099c0ecb706aeb11d 175c2eee2c7c4b4693db6accf82510ce - - a1039bfcde3949f9a95960cf040dfe23 a1039bfcde3949f9a95960cf040dfe23] 10.0.0.222 "GET /resource_providers/680eefb0-634d-46b5-8fbd-5095b99671eb/aggregates" status: 404 len: 235 microversion: 1.1 [pid: 7|app: 0|req: 486/981] 10.0.0.222 () {32 vars in 814 bytes} [Wed May 6 02:27:03 2026] GET /resource_providers/680eefb0-634d-46b5-8fbd-5095b99671eb/aggregates => generated 235 bytes in 12 msecs (HTTP/1.1 404) 5 headers in 202 bytes (1 switches on core 0)
2026-05-06 02:27:03.450 6 INFO placement.requestlog [None req-e411de65-dbae-4587-9363-37b5d1f528a2 b587fd79171c4a6099c0ecb706aeb11d 175c2eee2c7c4b4693db6accf82510ce - - a1039bfcde3949f9a95960cf040dfe23 a1039bfcde3949f9a95960cf040dfe23] 10.0.0.222 "DELETE /resource_providers/680eefb0-634d-46b5-8fbd-5095b99671eb" status: 404 len: 246 microversion: 1.1 [pid: 6|app: 0|req: 496/982] 10.0.0.222 () {34 vars in 814 bytes} [Wed May 6 02:27:03 2026] DELETE /resource_providers/680eefb0-634d-46b5-8fbd-5095b99671eb => generated 246 bytes in 8 msecs (HTTP/1.1 404) 6 headers in 231 bytes (1 switches on core 0)
2026-05-06 02:27:03.452 7 INFO placement.requestlog [None req-73db07aa-8ef2-4c1e-9680-28c104abb6d9 b587fd79171c4a6099c0ecb706aeb11d 175c2eee2c7c4b4693db6accf82510ce - - a1039bfcde3949f9a95960cf040dfe23 a1039bfcde3949f9a95960cf040dfe23] 10.0.0.222 "DELETE /resource_providers/680eefb0-634d-46b5-8fbd-5095b99671eb" status: 404 len: 246 microversion: 1.1 [pid: 7|app: 0|req: 487/983] 10.0.0.222 () {34 vars in 814 bytes} [Wed May 6 02:27:03 2026] DELETE /resource_providers/680eefb0-634d-46b5-8fbd-5095b99671eb => generated 246 bytes in 8 msecs (HTTP/1.1 404) 6 headers in 231 bytes (1 switches on core 0)
2026-05-06 02:27:03.929 6 INFO placement.requestlog [req-8533f59f-57c1-4f97-96a4-a1694d377163 req-f53fd22b-9e22-48c7-be57-db42746ddaf9 c0723fe5e6464e6d95008f2ffbbb7ab5 175c2eee2c7c4b4693db6accf82510ce - - a1039bfcde3949f9a95960cf040dfe23 a1039bfcde3949f9a95960cf040dfe23] 199.204.45.169 "GET /resource_providers/9c3f5422-fbd0-463a-a8e7-e2462ff12109/allocations" status: 200 len: 253 microversion: 1.0 [pid: 6|app: 0|req: 497/984] 199.204.45.169 () {32 vars in 855 bytes} [Wed May 6 02:27:03 2026] GET /resource_providers/9c3f5422-fbd0-463a-a8e7-e2462ff12109/allocations => generated 253 bytes in 14 msecs (HTTP/1.1 200) 6 headers in 224 bytes (1 switches on core 0)
2026-05-06 02:27:03.949 7 INFO placement.requestlog [req-8533f59f-57c1-4f97-96a4-a1694d377163 req-8aa1036c-81ac-4291-81d1-003adbbf8752 c0723fe5e6464e6d95008f2ffbbb7ab5 175c2eee2c7c4b4693db6accf82510ce - - a1039bfcde3949f9a95960cf040dfe23 a1039bfcde3949f9a95960cf040dfe23] 199.204.45.169 "GET /resource_providers/9c3f5422-fbd0-463a-a8e7-e2462ff12109/allocations" status: 200 len: 253 microversion: 1.0 [pid: 7|app: 0|req: 488/985] 199.204.45.169 () {32 vars in 855 bytes} [Wed May 6 02:27:03 2026] GET /resource_providers/9c3f5422-fbd0-463a-a8e7-e2462ff12109/allocations => generated 253 bytes in 16 msecs (HTTP/1.1 200) 6 headers in 224 bytes (1 switches on core 0)
2026-05-06 02:27:03.964 6 INFO placement.requestlog [req-8533f59f-57c1-4f97-96a4-a1694d377163 req-d9b702f2-1d88-4fb3-a6b1-8aeb4743937c c0723fe5e6464e6d95008f2ffbbb7ab5 175c2eee2c7c4b4693db6accf82510ce - - a1039bfcde3949f9a95960cf040dfe23 a1039bfcde3949f9a95960cf040dfe23] 199.204.45.169 "GET /allocations/0e5cabab-c90c-497f-afaa-3c61183b2f6f" status: 200 len: 258 microversion: 1.28 [pid: 6|app: 0|req: 498/986] 199.204.45.169 () {34 vars in 861 bytes} [Wed May 6 02:27:03 2026] GET /allocations/0e5cabab-c90c-497f-afaa-3c61183b2f6f => generated 258 bytes in 11 msecs (HTTP/1.1 200) 8 headers in 296 bytes (1 switches on core 0)
2026-05-06 02:27:03.980 7 INFO placement.requestlog [req-8533f59f-57c1-4f97-96a4-a1694d377163 req-6621c1a0-5132-49b2-b2ff-392e30c915ff c0723fe5e6464e6d95008f2ffbbb7ab5 175c2eee2c7c4b4693db6accf82510ce - - a1039bfcde3949f9a95960cf040dfe23 a1039bfcde3949f9a95960cf040dfe23] 199.204.45.169 "GET /allocations/a3dc5e54-fced-4cdd-b895-761509b5099b" status: 200 len: 258 microversion: 1.28 [pid: 7|app: 0|req: 489/987] 199.204.45.169 () {34 vars in 861 bytes} [Wed May 6 02:27:03 2026] GET /allocations/a3dc5e54-fced-4cdd-b895-761509b5099b => generated 258 bytes in 12 msecs (HTTP/1.1 200) 8 headers in 296 bytes (1 switches on core 0)
2026-05-06 02:27:07.316 7 INFO placement.requestlog [None req-5cd5629b-6eb8-4d05-a875-de87c9e04475 - - - - - -] 10.0.0.218 "GET /" status: 200 len: 136 microversion: 1.0
2026-05-06 02:27:07.317 6 INFO placement.requestlog [None req-e46a748e-37d4-4b43-98d9-735021d3679d - - - - - -] 10.0.0.218 "GET /" status: 200 len: 136 microversion: 1.0
2026-05-06 02:27:09.482 7 INFO placement.requestlog [req-2a7dd33d-aaff-437e-8d37-bf67e60aa1ae req-9dc541d5-236c-41ab-9abc-b548bdbff08a c0723fe5e6464e6d95008f2ffbbb7ab5 175c2eee2c7c4b4693db6accf82510ce - - a1039bfcde3949f9a95960cf040dfe23 a1039bfcde3949f9a95960cf040dfe23] 10.0.0.239 "GET /allocation_candidates?limit=1000&resources=DISK_GB%3A1%2CMEMORY_MB%3A512%2CVCPU%3A1&root_required=%21COMPUTE_STATUS_DISABLED" status: 200 len: 2784 microversion: 1.36 [pid: 7|app: 0|req: 491/990] 10.0.0.239 () {34 vars in 1010 bytes} [Wed May 6 02:27:09 2026] GET /allocation_candidates?limit=1000&resources=DISK_GB%3A1%2CMEMORY_MB%3A512%2CVCPU%3A1&root_required=%21COMPUTE_STATUS_DISABLED => generated 2784 bytes in 57 msecs (HTTP/1.1 200) 8 headers in 297 bytes (1 switches on core 0)
2026-05-06 02:27:09.526 6 INFO placement.requestlog [req-2a7dd33d-aaff-437e-8d37-bf67e60aa1ae req-43449860-c56e-4bde-8cfe-4054bf83b79b c0723fe5e6464e6d95008f2ffbbb7ab5 175c2eee2c7c4b4693db6accf82510ce - - a1039bfcde3949f9a95960cf040dfe23 a1039bfcde3949f9a95960cf040dfe23] 10.0.0.239 "GET /allocations/923ec140-f20b-4e76-965e-c14cf7af7a27" status: 200 len: 19 microversion: 1.28 [pid: 6|app: 0|req: 500/991] 10.0.0.239 () {34 vars in 859 bytes} [Wed May 6 02:27:09 2026] GET /allocations/923ec140-f20b-4e76-965e-c14cf7af7a27 => generated 19 bytes in 13 msecs (HTTP/1.1 200) 8 headers in 295 bytes (1 switches on core 0)
2026-05-06 02:27:09.591 7 INFO placement.requestlog [req-2a7dd33d-aaff-437e-8d37-bf67e60aa1ae req-ef5a7582-00b2-4d86-98fc-fe21edb196af c0723fe5e6464e6d95008f2ffbbb7ab5 175c2eee2c7c4b4693db6accf82510ce - - a1039bfcde3949f9a95960cf040dfe23 a1039bfcde3949f9a95960cf040dfe23] 10.0.0.239 "PUT /allocations/923ec140-f20b-4e76-965e-c14cf7af7a27" status: 204 len: 0 microversion: 1.36 [pid: 7|app: 0|req: 492/992] 10.0.0.239 () {38 vars in 912 bytes} [Wed May 6 02:27:09 2026] PUT /allocations/923ec140-f20b-4e76-965e-c14cf7af7a27 => generated 0 bytes in 56 msecs (HTTP/1.1 204) 5 headers in 199 bytes (1 switches on core 0)
2026-05-06 02:27:11.064 6 INFO placement.requestlog [req-2a7dd33d-aaff-437e-8d37-bf67e60aa1ae req-b296550e-4aa3-4d71-845f-188adaa05913 c0723fe5e6464e6d95008f2ffbbb7ab5 175c2eee2c7c4b4693db6accf82510ce - - a1039bfcde3949f9a95960cf040dfe23 a1039bfcde3949f9a95960cf040dfe23] 199.204.45.169 "GET /allocations/923ec140-f20b-4e76-965e-c14cf7af7a27" status: 200 len: 258 microversion: 1.28 [pid: 6|app: 0|req: 501/993] 199.204.45.169 () {34 vars in 861 bytes} [Wed May 6 02:27:11 2026] GET /allocations/923ec140-f20b-4e76-965e-c14cf7af7a27 => generated 258 bytes in 16 msecs (HTTP/1.1 200) 8 headers in 296 bytes (1 switches on core 0)
2026-05-06 02:27:12.106 7 INFO placement.requestlog [req-2a7dd33d-aaff-437e-8d37-bf67e60aa1ae req-f7d4cc41-5312-452d-bd82-8fe31d8f579d c0723fe5e6464e6d95008f2ffbbb7ab5 175c2eee2c7c4b4693db6accf82510ce - - a1039bfcde3949f9a95960cf040dfe23 a1039bfcde3949f9a95960cf040dfe23] 199.204.45.169 "GET /resource_providers/9c3f5422-fbd0-463a-a8e7-e2462ff12109/allocations" status: 200 len: 353 microversion: 1.0 [pid: 7|app: 0|req: 493/994] 199.204.45.169 () {32 vars in 855 bytes} [Wed May 6 02:27:12 2026] GET /resource_providers/9c3f5422-fbd0-463a-a8e7-e2462ff12109/allocations => generated 353 bytes in 20 msecs (HTTP/1.1 200) 6 headers in 224 bytes (1 switches on core 0)
2026-05-06 02:27:12.127 6 INFO placement.requestlog [req-2a7dd33d-aaff-437e-8d37-bf67e60aa1ae req-f6ca556d-da38-45de-b52c-7550bd046a60 c0723fe5e6464e6d95008f2ffbbb7ab5 175c2eee2c7c4b4693db6accf82510ce - - a1039bfcde3949f9a95960cf040dfe23 a1039bfcde3949f9a95960cf040dfe23] 199.204.45.169 "GET /allocations/0e5cabab-c90c-497f-afaa-3c61183b2f6f" status: 200 len: 258 microversion: 1.28 [pid: 6|app: 0|req: 502/995] 199.204.45.169 () {34 vars in 861 bytes} [Wed May 6 02:27:12 2026] GET /allocations/0e5cabab-c90c-497f-afaa-3c61183b2f6f => generated 258 bytes in 15 msecs (HTTP/1.1 200) 8 headers in 296 bytes (1 switches on core 0)
2026-05-06 02:27:12.147 7 INFO placement.requestlog [req-2a7dd33d-aaff-437e-8d37-bf67e60aa1ae req-a9e06c1b-f9fc-488e-b2ff-c65296ac30bd c0723fe5e6464e6d95008f2ffbbb7ab5 175c2eee2c7c4b4693db6accf82510ce - - a1039bfcde3949f9a95960cf040dfe23 a1039bfcde3949f9a95960cf040dfe23] 199.204.45.169 "GET /allocations/923ec140-f20b-4e76-965e-c14cf7af7a27" status: 200 len: 258 microversion: 1.28 [pid: 7|app: 0|req: 494/996] 199.204.45.169 () {34 vars in 861 bytes} [Wed May 6 02:27:12 2026] GET /allocations/923ec140-f20b-4e76-965e-c14cf7af7a27 => generated 258 bytes in 13 msecs (HTTP/1.1 200) 8 headers in 296 bytes (1 switches on core 0)
2026-05-06 02:27:12.163 6 INFO placement.requestlog [req-2a7dd33d-aaff-437e-8d37-bf67e60aa1ae req-b18079e6-316f-4f39-b82d-bd1f09b84011 c0723fe5e6464e6d95008f2ffbbb7ab5 175c2eee2c7c4b4693db6accf82510ce - - a1039bfcde3949f9a95960cf040dfe23 a1039bfcde3949f9a95960cf040dfe23] 199.204.45.169 "GET /allocations/a3dc5e54-fced-4cdd-b895-761509b5099b" status: 200 len: 258 microversion: 1.28 [pid: 6|app: 0|req: 503/997] 199.204.45.169 () {34 vars in 861 bytes} [Wed May 6 02:27:12 2026] GET /allocations/a3dc5e54-fced-4cdd-b895-761509b5099b => generated 258 bytes in 12 msecs (HTTP/1.1 200) 8 headers in 296 bytes (1 switches on core 0)
2026-05-06 02:27:15.500 7 INFO placement.requestlog [req-c1bf0bf8-7667-40c5-9bad-7fff5b04b28f req-6f2e06fd-0715-4b1f-9fe6-0269bcce71ba c0723fe5e6464e6d95008f2ffbbb7ab5 175c2eee2c7c4b4693db6accf82510ce - - a1039bfcde3949f9a95960cf040dfe23 a1039bfcde3949f9a95960cf040dfe23] 10.0.0.239 "GET /allocation_candidates?limit=1000&resources=DISK_GB%3A1%2CMEMORY_MB%3A512%2CVCPU%3A1&root_required=%21COMPUTE_STATUS_DISABLED" status: 200 len: 2784 microversion: 1.36 [pid: 7|app: 0|req: 495/998] 10.0.0.239 () {34 vars in 1010 bytes} [Wed May 6 02:27:15 2026] GET /allocation_candidates?limit=1000&resources=DISK_GB%3A1%2CMEMORY_MB%3A512%2CVCPU%3A1&root_required=%21COMPUTE_STATUS_DISABLED => generated 2784 bytes in 54 msecs (HTTP/1.1 200) 8 headers in 297 bytes (1 switches on core 0)
2026-05-06 02:27:15.531 6 INFO placement.requestlog [req-c1bf0bf8-7667-40c5-9bad-7fff5b04b28f req-f12ce7f2-8367-47cd-b2ce-172a6ec200f2 c0723fe5e6464e6d95008f2ffbbb7ab5 175c2eee2c7c4b4693db6accf82510ce - - a1039bfcde3949f9a95960cf040dfe23 a1039bfcde3949f9a95960cf040dfe23] 10.0.0.239 "GET /allocations/edbc05bd-c36b-41ff-b11c-291c92b21e6f" status: 200 len: 19 microversion: 1.28 [pid: 6|app: 0|req: 504/999] 10.0.0.239 () {34 vars in 859 bytes} [Wed May 6 02:27:15 2026] GET /allocations/edbc05bd-c36b-41ff-b11c-291c92b21e6f => generated 19 bytes in 11 msecs (HTTP/1.1 200) 8 headers in 295 bytes (1 switches on core 0)
2026-05-06 02:27:15.597 7 INFO placement.requestlog [req-c1bf0bf8-7667-40c5-9bad-7fff5b04b28f req-269575ad-d9df-4a2f-92b5-dc581b5143b9 c0723fe5e6464e6d95008f2ffbbb7ab5 175c2eee2c7c4b4693db6accf82510ce - - a1039bfcde3949f9a95960cf040dfe23 a1039bfcde3949f9a95960cf040dfe23] 10.0.0.239 "PUT /allocations/edbc05bd-c36b-41ff-b11c-291c92b21e6f" status: 204 len: 0 microversion: 1.36 [pid: 7|app: 0|req: 496/1000] 10.0.0.239 () {38 vars in 912 bytes} [Wed May 6 02:27:15 2026] PUT /allocations/edbc05bd-c36b-41ff-b11c-291c92b21e6f => generated 0 bytes in 60 msecs (HTTP/1.1 204) 5 headers in 199 bytes (1 switches on core 0)
2026-05-06 02:27:17.091 6 INFO placement.requestlog [req-c1bf0bf8-7667-40c5-9bad-7fff5b04b28f req-346e3773-c070-47d8-8be1-fbb0d9d79fc3 c0723fe5e6464e6d95008f2ffbbb7ab5 175c2eee2c7c4b4693db6accf82510ce - - a1039bfcde3949f9a95960cf040dfe23 a1039bfcde3949f9a95960cf040dfe23] 199.204.45.169 "GET /allocations/edbc05bd-c36b-41ff-b11c-291c92b21e6f" status: 200 len: 258 microversion: 1.28 [pid: 6|app: 0|req: 505/1001] 199.204.45.169 () {34 vars in 861 bytes} [Wed May 6 02:27:17 2026] GET /allocations/edbc05bd-c36b-41ff-b11c-291c92b21e6f => generated 258 bytes in 14 msecs (HTTP/1.1 200) 8 headers in 296 bytes (1 switches on core 0)
2026-05-06 02:27:17.317 6 INFO placement.requestlog [None req-165fe342-66d1-4fa4-af94-1e21336e7cda - - - - - -] 10.0.0.218 "GET /" status: 200 len: 136 microversion: 1.0
2026-05-06 02:27:17.317 7 INFO placement.requestlog [None req-a034095b-40e5-47ab-8e43-eb6dc562a44f - - - - - -] 10.0.0.218 "GET /" status: 200 len: 136 microversion: 1.0
2026-05-06 02:27:18.153 6 INFO placement.requestlog [req-c1bf0bf8-7667-40c5-9bad-7fff5b04b28f req-ce3ecef3-a2b0-4c38-8a70-c588102744e9 c0723fe5e6464e6d95008f2ffbbb7ab5 175c2eee2c7c4b4693db6accf82510ce - - a1039bfcde3949f9a95960cf040dfe23 a1039bfcde3949f9a95960cf040dfe23] 199.204.45.169 "GET /resource_providers/9c3f5422-fbd0-463a-a8e7-e2462ff12109/allocations" status: 200 len: 453 microversion: 1.0 [pid: 6|app: 0|req: 507/1004] 199.204.45.169 () {32 vars in 855 bytes} [Wed May 6 02:27:18 2026] GET /resource_providers/9c3f5422-fbd0-463a-a8e7-e2462ff12109/allocations => generated 453 bytes in 27 msecs (HTTP/1.1 200) 6 headers in 224 bytes (1 switches on core 0)
2026-05-06 02:27:18.173 6 INFO placement.requestlog [req-c1bf0bf8-7667-40c5-9bad-7fff5b04b28f req-b648840f-d1e4-4b8f-8d88-f366413bba1f c0723fe5e6464e6d95008f2ffbbb7ab5 175c2eee2c7c4b4693db6accf82510ce - - a1039bfcde3949f9a95960cf040dfe23 a1039bfcde3949f9a95960cf040dfe23] 199.204.45.169 "GET /allocations/edbc05bd-c36b-41ff-b11c-291c92b21e6f" status: 200 len: 258 microversion: 1.28 [pid: 6|app: 0|req: 508/1005] 199.204.45.169 () {34 vars in 861 bytes} [Wed May 6 02:27:18 2026] GET /allocations/edbc05bd-c36b-41ff-b11c-291c92b21e6f => generated 258 bytes in 12 msecs (HTTP/1.1 200) 8 headers in 296 bytes (1 switches on core 0)
2026-05-06 02:27:18.183 7 INFO placement.requestlog [req-be88747e-d06d-4559-bc76-d21b1fd155e7 req-9dacbc64-415b-43b6-a4ff-f4882bb96ec8 c0723fe5e6464e6d95008f2ffbbb7ab5 175c2eee2c7c4b4693db6accf82510ce - - a1039bfcde3949f9a95960cf040dfe23 a1039bfcde3949f9a95960cf040dfe23] 10.0.0.239 "GET /allocation_candidates?limit=1000&resources=DISK_GB%3A1%2CMEMORY_MB%3A512%2CVCPU%3A1&root_required=%21COMPUTE_STATUS_DISABLED" status: 200 len: 2784 microversion: 1.36 [pid: 7|app: 0|req: 498/1006] 10.0.0.239 () {34 vars in 1010 bytes} [Wed May 6 02:27:18 2026] GET /allocation_candidates?limit=1000&resources=DISK_GB%3A1%2CMEMORY_MB%3A512%2CVCPU%3A1&root_required=%21COMPUTE_STATUS_DISABLED => generated 2784 bytes in 57 msecs (HTTP/1.1 200) 8 headers in 297 bytes (1 switches on core 0)
2026-05-06 02:27:18.198 6 INFO placement.requestlog [req-c1bf0bf8-7667-40c5-9bad-7fff5b04b28f req-ad52a7e4-2c4d-4a11-9304-145e1627b274 c0723fe5e6464e6d95008f2ffbbb7ab5 175c2eee2c7c4b4693db6accf82510ce - - a1039bfcde3949f9a95960cf040dfe23 a1039bfcde3949f9a95960cf040dfe23] 199.204.45.169 "GET /allocations/0e5cabab-c90c-497f-afaa-3c61183b2f6f" status: 200 len: 258 microversion: 1.28 [pid: 6|app: 0|req: 509/1007] 199.204.45.169 () {34 vars in 861 bytes} [Wed May 6 02:27:18 2026] GET /allocations/0e5cabab-c90c-497f-afaa-3c61183b2f6f => generated 258 bytes in 17 msecs (HTTP/1.1 200) 8 headers in 296 bytes (1 switches on core 0)
