2026-04-14 13:13:08.785 13 ERROR oslo_messaging.rpc.server
File "/var/lib/openstack/lib/python3.12/site-packages/oslo_db/api.py", line 144, in wrapper
2026-04-14 13:13:08.785 13 ERROR oslo_messaging.rpc.server with excutils.save_and_reraise_exception() as ectxt:
2026-04-14 13:13:08.785 13 ERROR oslo_messaging.rpc.server
File "/var/lib/openstack/lib/python3.12/site-packages/oslo_utils/excutils.py", line 227, in __exit__
2026-04-14 13:13:08.785 13 ERROR oslo_messaging.rpc.server self.force_reraise()
2026-04-14 13:13:08.785 13 ERROR oslo_messaging.rpc.server
File "/var/lib/openstack/lib/python3.12/site-packages/oslo_utils/excutils.py", line 200, in force_reraise
2026-04-14 13:13:08.785 13 ERROR oslo_messaging.rpc.server raise self.value
2026-04-14 13:13:08.785 13 ERROR oslo_messaging.rpc.server
File "/var/lib/openstack/lib/python3.12/site-packages/oslo_db/api.py", line 142, in wrapper
2026-04-14 13:13:08.785 13 ERROR oslo_messaging.rpc.server return f(*args, **kwargs)
2026-04-14 13:13:08.785 13 ERROR oslo_messaging.rpc.server ^^^^^^^^^^^^^^^^^^
2026-04-14 13:13:08.785 13 ERROR oslo_messaging.rpc.server
File "/var/lib/openstack/lib/python3.12/site-packages/neutron_lib/db/api.py", line 183, in wrapped
2026-04-14 13:13:08.785 13 ERROR oslo_messaging.rpc.server with excutils.save_and_reraise_exception():
2026-04-14 13:13:08.785 13 ERROR oslo_messaging.rpc.server
File "/var/lib/openstack/lib/python3.12/site-packages/oslo_utils/excutils.py", line 227, in __exit__
2026-04-14 13:13:08.785 13 ERROR oslo_messaging.rpc.server self.force_reraise()
2026-04-14 13:13:08.785 13 ERROR oslo_messaging.rpc.server
File "/var/lib/openstack/lib/python3.12/site-packages/oslo_utils/excutils.py", line 200, in force_reraise
2026-04-14 13:13:08.785 13 ERROR oslo_messaging.rpc.server raise self.value
2026-04-14 13:13:08.785 13 ERROR oslo_messaging.rpc.server
File "/var/lib/openstack/lib/python3.12/site-packages/neutron_lib/db/api.py", line 181, in wrapped
2026-04-14 13:13:08.785 13 ERROR oslo_messaging.rpc.server return f(*dup_args, **dup_kwargs)
2026-04-14 13:13:08.785 13 ERROR oslo_messaging.rpc.server ^^^^^^^^^^^^^^^^^^^^^^^^^^
2026-04-14 13:13:08.785 13 ERROR oslo_messaging.rpc.server
File "/var/lib/openstack/lib/python3.12/site-packages/neutron/api/rpc/handlers/dhcp_rpc.py", line 340, in get_dhcp_port
2026-04-14 13:13:08.785 13 ERROR oslo_messaging.rpc.server return plugin.get_port(context, port_id)
2026-04-14 13:13:08.785 13 ERROR oslo_messaging.rpc.server ^^^^^^^^^^^^^^^^^^^^^^^^^^^^^^^^^
2026-04-14 13:13:08.785 13 ERROR oslo_messaging.rpc.server
File "/var/lib/openstack/lib/python3.12/site-packages/neutron_lib/db/api.py", line 223, in wrapped
2026-04-14 13:13:08.785 13 ERROR oslo_messaging.rpc.server return f_with_retry(*args, **kwargs,
2026-04-14 13:13:08.785 13 ERROR oslo_messaging.rpc.server ^^^^^^^^^^^^^^^^^^^^^^^^^^^^^
2026-04-14 13:13:08.785 13 ERROR oslo_messaging.rpc.server
File "/var/lib/openstack/lib/python3.12/site-packages/neutron_lib/db/api.py", line 137, in wrapped
2026-04-14 13:13:08.785 13 ERROR oslo_messaging.rpc.server with excutils.save_and_reraise_exception():
2026-04-14 13:13:08.785 13 ERROR oslo_messaging.rpc.server
File "/var/lib/openstack/lib/python3.12/site-packages/oslo_utils/excutils.py", line 227, in __exit__
2026-04-14 13:13:08.785 13 ERROR oslo_messaging.rpc.server self.force_reraise()
2026-04-14 13:13:08.785 13 ERROR oslo_messaging.rpc.server
File "/var/lib/openstack/lib/python3.12/site-packages/oslo_utils/excutils.py", line 200, in force_reraise
2026-04-14 13:13:08.785 13 ERROR oslo_messaging.rpc.server raise self.value
2026-04-14 13:13:08.785 13 ERROR oslo_messaging.rpc.server
File "/var/lib/openstack/lib/python3.12/site-packages/neutron_lib/db/api.py", line 135, in wrapped
2026-04-14 13:13:08.785 13 ERROR oslo_messaging.rpc.server return f(*args, **kwargs)
2026-04-14 13:13:08.785 13 ERROR oslo_messaging.rpc.server ^^^^^^^^^^^^^^^^^^
2026-04-14 13:13:08.785 13 ERROR oslo_messaging.rpc.server
File "/var/lib/openstack/lib/python3.12/site-packages/oslo_db/api.py", line 144, in wrapper
2026-04-14 13:13:08.785 13 ERROR oslo_messaging.rpc.server with excutils.save_and_reraise_exception() as ectxt:
2026-04-14 13:13:08.785 13 ERROR oslo_messaging.rpc.server
File "/var/lib/openstack/lib/python3.12/site-packages/oslo_utils/excutils.py", line 227, in __exit__
2026-04-14 13:13:08.785 13 ERROR oslo_messaging.rpc.server self.force_reraise()
2026-04-14 13:13:08.785 13 ERROR oslo_messaging.rpc.server
File "/var/lib/openstack/lib/python3.12/site-packages/oslo_utils/excutils.py", line 200, in force_reraise
2026-04-14 13:13:08.785 13 ERROR oslo_messaging.rpc.server raise self.value
2026-04-14 13:13:08.785 13 ERROR oslo_messaging.rpc.server
File "/var/lib/openstack/lib/python3.12/site-packages/oslo_db/api.py", line 142, in wrapper
2026-04-14 13:13:08.785 13 ERROR oslo_messaging.rpc.server return f(*args, **kwargs)
2026-04-14 13:13:08.785 13 ERROR oslo_messaging.rpc.server ^^^^^^^^^^^^^^^^^^
2026-04-14 13:13:08.785 13 ERROR oslo_messaging.rpc.server
File "/var/lib/openstack/lib/python3.12/site-packages/neutron_lib/db/api.py", line 183, in wrapped
2026-04-14 13:13:08.785 13 ERROR oslo_messaging.rpc.server with excutils.save_and_reraise_exception():
2026-04-14 13:13:08.785 13 ERROR oslo_messaging.rpc.server
File "/var/lib/openstack/lib/python3.12/site-packages/oslo_utils/excutils.py", line 227, in __exit__
2026-04-14 13:13:08.785 13 ERROR oslo_messaging.rpc.server self.force_reraise()
2026-04-14 13:13:08.785 13 ERROR oslo_messaging.rpc.server
File "/var/lib/openstack/lib/python3.12/site-packages/oslo_utils/excutils.py", line 200, in force_reraise
2026-04-14 13:13:08.785 13 ERROR oslo_messaging.rpc.server raise self.value
2026-04-14 13:13:08.785 13 ERROR oslo_messaging.rpc.server
File "/var/lib/openstack/lib/python3.12/site-packages/neutron_lib/db/api.py", line 181, in wrapped
2026-04-14 13:13:08.785 13 ERROR oslo_messaging.rpc.server return f(*dup_args, **dup_kwargs)
2026-04-14 13:13:08.785 13 ERROR oslo_messaging.rpc.server ^^^^^^^^^^^^^^^^^^^^^^^^^^
2026-04-14 13:13:08.785 13 ERROR oslo_messaging.rpc.server
File "/var/lib/openstack/lib/python3.12/site-packages/oslo_db/sqlalchemy/enginefacade.py", line 1183, in wrapper
2026-04-14 13:13:08.785 13 ERROR oslo_messaging.rpc.server return fn(*args, **kwargs)
2026-04-14 13:13:08.785 13 ERROR oslo_messaging.rpc.server ^^^^^^^^^^^^^^^^^^^
2026-04-14 13:13:08.785 13 ERROR oslo_messaging.rpc.server
File "/var/lib/openstack/lib/python3.12/site-packages/neutron/db/db_base_plugin_v2.py", line 1664, in get_port
2026-04-14 13:13:08.785 13 ERROR oslo_messaging.rpc.server port = self._get_port(context, id, lazy_fields=lazy_fields)
2026-04-14 13:13:08.785 13 ERROR oslo_messaging.rpc.server ^^^^^^^^^^^^^^^^^^^^^^^^^^^^^^^^^^^^^^^^^^^^^^^^^^^^
2026-04-14 13:13:08.785 13 ERROR oslo_messaging.rpc.server
File "/var/lib/openstack/lib/python3.12/site-packages/oslo_db/sqlalchemy/enginefacade.py", line 1183, in wrapper
2026-04-14 13:13:08.785 13 ERROR oslo_messaging.rpc.server return fn(*args, **kwargs)
2026-04-14 13:13:08.785 13 ERROR oslo_messaging.rpc.server ^^^^^^^^^^^^^^^^^^^
2026-04-14 13:13:08.785 13 ERROR oslo_messaging.rpc.server
File "/var/lib/openstack/lib/python3.12/site-packages/neutron/db/db_base_plugin_common.py", line 295, in _get_port
2026-04-14 13:13:08.785 13 ERROR oslo_messaging.rpc.server raise exceptions.PortNotFound(port_id=id)
2026-04-14 13:13:08.785 13 ERROR oslo_messaging.rpc.server neutron_lib.exceptions.PortNotFound: Port 4a845703-e345-45f7-b499-b2be23a20423 could not be found.
2026-04-14 13:13:08.785 13 ERROR oslo_messaging.rpc.server
2026-04-14 13:13:11.942 16 INFO neutron.plugins.ml2.plugin [None req-7bed3264-ebbe-4e5b-bd1a-c3abbe827e97 - - - - - -] Attempt 1 to provision port 4e9450b0-dfec-44ae-8a75-2bbaff73d585
2026-04-14 13:13:11.965 16 INFO neutron.plugins.ml2.plugin [None req-7bed3264-ebbe-4e5b-bd1a-c3abbe827e97 - - - - - -] Attempt 1 to provision port 498966e9-2df1-4677-9072-267f0c929b41
2026-04-14 13:13:12.329 16 INFO neutron.notifiers.nova [-] Nova event matching ['req-efdb690c-6f2d-47e7-b48c-860b5c33f78e'] response: {'server_uuid': 'd760deda-6cbd-49b3-8d8b-628ce2a1597c', 'name': 'network-vif-unplugged', 'status': 'completed', 'tag': '498966e9-2df1-4677-9072-267f0c929b41', 'code': 200}
2026-04-14 13:13:26.140 16 INFO neutron.plugins.ml2.plugin [None req-0f2e461d-f398-4709-beb0-522ef21538ee - - - - - -] Attempt 1 to provision port b482c5b9-6ae5-4447-926b-2cf6fba94ad9
2026-04-14 13:13:28.199 13 INFO neutron.plugins.ml2.plugin [None req-0f2e461d-f398-4709-beb0-522ef21538ee - - - - - -] Attempt 1 to provision port 14572ac9-b4fe-4359-9396-284dbd5906e3
2026-04-14 13:13:28.522 13 INFO neutron.plugins.ml2.plugin [None req-0f2e461d-f398-4709-beb0-522ef21538ee - - - - - -] Attempt 1 to provision port b482c5b9-6ae5-4447-926b-2cf6fba94ad9
2026-04-14 13:13:29.635 13 INFO neutron.plugins.ml2.plugin [None req-e1148db5-f49c-41b7-977e-661f5c51a510 - - - - - -] Attempt 1 to provision port b482c5b9-6ae5-4447-926b-2cf6fba94ad9
2026-04-14 13:13:29.717 13 INFO neutron.plugins.ml2.plugin [None req-e1148db5-f49c-41b7-977e-661f5c51a510 - - - - - -] Attempt 1 to provision port 48901aef-1a2e-444e-9291-585fe628a39e
2026-04-14 13:13:30.136 16 INFO neutron.plugins.ml2.plugin [None req-0f2e461d-f398-4709-beb0-522ef21538ee - - - - - -] Attempt 1 to provision port 14572ac9-b4fe-4359-9396-284dbd5906e3
2026-04-14 13:13:32.919 16 INFO neutron.plugins.ml2.plugin [None req-bf472c69-cff8-4ec7-b505-40911a79ae3e - - - - - -] Attempt 1 to provision port d872ee9f-416c-42c0-9f36-e9437e60a716
2026-04-14 13:13:34.147 13 INFO neutron.plugins.ml2.plugin [None req-0f2e461d-f398-4709-beb0-522ef21538ee - - - - - -] Attempt 1 to provision port 4dc9644f-693b-48a1-aec8-de2952aead6c
2026-04-14 13:13:36.116 16 INFO neutron.plugins.ml2.plugin [None req-0f2e461d-f398-4709-beb0-522ef21538ee - - - - - -] Attempt 1 to provision port 4dc9644f-693b-48a1-aec8-de2952aead6c
2026-04-14 13:13:36.876 16 INFO neutron.plugins.ml2.plugin [None req-c546a72e-edda-4a20-b509-a5a1cea5000d - - - - - -] Attempt 1 to provision port 48901aef-1a2e-444e-9291-585fe628a39e
2026-04-14 13:13:40.162 13 INFO neutron.plugins.ml2.plugin [None req-0f2e461d-f398-4709-beb0-522ef21538ee - - - - - -] Attempt 1 to provision port 388423da-122d-4b51-a758-9e39b21f94c9
2026-04-14 13:13:44.302 13 INFO neutron.plugins.ml2.plugin [None req-0f2e461d-f398-4709-beb0-522ef21538ee - - - - - -] Attempt 1 to provision port 536c3312-91ec-41c5-9152-851fa4ede5f8
2026-04-14 13:13:45.750 16 INFO neutron.plugins.ml2.plugin [None req-91a800eb-c6eb-4487-a045-755f5a56a416 - - - - - -] Attempt 1 to provision port 536c3312-91ec-41c5-9152-851fa4ede5f8
2026-04-14 13:13:45.809 16 INFO neutron.plugins.ml2.plugin [None req-91a800eb-c6eb-4487-a045-755f5a56a416 - - - - - -] Attempt 1 to provision port 2c544697-3b8e-4149-a1d4-10297d01b4a8
2026-04-14 13:13:47.346 13 INFO neutron.plugins.ml2.plugin [None req-0f2e461d-f398-4709-beb0-522ef21538ee - - - - - -] Attempt 1 to provision port 1de4044a-e10e-4327-80d8-df9e422a8b73
2026-04-14 13:13:47.441 13 INFO neutron.notifiers.nova [-] Nova event matching ['req-9757c4d1-be10-4e3b-9d9e-420005e0dd88'] response: {'server_uuid': 'ee7e3e96-3593-4a1b-9420-f53da30a908d', 'name': 'network-vif-plugged', 'status': 'completed', 'tag': '1de4044a-e10e-4327-80d8-df9e422a8b73', 'code': 200}
2026-04-14 13:13:47.696 13 INFO neutron.plugins.ml2.plugin [None req-0f2e461d-f398-4709-beb0-522ef21538ee - - - - - -] Attempt 1 to provision port 9c17ac97-c15d-4367-8c27-f4c922f8baf0
2026-04-14 13:13:48.037 13 INFO neutron.plugins.ml2.plugin [None req-0f2e461d-f398-4709-beb0-522ef21538ee - - - - - -] Attempt 1 to provision port 536c3312-91ec-41c5-9152-851fa4ede5f8
2026-04-14 13:13:48.589 13 INFO neutron.plugins.ml2.plugin [None req-0f2e461d-f398-4709-beb0-522ef21538ee - - - - - -] Attempt 1 to provision port d872ee9f-416c-42c0-9f36-e9437e60a716
2026-04-14 13:13:48.888 13 INFO neutron.plugins.ml2.plugin [None req-0f2e461d-f398-4709-beb0-522ef21538ee - - - - - -] Attempt 1 to provision port 1de4044a-e10e-4327-80d8-df9e422a8b73
2026-04-14 13:13:49.094 13 INFO neutron.plugins.ml2.plugin [None req-0f2e461d-f398-4709-beb0-522ef21538ee - - - - - -] Attempt 1 to provision port 48901aef-1a2e-444e-9291-585fe628a39e
2026-04-14 13:13:49.502 13 INFO neutron.notifiers.nova [-] Nova event matching ['req-714e770c-02b2-4fb8-ac5e-1d9601b9b56d'] response: {'server_uuid': 'e4be3d1e-91c1-4a8f-a732-66eba4925de5', 'name': 'network-vif-plugged', 'status': 'completed', 'tag': '9c17ac97-c15d-4367-8c27-f4c922f8baf0', 'code': 200}
2026-04-14 13:13:49.509 13 INFO neutron.plugins.ml2.plugin [None req-0f2e461d-f398-4709-beb0-522ef21538ee - - - - - -] Attempt 1 to provision port 9c17ac97-c15d-4367-8c27-f4c922f8baf0
2026-04-14 13:13:50.556 13 INFO neutron.plugins.ml2.plugin [None req-0f2e461d-f398-4709-beb0-522ef21538ee - - - - - -] Attempt 1 to provision port d872ee9f-416c-42c0-9f36-e9437e60a716
2026-04-14 13:13:50.691 13 INFO neutron.plugins.ml2.plugin [None req-0f2e461d-f398-4709-beb0-522ef21538ee - - - - - -] Attempt 1 to provision port b52cbab1-dff8-4c1e-946a-4942ac089f44
2026-04-14 13:13:50.941 13 INFO neutron.plugins.ml2.plugin [None req-0f2e461d-f398-4709-beb0-522ef21538ee - - - - - -] Attempt 1 to provision port 48901aef-1a2e-444e-9291-585fe628a39e
2026-04-14 13:13:51.124 13 INFO neutron.plugins.ml2.plugin [None req-0f2e461d-f398-4709-beb0-522ef21538ee - - - - - -] Attempt 1 to provision port 2c544697-3b8e-4149-a1d4-10297d01b4a8
2026-04-14 13:13:52.448 16 INFO neutron.plugins.ml2.plugin [None req-0f2e461d-f398-4709-beb0-522ef21538ee - - - - - -] Attempt 1 to provision port b52cbab1-dff8-4c1e-946a-4942ac089f44
2026-04-14 13:13:52.802 16 INFO neutron.plugins.ml2.plugin [None req-0f2e461d-f398-4709-beb0-522ef21538ee - - - - - -] Attempt 1 to provision port 2c544697-3b8e-4149-a1d4-10297d01b4a8
2026-04-14 13:13:54.735 13 INFO neutron.plugins.ml2.plugin [None req-227f0dc5-c957-4fe9-b411-d2ea4697ccb3 - - - - - -] Attempt 1 to provision port 9c17ac97-c15d-4367-8c27-f4c922f8baf0
2026-04-14 13:13:54.781 13 INFO neutron.plugins.ml2.plugin [None req-227f0dc5-c957-4fe9-b411-d2ea4697ccb3 - - - - - -] Attempt 1 to provision port 1de4044a-e10e-4327-80d8-df9e422a8b73
2026-04-14 13:13:54.826 13 INFO neutron.plugins.ml2.plugin [None req-227f0dc5-c957-4fe9-b411-d2ea4697ccb3 - - - - - -] Attempt 1 to provision port 536c3312-91ec-41c5-9152-851fa4ede5f8
2026-04-14 13:13:54.867 13 INFO neutron.plugins.ml2.plugin [None req-227f0dc5-c957-4fe9-b411-d2ea4697ccb3 - - - - - -] Attempt 1 to provision port 2c544697-3b8e-4149-a1d4-10297d01b4a8
2026-04-14 13:13:58.796 13 INFO neutron.plugins.ml2.plugin [None req-1bca455f-34c4-436a-bc5e-d3b815856caa - - - - - -] Attempt 1 to provision port 1de4044a-e10e-4327-80d8-df9e422a8b73
2026-04-14 13:13:58.846 13 INFO neutron.plugins.ml2.plugin [None req-1bca455f-34c4-436a-bc5e-d3b815856caa - - - - - -] Attempt 1 to provision port b52cbab1-dff8-4c1e-946a-4942ac089f44
2026-04-14 13:14:06.423 16 INFO neutron.plugins.ml2.plugin [None req-0f2e461d-f398-4709-beb0-522ef21538ee - - - - - -] Attempt 1 to provision port a21821d9-c0cd-4ffc-b9ca-6ab95dc5262f
2026-04-14 13:14:08.933 13 INFO neutron.plugins.ml2.plugin [None req-3d15181c-efa0-4d54-b3ec-7a36056494d1 - - - - - -] Attempt 1 to provision port 23019c76-187c-4a99-9e70-816a02dd66fe
2026-04-14 13:14:10.546 13 INFO neutron.plugins.ml2.plugin [None req-0f2e461d-f398-4709-beb0-522ef21538ee - - - - - -] Attempt 1 to provision port 4e1290bd-6cb9-4d8b-a828-fdfafd85059a
2026-04-14 13:14:12.552 16 INFO neutron.plugins.ml2.plugin [None req-0f2e461d-f398-4709-beb0-522ef21538ee - - - - - -] Attempt 1 to provision port f24de5e3-0fed-4458-a026-a50e558747a9
2026-04-14 13:14:12.944 16 INFO neutron.plugins.ml2.plugin [None req-0f2e461d-f398-4709-beb0-522ef21538ee - - - - - -] Attempt 1 to provision port a6a71b09-4eca-4609-a7ff-8e998501c85a
2026-04-14 13:14:13.356 16 INFO neutron.plugins.ml2.plugin [None req-0f2e461d-f398-4709-beb0-522ef21538ee - - - - - -] Attempt 1 to provision port 4e1290bd-6cb9-4d8b-a828-fdfafd85059a
2026-04-14 13:14:14.506 16 INFO neutron.plugins.ml2.plugin [None req-0f2e461d-f398-4709-beb0-522ef21538ee - - - - - -] Attempt 1 to provision port f24de5e3-0fed-4458-a026-a50e558747a9
2026-04-14 13:14:14.678 16 INFO neutron.plugins.ml2.plugin [None req-0f2e461d-f398-4709-beb0-522ef21538ee - - - - - -] Attempt 1 to provision port a6a71b09-4eca-4609-a7ff-8e998501c85a
2026-04-14 13:14:20.623 13 INFO neutron.plugins.ml2.plugin [None req-0f2e461d-f398-4709-beb0-522ef21538ee - - - - - -] Attempt 1 to provision port 935a5cc2-c559-4651-b44a-a8ef607f8c61
2026-04-14 13:14:23.014 16 INFO neutron.plugins.ml2.plugin [None req-0f2e461d-f398-4709-beb0-522ef21538ee - - - - - -] Attempt 1 to provision port 935a5cc2-c559-4651-b44a-a8ef607f8c61
2026-04-14 13:14:23.190 16 INFO neutron.plugins.ml2.plugin [None req-0f2e461d-f398-4709-beb0-522ef21538ee - - - - - -] Attempt 1 to provision port 574cfa96-0a7f-4058-8e3d-eb129c4bb8aa
2026-04-14 13:14:23.292 16 INFO neutron.notifiers.nova [-] Nova event matching ['req-7584a6bb-b316-4862-8cd4-34a1bebe9d4b'] response: {'server_uuid': '8d730f43-2a5b-4f4f-9b77-7c0753c8d471', 'name': 'network-vif-plugged', 'status': 'completed', 'tag': '574cfa96-0a7f-4058-8e3d-eb129c4bb8aa', 'code': 200}
2026-04-14 13:14:25.653 13 INFO neutron.plugins.ml2.plugin [None req-0f2e461d-f398-4709-beb0-522ef21538ee - - - - - -] Attempt 1 to provision port 574cfa96-0a7f-4058-8e3d-eb129c4bb8aa
2026-04-14 13:14:25.854 13 INFO neutron.plugins.ml2.plugin [None req-0f2e461d-f398-4709-beb0-522ef21538ee - - - - - -] Attempt 1 to provision port b684ae3e-7b89-441f-8cb8-4025b13a11df
2026-04-14 13:14:25.972 13 INFO neutron.notifiers.nova [-] Nova event matching ['req-c0eff3f4-a3d0-4967-9cc8-8744eb412227'] response: {'server_uuid': '641992d1-f985-404d-940e-646cd752bad0', 'name': 'network-vif-plugged', 'status': 'completed', 'tag': 'b684ae3e-7b89-441f-8cb8-4025b13a11df', 'code': 200}
2026-04-14 13:14:27.443 16 INFO neutron.plugins.ml2.plugin [None req-0f2e461d-f398-4709-beb0-522ef21538ee - - - - - -] Attempt 1 to provision port 1ed9f415-e431-416b-a0c1-e0d2a6367916
2026-04-14 13:14:27.631 16 INFO neutron.notifiers.nova [-] Nova event matching ['req-7ee04109-00f9-479b-b58f-fdf3cff2796e'] response: {'server_uuid': 'a9c53855-ac4c-41d7-969b-de12a21bb83c', 'name': 'network-vif-plugged', 'status': 'completed', 'tag': '1ed9f415-e431-416b-a0c1-e0d2a6367916', 'code': 200}
2026-04-14 13:14:28.035 16 INFO neutron.plugins.ml2.plugin [None req-0f2e461d-f398-4709-beb0-522ef21538ee - - - - - -] Attempt 1 to provision port b684ae3e-7b89-441f-8cb8-4025b13a11df
2026-04-14 13:14:28.316 16 INFO neutron.plugins.ml2.plugin [None req-a23a5990-ab1c-4690-9205-e8bea8478a72 - - - - - -] Attempt 1 to provision port b684ae3e-7b89-441f-8cb8-4025b13a11df
2026-04-14 13:14:28.387 16 INFO neutron.plugins.ml2.plugin [None req-a23a5990-ab1c-4690-9205-e8bea8478a72 - - - - - -] Attempt 1 to provision port afba2335-1eba-4df7-921a-3d4781848f59
2026-04-14 13:14:28.529 16 INFO neutron.plugins.ml2.plugin [None req-a23a5990-ab1c-4690-9205-e8bea8478a72 - - - - - -] Attempt 1 to provision port 935a5cc2-c559-4651-b44a-a8ef607f8c61
2026-04-14 13:14:28.577 16 INFO neutron.plugins.ml2.plugin [None req-a23a5990-ab1c-4690-9205-e8bea8478a72 - - - - - -] Attempt 1 to provision port 574cfa96-0a7f-4058-8e3d-eb129c4bb8aa
2026-04-14 13:14:28.624 16 INFO neutron.plugins.ml2.plugin [None req-a23a5990-ab1c-4690-9205-e8bea8478a72 - - - - - -] Attempt 1 to provision port ca8a03cf-9fcc-40d4-bd30-1f720b0d1598
2026-04-14 13:14:28.651 16 INFO neutron.plugins.ml2.plugin [None req-a23a5990-ab1c-4690-9205-e8bea8478a72 - - - - - -] Attempt 1 to provision port 8cf31921-aa59-4b6b-b2e3-17f78884305a
2026-04-14 13:14:28.675 16 INFO neutron.plugins.ml2.plugin [None req-a23a5990-ab1c-4690-9205-e8bea8478a72 - - - - - -] Attempt 1 to provision port a6a71b09-4eca-4609-a7ff-8e998501c85a
2026-04-14 13:14:28.806 13 INFO neutron.plugins.ml2.plugin [None req-0f2e461d-f398-4709-beb0-522ef21538ee - - - - - -] Attempt 1 to provision port 1ed9f415-e431-416b-a0c1-e0d2a6367916
2026-04-14 13:14:29.028 13 INFO neutron.plugins.ml2.plugin [None req-0f2e461d-f398-4709-beb0-522ef21538ee - - - - - -] Attempt 1 to provision port afba2335-1eba-4df7-921a-3d4781848f59
2026-04-14 13:14:29.221 13 INFO neutron.plugins.ml2.plugin [None req-0f2e461d-f398-4709-beb0-522ef21538ee - - - - - -] Attempt 1 to provision port 23019c76-187c-4a99-9e70-816a02dd66fe
2026-04-14 13:14:30.891 16 INFO neutron.plugins.ml2.plugin [None req-0f2e461d-f398-4709-beb0-522ef21538ee - - - - - -] Attempt 1 to provision port ca8a03cf-9fcc-40d4-bd30-1f720b0d1598
2026-04-14 13:14:31.051 13 INFO neutron.plugins.ml2.plugin [None req-b9210235-39cc-478d-ab4e-c2baf44f7400 - - - - - -] Attempt 1 to provision port 1ed9f415-e431-416b-a0c1-e0d2a6367916
2026-04-14 13:14:31.370 16 INFO neutron.plugins.ml2.plugin [None req-0f2e461d-f398-4709-beb0-522ef21538ee - - - - - -] Attempt 1 to provision port 23019c76-187c-4a99-9e70-816a02dd66fe
2026-04-14 13:14:31.548 16 INFO neutron.plugins.ml2.plugin [None req-0f2e461d-f398-4709-beb0-522ef21538ee - - - - - -] Attempt 1 to provision port 8cf31921-aa59-4b6b-b2e3-17f78884305a
2026-04-14 13:14:32.759 13 INFO neutron.plugins.ml2.plugin [None req-0f2e461d-f398-4709-beb0-522ef21538ee - - - - - -] Attempt 1 to provision port ca8a03cf-9fcc-40d4-bd30-1f720b0d1598
2026-04-14 13:14:32.901 13 INFO neutron.plugins.ml2.plugin [None req-0f2e461d-f398-4709-beb0-522ef21538ee - - - - - -] Attempt 1 to provision port 8cf31921-aa59-4b6b-b2e3-17f78884305a
2026-04-14 13:14:53.000 13 INFO neutron.notifiers.nova [-] Nova event matching ['req-83f31a12-e125-41df-9965-97f029fd1b8a'] response: {'server_uuid': '8d730f43-2a5b-4f4f-9b77-7c0753c8d471', 'name': 'network-vif-unplugged', 'status': 'completed', 'tag': '574cfa96-0a7f-4058-8e3d-eb129c4bb8aa', 'code': 200}
2026-04-14 13:14:57.312 13 INFO neutron.plugins.ml2.plugin [None req-0f2e461d-f398-4709-beb0-522ef21538ee - - - - - -] Attempt 1 to provision port 574cfa96-0a7f-4058-8e3d-eb129c4bb8aa
2026-04-14 13:14:57.430 13 INFO neutron.notifiers.nova [-] Nova event matching ['req-cef65fb6-7d87-4bbc-9624-c4a19815bf75'] response: {'server_uuid': '8d730f43-2a5b-4f4f-9b77-7c0753c8d471', 'name': 'network-vif-plugged', 'status': 'completed', 'tag': '574cfa96-0a7f-4058-8e3d-eb129c4bb8aa', 'code': 200}
2026-04-14 13:14:58.965 16 INFO neutron.plugins.ml2.plugin [None req-0f2e461d-f398-4709-beb0-522ef21538ee - - - - - -] Attempt 1 to provision port 574cfa96-0a7f-4058-8e3d-eb129c4bb8aa
2026-04-14 13:15:12.789 16 INFO neutron.plugins.ml2.plugin [None req-0f2e461d-f398-4709-beb0-522ef21538ee - - - - - -] Attempt 1 to provision port 33d8ab5a-a64b-4e09-8c55-831fea289b89
2026-04-14 13:15:12.841 13 INFO neutron.plugins.ml2.plugin [None req-3cfd18af-e3e3-4208-9032-dcf1aaa16aff - - - - - -] Attempt 1 to provision port 33d8ab5a-a64b-4e09-8c55-831fea289b89
2026-04-14 13:15:15.058 16 INFO neutron.plugins.ml2.plugin [None req-0f2e461d-f398-4709-beb0-522ef21538ee - - - - - -] Attempt 1 to provision port 1ca5efda-8ef3-4533-8d0b-ae7dbc83fc47
2026-04-14 13:15:15.414 16 INFO neutron.plugins.ml2.plugin [None req-0f2e461d-f398-4709-beb0-522ef21538ee - - - - - -] Attempt 1 to provision port 33d8ab5a-a64b-4e09-8c55-831fea289b89
2026-04-14 13:15:15.625 16 INFO neutron.plugins.ml2.plugin [None req-39200be4-b792-4c4e-9e85-21e9971718b7 - - - - - -] Attempt 1 to provision port 33d8ab5a-a64b-4e09-8c55-831fea289b89
2026-04-14 13:15:15.673 16 INFO neutron.plugins.ml2.plugin [None req-39200be4-b792-4c4e-9e85-21e9971718b7 - - - - - -] Attempt 1 to provision port a3f1a5d6-ce9e-452a-9105-e78c0dfa5e5f
2026-04-14 13:15:16.750 16 INFO neutron.plugins.ml2.plugin [None req-0f2e461d-f398-4709-beb0-522ef21538ee - - - - - -] Attempt 1 to provision port 1ca5efda-8ef3-4533-8d0b-ae7dbc83fc47
2026-04-14 13:15:18.806 16 INFO neutron.plugins.ml2.plugin [None req-0f2e461d-f398-4709-beb0-522ef21538ee - - - - - -] Attempt 1 to provision port 1d06b6e4-7185-4e44-99de-d853e4000aae
2026-04-14 13:15:19.263 16 INFO neutron.plugins.ml2.plugin [None req-0f2e461d-f398-4709-beb0-522ef21538ee - - - - - -] Attempt 1 to provision port 04d1c84d-9a56-4256-b4dc-3ffefa586cf2
2026-04-14 13:15:20.523 13 INFO neutron.plugins.ml2.plugin [None req-bac5f5e0-d1dc-4143-bf0a-86f63ba95c32 - - - - - -] Attempt 1 to provision port 1d06b6e4-7185-4e44-99de-d853e4000aae
2026-04-14 13:15:20.893 13 INFO neutron.plugins.ml2.plugin [None req-bac5f5e0-d1dc-4143-bf0a-86f63ba95c32 - - - - - -] Attempt 1 to provision port 81dfada7-667b-4a26-bc3b-bf383721eb49
2026-04-14 13:15:20.901 16 INFO neutron.plugins.ml2.plugin [None req-0f2e461d-f398-4709-beb0-522ef21538ee - - - - - -] Attempt 1 to provision port 1d06b6e4-7185-4e44-99de-d853e4000aae
2026-04-14 13:15:20.945 13 INFO neutron.plugins.ml2.plugin [None req-bac5f5e0-d1dc-4143-bf0a-86f63ba95c32 - - - - - -] Attempt 1 to provision port a3f1a5d6-ce9e-452a-9105-e78c0dfa5e5f
2026-04-14 13:15:21.146 16 INFO neutron.plugins.ml2.plugin [None req-0f2e461d-f398-4709-beb0-522ef21538ee - - - - - -] Attempt 1 to provision port 04d1c84d-9a56-4256-b4dc-3ffefa586cf2
2026-04-14 13:15:24.228 13 INFO neutron.plugins.ml2.plugin [None req-f4d73bb6-71cc-4b53-8841-335d91a92820 - - - - - -] Attempt 1 to provision port 1d06b6e4-7185-4e44-99de-d853e4000aae
2026-04-14 13:15:24.273 13 INFO neutron.plugins.ml2.plugin [None req-f4d73bb6-71cc-4b53-8841-335d91a92820 - - - - - -] Attempt 1 to provision port a3f1a5d6-ce9e-452a-9105-e78c0dfa5e5f
2026-04-14 13:15:24.297 13 INFO neutron.plugins.ml2.plugin [None req-f4d73bb6-71cc-4b53-8841-335d91a92820 - - - - - -] Attempt 1 to provision port 663ba422-067b-404d-bbaf-f281e72c11ca
2026-04-14 13:15:24.319 13 INFO neutron.plugins.ml2.plugin [None req-f4d73bb6-71cc-4b53-8841-335d91a92820 - - - - - -] Attempt 1 to provision port d04b1913-de95-4ed4-935a-bf0e6e47f45d
2026-04-14 13:15:29.121 13 INFO neutron.plugins.ml2.plugin [None req-0f2e461d-f398-4709-beb0-522ef21538ee - - - - - -] Attempt 1 to provision port 2299523a-572d-411c-a383-c18435fd9f15
2026-04-14 13:15:29.709 13 INFO neutron.plugins.ml2.plugin [None req-0f2e461d-f398-4709-beb0-522ef21538ee - - - - - -] Attempt 1 to provision port a02335f3-835d-4d61-b8d2-5c6ab01cf6c1
2026-04-14 13:15:30.971 13 INFO neutron.plugins.ml2.plugin [None req-0f2e461d-f398-4709-beb0-522ef21538ee - - - - - -] Attempt 1 to provision port 2299523a-572d-411c-a383-c18435fd9f15
2026-04-14 13:15:31.264 13 INFO neutron.plugins.ml2.plugin [None req-0f2e461d-f398-4709-beb0-522ef21538ee - - - - - -] Attempt 1 to provision port a02335f3-835d-4d61-b8d2-5c6ab01cf6c1
2026-04-14 13:15:33.874 13 INFO neutron.plugins.ml2.plugin [None req-0f2e461d-f398-4709-beb0-522ef21538ee - - - - - -] Attempt 1 to provision port 994b0483-9d5e-48df-a524-e959a8761aed
2026-04-14 13:15:33.982 13 INFO neutron.notifiers.nova [-] Nova event matching ['req-ccc2ed2e-dbba-4250-8861-539b574c7281'] response: {'server_uuid': '052e1747-2a16-402d-8091-ffa70300b309', 'name': 'network-vif-plugged', 'status': 'completed', 'tag': '994b0483-9d5e-48df-a524-e959a8761aed', 'code': 200}
2026-04-14 13:15:34.795 13 INFO neutron.plugins.ml2.plugin [None req-fc36ccd2-a7b1-4cae-8ba5-b95d85c19cfb - - - - - -] Attempt 1 to provision port 663ba422-067b-404d-bbaf-f281e72c11ca
2026-04-14 13:15:34.837 13 INFO neutron.plugins.ml2.plugin [None req-fc36ccd2-a7b1-4cae-8ba5-b95d85c19cfb - - - - - -] Attempt 1 to provision port b5321d22-b17d-4b13-accc-210d6adcea6e
2026-04-14 13:15:35.118 13 INFO neutron.plugins.ml2.plugin [None req-fc36ccd2-a7b1-4cae-8ba5-b95d85c19cfb - - - - - -] Attempt 1 to provision port a02335f3-835d-4d61-b8d2-5c6ab01cf6c1
2026-04-14 13:15:35.175 13 INFO neutron.plugins.ml2.plugin [None req-fc36ccd2-a7b1-4cae-8ba5-b95d85c19cfb - - - - - -] Attempt 1 to provision port 1476bb0c-c31e-41c1-a91a-58536c8796a2
2026-04-14 13:15:35.200 13 INFO neutron.plugins.ml2.plugin [None req-fc36ccd2-a7b1-4cae-8ba5-b95d85c19cfb - - - - - -] Attempt 1 to provision port 20afb984-6a82-44c7-97f9-21f20592a12a
2026-04-14 13:15:35.268 16 INFO neutron.plugins.ml2.plugin [None req-0f2e461d-f398-4709-beb0-522ef21538ee - - - - - -] Attempt 1 to provision port b5321d22-b17d-4b13-accc-210d6adcea6e
2026-04-14 13:15:35.601 16 INFO neutron.plugins.ml2.plugin [None req-0f2e461d-f398-4709-beb0-522ef21538ee - - - - - -] Attempt 1 to provision port 994b0483-9d5e-48df-a524-e959a8761aed
2026-04-14 13:15:37.338 13 INFO neutron.plugins.ml2.plugin [None req-0f2e461d-f398-4709-beb0-522ef21538ee - - - - - -] Attempt 1 to provision port b5321d22-b17d-4b13-accc-210d6adcea6e
2026-04-14 13:15:37.604 13 INFO neutron.plugins.ml2.plugin [None req-0f2e461d-f398-4709-beb0-522ef21538ee - - - - - -] Attempt 1 to provision port d04b1913-de95-4ed4-935a-bf0e6e47f45d
2026-04-14 13:15:37.861 13 INFO neutron.plugins.ml2.plugin [None req-0f2e461d-f398-4709-beb0-522ef21538ee - - - - - -] Attempt 1 to provision port 81dfada7-667b-4a26-bc3b-bf383721eb49
2026-04-14 13:15:38.119 13 INFO neutron.plugins.ml2.plugin [None req-0f2e461d-f398-4709-beb0-522ef21538ee - - - - - -] Attempt 1 to provision port a3f1a5d6-ce9e-452a-9105-e78c0dfa5e5f
2026-04-14 13:15:38.376 13 INFO neutron.plugins.ml2.plugin [None req-0f2e461d-f398-4709-beb0-522ef21538ee - - - - - -] Attempt 1 to provision port 663ba422-067b-404d-bbaf-f281e72c11ca
2026-04-14 13:15:39.196 16 INFO neutron.plugins.ml2.plugin [None req-0f2e461d-f398-4709-beb0-522ef21538ee - - - - - -] Attempt 1 to provision port 81dfada7-667b-4a26-bc3b-bf383721eb49
2026-04-14 13:15:39.333 16 INFO neutron.plugins.ml2.plugin [None req-0f2e461d-f398-4709-beb0-522ef21538ee - - - - - -] Attempt 1 to provision port a3f1a5d6-ce9e-452a-9105-e78c0dfa5e5f
2026-04-14 13:15:39.497 16 INFO neutron.plugins.ml2.plugin [None req-0f2e461d-f398-4709-beb0-522ef21538ee - - - - - -] Attempt 1 to provision port 663ba422-067b-404d-bbaf-f281e72c11ca
2026-04-14 13:15:39.657 16 INFO neutron.plugins.ml2.plugin [None req-0f2e461d-f398-4709-beb0-522ef21538ee - - - - - -] Attempt 1 to provision port d04b1913-de95-4ed4-935a-bf0e6e47f45d
2026-04-14 13:15:41.184 13 INFO neutron.plugins.ml2.plugin [None req-0f2e461d-f398-4709-beb0-522ef21538ee - - - - - -] Attempt 1 to provision port eb34d8a5-a464-4445-8c37-3f615b557fe4
2026-04-14 13:15:43.832 13 INFO neutron.plugins.ml2.plugin [None req-0f2e461d-f398-4709-beb0-522ef21538ee - - - - - -] Attempt 1 to provision port eb34d8a5-a464-4445-8c37-3f615b557fe4
2026-04-14 13:15:44.058 13 INFO neutron.plugins.ml2.plugin [None req-0f2e461d-f398-4709-beb0-522ef21538ee - - - - - -] Attempt 1 to provision port 06dd2a9e-3635-4f28-ad52-000f756aae61
2026-04-14 13:15:44.166 13 INFO neutron.notifiers.nova [-] Nova event matching ['req-30e8b9ca-e23b-402f-bce6-7928c6bbdf39'] response: {'server_uuid': '84f9a053-3e06-4dca-825c-abf0fac351a3', 'name': 'network-vif-plugged', 'status': 'completed', 'tag': '06dd2a9e-3635-4f28-ad52-000f756aae61', 'code': 200}
2026-04-14 13:15:45.180 16 INFO neutron.plugins.ml2.plugin [None req-0f2e461d-f398-4709-beb0-522ef21538ee - - - - - -] Attempt 1 to provision port 06dd2a9e-3635-4f28-ad52-000f756aae61
2026-04-14 13:15:47.257 16 INFO neutron.plugins.ml2.plugin [None req-0f2e461d-f398-4709-beb0-522ef21538ee - - - - - -] Attempt 1 to provision port 99027899-6297-49e9-8774-8a8dc6d8c077
2026-04-14 13:15:47.512 16 INFO neutron.plugins.ml2.plugin [None req-0f2e461d-f398-4709-beb0-522ef21538ee - - - - - -] Attempt 1 to provision port 1476bb0c-c31e-41c1-a91a-58536c8796a2
2026-04-14 13:15:47.704 16 INFO neutron.plugins.ml2.plugin [None req-0f2e461d-f398-4709-beb0-522ef21538ee - - - - - -] Attempt 1 to provision port 20afb984-6a82-44c7-97f9-21f20592a12a
2026-04-14 13:15:47.929 16 INFO neutron.plugins.ml2.plugin [None req-0f2e461d-f398-4709-beb0-522ef21538ee - - - - - -] Attempt 1 to provision port 75f0fa25-3c5c-45f2-8979-6308d28ea6e0
2026-04-14 13:15:48.191 16 INFO neutron.plugins.ml2.plugin [None req-9b6eeaec-ea1b-47a5-9aac-6248d0143b09 - - - - - -] Attempt 1 to provision port 663ba422-067b-404d-bbaf-f281e72c11ca
2026-04-14 13:15:48.233 16 INFO neutron.plugins.ml2.plugin [None req-9b6eeaec-ea1b-47a5-9aac-6248d0143b09 - - - - - -] Attempt 1 to provision port b5321d22-b17d-4b13-accc-210d6adcea6e
2026-04-14 13:15:48.286 16 INFO neutron.plugins.ml2.plugin [None req-9b6eeaec-ea1b-47a5-9aac-6248d0143b09 - - - - - -] Attempt 1 to provision port 994b0483-9d5e-48df-a524-e959a8761aed
2026-04-14 13:15:48.343 16 INFO neutron.plugins.ml2.plugin [None req-9b6eeaec-ea1b-47a5-9aac-6248d0143b09 - - - - - -] Attempt 1 to provision port a02335f3-835d-4d61-b8d2-5c6ab01cf6c1
2026-04-14 13:15:48.382 16 INFO neutron.plugins.ml2.plugin [None req-9b6eeaec-ea1b-47a5-9aac-6248d0143b09 - - - - - -] Attempt 1 to provision port 20afb984-6a82-44c7-97f9-21f20592a12a
2026-04-14 13:15:48.431 16 INFO neutron.plugins.ml2.plugin [None req-9b6eeaec-ea1b-47a5-9aac-6248d0143b09 - - - - - -] Attempt 1 to provision port eb34d8a5-a464-4445-8c37-3f615b557fe4
2026-04-14 13:15:48.492 16 INFO neutron.plugins.ml2.plugin [None req-9b6eeaec-ea1b-47a5-9aac-6248d0143b09 - - - - - -] Attempt 1 to provision port 75f0fa25-3c5c-45f2-8979-6308d28ea6e0
2026-04-14 13:15:48.540 16 INFO neutron.plugins.ml2.plugin [None req-9b6eeaec-ea1b-47a5-9aac-6248d0143b09 - - - - - -] Attempt 1 to provision port 1476bb0c-c31e-41c1-a91a-58536c8796a2
2026-04-14 13:15:48.599 16 INFO neutron.plugins.ml2.plugin [None req-9b6eeaec-ea1b-47a5-9aac-6248d0143b09 - - - - - -] Attempt 1 to provision port 06dd2a9e-3635-4f28-ad52-000f756aae61
2026-04-14 13:15:48.650 16 INFO neutron.plugins.ml2.plugin [None req-9b6eeaec-ea1b-47a5-9aac-6248d0143b09 - - - - - -] Attempt 1 to provision port 99027899-6297-49e9-8774-8a8dc6d8c077
2026-04-14 13:15:49.202 16 INFO neutron.plugins.ml2.plugin [None req-0f2e461d-f398-4709-beb0-522ef21538ee - - - - - -] Attempt 1 to provision port 99027899-6297-49e9-8774-8a8dc6d8c077
2026-04-14 13:15:49.382 16 INFO neutron.plugins.ml2.plugin [None req-0f2e461d-f398-4709-beb0-522ef21538ee - - - - - -] Attempt 1 to provision port 1476bb0c-c31e-41c1-a91a-58536c8796a2
2026-04-14 13:15:49.549 16 INFO neutron.plugins.ml2.plugin [None req-0f2e461d-f398-4709-beb0-522ef21538ee - - - - - -] Attempt 1 to provision port 20afb984-6a82-44c7-97f9-21f20592a12a
2026-04-14 13:15:49.748 16 INFO neutron.plugins.ml2.plugin [None req-0f2e461d-f398-4709-beb0-522ef21538ee - - - - - -] Attempt 1 to provision port 75f0fa25-3c5c-45f2-8979-6308d28ea6e0
2026-04-14 13:16:01.185 16 INFO neutron.plugins.ml2.plugin [None req-0f2e461d-f398-4709-beb0-522ef21538ee - - - - - -] Attempt 1 to provision port 89551514-a756-4a71-8f8d-2a215a5b6d39
2026-04-14 13:16:01.277 16 INFO neutron.notifiers.nova [-] Nova event matching ['req-3dd7de42-1b0a-4a7d-bb99-eb007351cb93'] response: {'server_uuid': '329e1229-41f9-4248-a363-4e08d870a9ad', 'name': 'network-vif-plugged', 'status': 'completed', 'tag': '89551514-a756-4a71-8f8d-2a215a5b6d39', 'code': 200}
2026-04-14 13:16:03.355 13 INFO neutron.plugins.ml2.plugin [None req-0f2e461d-f398-4709-beb0-522ef21538ee - - - - - -] Attempt 1 to provision port 77837ac3-35d6-4725-aa69-ecca8f3ba882
2026-04-14 13:16:03.773 13 INFO neutron.plugins.ml2.plugin [None req-0f2e461d-f398-4709-beb0-522ef21538ee - - - - - -] Attempt 1 to provision port 89551514-a756-4a71-8f8d-2a215a5b6d39
2026-04-14 13:16:06.140 13 INFO neutron.plugins.ml2.plugin [None req-496cfcf0-caa9-4f09-978b-171367ceaaf7 - - - - - -] Attempt 1 to provision port b5321d22-b17d-4b13-accc-210d6adcea6e
2026-04-14 13:16:06.223 13 INFO neutron.plugins.ml2.plugin [None req-496cfcf0-caa9-4f09-978b-171367ceaaf7 - - - - - -] Attempt 1 to provision port eb34d8a5-a464-4445-8c37-3f615b557fe4
2026-04-14 13:16:06.309 13 INFO neutron.plugins.ml2.plugin [None req-496cfcf0-caa9-4f09-978b-171367ceaaf7 - - - - - -] Attempt 1 to provision port 1476bb0c-c31e-41c1-a91a-58536c8796a2
2026-04-14 13:16:06.380 13 INFO neutron.plugins.ml2.plugin [None req-496cfcf0-caa9-4f09-978b-171367ceaaf7 - - - - - -] Attempt 1 to provision port 06dd2a9e-3635-4f28-ad52-000f756aae61
2026-04-14 13:16:06.452 13 INFO neutron.plugins.ml2.plugin [None req-496cfcf0-caa9-4f09-978b-171367ceaaf7 - - - - - -] Attempt 1 to provision port 99027899-6297-49e9-8774-8a8dc6d8c077
2026-04-14 13:16:12.042 16 INFO neutron.plugins.ml2.plugin [None req-cce6bd00-0813-4204-be1f-67d35f80cae3 - - - - - -] Attempt 1 to provision port 89551514-a756-4a71-8f8d-2a215a5b6d39
2026-04-14 13:16:33.690 16 INFO neutron.plugins.ml2.plugin [None req-31338e11-5163-48d9-9302-a6a603aa31d2 - - - - - -] Attempt 1 to provision port f878071d-1d75-49c3-93ee-f0b2d95377b1
2026-04-14 13:16:55.710 13 INFO neutron.plugins.ml2.plugin [None req-0f2e461d-f398-4709-beb0-522ef21538ee - - - - - -] Attempt 1 to provision port 1aba3898-f524-4065-9ce1-439de800c395
2026-04-14 13:16:55.792 13 INFO neutron.notifiers.nova [-] Nova event matching ['req-2a829807-1014-4abc-8930-eb90a0141e5f'] response: {'server_uuid': '8f7ecf12-026a-4477-a5a8-005f75e7ce4f', 'name': 'network-vif-plugged', 'status': 'completed', 'tag': '1aba3898-f524-4065-9ce1-439de800c395', 'code': 200}
2026-04-14 13:16:57.184 16 INFO neutron.plugins.ml2.plugin [None req-0f2e461d-f398-4709-beb0-522ef21538ee - - - - - -] Attempt 1 to provision port 1aba3898-f524-4065-9ce1-439de800c395
2026-04-14 13:17:36.438 16 INFO neutron.plugins.ml2.plugin [None req-0e5da875-f6d6-475b-9dea-8eecac2face9 - - - - - -] Attempt 1 to provision port b4cef27c-0897-43b5-bdfd-5c2fff51b1a7
2026-04-14 13:17:41.243 13 INFO neutron.plugins.ml2.plugin [None req-0f2e461d-f398-4709-beb0-522ef21538ee - - - - - -] Attempt 1 to provision port b4cef27c-0897-43b5-bdfd-5c2fff51b1a7
2026-04-14 13:17:41.358 13 INFO neutron.notifiers.nova [-] Nova event matching ['req-ab5dac40-5af2-4c41-aba6-05fd57f76026'] response: {'server_uuid': '8f7ecf12-026a-4477-a5a8-005f75e7ce4f', 'name': 'network-vif-plugged', 'status': 'completed', 'tag': 'b4cef27c-0897-43b5-bdfd-5c2fff51b1a7', 'code': 200}
2026-04-14 13:17:43.188 16 INFO neutron.plugins.ml2.plugin [None req-0f2e461d-f398-4709-beb0-522ef21538ee - - - - - -] Attempt 1 to provision port b4cef27c-0897-43b5-bdfd-5c2fff51b1a7
2026-04-14 13:17:45.211 13 INFO neutron.plugins.ml2.plugin [None req-0f2e461d-f398-4709-beb0-522ef21538ee - - - - - -] Attempt 1 to provision port b4cef27c-0897-43b5-bdfd-5c2fff51b1a7
2026-04-14 13:17:47.689 13 INFO neutron.plugins.ml2.plugin [None req-0f2e461d-f398-4709-beb0-522ef21538ee - - - - - -] Attempt 1 to provision port b4cef27c-0897-43b5-bdfd-5c2fff51b1a7
2026-04-14 13:18:10.717 13 INFO neutron.plugins.ml2.plugin [None req-552e8d4f-e1a3-413c-b6d2-5e2826a5bad6 - - - - - -] Attempt 1 to provision port 4d5f3994-4ab4-4393-8039-221facd921ac
2026-04-14 13:18:18.765 13 INFO neutron.plugins.ml2.plugin [None req-0f2e461d-f398-4709-beb0-522ef21538ee - - - - - -] Attempt 1 to provision port 4d5f3994-4ab4-4393-8039-221facd921ac
2026-04-14 13:18:18.871 13 INFO neutron.notifiers.nova [-] Nova event matching ['req-4c25fd6f-9e9c-4724-bf59-e71e30f8d741'] response: {'server_uuid': '8f7ecf12-026a-4477-a5a8-005f75e7ce4f', 'name': 'network-vif-plugged', 'status': 'completed', 'tag': '4d5f3994-4ab4-4393-8039-221facd921ac', 'code': 200}
2026-04-14 13:18:19.382 16 INFO neutron.plugins.ml2.plugin [None req-0f2e461d-f398-4709-beb0-522ef21538ee - - - - - -] Attempt 1 to provision port 4d5f3994-4ab4-4393-8039-221facd921ac
2026-04-14 13:18:30.041 16 INFO neutron.plugins.ml2.plugin [None req-f2e820c7-89c2-4170-8321-3d97a2e65539 - - - - - -] Attempt 1 to provision port 0fc82841-c59a-48d0-a698-71dbb59648cc
2026-04-14 13:18:37.421 13 INFO neutron.plugins.ml2.plugin [None req-0f2e461d-f398-4709-beb0-522ef21538ee - - - - - -] Attempt 1 to provision port 0fc82841-c59a-48d0-a698-71dbb59648cc
2026-04-14 13:18:37.526 13 INFO neutron.notifiers.nova [-] Nova event matching ['req-05cca85a-0f93-41fc-98e6-408e837496df'] response: {'server_uuid': '8f7ecf12-026a-4477-a5a8-005f75e7ce4f', 'name': 'network-vif-plugged', 'status': 'completed', 'tag': '0fc82841-c59a-48d0-a698-71dbb59648cc', 'code': 200}
2026-04-14 13:18:39.386 16 INFO neutron.plugins.ml2.plugin [None req-0f2e461d-f398-4709-beb0-522ef21538ee - - - - - -] Attempt 1 to provision port 0fc82841-c59a-48d0-a698-71dbb59648cc
2026-04-14 13:18:40.444 16 INFO neutron.plugins.ml2.plugin [None req-30aceef7-e7fa-46c5-851f-80e5185a0159 - - - - - -] Attempt 1 to provision port 4d5f3994-4ab4-4393-8039-221facd921ac
2026-04-14 13:18:41.387 13 INFO neutron.plugins.ml2.plugin [None req-0f2e461d-f398-4709-beb0-522ef21538ee - - - - - -] Attempt 1 to provision port 4d5f3994-4ab4-4393-8039-221facd921ac
2026-04-14 13:18:53.500 13 INFO neutron.plugins.ml2.plugin [None req-0f2e461d-f398-4709-beb0-522ef21538ee - - - - - -] Attempt 1 to provision port 0fc82841-c59a-48d0-a698-71dbb59648cc
2026-04-14 13:18:54.475 13 INFO neutron.plugins.ml2.plugin [None req-b4ea15d8-6cfa-4ac8-840d-a9920cf1fd77 - - - - - -] Attempt 1 to provision port 0fc82841-c59a-48d0-a698-71dbb59648cc
2026-04-14 13:19:04.319 13 INFO neutron.plugins.ml2.plugin [None req-7fa56a01-5191-4408-b469-72c69b2cd1bf - - - - - -] Attempt 1 to provision port 4d5f3994-4ab4-4393-8039-221facd921ac
2026-04-14 13:19:05.426 16 INFO neutron.plugins.ml2.plugin [None req-0f2e461d-f398-4709-beb0-522ef21538ee - - - - - -] Attempt 1 to provision port 4d5f3994-4ab4-4393-8039-221facd921ac
2026-04-14 13:19:31.689 16 INFO neutron.notifiers.nova [-] Nova event matching ['req-5dc4163e-c346-49b4-8813-cdb501b088d3'] response: {'server_uuid': '8f7ecf12-026a-4477-a5a8-005f75e7ce4f', 'name': 'network-vif-unplugged', 'status': 'completed', 'tag': '1aba3898-f524-4065-9ce1-439de800c395', 'code': 200}
2026-04-14 13:19:47.547 16 INFO neutron.notifiers.nova [-] Nova event matching ['req-563d4949-bf3c-4730-a233-4272f7163ede'] response: {'server_uuid': '84f9a053-3e06-4dca-825c-abf0fac351a3', 'name': 'network-vif-unplugged', 'status': 'completed', 'tag': '06dd2a9e-3635-4f28-ad52-000f756aae61', 'code': 200}