May 20 22:03:21.250544 np0000175542 nova-scheduler[108290]: DEBUG cotyledon.oslo_config_glue [-] vnc.server_listen = 127.0.0.1 {{(pid=108290) log_opt_values /opt/stack/data/venv/lib/python3.12/site-packages/oslo_config/cfg.py:3256}}
May 20 22:03:21.250591 np0000175542 nova-scheduler[108290]: DEBUG cotyledon.oslo_config_glue [-] vnc.server_proxyclient_address = 127.0.0.1 {{(pid=108290) log_opt_values /opt/stack/data/venv/lib/python3.12/site-packages/oslo_config/cfg.py:3256}}
May 20 22:03:21.250631 np0000175542 nova-scheduler[108290]: DEBUG cotyledon.oslo_config_glue [-] vnc.vencrypt_ca_certs = None {{(pid=108290) log_opt_values /opt/stack/data/venv/lib/python3.12/site-packages/oslo_config/cfg.py:3256}}
May 20 22:03:21.250676 np0000175542 nova-scheduler[108290]: DEBUG cotyledon.oslo_config_glue [-] vnc.vencrypt_client_cert = None {{(pid=108290) log_opt_values /opt/stack/data/venv/lib/python3.12/site-packages/oslo_config/cfg.py:3256}}
May 20 22:03:21.250705 np0000175542 nova-scheduler[108290]: DEBUG cotyledon.oslo_config_glue [-] vnc.vencrypt_client_key = None {{(pid=108290) log_opt_values /opt/stack/data/venv/lib/python3.12/site-packages/oslo_config/cfg.py:3256}}
May 20 22:03:21.250774 np0000175542 nova-scheduler[108290]: DEBUG cotyledon.oslo_config_glue [-] workarounds.disable_compute_service_check_for_ffu = False {{(pid=108290) log_opt_values /opt/stack/data/venv/lib/python3.12/site-packages/oslo_config/cfg.py:3256}}
May 20 22:03:21.250920 np0000175542 nova-scheduler[108290]: DEBUG cotyledon.oslo_config_glue [-] workarounds.disable_deep_image_inspection = False {{(pid=108290) log_opt_values /opt/stack/data/venv/lib/python3.12/site-packages/oslo_config/cfg.py:3256}}
May 20 22:03:21.250953 np0000175542 nova-scheduler[108282]: DEBUG oslo_db.sqlalchemy.engines [None req-b9ea7931-9ac2-4261-bae6-aa588b4edcdc None None] MySQL server mode set to STRICT_TRANS_TABLES,STRICT_ALL_TABLES,NO_ZERO_IN_DATE,NO_ZERO_DATE,ERROR_FOR_DIVISION_BY_ZERO,TRADITIONAL,NO_ENGINE_SUBSTITUTION {{(pid=108282) _check_effective_sql_mode /opt/stack/data/venv/lib/python3.12/site-packages/oslo_db/sqlalchemy/engines.py:325}}
May 20 22:03:21.250984 np0000175542 nova-scheduler[108290]: DEBUG cotyledon.oslo_config_glue [-] workarounds.disable_fallback_pcpu_query = False {{(pid=108290) log_opt_values /opt/stack/data/venv/lib/python3.12/site-packages/oslo_config/cfg.py:3256}}
May 20 22:03:21.250984 np0000175542 nova-scheduler[108290]: DEBUG cotyledon.oslo_config_glue [-] workarounds.disable_group_policy_check_upcall = False {{(pid=108290) log_opt_values /opt/stack/data/venv/lib/python3.12/site-packages/oslo_config/cfg.py:3256}}
May 20 22:03:21.251028 np0000175542 nova-scheduler[108290]: DEBUG cotyledon.oslo_config_glue [-] workarounds.disable_libvirt_livesnapshot = False {{(pid=108290) log_opt_values /opt/stack/data/venv/lib/python3.12/site-packages/oslo_config/cfg.py:3256}}
May 20 22:03:21.251067 np0000175542 nova-scheduler[108290]: DEBUG cotyledon.oslo_config_glue [-] workarounds.disable_rootwrap = False {{(pid=108290) log_opt_values /opt/stack/data/venv/lib/python3.12/site-packages/oslo_config/cfg.py:3256}}
May 20 22:03:21.251108 np0000175542 nova-scheduler[108290]: DEBUG cotyledon.oslo_config_glue [-] workarounds.enable_numa_live_migration = False {{(pid=108290) log_opt_values /opt/stack/data/venv/lib/python3.12/site-packages/oslo_config/cfg.py:3256}}
May 20 22:03:21.251149 np0000175542 nova-scheduler[108290]: DEBUG cotyledon.oslo_config_glue [-] workarounds.enable_qemu_monitor_announce_self = False {{(pid=108290) log_opt_values /opt/stack/data/venv/lib/python3.12/site-packages/oslo_config/cfg.py:3256}}
May 20 22:03:21.251181 np0000175542 nova-scheduler[108290]: DEBUG cotyledon.oslo_config_glue [-] workarounds.ensure_libvirt_rbd_instance_dir_cleanup = False {{(pid=108290) log_opt_values /opt/stack/data/venv/lib/python3.12/site-packages/oslo_config/cfg.py:3256}}
May 20 22:03:21.251227 np0000175542 nova-scheduler[108290]: DEBUG cotyledon.oslo_config_glue [-] workarounds.handle_virt_lifecycle_events = True {{(pid=108290) log_opt_values /opt/stack/data/venv/lib/python3.12/site-packages/oslo_config/cfg.py:3256}}
May 20 22:03:21.251264 np0000175542 nova-scheduler[108290]: DEBUG cotyledon.oslo_config_glue [-] workarounds.libvirt_disable_apic = False {{(pid=108290) log_opt_values /opt/stack/data/venv/lib/python3.12/site-packages/oslo_config/cfg.py:3256}}
May 20 22:03:21.251302 np0000175542 nova-scheduler[108290]: DEBUG cotyledon.oslo_config_glue [-] workarounds.never_download_image_if_on_rbd = False {{(pid=108290) log_opt_values /opt/stack/data/venv/lib/python3.12/site-packages/oslo_config/cfg.py:3256}}
May 20 22:03:21.251342 np0000175542 nova-scheduler[108290]: DEBUG cotyledon.oslo_config_glue [-] workarounds.qemu_monitor_announce_self_count = 3 {{(pid=108290) log_opt_values /opt/stack/data/venv/lib/python3.12/site-packages/oslo_config/cfg.py:3256}}
May 20 22:03:21.251388 np0000175542 nova-scheduler[108290]: DEBUG cotyledon.oslo_config_glue [-] workarounds.qemu_monitor_announce_self_interval = 1 {{(pid=108290) log_opt_values /opt/stack/data/venv/lib/python3.12/site-packages/oslo_config/cfg.py:3256}}
May 20 22:03:21.251454 np0000175542 nova-scheduler[108290]: DEBUG cotyledon.oslo_config_glue [-] workarounds.reserve_disk_resource_for_image_cache = False {{(pid=108290) log_opt_values /opt/stack/data/venv/lib/python3.12/site-packages/oslo_config/cfg.py:3256}}
May 20 22:03:21.251454 np0000175542 nova-scheduler[108290]: DEBUG cotyledon.oslo_config_glue [-] workarounds.skip_cpu_compare_at_startup = False {{(pid=108290) log_opt_values /opt/stack/data/venv/lib/python3.12/site-packages/oslo_config/cfg.py:3256}}
May 20 22:03:21.251506 np0000175542 nova-scheduler[108290]: DEBUG cotyledon.oslo_config_glue [-] workarounds.skip_cpu_compare_on_dest = False {{(pid=108290) log_opt_values /opt/stack/data/venv/lib/python3.12/site-packages/oslo_config/cfg.py:3256}}
May 20 22:03:21.251544 np0000175542 nova-scheduler[108290]: DEBUG cotyledon.oslo_config_glue [-] workarounds.skip_hypervisor_version_check_on_lm = False {{(pid=108290) log_opt_values /opt/stack/data/venv/lib/python3.12/site-packages/oslo_config/cfg.py:3256}}
May 20 22:03:21.251572 np0000175542 nova-scheduler[108290]: DEBUG cotyledon.oslo_config_glue [-] workarounds.skip_reserve_in_use_ironic_nodes = False {{(pid=108290) log_opt_values /opt/stack/data/venv/lib/python3.12/site-packages/oslo_config/cfg.py:3256}}
May 20 22:03:21.251600 np0000175542 nova-scheduler[108290]: DEBUG cotyledon.oslo_config_glue [-] workarounds.unified_limits_count_pcpu_as_vcpu = False {{(pid=108290) log_opt_values /opt/stack/data/venv/lib/python3.12/site-packages/oslo_config/cfg.py:3256}}
May 20 22:03:21.251653 np0000175542 nova-scheduler[108290]: DEBUG cotyledon.oslo_config_glue [-] workarounds.wait_for_vif_plugged_event_during_hard_reboot = [] {{(pid=108290) log_opt_values /opt/stack/data/venv/lib/python3.12/site-packages/oslo_config/cfg.py:3256}}
May 20 22:03:21.251697 np0000175542 nova-scheduler[108290]: DEBUG cotyledon.oslo_config_glue [-] wsgi.api_paste_config = /etc/nova/api-paste.ini {{(pid=108290) log_opt_values /opt/stack/data/venv/lib/python3.12/site-packages/oslo_config/cfg.py:3256}}
May 20 22:03:21.251746 np0000175542 nova-scheduler[108290]: DEBUG cotyledon.oslo_config_glue [-] wsgi.secure_proxy_ssl_header = None {{(pid=108290) log_opt_values /opt/stack/data/venv/lib/python3.12/site-packages/oslo_config/cfg.py:3256}}
May 20 22:03:21.251808 np0000175542 nova-scheduler[108290]: DEBUG cotyledon.oslo_config_glue [-] zvm.ca_file = None {{(pid=108290) log_opt_values /opt/stack/data/venv/lib/python3.12/site-packages/oslo_config/cfg.py:3256}}
May 20 22:03:21.251842 np0000175542 nova-scheduler[108290]: DEBUG cotyledon.oslo_config_glue [-] zvm.cloud_connector_url = None {{(pid=108290) log_opt_values /opt/stack/data/venv/lib/python3.12/site-packages/oslo_config/cfg.py:3256}}
May 20 22:03:21.251906 np0000175542 nova-scheduler[108290]: DEBUG cotyledon.oslo_config_glue [-] zvm.image_tmp_path = /opt/stack/data/nova/images {{(pid=108290) log_opt_values /opt/stack/data/venv/lib/python3.12/site-packages/oslo_config/cfg.py:3256}}
May 20 22:03:21.251952 np0000175542 nova-scheduler[108290]: DEBUG cotyledon.oslo_config_glue [-] zvm.reachable_timeout = 300 {{(pid=108290) log_opt_values /opt/stack/data/venv/lib/python3.12/site-packages/oslo_config/cfg.py:3256}}
May 20 22:03:21.252005 np0000175542 nova-scheduler[108290]: DEBUG cotyledon.oslo_config_glue [-] oslo_versionedobjects.fatal_exception_format_errors = False {{(pid=108290) log_opt_values /opt/stack/data/venv/lib/python3.12/site-packages/oslo_config/cfg.py:3256}}
May 20 22:03:21.252072 np0000175542 nova-scheduler[108290]: DEBUG cotyledon.oslo_config_glue [-] oslo_middleware.http_basic_auth_user_file = /etc/htpasswd {{(pid=108290) log_opt_values /opt/stack/data/venv/lib/python3.12/site-packages/oslo_config/cfg.py:3256}}
May 20 22:03:21.252130 np0000175542 nova-scheduler[108290]: DEBUG cotyledon.oslo_config_glue [-] oslo_messaging_metrics.metrics_buffer_size = 1000 {{(pid=108290) log_opt_values /opt/stack/data/venv/lib/python3.12/site-packages/oslo_config/cfg.py:3256}}
May 20 22:03:21.252166 np0000175542 nova-scheduler[108290]: DEBUG cotyledon.oslo_config_glue [-] oslo_messaging_metrics.metrics_enabled = False {{(pid=108290) log_opt_values /opt/stack/data/venv/lib/python3.12/site-packages/oslo_config/cfg.py:3256}}
May 20 22:03:21.252215 np0000175542 nova-scheduler[108290]: DEBUG cotyledon.oslo_config_glue [-] oslo_messaging_metrics.metrics_process_name = {{(pid=108290) log_opt_values /opt/stack/data/venv/lib/python3.12/site-packages/oslo_config/cfg.py:3256}}
May 20 22:03:21.252263 np0000175542 nova-scheduler[108290]: DEBUG cotyledon.oslo_config_glue [-] oslo_messaging_metrics.metrics_socket_file = /var/tmp/metrics_collector.sock {{(pid=108290) log_opt_values /opt/stack/data/venv/lib/python3.12/site-packages/oslo_config/cfg.py:3256}}
May 20 22:03:21.252304 np0000175542 nova-scheduler[108290]: DEBUG cotyledon.oslo_config_glue [-] oslo_messaging_metrics.metrics_thread_stop_timeout = 10 {{(pid=108290) log_opt_values /opt/stack/data/venv/lib/python3.12/site-packages/oslo_config/cfg.py:3256}}
May 20 22:03:21.252361 np0000175542 nova-scheduler[108290]: DEBUG cotyledon.oslo_config_glue [-] profiler.connection_string = messaging:// {{(pid=108290) log_opt_values /opt/stack/data/venv/lib/python3.12/site-packages/oslo_config/cfg.py:3256}}
May 20 22:03:21.252402 np0000175542 nova-scheduler[108290]: DEBUG cotyledon.oslo_config_glue [-] profiler.enabled = False {{(pid=108290) log_opt_values /opt/stack/data/venv/lib/python3.12/site-packages/oslo_config/cfg.py:3256}}
May 20 22:03:21.252436 np0000175542 nova-scheduler[108290]: DEBUG cotyledon.oslo_config_glue [-] profiler.es_doc_type = notification {{(pid=108290) log_opt_values /opt/stack/data/venv/lib/python3.12/site-packages/oslo_config/cfg.py:3256}}
May 20 22:03:21.252468 np0000175542 nova-scheduler[108272]: DEBUG nova.service [None req-fe290ead-fad7-4257-b6b5-3b4a392cd6d5 None None] Creating RPC server for service: nova-scheduler on topic: scheduler {{(pid=108272) start /opt/stack/nova/nova/service.py:195}}
May 20 22:03:21.252502 np0000175542 nova-scheduler[108290]: DEBUG cotyledon.oslo_config_glue [-] profiler.es_scroll_size = 10000 {{(pid=108290) log_opt_values /opt/stack/data/venv/lib/python3.12/site-packages/oslo_config/cfg.py:3256}}
May 20 22:03:21.252502 np0000175542 nova-scheduler[108290]: DEBUG cotyledon.oslo_config_glue [-] profiler.es_scroll_time = 2m {{(pid=108290) log_opt_values /opt/stack/data/venv/lib/python3.12/site-packages/oslo_config/cfg.py:3256}}
May 20 22:03:21.252561 np0000175542 nova-scheduler[108290]: DEBUG cotyledon.oslo_config_glue [-] profiler.filter_error_trace = False {{(pid=108290) log_opt_values /opt/stack/data/venv/lib/python3.12/site-packages/oslo_config/cfg.py:3256}}
May 20 22:03:21.252599 np0000175542 nova-scheduler[108290]: DEBUG cotyledon.oslo_config_glue [-] profiler.hmac_keys = **** {{(pid=108290) log_opt_values /opt/stack/data/venv/lib/python3.12/site-packages/oslo_config/cfg.py:3256}}
May 20 22:03:21.252632 np0000175542 nova-scheduler[108290]: DEBUG cotyledon.oslo_config_glue [-] profiler.sentinel_service_name = mymaster {{(pid=108290) log_opt_values /opt/stack/data/venv/lib/python3.12/site-packages/oslo_config/cfg.py:3256}}
May 20 22:03:21.252666 np0000175542 nova-scheduler[108290]: DEBUG cotyledon.oslo_config_glue [-] profiler.socket_timeout = 0.1 {{(pid=108290) log_opt_values /opt/stack/data/venv/lib/python3.12/site-packages/oslo_config/cfg.py:3256}}
May 20 22:03:21.252725 np0000175542 nova-scheduler[108290]: DEBUG cotyledon.oslo_config_glue [-] profiler.trace_requests = False {{(pid=108290) log_opt_values /opt/stack/data/venv/lib/python3.12/site-packages/oslo_config/cfg.py:3256}}
May 20 22:03:21.252762 np0000175542 nova-scheduler[108290]: DEBUG cotyledon.oslo_config_glue [-] profiler.trace_sqlalchemy = False {{(pid=108290) log_opt_values /opt/stack/data/venv/lib/python3.12/site-packages/oslo_config/cfg.py:3256}}
May 20 22:03:21.252796 np0000175542 nova-scheduler[108290]: DEBUG cotyledon.oslo_config_glue [-] profiler_jaeger.process_tags = {} {{(pid=108290) log_opt_values /opt/stack/data/venv/lib/python3.12/site-packages/oslo_config/cfg.py:3256}}
May 20 22:03:21.252838 np0000175542 nova-scheduler[108290]: DEBUG cotyledon.oslo_config_glue [-] profiler_jaeger.service_name_prefix = None {{(pid=108290) log_opt_values /opt/stack/data/venv/lib/python3.12/site-packages/oslo_config/cfg.py:3256}}
May 20 22:03:21.252884 np0000175542 nova-scheduler[108290]: DEBUG cotyledon.oslo_config_glue [-] profiler_otlp.service_name_prefix = None {{(pid=108290) log_opt_values /opt/stack/data/venv/lib/python3.12/site-packages/oslo_config/cfg.py:3256}}
May 20 22:03:21.252972 np0000175542 nova-scheduler[108290]: DEBUG cotyledon.oslo_config_glue [-] oslo_messaging_rabbit.amqp_auto_delete = False {{(pid=108290) log_opt_values /opt/stack/data/venv/lib/python3.12/site-packages/oslo_config/cfg.py:3256}}
May 20 22:03:21.253018 np0000175542 nova-scheduler[108290]: DEBUG cotyledon.oslo_config_glue [-] oslo_messaging_rabbit.amqp_durable_queues = False {{(pid=108290) log_opt_values /opt/stack/data/venv/lib/python3.12/site-packages/oslo_config/cfg.py:3256}}
May 20 22:03:21.253061 np0000175542 nova-scheduler[108290]: DEBUG cotyledon.oslo_config_glue [-] oslo_messaging_rabbit.conn_pool_min_size = 2 {{(pid=108290) log_opt_values /opt/stack/data/venv/lib/python3.12/site-packages/oslo_config/cfg.py:3256}}
May 20 22:03:21.253097 np0000175542 nova-scheduler[108290]: DEBUG cotyledon.oslo_config_glue [-] oslo_messaging_rabbit.conn_pool_ttl = 1200 {{(pid=108290) log_opt_values /opt/stack/data/venv/lib/python3.12/site-packages/oslo_config/cfg.py:3256}}
May 20 22:03:21.253144 np0000175542 nova-scheduler[108290]: DEBUG cotyledon.oslo_config_glue [-] oslo_messaging_rabbit.direct_mandatory_flag = True {{(pid=108290) log_opt_values /opt/stack/data/venv/lib/python3.12/site-packages/oslo_config/cfg.py:3256}}
May 20 22:03:21.253178 np0000175542 nova-scheduler[108290]: DEBUG cotyledon.oslo_config_glue [-] oslo_messaging_rabbit.enable_cancel_on_failover = False {{(pid=108290) log_opt_values /opt/stack/data/venv/lib/python3.12/site-packages/oslo_config/cfg.py:3256}}
May 20 22:03:21.253210 np0000175542 nova-scheduler[108290]: DEBUG cotyledon.oslo_config_glue [-] oslo_messaging_rabbit.heartbeat_rate = 3 {{(pid=108290) log_opt_values /opt/stack/data/venv/lib/python3.12/site-packages/oslo_config/cfg.py:3256}}
May 20 22:03:21.253243 np0000175542 nova-scheduler[108290]: DEBUG cotyledon.oslo_config_glue [-] oslo_messaging_rabbit.heartbeat_timeout_threshold = 60 {{(pid=108290) log_opt_values /opt/stack/data/venv/lib/python3.12/site-packages/oslo_config/cfg.py:3256}}
May 20 22:03:21.253298 np0000175542 nova-scheduler[108290]: DEBUG cotyledon.oslo_config_glue [-] oslo_messaging_rabbit.hostname = np0000175542 {{(pid=108290) log_opt_values /opt/stack/data/venv/lib/python3.12/site-packages/oslo_config/cfg.py:3256}}
May 20 22:03:21.253331 np0000175542 nova-scheduler[108290]: DEBUG cotyledon.oslo_config_glue [-] oslo_messaging_rabbit.kombu_compression = None {{(pid=108290) log_opt_values /opt/stack/data/venv/lib/python3.12/site-packages/oslo_config/cfg.py:3256}}
May 20 22:03:21.253387 np0000175542 nova-scheduler[108290]: DEBUG cotyledon.oslo_config_glue [-] oslo_messaging_rabbit.kombu_failover_strategy = round-robin {{(pid=108290) log_opt_values /opt/stack/data/venv/lib/python3.12/site-packages/oslo_config/cfg.py:3256}}
May 20 22:03:21.253421 np0000175542 nova-scheduler[108290]: DEBUG cotyledon.oslo_config_glue [-] oslo_messaging_rabbit.kombu_missing_consumer_retry_timeout = 60 {{(pid=108290) log_opt_values /opt/stack/data/venv/lib/python3.12/site-packages/oslo_config/cfg.py:3256}}
May 20 22:03:21.253475 np0000175542 nova-scheduler[108290]: DEBUG cotyledon.oslo_config_glue [-] oslo_messaging_rabbit.kombu_reconnect_delay = 1.0 {{(pid=108290) log_opt_values /opt/stack/data/venv/lib/python3.12/site-packages/oslo_config/cfg.py:3256}}
May 20 22:03:21.253517 np0000175542 nova-scheduler[108290]: DEBUG cotyledon.oslo_config_glue [-] oslo_messaging_rabbit.kombu_reconnect_splay = 0.0 {{(pid=108290) log_opt_values /opt/stack/data/venv/lib/python3.12/site-packages/oslo_config/cfg.py:3256}}
May 20 22:03:21.253568 np0000175542 nova-scheduler[108290]: DEBUG cotyledon.oslo_config_glue [-] oslo_messaging_rabbit.processname = nova-scheduler {{(pid=108290) log_opt_values /opt/stack/data/venv/lib/python3.12/site-packages/oslo_config/cfg.py:3256}}
May 20 22:03:21.253612 np0000175542 nova-scheduler[108290]: DEBUG cotyledon.oslo_config_glue [-] oslo_messaging_rabbit.rabbit_ha_queues = False {{(pid=108290) log_opt_values /opt/stack/data/venv/lib/python3.12/site-packages/oslo_config/cfg.py:3256}}
May 20 22:03:21.253645 np0000175542 nova-scheduler[108290]: DEBUG cotyledon.oslo_config_glue [-] oslo_messaging_rabbit.rabbit_interval_max = 30 {{(pid=108290) log_opt_values /opt/stack/data/venv/lib/python3.12/site-packages/oslo_config/cfg.py:3256}}
May 20 22:03:21.253679 np0000175542 nova-scheduler[108290]: DEBUG cotyledon.oslo_config_glue [-] oslo_messaging_rabbit.rabbit_login_method = AMQPLAIN {{(pid=108290) log_opt_values /opt/stack/data/venv/lib/python3.12/site-packages/oslo_config/cfg.py:3256}}
May 20 22:03:21.253728 np0000175542 nova-scheduler[108290]: DEBUG cotyledon.oslo_config_glue [-] oslo_messaging_rabbit.rabbit_qos_prefetch_count = 0 {{(pid=108290) log_opt_values /opt/stack/data/venv/lib/python3.12/site-packages/oslo_config/cfg.py:3256}}
May 20 22:03:21.253783 np0000175542 nova-scheduler[108290]: DEBUG cotyledon.oslo_config_glue [-] oslo_messaging_rabbit.rabbit_quorum_delivery_limit = 0 {{(pid=108290) log_opt_values /opt/stack/data/venv/lib/python3.12/site-packages/oslo_config/cfg.py:3256}}
May 20 22:03:21.253817 np0000175542 nova-scheduler[108290]: DEBUG cotyledon.oslo_config_glue [-] oslo_messaging_rabbit.rabbit_quorum_max_memory_bytes = 0 {{(pid=108290) log_opt_values /opt/stack/data/venv/lib/python3.12/site-packages/oslo_config/cfg.py:3256}}
May 20 22:03:21.253864 np0000175542 nova-scheduler[108290]: DEBUG cotyledon.oslo_config_glue [-] oslo_messaging_rabbit.rabbit_quorum_max_memory_length = 0 {{(pid=108290) log_opt_values /opt/stack/data/venv/lib/python3.12/site-packages/oslo_config/cfg.py:3256}}
May 20 22:03:21.253897 np0000175542 nova-scheduler[108290]: DEBUG cotyledon.oslo_config_glue [-] oslo_messaging_rabbit.rabbit_quorum_queue = False {{(pid=108290) log_opt_values /opt/stack/data/venv/lib/python3.12/site-packages/oslo_config/cfg.py:3256}}
May 20 22:03:21.253930 np0000175542 nova-scheduler[108290]: DEBUG cotyledon.oslo_config_glue [-] oslo_messaging_rabbit.rabbit_retry_backoff = 2 {{(pid=108290) log_opt_values /opt/stack/data/venv/lib/python3.12/site-packages/oslo_config/cfg.py:3256}}
May 20 22:03:21.253962 np0000175542 nova-scheduler[108290]: DEBUG cotyledon.oslo_config_glue [-] oslo_messaging_rabbit.rabbit_retry_interval = 1 {{(pid=108290) log_opt_values /opt/stack/data/venv/lib/python3.12/site-packages/oslo_config/cfg.py:3256}}
May 20 22:03:21.254022 np0000175542 nova-scheduler[108290]: DEBUG cotyledon.oslo_config_glue [-] oslo_messaging_rabbit.rabbit_stream_fanout = False {{(pid=108290) log_opt_values /opt/stack/data/venv/lib/python3.12/site-packages/oslo_config/cfg.py:3256}}
May 20 22:03:21.254058 np0000175542 nova-scheduler[108290]: DEBUG cotyledon.oslo_config_glue [-] oslo_messaging_rabbit.rabbit_transient_queues_ttl = 1800 {{(pid=108290) log_opt_values /opt/stack/data/venv/lib/python3.12/site-packages/oslo_config/cfg.py:3256}}
May 20 22:03:21.254090 np0000175542 nova-scheduler[108290]: DEBUG cotyledon.oslo_config_glue [-] oslo_messaging_rabbit.rabbit_transient_quorum_queue = False {{(pid=108290) log_opt_values /opt/stack/data/venv/lib/python3.12/site-packages/oslo_config/cfg.py:3256}}
May 20 22:03:21.254123 np0000175542 nova-scheduler[108290]: DEBUG cotyledon.oslo_config_glue [-] oslo_messaging_rabbit.rpc_conn_pool_size = 30 {{(pid=108290) log_opt_values /opt/stack/data/venv/lib/python3.12/site-packages/oslo_config/cfg.py:3256}}
May 20 22:03:21.254174 np0000175542 nova-scheduler[108290]: DEBUG cotyledon.oslo_config_glue [-] oslo_messaging_rabbit.ssl = False {{(pid=108290) log_opt_values /opt/stack/data/venv/lib/python3.12/site-packages/oslo_config/cfg.py:3256}}
May 20 22:03:21.254220 np0000175542 nova-scheduler[108290]: DEBUG cotyledon.oslo_config_glue [-] oslo_messaging_rabbit.ssl_ca_file = {{(pid=108290) log_opt_values /opt/stack/data/venv/lib/python3.12/site-packages/oslo_config/cfg.py:3256}}
May 20 22:03:21.254252 np0000175542 nova-scheduler[108290]: DEBUG cotyledon.oslo_config_glue [-] oslo_messaging_rabbit.ssl_cert_file = {{(pid=108290) log_opt_values /opt/stack/data/venv/lib/python3.12/site-packages/oslo_config/cfg.py:3256}}
May 20 22:03:21.254290 np0000175542 nova-scheduler[108290]: DEBUG cotyledon.oslo_config_glue [-] oslo_messaging_rabbit.ssl_enforce_fips_mode = False {{(pid=108290) log_opt_values /opt/stack/data/venv/lib/python3.12/site-packages/oslo_config/cfg.py:3256}}
May 20 22:03:21.254323 np0000175542 nova-scheduler[108290]: DEBUG cotyledon.oslo_config_glue [-] oslo_messaging_rabbit.ssl_enforce_hostname_verification = True {{(pid=108290) log_opt_values /opt/stack/data/venv/lib/python3.12/site-packages/oslo_config/cfg.py:3256}}
May 20 22:03:21.254374 np0000175542 nova-scheduler[108290]: DEBUG cotyledon.oslo_config_glue [-] oslo_messaging_rabbit.ssl_key_file = {{(pid=108290) log_opt_values /opt/stack/data/venv/lib/python3.12/site-packages/oslo_config/cfg.py:3256}}
May 20 22:03:21.254409 np0000175542 nova-scheduler[108290]: DEBUG cotyledon.oslo_config_glue [-] oslo_messaging_rabbit.ssl_version = {{(pid=108290) log_opt_values /opt/stack/data/venv/lib/python3.12/site-packages/oslo_config/cfg.py:3256}}
May 20 22:03:21.254466 np0000175542 nova-scheduler[108290]: DEBUG cotyledon.oslo_config_glue [-] oslo_messaging_rabbit.use_queue_manager = False {{(pid=108290) log_opt_values /opt/stack/data/venv/lib/python3.12/site-packages/oslo_config/cfg.py:3256}}
May 20 22:03:21.254529 np0000175542 nova-scheduler[108290]: DEBUG cotyledon.oslo_config_glue [-] oslo_messaging_notifications.driver = ['messagingv2'] {{(pid=108290) log_opt_values /opt/stack/data/venv/lib/python3.12/site-packages/oslo_config/cfg.py:3256}}
May 20 22:03:21.254563 np0000175542 nova-scheduler[108290]: DEBUG cotyledon.oslo_config_glue [-] oslo_messaging_notifications.retry = -1 {{(pid=108290) log_opt_values /opt/stack/data/venv/lib/python3.12/site-packages/oslo_config/cfg.py:3256}}
May 20 22:03:21.254603 np0000175542 nova-scheduler[108290]: DEBUG cotyledon.oslo_config_glue [-] oslo_messaging_notifications.topics = ['notifications'] {{(pid=108290) log_opt_values /opt/stack/data/venv/lib/python3.12/site-packages/oslo_config/cfg.py:3256}}
May 20 22:03:21.254636 np0000175542 nova-scheduler[108290]: DEBUG cotyledon.oslo_config_glue [-] oslo_messaging_notifications.transport_url = **** {{(pid=108290) log_opt_values /opt/stack/data/venv/lib/python3.12/site-packages/oslo_config/cfg.py:3256}}
May 20 22:03:21.254704 np0000175542 nova-scheduler[108290]: DEBUG cotyledon.oslo_config_glue [-] oslo_limit.auth_section = None {{(pid=108290) log_opt_values /opt/stack/data/venv/lib/python3.12/site-packages/oslo_config/cfg.py:3256}}
May 20 22:03:21.254758 np0000175542 nova-scheduler[108290]: DEBUG cotyledon.oslo_config_glue [-] oslo_limit.auth_type = None {{(pid=108290) log_opt_values /opt/stack/data/venv/lib/python3.12/site-packages/oslo_config/cfg.py:3256}}
May 20 22:03:21.254791 np0000175542 nova-scheduler[108290]: DEBUG cotyledon.oslo_config_glue [-] oslo_limit.cafile = None {{(pid=108290) log_opt_values /opt/stack/data/venv/lib/python3.12/site-packages/oslo_config/cfg.py:3256}}
May 20 22:03:21.254848 np0000175542 nova-scheduler[108290]: DEBUG cotyledon.oslo_config_glue [-] oslo_limit.certfile = None {{(pid=108290) log_opt_values /opt/stack/data/venv/lib/python3.12/site-packages/oslo_config/cfg.py:3256}}
May 20 22:03:21.254882 np0000175542 nova-scheduler[108290]: DEBUG cotyledon.oslo_config_glue [-] oslo_limit.collect_timing = False {{(pid=108290) log_opt_values /opt/stack/data/venv/lib/python3.12/site-packages/oslo_config/cfg.py:3256}}
May 20 22:03:21.254916 np0000175542 nova-scheduler[108290]: DEBUG cotyledon.oslo_config_glue [-] oslo_limit.connect_retries = None {{(pid=108290) log_opt_values /opt/stack/data/venv/lib/python3.12/site-packages/oslo_config/cfg.py:3256}}
May 20 22:03:21.254948 np0000175542 nova-scheduler[108290]: DEBUG cotyledon.oslo_config_glue [-] oslo_limit.connect_retry_delay = None {{(pid=108290) log_opt_values /opt/stack/data/venv/lib/python3.12/site-packages/oslo_config/cfg.py:3256}}
May 20 22:03:21.254997 np0000175542 nova-scheduler[108290]: DEBUG cotyledon.oslo_config_glue [-] oslo_limit.endpoint_id = None {{(pid=108290) log_opt_values /opt/stack/data/venv/lib/python3.12/site-packages/oslo_config/cfg.py:3256}}
May 20 22:03:21.255080 np0000175542 nova-scheduler[108290]: DEBUG cotyledon.oslo_config_glue [-] oslo_limit.endpoint_interface = public {{(pid=108290) log_opt_values /opt/stack/data/venv/lib/python3.12/site-packages/oslo_config/cfg.py:3256}}
May 20 22:03:21.255135 np0000175542 nova-scheduler[108290]: DEBUG cotyledon.oslo_config_glue [-] oslo_limit.endpoint_override = None {{(pid=108290) log_opt_values /opt/stack/data/venv/lib/python3.12/site-packages/oslo_config/cfg.py:3256}}
May 20 22:03:21.255185 np0000175542 nova-scheduler[108290]: DEBUG cotyledon.oslo_config_glue [-] oslo_limit.endpoint_region_name = None {{(pid=108290) log_opt_values /opt/stack/data/venv/lib/python3.12/site-packages/oslo_config/cfg.py:3256}}
May 20 22:03:21.255250 np0000175542 nova-scheduler[108290]: DEBUG cotyledon.oslo_config_glue [-] oslo_limit.endpoint_service_name = None {{(pid=108290) log_opt_values /opt/stack/data/venv/lib/python3.12/site-packages/oslo_config/cfg.py:3256}}
May 20 22:03:21.255324 np0000175542 nova-scheduler[108290]: DEBUG cotyledon.oslo_config_glue [-] oslo_limit.endpoint_service_type = None {{(pid=108290) log_opt_values /opt/stack/data/venv/lib/python3.12/site-packages/oslo_config/cfg.py:3256}}
May 20 22:03:21.255359 np0000175542 nova-scheduler[108290]: DEBUG cotyledon.oslo_config_glue [-] oslo_limit.insecure = False {{(pid=108290) log_opt_values /opt/stack/data/venv/lib/python3.12/site-packages/oslo_config/cfg.py:3256}}
May 20 22:03:21.255403 np0000175542 nova-scheduler[108290]: DEBUG cotyledon.oslo_config_glue [-] oslo_limit.keyfile = None {{(pid=108290) log_opt_values /opt/stack/data/venv/lib/python3.12/site-packages/oslo_config/cfg.py:3256}}
May 20 22:03:21.255472 np0000175542 nova-scheduler[108290]: DEBUG cotyledon.oslo_config_glue [-] oslo_limit.max_version = None {{(pid=108290) log_opt_values /opt/stack/data/venv/lib/python3.12/site-packages/oslo_config/cfg.py:3256}}
May 20 22:03:21.255512 np0000175542 nova-scheduler[108290]: DEBUG cotyledon.oslo_config_glue [-] oslo_limit.min_version = None {{(pid=108290) log_opt_values /opt/stack/data/venv/lib/python3.12/site-packages/oslo_config/cfg.py:3256}}
May 20 22:03:21.255682 np0000175542 nova-scheduler[108290]: DEBUG cotyledon.oslo_config_glue [-] oslo_limit.region_name = None {{(pid=108290) log_opt_values /opt/stack/data/venv/lib/python3.12/site-packages/oslo_config/cfg.py:3256}}
May 20 22:03:21.255682 np0000175542 nova-scheduler[108290]: DEBUG cotyledon.oslo_config_glue [-] oslo_limit.retriable_status_codes = None {{(pid=108290) log_opt_values /opt/stack/data/venv/lib/python3.12/site-packages/oslo_config/cfg.py:3256}}
May 20 22:03:21.255682 np0000175542 nova-scheduler[108290]: DEBUG cotyledon.oslo_config_glue [-] oslo_limit.service_name = None {{(pid=108290) log_opt_values /opt/stack/data/venv/lib/python3.12/site-packages/oslo_config/cfg.py:3256}}
May 20 22:03:21.255829 np0000175542 nova-scheduler[108290]: DEBUG cotyledon.oslo_config_glue [-] oslo_limit.service_type = None {{(pid=108290) log_opt_values /opt/stack/data/venv/lib/python3.12/site-packages/oslo_config/cfg.py:3256}}
May 20 22:03:21.255829 np0000175542 nova-scheduler[108290]: DEBUG cotyledon.oslo_config_glue [-] oslo_limit.split_loggers = False {{(pid=108290) log_opt_values /opt/stack/data/venv/lib/python3.12/site-packages/oslo_config/cfg.py:3256}}
May 20 22:03:21.255829 np0000175542 nova-scheduler[108290]: DEBUG cotyledon.oslo_config_glue [-] oslo_limit.status_code_retries = None {{(pid=108290) log_opt_values /opt/stack/data/venv/lib/python3.12/site-packages/oslo_config/cfg.py:3256}}
May 20 22:03:21.255926 np0000175542 nova-scheduler[108290]: DEBUG cotyledon.oslo_config_glue [-] oslo_limit.status_code_retry_delay = None {{(pid=108290) log_opt_values /opt/stack/data/venv/lib/python3.12/site-packages/oslo_config/cfg.py:3256}}
May 20 22:03:21.255926 np0000175542 nova-scheduler[108290]: DEBUG cotyledon.oslo_config_glue [-] oslo_limit.timeout = None {{(pid=108290) log_opt_values /opt/stack/data/venv/lib/python3.12/site-packages/oslo_config/cfg.py:3256}}
May 20 22:03:21.255994 np0000175542 nova-scheduler[108290]: DEBUG cotyledon.oslo_config_glue [-] oslo_limit.valid_interfaces = None {{(pid=108290) log_opt_values /opt/stack/data/venv/lib/python3.12/site-packages/oslo_config/cfg.py:3256}}
May 20 22:03:21.255994 np0000175542 nova-scheduler[108290]: DEBUG cotyledon.oslo_config_glue [-] oslo_limit.version = None {{(pid=108290) log_opt_values /opt/stack/data/venv/lib/python3.12/site-packages/oslo_config/cfg.py:3256}}
May 20 22:03:21.256075 np0000175542 nova-scheduler[108290]: DEBUG cotyledon.oslo_config_glue [-] oslo_reports.file_event_handler = None {{(pid=108290) log_opt_values /opt/stack/data/venv/lib/python3.12/site-packages/oslo_config/cfg.py:3256}}
May 20 22:03:21.256075 np0000175542 nova-scheduler[108290]: DEBUG cotyledon.oslo_config_glue [-] oslo_reports.file_event_handler_interval = 1 {{(pid=108290) log_opt_values /opt/stack/data/venv/lib/python3.12/site-packages/oslo_config/cfg.py:3256}}
May 20 22:03:21.256141 np0000175542 nova-scheduler[108290]: DEBUG cotyledon.oslo_config_glue [-] oslo_reports.log_dir = None {{(pid=108290) log_opt_values /opt/stack/data/venv/lib/python3.12/site-packages/oslo_config/cfg.py:3256}}
May 20 22:03:21.256141 np0000175542 nova-scheduler[108290]: DEBUG cotyledon.oslo_config_glue [-] ******************************************************************************** {{(pid=108290) log_opt_values /opt/stack/data/venv/lib/python3.12/site-packages/oslo_config/cfg.py:3263}}
May 20 22:03:21.256286 np0000175542 nova-scheduler[108290]: DEBUG cotyledon._service_worker [-] Run service ServiceWrapper(3) [108290] {{(pid=108290) wait_forever /opt/stack/data/venv/lib/python3.12/site-packages/cotyledon/_service_worker.py:218}}
May 20 22:03:21.257692 np0000175542 nova-scheduler[108290]: INFO nova.service [-] Starting scheduler node (version 33.1.0)
May 20 22:03:21.262727 np0000175542 nova-scheduler[108282]: DEBUG dbcounter [-] [108282] Writer thread running {{(pid=108282) stat_writer /opt/stack/data/venv/lib/python3.12/site-packages/dbcounter.py:102}}
May 20 22:03:21.264882 np0000175542 nova-scheduler[108290]: INFO dbcounter [None req-247a3f58-0145-47ba-adae-6ee42d5940b5 None None] Registered counter for database nova_cell0
May 20 22:03:21.265619 np0000175542 nova-scheduler[108282]: DEBUG nova.service [None req-b9ea7931-9ac2-4261-bae6-aa588b4edcdc None None] Creating RPC server for service: nova-scheduler on topic: scheduler {{(pid=108282) start /opt/stack/nova/nova/service.py:195}}
May 20 22:03:21.276333 np0000175542 nova-scheduler[108290]: DEBUG oslo_db.sqlalchemy.engines [None req-247a3f58-0145-47ba-adae-6ee42d5940b5 None None] MySQL server mode set to STRICT_TRANS_TABLES,STRICT_ALL_TABLES,NO_ZERO_IN_DATE,NO_ZERO_DATE,ERROR_FOR_DIVISION_BY_ZERO,TRADITIONAL,NO_ENGINE_SUBSTITUTION {{(pid=108290) _check_effective_sql_mode /opt/stack/data/venv/lib/python3.12/site-packages/oslo_db/sqlalchemy/engines.py:325}}
May 20 22:03:21.277268 np0000175542 nova-scheduler[108272]: DEBUG nova.service [None req-fe290ead-fad7-4257-b6b5-3b4a392cd6d5 None None] Join ServiceGroup membership for this service scheduler {{(pid=108272) start /opt/stack/nova/nova/service.py:221}}
May 20 22:03:21.278173 np0000175542 nova-scheduler[108272]: DEBUG nova.servicegroup.drivers.db [None req-fe290ead-fad7-4257-b6b5-3b4a392cd6d5 None None] DB_Driver: join new ServiceGroup member np0000175542 to the scheduler group, service = {{(pid=108272) join /opt/stack/nova/nova/servicegroup/drivers/db.py:44}}
May 20 22:03:21.278276 np0000175542 nova-scheduler[108265]: DEBUG nova.service [None req-d20beca4-a801-4479-9d86-11231865a1ad None None] Join ServiceGroup membership for this service scheduler {{(pid=108265) start /opt/stack/nova/nova/service.py:221}}
May 20 22:03:21.278771 np0000175542 nova-scheduler[108265]: DEBUG nova.servicegroup.drivers.db [None req-d20beca4-a801-4479-9d86-11231865a1ad None None] DB_Driver: join new ServiceGroup member np0000175542 to the scheduler group, service = {{(pid=108265) join /opt/stack/nova/nova/servicegroup/drivers/db.py:44}}
May 20 22:03:21.281163 np0000175542 nova-scheduler[108265]: DEBUG oslo.service.backend._threading.loopingcall [None req-57675801-2559-4643-a884-ab0ffaec655b None None] Dynamic interval looping call 'nova.service.Service.periodic_tasks' sleeping for 60.00 seconds {{(pid=108265) _run_loop /opt/stack/data/venv/lib/python3.12/site-packages/oslo_service/backend/_threading/loopingcall.py:125}}
May 20 22:03:21.284162 np0000175542 nova-scheduler[108282]: DEBUG nova.service [None req-b9ea7931-9ac2-4261-bae6-aa588b4edcdc None None] Join ServiceGroup membership for this service scheduler {{(pid=108282) start /opt/stack/nova/nova/service.py:221}}
May 20 22:03:21.284369 np0000175542 nova-scheduler[108282]: DEBUG nova.servicegroup.drivers.db [None req-b9ea7931-9ac2-4261-bae6-aa588b4edcdc None None] DB_Driver: join new ServiceGroup member np0000175542 to the scheduler group, service = {{(pid=108282) join /opt/stack/nova/nova/servicegroup/drivers/db.py:44}}
May 20 22:03:21.289518 np0000175542 nova-scheduler[108290]: DEBUG dbcounter [-] [108290] Writer thread running {{(pid=108290) stat_writer /opt/stack/data/venv/lib/python3.12/site-packages/dbcounter.py:102}}
May 20 22:03:21.293108 np0000175542 nova-scheduler[108290]: DEBUG nova.service [None req-247a3f58-0145-47ba-adae-6ee42d5940b5 None None] Creating RPC server for service: nova-scheduler on topic: scheduler {{(pid=108290) start /opt/stack/nova/nova/service.py:195}}
May 20 22:03:21.316774 np0000175542 nova-scheduler[108290]: DEBUG nova.service [None req-247a3f58-0145-47ba-adae-6ee42d5940b5 None None] Join ServiceGroup membership for this service scheduler {{(pid=108290) start /opt/stack/nova/nova/service.py:221}}
May 20 22:03:21.317368 np0000175542 nova-scheduler[108290]: DEBUG nova.servicegroup.drivers.db [None req-247a3f58-0145-47ba-adae-6ee42d5940b5 None None] DB_Driver: join new ServiceGroup member np0000175542 to the scheduler group, service = {{(pid=108290) join /opt/stack/nova/nova/servicegroup/drivers/db.py:44}}
May 20 22:03:26.297743 np0000175542 nova-scheduler[108265]: DEBUG oslo.service.backend._threading.loopingcall [-] Fixed interval looping call 'nova.servicegroup.drivers.db.DbDriver._report_state' sleeping for 119.98 seconds {{(pid=108265) _run_loop /opt/stack/data/venv/lib/python3.12/site-packages/oslo_service/backend/_threading/loopingcall.py:125}}
May 20 22:03:26.299049 np0000175542 nova-scheduler[108272]: DEBUG oslo.service.backend._threading.loopingcall [-] Fixed interval looping call 'nova.servicegroup.drivers.db.DbDriver._report_state' sleeping for 119.98 seconds {{(pid=108272) _run_loop /opt/stack/data/venv/lib/python3.12/site-packages/oslo_service/backend/_threading/loopingcall.py:125}}
May 20 22:03:26.302568 np0000175542 nova-scheduler[108282]: DEBUG oslo.service.backend._threading.loopingcall [-] Fixed interval looping call 'nova.servicegroup.drivers.db.DbDriver._report_state' sleeping for 119.99 seconds {{(pid=108282) _run_loop /opt/stack/data/venv/lib/python3.12/site-packages/oslo_service/backend/_threading/loopingcall.py:125}}
May 20 22:03:26.332679 np0000175542 nova-scheduler[108290]: DEBUG oslo.service.backend._threading.loopingcall [-] Fixed interval looping call 'nova.servicegroup.drivers.db.DbDriver._report_state' sleeping for 119.99 seconds {{(pid=108290) _run_loop /opt/stack/data/venv/lib/python3.12/site-packages/oslo_service/backend/_threading/loopingcall.py:125}}
May 20 22:03:29.886135 np0000175542 nova-scheduler[107543]: DEBUG dbcounter [-] [107543] Writing DB stats nova_api:SELECT=3 {{(pid=107543) stat_writer /opt/stack/data/venv/lib/python3.12/site-packages/dbcounter.py:115}}
May 20 22:03:29.992181 np0000175542 nova-scheduler[107543]: DEBUG dbcounter [-] [107543] Writing DB stats nova_cell0:SELECT=1 {{(pid=107543) stat_writer /opt/stack/data/venv/lib/python3.12/site-packages/dbcounter.py:115}}
May 20 22:03:29.999398 np0000175542 nova-scheduler[107543]: DEBUG dbcounter [-] [107543] Writing DB stats nova_cell1:SELECT=1 {{(pid=107543) stat_writer /opt/stack/data/venv/lib/python3.12/site-packages/dbcounter.py:115}}
May 20 22:03:36.301395 np0000175542 nova-scheduler[108282]: DEBUG dbcounter [-] [108282] Writing DB stats nova_cell0:SELECT=3 {{(pid=108282) stat_writer /opt/stack/data/venv/lib/python3.12/site-packages/dbcounter.py:115}}
May 20 22:03:36.301765 np0000175542 nova-scheduler[108265]: DEBUG dbcounter [-] [108265] Writing DB stats nova_cell0:SELECT=4,nova_cell0:INSERT=1,nova_cell0:UPDATE=1 {{(pid=108265) stat_writer /opt/stack/data/venv/lib/python3.12/site-packages/dbcounter.py:115}}
May 20 22:03:36.301949 np0000175542 nova-scheduler[108272]: DEBUG dbcounter [-] [108272] Writing DB stats nova_cell0:SELECT=3,nova_cell0:UPDATE=1 {{(pid=108272) stat_writer /opt/stack/data/venv/lib/python3.12/site-packages/dbcounter.py:115}}
May 20 22:03:36.329861 np0000175542 nova-scheduler[108290]: DEBUG dbcounter [-] [108290] Writing DB stats nova_cell0:SELECT=3 {{(pid=108290) stat_writer /opt/stack/data/venv/lib/python3.12/site-packages/dbcounter.py:115}}
May 20 22:03:41.288536 np0000175542 nova-scheduler[108282]: DEBUG oslo.service.backend._threading.loopingcall [None req-e761d233-81e6-4544-9756-06ce0dad050c None None] Dynamic interval looping call 'nova.service.Service.periodic_tasks' sleeping for 60.00 seconds {{(pid=108282) _run_loop /opt/stack/data/venv/lib/python3.12/site-packages/oslo_service/backend/_threading/loopingcall.py:125}}
May 20 22:03:49.283270 np0000175542 nova-scheduler[108272]: DEBUG oslo.service.backend._threading.loopingcall [None req-a27d196e-a5e3-4fc8-a20a-0e4e69675c61 None None] Dynamic interval looping call 'nova.service.Service.periodic_tasks' sleeping for 60.00 seconds {{(pid=108272) _run_loop /opt/stack/data/venv/lib/python3.12/site-packages/oslo_service/backend/_threading/loopingcall.py:125}}
May 20 22:04:11.320653 np0000175542 nova-scheduler[108290]: DEBUG oslo.service.backend._threading.loopingcall [None req-b1b023a7-705d-45e3-a129-6e5a465c8c26 None None] Dynamic interval looping call 'nova.service.Service.periodic_tasks' sleeping for 60.00 seconds {{(pid=108290) _run_loop /opt/stack/data/venv/lib/python3.12/site-packages/oslo_service/backend/_threading/loopingcall.py:125}}
May 20 22:04:21.282226 np0000175542 nova-scheduler[108265]: DEBUG oslo.service.backend._threading.loopingcall [None req-57675801-2559-4643-a884-ab0ffaec655b None None] Dynamic interval looping call 'nova.service.Service.periodic_tasks' sleeping for 60.00 seconds {{(pid=108265) _run_loop /opt/stack/data/venv/lib/python3.12/site-packages/oslo_service/backend/_threading/loopingcall.py:125}}
May 20 22:04:41.289534 np0000175542 nova-scheduler[108282]: DEBUG oslo.service.backend._threading.loopingcall [None req-e761d233-81e6-4544-9756-06ce0dad050c None None] Dynamic interval looping call 'nova.service.Service.periodic_tasks' sleeping for 60.00 seconds {{(pid=108282) _run_loop /opt/stack/data/venv/lib/python3.12/site-packages/oslo_service/backend/_threading/loopingcall.py:125}}
May 20 22:04:49.284166 np0000175542 nova-scheduler[108272]: DEBUG oslo.service.backend._threading.loopingcall [None req-a27d196e-a5e3-4fc8-a20a-0e4e69675c61 None None] Dynamic interval looping call 'nova.service.Service.periodic_tasks' sleeping for 60.00 seconds {{(pid=108272) _run_loop /opt/stack/data/venv/lib/python3.12/site-packages/oslo_service/backend/_threading/loopingcall.py:125}}
May 20 22:05:11.321304 np0000175542 nova-scheduler[108290]: DEBUG oslo.service.backend._threading.loopingcall [None req-b1b023a7-705d-45e3-a129-6e5a465c8c26 None None] Dynamic interval looping call 'nova.service.Service.periodic_tasks' sleeping for 60.00 seconds {{(pid=108290) _run_loop /opt/stack/data/venv/lib/python3.12/site-packages/oslo_service/backend/_threading/loopingcall.py:125}}
May 20 22:05:21.282942 np0000175542 nova-scheduler[108265]: DEBUG oslo.service.backend._threading.loopingcall [None req-57675801-2559-4643-a884-ab0ffaec655b None None] Dynamic interval looping call 'nova.service.Service.periodic_tasks' sleeping for 60.00 seconds {{(pid=108265) _run_loop /opt/stack/data/venv/lib/python3.12/site-packages/oslo_service/backend/_threading/loopingcall.py:125}}
May 20 22:05:26.290061 np0000175542 nova-scheduler[108265]: DEBUG oslo.service.backend._threading.loopingcall [-] Fixed interval looping call 'nova.servicegroup.drivers.db.DbDriver._report_state' sleeping for 119.99 seconds {{(pid=108265) _run_loop /opt/stack/data/venv/lib/python3.12/site-packages/oslo_service/backend/_threading/loopingcall.py:125}}
May 20 22:05:26.290829 np0000175542 nova-scheduler[108272]: DEBUG oslo.service.backend._threading.loopingcall [-] Fixed interval looping call 'nova.servicegroup.drivers.db.DbDriver._report_state' sleeping for 119.99 seconds {{(pid=108272) _run_loop /opt/stack/data/venv/lib/python3.12/site-packages/oslo_service/backend/_threading/loopingcall.py:125}}
May 20 22:05:26.297777 np0000175542 nova-scheduler[108282]: DEBUG oslo.service.backend._threading.loopingcall [-] Fixed interval looping call 'nova.servicegroup.drivers.db.DbDriver._report_state' sleeping for 120.00 seconds {{(pid=108282) _run_loop /opt/stack/data/venv/lib/python3.12/site-packages/oslo_service/backend/_threading/loopingcall.py:125}}
May 20 22:05:26.328484 np0000175542 nova-scheduler[108290]: DEBUG oslo.service.backend._threading.loopingcall [-] Fixed interval looping call 'nova.servicegroup.drivers.db.DbDriver._report_state' sleeping for 119.99 seconds {{(pid=108290) _run_loop /opt/stack/data/venv/lib/python3.12/site-packages/oslo_service/backend/_threading/loopingcall.py:125}}
May 20 22:05:36.282855 np0000175542 nova-scheduler[108265]: DEBUG dbcounter [-] [108265] Writing DB stats nova_cell0:SELECT=1,nova_cell0:UPDATE=1 {{(pid=108265) stat_writer /opt/stack/data/venv/lib/python3.12/site-packages/dbcounter.py:115}}
May 20 22:05:36.285165 np0000175542 nova-scheduler[108272]: DEBUG dbcounter [-] [108272] Writing DB stats nova_cell0:SELECT=1,nova_cell0:UPDATE=1 {{(pid=108272) stat_writer /opt/stack/data/venv/lib/python3.12/site-packages/dbcounter.py:115}}
May 20 22:05:36.295311 np0000175542 nova-scheduler[108282]: DEBUG dbcounter [-] [108282] Writing DB stats nova_cell0:SELECT=1 {{(pid=108282) stat_writer /opt/stack/data/venv/lib/python3.12/site-packages/dbcounter.py:115}}
May 20 22:05:36.327987 np0000175542 nova-scheduler[108290]: DEBUG dbcounter [-] [108290] Writing DB stats nova_cell0:SELECT=1 {{(pid=108290) stat_writer /opt/stack/data/venv/lib/python3.12/site-packages/dbcounter.py:115}}
May 20 22:05:41.290441 np0000175542 nova-scheduler[108282]: DEBUG oslo.service.backend._threading.loopingcall [None req-e761d233-81e6-4544-9756-06ce0dad050c None None] Dynamic interval looping call 'nova.service.Service.periodic_tasks' sleeping for 60.00 seconds {{(pid=108282) _run_loop /opt/stack/data/venv/lib/python3.12/site-packages/oslo_service/backend/_threading/loopingcall.py:125}}
May 20 22:05:49.284919 np0000175542 nova-scheduler[108272]: DEBUG oslo.service.backend._threading.loopingcall [None req-a27d196e-a5e3-4fc8-a20a-0e4e69675c61 None None] Dynamic interval looping call 'nova.service.Service.periodic_tasks' sleeping for 60.00 seconds {{(pid=108272) _run_loop /opt/stack/data/venv/lib/python3.12/site-packages/oslo_service/backend/_threading/loopingcall.py:125}}
May 20 22:06:11.322100 np0000175542 nova-scheduler[108290]: DEBUG oslo.service.backend._threading.loopingcall [None req-b1b023a7-705d-45e3-a129-6e5a465c8c26 None None] Dynamic interval looping call 'nova.service.Service.periodic_tasks' sleeping for 60.00 seconds {{(pid=108290) _run_loop /opt/stack/data/venv/lib/python3.12/site-packages/oslo_service/backend/_threading/loopingcall.py:125}}
May 20 22:06:21.283498 np0000175542 nova-scheduler[108265]: DEBUG oslo.service.backend._threading.loopingcall [None req-57675801-2559-4643-a884-ab0ffaec655b None None] Dynamic interval looping call 'nova.service.Service.periodic_tasks' sleeping for 60.00 seconds {{(pid=108265) _run_loop /opt/stack/data/venv/lib/python3.12/site-packages/oslo_service/backend/_threading/loopingcall.py:125}}
May 20 22:06:41.291129 np0000175542 nova-scheduler[108282]: DEBUG oslo.service.backend._threading.loopingcall [None req-e761d233-81e6-4544-9756-06ce0dad050c None None] Dynamic interval looping call 'nova.service.Service.periodic_tasks' sleeping for 60.00 seconds {{(pid=108282) _run_loop /opt/stack/data/venv/lib/python3.12/site-packages/oslo_service/backend/_threading/loopingcall.py:125}}
May 20 22:06:49.285736 np0000175542 nova-scheduler[108272]: DEBUG oslo.service.backend._threading.loopingcall [None req-a27d196e-a5e3-4fc8-a20a-0e4e69675c61 None None] Dynamic interval looping call 'nova.service.Service.periodic_tasks' sleeping for 60.00 seconds {{(pid=108272) _run_loop /opt/stack/data/venv/lib/python3.12/site-packages/oslo_service/backend/_threading/loopingcall.py:125}}