2026-05-19 18:15:25.360 8 WARNING neutron.api.rpc.agentnotifiers.dhcp_rpc_agent_api [None req-e83a1614-3e13-437c-a4f9-867856d240c9 b9ac513ed86145cdaa6e58e77d33cd9c f4f7c7ccbe504587ba31c63db133649a - - default default] Unable to schedule network dddddc25-fd94-4bc3-bc14-7a90b3162f41: no agents available; will retry on subsequent port and subnet creation events. [pid: 7|app: 0|req: 1116/2314] 10.0.0.249 () {32 vars in 720 bytes} [Tue May 19 18:15:25 2026] DELETE /v2.0/ports/11251126-d35a-4b9f-9c69-ca3285e2271e => generated 0 bytes in 360 msecs (HTTP/1.1 204) 3 headers in 131 bytes (1 switches on core 0) [pid: 7|app: 0|req: 1117/2315] 10.0.0.229 () {34 vars in 1040 bytes} [Tue May 19 18:15:25 2026] GET /v2.0/security-groups?id=295b4201-8a2d-40e3-8ff6-62bd585b8971&fields=id&fields=name => generated 88 bytes in 40 msecs (HTTP/1.1 200) 4 headers in 156 bytes (1 switches on core 0)
2026-05-19 18:15:25.682 7 INFO neutron_taas.services.taas.taas_plugin [None req-3232473f-330f-4912-8c5d-f04a19701f41 6bd40f822daa478b83670b1d2c437dad 0dc18fe4d6264d5abb03d20e901ef4f6 - - default default] TaaS: Handle Delete Port: c92d33ec-1bcc-43b7-bab2-c9a05289cdc3
2026-05-19 18:15:25.686 7 INFO neutron_taas.services.taas.tap_mirror_plugin [None req-3232473f-330f-4912-8c5d-f04a19701f41 6bd40f822daa478b83670b1d2c437dad 0dc18fe4d6264d5abb03d20e901ef4f6 - - default default] Tap Mirror: Handle Delete Port: c92d33ec-1bcc-43b7-bab2-c9a05289cdc3
2026-05-19 18:15:25.853 8 INFO neutron.db.ovn_revision_numbers_db [None req-e93bacff-0ead-40e1-bbea-1d4f0df23d6a - - - - - -] Successfully bumped revision number for resource dfd5b5e7-efcb-4751-b6bb-11ae0ad4f1db (type: ports) to 2 [pid: 7|app: 0|req: 1118/2316] 10.0.0.249 () {32 vars in 720 bytes} [Tue May 19 18:15:25 2026] DELETE /v2.0/ports/c92d33ec-1bcc-43b7-bab2-c9a05289cdc3 => generated 0 bytes in 343 msecs (HTTP/1.1 204) 3 headers in 131 bytes (1 switches on core 0)
2026-05-19 18:15:25.874 7 INFO neutron.notifiers.nova [-] Nova event matching ['req-509fa819-93f5-4804-bc43-085438981899'] response: {'server_uuid': '798d3343-4888-47dc-bdb6-946f561a0abd', 'name': 'network-vif-plugged', 'status': 'completed', 'tag': '4131cd16-2509-4792-80d3-3a678a8774ef', 'code': 200} [pid: 7|app: 0|req: 1119/2317] 10.0.0.229 () {34 vars in 990 bytes} [Tue May 19 18:15:25 2026] GET /v2.0/ports?device_id=14f28223-5b87-4495-bd9a-998f83575de7 => generated 12 bytes in 24 msecs (HTTP/1.1 200) 4 headers in 156 bytes (1 switches on core 0)
2026-05-19 18:15:25.892 8 INFO neutron.db.ovn_revision_numbers_db [None req-e93bacff-0ead-40e1-bbea-1d4f0df23d6a - - - - - -] Successfully bumped revision number for resource 112b6d60-9102-411b-8f39-846ed34e0739 (type: subnets) to 0 [pid: 8|app: 0|req: 1199/2318] 10.0.0.249 () {34 vars in 669 bytes} [Tue May 19 18:15:25 2026] POST /v2.0/subnets => generated 629 bytes in 778 msecs (HTTP/1.1 201) 4 headers in 162 bytes (1 switches on core 0)
2026-05-19 18:15:26.052 7 INFO neutron_taas.services.taas.taas_plugin [None req-2044e512-8971-4926-8c9f-aa4cc2a72587 6bd40f822daa478b83670b1d2c437dad 0dc18fe4d6264d5abb03d20e901ef4f6 - - default default] TaaS: Handle Delete Port: 0f61831a-2973-46f5-879d-32096435b4b4
2026-05-19 18:15:26.054 7 INFO neutron_taas.services.taas.tap_mirror_plugin [None req-2044e512-8971-4926-8c9f-aa4cc2a72587 6bd40f822daa478b83670b1d2c437dad 0dc18fe4d6264d5abb03d20e901ef4f6 - - default default] Tap Mirror: Handle Delete Port: 0f61831a-2973-46f5-879d-32096435b4b4
2026-05-19 18:15:26.259 7 INFO neutron.services.segments.plugin [-] Segment a6c93672-0773-4250-b16d-c19f0d73f7e7 resource provider aggregate not found
2026-05-19 18:15:26.262 7 INFO neutron.services.segments.plugin [-] Segment a6c93672-0773-4250-b16d-c19f0d73f7e7 resource provider aggregate not found
2026-05-19 18:15:26.281 7 INFO neutron.services.segments.plugin [-] Segment a6c93672-0773-4250-b16d-c19f0d73f7e7 resource provider not found; error: Placement Client Error (4xx): {"errors": [{"status": 404, "title": "Not Found", "detail": "The resource could not be found.\n\n No resource provider with uuid a6c93672-0773-4250-b16d-c19f0d73f7e7 found for delete ", "request_id": "req-9d389e1b-90b1-476f-961d-d8eafc028735"}]}
2026-05-19 18:15:26.291 7 INFO neutron.services.segments.plugin [-] Segment a6c93672-0773-4250-b16d-c19f0d73f7e7 resource provider not found; error: Placement Client Error (4xx): {"errors": [{"status": 404, "title": "Not Found", "detail": "The resource could not be found.\n\n No resource provider with uuid a6c93672-0773-4250-b16d-c19f0d73f7e7 found for delete ", "request_id": "req-2949b109-ddb0-407b-b45d-ee2118fde530"}]} [pid: 7|app: 0|req: 1120/2319] 10.0.0.249 () {32 vars in 726 bytes} [Tue May 19 18:15:25 2026] DELETE /v2.0/networks/629f89f7-9615-4594-8224-f2f93d812d9e => generated 0 bytes in 443 msecs (HTTP/1.1 204) 3 headers in 131 bytes (1 switches on core 0)
2026-05-19 18:15:26.377 8 WARNING neutron.scheduler.dhcp_agent_scheduler [None req-16d72a54-fde7-4b7c-a5ff-38d948f4f53e b9ac513ed86145cdaa6e58e77d33cd9c f4f7c7ccbe504587ba31c63db133649a - - default default] No more DHCP agents
2026-05-19 18:15:26.379 8 WARNING neutron.api.rpc.agentnotifiers.dhcp_rpc_agent_api [None req-16d72a54-fde7-4b7c-a5ff-38d948f4f53e b9ac513ed86145cdaa6e58e77d33cd9c f4f7c7ccbe504587ba31c63db133649a - - default default] Unable to schedule network be7c065e-0d6c-448a-bf66-49a9491b6951: no agents available; will retry on subsequent port and subnet creation events.
2026-05-19 18:15:26.498 7 INFO neutron_taas.services.taas.taas_plugin [None req-bff16d7e-d98a-4dd5-90ab-1092d7804906 6bd40f822daa478b83670b1d2c437dad 0dc18fe4d6264d5abb03d20e901ef4f6 - - default default] TaaS: Handle Delete Port: 256e2e50-2d1e-4fca-bbee-bbfef4ac0501
2026-05-19 18:15:26.502 7 INFO neutron_taas.services.taas.tap_mirror_plugin [None req-bff16d7e-d98a-4dd5-90ab-1092d7804906 6bd40f822daa478b83670b1d2c437dad 0dc18fe4d6264d5abb03d20e901ef4f6 - - default default] Tap Mirror: Handle Delete Port: 256e2e50-2d1e-4fca-bbee-bbfef4ac0501
2026-05-19 18:15:26.531 8 INFO neutron.db.ovn_revision_numbers_db [None req-16d72a54-fde7-4b7c-a5ff-38d948f4f53e b9ac513ed86145cdaa6e58e77d33cd9c f4f7c7ccbe504587ba31c63db133649a - - default default] Successfully bumped revision number for resource 1af21d88-2ca3-42ac-be00-a25a444f7ed8 (type: ports) to 1 [pid: 7|app: 0|req: 1121/2320] 10.0.0.249 () {32 vars in 726 bytes} [Tue May 19 18:15:26 2026] DELETE /v2.0/networks/8877dd21-c29f-44a4-9ba3-e5deaa854884 => generated 0 bytes in 394 msecs (HTTP/1.1 204) 3 headers in 131 bytes (1 switches on core 0) [pid: 7|app: 0|req: 1122/2321] 10.0.0.229 () {34 vars in 990 bytes} [Tue May 19 18:15:26 2026] GET /v2.0/ports?device_id=798d3343-4888-47dc-bdb6-946f561a0abd => generated 971 bytes in 30 msecs (HTTP/1.1 200) 4 headers in 157 bytes (1 switches on core 0)
2026-05-19 18:15:26.882 7 INFO neutron_taas.services.taas.taas_plugin [None req-29a3d774-a3f9-42e3-b037-9adbfc83915b 6bd40f822daa478b83670b1d2c437dad 0dc18fe4d6264d5abb03d20e901ef4f6 - - default default] TaaS: Handle Delete Port: 5184bf00-9de5-4e65-bc8f-6cfff3439029
2026-05-19 18:15:26.888 7 INFO neutron_taas.services.taas.tap_mirror_plugin [None req-29a3d774-a3f9-42e3-b037-9adbfc83915b 6bd40f822daa478b83670b1d2c437dad 0dc18fe4d6264d5abb03d20e901ef4f6 - - default default] Tap Mirror: Handle Delete Port: 5184bf00-9de5-4e65-bc8f-6cfff3439029 [pid: 7|app: 0|req: 1123/2322] 10.0.0.249 () {32 vars in 726 bytes} [Tue May 19 18:15:26 2026] DELETE /v2.0/networks/08b40f42-bbf6-429b-a82a-9ed3419ae582 => generated 0 bytes in 390 msecs (HTTP/1.1 204) 3 headers in 131 bytes (1 switches on core 0)
2026-05-19 18:15:27.176 8 INFO neutron.plugins.ml2.drivers.ovn.mech_driver.ovsdb.commands [None req-51c615a4-9f42-4386-ba38-1d7e943165c7 - - - - - -] Schedule LRP lrp-1af21d88-2ca3-42ac-be00-a25a444f7ed8 on gateway 595ea92a-68f3-4b0c-ad45-e5995d998e62 with priority 1 [pid: 7|app: 0|req: 1124/2323] 10.0.0.229 () {34 vars in 1040 bytes} [Tue May 19 18:15:27 2026] GET /v2.0/security-groups?id=295b4201-8a2d-40e3-8ff6-62bd585b8971&fields=id&fields=name => generated 88 bytes in 36 msecs (HTTP/1.1 200) 4 headers in 156 bytes (1 switches on core 0) [pid: 7|app: 0|req: 1125/2324] 10.0.0.229 () {34 vars in 990 bytes} [Tue May 19 18:15:27 2026] GET /v2.0/ports?device_id=14f28223-5b87-4495-bd9a-998f83575de7 => generated 12 bytes in 61 msecs (HTTP/1.1 200) 4 headers in 156 bytes (1 switches on core 0)
2026-05-19 18:15:27.265 8 INFO neutron.db.ovn_revision_numbers_db [None req-16d72a54-fde7-4b7c-a5ff-38d948f4f53e b9ac513ed86145cdaa6e58e77d33cd9c f4f7c7ccbe504587ba31c63db133649a - - default default] Successfully bumped revision number for resource 1af21d88-2ca3-42ac-be00-a25a444f7ed8 (type: router_ports) to 1
2026-05-19 18:15:27.324 8 INFO neutron.db.ovn_revision_numbers_db [None req-16d72a54-fde7-4b7c-a5ff-38d948f4f53e b9ac513ed86145cdaa6e58e77d33cd9c f4f7c7ccbe504587ba31c63db133649a - - default default] Successfully bumped revision number for resource c3026b08-9937-4782-9362-49acf8f8a3d2 (type: routers) to 2 [pid: 8|app: 0|req: 1200/2325] 10.0.0.249 () {34 vars in 669 bytes} [Tue May 19 18:15:25 2026] POST /v2.0/routers => generated 937 bytes in 1429 msecs (HTTP/1.1 201) 4 headers in 162 bytes (1 switches on core 0)
2026-05-19 18:15:27.392 7 INFO neutron_taas.services.taas.taas_plugin [None req-631e7822-1690-4d6c-a7d5-850386b4df42 6bd40f822daa478b83670b1d2c437dad 0dc18fe4d6264d5abb03d20e901ef4f6 - - default default] TaaS: Handle Delete Port: 8bed300e-d1eb-416e-8f21-9bff1bfa5cc5
2026-05-19 18:15:27.395 7 INFO neutron_taas.services.taas.tap_mirror_plugin [None req-631e7822-1690-4d6c-a7d5-850386b4df42 6bd40f822daa478b83670b1d2c437dad 0dc18fe4d6264d5abb03d20e901ef4f6 - - default default] Tap Mirror: Handle Delete Port: 8bed300e-d1eb-416e-8f21-9bff1bfa5cc5
2026-05-19 18:15:27.563 8 WARNING neutron.plugins.ml2.drivers.ovn.mech_driver.ovsdb.ovn_client [None req-43267de1-db58-4dac-a942-470976e39dcc - - - - - -] No hosting information found for port 0a0e3cff-5497-479d-9018-82da785ec89d: RuntimeError: No hosting information found for port 0a0e3cff-5497-479d-9018-82da785ec89d [pid: 7|app: 0|req: 1126/2326] 10.0.0.249 () {32 vars in 726 bytes} [Tue May 19 18:15:27 2026] DELETE /v2.0/networks/1f27e52f-f4f3-48ed-ae76-9ae591f32e20 => generated 0 bytes in 392 msecs (HTTP/1.1 204) 3 headers in 131 bytes (1 switches on core 0)
2026-05-19 18:15:27.729 8 INFO neutron.db.ovn_revision_numbers_db [None req-43267de1-db58-4dac-a942-470976e39dcc - - - - - -] Successfully bumped revision number for resource 0a0e3cff-5497-479d-9018-82da785ec89d (type: router_ports) to 2
2026-05-19 18:15:27.813 7 INFO neutron_taas.services.taas.taas_plugin [None req-3bca2d94-0bd1-4ca6-925b-ef3b25d39595 6bd40f822daa478b83670b1d2c437dad 0dc18fe4d6264d5abb03d20e901ef4f6 - - default default] TaaS: Handle Delete Port: 510089e7-1388-4062-be7c-054d444b62b7
2026-05-19 18:15:27.818 7 INFO neutron_taas.services.taas.tap_mirror_plugin [None req-3bca2d94-0bd1-4ca6-925b-ef3b25d39595 6bd40f822daa478b83670b1d2c437dad 0dc18fe4d6264d5abb03d20e901ef4f6 - - default default] Tap Mirror: Handle Delete Port: 510089e7-1388-4062-be7c-054d444b62b7
2026-05-19 18:15:27.838 8 INFO neutron.plugins.ml2.drivers.ovn.mech_driver.mech_driver [None req-43267de1-db58-4dac-a942-470976e39dcc - - - - - -] OVN reports status down for port: 1af21d88-2ca3-42ac-be00-a25a444f7ed8
2026-05-19 18:15:27.987 8 WARNING neutron.plugins.ml2.drivers.ovn.mech_driver.ovsdb.ovn_client [None req-43267de1-db58-4dac-a942-470976e39dcc - - - - - -] Logical_Switch_Port %s host information not removed, the port state is up
2026-05-19 18:15:27.987 8 INFO neutron.plugins.ml2.drivers.ovn.mech_driver.mech_driver [None req-43267de1-db58-4dac-a942-470976e39dcc - - - - - -] OVN reports status up for port: 1af21d88-2ca3-42ac-be00-a25a444f7ed8
2026-05-19 18:15:28.021 8 INFO neutron.plugins.ml2.plugin [None req-43267de1-db58-4dac-a942-470976e39dcc - - - - - -] Attempt 1 to provision port 1af21d88-2ca3-42ac-be00-a25a444f7ed8 [pid: 7|app: 0|req: 1127/2327] 10.0.0.249 () {32 vars in 726 bytes} [Tue May 19 18:15:27 2026] DELETE /v2.0/networks/8eb053db-1e58-45bd-8f63-9b9961a89643 => generated 0 bytes in 452 msecs (HTTP/1.1 204) 3 headers in 131 bytes (1 switches on core 0)
2026-05-19 18:15:28.313 7 INFO neutron.services.segments.plugin [-] Segment c456ce44-b3c5-4f69-a4d5-720981fa8382 resource provider aggregate not found
2026-05-19 18:15:28.318 7 INFO neutron.services.segments.plugin [-] Segment c456ce44-b3c5-4f69-a4d5-720981fa8382 resource provider aggregate not found
2026-05-19 18:15:28.350 7 INFO neutron.services.segments.plugin [-] Segment c456ce44-b3c5-4f69-a4d5-720981fa8382 resource provider not found; error: Placement Client Error (4xx): {"errors": [{"status": 404, "title": "Not Found", "detail": "The resource could not be found.\n\n No resource provider with uuid c456ce44-b3c5-4f69-a4d5-720981fa8382 found for delete ", "request_id": "req-ef0eb17e-b801-4d07-9e3a-3ae22b155a87"}]}
2026-05-19 18:15:28.356 7 INFO neutron.services.segments.plugin [-] Segment c456ce44-b3c5-4f69-a4d5-720981fa8382 resource provider not found; error: Placement Client Error (4xx): {"errors": [{"status": 404, "title": "Not Found", "detail": "The resource could not be found.\n\n No resource provider with uuid c456ce44-b3c5-4f69-a4d5-720981fa8382 found for delete ", "request_id": "req-c4b107bd-8bcf-45d7-b74e-acccec44edbe"}]} [pid: 7|app: 0|req: 1128/2328] 10.0.0.229 () {34 vars in 990 bytes} [Tue May 19 18:15:28 2026] GET /v2.0/ports?device_id=14f28223-5b87-4495-bd9a-998f83575de7 => generated 12 bytes in 58 msecs (HTTP/1.1 200) 4 headers in 156 bytes (1 switches on core 0)
2026-05-19 18:15:28.387 7 INFO neutron.services.segments.plugin [-] Segment 29f0688e-d0ec-425f-942e-b9e866d4bad2 resource provider aggregate not found
2026-05-19 18:15:28.396 7 INFO neutron.services.segments.plugin [-] Segment 29f0688e-d0ec-425f-942e-b9e866d4bad2 resource provider aggregate not found
2026-05-19 18:15:28.404 7 INFO neutron.services.segments.plugin [-] Segment 29f0688e-d0ec-425f-942e-b9e866d4bad2 resource provider not found; error: Placement Client Error (4xx): {"errors": [{"status": 404, "title": "Not Found", "detail": "The resource could not be found.\n\n No resource provider with uuid 29f0688e-d0ec-425f-942e-b9e866d4bad2 found for delete ", "request_id": "req-9aac6f33-06b4-4c37-8276-68bf56cb6648"}]}
2026-05-19 18:15:28.430 7 INFO neutron.services.segments.plugin [-] Segment 2ac6d2e8-f5e6-425a-98ee-0aa23ee12d51 resource provider aggregate not found
2026-05-19 18:15:28.442 7 INFO neutron.plugins.ml2.drivers.ovn.mech_driver.mech_driver [None req-a4a37f0f-6b46-4ff4-ac5d-4a27357d257d - - - - - -] OVN reports status up for port: fadf0ed9-824c-44fb-972a-b38b286eef28
2026-05-19 18:15:28.453 7 INFO neutron.services.segments.plugin [-] Segment 29f0688e-d0ec-425f-942e-b9e866d4bad2 resource provider not found; error: Placement Client Error (4xx): {"errors": [{"status": 404, "title": "Not Found", "detail": "The resource could not be found.\n\n No resource provider with uuid 29f0688e-d0ec-425f-942e-b9e866d4bad2 found for delete ", "request_id": "req-4cbe8281-3d77-4f49-a36a-dcb000ad55dc"}]}
2026-05-19 18:15:28.463 7 INFO neutron.services.segments.plugin [-] Segment 2ac6d2e8-f5e6-425a-98ee-0aa23ee12d51 resource provider not found; error: Placement Client Error (4xx): {"errors": [{"status": 404, "title": "Not Found", "detail": "The resource could not be found.\n\n No resource provider with uuid 2ac6d2e8-f5e6-425a-98ee-0aa23ee12d51 found for delete ", "request_id": "req-61bb8e13-828b-4bd6-899c-642bf5d4d4b9"}]}
2026-05-19 18:15:28.469 7 INFO neutron.plugins.ml2.plugin [None req-a4a37f0f-6b46-4ff4-ac5d-4a27357d257d - - - - - -] Attempt 1 to provision port fadf0ed9-824c-44fb-972a-b38b286eef28
2026-05-19 18:15:28.487 7 INFO neutron.services.segments.plugin [-] Segment 2ac6d2e8-f5e6-425a-98ee-0aa23ee12d51 resource provider aggregate not found
2026-05-19 18:15:28.505 7 INFO neutron.services.segments.plugin [-] Segment a4c4d01c-cb91-4ecc-a0ca-41edb82b6194 resource provider aggregate not found
2026-05-19 18:15:28.505 7 INFO neutron.services.segments.plugin [-] Segment 2ac6d2e8-f5e6-425a-98ee-0aa23ee12d51 resource provider not found; error: Placement Client Error (4xx): {"errors": [{"status": 404, "title": "Not Found", "detail": "The resource could not be found.\n\n No resource provider with uuid 2ac6d2e8-f5e6-425a-98ee-0aa23ee12d51 found for delete ", "request_id": "req-05f08d1b-9fe1-42e4-b83b-794bb7d6b65a"}]}
2026-05-19 18:15:28.530 7 INFO neutron.services.segments.plugin [-] Segment a4c4d01c-cb91-4ecc-a0ca-41edb82b6194 resource provider not found; error: Placement Client Error (4xx): {"errors": [{"status": 404, "title": "Not Found", "detail": "The resource could not be found.\n\n No resource provider with uuid a4c4d01c-cb91-4ecc-a0ca-41edb82b6194 found for delete ", "request_id": "req-7109cce0-f3e1-444e-828f-f78a113b543e"}]}
2026-05-19 18:15:28.531 7 INFO neutron.services.segments.plugin [-] Segment a4c4d01c-cb91-4ecc-a0ca-41edb82b6194 resource provider aggregate not found
2026-05-19 18:15:28.556 7 INFO neutron.services.segments.plugin [-] Segment a4c4d01c-cb91-4ecc-a0ca-41edb82b6194 resource provider not found; error: Placement Client Error (4xx): {"errors": [{"status": 404, "title": "Not Found", "detail": "The resource could not be found.\n\n No resource provider with uuid a4c4d01c-cb91-4ecc-a0ca-41edb82b6194 found for delete ", "request_id": "req-48823bfe-c043-4d35-844d-7d92d8e1e82c"}]}
2026-05-19 18:15:28.713 8 WARNING neutron.scheduler.dhcp_agent_scheduler [None req-d8f395ad-1eee-440b-a0b5-f451a08ca012 b9ac513ed86145cdaa6e58e77d33cd9c f4f7c7ccbe504587ba31c63db133649a - - default default] No more DHCP agents
2026-05-19 18:15:28.714 8 WARNING neutron.api.rpc.agentnotifiers.dhcp_rpc_agent_api [None req-d8f395ad-1eee-440b-a0b5-f451a08ca012 b9ac513ed86145cdaa6e58e77d33cd9c f4f7c7ccbe504587ba31c63db133649a - - default default] Unable to schedule network dddddc25-fd94-4bc3-bc14-7a90b3162f41: no agents available; will retry on subsequent port and subnet creation events. [pid: 7|app: 0|req: 1129/2329] 10.0.0.229 () {34 vars in 990 bytes} [Tue May 19 18:15:28 2026] GET /v2.0/ports?device_id=798d3343-4888-47dc-bdb6-946f561a0abd => generated 971 bytes in 137 msecs (HTTP/1.1 200) 4 headers in 157 bytes (1 switches on core 0) [pid: 7|app: 0|req: 1130/2330] 10.0.0.229 () {34 vars in 1040 bytes} [Tue May 19 18:15:28 2026] GET /v2.0/security-groups?id=295b4201-8a2d-40e3-8ff6-62bd585b8971&fields=id&fields=name => generated 88 bytes in 42 msecs (HTTP/1.1 200) 4 headers in 156 bytes (1 switches on core 0)
2026-05-19 18:15:28.858 7 INFO neutron.db.ovn_revision_numbers_db [None req-a4a37f0f-6b46-4ff4-ac5d-4a27357d257d - - - - - -] Successfully bumped revision number for resource fadf0ed9-824c-44fb-972a-b38b286eef28 (type: ports) to 4
2026-05-19 18:15:28.859 8 INFO neutron.db.ovn_revision_numbers_db [None req-d8f395ad-1eee-440b-a0b5-f451a08ca012 b9ac513ed86145cdaa6e58e77d33cd9c f4f7c7ccbe504587ba31c63db133649a - - default default] Successfully bumped revision number for resource aea98488-1fe4-4c72-91da-f5f4def2c30f (type: ports) to 1
2026-05-19 18:15:28.953 7 INFO neutron.plugins.ml2.drivers.ovn.mech_driver.mech_driver [None req-24f215e3-836c-466c-a35e-c6a5cc91bbd0 - - - - - -] OVN reports status down for port: aea98488-1fe4-4c72-91da-f5f4def2c30f
2026-05-19 18:15:29.313 7 INFO neutron.plugins.ml2.drivers.ovn.mech_driver.mech_driver [None req-24f215e3-836c-466c-a35e-c6a5cc91bbd0 - - - - - -] OVN reports status up for port: f0e9f3f3-8739-45ae-a08e-a792efc26d3b
2026-05-19 18:15:29.332 7 INFO neutron.plugins.ml2.plugin [None req-24f215e3-836c-466c-a35e-c6a5cc91bbd0 - - - - - -] Attempt 1 to provision port f0e9f3f3-8739-45ae-a08e-a792efc26d3b
2026-05-19 18:15:29.340 7 INFO neutron.db.ovn_revision_numbers_db [None req-1790c2bb-4a46-48d1-979b-1dcb715dd5fa 8e54a2d957224572881ca4755dd7402f eed618e96fe741a48d68921719fa3bb3 - - default default] Successfully bumped revision number for resource 3effcf74-106c-4f23-8158-5fc2c9669e23 (type: security_groups) to 1
2026-05-19 18:15:29.368 7 INFO neutron.db.ovn_revision_numbers_db [None req-1790c2bb-4a46-48d1-979b-1dcb715dd5fa 8e54a2d957224572881ca4755dd7402f eed618e96fe741a48d68921719fa3bb3 - - default default] Successfully bumped revision number for resource 0f273b1b-f814-4978-b832-92f4be95e944 (type: security_group_rules) to 0
2026-05-19 18:15:29.383 7 INFO neutron.db.ovn_revision_numbers_db [None req-1790c2bb-4a46-48d1-979b-1dcb715dd5fa 8e54a2d957224572881ca4755dd7402f eed618e96fe741a48d68921719fa3bb3 - - default default] Successfully bumped revision number for resource 3fef9ac0-ef72-49b3-bafe-d718a32e54cf (type: security_group_rules) to 0
2026-05-19 18:15:29.410 7 INFO neutron.db.ovn_revision_numbers_db [None req-1790c2bb-4a46-48d1-979b-1dcb715dd5fa 8e54a2d957224572881ca4755dd7402f eed618e96fe741a48d68921719fa3bb3 - - default default] Successfully bumped revision number for resource 6b52771f-2df8-4c2f-ae90-0214dd1402c1 (type: security_group_rules) to 0
2026-05-19 18:15:29.443 7 INFO neutron.db.ovn_revision_numbers_db [None req-1790c2bb-4a46-48d1-979b-1dcb715dd5fa 8e54a2d957224572881ca4755dd7402f eed618e96fe741a48d68921719fa3bb3 - - default default] Successfully bumped revision number for resource 9da81e5d-6730-46cb-b43f-81390805e762 (type: security_group_rules) to 0 [pid: 7|app: 0|req: 1131/2331] 10.0.0.249 () {32 vars in 774 bytes} [Tue May 19 18:15:29 2026] GET /v2.0/security-groups?tenant_id=b4177532bdc545568fa32facb407eed3&name=default => generated 2925 bytes in 487 msecs (HTTP/1.1 200) 4 headers in 158 bytes (1 switches on core 0) [pid: 7|app: 0|req: 1132/2332] 10.0.0.229 () {34 vars in 990 bytes} [Tue May 19 18:15:29 2026] GET /v2.0/ports?device_id=14f28223-5b87-4495-bd9a-998f83575de7 => generated 12 bytes in 54 msecs (HTTP/1.1 200) 4 headers in 156 bytes (1 switches on core 0)
2026-05-19 18:15:29.594 8 WARNING neutron.scheduler.dhcp_agent_scheduler [None req-d8f395ad-1eee-440b-a0b5-f451a08ca012 b9ac513ed86145cdaa6e58e77d33cd9c f4f7c7ccbe504587ba31c63db133649a - - default default] No more DHCP agents
2026-05-19 18:15:29.596 8 WARNING neutron.api.rpc.agentnotifiers.dhcp_rpc_agent_api [None req-d8f395ad-1eee-440b-a0b5-f451a08ca012 b9ac513ed86145cdaa6e58e77d33cd9c f4f7c7ccbe504587ba31c63db133649a - - default default] Unable to schedule network dddddc25-fd94-4bc3-bc14-7a90b3162f41: no agents available; will retry on subsequent port and subnet creation events.
2026-05-19 18:15:29.843 7 INFO neutron.db.ovn_revision_numbers_db [None req-24f215e3-836c-466c-a35e-c6a5cc91bbd0 - - - - - -] Successfully bumped revision number for resource f0e9f3f3-8739-45ae-a08e-a792efc26d3b (type: ports) to 4
2026-05-19 18:15:29.969 8 INFO neutron.db.ovn_revision_numbers_db [None req-d8f395ad-1eee-440b-a0b5-f451a08ca012 b9ac513ed86145cdaa6e58e77d33cd9c f4f7c7ccbe504587ba31c63db133649a - - default default] Successfully bumped revision number for resource aea98488-1fe4-4c72-91da-f5f4def2c30f (type: router_ports) to 1 [pid: 8|app: 0|req: 1201/2333] 10.0.0.249 () {34 vars in 783 bytes} [Tue May 19 18:15:27 2026] PUT /v2.0/routers/c3026b08-9937-4782-9362-49acf8f8a3d2/add_router_interface => generated 309 bytes in 2627 msecs (HTTP/1.1 200) 4 headers in 157 bytes (1 switches on core 0) [pid: 8|app: 0|req: 1202/2334] 199.204.45.19 () {34 vars in 985 bytes} [Tue May 19 18:15:29 2026] GET /v2.0/networks?id=3dc079a9-6c5a-43e1-8359-70b6f9c09ef4 => generated 699 bytes in 51 msecs (HTTP/1.1 200) 4 headers in 157 bytes (1 switches on core 0) [pid: 8|app: 0|req: 1203/2335] 10.0.0.229 () {34 vars in 990 bytes} [Tue May 19 18:15:30 2026] GET /v2.0/ports?device_id=798d3343-4888-47dc-bdb6-946f561a0abd => generated 971 bytes in 130 msecs (HTTP/1.1 200) 4 headers in 157 bytes (1 switches on core 0)
2026-05-19 18:15:30.223 7 INFO neutron.plugins.ml2.drivers.ovn.mech_driver.mech_driver [None req-b7981216-09e0-427e-bc45-79c4b18f668a - - - - - -] OVN reports status up for port: aea98488-1fe4-4c72-91da-f5f4def2c30f
2026-05-19 18:15:30.255 7 INFO neutron.plugins.ml2.plugin [None req-b7981216-09e0-427e-bc45-79c4b18f668a - - - - - -] Attempt 1 to provision port aea98488-1fe4-4c72-91da-f5f4def2c30f [pid: 7|app: 0|req: 1133/2336] 10.0.0.249 () {32 vars in 740 bytes} [Tue May 19 18:15:29 2026] DELETE /v2.0/security-groups/3effcf74-106c-4f23-8158-5fc2c9669e23 => generated 0 bytes in 807 msecs (HTTP/1.1 204) 2 headers in 112 bytes (1 switches on core 0) [pid: 7|app: 0|req: 1134/2337] 199.204.45.19 () {34 vars in 1049 bytes} [Tue May 19 18:15:30 2026] GET /v2.0/security-groups?fields=id&fields=name&tenant_id=ba91cffb0fc3404eb2f1e4429ba45851 => generated 273 bytes in 83 msecs (HTTP/1.1 200) 4 headers in 157 bytes (1 switches on core 0) [pid: 7|app: 0|req: 1135/2338] 10.0.0.229 () {34 vars in 1040 bytes} [Tue May 19 18:15:30 2026] GET /v2.0/security-groups?id=295b4201-8a2d-40e3-8ff6-62bd585b8971&fields=id&fields=name => generated 88 bytes in 53 msecs (HTTP/1.1 200) 4 headers in 156 bytes (1 switches on core 0)
2026-05-19 18:15:30.833 8 WARNING neutron.scheduler.dhcp_agent_scheduler [None req-07e1d669-fdbb-45d6-b270-52775c63ab20 - - - - - -] No more DHCP agents
2026-05-19 18:15:30.834 8 WARNING neutron.api.rpc.agentnotifiers.dhcp_rpc_agent_api [None req-07e1d669-fdbb-45d6-b270-52775c63ab20 - - - - - -] Unable to schedule network be7c065e-0d6c-448a-bf66-49a9491b6951: no agents available; will retry on subsequent port and subnet creation events.
2026-05-19 18:15:31.002 8 INFO neutron.db.ovn_revision_numbers_db [None req-07e1d669-fdbb-45d6-b270-52775c63ab20 - - - - - -] Successfully bumped revision number for resource bcbb15b5-1eca-4d45-836b-46dcc3698c9d (type: ports) to 1
2026-05-19 18:15:31.036 7 INFO neutron.db.ovn_revision_numbers_db [None req-b7981216-09e0-427e-bc45-79c4b18f668a - - - - - -] Successfully bumped revision number for resource aea98488-1fe4-4c72-91da-f5f4def2c30f (type: ports) to 2
2026-05-19 18:15:31.146 7 WARNING neutron.scheduler.dhcp_agent_scheduler [req-f16212c7-f76e-4761-8450-844f0fb695fe req-3b3e31ec-6691-4ccf-8aa6-75953e2051ad 90dd0f7260674af4bdf1327f900e9539 ba91cffb0fc3404eb2f1e4429ba45851 - - default default] No more DHCP agents
2026-05-19 18:15:31.152 7 WARNING neutron.api.rpc.agentnotifiers.dhcp_rpc_agent_api [req-f16212c7-f76e-4761-8450-844f0fb695fe req-3b3e31ec-6691-4ccf-8aa6-75953e2051ad 90dd0f7260674af4bdf1327f900e9539 ba91cffb0fc3404eb2f1e4429ba45851 - - default default] Unable to schedule network 3dc079a9-6c5a-43e1-8359-70b6f9c09ef4: no agents available; will retry on subsequent port and subnet creation events.
2026-05-19 18:15:31.275 8 INFO neutron.db.ovn_revision_numbers_db [None req-07e1d669-fdbb-45d6-b270-52775c63ab20 - - - - - -] Successfully bumped revision number for resource bcbb15b5-1eca-4d45-836b-46dcc3698c9d (type: ports) to 3
2026-05-19 18:15:31.345 7 INFO neutron.db.ovn_revision_numbers_db [req-f16212c7-f76e-4761-8450-844f0fb695fe req-3b3e31ec-6691-4ccf-8aa6-75953e2051ad 90dd0f7260674af4bdf1327f900e9539 ba91cffb0fc3404eb2f1e4429ba45851 - - default default] Successfully bumped revision number for resource e2cb143b-d58e-41bd-973a-9bffbd2dfc5d (type: ports) to 1
2026-05-19 18:15:31.347 8 INFO neutron.db.segments_db [None req-07e1d669-fdbb-45d6-b270-52775c63ab20 - - - - - -] Added segment 75327b6d-3fb6-4c27-9ef3-57fe0ca50132 of type geneve for network b37a6e50-3c3d-43ab-adae-a914c25ec5dd [pid: 7|app: 0|req: 1136/2339] 199.204.45.19 () {38 vars in 954 bytes} [Tue May 19 18:15:30 2026] POST /v2.0/ports => generated 958 bytes in 861 msecs (HTTP/1.1 201) 4 headers in 162 bytes (1 switches on core 0) /var/lib/openstack/lib/python3.12/site-packages/pycadf/identifier.py:70: UserWarning: Invalid uuid: neutron. To ensure interoperability, identifiers should be a valid uuid. warnings.warn(('Invalid uuid: %s. To ensure interoperability, ' [pid: 7|app: 0|req: 1137/2340] 10.0.0.249 () {32 vars in 774 bytes} [Tue May 19 18:15:31 2026] GET /v2.0/security-groups?tenant_id=0dc18fe4d6264d5abb03d20e901ef4f6&name=default => generated 2925 bytes in 23 msecs (HTTP/1.1 200) 4 headers in 158 bytes (1 switches on core 0) [pid: 7|app: 0|req: 1138/2341] 10.0.0.229 () {34 vars in 990 bytes} [Tue May 19 18:15:31 2026] GET /v2.0/ports?device_id=14f28223-5b87-4495-bd9a-998f83575de7 => generated 961 bytes in 49 msecs (HTTP/1.1 200) 4 headers in 157 bytes (1 switches on core 0) [pid: 7|app: 0|req: 1139/2342] 199.204.45.19 () {34 vars in 993 bytes} [Tue May 19 18:15:31 2026] GET /v2.0/ports?device_id=798d3343-4888-47dc-bdb6-946f561a0abd => generated 971 bytes in 39 msecs (HTTP/1.1 200) 4 headers in 157 bytes (1 switches on core 0)
2026-05-19 18:15:31.517 8 INFO neutron.db.ovn_revision_numbers_db [None req-603a10e0-63c8-42de-8084-911623bb2b71 - - - - - -] Successfully bumped revision number for resource b37a6e50-3c3d-43ab-adae-a914c25ec5dd (type: networks) to 1
2026-05-19 18:15:31.700 8 WARNING neutron.scheduler.dhcp_agent_scheduler [None req-603a10e0-63c8-42de-8084-911623bb2b71 - - - - - -] No more DHCP agents
2026-05-19 18:15:31.701 8 WARNING neutron.api.rpc.agentnotifiers.dhcp_rpc_agent_api [None req-603a10e0-63c8-42de-8084-911623bb2b71 - - - - - -] Unable to schedule network b37a6e50-3c3d-43ab-adae-a914c25ec5dd: no agents available; will retry on subsequent port and subnet creation events.
2026-05-19 18:15:31.800 8 INFO neutron.db.ovn_revision_numbers_db [None req-603a10e0-63c8-42de-8084-911623bb2b71 - - - - - -] Successfully bumped revision number for resource cd56f9c8-741b-4b69-acde-0751354190f7 (type: ports) to 1
2026-05-19 18:15:31.934 7 INFO neutron.db.ovn_revision_numbers_db [req-f16212c7-f76e-4761-8450-844f0fb695fe req-ec018fa2-28fd-4b25-b1e5-5a87948ecc47 cd238e98905e47aba9a307d8e248ff76 c4b68decda7445d590087fb2dd400c0f - - ea65484c866f4356b403390243fc677d ea65484c866f4356b403390243fc677d] Successfully bumped revision number for resource e2cb143b-d58e-41bd-973a-9bffbd2dfc5d (type: ports) to 2
2026-05-19 18:15:31.935 8 WARNING neutron.scheduler.dhcp_agent_scheduler [None req-603a10e0-63c8-42de-8084-911623bb2b71 - - - - - -] No more DHCP agents
2026-05-19 18:15:31.936 8 WARNING neutron.api.rpc.agentnotifiers.dhcp_rpc_agent_api [None req-603a10e0-63c8-42de-8084-911623bb2b71 - - - - - -] Unable to schedule network b37a6e50-3c3d-43ab-adae-a914c25ec5dd: no agents available; will retry on subsequent port and subnet creation events.
2026-05-19 18:15:31.960 8 INFO neutron.db.ovn_revision_numbers_db [None req-603a10e0-63c8-42de-8084-911623bb2b71 - - - - - -] Successfully bumped revision number for resource 12395150-aa92-4729-8ee6-e09385651bbc (type: subnets) to 0
2026-05-19 18:15:32.151 7 INFO neutron.db.ovn_revision_numbers_db [req-f16212c7-f76e-4761-8450-844f0fb695fe req-ec018fa2-28fd-4b25-b1e5-5a87948ecc47 cd238e98905e47aba9a307d8e248ff76 c4b68decda7445d590087fb2dd400c0f - - ea65484c866f4356b403390243fc677d ea65484c866f4356b403390243fc677d] Successfully bumped revision number for resource e2cb143b-d58e-41bd-973a-9bffbd2dfc5d (type: ports) to 4 [pid: 7|app: 0|req: 1140/2343] 199.204.45.19 () {38 vars in 1027 bytes} [Tue May 19 18:15:31 2026] PUT /v2.0/ports/e2cb143b-d58e-41bd-973a-9bffbd2dfc5d => generated 1208 bytes in 662 msecs (HTTP/1.1 200) 4 headers in 158 bytes (1 switches on core 0) /var/lib/openstack/lib/python3.12/site-packages/pycadf/identifier.py:70: UserWarning: Invalid uuid: neutron. To ensure interoperability, identifiers should be a valid uuid. warnings.warn(('Invalid uuid: %s. To ensure interoperability, '
2026-05-19 18:15:32.391 8 WARNING neutron.scheduler.dhcp_agent_scheduler [None req-603a10e0-63c8-42de-8084-911623bb2b71 - - - - - -] No more DHCP agents
2026-05-19 18:15:32.393 8 WARNING neutron.api.rpc.agentnotifiers.dhcp_rpc_agent_api [None req-603a10e0-63c8-42de-8084-911623bb2b71 - - - - - -] Unable to schedule network b37a6e50-3c3d-43ab-adae-a914c25ec5dd: no agents available; will retry on subsequent port and subnet creation events. [pid: 7|app: 0|req: 1141/2344] 10.0.0.249 () {32 vars in 740 bytes} [Tue May 19 18:15:32 2026] DELETE /v2.0/security-groups/c7819d33-43be-4fdd-997b-7d0caa691e5d => generated 0 bytes in 280 msecs (HTTP/1.1 204) 2 headers in 112 bytes (1 switches on core 0) [pid: 7|app: 0|req: 1142/2345] 10.0.0.229 () {34 vars in 1040 bytes} [Tue May 19 18:15:32 2026] GET /v2.0/security-groups?id=2862a020-6cdb-4564-812e-3f6d6aa6c1db&fields=id&fields=name => generated 113 bytes in 30 msecs (HTTP/1.1 200) 4 headers in 157 bytes (1 switches on core 0)
2026-05-19 18:15:32.531 7 INFO neutron.notifiers.nova [-] Nova event matching ['req-002d1211-7714-467f-9d54-f061b4c709f2'] response: {'name': 'network-changed', 'server_uuid': '14f28223-5b87-4495-bd9a-998f83575de7', 'tag': 'e2cb143b-d58e-41bd-973a-9bffbd2dfc5d', 'status': 'completed', 'code': 200}
2026-05-19 18:15:32.562 8 INFO neutron.db.ovn_revision_numbers_db [None req-603a10e0-63c8-42de-8084-911623bb2b71 - - - - - -] Successfully bumped revision number for resource c9781e58-422f-450b-a573-c107b7293c81 (type: ports) to 1
2026-05-19 18:15:32.658 7 INFO neutron_taas.services.taas.taas_plugin [req-1401221e-a984-461e-abce-9ea2c3cb67e9 req-f980cb66-9763-4470-b494-a9bf6a1256be 4605d0518c534219b7c34c7e2a0e4c06 8572fad6b4b24d338e0e457026d363e6 - - default default] TaaS: Handle Delete Port: 4131cd16-2509-4792-80d3-3a678a8774ef
2026-05-19 18:15:32.661 7 INFO neutron_taas.services.taas.tap_mirror_plugin [req-1401221e-a984-461e-abce-9ea2c3cb67e9 req-f980cb66-9763-4470-b494-a9bf6a1256be 4605d0518c534219b7c34c7e2a0e4c06 8572fad6b4b24d338e0e457026d363e6 - - default default] Tap Mirror: Handle Delete Port: 4131cd16-2509-4792-80d3-3a678a8774ef [pid: 7|app: 0|req: 1143/2346] 199.204.45.19 () {36 vars in 996 bytes} [Tue May 19 18:15:32 2026] DELETE /v2.0/ports/4131cd16-2509-4792-80d3-3a678a8774ef => generated 0 bytes in 350 msecs (HTTP/1.1 204) 3 headers in 131 bytes (1 switches on core 0) [pid: 7|app: 0|req: 1144/2347] 10.0.0.229 () {34 vars in 990 bytes} [Tue May 19 18:15:32 2026] GET /v2.0/ports?device_id=798d3343-4888-47dc-bdb6-946f561a0abd => generated 12 bytes in 17 msecs (HTTP/1.1 200) 4 headers in 156 bytes (1 switches on core 0)
2026-05-19 18:15:32.990 7 INFO neutron.db.ovn_revision_numbers_db [None req-e5bb3b49-9935-41fd-9f42-eb9e71c60d6d 8e54a2d957224572881ca4755dd7402f eed618e96fe741a48d68921719fa3bb3 - - default default] Successfully bumped revision number for resource e4aadfb6-e9ff-475d-82ab-8af852864fe8 (type: security_groups) to 1
2026-05-19 18:15:33.007 7 INFO neutron.db.ovn_revision_numbers_db [None req-e5bb3b49-9935-41fd-9f42-eb9e71c60d6d 8e54a2d957224572881ca4755dd7402f eed618e96fe741a48d68921719fa3bb3 - - default default] Successfully bumped revision number for resource 122a1beb-46f8-4c3f-8864-b0f12afb9414 (type: security_group_rules) to 0
2026-05-19 18:15:33.022 7 INFO neutron.db.ovn_revision_numbers_db [None req-e5bb3b49-9935-41fd-9f42-eb9e71c60d6d 8e54a2d957224572881ca4755dd7402f eed618e96fe741a48d68921719fa3bb3 - - default default] Successfully bumped revision number for resource 26eabd9f-ea2b-4e0a-a4a3-f3b9533c5bc9 (type: security_group_rules) to 0
2026-05-19 18:15:33.033 7 INFO neutron.db.ovn_revision_numbers_db [None req-e5bb3b49-9935-41fd-9f42-eb9e71c60d6d 8e54a2d957224572881ca4755dd7402f eed618e96fe741a48d68921719fa3bb3 - - default default] Successfully bumped revision number for resource aa1f6467-4a14-4933-8cd3-5afe95464725 (type: security_group_rules) to 0
2026-05-19 18:15:33.045 7 INFO neutron.db.ovn_revision_numbers_db [None req-e5bb3b49-9935-41fd-9f42-eb9e71c60d6d 8e54a2d957224572881ca4755dd7402f eed618e96fe741a48d68921719fa3bb3 - - default default] Successfully bumped revision number for resource f913f220-83c3-486d-8e30-5901119be84e (type: security_group_rules) to 0 [pid: 7|app: 0|req: 1145/2348] 10.0.0.249 () {32 vars in 774 bytes} [Tue May 19 18:15:32 2026] GET /v2.0/security-groups?tenant_id=338360aa2038452a80bbb348b6ea860f&name=default => generated 2925 bytes in 247 msecs (HTTP/1.1 200) 4 headers in 158 bytes (1 switches on core 0) [pid: 7|app: 0|req: 1146/2349] 199.204.45.19 () {34 vars in 1079 bytes} [Tue May 19 18:15:33 2026] GET /v2.0/ports?tenant_id=ba91cffb0fc3404eb2f1e4429ba45851&device_id=14f28223-5b87-4495-bd9a-998f83575de7 => generated 1211 bytes in 35 msecs (HTTP/1.1 200) 4 headers in 158 bytes (1 switches on core 0)
2026-05-19 18:15:33.271 8 WARNING neutron.scheduler.dhcp_agent_scheduler [None req-603a10e0-63c8-42de-8084-911623bb2b71 - - - - - -] No more DHCP agents
2026-05-19 18:15:33.272 8 WARNING neutron.api.rpc.agentnotifiers.dhcp_rpc_agent_api [None req-603a10e0-63c8-42de-8084-911623bb2b71 - - - - - -] Unable to schedule network b37a6e50-3c3d-43ab-adae-a914c25ec5dd: no agents available; will retry on subsequent port and subnet creation events.
2026-05-19 18:15:33.399 8 WARNING neutron.plugins.ml2.drivers.ovn.mech_driver.ovsdb.ovn_client [None req-43267de1-db58-4dac-a942-470976e39dcc - - - - - -] No hosting information found for port 1af21d88-2ca3-42ac-be00-a25a444f7ed8: RuntimeError: No hosting information found for port 1af21d88-2ca3-42ac-be00-a25a444f7ed8
2026-05-19 18:15:33.400 8 INFO neutron.plugins.ml2.drivers.ovn.mech_driver.mech_driver [None req-43267de1-db58-4dac-a942-470976e39dcc - - - - - -] OVN reports status down for port: e2cb143b-d58e-41bd-973a-9bffbd2dfc5d [pid: 7|app: 0|req: 1147/2350] 10.0.0.249 () {32 vars in 740 bytes} [Tue May 19 18:15:33 2026] DELETE /v2.0/security-groups/e4aadfb6-e9ff-475d-82ab-8af852864fe8 => generated 0 bytes in 323 msecs (HTTP/1.1 204) 2 headers in 112 bytes (1 switches on core 0)
2026-05-19 18:15:33.520 8 INFO neutron.plugins.ml2.drivers.ovn.mech_driver.mech_driver [None req-43267de1-db58-4dac-a942-470976e39dcc - - - - - -] OVN reports status down for port: c9781e58-422f-450b-a573-c107b7293c81 [pid: 7|app: 0|req: 1148/2351] 199.204.45.19 () {34 vars in 1017 bytes} [Tue May 19 18:15:33 2026] GET /v2.0/networks?tenant_id=ba91cffb0fc3404eb2f1e4429ba45851&shared=False => generated 798 bytes in 72 msecs (HTTP/1.1 200) 4 headers in 157 bytes (1 switches on core 0)
2026-05-19 18:15:33.586 8 INFO neutron.notifiers.nova [-] Nova event matching ['req-41ab90c9-fd44-4c9c-9c9b-cfb0b90d21ed'] response: {'server_uuid': '14f28223-5b87-4495-bd9a-998f83575de7', 'name': 'network-vif-unplugged', 'status': 'completed', 'tag': 'e2cb143b-d58e-41bd-973a-9bffbd2dfc5d', 'code': 200} [pid: 7|app: 0|req: 1149/2352] 199.204.45.19 () {34 vars in 929 bytes} [Tue May 19 18:15:33 2026] GET /v2.0/networks?shared=True => generated 791 bytes in 65 msecs (HTTP/1.1 200) 4 headers in 157 bytes (1 switches on core 0)
2026-05-19 18:15:33.627 8 WARNING neutron.plugins.ml2.drivers.ovn.mech_driver.ovsdb.ovn_client [None req-43267de1-db58-4dac-a942-470976e39dcc - - - - - -] Logical_Switch_Port %s host information not removed, the port state is up
2026-05-19 18:15:33.627 8 INFO neutron.plugins.ml2.drivers.ovn.mech_driver.mech_driver [None req-43267de1-db58-4dac-a942-470976e39dcc - - - - - -] OVN reports status up for port: c9781e58-422f-450b-a573-c107b7293c81
2026-05-19 18:15:33.641 8 INFO neutron.plugins.ml2.plugin [None req-43267de1-db58-4dac-a942-470976e39dcc - - - - - -] Attempt 1 to provision port c9781e58-422f-450b-a573-c107b7293c81 [pid: 7|app: 0|req: 1150/2353] 10.0.0.229 () {34 vars in 990 bytes} [Tue May 19 18:15:33 2026] GET /v2.0/ports?device_id=14f28223-5b87-4495-bd9a-998f83575de7 => generated 973 bytes in 48 msecs (HTTP/1.1 200) 4 headers in 157 bytes (1 switches on core 0) [pid: 7|app: 0|req: 1151/2354] 10.0.0.229 () {34 vars in 1040 bytes} [Tue May 19 18:15:33 2026] GET /v2.0/security-groups?id=2862a020-6cdb-4564-812e-3f6d6aa6c1db&fields=id&fields=name => generated 113 bytes in 39 msecs (HTTP/1.1 200) 4 headers in 157 bytes (1 switches on core 0) [pid: 7|app: 0|req: 1152/2355] 10.0.0.229 () {34 vars in 990 bytes} [Tue May 19 18:15:33 2026] GET /v2.0/ports?device_id=798d3343-4888-47dc-bdb6-946f561a0abd => generated 12 bytes in 16 msecs (HTTP/1.1 200) 4 headers in 156 bytes (1 switches on core 0)
2026-05-19 18:15:34.050 8 INFO neutron.db.ovn_revision_numbers_db [None req-603a10e0-63c8-42de-8084-911623bb2b71 - - - - - -] Successfully bumped revision number for resource c9781e58-422f-450b-a573-c107b7293c81 (type: router_ports) to 1
2026-05-19 18:15:34.432 8 WARNING neutron.scheduler.dhcp_agent_scheduler [None req-603a10e0-63c8-42de-8084-911623bb2b71 - - - - - -] No more DHCP agents
2026-05-19 18:15:34.435 8 WARNING neutron.api.rpc.agentnotifiers.dhcp_rpc_agent_api [None req-603a10e0-63c8-42de-8084-911623bb2b71 - - - - - -] Unable to schedule network b37a6e50-3c3d-43ab-adae-a914c25ec5dd: no agents available; will retry on subsequent port and subnet creation events.
2026-05-19 18:15:34.455 8 INFO neutron.db.ovn_revision_numbers_db [None req-43267de1-db58-4dac-a942-470976e39dcc - - - - - -] Successfully bumped revision number for resource c9781e58-422f-450b-a573-c107b7293c81 (type: ports) to 2
2026-05-19 18:15:34.579 7 INFO neutron.notifiers.nova [-] Nova event matching ['req-9fa151be-291a-43d1-bc4b-ac1f6752546d'] response: {'server_uuid': '798d3343-4888-47dc-bdb6-946f561a0abd', 'name': 'network-vif-deleted', 'tag': '4131cd16-2509-4792-80d3-3a678a8774ef', 'status': 'completed', 'code': 200}
2026-05-19 18:15:34.626 8 INFO neutron.db.ovn_revision_numbers_db [None req-603a10e0-63c8-42de-8084-911623bb2b71 - - - - - -] Successfully bumped revision number for resource cb30bc15-0c8a-487d-93e2-20d4c4b11a95 (type: ports) to 1 [pid: 7|app: 0|req: 1153/2356] 199.204.45.19 () {34 vars in 1079 bytes} [Tue May 19 18:15:34 2026] GET /v2.0/ports?tenant_id=ba91cffb0fc3404eb2f1e4429ba45851&device_id=14f28223-5b87-4495-bd9a-998f83575de7 => generated 1211 bytes in 58 msecs (HTTP/1.1 200) 4 headers in 158 bytes (1 switches on core 0) [pid: 7|app: 0|req: 1154/2357] 199.204.45.19 () {34 vars in 1059 bytes} [Tue May 19 18:15:34 2026] GET /v2.0/floatingips?fixed_ip_address=10.100.0.13&port_id=e2cb143b-d58e-41bd-973a-9bffbd2dfc5d => generated 19 bytes in 23 msecs (HTTP/1.1 200) 4 headers in 156 bytes (1 switches on core 0) [pid: 7|app: 0|req: 1155/2358] 199.204.45.19 () {34 vars in 983 bytes} [Tue May 19 18:15:34 2026] GET /v2.0/subnets?id=54bc5123-b5a3-4fd7-82c6-e7b27ab2a034 => generated 677 bytes in 36 msecs (HTTP/1.1 200) 4 headers in 157 bytes (1 switches on core 0) [pid: 7|app: 0|req: 1156/2359] 199.204.45.19 () {34 vars in 1051 bytes} [Tue May 19 18:15:34 2026] GET /v2.0/ports?network_id=3dc079a9-6c5a-43e1-8359-70b6f9c09ef4&device_owner=network%3Adhcp => generated 12 bytes in 16 msecs (HTTP/1.1 200) 4 headers in 156 bytes (1 switches on core 0) [pid: 7|app: 0|req: 1157/2360] 10.0.0.229 () {34 vars in 990 bytes} [Tue May 19 18:15:34 2026] GET /v2.0/ports?device_id=14f28223-5b87-4495-bd9a-998f83575de7 => generated 973 bytes in 32 msecs (HTTP/1.1 200) 4 headers in 157 bytes (1 switches on core 0) [pid: 7|app: 0|req: 1158/2361] 199.204.45.19 () {34 vars in 1011 bytes} [Tue May 19 18:15:34 2026] GET /v2.0/networks/3dc079a9-6c5a-43e1-8359-70b6f9c09ef4?fields=segments => generated 14 bytes in 44 msecs (HTTP/1.1 200) 4 headers in 156 bytes (1 switches on core 0)
2026-05-19 18:15:34.879 8 INFO neutron.db.ovn_revision_numbers_db [None req-603a10e0-63c8-42de-8084-911623bb2b71 - - - - - -] Successfully bumped revision number for resource cb30bc15-0c8a-487d-93e2-20d4c4b11a95 (type: ports) to 3 [pid: 7|app: 0|req: 1159/2362] 10.0.0.229 () {34 vars in 1040 bytes} [Tue May 19 18:15:34 2026] GET /v2.0/security-groups?id=2862a020-6cdb-4564-812e-3f6d6aa6c1db&fields=id&fields=name => generated 113 bytes in 36 msecs (HTTP/1.1 200) 4 headers in 157 bytes (1 switches on core 0) [pid: 7|app: 0|req: 1160/2363] 199.204.45.19 () {34 vars in 1111 bytes} [Tue May 19 18:15:34 2026] GET /v2.0/networks/3dc079a9-6c5a-43e1-8359-70b6f9c09ef4?fields=provider%3Aphysical_network&fields=provider%3Anetwork_type => generated 79 bytes in 37 msecs (HTTP/1.1 200) 4 headers in 156 bytes (1 switches on core 0) [pid: 7|app: 0|req: 1161/2364] 10.0.0.229 () {34 vars in 990 bytes} [Tue May 19 18:15:35 2026] GET /v2.0/ports?device_id=798d3343-4888-47dc-bdb6-946f561a0abd => generated 12 bytes in 22 msecs (HTTP/1.1 200) 4 headers in 156 bytes (1 switches on core 0) [pid: 8|app: 0|req: 1204/2365] 10.0.0.249 () {34 vars in 685 bytes} [Tue May 19 18:15:30 2026] POST /v2.0/vpn/vpnservices => generated 458 bytes in 4923 msecs (HTTP/1.1 201) 4 headers in 162 bytes (1 switches on core 0) [pid: 7|app: 0|req: 1162/2366] 10.0.0.249 () {32 vars in 663 bytes} [Tue May 19 18:15:35 2026] GET /v2.0/vpn/vpnservices => generated 1315 bytes in 15 msecs (HTTP/1.1 200) 4 headers in 158 bytes (1 switches on core 0)
2026-05-19 18:15:35.345 8 INFO neutron_taas.services.taas.taas_plugin [None req-52ff66dd-806c-4cd7-908b-cc390bcd6317 5a4d0684789240acb9909ae0363ccd70 c23a1d1067464156b7fb6b9e537cd9bb - - default default] TaaS: Handle Delete Port: bcbb15b5-1eca-4d45-836b-46dcc3698c9d
2026-05-19 18:15:35.347 8 INFO neutron_taas.services.taas.tap_mirror_plugin [None req-52ff66dd-806c-4cd7-908b-cc390bcd6317 5a4d0684789240acb9909ae0363ccd70 c23a1d1067464156b7fb6b9e537cd9bb - - default default] Tap Mirror: Handle Delete Port: bcbb15b5-1eca-4d45-836b-46dcc3698c9d
2026-05-19 18:15:35.591 8 INFO neutron_taas.services.taas.taas_plugin [None req-a6c6ffaa-aa0d-4bcd-b19a-9ceb74e0a1fd - - - - - -] TaaS: Handle Delete Port: cb30bc15-0c8a-487d-93e2-20d4c4b11a95
2026-05-19 18:15:35.594 8 INFO neutron_taas.services.taas.tap_mirror_plugin [None req-a6c6ffaa-aa0d-4bcd-b19a-9ceb74e0a1fd - - - - - -] Tap Mirror: Handle Delete Port: cb30bc15-0c8a-487d-93e2-20d4c4b11a95 [pid: 7|app: 0|req: 1165/2369] 10.0.0.229 () {34 vars in 990 bytes} [Tue May 19 18:15:35 2026] GET /v2.0/ports?device_id=14f28223-5b87-4495-bd9a-998f83575de7 => generated 973 bytes in 56 msecs (HTTP/1.1 200) 4 headers in 157 bytes (1 switches on core 0)
2026-05-19 18:15:36.062 8 INFO neutron_taas.services.taas.taas_plugin [None req-bc0b7f69-9976-4fb9-b9a1-3a2fc7cc3274 - - - - - -] TaaS: Handle Delete Port: c9781e58-422f-450b-a573-c107b7293c81
2026-05-19 18:15:36.065 8 INFO neutron_taas.services.taas.tap_mirror_plugin [None req-bc0b7f69-9976-4fb9-b9a1-3a2fc7cc3274 - - - - - -] Tap Mirror: Handle Delete Port: c9781e58-422f-450b-a573-c107b7293c81 [pid: 7|app: 0|req: 1166/2370] 10.0.0.229 () {34 vars in 1040 bytes} [Tue May 19 18:15:36 2026] GET /v2.0/security-groups?id=2862a020-6cdb-4564-812e-3f6d6aa6c1db&fields=id&fields=name => generated 113 bytes in 45 msecs (HTTP/1.1 200) 4 headers in 157 bytes (1 switches on core 0)
2026-05-19 18:15:36.409 7 WARNING neutron.plugins.ml2.drivers.ovn.mech_driver.ovsdb.ovn_client [None req-262030fa-ee01-4a45-b88f-bddd8a3d5279 - - - - - -] No hosting information found for port aea98488-1fe4-4c72-91da-f5f4def2c30f: RuntimeError: No hosting information found for port aea98488-1fe4-4c72-91da-f5f4def2c30f
2026-05-19 18:15:36.410 7 INFO neutron.plugins.ml2.drivers.ovn.mech_driver.mech_driver [None req-262030fa-ee01-4a45-b88f-bddd8a3d5279 - - - - - -] OVN reports status down for port: 4131cd16-2509-4792-80d3-3a678a8774ef
2026-05-19 18:15:36.509 7 INFO neutron.db.ovn_revision_numbers_db [None req-262030fa-ee01-4a45-b88f-bddd8a3d5279 - - - - - -] Successfully bumped revision number for resource aea98488-1fe4-4c72-91da-f5f4def2c30f (type: router_ports) to 2
2026-05-19 18:15:36.547 7 INFO neutron.plugins.ml2.drivers.ovn.mech_driver.mech_driver [None req-262030fa-ee01-4a45-b88f-bddd8a3d5279 - - - - - -] OVN reports status down for port: bcbb15b5-1eca-4d45-836b-46dcc3698c9d
2026-05-19 18:15:36.556 7 INFO neutron.plugins.ml2.drivers.ovn.mech_driver.mech_driver [None req-262030fa-ee01-4a45-b88f-bddd8a3d5279 - - - - - -] OVN reports status down for port: cd56f9c8-741b-4b69-acde-0751354190f7
2026-05-19 18:15:36.616 7 INFO neutron.plugins.ml2.drivers.ovn.mech_driver.mech_driver [None req-262030fa-ee01-4a45-b88f-bddd8a3d5279 - - - - - -] OVN reports status down for port: cb30bc15-0c8a-487d-93e2-20d4c4b11a95
2026-05-19 18:15:36.881 8 INFO neutron_taas.services.taas.taas_plugin [None req-bc0b7f69-9976-4fb9-b9a1-3a2fc7cc3274 - - - - - -] TaaS: Handle Delete Port: cd56f9c8-741b-4b69-acde-0751354190f7
2026-05-19 18:15:36.885 8 INFO neutron_taas.services.taas.tap_mirror_plugin [None req-bc0b7f69-9976-4fb9-b9a1-3a2fc7cc3274 - - - - - -] Tap Mirror: Handle Delete Port: cd56f9c8-741b-4b69-acde-0751354190f7
2026-05-19 18:15:37.008 7 INFO neutron.db.ovn_revision_numbers_db [None req-e0466a70-4689-47dc-8e3b-47ec971981df 12a769a65f7d45929210dcff14126b2b 5d33a2ebf1904ef79ab216848c7602d2 - - default default] Successfully bumped revision number for resource 5d535b98-4ca2-4f90-9908-d3f5bfcbd776 (type: security_groups) to 1
2026-05-19 18:15:37.023 7 INFO neutron.db.ovn_revision_numbers_db [None req-e0466a70-4689-47dc-8e3b-47ec971981df 12a769a65f7d45929210dcff14126b2b 5d33a2ebf1904ef79ab216848c7602d2 - - default default] Successfully bumped revision number for resource 5007c8d8-059e-4d8c-b7bd-5886c04453f9 (type: security_group_rules) to 0
2026-05-19 18:15:37.037 7 INFO neutron.db.ovn_revision_numbers_db [None req-e0466a70-4689-47dc-8e3b-47ec971981df 12a769a65f7d45929210dcff14126b2b 5d33a2ebf1904ef79ab216848c7602d2 - - default default] Successfully bumped revision number for resource 7a231167-030d-4b43-b9cd-f018323390fd (type: security_group_rules) to 0
2026-05-19 18:15:37.051 7 INFO neutron.db.ovn_revision_numbers_db [None req-e0466a70-4689-47dc-8e3b-47ec971981df 12a769a65f7d45929210dcff14126b2b 5d33a2ebf1904ef79ab216848c7602d2 - - default default] Successfully bumped revision number for resource 824e0412-829c-478b-ab03-47c6f6ee5221 (type: security_group_rules) to 0
2026-05-19 18:15:37.062 7 INFO neutron.db.ovn_revision_numbers_db [None req-e0466a70-4689-47dc-8e3b-47ec971981df 12a769a65f7d45929210dcff14126b2b 5d33a2ebf1904ef79ab216848c7602d2 - - default default] Successfully bumped revision number for resource f9983dd6-ed11-4ab2-85e6-3af192dff012 (type: security_group_rules) to 0
2026-05-19 18:15:37.110 8 INFO neutron.services.segments.plugin [-] Segment 75327b6d-3fb6-4c27-9ef3-57fe0ca50132 resource provider aggregate not found
