2026-05-19 18:13:08.599 8 INFO neutron.db.ovn_revision_numbers_db [None req-5b24a1f1-a49e-4808-aede-f7809b4b1175 b4e24c81a2f94ecea3143be300ce9c44 95f5f3b7bb9c4787af4c97effcb49ac2 - - default default] Successfully bumped revision number for resource b22aeb02-02bb-4fee-8406-f13b75621c98 (type: ports) to 1 [pid: 7|app: 0|req: 568/1169] 10.0.0.249 () {32 vars in 774 bytes} [Tue May 19 18:13:08 2026] GET /v2.0/security-groups?tenant_id=f9a476c528824694b866de74301cea5e&name=default => generated 2925 bytes in 206 msecs (HTTP/1.1 200) 4 headers in 158 bytes (1 switches on core 0)
2026-05-19 18:13:08.846 7 INFO neutron_taas.services.taas.taas_plugin [None req-43407989-03a2-4f8b-b4c1-4ef970305cae 8e54a2d957224572881ca4755dd7402f eed618e96fe741a48d68921719fa3bb3 - - default default] TaaS: Handle Delete Port: 06d973d3-d868-4ba7-b162-4f371e625c46
2026-05-19 18:13:08.848 7 INFO neutron_taas.services.taas.tap_mirror_plugin [None req-43407989-03a2-4f8b-b4c1-4ef970305cae 8e54a2d957224572881ca4755dd7402f eed618e96fe741a48d68921719fa3bb3 - - default default] Tap Mirror: Handle Delete Port: 06d973d3-d868-4ba7-b162-4f371e625c46 [pid: 7|app: 0|req: 569/1170] 10.0.0.249 () {32 vars in 726 bytes} [Tue May 19 18:13:08 2026] DELETE /v2.0/networks/c5cc5af6-7632-47ca-b868-be1158be369f => generated 0 bytes in 345 msecs (HTTP/1.1 204) 3 headers in 131 bytes (1 switches on core 0)
2026-05-19 18:13:09.146 7 INFO neutron.plugins.ml2.drivers.ovn.mech_driver.mech_driver [None req-fc830045-2f10-472d-a5e2-0158c81e4b56 - - - - - -] OVN reports status up for port: b22aeb02-02bb-4fee-8406-f13b75621c98
2026-05-19 18:13:09.171 7 INFO neutron.plugins.ml2.plugin [None req-fc830045-2f10-472d-a5e2-0158c81e4b56 - - - - - -] Attempt 1 to provision port b22aeb02-02bb-4fee-8406-f13b75621c98
2026-05-19 18:13:09.224 8 WARNING neutron.scheduler.dhcp_agent_scheduler [None req-5b24a1f1-a49e-4808-aede-f7809b4b1175 b4e24c81a2f94ecea3143be300ce9c44 95f5f3b7bb9c4787af4c97effcb49ac2 - - default default] No more DHCP agents
2026-05-19 18:13:09.225 8 WARNING neutron.api.rpc.agentnotifiers.dhcp_rpc_agent_api [None req-5b24a1f1-a49e-4808-aede-f7809b4b1175 b4e24c81a2f94ecea3143be300ce9c44 95f5f3b7bb9c4787af4c97effcb49ac2 - - default default] Unable to schedule network 4c36f3fe-878c-4787-abd2-7c999fe60a59: no agents available; will retry on subsequent port and subnet creation events.
2026-05-19 18:13:09.334 7 INFO neutron.services.segments.plugin [-] Segment 0624b4b5-a1d9-4d49-838e-ece8d0c20349 resource provider aggregate not found
2026-05-19 18:13:09.352 7 INFO neutron.services.segments.plugin [-] Segment 0624b4b5-a1d9-4d49-838e-ece8d0c20349 resource provider aggregate not found
2026-05-19 18:13:09.369 7 INFO neutron.services.segments.plugin [-] Segment 0624b4b5-a1d9-4d49-838e-ece8d0c20349 resource provider not found; error: Placement Client Error (4xx): {"errors": [{"status": 404, "title": "Not Found", "detail": "The resource could not be found.\n\n No resource provider with uuid 0624b4b5-a1d9-4d49-838e-ece8d0c20349 found for delete ", "request_id": "req-cc41b16d-e038-4c1a-af6f-71a6a88d74b3"}]}
2026-05-19 18:13:09.369 7 INFO neutron.services.segments.plugin [-] Segment 0624b4b5-a1d9-4d49-838e-ece8d0c20349 resource provider not found; error: Placement Client Error (4xx): {"errors": [{"status": 404, "title": "Not Found", "detail": "The resource could not be found.\n\n No resource provider with uuid 0624b4b5-a1d9-4d49-838e-ece8d0c20349 found for delete ", "request_id": "req-0d5f9345-b697-495c-91cc-2737d4d1a219"}]} [pid: 7|app: 0|req: 570/1171] 10.0.0.249 () {32 vars in 740 bytes} [Tue May 19 18:13:09 2026] DELETE /v2.0/security-groups/1fcedc2c-c514-4748-9470-fd9cc5da594a => generated 0 bytes in 379 msecs (HTTP/1.1 204) 2 headers in 112 bytes (1 switches on core 0)
2026-05-19 18:13:09.426 8 INFO neutron.db.ovn_revision_numbers_db [None req-5b24a1f1-a49e-4808-aede-f7809b4b1175 b4e24c81a2f94ecea3143be300ce9c44 95f5f3b7bb9c4787af4c97effcb49ac2 - - default default] Successfully bumped revision number for resource b22aeb02-02bb-4fee-8406-f13b75621c98 (type: router_ports) to 1 [pid: 8|app: 0|req: 602/1172] 10.0.0.249 () {34 vars in 783 bytes} [Tue May 19 18:13:07 2026] PUT /v2.0/routers/43cf6c98-34db-44df-abbb-628977512c8e/add_router_interface => generated 309 bytes in 1443 msecs (HTTP/1.1 200) 4 headers in 157 bytes (1 switches on core 0) [pid: 8|app: 0|req: 603/1173] 10.0.0.249 () {32 vars in 774 bytes} [Tue May 19 18:13:09 2026] GET /v2.0/security-groups?tenant_id=f24cd2aa3010419ba506cd0b6a19805f&name=default => generated 2925 bytes in 25 msecs (HTTP/1.1 200) 4 headers in 158 bytes (1 switches on core 0) [pid: 8|app: 0|req: 604/1174] 10.0.0.249 () {32 vars in 717 bytes} [Tue May 19 18:13:09 2026] GET /v2.0/ports/b22aeb02-02bb-4fee-8406-f13b75621c98 => generated 955 bytes in 75 msecs (HTTP/1.1 200) 4 headers in 157 bytes (1 switches on core 0)
2026-05-19 18:13:09.709 7 INFO neutron.db.ovn_revision_numbers_db [None req-79925c98-c345-47ca-85e1-f07f73156bdf 8e54a2d957224572881ca4755dd7402f eed618e96fe741a48d68921719fa3bb3 - - default default] Successfully bumped revision number for resource 329fcc4d-b0a4-4788-8eef-6184b7db5551 (type: security_groups) to 1
2026-05-19 18:13:09.730 7 INFO neutron.db.ovn_revision_numbers_db [None req-79925c98-c345-47ca-85e1-f07f73156bdf 8e54a2d957224572881ca4755dd7402f eed618e96fe741a48d68921719fa3bb3 - - default default] Successfully bumped revision number for resource 15181c76-5c57-433d-ae9b-cacdab522bd4 (type: security_group_rules) to 0
2026-05-19 18:13:09.748 7 INFO neutron.db.ovn_revision_numbers_db [None req-79925c98-c345-47ca-85e1-f07f73156bdf 8e54a2d957224572881ca4755dd7402f eed618e96fe741a48d68921719fa3bb3 - - default default] Successfully bumped revision number for resource 288c14d5-cb7a-4642-bad9-9c2f1de68330 (type: security_group_rules) to 0
2026-05-19 18:13:09.769 7 INFO neutron.db.ovn_revision_numbers_db [None req-79925c98-c345-47ca-85e1-f07f73156bdf 8e54a2d957224572881ca4755dd7402f eed618e96fe741a48d68921719fa3bb3 - - default default] Successfully bumped revision number for resource 5b8e1d94-70d1-4522-abe1-5f66fae3c90a (type: security_group_rules) to 0 [pid: 8|app: 0|req: 605/1175] 10.0.0.249 () {32 vars in 740 bytes} [Tue May 19 18:13:09 2026] DELETE /v2.0/security-groups/46d87e9f-28fb-4326-b891-e282271089b4 => generated 0 bytes in 237 msecs (HTTP/1.1 204) 2 headers in 112 bytes (1 switches on core 0)
2026-05-19 18:13:09.791 7 INFO neutron.db.ovn_revision_numbers_db [None req-79925c98-c345-47ca-85e1-f07f73156bdf 8e54a2d957224572881ca4755dd7402f eed618e96fe741a48d68921719fa3bb3 - - default default] Successfully bumped revision number for resource e7d97db3-e453-471b-83fc-c8988074929b (type: security_group_rules) to 0 [pid: 8|app: 0|req: 606/1176] 10.0.0.249 () {32 vars in 717 bytes} [Tue May 19 18:13:09 2026] GET /v2.0/ports/b22aeb02-02bb-4fee-8406-f13b75621c98 => generated 955 bytes in 27 msecs (HTTP/1.1 200) 4 headers in 157 bytes (1 switches on core 0)
2026-05-19 18:13:09.822 7 INFO neutron.db.ovn_revision_numbers_db [None req-fc830045-2f10-472d-a5e2-0158c81e4b56 - - - - - -] Successfully bumped revision number for resource b22aeb02-02bb-4fee-8406-f13b75621c98 (type: ports) to 2 [pid: 7|app: 0|req: 571/1177] 10.0.0.249 () {32 vars in 774 bytes} [Tue May 19 18:13:09 2026] GET /v2.0/security-groups?tenant_id=e3012d6a8f0242eda56aa0cb0a78edef&name=default => generated 2925 bytes in 437 msecs (HTTP/1.1 200) 4 headers in 158 bytes (1 switches on core 0)
2026-05-19 18:13:10.068 8 INFO neutron_taas.services.taas.taas_plugin [None req-3c9b223a-6e09-4b52-a442-01557658e786 b4e24c81a2f94ecea3143be300ce9c44 95f5f3b7bb9c4787af4c97effcb49ac2 - - default default] TaaS: Handle Delete Port: b22aeb02-02bb-4fee-8406-f13b75621c98
2026-05-19 18:13:10.072 8 INFO neutron_taas.services.taas.tap_mirror_plugin [None req-3c9b223a-6e09-4b52-a442-01557658e786 b4e24c81a2f94ecea3143be300ce9c44 95f5f3b7bb9c4787af4c97effcb49ac2 - - default default] Tap Mirror: Handle Delete Port: b22aeb02-02bb-4fee-8406-f13b75621c98 [pid: 7|app: 0|req: 572/1178] 10.0.0.249 () {32 vars in 740 bytes} [Tue May 19 18:13:09 2026] DELETE /v2.0/security-groups/329fcc4d-b0a4-4788-8eef-6184b7db5551 => generated 0 bytes in 275 msecs (HTTP/1.1 204) 2 headers in 112 bytes (1 switches on core 0) [pid: 8|app: 0|req: 607/1179] 10.0.0.249 () {34 vars in 789 bytes} [Tue May 19 18:13:09 2026] PUT /v2.0/routers/43cf6c98-34db-44df-abbb-628977512c8e/remove_router_interface => generated 309 bytes in 589 msecs (HTTP/1.1 200) 4 headers in 157 bytes (1 switches on core 0) /var/lib/openstack/lib/python3.12/site-packages/pycadf/identifier.py:70: UserWarning: Invalid uuid: neutron. To ensure interoperability, identifiers should be a valid uuid. warnings.warn(('Invalid uuid: %s. To ensure interoperability, ' [pid: 8|app: 0|req: 608/1180] 10.0.0.249 () {32 vars in 717 bytes} [Tue May 19 18:13:10 2026] GET /v2.0/ports/96454aa6-c6ae-49cd-99eb-b283f30410c6 => generated 947 bytes in 59 msecs (HTTP/1.1 200) 4 headers in 157 bytes (1 switches on core 0)
2026-05-19 18:13:10.459 7 INFO neutron.db.ovn_revision_numbers_db [None req-4b5f57b5-b676-49e7-98bc-b0af2fabd37a 8e54a2d957224572881ca4755dd7402f eed618e96fe741a48d68921719fa3bb3 - - default default] Successfully bumped revision number for resource 1fc108f6-3dcf-4ec3-a0ee-2366644b81f1 (type: security_groups) to 1
2026-05-19 18:13:10.479 7 INFO neutron.db.ovn_revision_numbers_db [None req-4b5f57b5-b676-49e7-98bc-b0af2fabd37a 8e54a2d957224572881ca4755dd7402f eed618e96fe741a48d68921719fa3bb3 - - default default] Successfully bumped revision number for resource 5c7ecf00-968f-4dc4-b6fe-eb330ada1f9b (type: security_group_rules) to 0
2026-05-19 18:13:10.493 7 INFO neutron.db.ovn_revision_numbers_db [None req-4b5f57b5-b676-49e7-98bc-b0af2fabd37a 8e54a2d957224572881ca4755dd7402f eed618e96fe741a48d68921719fa3bb3 - - default default] Successfully bumped revision number for resource 87a31e4a-ac29-4166-92f6-242777e6f708 (type: security_group_rules) to 0
2026-05-19 18:13:10.506 7 INFO neutron.db.ovn_revision_numbers_db [None req-4b5f57b5-b676-49e7-98bc-b0af2fabd37a 8e54a2d957224572881ca4755dd7402f eed618e96fe741a48d68921719fa3bb3 - - default default] Successfully bumped revision number for resource 9da7b8ff-64c4-4949-9d5e-18ffa619f603 (type: security_group_rules) to 0
2026-05-19 18:13:10.520 7 INFO neutron.db.ovn_revision_numbers_db [None req-4b5f57b5-b676-49e7-98bc-b0af2fabd37a 8e54a2d957224572881ca4755dd7402f eed618e96fe741a48d68921719fa3bb3 - - default default] Successfully bumped revision number for resource d1f5259d-ac90-4e0e-b78f-b01c1dc66bdd (type: security_group_rules) to 0 [pid: 7|app: 0|req: 573/1181] 10.0.0.249 () {32 vars in 774 bytes} [Tue May 19 18:13:10 2026] GET /v2.0/security-groups?tenant_id=c110219e8e2749f5a554659f4813009a&name=default => generated 2925 bytes in 285 msecs (HTTP/1.1 200) 4 headers in 158 bytes (1 switches on core 0)
2026-05-19 18:13:10.786 8 INFO neutron_taas.services.taas.taas_plugin [None req-0608f7fc-6b57-423c-8379-c02808e9374b b4e24c81a2f94ecea3143be300ce9c44 95f5f3b7bb9c4787af4c97effcb49ac2 - - default default] TaaS: Handle Delete Port: 96454aa6-c6ae-49cd-99eb-b283f30410c6
2026-05-19 18:13:10.790 8 INFO neutron_taas.services.taas.tap_mirror_plugin [None req-0608f7fc-6b57-423c-8379-c02808e9374b b4e24c81a2f94ecea3143be300ce9c44 95f5f3b7bb9c4787af4c97effcb49ac2 - - default default] Tap Mirror: Handle Delete Port: 96454aa6-c6ae-49cd-99eb-b283f30410c6 [pid: 7|app: 0|req: 574/1182] 10.0.0.249 () {32 vars in 740 bytes} [Tue May 19 18:13:10 2026] DELETE /v2.0/security-groups/1fc108f6-3dcf-4ec3-a0ee-2366644b81f1 => generated 0 bytes in 238 msecs (HTTP/1.1 204) 2 headers in 112 bytes (1 switches on core 0) [pid: 8|app: 0|req: 609/1183] 10.0.0.249 () {34 vars in 789 bytes} [Tue May 19 18:13:10 2026] PUT /v2.0/routers/43cf6c98-34db-44df-abbb-628977512c8e/remove_router_interface => generated 309 bytes in 608 msecs (HTTP/1.1 200) 4 headers in 157 bytes (1 switches on core 0) [pid: 7|app: 0|req: 575/1184] 10.0.0.249 () {32 vars in 736 bytes} [Tue May 19 18:13:11 2026] GET /v2.0/ports?device_id=43cf6c98-34db-44df-abbb-628977512c8e => generated 12 bytes in 21 msecs (HTTP/1.1 200) 4 headers in 156 bytes (1 switches on core 0) /var/lib/openstack/lib/python3.12/site-packages/pycadf/identifier.py:70: UserWarning: Invalid uuid: neutron. To ensure interoperability, identifiers should be a valid uuid. warnings.warn(('Invalid uuid: %s. To ensure interoperability, ' [pid: 8|app: 0|req: 610/1185] 10.0.0.249 () {32 vars in 724 bytes} [Tue May 19 18:13:11 2026] DELETE /v2.0/routers/43cf6c98-34db-44df-abbb-628977512c8e => generated 0 bytes in 175 msecs (HTTP/1.1 204) 2 headers in 112 bytes (1 switches on core 0)
2026-05-19 18:13:11.568 8 INFO neutron.db.ovn_revision_numbers_db [None req-0087368b-d77a-4507-91c1-c3bf5bf8399d 0a45f7b1f10843ed997a66f953aa5d87 2afa4675060b424f869377065038af39 - - default default] Successfully bumped revision number for resource c036a14b-d4e4-4336-b384-3edefc27f159 (type: security_groups) to 1
2026-05-19 18:13:11.582 8 INFO neutron.db.ovn_revision_numbers_db [None req-0087368b-d77a-4507-91c1-c3bf5bf8399d 0a45f7b1f10843ed997a66f953aa5d87 2afa4675060b424f869377065038af39 - - default default] Successfully bumped revision number for resource 1f5c5be6-fc17-4167-a376-3bb36a0c235a (type: security_group_rules) to 0
2026-05-19 18:13:11.594 8 INFO neutron.db.ovn_revision_numbers_db [None req-0087368b-d77a-4507-91c1-c3bf5bf8399d 0a45f7b1f10843ed997a66f953aa5d87 2afa4675060b424f869377065038af39 - - default default] Successfully bumped revision number for resource 250d0dfc-162c-4a7c-8780-a9f653da9134 (type: security_group_rules) to 0
2026-05-19 18:13:11.610 8 INFO neutron.db.ovn_revision_numbers_db [None req-0087368b-d77a-4507-91c1-c3bf5bf8399d 0a45f7b1f10843ed997a66f953aa5d87 2afa4675060b424f869377065038af39 - - default default] Successfully bumped revision number for resource 54f6bc41-b942-4736-8005-3bedc39862c0 (type: security_group_rules) to 0
2026-05-19 18:13:11.622 8 INFO neutron.db.ovn_revision_numbers_db [None req-0087368b-d77a-4507-91c1-c3bf5bf8399d 0a45f7b1f10843ed997a66f953aa5d87 2afa4675060b424f869377065038af39 - - default default] Successfully bumped revision number for resource e0876811-2289-46ca-abf5-b697991c4bdf (type: security_group_rules) to 0
2026-05-19 18:13:11.702 8 INFO neutron.db.segments_db [None req-0087368b-d77a-4507-91c1-c3bf5bf8399d 0a45f7b1f10843ed997a66f953aa5d87 2afa4675060b424f869377065038af39 - - default default] Added segment 48bdc7c1-3f15-423d-ae9b-d60d26b05960 of type geneve for network 5b3ece53-9b7a-4ddc-a61e-fa55862ce3a0
2026-05-19 18:13:11.813 8 INFO neutron.db.ovn_revision_numbers_db [None req-0087368b-d77a-4507-91c1-c3bf5bf8399d 0a45f7b1f10843ed997a66f953aa5d87 2afa4675060b424f869377065038af39 - - default default] Successfully bumped revision number for resource 5b3ece53-9b7a-4ddc-a61e-fa55862ce3a0 (type: networks) to 1 [pid: 7|app: 0|req: 576/1186] 10.0.0.249 () {32 vars in 724 bytes} [Tue May 19 18:13:11 2026] DELETE /v2.0/subnets/2643a600-4b6e-4dd2-a340-55d815cd7024 => generated 0 bytes in 619 msecs (HTTP/1.1 204) 3 headers in 131 bytes (1 switches on core 0)
2026-05-19 18:13:11.993 8 WARNING neutron.scheduler.dhcp_agent_scheduler [None req-0087368b-d77a-4507-91c1-c3bf5bf8399d 0a45f7b1f10843ed997a66f953aa5d87 2afa4675060b424f869377065038af39 - - default default] No more DHCP agents
2026-05-19 18:13:11.994 8 WARNING neutron.api.rpc.agentnotifiers.dhcp_rpc_agent_api [None req-0087368b-d77a-4507-91c1-c3bf5bf8399d 0a45f7b1f10843ed997a66f953aa5d87 2afa4675060b424f869377065038af39 - - default default] Unable to schedule network 5b3ece53-9b7a-4ddc-a61e-fa55862ce3a0: no agents available; will retry on subsequent port and subnet creation events.
2026-05-19 18:13:12.092 8 INFO neutron.db.ovn_revision_numbers_db [None req-0087368b-d77a-4507-91c1-c3bf5bf8399d 0a45f7b1f10843ed997a66f953aa5d87 2afa4675060b424f869377065038af39 - - default default] Successfully bumped revision number for resource 8dad7b6d-1365-42c0-b5bb-c1d9dc443e23 (type: ports) to 1 [pid: 8|app: 0|req: 611/1187] 10.0.0.249 () {34 vars in 670 bytes} [Tue May 19 18:13:11 2026] POST /v2.0/networks => generated 662 bytes in 848 msecs (HTTP/1.1 201) 4 headers in 162 bytes (1 switches on core 0)
2026-05-19 18:13:12.177 7 INFO neutron.db.ovn_revision_numbers_db [None req-a437092e-30db-405e-9cfc-a094df003faf 8e54a2d957224572881ca4755dd7402f eed618e96fe741a48d68921719fa3bb3 - - default default] Successfully bumped revision number for resource 7299a4b4-ddb5-4b40-b825-cd1d63521575 (type: security_groups) to 1
2026-05-19 18:13:12.189 7 INFO neutron.db.ovn_revision_numbers_db [None req-a437092e-30db-405e-9cfc-a094df003faf 8e54a2d957224572881ca4755dd7402f eed618e96fe741a48d68921719fa3bb3 - - default default] Successfully bumped revision number for resource 0d0d09b1-6c4f-4e7e-a46a-f377d776c5ef (type: security_group_rules) to 0
2026-05-19 18:13:12.225 7 INFO neutron.db.ovn_revision_numbers_db [None req-a437092e-30db-405e-9cfc-a094df003faf 8e54a2d957224572881ca4755dd7402f eed618e96fe741a48d68921719fa3bb3 - - default default] Successfully bumped revision number for resource 36b4d922-78ba-4da3-acea-26204351537e (type: security_group_rules) to 0
2026-05-19 18:13:12.247 7 INFO neutron.db.ovn_revision_numbers_db [None req-a437092e-30db-405e-9cfc-a094df003faf 8e54a2d957224572881ca4755dd7402f eed618e96fe741a48d68921719fa3bb3 - - default default] Successfully bumped revision number for resource b3cafa90-eca7-40ed-bfc6-5c55da37e242 (type: security_group_rules) to 0
2026-05-19 18:13:12.259 7 INFO neutron.db.ovn_revision_numbers_db [None req-a437092e-30db-405e-9cfc-a094df003faf 8e54a2d957224572881ca4755dd7402f eed618e96fe741a48d68921719fa3bb3 - - default default] Successfully bumped revision number for resource d9896dc5-85d0-40d9-ac9f-8a77580756a1 (type: security_group_rules) to 0 [pid: 8|app: 0|req: 612/1188] 10.0.0.249 () {32 vars in 724 bytes} [Tue May 19 18:13:12 2026] DELETE /v2.0/subnets/a1562df5-3b55-45e7-a63a-3db7d391fab4 => generated 0 bytes in 138 msecs (HTTP/1.1 204) 3 headers in 131 bytes (1 switches on core 0)
2026-05-19 18:13:12.327 7 INFO neutron.db.segments_db [None req-a437092e-30db-405e-9cfc-a094df003faf 8e54a2d957224572881ca4755dd7402f eed618e96fe741a48d68921719fa3bb3 - - default default] Added segment b836c82b-ca98-465c-b32d-b90cffc7ddd7 of type geneve for network ea0b5c87-54a0-4c68-901f-518c4d549ba0
2026-05-19 18:13:12.448 7 INFO neutron.db.ovn_revision_numbers_db [None req-a437092e-30db-405e-9cfc-a094df003faf 8e54a2d957224572881ca4755dd7402f eed618e96fe741a48d68921719fa3bb3 - - default default] Successfully bumped revision number for resource ea0b5c87-54a0-4c68-901f-518c4d549ba0 (type: networks) to 1
2026-05-19 18:13:12.453 8 WARNING neutron.scheduler.dhcp_agent_scheduler [None req-5322b23d-1471-42ba-9958-b6adeb8ea680 0a45f7b1f10843ed997a66f953aa5d87 2afa4675060b424f869377065038af39 - - default default] No more DHCP agents
2026-05-19 18:13:12.454 8 WARNING neutron.api.rpc.agentnotifiers.dhcp_rpc_agent_api [None req-5322b23d-1471-42ba-9958-b6adeb8ea680 0a45f7b1f10843ed997a66f953aa5d87 2afa4675060b424f869377065038af39 - - default default] Unable to schedule network 5b3ece53-9b7a-4ddc-a61e-fa55862ce3a0: no agents available; will retry on subsequent port and subnet creation events.
2026-05-19 18:13:12.576 7 WARNING neutron.scheduler.dhcp_agent_scheduler [None req-a437092e-30db-405e-9cfc-a094df003faf 8e54a2d957224572881ca4755dd7402f eed618e96fe741a48d68921719fa3bb3 - - default default] No more DHCP agents
2026-05-19 18:13:12.577 7 WARNING neutron.api.rpc.agentnotifiers.dhcp_rpc_agent_api [None req-a437092e-30db-405e-9cfc-a094df003faf 8e54a2d957224572881ca4755dd7402f eed618e96fe741a48d68921719fa3bb3 - - default default] Unable to schedule network ea0b5c87-54a0-4c68-901f-518c4d549ba0: no agents available; will retry on subsequent port and subnet creation events.
2026-05-19 18:13:12.658 7 INFO neutron.db.ovn_revision_numbers_db [None req-a437092e-30db-405e-9cfc-a094df003faf 8e54a2d957224572881ca4755dd7402f eed618e96fe741a48d68921719fa3bb3 - - default default] Successfully bumped revision number for resource 96f7a00c-1ec8-4445-b88c-cf2c0eb9d338 (type: ports) to 1 [pid: 7|app: 0|req: 577/1189] 10.0.0.249 () {34 vars in 671 bytes} [Tue May 19 18:13:11 2026] POST /v2.0/networks => generated 766 bytes in 775 msecs (HTTP/1.1 201) 4 headers in 162 bytes (1 switches on core 0)
2026-05-19 18:13:12.723 8 WARNING neutron.plugins.ml2.drivers.ovn.mech_driver.ovsdb.ovn_client [None req-c6563b12-d583-428d-a1c5-e5d6ecb78f20 - - - - - -] No port found with ID 96454aa6-c6ae-49cd-99eb-b283f30410c6: RuntimeError: No port found with ID 96454aa6-c6ae-49cd-99eb-b283f30410c6
2026-05-19 18:13:12.750 8 INFO neutron.plugins.ml2.drivers.ovn.mech_driver.mech_driver [None req-c6563b12-d583-428d-a1c5-e5d6ecb78f20 - - - - - -] OVN reports status down for port: 8dad7b6d-1365-42c0-b5bb-c1d9dc443e23
2026-05-19 18:13:12.802 7 INFO neutron_taas.services.taas.taas_plugin [None req-7e412f99-315f-488f-a9f4-03305008ba1a b4e24c81a2f94ecea3143be300ce9c44 95f5f3b7bb9c4787af4c97effcb49ac2 - - default default] TaaS: Handle Delete Port: 1437d424-854b-43f7-b170-9c867ac3f87f
2026-05-19 18:13:12.804 7 INFO neutron_taas.services.taas.tap_mirror_plugin [None req-7e412f99-315f-488f-a9f4-03305008ba1a b4e24c81a2f94ecea3143be300ce9c44 95f5f3b7bb9c4787af4c97effcb49ac2 - - default default] Tap Mirror: Handle Delete Port: 1437d424-854b-43f7-b170-9c867ac3f87f
2026-05-19 18:13:12.959 8 INFO neutron.db.ovn_revision_numbers_db [None req-f70dfc81-20f8-406c-85b1-5878768529f2 - - - - - -] Successfully bumped revision number for resource 8dad7b6d-1365-42c0-b5bb-c1d9dc443e23 (type: ports) to 2
2026-05-19 18:13:12.997 8 INFO neutron.db.ovn_revision_numbers_db [None req-f70dfc81-20f8-406c-85b1-5878768529f2 - - - - - -] Successfully bumped revision number for resource e2a09ee2-d39d-4b52-af95-383b31c21adf (type: subnets) to 0
2026-05-19 18:13:12.998 7 INFO neutron.services.segments.plugin [-] Segment b3c487cc-0e23-4939-bdac-efbb68569eef resource provider aggregate not found
2026-05-19 18:13:13.006 7 INFO neutron.services.segments.plugin [-] Segment b3c487cc-0e23-4939-bdac-efbb68569eef resource provider aggregate not found
2026-05-19 18:13:13.012 7 INFO neutron.services.segments.plugin [-] Segment b3c487cc-0e23-4939-bdac-efbb68569eef resource provider not found; error: Placement Client Error (4xx): {"errors": [{"status": 404, "title": "Not Found", "detail": "The resource could not be found.\n\n No resource provider with uuid b3c487cc-0e23-4939-bdac-efbb68569eef found for delete ", "request_id": "req-dce2b720-23c7-4bfe-9e3d-6c32333fcd75"}]} [pid: 8|app: 0|req: 613/1190] 10.0.0.249 () {34 vars in 669 bytes} [Tue May 19 18:13:12 2026] POST /v2.0/subnets => generated 641 bytes in 737 msecs (HTTP/1.1 201) 4 headers in 162 bytes (1 switches on core 0)
2026-05-19 18:13:13.019 7 INFO neutron.services.segments.plugin [-] Segment b3c487cc-0e23-4939-bdac-efbb68569eef resource provider not found; error: Placement Client Error (4xx): {"errors": [{"status": 404, "title": "Not Found", "detail": "The resource could not be found.\n\n No resource provider with uuid b3c487cc-0e23-4939-bdac-efbb68569eef found for delete ", "request_id": "req-9b114982-b7d3-45cb-add2-3fb53a2ad27e"}]} [pid: 7|app: 0|req: 578/1191] 10.0.0.249 () {32 vars in 726 bytes} [Tue May 19 18:13:12 2026] DELETE /v2.0/networks/4c36f3fe-878c-4787-abd2-7c999fe60a59 => generated 0 bytes in 363 msecs (HTTP/1.1 204) 3 headers in 131 bytes (1 switches on core 0)
2026-05-19 18:13:13.123 7 INFO neutron.db.segments_db [None req-6a411d22-281c-45b5-ba03-c74f91bb2c16 0a45f7b1f10843ed997a66f953aa5d87 2afa4675060b424f869377065038af39 - - default default] Added segment 738d8cb5-5936-439e-9b89-0794a8ab78a7 of type geneve for network fec48681-6313-4ace-b71e-bb89f8cadc59
2026-05-19 18:13:13.164 8 WARNING neutron.scheduler.dhcp_agent_scheduler [None req-dd863f07-433c-424f-85db-c17605269a14 8e54a2d957224572881ca4755dd7402f eed618e96fe741a48d68921719fa3bb3 - - default default] No more DHCP agents
2026-05-19 18:13:13.166 8 WARNING neutron.api.rpc.agentnotifiers.dhcp_rpc_agent_api [None req-dd863f07-433c-424f-85db-c17605269a14 8e54a2d957224572881ca4755dd7402f eed618e96fe741a48d68921719fa3bb3 - - default default] Unable to schedule network ea0b5c87-54a0-4c68-901f-518c4d549ba0: no agents available; will retry on subsequent port and subnet creation events.
2026-05-19 18:13:13.230 7 INFO neutron.db.ovn_revision_numbers_db [None req-6a411d22-281c-45b5-ba03-c74f91bb2c16 0a45f7b1f10843ed997a66f953aa5d87 2afa4675060b424f869377065038af39 - - default default] Successfully bumped revision number for resource fec48681-6313-4ace-b71e-bb89f8cadc59 (type: networks) to 1
2026-05-19 18:13:13.413 7 WARNING neutron.scheduler.dhcp_agent_scheduler [None req-6a411d22-281c-45b5-ba03-c74f91bb2c16 0a45f7b1f10843ed997a66f953aa5d87 2afa4675060b424f869377065038af39 - - default default] No more DHCP agents
2026-05-19 18:13:13.415 7 WARNING neutron.api.rpc.agentnotifiers.dhcp_rpc_agent_api [None req-6a411d22-281c-45b5-ba03-c74f91bb2c16 0a45f7b1f10843ed997a66f953aa5d87 2afa4675060b424f869377065038af39 - - default default] Unable to schedule network fec48681-6313-4ace-b71e-bb89f8cadc59: no agents available; will retry on subsequent port and subnet creation events.
2026-05-19 18:13:13.504 7 INFO neutron.db.ovn_revision_numbers_db [None req-6a411d22-281c-45b5-ba03-c74f91bb2c16 0a45f7b1f10843ed997a66f953aa5d87 2afa4675060b424f869377065038af39 - - default default] Successfully bumped revision number for resource 6c065b6c-ec52-4b3f-91fe-a4fcb241c309 (type: ports) to 1 [pid: 7|app: 0|req: 579/1192] 10.0.0.249 () {34 vars in 670 bytes} [Tue May 19 18:13:13 2026] POST /v2.0/networks => generated 662 bytes in 488 msecs (HTTP/1.1 201) 4 headers in 162 bytes (1 switches on core 0)
2026-05-19 18:13:13.669 7 INFO neutron_taas.services.taas.taas_plugin [None req-32ef4595-20c2-4c38-9c1e-f99285d0b837 b4e24c81a2f94ecea3143be300ce9c44 95f5f3b7bb9c4787af4c97effcb49ac2 - - default default] TaaS: Handle Delete Port: a479e418-3d84-443c-b629-2b04b0a99d04
2026-05-19 18:13:13.674 7 INFO neutron_taas.services.taas.tap_mirror_plugin [None req-32ef4595-20c2-4c38-9c1e-f99285d0b837 b4e24c81a2f94ecea3143be300ce9c44 95f5f3b7bb9c4787af4c97effcb49ac2 - - default default] Tap Mirror: Handle Delete Port: a479e418-3d84-443c-b629-2b04b0a99d04
2026-05-19 18:13:13.679 8 INFO neutron.db.ovn_revision_numbers_db [None req-ddad0c28-5d0d-491b-a6e2-7f50cdc42557 - - - - - -] Successfully bumped revision number for resource 96f7a00c-1ec8-4445-b88c-cf2c0eb9d338 (type: ports) to 2
2026-05-19 18:13:13.711 8 INFO neutron.db.ovn_revision_numbers_db [None req-ddad0c28-5d0d-491b-a6e2-7f50cdc42557 - - - - - -] Successfully bumped revision number for resource a1c9497e-52be-4923-b17c-52bc2b244ef8 (type: subnets) to 0 [pid: 8|app: 0|req: 614/1193] 10.0.0.249 () {34 vars in 669 bytes} [Tue May 19 18:13:13 2026] POST /v2.0/subnets => generated 691 bytes in 713 msecs (HTTP/1.1 201) 4 headers in 162 bytes (1 switches on core 0)
2026-05-19 18:13:13.881 8 INFO neutron.db.ovn_revision_numbers_db [None req-2f93c32e-b329-437d-97d5-3d35ef6cb2de 0a45f7b1f10843ed997a66f953aa5d87 2afa4675060b424f869377065038af39 - - default default] Successfully bumped revision number for resource fec48681-6313-4ace-b71e-bb89f8cadc59 (type: networks) to 2 [pid: 8|app: 0|req: 615/1194] 10.0.0.249 () {34 vars in 743 bytes} [Tue May 19 18:13:13 2026] PUT /v2.0/networks/fec48681-6313-4ace-b71e-bb89f8cadc59 => generated 636 bytes in 160 msecs (HTTP/1.1 200) 4 headers in 157 bytes (1 switches on core 0) [pid: 7|app: 0|req: 580/1195] 10.0.0.249 () {32 vars in 726 bytes} [Tue May 19 18:13:13 2026] DELETE /v2.0/networks/d1c9b60a-2048-428e-abd8-3cce13ff4554 => generated 0 bytes in 387 msecs (HTTP/1.1 204) 3 headers in 131 bytes (1 switches on core 0)
2026-05-19 18:13:14.098 7 WARNING neutron.scheduler.dhcp_agent_scheduler [None req-ed2b02dc-7360-4f6b-b2d7-313f0bc5268e 0a45f7b1f10843ed997a66f953aa5d87 2afa4675060b424f869377065038af39 - - default default] No more DHCP agents
2026-05-19 18:13:14.100 7 WARNING neutron.api.rpc.agentnotifiers.dhcp_rpc_agent_api [None req-ed2b02dc-7360-4f6b-b2d7-313f0bc5268e 0a45f7b1f10843ed997a66f953aa5d87 2afa4675060b424f869377065038af39 - - default default] Unable to schedule network fec48681-6313-4ace-b71e-bb89f8cadc59: no agents available; will retry on subsequent port and subnet creation events.
2026-05-19 18:13:14.234 8 WARNING neutron.scheduler.dhcp_agent_scheduler [None req-55ab869e-a205-4417-a19e-217755318383 8e54a2d957224572881ca4755dd7402f eed618e96fe741a48d68921719fa3bb3 - - default default] No more DHCP agents
2026-05-19 18:13:14.235 8 WARNING neutron.api.rpc.agentnotifiers.dhcp_rpc_agent_api [None req-55ab869e-a205-4417-a19e-217755318383 8e54a2d957224572881ca4755dd7402f eed618e96fe741a48d68921719fa3bb3 - - default default] Unable to schedule network be7c065e-0d6c-448a-bf66-49a9491b6951: no agents available; will retry on subsequent port and subnet creation events.
2026-05-19 18:13:14.348 8 INFO neutron.plugins.ml2.drivers.ovn.mech_driver.mech_driver [None req-c6563b12-d583-428d-a1c5-e5d6ecb78f20 - - - - - -] OVN reports status down for port: 911d6d19-5ea9-4cbc-9f7e-73cc47071bf6
2026-05-19 18:13:14.410 8 INFO neutron.db.ovn_revision_numbers_db [None req-55ab869e-a205-4417-a19e-217755318383 8e54a2d957224572881ca4755dd7402f eed618e96fe741a48d68921719fa3bb3 - - default default] Successfully bumped revision number for resource 911d6d19-5ea9-4cbc-9f7e-73cc47071bf6 (type: ports) to 1
2026-05-19 18:13:14.543 7 WARNING neutron.plugins.ml2.drivers.ovn.mech_driver.ovsdb.ovn_client [None req-a4dc4ff9-5ec9-4921-a4e7-f808d65f3b37 - - - - - -] No port found with ID b22aeb02-02bb-4fee-8406-f13b75621c98: RuntimeError: No port found with ID b22aeb02-02bb-4fee-8406-f13b75621c98
2026-05-19 18:13:14.570 7 INFO neutron.plugins.ml2.drivers.ovn.mech_driver.mech_driver [None req-a4dc4ff9-5ec9-4921-a4e7-f808d65f3b37 - - - - - -] OVN reports status down for port: 96f7a00c-1ec8-4445-b88c-cf2c0eb9d338
2026-05-19 18:13:14.596 7 INFO neutron.db.ovn_revision_numbers_db [None req-8eeb5402-04cf-42b9-bd81-de0ef4aece9c - - - - - -] Successfully bumped revision number for resource 6c065b6c-ec52-4b3f-91fe-a4fcb241c309 (type: ports) to 2
2026-05-19 18:13:14.648 7 INFO neutron.db.ovn_revision_numbers_db [None req-8eeb5402-04cf-42b9-bd81-de0ef4aece9c - - - - - -] Successfully bumped revision number for resource a4282ac6-716f-4ff6-8db8-980e54c13119 (type: subnets) to 0
2026-05-19 18:13:14.651 7 INFO neutron.plugins.ml2.drivers.ovn.mech_driver.mech_driver [None req-a4dc4ff9-5ec9-4921-a4e7-f808d65f3b37 - - - - - -] OVN reports status down for port: 6c065b6c-ec52-4b3f-91fe-a4fcb241c309 [pid: 7|app: 0|req: 581/1196] 10.0.0.249 () {34 vars in 669 bytes} [Tue May 19 18:13:13 2026] POST /v2.0/subnets => generated 626 bytes in 758 msecs (HTTP/1.1 201) 4 headers in 162 bytes (1 switches on core 0)
2026-05-19 18:13:14.798 7 INFO neutron.db.segments_db [None req-44ed1e07-bcdb-4cf3-9e06-544a4666580e b4e24c81a2f94ecea3143be300ce9c44 95f5f3b7bb9c4787af4c97effcb49ac2 - - default default] Added segment 1e742464-551f-48f0-8269-12b6af743f02 of type geneve for network db1aef91-9c61-41b1-800e-c2639b2f4044
2026-05-19 18:13:14.917 7 INFO neutron.db.ovn_revision_numbers_db [None req-44ed1e07-bcdb-4cf3-9e06-544a4666580e b4e24c81a2f94ecea3143be300ce9c44 95f5f3b7bb9c4787af4c97effcb49ac2 - - default default] Successfully bumped revision number for resource db1aef91-9c61-41b1-800e-c2639b2f4044 (type: networks) to 1
2026-05-19 18:13:15.040 7 INFO neutron.services.segments.plugin [-] Segment 403bd04f-74d3-4097-b981-067ce0a13aa8 resource provider aggregate not found
2026-05-19 18:13:15.048 7 INFO neutron.services.segments.plugin [-] Segment 403bd04f-74d3-4097-b981-067ce0a13aa8 resource provider aggregate not found
2026-05-19 18:13:15.058 7 INFO neutron.services.segments.plugin [-] Segment 403bd04f-74d3-4097-b981-067ce0a13aa8 resource provider not found; error: Placement Client Error (4xx): {"errors": [{"status": 404, "title": "Not Found", "detail": "The resource could not be found.\n\n No resource provider with uuid 403bd04f-74d3-4097-b981-067ce0a13aa8 found for delete ", "request_id": "req-a93a528a-9b3c-4989-8390-b1bb0125d34a"}]}
2026-05-19 18:13:15.065 7 INFO neutron.services.segments.plugin [-] Segment 403bd04f-74d3-4097-b981-067ce0a13aa8 resource provider not found; error: Placement Client Error (4xx): {"errors": [{"status": 404, "title": "Not Found", "detail": "The resource could not be found.\n\n No resource provider with uuid 403bd04f-74d3-4097-b981-067ce0a13aa8 found for delete ", "request_id": "req-21fb7436-4c88-460b-b0ff-3766406d29c1"}]}
2026-05-19 18:13:15.073 8 INFO neutron.plugins.ml2.drivers.ovn.mech_driver.ovsdb.commands [None req-51c615a4-9f42-4386-ba38-1d7e943165c7 - - - - - -] Schedule LRP lrp-911d6d19-5ea9-4cbc-9f7e-73cc47071bf6 on gateway 595ea92a-68f3-4b0c-ad45-e5995d998e62 with priority 1
2026-05-19 18:13:15.125 8 INFO neutron.plugins.ml2.drivers.ovn.mech_driver.mech_driver [None req-c6563b12-d583-428d-a1c5-e5d6ecb78f20 - - - - - -] OVN reports status up for port: 911d6d19-5ea9-4cbc-9f7e-73cc47071bf6
2026-05-19 18:13:15.148 8 INFO neutron.plugins.ml2.plugin [None req-c6563b12-d583-428d-a1c5-e5d6ecb78f20 - - - - - -] Attempt 1 to provision port 911d6d19-5ea9-4cbc-9f7e-73cc47071bf6
2026-05-19 18:13:15.156 7 INFO neutron.plugins.ml2.drivers.ovn.mech_driver.ovsdb.ovsdb_monitor [None req-4e49f42e-31f7-49b6-89d2-53dcbec0e618 - - - - - -] Router df8200cf-ca01-4aec-9e12-ce26a6dac0db is bound to host instance
2026-05-19 18:13:15.186 7 WARNING neutron.scheduler.dhcp_agent_scheduler [None req-44ed1e07-bcdb-4cf3-9e06-544a4666580e b4e24c81a2f94ecea3143be300ce9c44 95f5f3b7bb9c4787af4c97effcb49ac2 - - default default] No more DHCP agents
2026-05-19 18:13:15.187 8 INFO neutron.db.ovn_revision_numbers_db [None req-55ab869e-a205-4417-a19e-217755318383 8e54a2d957224572881ca4755dd7402f eed618e96fe741a48d68921719fa3bb3 - - default default] Successfully bumped revision number for resource 911d6d19-5ea9-4cbc-9f7e-73cc47071bf6 (type: router_ports) to 1
2026-05-19 18:13:15.190 7 WARNING neutron.api.rpc.agentnotifiers.dhcp_rpc_agent_api [None req-44ed1e07-bcdb-4cf3-9e06-544a4666580e b4e24c81a2f94ecea3143be300ce9c44 95f5f3b7bb9c4787af4c97effcb49ac2 - - default default] Unable to schedule network db1aef91-9c61-41b1-800e-c2639b2f4044: no agents available; will retry on subsequent port and subnet creation events.
2026-05-19 18:13:15.326 8 INFO neutron.db.ovn_revision_numbers_db [None req-55ab869e-a205-4417-a19e-217755318383 8e54a2d957224572881ca4755dd7402f eed618e96fe741a48d68921719fa3bb3 - - default default] Successfully bumped revision number for resource df8200cf-ca01-4aec-9e12-ce26a6dac0db (type: routers) to 2 [pid: 8|app: 0|req: 616/1197] 10.0.0.249 () {34 vars in 669 bytes} [Tue May 19 18:13:13 2026] POST /v2.0/routers => generated 969 bytes in 1463 msecs (HTTP/1.1 201) 4 headers in 162 bytes (1 switches on core 0)
2026-05-19 18:13:15.355 7 INFO neutron.db.ovn_revision_numbers_db [None req-44ed1e07-bcdb-4cf3-9e06-544a4666580e b4e24c81a2f94ecea3143be300ce9c44 95f5f3b7bb9c4787af4c97effcb49ac2 - - default default] Successfully bumped revision number for resource 7bfdbbbd-62cc-4230-9df6-d28539dd757f (type: ports) to 1 [pid: 7|app: 0|req: 582/1198] 10.0.0.249 () {34 vars in 670 bytes} [Tue May 19 18:13:14 2026] POST /v2.0/networks => generated 653 bytes in 726 msecs (HTTP/1.1 201) 4 headers in 162 bytes (1 switches on core 0)
2026-05-19 18:13:15.618 8 INFO neutron.db.ovn_revision_numbers_db [None req-3fe5c4b4-6f00-4aef-adec-7c53863c7c68 0a45f7b1f10843ed997a66f953aa5d87 2afa4675060b424f869377065038af39 - - default default] Successfully bumped revision number for resource a4282ac6-716f-4ff6-8db8-980e54c13119 (type: subnets) to 1 [pid: 8|app: 0|req: 617/1199] 10.0.0.249 () {34 vars in 741 bytes} [Tue May 19 18:13:15 2026] PUT /v2.0/subnets/a4282ac6-716f-4ff6-8db8-980e54c13119 => generated 636 bytes in 272 msecs (HTTP/1.1 200) 4 headers in 157 bytes (1 switches on core 0)
2026-05-19 18:13:15.796 8 WARNING neutron.scheduler.dhcp_agent_scheduler [None req-d850f879-51fb-4eae-81eb-a888e44380bd b4e24c81a2f94ecea3143be300ce9c44 95f5f3b7bb9c4787af4c97effcb49ac2 - - default default] No more DHCP agents
2026-05-19 18:13:15.797 8 WARNING neutron.api.rpc.agentnotifiers.dhcp_rpc_agent_api [None req-d850f879-51fb-4eae-81eb-a888e44380bd b4e24c81a2f94ecea3143be300ce9c44 95f5f3b7bb9c4787af4c97effcb49ac2 - - default default] Unable to schedule network db1aef91-9c61-41b1-800e-c2639b2f4044: no agents available; will retry on subsequent port and subnet creation events.
2026-05-19 18:13:15.821 8 INFO neutron.db.ovn_revision_numbers_db [None req-d850f879-51fb-4eae-81eb-a888e44380bd b4e24c81a2f94ecea3143be300ce9c44 95f5f3b7bb9c4787af4c97effcb49ac2 - - default default] Successfully bumped revision number for resource 9f14030f-4aeb-46be-9864-a19ca82ab205 (type: subnets) to 0 [pid: 8|app: 0|req: 618/1200] 10.0.0.249 () {34 vars in 669 bytes} [Tue May 19 18:13:15 2026] POST /v2.0/subnets => generated 646 bytes in 210 msecs (HTTP/1.1 201) 4 headers in 162 bytes (1 switches on core 0)
2026-05-19 18:13:15.966 8 INFO neutron_taas.services.taas.taas_plugin [None req-f8c38cee-d80d-46df-86eb-e199c36aea75 0a45f7b1f10843ed997a66f953aa5d87 2afa4675060b424f869377065038af39 - - default default] TaaS: Handle Delete Port: 6c065b6c-ec52-4b3f-91fe-a4fcb241c309
2026-05-19 18:13:15.969 8 INFO neutron_taas.services.taas.tap_mirror_plugin [None req-f8c38cee-d80d-46df-86eb-e199c36aea75 0a45f7b1f10843ed997a66f953aa5d87 2afa4675060b424f869377065038af39 - - default default] Tap Mirror: Handle Delete Port: 6c065b6c-ec52-4b3f-91fe-a4fcb241c309
2026-05-19 18:13:16.198 7 WARNING neutron.scheduler.dhcp_agent_scheduler [None req-86f41d2c-fb14-4efc-b4c4-da3e6e9cf4a4 8e54a2d957224572881ca4755dd7402f eed618e96fe741a48d68921719fa3bb3 - - default default] No more DHCP agents
2026-05-19 18:13:16.202 7 WARNING neutron.api.rpc.agentnotifiers.dhcp_rpc_agent_api [None req-86f41d2c-fb14-4efc-b4c4-da3e6e9cf4a4 8e54a2d957224572881ca4755dd7402f eed618e96fe741a48d68921719fa3bb3 - - default default] Unable to schedule network ea0b5c87-54a0-4c68-901f-518c4d549ba0: no agents available; will retry on subsequent port and subnet creation events.
2026-05-19 18:13:16.273 8 INFO neutron.services.segments.plugin [-] Segment 738d8cb5-5936-439e-9b89-0794a8ab78a7 resource provider aggregate not found
2026-05-19 18:13:16.275 8 INFO neutron.services.segments.plugin [-] Segment 738d8cb5-5936-439e-9b89-0794a8ab78a7 resource provider aggregate not found
2026-05-19 18:13:16.296 8 INFO neutron.services.segments.plugin [-] Segment 738d8cb5-5936-439e-9b89-0794a8ab78a7 resource provider not found; error: Placement Client Error (4xx): {"errors": [{"status": 404, "title": "Not Found", "detail": "The resource could not be found.\n\n No resource provider with uuid 738d8cb5-5936-439e-9b89-0794a8ab78a7 found for delete ", "request_id": "req-eca9939d-26ea-40c8-8ee7-0b82386fe2df"}]}
2026-05-19 18:13:16.299 8 INFO neutron.services.segments.plugin [-] Segment 738d8cb5-5936-439e-9b89-0794a8ab78a7 resource provider not found; error: Placement Client Error (4xx): {"errors": [{"status": 404, "title": "Not Found", "detail": "The resource could not be found.\n\n No resource provider with uuid 738d8cb5-5936-439e-9b89-0794a8ab78a7 found for delete ", "request_id": "req-36904a12-7d33-443a-8af4-c094d3dbdc94"}]} [pid: 8|app: 0|req: 619/1201] 10.0.0.249 () {32 vars in 726 bytes} [Tue May 19 18:13:15 2026] DELETE /v2.0/networks/fec48681-6313-4ace-b71e-bb89f8cadc59 => generated 0 bytes in 503 msecs (HTTP/1.1 204) 3 headers in 131 bytes (1 switches on core 0)
2026-05-19 18:13:16.466 8 INFO neutron.db.ovn_revision_numbers_db [None req-229a1ab7-3a7f-4568-9c02-d0fa6abc8387 b4e24c81a2f94ecea3143be300ce9c44 95f5f3b7bb9c4787af4c97effcb49ac2 - - default default] Successfully bumped revision number for resource a46b9c89-57d4-45aa-bfc0-fad0e22d6da6 (type: routers) to 1
2026-05-19 18:13:16.481 7 INFO neutron.db.ovn_revision_numbers_db [None req-86f41d2c-fb14-4efc-b4c4-da3e6e9cf4a4 8e54a2d957224572881ca4755dd7402f eed618e96fe741a48d68921719fa3bb3 - - default default] Successfully bumped revision number for resource 2c086427-0841-49dc-97e0-1b16b2ebaf98 (type: ports) to 1 [pid: 8|app: 0|req: 620/1202] 10.0.0.249 () {34 vars in 669 bytes} [Tue May 19 18:13:16 2026] POST /v2.0/routers => generated 607 bytes in 145 msecs (HTTP/1.1 201) 4 headers in 162 bytes (1 switches on core 0)
2026-05-19 18:13:16.493 8 INFO neutron.pecan_wsgi.hooks.translation [None req-5215812b-657d-4e5a-beba-33beb9d0c847 0a45f7b1f10843ed997a66f953aa5d87 2afa4675060b424f869377065038af39 - - default default] DELETE failed (client error): The resource could not be found. [pid: 8|app: 0|req: 621/1203] 10.0.0.249 () {32 vars in 726 bytes} [Tue May 19 18:13:16 2026] DELETE /v2.0/networks/fec48681-6313-4ace-b71e-bb89f8cadc59 => generated 138 bytes in 12 msecs (HTTP/1.1 404) 4 headers in 164 bytes (1 switches on core 0)
2026-05-19 18:13:16.610 7 INFO neutron.db.ovn_revision_numbers_db [None req-5f549858-976f-43c2-a3b2-86d486d3f440 - - - - - -] Successfully bumped revision number for resource 911d6d19-5ea9-4cbc-9f7e-73cc47071bf6 (type: ports) to 4
2026-05-19 18:13:16.785 8 WARNING neutron.scheduler.dhcp_agent_scheduler [None req-9700f845-dfaf-427c-90e1-004356b01010 b4e24c81a2f94ecea3143be300ce9c44 95f5f3b7bb9c4787af4c97effcb49ac2 - - default default] No more DHCP agents
2026-05-19 18:13:16.786 8 WARNING neutron.api.rpc.agentnotifiers.dhcp_rpc_agent_api [None req-9700f845-dfaf-427c-90e1-004356b01010 b4e24c81a2f94ecea3143be300ce9c44 95f5f3b7bb9c4787af4c97effcb49ac2 - - default default] Unable to schedule network db1aef91-9c61-41b1-800e-c2639b2f4044: no agents available; will retry on subsequent port and subnet creation events.
2026-05-19 18:13:16.891 7 INFO neutron.plugins.ml2.drivers.ovn.mech_driver.mech_driver [None req-a4dc4ff9-5ec9-4921-a4e7-f808d65f3b37 - - - - - -] OVN reports status down for port: 6f7236a6-75d1-461e-b160-a071fed8c82c
2026-05-19 18:13:16.903 8 INFO neutron.db.ovn_revision_numbers_db [None req-9700f845-dfaf-427c-90e1-004356b01010 b4e24c81a2f94ecea3143be300ce9c44 95f5f3b7bb9c4787af4c97effcb49ac2 - - default default] Successfully bumped revision number for resource 6f7236a6-75d1-461e-b160-a071fed8c82c (type: ports) to 1 [pid: 8|app: 0|req: 622/1204] 10.0.0.249 () {34 vars in 665 bytes} [Tue May 19 18:13:16 2026] POST /v2.0/ports => generated 959 bytes in 433 msecs (HTTP/1.1 201) 4 headers in 162 bytes (1 switches on core 0) /var/lib/openstack/lib/python3.12/site-packages/pycadf/identifier.py:70: UserWarning: Invalid uuid: neutron. To ensure interoperability, identifiers should be a valid uuid. warnings.warn(('Invalid uuid: %s. To ensure interoperability, ' [pid: 8|app: 0|req: 623/1205] 10.0.0.249 () {32 vars in 694 bytes} [Tue May 19 18:13:16 2026] GET /v2.0/networks?router%3Aexternal=True => generated 689 bytes in 61 msecs (HTTP/1.1 200) 4 headers in 157 bytes (1 switches on core 0)
2026-05-19 18:13:17.272 8 INFO neutron.db.ovn_revision_numbers_db [None req-8af19487-0339-4db0-860c-e0a713cdfe6b 8e54a2d957224572881ca4755dd7402f eed618e96fe741a48d68921719fa3bb3 - - default default] Successfully bumped revision number for resource 1dc6b507-be46-47e4-a5dd-6b9ddc1d30c2 (type: security_groups) to 1
2026-05-19 18:13:17.283 8 INFO neutron.db.ovn_revision_numbers_db [None req-8af19487-0339-4db0-860c-e0a713cdfe6b 8e54a2d957224572881ca4755dd7402f eed618e96fe741a48d68921719fa3bb3 - - default default] Successfully bumped revision number for resource 0305c4b4-5fea-42f0-aa3e-f8bfb6d4f671 (type: security_group_rules) to 0
2026-05-19 18:13:17.297 8 INFO neutron.db.ovn_revision_numbers_db [None req-8af19487-0339-4db0-860c-e0a713cdfe6b 8e54a2d957224572881ca4755dd7402f eed618e96fe741a48d68921719fa3bb3 - - default default] Successfully bumped revision number for resource 1fd43564-e799-43e3-9c03-f96691975a3d (type: security_group_rules) to 0
2026-05-19 18:13:17.310 8 INFO neutron.db.ovn_revision_numbers_db [None req-8af19487-0339-4db0-860c-e0a713cdfe6b 8e54a2d957224572881ca4755dd7402f eed618e96fe741a48d68921719fa3bb3 - - default default] Successfully bumped revision number for resource 24c6b486-3b6f-4355-bffb-05dcce0dee1f (type: security_group_rules) to 0
2026-05-19 18:13:17.323 8 INFO neutron.db.ovn_revision_numbers_db [None req-8af19487-0339-4db0-860c-e0a713cdfe6b 8e54a2d957224572881ca4755dd7402f eed618e96fe741a48d68921719fa3bb3 - - default default] Successfully bumped revision number for resource 302f9a6f-7526-4173-8618-9c818b6d6398 (type: security_group_rules) to 0 [pid: 8|app: 0|req: 624/1206] 10.0.0.249 () {32 vars in 774 bytes} [Tue May 19 18:13:16 2026] GET /v2.0/security-groups?tenant_id=f53b4e5b602b4d7ba4f7cea85307be4b&name=default => generated 2925 bytes in 391 msecs (HTTP/1.1 200) 4 headers in 158 bytes (1 switches on core 0)
2026-05-19 18:13:17.393 8 INFO neutron.plugins.ml2.drivers.ovn.mech_driver.mech_driver [None req-c6563b12-d583-428d-a1c5-e5d6ecb78f20 - - - - - -] OVN reports status down for port: 7bfdbbbd-62cc-4230-9df6-d28539dd757f
2026-05-19 18:13:17.396 7 INFO neutron.db.ovn_revision_numbers_db [None req-5f549858-976f-43c2-a3b2-86d486d3f440 - - - - - -] Successfully bumped revision number for resource 911d6d19-5ea9-4cbc-9f7e-73cc47071bf6 (type: ports) to 5
2026-05-19 18:13:17.527 8 INFO neutron.plugins.ml2.drivers.ovn.mech_driver.mech_driver [None req-c6563b12-d583-428d-a1c5-e5d6ecb78f20 - - - - - -] OVN reports status down for port: 2c086427-0841-49dc-97e0-1b16b2ebaf98
2026-05-19 18:13:17.665 7 WARNING neutron.scheduler.dhcp_agent_scheduler [None req-86f41d2c-fb14-4efc-b4c4-da3e6e9cf4a4 8e54a2d957224572881ca4755dd7402f eed618e96fe741a48d68921719fa3bb3 - - default default] No more DHCP agents
2026-05-19 18:13:17.667 7 WARNING neutron.api.rpc.agentnotifiers.dhcp_rpc_agent_api [None req-86f41d2c-fb14-4efc-b4c4-da3e6e9cf4a4 8e54a2d957224572881ca4755dd7402f eed618e96fe741a48d68921719fa3bb3 - - default default] Unable to schedule network ea0b5c87-54a0-4c68-901f-518c4d549ba0: no agents available; will retry on subsequent port and subnet creation events.
2026-05-19 18:13:17.667 8 WARNING neutron.plugins.ml2.drivers.ovn.mech_driver.ovsdb.ovn_client [None req-c6563b12-d583-428d-a1c5-e5d6ecb78f20 - - - - - -] Logical_Switch_Port %s host information not removed, the port state is up
2026-05-19 18:13:17.667 8 INFO neutron.plugins.ml2.drivers.ovn.mech_driver.mech_driver [None req-c6563b12-d583-428d-a1c5-e5d6ecb78f20 - - - - - -] OVN reports status up for port: 2c086427-0841-49dc-97e0-1b16b2ebaf98
2026-05-19 18:13:17.703 8 INFO neutron.plugins.ml2.plugin [None req-c6563b12-d583-428d-a1c5-e5d6ecb78f20 - - - - - -] Attempt 1 to provision port 2c086427-0841-49dc-97e0-1b16b2ebaf98
2026-05-19 18:13:18.078 7 INFO neutron.plugins.ml2.drivers.ovn.mech_driver.mech_driver [None req-a4dc4ff9-5ec9-4921-a4e7-f808d65f3b37 - - - - - -] OVN reports status up for port: 6f7236a6-75d1-461e-b160-a071fed8c82c
2026-05-19 18:13:18.091 8 INFO neutron.db.ovn_revision_numbers_db [None req-b6b3d08d-bb68-456d-8e45-f6d6046cf659 b4e24c81a2f94ecea3143be300ce9c44 95f5f3b7bb9c4787af4c97effcb49ac2 - - default default] Successfully bumped revision number for resource 6f7236a6-75d1-461e-b160-a071fed8c82c (type: ports) to 2
2026-05-19 18:13:18.102 7 INFO neutron.plugins.ml2.plugin [None req-a4dc4ff9-5ec9-4921-a4e7-f808d65f3b37 - - - - - -] Attempt 1 to provision port 6f7236a6-75d1-461e-b160-a071fed8c82c
2026-05-19 18:13:18.187 7 INFO neutron.db.ovn_revision_numbers_db [None req-86f41d2c-fb14-4efc-b4c4-da3e6e9cf4a4 8e54a2d957224572881ca4755dd7402f eed618e96fe741a48d68921719fa3bb3 - - default default] Successfully bumped revision number for resource 2c086427-0841-49dc-97e0-1b16b2ebaf98 (type: router_ports) to 1 [pid: 7|app: 0|req: 583/1207] 10.0.0.249 () {34 vars in 783 bytes} [Tue May 19 18:13:15 2026] PUT /v2.0/routers/df8200cf-ca01-4aec-9e12-ce26a6dac0db/add_router_interface => generated 309 bytes in 2800 msecs (HTTP/1.1 200) 4 headers in 157 bytes (1 switches on core 0) [pid: 7|app: 0|req: 584/1208] 10.0.0.249 () {32 vars in 742 bytes} [Tue May 19 18:13:18 2026] GET /v2.0/subnets?network_id=be7c065e-0d6c-448a-bf66-49a9491b6951 => generated 649 bytes in 56 msecs (HTTP/1.1 200) 4 headers in 157 bytes (1 switches on core 0)
2026-05-19 18:13:18.680 7 INFO neutron.db.ovn_revision_numbers_db [None req-a4dc4ff9-5ec9-4921-a4e7-f808d65f3b37 - - - - - -] Successfully bumped revision number for resource 6f7236a6-75d1-461e-b160-a071fed8c82c (type: ports) to 3 [pid: 7|app: 0|req: 585/1209] 10.0.0.249 () {32 vars in 740 bytes} [Tue May 19 18:13:18 2026] DELETE /v2.0/security-groups/1dc6b507-be46-47e4-a5dd-6b9ddc1d30c2 => generated 0 bytes in 494 msecs (HTTP/1.1 204) 2 headers in 112 bytes (1 switches on core 0) /var/lib/openstack/lib/python3.12/site-packages/pycadf/identifier.py:70: UserWarning: Invalid uuid: neutron. To ensure interoperability, identifiers should be a valid uuid. warnings.warn(('Invalid uuid: %s. To ensure interoperability, ' [pid: 7|app: 0|req: 586/1210] 10.0.0.249 () {32 vars in 653 bytes} [Tue May 19 18:13:18 2026] GET /v2.0/extensions => generated 20541 bytes in 9 msecs (HTTP/1.1 200) 4 headers in 159 bytes (1 switches on core 0)
2026-05-19 18:13:18.882 7 INFO neutron.db.ovn_revision_numbers_db [None req-c6e4af9d-ccc4-4cce-a3e5-8699f075b2af 5b1556c9748649a1945be9da17762408 1257c3002a584909a40f4de3e0681508 - - default default] Successfully bumped revision number for resource 9ba46678-73d1-4a8e-856e-a0a0b11b76df (type: security_groups) to 1
2026-05-19 18:13:18.894 7 INFO neutron.db.ovn_revision_numbers_db [None req-c6e4af9d-ccc4-4cce-a3e5-8699f075b2af 5b1556c9748649a1945be9da17762408 1257c3002a584909a40f4de3e0681508 - - default default] Successfully bumped revision number for resource 66fe028d-91ca-4ac8-9731-8f687c275899 (type: security_group_rules) to 0
