2026-06-09 18:17:52.255 10 INFO neutron.wsgi [req-1ca9d36f-adbd-4a1c-ac87-6543f4d0baf2 req-f2354c1a-fe23-454d-a30b-f286bb3e3c3a b6010b07c75146c09d8fc3ee3b0b64ec 1ccd198a5b87496f98e9c72a2a22738a - - 0746ddb4a3ab48e7a1797add0e522397 0746ddb4a3ab48e7a1797add0e522397] 10.0.0.180 "GET /v2.0/networks/05a62a19-93c4-4d6e-a41d-e581e77d5bfa?fields=provider%3Aphysical_network&fields=provider%3Anetwork_type HTTP/1.1" status: 200 len: 277 time: 0.0645952
2026-06-09 18:17:52.264 9 INFO neutron.wsgi [None req-959266db-3e15-4219-bee1-ceea0c50acfd 82e85c935ceb4e8186e44b6f9d2f21f6 2f9a51ca20b74aafa30f33647ae01f0f - - default default] 10.0.0.231 "DELETE /v2.0/ports/31b1b758-7239-4d58-bfcc-14d54e8272e2 HTTP/1.1" status: 204 len: 168 time: 0.3530836
2026-06-09 18:17:52.322 9 INFO neutron.wsgi [None req-5305191a-10fd-4e03-8fd5-c6a350525e4a 390305a399194995a6c3dcce008a0776 5708c3e21e0f4815ba87a7b60273a0f8 - - default default] 10.0.0.231 "DELETE /v2.0/ports/84d1b0eb-6fdf-490a-9558-c8f13a5e7108 HTTP/1.1" status: 204 len: 168 time: 0.3197868
2026-06-09 18:17:52.419 9 INFO neutron.wsgi [req-a90e5288-5b07-4c22-aad0-3e5387cdd73b req-f9cc2a1f-937e-4222-8ced-2750378d72ff 1d410dd39fb94001aab0ab95fbc35b67 42aca4cb7de7415e9bf5b499e208ab2a - - default default] 10.0.0.180 "GET /v2.0/ports?device_id=a2dbb52e-7f3c-4f6c-a780-a8ac15488a9e HTTP/1.1" status: 200 len: 210 time: 0.0285683
2026-06-09 18:17:52.551 10 INFO neutron.wsgi [None req-8f27b6d3-360e-4816-bceb-fc5ffbd19d82 82e85c935ceb4e8186e44b6f9d2f21f6 2f9a51ca20b74aafa30f33647ae01f0f - - default default] 10.0.0.231 "DELETE /v2.0/ports/4e8a9fa5-0b0d-47dd-9154-8f32bd2f0f8f HTTP/1.1" status: 204 len: 168 time: 0.2823641
2026-06-09 18:17:52.633 9 INFO neutron.wsgi [None req-de40733c-6665-4a86-bc02-afbd4a416b2c 390305a399194995a6c3dcce008a0776 5708c3e21e0f4815ba87a7b60273a0f8 - - default default] 10.0.0.231 "DELETE /v2.0/ports/5648cc28-3087-4691-888d-bc19266c4876 HTTP/1.1" status: 204 len: 168 time: 0.3060884
2026-06-09 18:17:52.646 10 INFO neutron.wsgi [None req-b476ec18-4ec9-4d58-9946-1ce781ea0050 82e85c935ceb4e8186e44b6f9d2f21f6 2f9a51ca20b74aafa30f33647ae01f0f - - default default] 10.0.0.231 "GET /v2.0/ports HTTP/1.1" status: 200 len: 1718 time: 0.0900099
2026-06-09 18:17:52.663 9 WARNING neutron_lib.context [None req-52d11f06-575a-48f5-bb1c-912e51134ab9 82e85c935ceb4e8186e44b6f9d2f21f6 2f9a51ca20b74aafa30f33647ae01f0f - - default default] Method 'is_advsvc' is deprecated since 2023.2 release (neutron-lib 3.8.0) and will be removed once support for the old RBAC API policies will be removed from Neutron. Please use method 'is_service_role' instead.
2026-06-09 18:17:52.792 9 INFO neutron.db.segments_db [None req-52d11f06-575a-48f5-bb1c-912e51134ab9 82e85c935ceb4e8186e44b6f9d2f21f6 2f9a51ca20b74aafa30f33647ae01f0f - - default default] Added segment d2c8eac2-e4f5-452b-ac60-902167192751 of type geneve for network 6aa22a00-fb35-464a-af74-8b3a6acbbf17
2026-06-09 18:17:53.102 10 INFO neutron.wsgi [req-1ca9d36f-adbd-4a1c-ac87-6543f4d0baf2 req-c534e8b1-d63e-4047-ad3d-3cf906c46706 1d410dd39fb94001aab0ab95fbc35b67 42aca4cb7de7415e9bf5b499e208ab2a - - default default] 199.204.45.235 "GET /v2.0/networks?id=05a62a19-93c4-4d6e-a41d-e581e77d5bfa HTTP/1.1" status: 200 len: 860 time: 0.0682173
2026-06-09 18:17:53.147 10 INFO neutron.wsgi [req-1ca9d36f-adbd-4a1c-ac87-6543f4d0baf2 req-f96a32f7-4bbd-473f-ac4e-e2daba4206f2 1d410dd39fb94001aab0ab95fbc35b67 42aca4cb7de7415e9bf5b499e208ab2a - - default default] 199.204.45.235 "GET /v2.0/security-groups?fields=id&fields=name&tenant_id=42aca4cb7de7415e9bf5b499e208ab2a HTTP/1.1" status: 200 len: 380 time: 0.0409999
2026-06-09 18:17:53.155 10 WARNING neutron_lib.context [req-1ca9d36f-adbd-4a1c-ac87-6543f4d0baf2 req-ff463b69-48b1-4be3-bf66-1ae295e213a5 1d410dd39fb94001aab0ab95fbc35b67 42aca4cb7de7415e9bf5b499e208ab2a - - default default] Method 'is_advsvc' is deprecated since 2023.2 release (neutron-lib 3.8.0) and will be removed once support for the old RBAC API policies will be removed from Neutron. Please use method 'is_service_role' instead.
2026-06-09 18:17:53.422 9 INFO neutron.db.ovn_revision_numbers_db [None req-52d11f06-575a-48f5-bb1c-912e51134ab9 82e85c935ceb4e8186e44b6f9d2f21f6 2f9a51ca20b74aafa30f33647ae01f0f - - default default] Successfully bumped revision number for resource 6aa22a00-fb35-464a-af74-8b3a6acbbf17 (type: networks) to 1
2026-06-09 18:17:53.452 10 WARNING neutron.plugins.ml2.drivers.ovn.mech_driver.ovsdb.ovn_client [None req-6530a85a-f2e7-4203-8f07-50e8939a02bd - - - - - -] No hosting information found for port def72c5a-5b53-4bcb-bb28-e6e9bef2de07: RuntimeError: No hosting information found for port def72c5a-5b53-4bcb-bb28-e6e9bef2de07
2026-06-09 18:17:53.507 10 INFO neutron.wsgi [req-35d3117a-2419-4da5-96ba-94147828fe9e req-8f5aad51-c39e-4328-94ac-72449868302e 1d410dd39fb94001aab0ab95fbc35b67 42aca4cb7de7415e9bf5b499e208ab2a - - default default] 10.0.0.180 "GET /v2.0/ports?device_id=a2dbb52e-7f3c-4f6c-a780-a8ac15488a9e HTTP/1.1" status: 200 len: 210 time: 0.0257261
2026-06-09 18:17:53.561 9 INFO neutron.wsgi [-] 10.0.0.150 "GET / HTTP/1.1" status: 200 len: 247 time: 0.0013068
2026-06-09 18:17:53.563 9 INFO neutron.wsgi [-] 10.0.0.150 "GET / HTTP/1.1" status: 200 len: 247 time: 0.0011230
2026-06-09 18:17:53.571 10 WARNING neutron.scheduler.dhcp_agent_scheduler [req-1ca9d36f-adbd-4a1c-ac87-6543f4d0baf2 req-ff463b69-48b1-4be3-bf66-1ae295e213a5 1d410dd39fb94001aab0ab95fbc35b67 42aca4cb7de7415e9bf5b499e208ab2a - - default default] No more DHCP agents
2026-06-09 18:17:53.573 10 WARNING neutron.api.rpc.agentnotifiers.dhcp_rpc_agent_api [req-1ca9d36f-adbd-4a1c-ac87-6543f4d0baf2 req-ff463b69-48b1-4be3-bf66-1ae295e213a5 1d410dd39fb94001aab0ab95fbc35b67 42aca4cb7de7415e9bf5b499e208ab2a - - default default] Unable to schedule network 05a62a19-93c4-4d6e-a41d-e581e77d5bfa: no agents available; will retry on subsequent port and subnet creation events.
2026-06-09 18:17:53.613 9 INFO neutron.services.segments.plugin [-] Segment c8f7a07b-4a0a-489a-8930-0dc9c92b368c resource provider aggregate not found
2026-06-09 18:17:53.618 9 INFO neutron.services.segments.plugin [-] Segment c8f7a07b-4a0a-489a-8930-0dc9c92b368c resource provider aggregate not found
2026-06-09 18:17:53.627 9 INFO neutron.services.segments.plugin [-] Segment c8f7a07b-4a0a-489a-8930-0dc9c92b368c resource provider not found; error: Placement Client Error (4xx): {"errors": [{"status": 404, "title": "Not Found", "detail": "The resource could not be found.\n\n No resource provider with uuid c8f7a07b-4a0a-489a-8930-0dc9c92b368c found for delete ", "request_id": "req-334d0ab4-794c-48b9-891c-be7754c3232b"}]}
2026-06-09 18:17:53.634 9 INFO neutron.services.segments.plugin [-] Segment c8f7a07b-4a0a-489a-8930-0dc9c92b368c resource provider not found; error: Placement Client Error (4xx): {"errors": [{"status": 404, "title": "Not Found", "detail": "The resource could not be found.\n\n No resource provider with uuid c8f7a07b-4a0a-489a-8930-0dc9c92b368c found for delete ", "request_id": "req-7ccd7aea-3b2e-4903-9e38-b65abe971c45"}]}
2026-06-09 18:17:53.669 9 INFO neutron.wsgi [None req-7cebe27c-be72-4814-97d8-500ecc2743cb 390305a399194995a6c3dcce008a0776 5708c3e21e0f4815ba87a7b60273a0f8 - - default default] 10.0.0.231 "DELETE /v2.0/networks/437315a4-8e20-49d0-8023-3c970d15aa65 HTTP/1.1" status: 204 len: 168 time: 1.0299158 /var/lib/openstack/lib/python3.10/site-packages/pycadf/identifier.py:71: UserWarning: Invalid uuid: neutron. To ensure interoperability, identifiers should be a valid uuid. warnings.warn(('Invalid uuid: %s. To ensure interoperability, '
2026-06-09 18:17:53.679 9 WARNING neutron.scheduler.dhcp_agent_scheduler [None req-52d11f06-575a-48f5-bb1c-912e51134ab9 82e85c935ceb4e8186e44b6f9d2f21f6 2f9a51ca20b74aafa30f33647ae01f0f - - default default] No more DHCP agents
2026-06-09 18:17:53.682 9 WARNING neutron.api.rpc.agentnotifiers.dhcp_rpc_agent_api [None req-52d11f06-575a-48f5-bb1c-912e51134ab9 82e85c935ceb4e8186e44b6f9d2f21f6 2f9a51ca20b74aafa30f33647ae01f0f - - default default] Unable to schedule network 6aa22a00-fb35-464a-af74-8b3a6acbbf17: no agents available; will retry on subsequent port and subnet creation events.
2026-06-09 18:17:53.767 10 INFO neutron.db.ovn_revision_numbers_db [req-1ca9d36f-adbd-4a1c-ac87-6543f4d0baf2 req-ff463b69-48b1-4be3-bf66-1ae295e213a5 1d410dd39fb94001aab0ab95fbc35b67 42aca4cb7de7415e9bf5b499e208ab2a - - default default] Successfully bumped revision number for resource ff8bc0e5-9557-4ea6-bb0f-a375fef97818 (type: ports) to 1
2026-06-09 18:17:53.781 9 INFO neutron.db.ovn_revision_numbers_db [None req-52d11f06-575a-48f5-bb1c-912e51134ab9 82e85c935ceb4e8186e44b6f9d2f21f6 2f9a51ca20b74aafa30f33647ae01f0f - - default default] Successfully bumped revision number for resource 826e6bb3-445c-45a4-a687-16966c946403 (type: ports) to 1
2026-06-09 18:17:53.790 10 INFO neutron.wsgi [req-1ca9d36f-adbd-4a1c-ac87-6543f4d0baf2 req-ff463b69-48b1-4be3-bf66-1ae295e213a5 1d410dd39fb94001aab0ab95fbc35b67 42aca4cb7de7415e9bf5b499e208ab2a - - default default] 199.204.45.235 "POST /v2.0/ports HTTP/1.1" status: 201 len: 1158 time: 0.6397288
2026-06-09 18:17:53.802 9 INFO neutron.wsgi [None req-52d11f06-575a-48f5-bb1c-912e51134ab9 82e85c935ceb4e8186e44b6f9d2f21f6 2f9a51ca20b74aafa30f33647ae01f0f - - default default] 10.0.0.231 "POST /v2.0/networks HTTP/1.1" status: 201 len: 853 time: 1.1490343
2026-06-09 18:17:53.812 9 WARNING neutron_lib.context [None req-06d422f4-515b-4180-a5c4-25589b30edd4 82e85c935ceb4e8186e44b6f9d2f21f6 2f9a51ca20b74aafa30f33647ae01f0f - - default default] Method 'is_advsvc' is deprecated since 2023.2 release (neutron-lib 3.8.0) and will be removed once support for the old RBAC API policies will be removed from Neutron. Please use method 'is_service_role' instead.
2026-06-09 18:17:53.898 9 INFO neutron.db.segments_db [None req-06d422f4-515b-4180-a5c4-25589b30edd4 82e85c935ceb4e8186e44b6f9d2f21f6 2f9a51ca20b74aafa30f33647ae01f0f - - default default] Added segment a1210c0c-26d7-44ce-b5de-676b7605cf92 of type geneve for network 3ef0b090-67a2-4505-8572-a0b9c93d25f0
2026-06-09 18:17:54.048 9 INFO neutron.db.ovn_revision_numbers_db [None req-06d422f4-515b-4180-a5c4-25589b30edd4 82e85c935ceb4e8186e44b6f9d2f21f6 2f9a51ca20b74aafa30f33647ae01f0f - - default default] Successfully bumped revision number for resource 3ef0b090-67a2-4505-8572-a0b9c93d25f0 (type: networks) to 1
2026-06-09 18:17:54.177 10 INFO neutron.services.segments.plugin [-] Segment ce8be147-0636-490f-bbc8-504bc568d3d1 resource provider aggregate not found
2026-06-09 18:17:54.182 10 INFO neutron.services.segments.plugin [-] Segment ce8be147-0636-490f-bbc8-504bc568d3d1 resource provider aggregate not found
2026-06-09 18:17:54.202 10 INFO neutron.services.segments.plugin [-] Segment ce8be147-0636-490f-bbc8-504bc568d3d1 resource provider not found; error: Placement Client Error (4xx): {"errors": [{"status": 404, "title": "Not Found", "detail": "The resource could not be found.\n\n No resource provider with uuid ce8be147-0636-490f-bbc8-504bc568d3d1 found for delete ", "request_id": "req-94338de6-86d7-49db-8aa5-58f6b567fa20"}]}
2026-06-09 18:17:54.203 10 INFO neutron.services.segments.plugin [-] Segment ce8be147-0636-490f-bbc8-504bc568d3d1 resource provider not found; error: Placement Client Error (4xx): {"errors": [{"status": 404, "title": "Not Found", "detail": "The resource could not be found.\n\n No resource provider with uuid ce8be147-0636-490f-bbc8-504bc568d3d1 found for delete ", "request_id": "req-cb1b4f6e-34b9-429e-bca3-3126cea2c841"}]}
2026-06-09 18:17:54.230 10 INFO neutron.wsgi [None req-55c0998c-6ed2-4210-b47c-b3a66cdf559c 390305a399194995a6c3dcce008a0776 5708c3e21e0f4815ba87a7b60273a0f8 - - default default] 10.0.0.231 "DELETE /v2.0/networks/15736737-022f-467d-90d6-b86c59ebdc70 HTTP/1.1" status: 204 len: 168 time: 0.5560160 /var/lib/openstack/lib/python3.10/site-packages/pycadf/identifier.py:71: UserWarning: Invalid uuid: neutron. To ensure interoperability, identifiers should be a valid uuid. warnings.warn(('Invalid uuid: %s. To ensure interoperability, '
2026-06-09 18:17:54.244 9 WARNING neutron.scheduler.dhcp_agent_scheduler [None req-06d422f4-515b-4180-a5c4-25589b30edd4 82e85c935ceb4e8186e44b6f9d2f21f6 2f9a51ca20b74aafa30f33647ae01f0f - - default default] No more DHCP agents
2026-06-09 18:17:54.246 9 WARNING neutron.api.rpc.agentnotifiers.dhcp_rpc_agent_api [None req-06d422f4-515b-4180-a5c4-25589b30edd4 82e85c935ceb4e8186e44b6f9d2f21f6 2f9a51ca20b74aafa30f33647ae01f0f - - default default] Unable to schedule network 3ef0b090-67a2-4505-8572-a0b9c93d25f0: no agents available; will retry on subsequent port and subnet creation events.
2026-06-09 18:17:54.336 9 INFO neutron.db.ovn_revision_numbers_db [None req-06d422f4-515b-4180-a5c4-25589b30edd4 82e85c935ceb4e8186e44b6f9d2f21f6 2f9a51ca20b74aafa30f33647ae01f0f - - default default] Successfully bumped revision number for resource 0d1e180a-7c16-41f7-a422-45d2a860dc67 (type: ports) to 1
2026-06-09 18:17:54.349 10 INFO neutron.db.ovn_revision_numbers_db [req-1ca9d36f-adbd-4a1c-ac87-6543f4d0baf2 req-8115c2bf-21dc-47dd-a0ab-4a89f5ce346e b6010b07c75146c09d8fc3ee3b0b64ec 1ccd198a5b87496f98e9c72a2a22738a - - 0746ddb4a3ab48e7a1797add0e522397 0746ddb4a3ab48e7a1797add0e522397] Successfully bumped revision number for resource ff8bc0e5-9557-4ea6-bb0f-a375fef97818 (type: ports) to 2
2026-06-09 18:17:54.362 9 INFO neutron.wsgi [None req-06d422f4-515b-4180-a5c4-25589b30edd4 82e85c935ceb4e8186e44b6f9d2f21f6 2f9a51ca20b74aafa30f33647ae01f0f - - default default] 10.0.0.231 "POST /v2.0/networks HTTP/1.1" status: 201 len: 853 time: 0.5546184
2026-06-09 18:17:54.632 10 INFO neutron.db.ovn_revision_numbers_db [req-1ca9d36f-adbd-4a1c-ac87-6543f4d0baf2 req-8115c2bf-21dc-47dd-a0ab-4a89f5ce346e b6010b07c75146c09d8fc3ee3b0b64ec 1ccd198a5b87496f98e9c72a2a22738a - - 0746ddb4a3ab48e7a1797add0e522397 0746ddb4a3ab48e7a1797add0e522397] Successfully bumped revision number for resource ff8bc0e5-9557-4ea6-bb0f-a375fef97818 (type: ports) to 2
2026-06-09 18:17:54.653 10 INFO neutron.wsgi [req-1ca9d36f-adbd-4a1c-ac87-6543f4d0baf2 req-8115c2bf-21dc-47dd-a0ab-4a89f5ce346e b6010b07c75146c09d8fc3ee3b0b64ec 1ccd198a5b87496f98e9c72a2a22738a - - 0746ddb4a3ab48e7a1797add0e522397 0746ddb4a3ab48e7a1797add0e522397] 199.204.45.235 "PUT /v2.0/ports/ff8bc0e5-9557-4ea6-bb0f-a375fef97818 HTTP/1.1" status: 200 len: 1376 time: 0.8559966
2026-06-09 18:17:54.680 9 INFO neutron.wsgi [req-9e512a09-91bf-4545-bc2c-7d5a1a7c176b req-286275b0-16c6-4e6d-a239-80857e6d8de0 1d410dd39fb94001aab0ab95fbc35b67 42aca4cb7de7415e9bf5b499e208ab2a - - default default] 10.0.0.180 "GET /v2.0/ports?device_id=a2dbb52e-7f3c-4f6c-a780-a8ac15488a9e HTTP/1.1" status: 200 len: 1168 time: 0.1069248
2026-06-09 18:17:54.701 10 INFO neutron.notifiers.nova [-] Nova event matching ['req-088e5386-6c4d-46f8-8806-f11bd2420a75'] response: {'name': 'network-changed', 'server_uuid': 'a2dbb52e-7f3c-4f6c-a780-a8ac15488a9e', 'tag': 'ff8bc0e5-9557-4ea6-bb0f-a375fef97818', 'status': 'completed', 'code': 200} /var/lib/openstack/lib/python3.10/site-packages/pycadf/identifier.py:71: UserWarning: Invalid uuid: neutron. To ensure interoperability, identifiers should be a valid uuid. warnings.warn(('Invalid uuid: %s. To ensure interoperability, '
2026-06-09 18:17:54.740 10 INFO neutron.wsgi [req-1ca9d36f-adbd-4a1c-ac87-6543f4d0baf2 req-483d048e-12d4-4992-94e3-0bb891b6e598 b6010b07c75146c09d8fc3ee3b0b64ec 1ccd198a5b87496f98e9c72a2a22738a - - 0746ddb4a3ab48e7a1797add0e522397 0746ddb4a3ab48e7a1797add0e522397] 199.204.45.235 "GET /v2.0/ports?tenant_id=42aca4cb7de7415e9bf5b499e208ab2a&device_id=a2dbb52e-7f3c-4f6c-a780-a8ac15488a9e HTTP/1.1" status: 200 len: 1407 time: 0.0412457
2026-06-09 18:17:54.746 10 INFO neutron.wsgi [None req-aba78275-8f34-4179-993d-cc5f7051fe39 390305a399194995a6c3dcce008a0776 5708c3e21e0f4815ba87a7b60273a0f8 - - default default] 10.0.0.231 "DELETE /v2.0/networks/15c3e585-ddd6-434b-8bb1-7f836f912937 HTTP/1.1" status: 204 len: 168 time: 0.5107133
2026-06-09 18:17:54.751 9 INFO neutron.wsgi [req-9e512a09-91bf-4545-bc2c-7d5a1a7c176b req-63b6e20d-a7af-4c05-9c10-00be76916d03 1d410dd39fb94001aab0ab95fbc35b67 42aca4cb7de7415e9bf5b499e208ab2a - - default default] 10.0.0.180 "GET /v2.0/security-groups?id=a6de457d-73d5-4ebd-a988-ae7c3cbaaaa1&fields=id&fields=name HTTP/1.1" status: 200 len: 313 time: 0.0601888
2026-06-09 18:17:54.783 10 INFO neutron.wsgi [req-1ca9d36f-adbd-4a1c-ac87-6543f4d0baf2 req-5cb03dfc-6942-4414-82cd-339ea6121ae5 b6010b07c75146c09d8fc3ee3b0b64ec 1ccd198a5b87496f98e9c72a2a22738a - - 0746ddb4a3ab48e7a1797add0e522397 0746ddb4a3ab48e7a1797add0e522397] 199.204.45.235 "GET /v2.0/floatingips?fixed_ip_address=10.100.0.6&port_id=ff8bc0e5-9557-4ea6-bb0f-a375fef97818 HTTP/1.1" status: 200 len: 217 time: 0.0356104
2026-06-09 18:17:54.839 10 INFO neutron.wsgi [req-1ca9d36f-adbd-4a1c-ac87-6543f4d0baf2 req-477a827c-ccb0-48c7-98b1-a5fbfde3c049 b6010b07c75146c09d8fc3ee3b0b64ec 1ccd198a5b87496f98e9c72a2a22738a - - 0746ddb4a3ab48e7a1797add0e522397 0746ddb4a3ab48e7a1797add0e522397] 199.204.45.235 "GET /v2.0/subnets?id=74cd6a20-b8a4-4ae0-9d8d-0c7b585e17a0 HTTP/1.1" status: 200 len: 853 time: 0.0519338
2026-06-09 18:17:54.846 9 WARNING neutron_lib.context [None req-543dd442-16a8-4a63-a112-9068e49df34c 82e85c935ceb4e8186e44b6f9d2f21f6 2f9a51ca20b74aafa30f33647ae01f0f - - default default] Method 'is_advsvc' is deprecated since 2023.2 release (neutron-lib 3.8.0) and will be removed once support for the old RBAC API policies will be removed from Neutron. Please use method 'is_service_role' instead.
2026-06-09 18:17:54.874 10 INFO neutron.wsgi [req-1ca9d36f-adbd-4a1c-ac87-6543f4d0baf2 req-d216476f-c663-4183-8095-32aa2e0dbf23 b6010b07c75146c09d8fc3ee3b0b64ec 1ccd198a5b87496f98e9c72a2a22738a - - 0746ddb4a3ab48e7a1797add0e522397 0746ddb4a3ab48e7a1797add0e522397] 199.204.45.235 "GET /v2.0/ports?network_id=05a62a19-93c4-4d6e-a41d-e581e77d5bfa&device_owner=network%3Adhcp HTTP/1.1" status: 200 len: 210 time: 0.0308051
2026-06-09 18:17:54.910 9 WARNING neutron_lib.context [None req-543dd442-16a8-4a63-a112-9068e49df34c 82e85c935ceb4e8186e44b6f9d2f21f6 2f9a51ca20b74aafa30f33647ae01f0f - - default default] Method 'is_advsvc' is deprecated since 2023.2 release (neutron-lib 3.8.0) and will be removed once support for the old RBAC API policies will be removed from Neutron. Please use method 'is_service_role' instead.
2026-06-09 18:17:54.965 10 INFO neutron.wsgi [req-1ca9d36f-adbd-4a1c-ac87-6543f4d0baf2 req-e0df2025-0ddf-472d-8f0d-0b0da93f5e3b b6010b07c75146c09d8fc3ee3b0b64ec 1ccd198a5b87496f98e9c72a2a22738a - - 0746ddb4a3ab48e7a1797add0e522397 0746ddb4a3ab48e7a1797add0e522397] 199.204.45.235 "GET /v2.0/networks/05a62a19-93c4-4d6e-a41d-e581e77d5bfa?fields=segments HTTP/1.1" status: 200 len: 212 time: 0.0871158
2026-06-09 18:17:55.044 10 INFO neutron.wsgi [req-1ca9d36f-adbd-4a1c-ac87-6543f4d0baf2 req-5033b3d6-bf0f-4f38-a7e4-178305122988 b6010b07c75146c09d8fc3ee3b0b64ec 1ccd198a5b87496f98e9c72a2a22738a - - 0746ddb4a3ab48e7a1797add0e522397 0746ddb4a3ab48e7a1797add0e522397] 199.204.45.235 "GET /v2.0/networks/05a62a19-93c4-4d6e-a41d-e581e77d5bfa?fields=provider%3Aphysical_network&fields=provider%3Anetwork_type HTTP/1.1" status: 200 len: 277 time: 0.0712330
2026-06-09 18:17:55.116 10 INFO neutron.wsgi [req-013a2b86-cbeb-44b1-a726-f2ed921fe7e6 req-7f897785-a2dd-4887-92fb-9bb520355764 b6010b07c75146c09d8fc3ee3b0b64ec 1ccd198a5b87496f98e9c72a2a22738a - - 0746ddb4a3ab48e7a1797add0e522397 0746ddb4a3ab48e7a1797add0e522397] 199.204.45.235 "GET /v2.0/ports?tenant_id=42aca4cb7de7415e9bf5b499e208ab2a&device_id=a2dbb52e-7f3c-4f6c-a780-a8ac15488a9e HTTP/1.1" status: 200 len: 1407 time: 0.0380898
2026-06-09 18:17:55.178 10 INFO neutron.wsgi [req-013a2b86-cbeb-44b1-a726-f2ed921fe7e6 req-0343721a-c2cc-4a84-8b8e-c9a8e65c6960 b6010b07c75146c09d8fc3ee3b0b64ec 1ccd198a5b87496f98e9c72a2a22738a - - 0746ddb4a3ab48e7a1797add0e522397 0746ddb4a3ab48e7a1797add0e522397] 199.204.45.235 "GET /v2.0/networks?id=05a62a19-93c4-4d6e-a41d-e581e77d5bfa HTTP/1.1" status: 200 len: 959 time: 0.0557389
2026-06-09 18:17:55.217 10 INFO neutron.wsgi [req-013a2b86-cbeb-44b1-a726-f2ed921fe7e6 req-c9eb32cd-e7af-4495-90fc-2ddee54630d4 b6010b07c75146c09d8fc3ee3b0b64ec 1ccd198a5b87496f98e9c72a2a22738a - - 0746ddb4a3ab48e7a1797add0e522397 0746ddb4a3ab48e7a1797add0e522397] 199.204.45.235 "GET /v2.0/floatingips?fixed_ip_address=10.100.0.6&port_id=ff8bc0e5-9557-4ea6-bb0f-a375fef97818 HTTP/1.1" status: 200 len: 217 time: 0.0204439
2026-06-09 18:17:55.225 10 INFO neutron.plugins.ml2.drivers.ovn.mech_driver.mech_driver [None req-6530a85a-f2e7-4203-8f07-50e8939a02bd - - - - - -] OVN reports status up for port: ff8bc0e5-9557-4ea6-bb0f-a375fef97818
2026-06-09 18:17:55.247 10 INFO neutron.plugins.ml2.plugin [None req-6530a85a-f2e7-4203-8f07-50e8939a02bd - - - - - -] Attempt 1 to provision port ff8bc0e5-9557-4ea6-bb0f-a375fef97818
2026-06-09 18:17:55.272 10 INFO neutron.wsgi [req-013a2b86-cbeb-44b1-a726-f2ed921fe7e6 req-56c3c1b5-7bd2-42ac-ad52-d80cb3ffffbe b6010b07c75146c09d8fc3ee3b0b64ec 1ccd198a5b87496f98e9c72a2a22738a - - 0746ddb4a3ab48e7a1797add0e522397 0746ddb4a3ab48e7a1797add0e522397] 199.204.45.235 "GET /v2.0/subnets?id=74cd6a20-b8a4-4ae0-9d8d-0c7b585e17a0 HTTP/1.1" status: 200 len: 853 time: 0.0456719
2026-06-09 18:17:55.304 10 INFO neutron.wsgi [req-013a2b86-cbeb-44b1-a726-f2ed921fe7e6 req-dee04248-3e32-4f41-8d4d-430011169178 b6010b07c75146c09d8fc3ee3b0b64ec 1ccd198a5b87496f98e9c72a2a22738a - - 0746ddb4a3ab48e7a1797add0e522397 0746ddb4a3ab48e7a1797add0e522397] 199.204.45.235 "GET /v2.0/ports?network_id=05a62a19-93c4-4d6e-a41d-e581e77d5bfa&device_owner=network%3Adhcp HTTP/1.1" status: 200 len: 210 time: 0.0245106
2026-06-09 18:17:55.370 10 INFO neutron.wsgi [req-013a2b86-cbeb-44b1-a726-f2ed921fe7e6 req-023b2420-28d9-409c-a4d4-610235d0f905 b6010b07c75146c09d8fc3ee3b0b64ec 1ccd198a5b87496f98e9c72a2a22738a - - 0746ddb4a3ab48e7a1797add0e522397 0746ddb4a3ab48e7a1797add0e522397] 199.204.45.235 "GET /v2.0/networks/05a62a19-93c4-4d6e-a41d-e581e77d5bfa?fields=segments HTTP/1.1" status: 200 len: 212 time: 0.0538561
2026-06-09 18:17:55.422 9 WARNING neutron.scheduler.dhcp_agent_scheduler [None req-543dd442-16a8-4a63-a112-9068e49df34c 82e85c935ceb4e8186e44b6f9d2f21f6 2f9a51ca20b74aafa30f33647ae01f0f - - default default] No more DHCP agents
2026-06-09 18:17:55.424 9 WARNING neutron.api.rpc.agentnotifiers.dhcp_rpc_agent_api [None req-543dd442-16a8-4a63-a112-9068e49df34c 82e85c935ceb4e8186e44b6f9d2f21f6 2f9a51ca20b74aafa30f33647ae01f0f - - default default] Unable to schedule network 6aa22a00-fb35-464a-af74-8b3a6acbbf17: no agents available; will retry on subsequent port and subnet creation events.
2026-06-09 18:17:55.432 9 INFO neutron.wsgi [None req-9496a90c-1556-4cd2-b48f-791cd12884d6 390305a399194995a6c3dcce008a0776 5708c3e21e0f4815ba87a7b60273a0f8 - - default default] 10.0.0.231 "DELETE /v2.0/networks/8663eb0c-0161-4798-b6c2-78c66f11d91f HTTP/1.1" status: 204 len: 168 time: 0.6670060
2026-06-09 18:17:55.464 10 INFO neutron.wsgi [req-013a2b86-cbeb-44b1-a726-f2ed921fe7e6 req-d49ef86c-4215-4c49-a246-d538c6699b8a b6010b07c75146c09d8fc3ee3b0b64ec 1ccd198a5b87496f98e9c72a2a22738a - - 0746ddb4a3ab48e7a1797add0e522397 0746ddb4a3ab48e7a1797add0e522397] 199.204.45.235 "GET /v2.0/networks/05a62a19-93c4-4d6e-a41d-e581e77d5bfa?fields=provider%3Aphysical_network&fields=provider%3Anetwork_type HTTP/1.1" status: 200 len: 277 time: 0.0892761
2026-06-09 18:17:55.469 9 INFO neutron.db.ovn_revision_numbers_db [None req-543dd442-16a8-4a63-a112-9068e49df34c 82e85c935ceb4e8186e44b6f9d2f21f6 2f9a51ca20b74aafa30f33647ae01f0f - - default default] Successfully bumped revision number for resource 42e3ca86-ccb4-4599-8453-ee777d22c40f (type: subnets) to 0
2026-06-09 18:17:55.498 9 WARNING neutron.scheduler.dhcp_agent_scheduler [None req-543dd442-16a8-4a63-a112-9068e49df34c 82e85c935ceb4e8186e44b6f9d2f21f6 2f9a51ca20b74aafa30f33647ae01f0f - - default default] No more DHCP agents
2026-06-09 18:17:55.499 9 WARNING neutron.api.rpc.agentnotifiers.dhcp_rpc_agent_api [None req-543dd442-16a8-4a63-a112-9068e49df34c 82e85c935ceb4e8186e44b6f9d2f21f6 2f9a51ca20b74aafa30f33647ae01f0f - - default default] Unable to schedule network 3ef0b090-67a2-4505-8572-a0b9c93d25f0: no agents available; will retry on subsequent port and subnet creation events.
2026-06-09 18:17:55.537 9 INFO neutron.db.ovn_revision_numbers_db [None req-543dd442-16a8-4a63-a112-9068e49df34c 82e85c935ceb4e8186e44b6f9d2f21f6 2f9a51ca20b74aafa30f33647ae01f0f - - default default] Successfully bumped revision number for resource 437d003c-bad0-4551-84e0-fdde3444741a (type: subnets) to 0
2026-06-09 18:17:55.556 9 INFO neutron.wsgi [None req-543dd442-16a8-4a63-a112-9068e49df34c 82e85c935ceb4e8186e44b6f9d2f21f6 2f9a51ca20b74aafa30f33647ae01f0f - - default default] 10.0.0.231 "POST /v2.0/subnets HTTP/1.1" status: 201 len: 1476 time: 0.7167351
2026-06-09 18:17:55.615 9 INFO neutron.wsgi [None req-d321f89c-b05a-406a-9705-0538ca25dd5d 82e85c935ceb4e8186e44b6f9d2f21f6 2f9a51ca20b74aafa30f33647ae01f0f - - default default] 10.0.0.231 "GET /v2.0/subnets HTTP/1.1" status: 200 len: 2084 time: 0.0541825
2026-06-09 18:17:55.648 9 INFO neutron.services.segments.plugin [-] Segment f1725598-ad30-48bb-9952-b4231904a62f resource provider aggregate not found
2026-06-09 18:17:55.652 9 INFO neutron.services.segments.plugin [-] Segment f1725598-ad30-48bb-9952-b4231904a62f resource provider aggregate not found
2026-06-09 18:17:55.660 9 INFO neutron.services.segments.plugin [-] Segment f1725598-ad30-48bb-9952-b4231904a62f resource provider not found; error: Placement Client Error (4xx): {"errors": [{"status": 404, "title": "Not Found", "detail": "The resource could not be found.\n\n No resource provider with uuid f1725598-ad30-48bb-9952-b4231904a62f found for delete ", "request_id": "req-205f580e-19fa-4e16-859d-c6a87bd519fe"}]}
2026-06-09 18:17:55.663 9 INFO neutron.services.segments.plugin [-] Segment f1725598-ad30-48bb-9952-b4231904a62f resource provider not found; error: Placement Client Error (4xx): {"errors": [{"status": 404, "title": "Not Found", "detail": "The resource could not be found.\n\n No resource provider with uuid f1725598-ad30-48bb-9952-b4231904a62f found for delete ", "request_id": "req-11b41a88-edef-4e8a-9fa3-d1cc6f87be0c"}]}
2026-06-09 18:17:55.845 9 INFO neutron.wsgi [None req-994d3130-2aaf-44a9-ad74-98284e5861e5 82e85c935ceb4e8186e44b6f9d2f21f6 2f9a51ca20b74aafa30f33647ae01f0f - - default default] 10.0.0.231 "DELETE /v2.0/subnets/42e3ca86-ccb4-4599-8453-ee777d22c40f HTTP/1.1" status: 204 len: 168 time: 0.2054739
2026-06-09 18:17:55.875 10 INFO neutron.db.ovn_revision_numbers_db [None req-6530a85a-f2e7-4203-8f07-50e8939a02bd - - - - - -] Successfully bumped revision number for resource ff8bc0e5-9557-4ea6-bb0f-a375fef97818 (type: ports) to 4
2026-06-09 18:17:55.917 10 INFO neutron.wsgi [req-becdbd62-c99b-4ae5-ba45-87e1633d775b req-10ca6d06-6974-47a0-aba3-cdaff6fe733e 1d410dd39fb94001aab0ab95fbc35b67 42aca4cb7de7415e9bf5b499e208ab2a - - default default] 10.0.0.180 "GET /v2.0/ports?device_id=a2dbb52e-7f3c-4f6c-a780-a8ac15488a9e HTTP/1.1" status: 200 len: 1170 time: 0.0809135
2026-06-09 18:17:56.000 10 INFO neutron.wsgi [req-becdbd62-c99b-4ae5-ba45-87e1633d775b req-78d1fd61-25f2-438f-8a70-bf6a671d9e6e 1d410dd39fb94001aab0ab95fbc35b67 42aca4cb7de7415e9bf5b499e208ab2a - - default default] 10.0.0.180 "GET /v2.0/security-groups?id=a6de457d-73d5-4ebd-a988-ae7c3cbaaaa1&fields=id&fields=name HTTP/1.1" status: 200 len: 313 time: 0.0738451
2026-06-09 18:17:56.099 9 INFO neutron.wsgi [None req-f64d63d9-ca3b-476d-96bb-ff7990ba01f5 82e85c935ceb4e8186e44b6f9d2f21f6 2f9a51ca20b74aafa30f33647ae01f0f - - default default] 10.0.0.231 "DELETE /v2.0/subnets/437d003c-bad0-4551-84e0-fdde3444741a HTTP/1.1" status: 204 len: 168 time: 0.2469578 /var/lib/openstack/lib/python3.10/site-packages/pycadf/identifier.py:71: UserWarning: Invalid uuid: neutron. To ensure interoperability, identifiers should be a valid uuid. warnings.warn(('Invalid uuid: %s. To ensure interoperability, '
2026-06-09 18:17:56.124 9 INFO neutron.db.ovn_revision_numbers_db [None req-293d43bd-69d5-4c42-97b2-a8339ad08c24 425f30fd9bfa4a59aba8521d612b35de 767207df6ea3494b827025c83e59fe5a - - default default] Successfully bumped revision number for resource 436c00eb-f966-4fcf-8d97-f0458d7b25c4 (type: security_groups) to 1
2026-06-09 18:17:56.143 9 INFO neutron.db.ovn_revision_numbers_db [None req-293d43bd-69d5-4c42-97b2-a8339ad08c24 425f30fd9bfa4a59aba8521d612b35de 767207df6ea3494b827025c83e59fe5a - - default default] Successfully bumped revision number for resource 4ef1df5e-459f-44cc-9267-155ec068a7cc (type: security_group_rules) to 0
2026-06-09 18:17:56.159 9 INFO neutron.db.ovn_revision_numbers_db [None req-293d43bd-69d5-4c42-97b2-a8339ad08c24 425f30fd9bfa4a59aba8521d612b35de 767207df6ea3494b827025c83e59fe5a - - default default] Successfully bumped revision number for resource aff3e2bb-024a-453b-a337-4b6980d6b7b1 (type: security_group_rules) to 0
2026-06-09 18:17:56.167 10 INFO neutron.wsgi [None req-a17e3a8c-cd93-45a1-a21e-04dbae9fce30 82e85c935ceb4e8186e44b6f9d2f21f6 2f9a51ca20b74aafa30f33647ae01f0f - - default default] 10.0.0.231 "GET /v2.0/subnets HTTP/1.1" status: 200 len: 820 time: 0.0626025
2026-06-09 18:17:56.174 9 INFO neutron.db.ovn_revision_numbers_db [None req-293d43bd-69d5-4c42-97b2-a8339ad08c24 425f30fd9bfa4a59aba8521d612b35de 767207df6ea3494b827025c83e59fe5a - - default default] Successfully bumped revision number for resource d99f4bee-e0a8-4e94-a9a6-f4aa69848069 (type: security_group_rules) to 0
2026-06-09 18:17:56.197 10 INFO neutron.wsgi [None req-203dab75-97cf-45c4-8089-dc0ccb2ae83b 390305a399194995a6c3dcce008a0776 5708c3e21e0f4815ba87a7b60273a0f8 - - default default] 10.0.0.231 "DELETE /v2.0/networks/012c3e1f-3913-492e-b20e-cc629da81b62 HTTP/1.1" status: 204 len: 168 time: 0.7576776
2026-06-09 18:17:56.210 9 INFO neutron.db.ovn_revision_numbers_db [None req-293d43bd-69d5-4c42-97b2-a8339ad08c24 425f30fd9bfa4a59aba8521d612b35de 767207df6ea3494b827025c83e59fe5a - - default default] Successfully bumped revision number for resource dcd62221-1f28-4e71-b9e2-b0a019a6d8de (type: security_group_rules) to 0
2026-06-09 18:17:56.232 10 INFO neutron.services.segments.plugin [-] Segment 638a57fb-76e3-4fb3-88fb-def47a7461eb resource provider aggregate not found
2026-06-09 18:17:56.236 10 INFO neutron.services.segments.plugin [-] Segment 638a57fb-76e3-4fb3-88fb-def47a7461eb resource provider aggregate not found
2026-06-09 18:17:56.241 9 INFO neutron.wsgi [None req-293d43bd-69d5-4c42-97b2-a8339ad08c24 425f30fd9bfa4a59aba8521d612b35de 767207df6ea3494b827025c83e59fe5a - - default default] 10.0.0.231 "GET /v2.0/security-groups?tenant_id=41e6d0659dd34860b1806c70fc48292e&name=default HTTP/1.1" status: 200 len: 3120 time: 0.5188849
2026-06-09 18:17:56.241 10 INFO neutron.services.segments.plugin [-] Segment 638a57fb-76e3-4fb3-88fb-def47a7461eb resource provider not found; error: Placement Client Error (4xx): {"errors": [{"status": 404, "title": "Not Found", "detail": "The resource could not be found.\n\n No resource provider with uuid 638a57fb-76e3-4fb3-88fb-def47a7461eb found for delete ", "request_id": "req-7ed448cf-7a3e-4c18-9d57-d2187f0260bf"}]}
2026-06-09 18:17:56.249 10 INFO neutron.services.segments.plugin [-] Segment 638a57fb-76e3-4fb3-88fb-def47a7461eb resource provider not found; error: Placement Client Error (4xx): {"errors": [{"status": 404, "title": "Not Found", "detail": "The resource could not be found.\n\n No resource provider with uuid 638a57fb-76e3-4fb3-88fb-def47a7461eb found for delete ", "request_id": "req-2702ea9b-80c4-4e06-a4d7-3f8215b937fd"}]}
2026-06-09 18:17:56.253 10 INFO neutron.services.segments.plugin [-] Segment 8eca29e8-cf9b-44d8-af09-f9d5520801df resource provider aggregate not found
2026-06-09 18:17:56.263 10 INFO neutron.services.segments.plugin [-] Segment 8eca29e8-cf9b-44d8-af09-f9d5520801df resource provider not found; error: Placement Client Error (4xx): {"errors": [{"status": 404, "title": "Not Found", "detail": "The resource could not be found.\n\n No resource provider with uuid 8eca29e8-cf9b-44d8-af09-f9d5520801df found for delete ", "request_id": "req-fb3a5fd8-f0b8-473a-9517-797e5434c1fa"}]}
2026-06-09 18:17:56.268 10 INFO neutron.services.segments.plugin [-] Segment 8eca29e8-cf9b-44d8-af09-f9d5520801df resource provider aggregate not found
2026-06-09 18:17:56.280 10 INFO neutron.services.segments.plugin [-] Segment 8eca29e8-cf9b-44d8-af09-f9d5520801df resource provider not found; error: Placement Client Error (4xx): {"errors": [{"status": 404, "title": "Not Found", "detail": "The resource could not be found.\n\n No resource provider with uuid 8eca29e8-cf9b-44d8-af09-f9d5520801df found for delete ", "request_id": "req-2d46febd-bd05-4d0d-bc66-43882cbaec36"}]}
2026-06-09 18:17:56.517 9 INFO neutron.wsgi [None req-1f354ec2-58d3-4a4e-9254-af5e094616e3 425f30fd9bfa4a59aba8521d612b35de 767207df6ea3494b827025c83e59fe5a - - default default] 10.0.0.231 "DELETE /v2.0/security-groups/436c00eb-f966-4fcf-8d97-f0458d7b25c4 HTTP/1.1" status: 204 len: 168 time: 0.2708874
2026-06-09 18:17:56.607 9 INFO neutron.wsgi [None req-d72c8ad1-fd3f-441b-b2af-9aed3989bf89 82e85c935ceb4e8186e44b6f9d2f21f6 2f9a51ca20b74aafa30f33647ae01f0f - - default default] 10.0.0.231 "DELETE /v2.0/networks/3ef0b090-67a2-4505-8572-a0b9c93d25f0 HTTP/1.1" status: 204 len: 168 time: 0.4344335
2026-06-09 18:17:56.742 10 INFO neutron.notifiers.nova [-] Nova event matching ['req-d66f7ac6-37f0-4f99-bde5-8500c4ee67cc'] response: {'server_uuid': 'a2dbb52e-7f3c-4f6c-a780-a8ac15488a9e', 'name': 'network-vif-plugged', 'status': 'completed', 'tag': 'ff8bc0e5-9557-4ea6-bb0f-a375fef97818', 'code': 200}
2026-06-09 18:17:56.743 10 INFO neutron.notifiers.nova [-] Nova event matching ['req-d66f7ac6-37f0-4f99-bde5-8500c4ee67cc'] response: {'server_uuid': 'a2dbb52e-7f3c-4f6c-a780-a8ac15488a9e', 'name': 'network-vif-plugged', 'status': 'completed', 'tag': 'ff8bc0e5-9557-4ea6-bb0f-a375fef97818', 'code': 200}
2026-06-09 18:17:56.829 10 INFO neutron.db.ovn_revision_numbers_db [None req-743b8f87-b97c-4e18-9c42-a2c4655f32c0 425f30fd9bfa4a59aba8521d612b35de 767207df6ea3494b827025c83e59fe5a - - default default] Successfully bumped revision number for resource c5a3056e-db78-41e0-89f0-88857a6a8c44 (type: security_groups) to 1
2026-06-09 18:17:56.861 10 INFO neutron.db.ovn_revision_numbers_db [None req-743b8f87-b97c-4e18-9c42-a2c4655f32c0 425f30fd9bfa4a59aba8521d612b35de 767207df6ea3494b827025c83e59fe5a - - default default] Successfully bumped revision number for resource 334485bf-8a02-47fc-b176-45febadee77a (type: security_group_rules) to 0
2026-06-09 18:17:56.892 10 INFO neutron.db.ovn_revision_numbers_db [None req-743b8f87-b97c-4e18-9c42-a2c4655f32c0 425f30fd9bfa4a59aba8521d612b35de 767207df6ea3494b827025c83e59fe5a - - default default] Successfully bumped revision number for resource 4cc81126-1e5e-4901-9398-7f813c3122b3 (type: security_group_rules) to 0
2026-06-09 18:17:56.911 10 INFO neutron.db.ovn_revision_numbers_db [None req-743b8f87-b97c-4e18-9c42-a2c4655f32c0 425f30fd9bfa4a59aba8521d612b35de 767207df6ea3494b827025c83e59fe5a - - default default] Successfully bumped revision number for resource 6e838a1e-1a27-4fde-9f5a-be92f24d1a72 (type: security_group_rules) to 0
2026-06-09 18:17:56.941 10 INFO neutron.db.ovn_revision_numbers_db [None req-743b8f87-b97c-4e18-9c42-a2c4655f32c0 425f30fd9bfa4a59aba8521d612b35de 767207df6ea3494b827025c83e59fe5a - - default default] Successfully bumped revision number for resource f6ae8151-1792-49c5-9b66-1fedd1d2b1fe (type: security_group_rules) to 0
2026-06-09 18:17:56.971 10 INFO neutron.wsgi [None req-743b8f87-b97c-4e18-9c42-a2c4655f32c0 425f30fd9bfa4a59aba8521d612b35de 767207df6ea3494b827025c83e59fe5a - - default default] 10.0.0.231 "GET /v2.0/security-groups?tenant_id=5832e4245e36411ea300155bd739ea69&name=default HTTP/1.1" status: 200 len: 3120 time: 0.3598561
2026-06-09 18:17:57.158 10 INFO neutron.wsgi [None req-1dcfe9a6-7700-4f93-a569-a827f541e350 82e85c935ceb4e8186e44b6f9d2f21f6 2f9a51ca20b74aafa30f33647ae01f0f - - default default] 10.0.0.231 "DELETE /v2.0/networks/6aa22a00-fb35-464a-af74-8b3a6acbbf17 HTTP/1.1" status: 204 len: 168 time: 0.5465224
2026-06-09 18:17:57.192 10 INFO neutron.wsgi [req-aea8de9a-6060-4256-bfa6-97716c3cd713 req-569e25dc-96f6-4b8f-a4d9-c15beb7a959f 1d410dd39fb94001aab0ab95fbc35b67 42aca4cb7de7415e9bf5b499e208ab2a - - default default] 10.0.0.180 "GET /v2.0/ports?device_id=a2dbb52e-7f3c-4f6c-a780-a8ac15488a9e HTTP/1.1" status: 200 len: 1170 time: 0.1100469
2026-06-09 18:17:57.243 10 INFO neutron.wsgi [req-aea8de9a-6060-4256-bfa6-97716c3cd713 req-3bd02008-e795-4d29-ab98-5999323ba829 1d410dd39fb94001aab0ab95fbc35b67 42aca4cb7de7415e9bf5b499e208ab2a - - default default] 10.0.0.180 "GET /v2.0/security-groups?id=a6de457d-73d5-4ebd-a988-ae7c3cbaaaa1&fields=id&fields=name HTTP/1.1" status: 200 len: 313 time: 0.0440135
2026-06-09 18:17:57.249 9 INFO neutron.wsgi [None req-c92eb0ff-9f16-42ad-b704-c520a8405e50 425f30fd9bfa4a59aba8521d612b35de 767207df6ea3494b827025c83e59fe5a - - default default] 10.0.0.231 "GET /v2.0/security-groups?tenant_id=5708c3e21e0f4815ba87a7b60273a0f8&name=default HTTP/1.1" status: 200 len: 3120 time: 0.2937803
2026-06-09 18:17:57.369 9 INFO neutron.wsgi [req-8d979d23-ac69-4ae0-a473-a53de64be778 req-014efb3c-d194-4f8f-8259-be0feb258094 1d410dd39fb94001aab0ab95fbc35b67 42aca4cb7de7415e9bf5b499e208ab2a - - default default] 10.0.0.180 "GET /v2.0/ports?device_id=a2dbb52e-7f3c-4f6c-a780-a8ac15488a9e HTTP/1.1" status: 200 len: 1170 time: 0.0571249
2026-06-09 18:17:57.386 9 INFO neutron.wsgi [None req-14fca2ee-cae1-4548-99e0-cff60c44df92 425f30fd9bfa4a59aba8521d612b35de 767207df6ea3494b827025c83e59fe5a - - default default] 10.0.0.231 "DELETE /v2.0/security-groups/c5a3056e-db78-41e0-89f0-88857a6a8c44 HTTP/1.1" status: 204 len: 168 time: 0.4090352
2026-06-09 18:17:57.438 9 INFO neutron.wsgi [req-8d979d23-ac69-4ae0-a473-a53de64be778 req-e2e44eb5-1cf0-47ca-a591-e3b07a4c097d 1d410dd39fb94001aab0ab95fbc35b67 42aca4cb7de7415e9bf5b499e208ab2a - - default default] 10.0.0.180 "GET /v2.0/security-groups?id=a6de457d-73d5-4ebd-a988-ae7c3cbaaaa1&fields=id&fields=name HTTP/1.1" status: 200 len: 313 time: 0.0556395
2026-06-09 18:17:57.487 10 INFO neutron.wsgi [None req-0a5493d4-d8f1-4e05-85ff-a6af692e35ac 425f30fd9bfa4a59aba8521d612b35de 767207df6ea3494b827025c83e59fe5a - - default default] 10.0.0.231 "DELETE /v2.0/security-groups/5288c52e-bcb1-47b6-b8b6-2e84d29b7c1b HTTP/1.1" status: 204 len: 168 time: 0.2335806
2026-06-09 18:17:57.513 9 INFO neutron.wsgi [None req-67cbd1aa-cc82-4348-af7e-93028147113e 33c5bb29d8cd4cf78cb3e9bfaf2f1405 68948a8b57e3437798ed98a8c75e7344 - - default default] 10.0.0.231 "GET /v2.0/ports?device_id=a2dbb52e-7f3c-4f6c-a780-a8ac15488a9e HTTP/1.1" status: 200 len: 1404 time: 0.0510414
2026-06-09 18:17:57.526 10 WARNING neutron_lib.context [None req-f00e1701-5dec-4767-8214-64a47bbf54d3 1d410dd39fb94001aab0ab95fbc35b67 42aca4cb7de7415e9bf5b499e208ab2a - - default default] Method 'is_advsvc' is deprecated since 2023.2 release (neutron-lib 3.8.0) and will be removed once support for the old RBAC API policies will be removed from Neutron. Please use method 'is_service_role' instead.
2026-06-09 18:17:57.695 9 INFO neutron.wsgi [None req-cff2598b-d226-4953-8918-608747192c75 82e85c935ceb4e8186e44b6f9d2f21f6 2f9a51ca20b74aafa30f33647ae01f0f - - default default] 10.0.0.231 "DELETE /v2.0/networks/8bf2323c-3116-4d2f-a5a2-2a2d7248af79 HTTP/1.1" status: 204 len: 168 time: 0.5289586
2026-06-09 18:17:57.699 9 INFO neutron.services.segments.plugin [-] Segment a1210c0c-26d7-44ce-b5de-676b7605cf92 resource provider aggregate not found
2026-06-09 18:17:57.703 9 INFO neutron.services.segments.plugin [-] Segment a1210c0c-26d7-44ce-b5de-676b7605cf92 resource provider aggregate not found
2026-06-09 18:17:57.718 9 INFO neutron.services.segments.plugin [-] Segment a1210c0c-26d7-44ce-b5de-676b7605cf92 resource provider not found; error: Placement Client Error (4xx): {"errors": [{"status": 404, "title": "Not Found", "detail": "The resource could not be found.\n\n No resource provider with uuid a1210c0c-26d7-44ce-b5de-676b7605cf92 found for delete ", "request_id": "req-080dced6-7c47-428d-8ec4-0b17989df5d1"}]}
2026-06-09 18:17:57.725 9 INFO neutron.services.segments.plugin [-] Segment a1210c0c-26d7-44ce-b5de-676b7605cf92 resource provider not found; error: Placement Client Error (4xx): {"errors": [{"status": 404, "title": "Not Found", "detail": "The resource could not be found.\n\n No resource provider with uuid a1210c0c-26d7-44ce-b5de-676b7605cf92 found for delete ", "request_id": "req-2aee6539-d8e0-4811-81f0-3e099ff33d41"}]}
2026-06-09 18:17:57.730 9 INFO neutron.services.segments.plugin [-] Segment f850d9c9-0e97-46c7-8bc5-daa701877d8d resource provider aggregate not found
2026-06-09 18:17:57.741 9 INFO neutron.services.segments.plugin [-] Segment f850d9c9-0e97-46c7-8bc5-daa701877d8d resource provider aggregate not found
2026-06-09 18:17:57.745 9 INFO neutron.services.segments.plugin [-] Segment f850d9c9-0e97-46c7-8bc5-daa701877d8d resource provider not found; error: Placement Client Error (4xx): {"errors": [{"status": 404, "title": "Not Found", "detail": "The resource could not be found.\n\n No resource provider with uuid f850d9c9-0e97-46c7-8bc5-daa701877d8d found for delete ", "request_id": "req-490be096-a604-40a8-8958-e5a47dd8e8c9"}]}
2026-06-09 18:17:57.764 9 INFO neutron.services.segments.plugin [-] Segment f850d9c9-0e97-46c7-8bc5-daa701877d8d resource provider not found; error: Placement Client Error (4xx): {"errors": [{"status": 404, "title": "Not Found", "detail": "The resource could not be found.\n\n No resource provider with uuid f850d9c9-0e97-46c7-8bc5-daa701877d8d found for delete ", "request_id": "req-f945f745-23a2-4b45-b6f9-a7eb03011c3b"}]}
2026-06-09 18:17:57.889 10 WARNING neutron.scheduler.dhcp_agent_scheduler [None req-f00e1701-5dec-4767-8214-64a47bbf54d3 1d410dd39fb94001aab0ab95fbc35b67 42aca4cb7de7415e9bf5b499e208ab2a - - default default] No more DHCP agents
2026-06-09 18:17:57.896 10 WARNING neutron.api.rpc.agentnotifiers.dhcp_rpc_agent_api [None req-f00e1701-5dec-4767-8214-64a47bbf54d3 1d410dd39fb94001aab0ab95fbc35b67 42aca4cb7de7415e9bf5b499e208ab2a - - default default] Unable to schedule network 82e904f0-9fa3-4b6e-8e75-e094a397722a: no agents available; will retry on subsequent port and subnet creation events.
2026-06-09 18:17:57.907 10 INFO neutron.db.ovn_revision_numbers_db [None req-61c4e9c6-0cc7-4937-b494-4742ec4b766b 425f30fd9bfa4a59aba8521d612b35de 767207df6ea3494b827025c83e59fe5a - - default default] Successfully bumped revision number for resource b887faff-666a-4fc7-b265-1c8578210021 (type: security_groups) to 1
2026-06-09 18:17:57.933 10 INFO neutron.db.ovn_revision_numbers_db [None req-61c4e9c6-0cc7-4937-b494-4742ec4b766b 425f30fd9bfa4a59aba8521d612b35de 767207df6ea3494b827025c83e59fe5a - - default default] Successfully bumped revision number for resource 094aa76b-f5dd-42cb-a97b-3cd99c48f924 (type: security_group_rules) to 0
2026-06-09 18:17:57.969 10 INFO neutron.db.ovn_revision_numbers_db [None req-61c4e9c6-0cc7-4937-b494-4742ec4b766b 425f30fd9bfa4a59aba8521d612b35de 767207df6ea3494b827025c83e59fe5a - - default default] Successfully bumped revision number for resource 18d11985-0c62-480b-9b78-8faa743d45db (type: security_group_rules) to 0
2026-06-09 18:17:57.994 10 INFO neutron.db.ovn_revision_numbers_db [None req-61c4e9c6-0cc7-4937-b494-4742ec4b766b 425f30fd9bfa4a59aba8521d612b35de 767207df6ea3494b827025c83e59fe5a - - default default] Successfully bumped revision number for resource 5e97369d-8c20-404e-ab2f-e7ab0c850a63 (type: security_group_rules) to 0
2026-06-09 18:17:58.027 10 INFO neutron.db.ovn_revision_numbers_db [None req-61c4e9c6-0cc7-4937-b494-4742ec4b766b 425f30fd9bfa4a59aba8521d612b35de 767207df6ea3494b827025c83e59fe5a - - default default] Successfully bumped revision number for resource a55f92a9-09cc-4c9e-85a2-7f8e1c17d7de (type: security_group_rules) to 0
2026-06-09 18:17:58.062 10 INFO neutron.wsgi [None req-61c4e9c6-0cc7-4937-b494-4742ec4b766b 425f30fd9bfa4a59aba8521d612b35de 767207df6ea3494b827025c83e59fe5a - - default default] 10.0.0.231 "GET /v2.0/security-groups?tenant_id=53aa7abb82eb4311a6bb5dfac4786b28&name=default HTTP/1.1" status: 200 len: 3120 time: 0.4172821
2026-06-09 18:17:58.287 10 INFO neutron.services.segments.plugin [-] Segment d2c8eac2-e4f5-452b-ac60-902167192751 resource provider aggregate not found
2026-06-09 18:17:58.302 10 INFO neutron.services.segments.plugin [-] Segment d2c8eac2-e4f5-452b-ac60-902167192751 resource provider not found; error: Placement Client Error (4xx): {"errors": [{"status": 404, "title": "Not Found", "detail": "The resource could not be found.\n\n No resource provider with uuid d2c8eac2-e4f5-452b-ac60-902167192751 found for delete ", "request_id": "req-c815728d-5315-4c9e-a7fa-7db246feb653"}]}
2026-06-09 18:17:58.317 10 INFO neutron.services.segments.plugin [-] Segment d2c8eac2-e4f5-452b-ac60-902167192751 resource provider aggregate not found
2026-06-09 18:17:58.345 10 INFO neutron.services.segments.plugin [-] Segment d2c8eac2-e4f5-452b-ac60-902167192751 resource provider not found; error: Placement Client Error (4xx): {"errors": [{"status": 404, "title": "Not Found", "detail": "The resource could not be found.\n\n No resource provider with uuid d2c8eac2-e4f5-452b-ac60-902167192751 found for delete ", "request_id": "req-4f318508-cdca-40c8-b926-3df2e207ae82"}]}
2026-06-09 18:17:58.371 9 INFO neutron.wsgi [None req-23c3f177-24c2-4d23-9a88-c2f19a95e8ce 425f30fd9bfa4a59aba8521d612b35de 767207df6ea3494b827025c83e59fe5a - - default default] 10.0.0.231 "DELETE /v2.0/security-groups/b887faff-666a-4fc7-b265-1c8578210021 HTTP/1.1" status: 204 len: 168 time: 0.3038199
2026-06-09 18:17:58.432 10 INFO neutron.wsgi [None req-94334df3-b8cb-42da-8ecc-e6ef6de41f52 82e85c935ceb4e8186e44b6f9d2f21f6 2f9a51ca20b74aafa30f33647ae01f0f - - default default] 10.0.0.231 "DELETE /v2.0/networks/4b49054c-6d83-43f8-941f-f342ee4d3646 HTTP/1.1" status: 204 len: 168 time: 0.7312703
2026-06-09 18:17:58.650 10 INFO neutron.db.ovn_revision_numbers_db [None req-a62c9f90-a2f9-476b-839a-6b004f69e869 425f30fd9bfa4a59aba8521d612b35de 767207df6ea3494b827025c83e59fe5a - - default default] Successfully bumped revision number for resource 9b896dbd-c679-4f91-ad95-f766d59b477e (type: security_groups) to 1
2026-06-09 18:17:58.673 10 INFO neutron.db.ovn_revision_numbers_db [None req-a62c9f90-a2f9-476b-839a-6b004f69e869 425f30fd9bfa4a59aba8521d612b35de 767207df6ea3494b827025c83e59fe5a - - default default] Successfully bumped revision number for resource 04ffd481-d27a-4f9c-b19c-4e24d3c3a5ca (type: security_group_rules) to 0
2026-06-09 18:17:58.688 10 INFO neutron.db.ovn_revision_numbers_db [None req-a62c9f90-a2f9-476b-839a-6b004f69e869 425f30fd9bfa4a59aba8521d612b35de 767207df6ea3494b827025c83e59fe5a - - default default] Successfully bumped revision number for resource 380acbad-d0f8-4121-adc4-1aa48be24c2f (type: security_group_rules) to 0
2026-06-09 18:17:58.720 10 INFO neutron.db.ovn_revision_numbers_db [None req-a62c9f90-a2f9-476b-839a-6b004f69e869 425f30fd9bfa4a59aba8521d612b35de 767207df6ea3494b827025c83e59fe5a - - default default] Successfully bumped revision number for resource 4e7c7291-b151-451f-8a24-acf94cd8ef4b (type: security_group_rules) to 0
2026-06-09 18:17:58.987 10 INFO neutron.db.ovn_revision_numbers_db [None req-a62c9f90-a2f9-476b-839a-6b004f69e869 425f30fd9bfa4a59aba8521d612b35de 767207df6ea3494b827025c83e59fe5a - - default default] Successfully bumped revision number for resource c19edb48-7c86-4ad1-b263-d83d2619c216 (type: security_group_rules) to 0
2026-06-09 18:17:59.020 10 INFO neutron.wsgi [None req-a62c9f90-a2f9-476b-839a-6b004f69e869 425f30fd9bfa4a59aba8521d612b35de 767207df6ea3494b827025c83e59fe5a - - default default] 10.0.0.231 "GET /v2.0/security-groups?tenant_id=7bc2dc2b34fa4fe2b4e62c9ceb15c8f2&name=default HTTP/1.1" status: 200 len: 3120 time: 0.5489285 /var/lib/openstack/lib/python3.10/site-packages/pycadf/identifier.py:71: UserWarning: Invalid uuid: neutron. To ensure interoperability, identifiers should be a valid uuid. warnings.warn(('Invalid uuid: %s. To ensure interoperability, '
2026-06-09 18:17:59.165 10 INFO neutron.db.ovn_revision_numbers_db [None req-f00e1701-5dec-4767-8214-64a47bbf54d3 1d410dd39fb94001aab0ab95fbc35b67 42aca4cb7de7415e9bf5b499e208ab2a - - default default] Successfully bumped revision number for resource 3aceb485-cc73-455d-8f47-89ea0a00c8fe (type: floatingips) to -1
2026-06-09 18:17:59.199 9 INFO neutron.wsgi [None req-1c61f583-54f6-4232-a10a-8a67b371671a 425f30fd9bfa4a59aba8521d612b35de 767207df6ea3494b827025c83e59fe5a - - default default] 10.0.0.231 "GET /v2.0/security-groups?tenant_id=2f9a51ca20b74aafa30f33647ae01f0f&name=default HTTP/1.1" status: 200 len: 3120 time: 0.2364573
2026-06-09 18:17:59.289 10 INFO neutron.db.ovn_revision_numbers_db [None req-f00e1701-5dec-4767-8214-64a47bbf54d3 1d410dd39fb94001aab0ab95fbc35b67 42aca4cb7de7415e9bf5b499e208ab2a - - default default] Successfully bumped revision number for resource 3aceb485-cc73-455d-8f47-89ea0a00c8fe (type: floatingips) to 1
2026-06-09 18:17:59.289 10 INFO neutron.db.l3_db [None req-f00e1701-5dec-4767-8214-64a47bbf54d3 1d410dd39fb94001aab0ab95fbc35b67 42aca4cb7de7415e9bf5b499e208ab2a - - default default] Floating IP 3aceb485-cc73-455d-8f47-89ea0a00c8fe associated. External IP: 10.96.250.204, port: ff8bc0e5-9557-4ea6-bb0f-a375fef97818.
2026-06-09 18:17:59.326 9 INFO neutron.wsgi [None req-e077d92b-f582-4e23-bf99-4de8ba0fe06e 425f30fd9bfa4a59aba8521d612b35de 767207df6ea3494b827025c83e59fe5a - - default default] 10.0.0.231 "DELETE /v2.0/security-groups/9b896dbd-c679-4f91-ad95-f766d59b477e HTTP/1.1" status: 204 len: 168 time: 0.3004057
