2026-06-09 18:16:49.310 10 WARNING neutron.scheduler.dhcp_agent_scheduler [None req-6b34b679-5344-491f-b231-be9bf6c890f3 425f30fd9bfa4a59aba8521d612b35de 767207df6ea3494b827025c83e59fe5a - - default default] No more DHCP agents
2026-06-09 18:16:49.315 10 WARNING neutron.api.rpc.agentnotifiers.dhcp_rpc_agent_api [None req-6b34b679-5344-491f-b231-be9bf6c890f3 425f30fd9bfa4a59aba8521d612b35de 767207df6ea3494b827025c83e59fe5a - - default default] Unable to schedule network 5de3e8e2-8fef-4dd8-89dd-421a8f230672: no agents available; will retry on subsequent port and subnet creation events.
2026-06-09 18:16:49.826 10 ERROR ovsdbapp.backend.ovs_idl.command [None req-1e75d1d1-6d52-4b62-b6f4-3b458a2d83e2 425f30fd9bfa4a59aba8521d612b35de 767207df6ea3494b827025c83e59fe5a - - default default] Error executing command (DbGetCommand): ovsdbapp.backend.ovs_idl.idlutils.RowNotFound: Cannot find Logical_Router_Port with name=lrp-969d30ef-a6d5-42a9-a7f1-cbc04835ac5d
2026-06-09 18:16:49.826 10 ERROR ovsdbapp.backend.ovs_idl.command
Traceback (most recent call last):
2026-06-09 18:16:49.826 10 ERROR ovsdbapp.backend.ovs_idl.command
File "/var/lib/openstack/lib/python3.10/site-packages/ovsdbapp/backend/ovs_idl/command.py", line 47, in execute
2026-06-09 18:16:49.826 10 ERROR ovsdbapp.backend.ovs_idl.command self.run_idl(None)
2026-06-09 18:16:49.826 10 ERROR ovsdbapp.backend.ovs_idl.command
File "/var/lib/openstack/lib/python3.10/site-packages/ovsdbapp/backend/ovs_idl/command.py", line 235, in run_idl
2026-06-09 18:16:49.826 10 ERROR ovsdbapp.backend.ovs_idl.command record = self.api.lookup(self.table, self.record)
2026-06-09 18:16:49.826 10 ERROR ovsdbapp.backend.ovs_idl.command
File "/var/lib/openstack/lib/python3.10/site-packages/ovsdbapp/backend/ovs_idl/__init__.py", line 184, in lookup
2026-06-09 18:16:49.826 10 ERROR ovsdbapp.backend.ovs_idl.command return self._lookup(table, record)
2026-06-09 18:16:49.826 10 ERROR ovsdbapp.backend.ovs_idl.command
File "/var/lib/openstack/lib/python3.10/site-packages/ovsdbapp/backend/ovs_idl/__init__.py", line 235, in _lookup
2026-06-09 18:16:49.826 10 ERROR ovsdbapp.backend.ovs_idl.command row = idlutils.row_by_value(self, rl.table, rl.column, record)
2026-06-09 18:16:49.826 10 ERROR ovsdbapp.backend.ovs_idl.command
File "/var/lib/openstack/lib/python3.10/site-packages/ovsdbapp/backend/ovs_idl/idlutils.py", line 114, in row_by_value
2026-06-09 18:16:49.826 10 ERROR ovsdbapp.backend.ovs_idl.command raise RowNotFound(table=table, col=column, match=match)
2026-06-09 18:16:49.826 10 ERROR ovsdbapp.backend.ovs_idl.command ovsdbapp.backend.ovs_idl.idlutils.RowNotFound: Cannot find Logical_Router_Port with name=lrp-969d30ef-a6d5-42a9-a7f1-cbc04835ac5d
2026-06-09 18:16:49.826 10 ERROR ovsdbapp.backend.ovs_idl.command 
2026-06-09 18:16:49.827 10 ERROR neutron_lib.callbacks.manager [None req-1e75d1d1-6d52-4b62-b6f4-3b458a2d83e2 425f30fd9bfa4a59aba8521d612b35de 767207df6ea3494b827025c83e59fe5a - - default default] Error during notification for neutron.services.ovn_l3.plugin.OVNL3RouterPlugin._port_update-8739959395046 port, after_update: ovsdbapp.backend.ovs_idl.idlutils.RowNotFound: Cannot find Logical_Router_Port with name=lrp-969d30ef-a6d5-42a9-a7f1-cbc04835ac5d
2026-06-09 18:16:49.827 10 ERROR neutron_lib.callbacks.manager
Traceback (most recent call last):
2026-06-09 18:16:49.827 10 ERROR neutron_lib.callbacks.manager
File "/var/lib/openstack/lib/python3.10/site-packages/neutron_lib/callbacks/manager.py", line 189, in _notify_loop
2026-06-09 18:16:49.827 10 ERROR neutron_lib.callbacks.manager callback.method(resource, event, trigger, payload=payload)
2026-06-09 18:16:49.827 10 ERROR neutron_lib.callbacks.manager
File "/var/lib/openstack/lib/python3.10/site-packages/neutron/services/ovn_l3/plugin.py", line 391, in _port_update
2026-06-09 18:16:49.827 10 ERROR neutron_lib.callbacks.manager l3plugin._ovn_client.update_router_port(context,
2026-06-09 18:16:49.827 10 ERROR neutron_lib.callbacks.manager
File "/var/lib/openstack/lib/python3.10/site-packages/neutron/plugins/ml2/drivers/ovn/mech_driver/ovsdb/ovn_client.py", line 1878, in update_router_port
2026-06-09 18:16:49.827 10 ERROR neutron_lib.callbacks.manager self._update_lrouter_port(context, port, if_exists=if_exists,
2026-06-09 18:16:49.827 10 ERROR neutron_lib.callbacks.manager
File "/var/lib/openstack/lib/python3.10/site-packages/neutron/plugins/ml2/drivers/ovn/mech_driver/ovsdb/ovn_client.py", line 1855, in _update_lrouter_port
2026-06-09 18:16:49.827 10 ERROR neutron_lib.callbacks.manager external_ids = self._nb_idl.db_get(
2026-06-09 18:16:49.827 10 ERROR neutron_lib.callbacks.manager
File "/var/lib/openstack/lib/python3.10/site-packages/ovsdbapp/backend/ovs_idl/command.py", line 47, in execute
2026-06-09 18:16:49.827 10 ERROR neutron_lib.callbacks.manager self.run_idl(None)
2026-06-09 18:16:49.827 10 ERROR neutron_lib.callbacks.manager
File "/var/lib/openstack/lib/python3.10/site-packages/ovsdbapp/backend/ovs_idl/command.py", line 235, in run_idl
2026-06-09 18:16:49.827 10 ERROR neutron_lib.callbacks.manager record = self.api.lookup(self.table, self.record)
2026-06-09 18:16:49.827 10 ERROR neutron_lib.callbacks.manager
File "/var/lib/openstack/lib/python3.10/site-packages/ovsdbapp/backend/ovs_idl/__init__.py", line 184, in lookup
2026-06-09 18:16:49.827 10 ERROR neutron_lib.callbacks.manager return self._lookup(table, record)
2026-06-09 18:16:49.827 10 ERROR neutron_lib.callbacks.manager
File "/var/lib/openstack/lib/python3.10/site-packages/ovsdbapp/backend/ovs_idl/__init__.py", line 235, in _lookup
2026-06-09 18:16:49.827 10 ERROR neutron_lib.callbacks.manager row = idlutils.row_by_value(self, rl.table, rl.column, record)
2026-06-09 18:16:49.827 10 ERROR neutron_lib.callbacks.manager
File "/var/lib/openstack/lib/python3.10/site-packages/ovsdbapp/backend/ovs_idl/idlutils.py", line 114, in row_by_value
2026-06-09 18:16:49.827 10 ERROR neutron_lib.callbacks.manager raise RowNotFound(table=table, col=column, match=match)
2026-06-09 18:16:49.827 10 ERROR neutron_lib.callbacks.manager ovsdbapp.backend.ovs_idl.idlutils.RowNotFound: Cannot find Logical_Router_Port with name=lrp-969d30ef-a6d5-42a9-a7f1-cbc04835ac5d
2026-06-09 18:16:49.827 10 ERROR neutron_lib.callbacks.manager 
2026-06-09 18:16:49.904 9 INFO neutron.db.ovn_revision_numbers_db [None req-95420129-8848-4dee-a4ae-911ff3c24f50 - - - - - -] Successfully bumped revision number for resource 465fb6d0-cd59-4bb6-bb86-c7dbd7bdbe62 (type: ports) to 4
2026-06-09 18:16:49.912 9 ERROR ovsdbapp.backend.ovs_idl.command [None req-af150c2d-4510-4d0a-abd0-2122ac932a51 425f30fd9bfa4a59aba8521d612b35de 767207df6ea3494b827025c83e59fe5a - - default default] Error executing command (DbGetCommand): ovsdbapp.backend.ovs_idl.idlutils.RowNotFound: Cannot find Logical_Router_Port with name=lrp-a4607d76-10fd-4200-a6d9-c6de463efc3b
2026-06-09 18:16:49.912 9 ERROR ovsdbapp.backend.ovs_idl.command
Traceback (most recent call last):
2026-06-09 18:16:49.912 9 ERROR ovsdbapp.backend.ovs_idl.command
File "/var/lib/openstack/lib/python3.10/site-packages/ovsdbapp/backend/ovs_idl/command.py", line 47, in execute
2026-06-09 18:16:49.912 9 ERROR ovsdbapp.backend.ovs_idl.command self.run_idl(None)
2026-06-09 18:16:49.912 9 ERROR ovsdbapp.backend.ovs_idl.command
File "/var/lib/openstack/lib/python3.10/site-packages/ovsdbapp/backend/ovs_idl/command.py", line 235, in run_idl
2026-06-09 18:16:49.912 9 ERROR ovsdbapp.backend.ovs_idl.command record = self.api.lookup(self.table, self.record)
2026-06-09 18:16:49.912 9 ERROR ovsdbapp.backend.ovs_idl.command
File "/var/lib/openstack/lib/python3.10/site-packages/ovsdbapp/backend/ovs_idl/__init__.py", line 184, in lookup
2026-06-09 18:16:49.912 9 ERROR ovsdbapp.backend.ovs_idl.command return self._lookup(table, record)
2026-06-09 18:16:49.912 9 ERROR ovsdbapp.backend.ovs_idl.command
File "/var/lib/openstack/lib/python3.10/site-packages/ovsdbapp/backend/ovs_idl/__init__.py", line 235, in _lookup
2026-06-09 18:16:49.912 9 ERROR ovsdbapp.backend.ovs_idl.command row = idlutils.row_by_value(self, rl.table, rl.column, record)
2026-06-09 18:16:49.912 9 ERROR ovsdbapp.backend.ovs_idl.command
File "/var/lib/openstack/lib/python3.10/site-packages/ovsdbapp/backend/ovs_idl/idlutils.py", line 114, in row_by_value
2026-06-09 18:16:49.912 9 ERROR ovsdbapp.backend.ovs_idl.command raise RowNotFound(table=table, col=column, match=match)
2026-06-09 18:16:49.912 9 ERROR ovsdbapp.backend.ovs_idl.command ovsdbapp.backend.ovs_idl.idlutils.RowNotFound: Cannot find Logical_Router_Port with name=lrp-a4607d76-10fd-4200-a6d9-c6de463efc3b
2026-06-09 18:16:49.912 9 ERROR ovsdbapp.backend.ovs_idl.command 
2026-06-09 18:16:49.912 9 ERROR neutron_lib.callbacks.manager [None req-af150c2d-4510-4d0a-abd0-2122ac932a51 425f30fd9bfa4a59aba8521d612b35de 767207df6ea3494b827025c83e59fe5a - - default default] Error during notification for neutron.services.ovn_l3.plugin.OVNL3RouterPlugin._port_update-8739959395046 port, after_update: ovsdbapp.backend.ovs_idl.idlutils.RowNotFound: Cannot find Logical_Router_Port with name=lrp-a4607d76-10fd-4200-a6d9-c6de463efc3b
2026-06-09 18:16:49.912 9 ERROR neutron_lib.callbacks.manager
Traceback (most recent call last):
2026-06-09 18:16:49.912 9 ERROR neutron_lib.callbacks.manager
File "/var/lib/openstack/lib/python3.10/site-packages/neutron_lib/callbacks/manager.py", line 189, in _notify_loop
2026-06-09 18:16:49.912 9 ERROR neutron_lib.callbacks.manager callback.method(resource, event, trigger, payload=payload)
2026-06-09 18:16:49.912 9 ERROR neutron_lib.callbacks.manager
File "/var/lib/openstack/lib/python3.10/site-packages/neutron/services/ovn_l3/plugin.py", line 391, in _port_update
2026-06-09 18:16:49.912 9 ERROR neutron_lib.callbacks.manager l3plugin._ovn_client.update_router_port(context,
2026-06-09 18:16:49.912 9 ERROR neutron_lib.callbacks.manager
File "/var/lib/openstack/lib/python3.10/site-packages/neutron/plugins/ml2/drivers/ovn/mech_driver/ovsdb/ovn_client.py", line 1878, in update_router_port
2026-06-09 18:16:49.912 9 ERROR neutron_lib.callbacks.manager self._update_lrouter_port(context, port, if_exists=if_exists,
2026-06-09 18:16:49.912 9 ERROR neutron_lib.callbacks.manager
File "/var/lib/openstack/lib/python3.10/site-packages/neutron/plugins/ml2/drivers/ovn/mech_driver/ovsdb/ovn_client.py", line 1855, in _update_lrouter_port
2026-06-09 18:16:49.912 9 ERROR neutron_lib.callbacks.manager external_ids = self._nb_idl.db_get(
2026-06-09 18:16:49.912 9 ERROR neutron_lib.callbacks.manager
File "/var/lib/openstack/lib/python3.10/site-packages/ovsdbapp/backend/ovs_idl/command.py", line 47, in execute
2026-06-09 18:16:49.912 9 ERROR neutron_lib.callbacks.manager self.run_idl(None)
2026-06-09 18:16:49.912 9 ERROR neutron_lib.callbacks.manager
File "/var/lib/openstack/lib/python3.10/site-packages/ovsdbapp/backend/ovs_idl/command.py", line 235, in run_idl
2026-06-09 18:16:49.912 9 ERROR neutron_lib.callbacks.manager record = self.api.lookup(self.table, self.record)
2026-06-09 18:16:49.912 9 ERROR neutron_lib.callbacks.manager
File "/var/lib/openstack/lib/python3.10/site-packages/ovsdbapp/backend/ovs_idl/__init__.py", line 184, in lookup
2026-06-09 18:16:49.912 9 ERROR neutron_lib.callbacks.manager return self._lookup(table, record)
2026-06-09 18:16:49.912 9 ERROR neutron_lib.callbacks.manager
File "/var/lib/openstack/lib/python3.10/site-packages/ovsdbapp/backend/ovs_idl/__init__.py", line 235, in _lookup
2026-06-09 18:16:49.912 9 ERROR neutron_lib.callbacks.manager row = idlutils.row_by_value(self, rl.table, rl.column, record)
2026-06-09 18:16:49.912 9 ERROR neutron_lib.callbacks.manager
File "/var/lib/openstack/lib/python3.10/site-packages/ovsdbapp/backend/ovs_idl/idlutils.py", line 114, in row_by_value
2026-06-09 18:16:49.912 9 ERROR neutron_lib.callbacks.manager raise RowNotFound(table=table, col=column, match=match)
2026-06-09 18:16:49.912 9 ERROR neutron_lib.callbacks.manager ovsdbapp.backend.ovs_idl.idlutils.RowNotFound: Cannot find Logical_Router_Port with name=lrp-a4607d76-10fd-4200-a6d9-c6de463efc3b
2026-06-09 18:16:49.912 9 ERROR neutron_lib.callbacks.manager 
2026-06-09 18:16:49.982 10 INFO neutron.db.ovn_revision_numbers_db [None req-e62a12d4-4767-4502-86a8-47e77df2b467 425f30fd9bfa4a59aba8521d612b35de 767207df6ea3494b827025c83e59fe5a - - default default] Successfully bumped revision number for resource cfae2a82-e344-4d5a-b3ea-f2c8a85759bc (type: security_groups) to 1
2026-06-09 18:16:50.015 10 INFO neutron.db.ovn_revision_numbers_db [None req-e62a12d4-4767-4502-86a8-47e77df2b467 425f30fd9bfa4a59aba8521d612b35de 767207df6ea3494b827025c83e59fe5a - - default default] Successfully bumped revision number for resource 38b5e388-4fb8-495e-a41a-00a5985f0edb (type: security_group_rules) to 0
2026-06-09 18:16:50.065 10 INFO neutron.db.ovn_revision_numbers_db [None req-e62a12d4-4767-4502-86a8-47e77df2b467 425f30fd9bfa4a59aba8521d612b35de 767207df6ea3494b827025c83e59fe5a - - default default] Successfully bumped revision number for resource 427446db-8567-47ae-b423-bb4bc16780be (type: security_group_rules) to 0
2026-06-09 18:16:50.137 10 INFO neutron.db.ovn_revision_numbers_db [None req-e62a12d4-4767-4502-86a8-47e77df2b467 425f30fd9bfa4a59aba8521d612b35de 767207df6ea3494b827025c83e59fe5a - - default default] Successfully bumped revision number for resource 44280ac0-a3aa-49a0-8081-c4c5161b06dd (type: security_group_rules) to 0
2026-06-09 18:16:50.146 10 INFO neutron.plugins.ml2.drivers.ovn.mech_driver.mech_driver [None req-6530a85a-f2e7-4203-8f07-50e8939a02bd - - - - - -] OVN reports status up for port: 40982ead-1049-4f33-ae04-87a728e0e699
2026-06-09 18:16:50.172 10 INFO neutron.plugins.ml2.plugin [None req-6530a85a-f2e7-4203-8f07-50e8939a02bd - - - - - -] Attempt 1 to provision port 40982ead-1049-4f33-ae04-87a728e0e699
2026-06-09 18:16:50.178 9 INFO neutron.plugins.ml2.drivers.ovn.mech_driver.mech_driver [None req-cb48ca33-fb75-4d63-b67f-a484b467142a - - - - - -] OVN reports status up for port: a4607d76-10fd-4200-a6d9-c6de463efc3b
2026-06-09 18:16:50.198 9 INFO neutron.plugins.ml2.plugin [None req-cb48ca33-fb75-4d63-b67f-a484b467142a - - - - - -] Attempt 1 to provision port a4607d76-10fd-4200-a6d9-c6de463efc3b
2026-06-09 18:16:50.204 10 INFO neutron.db.ovn_revision_numbers_db [None req-e62a12d4-4767-4502-86a8-47e77df2b467 425f30fd9bfa4a59aba8521d612b35de 767207df6ea3494b827025c83e59fe5a - - default default] Successfully bumped revision number for resource 9e312538-567d-4f85-a3da-6bad13c58177 (type: security_group_rules) to 0
2026-06-09 18:16:50.227 9 INFO neutron.db.ovn_revision_numbers_db [None req-af150c2d-4510-4d0a-abd0-2122ac932a51 425f30fd9bfa4a59aba8521d612b35de 767207df6ea3494b827025c83e59fe5a - - default default] Successfully bumped revision number for resource a4607d76-10fd-4200-a6d9-c6de463efc3b (type: ports) to 1
2026-06-09 18:16:50.249 10 INFO neutron.wsgi [None req-e62a12d4-4767-4502-86a8-47e77df2b467 425f30fd9bfa4a59aba8521d612b35de 767207df6ea3494b827025c83e59fe5a - - default default] 10.0.0.231 "GET /v2.0/security-groups?tenant_id=74788723c2df4d68838d084c58d93341&name=default HTTP/1.1" status: 200 len: 3120 time: 0.9849446
2026-06-09 18:16:50.300 9 INFO neutron.db.ovn_revision_numbers_db [None req-95420129-8848-4dee-a4ae-911ff3c24f50 - - - - - -] Successfully bumped revision number for resource 465fb6d0-cd59-4bb6-bb86-c7dbd7bdbe62 (type: router_ports) to 4
2026-06-09 18:16:50.377 9 WARNING neutron.scheduler.dhcp_agent_scheduler [None req-af150c2d-4510-4d0a-abd0-2122ac932a51 425f30fd9bfa4a59aba8521d612b35de 767207df6ea3494b827025c83e59fe5a - - default default] No more DHCP agents
2026-06-09 18:16:50.382 9 WARNING neutron.api.rpc.agentnotifiers.dhcp_rpc_agent_api [None req-af150c2d-4510-4d0a-abd0-2122ac932a51 425f30fd9bfa4a59aba8521d612b35de 767207df6ea3494b827025c83e59fe5a - - default default] Unable to schedule network b821fcf8-cfbc-4319-85e7-9e91c2ee3a33: no agents available; will retry on subsequent port and subnet creation events.
2026-06-09 18:16:50.400 10 INFO neutron.db.ovn_revision_numbers_db [None req-1e75d1d1-6d52-4b62-b6f4-3b458a2d83e2 425f30fd9bfa4a59aba8521d612b35de 767207df6ea3494b827025c83e59fe5a - - default default] Successfully bumped revision number for resource 969d30ef-a6d5-42a9-a7f1-cbc04835ac5d (type: ports) to 1
2026-06-09 18:16:50.411 10 INFO neutron.db.ovn_revision_numbers_db [None req-fa6d3ab6-2451-46b8-99f4-9f02a92128d1 - - - - - -] Successfully bumped revision number for resource 40982ead-1049-4f33-ae04-87a728e0e699 (type: router_ports) to 3
2026-06-09 18:16:50.601 10 WARNING neutron.scheduler.dhcp_agent_scheduler [None req-1e75d1d1-6d52-4b62-b6f4-3b458a2d83e2 425f30fd9bfa4a59aba8521d612b35de 767207df6ea3494b827025c83e59fe5a - - default default] No more DHCP agents
2026-06-09 18:16:50.613 10 WARNING neutron.api.rpc.agentnotifiers.dhcp_rpc_agent_api [None req-1e75d1d1-6d52-4b62-b6f4-3b458a2d83e2 425f30fd9bfa4a59aba8521d612b35de 767207df6ea3494b827025c83e59fe5a - - default default] Unable to schedule network 50a03bd5-1dec-48eb-a500-2b1f92368d7a: no agents available; will retry on subsequent port and subnet creation events.
2026-06-09 18:16:50.706 9 INFO neutron.wsgi [None req-5a38d585-de63-4327-b4c5-4cd4b079fcf0 425f30fd9bfa4a59aba8521d612b35de 767207df6ea3494b827025c83e59fe5a - - default default] 10.0.0.231 "DELETE /v2.0/security-groups/cfae2a82-e344-4d5a-b3ea-f2c8a85759bc HTTP/1.1" status: 204 len: 168 time: 0.4499652
2026-06-09 18:16:50.884 9 INFO neutron.db.ovn_revision_numbers_db [None req-cb48ca33-fb75-4d63-b67f-a484b467142a - - - - - -] Successfully bumped revision number for resource a4607d76-10fd-4200-a6d9-c6de463efc3b (type: ports) to 2
2026-06-09 18:16:51.007 10 INFO neutron.db.ovn_revision_numbers_db [None req-6b34b679-5344-491f-b231-be9bf6c890f3 425f30fd9bfa4a59aba8521d612b35de 767207df6ea3494b827025c83e59fe5a - - default default] Successfully bumped revision number for resource 9565738a-1c27-4d04-842c-36eaf6c7400f (type: ports) to 2
2026-06-09 18:16:51.076 9 INFO neutron.db.ovn_revision_numbers_db [None req-9a990fc0-c08e-40f9-a9aa-771c829b42cc 425f30fd9bfa4a59aba8521d612b35de 767207df6ea3494b827025c83e59fe5a - - default default] Successfully bumped revision number for resource bf693714-f145-49e8-abee-4be9d3d5cfad (type: security_groups) to 1
2026-06-09 18:16:51.094 9 ERROR ovsdbapp.backend.ovs_idl.command [None req-cb48ca33-fb75-4d63-b67f-a484b467142a - - - - - -] Error executing command (DbGetCommand): ovsdbapp.backend.ovs_idl.idlutils.RowNotFound: Cannot find Logical_Router_Port with name=lrp-a4607d76-10fd-4200-a6d9-c6de463efc3b
2026-06-09 18:16:51.094 9 ERROR ovsdbapp.backend.ovs_idl.command
Traceback (most recent call last):
2026-06-09 18:16:51.094 9 ERROR ovsdbapp.backend.ovs_idl.command
File "/var/lib/openstack/lib/python3.10/site-packages/ovsdbapp/backend/ovs_idl/command.py", line 47, in execute
2026-06-09 18:16:51.094 9 ERROR ovsdbapp.backend.ovs_idl.command self.run_idl(None)
2026-06-09 18:16:51.094 9 ERROR ovsdbapp.backend.ovs_idl.command
File "/var/lib/openstack/lib/python3.10/site-packages/ovsdbapp/backend/ovs_idl/command.py", line 235, in run_idl
2026-06-09 18:16:51.094 9 ERROR ovsdbapp.backend.ovs_idl.command record = self.api.lookup(self.table, self.record)
2026-06-09 18:16:51.094 9 ERROR ovsdbapp.backend.ovs_idl.command
File "/var/lib/openstack/lib/python3.10/site-packages/ovsdbapp/backend/ovs_idl/__init__.py", line 184, in lookup
2026-06-09 18:16:51.094 9 ERROR ovsdbapp.backend.ovs_idl.command return self._lookup(table, record)
2026-06-09 18:16:51.094 9 ERROR ovsdbapp.backend.ovs_idl.command
File "/var/lib/openstack/lib/python3.10/site-packages/ovsdbapp/backend/ovs_idl/__init__.py", line 235, in _lookup
2026-06-09 18:16:51.094 9 ERROR ovsdbapp.backend.ovs_idl.command row = idlutils.row_by_value(self, rl.table, rl.column, record)
2026-06-09 18:16:51.094 9 ERROR ovsdbapp.backend.ovs_idl.command
File "/var/lib/openstack/lib/python3.10/site-packages/ovsdbapp/backend/ovs_idl/idlutils.py", line 114, in row_by_value
2026-06-09 18:16:51.094 9 ERROR ovsdbapp.backend.ovs_idl.command raise RowNotFound(table=table, col=column, match=match)
2026-06-09 18:16:51.094 9 ERROR ovsdbapp.backend.ovs_idl.command ovsdbapp.backend.ovs_idl.idlutils.RowNotFound: Cannot find Logical_Router_Port with name=lrp-a4607d76-10fd-4200-a6d9-c6de463efc3b
2026-06-09 18:16:51.094 9 ERROR ovsdbapp.backend.ovs_idl.command 
2026-06-09 18:16:51.094 9 ERROR neutron_lib.callbacks.manager [None req-cb48ca33-fb75-4d63-b67f-a484b467142a - - - - - -] Error during notification for neutron.services.ovn_l3.plugin.OVNL3RouterPlugin._port_update-8739959395046 port, after_update: ovsdbapp.backend.ovs_idl.idlutils.RowNotFound: Cannot find Logical_Router_Port with name=lrp-a4607d76-10fd-4200-a6d9-c6de463efc3b
2026-06-09 18:16:51.094 9 ERROR neutron_lib.callbacks.manager
Traceback (most recent call last):
2026-06-09 18:16:51.094 9 ERROR neutron_lib.callbacks.manager
File "/var/lib/openstack/lib/python3.10/site-packages/neutron_lib/callbacks/manager.py", line 189, in _notify_loop
2026-06-09 18:16:51.094 9 ERROR neutron_lib.callbacks.manager callback.method(resource, event, trigger, payload=payload)
2026-06-09 18:16:51.094 9 ERROR neutron_lib.callbacks.manager
File "/var/lib/openstack/lib/python3.10/site-packages/neutron/services/ovn_l3/plugin.py", line 391, in _port_update
2026-06-09 18:16:51.094 9 ERROR neutron_lib.callbacks.manager l3plugin._ovn_client.update_router_port(context,
2026-06-09 18:16:51.094 9 ERROR neutron_lib.callbacks.manager
File "/var/lib/openstack/lib/python3.10/site-packages/neutron/plugins/ml2/drivers/ovn/mech_driver/ovsdb/ovn_client.py", line 1878, in update_router_port
2026-06-09 18:16:51.094 9 ERROR neutron_lib.callbacks.manager self._update_lrouter_port(context, port, if_exists=if_exists,
2026-06-09 18:16:51.094 9 ERROR neutron_lib.callbacks.manager
File "/var/lib/openstack/lib/python3.10/site-packages/neutron/plugins/ml2/drivers/ovn/mech_driver/ovsdb/ovn_client.py", line 1855, in _update_lrouter_port
2026-06-09 18:16:51.094 9 ERROR neutron_lib.callbacks.manager external_ids = self._nb_idl.db_get(
2026-06-09 18:16:51.094 9 ERROR neutron_lib.callbacks.manager
File "/var/lib/openstack/lib/python3.10/site-packages/ovsdbapp/backend/ovs_idl/command.py", line 47, in execute
2026-06-09 18:16:51.094 9 ERROR neutron_lib.callbacks.manager self.run_idl(None)
2026-06-09 18:16:51.094 9 ERROR neutron_lib.callbacks.manager
File "/var/lib/openstack/lib/python3.10/site-packages/ovsdbapp/backend/ovs_idl/command.py", line 235, in run_idl
2026-06-09 18:16:51.094 9 ERROR neutron_lib.callbacks.manager record = self.api.lookup(self.table, self.record)
2026-06-09 18:16:51.094 9 ERROR neutron_lib.callbacks.manager
File "/var/lib/openstack/lib/python3.10/site-packages/ovsdbapp/backend/ovs_idl/__init__.py", line 184, in lookup
2026-06-09 18:16:51.094 9 ERROR neutron_lib.callbacks.manager return self._lookup(table, record)
2026-06-09 18:16:51.094 9 ERROR neutron_lib.callbacks.manager
File "/var/lib/openstack/lib/python3.10/site-packages/ovsdbapp/backend/ovs_idl/__init__.py", line 235, in _lookup
2026-06-09 18:16:51.094 9 ERROR neutron_lib.callbacks.manager row = idlutils.row_by_value(self, rl.table, rl.column, record)
2026-06-09 18:16:51.094 9 ERROR neutron_lib.callbacks.manager
File "/var/lib/openstack/lib/python3.10/site-packages/ovsdbapp/backend/ovs_idl/idlutils.py", line 114, in row_by_value
2026-06-09 18:16:51.094 9 ERROR neutron_lib.callbacks.manager raise RowNotFound(table=table, col=column, match=match)
2026-06-09 18:16:51.094 9 ERROR neutron_lib.callbacks.manager ovsdbapp.backend.ovs_idl.idlutils.RowNotFound: Cannot find Logical_Router_Port with name=lrp-a4607d76-10fd-4200-a6d9-c6de463efc3b
2026-06-09 18:16:51.094 9 ERROR neutron_lib.callbacks.manager 
2026-06-09 18:16:51.108 9 INFO neutron.db.ovn_revision_numbers_db [None req-9a990fc0-c08e-40f9-a9aa-771c829b42cc 425f30fd9bfa4a59aba8521d612b35de 767207df6ea3494b827025c83e59fe5a - - default default] Successfully bumped revision number for resource 44bc171a-10a1-4704-8ff1-feb779d32472 (type: security_group_rules) to 0
2026-06-09 18:16:51.115 10 INFO neutron.db.ovn_revision_numbers_db [None req-6b34b679-5344-491f-b231-be9bf6c890f3 425f30fd9bfa4a59aba8521d612b35de 767207df6ea3494b827025c83e59fe5a - - default default] Successfully bumped revision number for resource b65f8d23-096d-49bd-b292-e49db4a9a5cb (type: subnets) to 0
2026-06-09 18:16:51.130 9 INFO neutron.db.ovn_revision_numbers_db [None req-9a990fc0-c08e-40f9-a9aa-771c829b42cc 425f30fd9bfa4a59aba8521d612b35de 767207df6ea3494b827025c83e59fe5a - - default default] Successfully bumped revision number for resource 5f9763c5-f318-41fd-b31f-a4d0c07b4b98 (type: security_group_rules) to 0
2026-06-09 18:16:51.155 10 INFO neutron.wsgi [None req-6b34b679-5344-491f-b231-be9bf6c890f3 425f30fd9bfa4a59aba8521d612b35de 767207df6ea3494b827025c83e59fe5a - - default default] 10.0.0.231 "POST /v2.0/subnets HTTP/1.1" status: 201 len: 863 time: 2.1206310
2026-06-09 18:16:51.157 9 INFO neutron.db.ovn_revision_numbers_db [None req-9a990fc0-c08e-40f9-a9aa-771c829b42cc 425f30fd9bfa4a59aba8521d612b35de 767207df6ea3494b827025c83e59fe5a - - default default] Successfully bumped revision number for resource 7443c210-d9d3-4ba9-993f-f75aa838650f (type: security_group_rules) to 0
2026-06-09 18:16:51.188 9 INFO neutron.db.ovn_revision_numbers_db [None req-9a990fc0-c08e-40f9-a9aa-771c829b42cc 425f30fd9bfa4a59aba8521d612b35de 767207df6ea3494b827025c83e59fe5a - - default default] Successfully bumped revision number for resource f1aa8741-57b2-4b79-b7cf-8d789b7f96e5 (type: security_group_rules) to 0
2026-06-09 18:16:51.206 10 INFO neutron.db.ovn_revision_numbers_db [None req-fa6d3ab6-2451-46b8-99f4-9f02a92128d1 - - - - - -] Successfully bumped revision number for resource 40982ead-1049-4f33-ae04-87a728e0e699 (type: ports) to 2
2026-06-09 18:16:51.215 9 INFO neutron.wsgi [None req-9a990fc0-c08e-40f9-a9aa-771c829b42cc 425f30fd9bfa4a59aba8521d612b35de 767207df6ea3494b827025c83e59fe5a - - default default] 10.0.0.231 "GET /v2.0/security-groups?tenant_id=f17e08863668470d83e35c2971f74556&name=default HTTP/1.1" status: 200 len: 3120 time: 0.4215925
2026-06-09 18:16:51.271 9 INFO neutron.db.ovn_revision_numbers_db [None req-af150c2d-4510-4d0a-abd0-2122ac932a51 425f30fd9bfa4a59aba8521d612b35de 767207df6ea3494b827025c83e59fe5a - - default default] Successfully bumped revision number for resource a4607d76-10fd-4200-a6d9-c6de463efc3b (type: router_ports) to 1
2026-06-09 18:16:51.276 9 INFO neutron.wsgi [None req-af150c2d-4510-4d0a-abd0-2122ac932a51 425f30fd9bfa4a59aba8521d612b35de 767207df6ea3494b827025c83e59fe5a - - default default] 10.0.0.231 "PUT /v2.0/routers/7c24cdfc-a44b-4cb9-9794-65f0dd38b1ae/add_router_interface HTTP/1.1" status: 200 len: 503 time: 3.3667693
2026-06-09 18:16:51.430 10 INFO neutron.db.ovn_revision_numbers_db [None req-6530a85a-f2e7-4203-8f07-50e8939a02bd - - - - - -] Successfully bumped revision number for resource 40982ead-1049-4f33-ae04-87a728e0e699 (type: ports) to 4
2026-06-09 18:16:51.645 9 INFO neutron.wsgi [None req-34e2483b-8979-48b8-b731-04292f7eb250 425f30fd9bfa4a59aba8521d612b35de 767207df6ea3494b827025c83e59fe5a - - default default] 10.0.0.231 "DELETE /v2.0/security-groups/bf693714-f145-49e8-abee-4be9d3d5cfad HTTP/1.1" status: 204 len: 168 time: 0.4225996
2026-06-09 18:16:51.869 9 WARNING neutron_lib.context [None req-f38ffecd-4266-494e-ad39-2063ffc0304b 8fb180fd6ca94a4480c4f9dd6b3eb0c7 ee20d3b9c9644914859b20603b63a1ae - - default default] Method 'is_advsvc' is deprecated since 2023.2 release (neutron-lib 3.8.0) and will be removed once support for the old RBAC API policies will be removed from Neutron. Please use method 'is_service_role' instead.
2026-06-09 18:16:51.929 10 INFO neutron.db.ovn_revision_numbers_db [None req-6530a85a-f2e7-4203-8f07-50e8939a02bd - - - - - -] Successfully bumped revision number for resource 40982ead-1049-4f33-ae04-87a728e0e699 (type: router_ports) to 4
2026-06-09 18:16:52.024 9 INFO neutron.db.ovn_revision_numbers_db [None req-f38ffecd-4266-494e-ad39-2063ffc0304b 8fb180fd6ca94a4480c4f9dd6b3eb0c7 ee20d3b9c9644914859b20603b63a1ae - - default default] Successfully bumped revision number for resource b872f34a-62d4-42e6-919c-a584f961e61f (type: security_groups) to 1
2026-06-09 18:16:52.045 9 INFO neutron.db.ovn_revision_numbers_db [None req-f38ffecd-4266-494e-ad39-2063ffc0304b 8fb180fd6ca94a4480c4f9dd6b3eb0c7 ee20d3b9c9644914859b20603b63a1ae - - default default] Successfully bumped revision number for resource a7d48db0-38ec-4247-a2ba-59df4aec6a8e (type: security_group_rules) to 0
2026-06-09 18:16:52.063 9 INFO neutron.db.ovn_revision_numbers_db [None req-f38ffecd-4266-494e-ad39-2063ffc0304b 8fb180fd6ca94a4480c4f9dd6b3eb0c7 ee20d3b9c9644914859b20603b63a1ae - - default default] Successfully bumped revision number for resource d91fd1d7-5c38-45a3-a692-389549d10aa1 (type: security_group_rules) to 0
2026-06-09 18:16:52.064 10 WARNING neutron.scheduler.dhcp_agent_scheduler [None req-3f524f48-7902-4028-8877-639387d7a5ad 425f30fd9bfa4a59aba8521d612b35de 767207df6ea3494b827025c83e59fe5a - - default default] No more DHCP agents
2026-06-09 18:16:52.068 10 WARNING neutron.api.rpc.agentnotifiers.dhcp_rpc_agent_api [None req-3f524f48-7902-4028-8877-639387d7a5ad 425f30fd9bfa4a59aba8521d612b35de 767207df6ea3494b827025c83e59fe5a - - default default] Unable to schedule network 82e904f0-9fa3-4b6e-8e75-e094a397722a: no agents available; will retry on subsequent port and subnet creation events.
2026-06-09 18:16:52.090 9 INFO neutron.wsgi [None req-f38ffecd-4266-494e-ad39-2063ffc0304b 8fb180fd6ca94a4480c4f9dd6b3eb0c7 ee20d3b9c9644914859b20603b63a1ae - - default default] 10.0.0.231 "POST /v2.0/security-groups HTTP/1.1" status: 201 len: 1860 time: 0.2295856
2026-06-09 18:16:52.091 10 INFO neutron.db.ovn_revision_numbers_db [None req-1e75d1d1-6d52-4b62-b6f4-3b458a2d83e2 425f30fd9bfa4a59aba8521d612b35de 767207df6ea3494b827025c83e59fe5a - - default default] Successfully bumped revision number for resource 969d30ef-a6d5-42a9-a7f1-cbc04835ac5d (type: router_ports) to 1
2026-06-09 18:16:52.095 10 INFO neutron.wsgi [None req-1e75d1d1-6d52-4b62-b6f4-3b458a2d83e2 425f30fd9bfa4a59aba8521d612b35de 767207df6ea3494b827025c83e59fe5a - - default default] 10.0.0.231 "PUT /v2.0/routers/b32c4815-0071-4ab0-a6cf-1ff9d0e122fe/add_router_interface HTTP/1.1" status: 200 len: 503 time: 4.6630013
2026-06-09 18:16:52.100 9 WARNING neutron_lib.context [None req-c8f114d5-ff1c-49de-b954-89a0270cbb29 8fb180fd6ca94a4480c4f9dd6b3eb0c7 ee20d3b9c9644914859b20603b63a1ae - - default default] Method 'is_advsvc' is deprecated since 2023.2 release (neutron-lib 3.8.0) and will be removed once support for the old RBAC API policies will be removed from Neutron. Please use method 'is_service_role' instead.
2026-06-09 18:16:52.269 9 INFO neutron.db.ovn_revision_numbers_db [None req-c8f114d5-ff1c-49de-b954-89a0270cbb29 8fb180fd6ca94a4480c4f9dd6b3eb0c7 ee20d3b9c9644914859b20603b63a1ae - - default default] Successfully bumped revision number for resource 6d7c3955-9eba-416d-abfa-8feacc212d89 (type: security_group_rules) to 0
2026-06-09 18:16:52.290 10 INFO neutron.db.ovn_revision_numbers_db [None req-3f524f48-7902-4028-8877-639387d7a5ad 425f30fd9bfa4a59aba8521d612b35de 767207df6ea3494b827025c83e59fe5a - - default default] Successfully bumped revision number for resource a368b8c3-20b3-45df-97f6-b04360c9649c (type: ports) to 1
2026-06-09 18:16:52.302 9 INFO neutron.wsgi [None req-c8f114d5-ff1c-49de-b954-89a0270cbb29 8fb180fd6ca94a4480c4f9dd6b3eb0c7 ee20d3b9c9644914859b20603b63a1ae - - default default] 10.0.0.231 "POST /v2.0/security-group-rules HTTP/1.1" status: 201 len: 796 time: 0.2068515
2026-06-09 18:16:52.315 9 WARNING neutron_lib.context [None req-8a7dd359-7e44-4538-9fb9-3faeeb921a5e 8fb180fd6ca94a4480c4f9dd6b3eb0c7 ee20d3b9c9644914859b20603b63a1ae - - default default] Method 'is_advsvc' is deprecated since 2023.2 release (neutron-lib 3.8.0) and will be removed once support for the old RBAC API policies will be removed from Neutron. Please use method 'is_service_role' instead.
2026-06-09 18:16:52.469 9 INFO neutron.db.ovn_revision_numbers_db [None req-8a7dd359-7e44-4538-9fb9-3faeeb921a5e 8fb180fd6ca94a4480c4f9dd6b3eb0c7 ee20d3b9c9644914859b20603b63a1ae - - default default] Successfully bumped revision number for resource e8dc03ae-9e10-4202-bbfa-750da7602968 (type: security_group_rules) to 0
2026-06-09 18:16:52.501 9 INFO neutron.wsgi [None req-8a7dd359-7e44-4538-9fb9-3faeeb921a5e 8fb180fd6ca94a4480c4f9dd6b3eb0c7 ee20d3b9c9644914859b20603b63a1ae - - default default] 10.0.0.231 "POST /v2.0/security-group-rules HTTP/1.1" status: 201 len: 801 time: 0.1908877
2026-06-09 18:16:52.515 9 WARNING neutron_lib.context [None req-77e837d3-0933-4a80-9bb2-16a802b0a95d 8fb180fd6ca94a4480c4f9dd6b3eb0c7 ee20d3b9c9644914859b20603b63a1ae - - default default] Method 'is_advsvc' is deprecated since 2023.2 release (neutron-lib 3.8.0) and will be removed once support for the old RBAC API policies will be removed from Neutron. Please use method 'is_service_role' instead.
2026-06-09 18:16:52.668 10 WARNING neutron_lib.context [None req-f1d8b790-7b3d-4699-8bd4-d844f48a413d fdd91e51b4f044558b4762d70b1afeb2 68628d9905a54d24b8e3a7cef0f789bb - - default default] Method 'is_advsvc' is deprecated since 2023.2 release (neutron-lib 3.8.0) and will be removed once support for the old RBAC API policies will be removed from Neutron. Please use method 'is_service_role' instead.
2026-06-09 18:16:52.789 9 WARNING neutron.scheduler.dhcp_agent_scheduler [None req-77e837d3-0933-4a80-9bb2-16a802b0a95d 8fb180fd6ca94a4480c4f9dd6b3eb0c7 ee20d3b9c9644914859b20603b63a1ae - - default default] No more DHCP agents
2026-06-09 18:16:52.792 9 WARNING neutron.api.rpc.agentnotifiers.dhcp_rpc_agent_api [None req-77e837d3-0933-4a80-9bb2-16a802b0a95d 8fb180fd6ca94a4480c4f9dd6b3eb0c7 ee20d3b9c9644914859b20603b63a1ae - - default default] Unable to schedule network 82e904f0-9fa3-4b6e-8e75-e094a397722a: no agents available; will retry on subsequent port and subnet creation events.
2026-06-09 18:16:52.855 10 INFO neutron.db.ovn_revision_numbers_db [None req-f1d8b790-7b3d-4699-8bd4-d844f48a413d fdd91e51b4f044558b4762d70b1afeb2 68628d9905a54d24b8e3a7cef0f789bb - - default default] Successfully bumped revision number for resource fc65d6c3-57ec-469c-bf0a-ae4c9184c521 (type: security_groups) to 1
2026-06-09 18:16:52.888 10 INFO neutron.db.ovn_revision_numbers_db [None req-f1d8b790-7b3d-4699-8bd4-d844f48a413d fdd91e51b4f044558b4762d70b1afeb2 68628d9905a54d24b8e3a7cef0f789bb - - default default] Successfully bumped revision number for resource 7547995c-2482-4178-8293-5022f54e9496 (type: security_group_rules) to 0
2026-06-09 18:16:52.914 10 INFO neutron.db.ovn_revision_numbers_db [None req-f1d8b790-7b3d-4699-8bd4-d844f48a413d fdd91e51b4f044558b4762d70b1afeb2 68628d9905a54d24b8e3a7cef0f789bb - - default default] Successfully bumped revision number for resource e3d5e0b4-4240-4074-b61e-40855dbef650 (type: security_group_rules) to 0
2026-06-09 18:16:52.941 10 INFO neutron.wsgi [None req-f1d8b790-7b3d-4699-8bd4-d844f48a413d fdd91e51b4f044558b4762d70b1afeb2 68628d9905a54d24b8e3a7cef0f789bb - - default default] 10.0.0.231 "POST /v2.0/security-groups HTTP/1.1" status: 201 len: 1861 time: 0.2804334
2026-06-09 18:16:52.953 9 WARNING neutron_lib.context [None req-a94b68b7-2225-4b98-8f5c-b3a97f56ec9e fdd91e51b4f044558b4762d70b1afeb2 68628d9905a54d24b8e3a7cef0f789bb - - default default] Method 'is_advsvc' is deprecated since 2023.2 release (neutron-lib 3.8.0) and will be removed once support for the old RBAC API policies will be removed from Neutron. Please use method 'is_service_role' instead.
2026-06-09 18:16:53.138 9 INFO neutron.db.ovn_revision_numbers_db [None req-a94b68b7-2225-4b98-8f5c-b3a97f56ec9e fdd91e51b4f044558b4762d70b1afeb2 68628d9905a54d24b8e3a7cef0f789bb - - default default] Successfully bumped revision number for resource e7837c10-3b79-4d6b-866b-6c6df59882de (type: security_group_rules) to 0
2026-06-09 18:16:53.160 9 INFO neutron.wsgi [None req-77e837d3-0933-4a80-9bb2-16a802b0a95d 8fb180fd6ca94a4480c4f9dd6b3eb0c7 ee20d3b9c9644914859b20603b63a1ae - - default default] 10.0.0.231 "POST /v2.0/floatingips HTTP/1.1" status: 201 len: 751 time: 0.6544385
2026-06-09 18:16:53.176 9 INFO neutron.wsgi [None req-a94b68b7-2225-4b98-8f5c-b3a97f56ec9e fdd91e51b4f044558b4762d70b1afeb2 68628d9905a54d24b8e3a7cef0f789bb - - default default] 10.0.0.231 "POST /v2.0/security-group-rules HTTP/1.1" status: 201 len: 796 time: 0.2288446
2026-06-09 18:16:53.186 9 WARNING neutron_lib.context [None req-f2663196-4c81-4acd-850c-79085f0e6593 fdd91e51b4f044558b4762d70b1afeb2 68628d9905a54d24b8e3a7cef0f789bb - - default default] Method 'is_advsvc' is deprecated since 2023.2 release (neutron-lib 3.8.0) and will be removed once support for the old RBAC API policies will be removed from Neutron. Please use method 'is_service_role' instead.
2026-06-09 18:16:53.301 10 INFO neutron.plugins.ml2.drivers.ovn.mech_driver.ovsdb.commands [None req-5094231c-c2b1-4ee3-8d0e-24b58b4b1df2 - - - - - -] Schedule LRP lrp-a368b8c3-20b3-45df-97f6-b04360c9649c on gateway c06553ac-779e-4502-a824-290ead058b16 with priority 1
2026-06-09 18:16:53.322 9 INFO neutron.plugins.ml2.drivers.ovn.mech_driver.ovsdb.ovsdb_monitor [None req-95420129-8848-4dee-a4ae-911ff3c24f50 - - - - - -] Router c36e555a-24fd-45e7-ac2d-c222054583c4 is bound to host instance
2026-06-09 18:16:53.336 9 INFO neutron.db.ovn_revision_numbers_db [None req-f2663196-4c81-4acd-850c-79085f0e6593 fdd91e51b4f044558b4762d70b1afeb2 68628d9905a54d24b8e3a7cef0f789bb - - default default] Successfully bumped revision number for resource 2da28e46-8118-4e1a-8053-7d8029ee1bdf (type: security_group_rules) to 0
2026-06-09 18:16:53.342 10 INFO neutron.db.ovn_revision_numbers_db [None req-3f524f48-7902-4028-8877-639387d7a5ad 425f30fd9bfa4a59aba8521d612b35de 767207df6ea3494b827025c83e59fe5a - - default default] Successfully bumped revision number for resource a368b8c3-20b3-45df-97f6-b04360c9649c (type: router_ports) to 1
2026-06-09 18:16:53.373 9 INFO neutron.wsgi [None req-f2663196-4c81-4acd-850c-79085f0e6593 fdd91e51b4f044558b4762d70b1afeb2 68628d9905a54d24b8e3a7cef0f789bb - - default default] 10.0.0.231 "POST /v2.0/security-group-rules HTTP/1.1" status: 201 len: 801 time: 0.1930728
2026-06-09 18:16:53.386 9 WARNING neutron_lib.context [None req-72e7a89f-2ec0-4d1d-a319-f97654d2168e fdd91e51b4f044558b4762d70b1afeb2 68628d9905a54d24b8e3a7cef0f789bb - - default default] Method 'is_advsvc' is deprecated since 2023.2 release (neutron-lib 3.8.0) and will be removed once support for the old RBAC API policies will be removed from Neutron. Please use method 'is_service_role' instead.
2026-06-09 18:16:53.417 10 INFO neutron.db.ovn_revision_numbers_db [None req-3f524f48-7902-4028-8877-639387d7a5ad 425f30fd9bfa4a59aba8521d612b35de 767207df6ea3494b827025c83e59fe5a - - default default] Successfully bumped revision number for resource c36e555a-24fd-45e7-ac2d-c222054583c4 (type: routers) to 2
2026-06-09 18:16:53.434 10 INFO neutron.wsgi [None req-3f524f48-7902-4028-8877-639387d7a5ad 425f30fd9bfa4a59aba8521d612b35de 767207df6ea3494b827025c83e59fe5a - - default default] 10.0.0.231 "POST /v2.0/routers HTTP/1.1" status: 201 len: 1165 time: 2.2731819
2026-06-09 18:16:53.561 9 INFO neutron.wsgi [-] 10.0.0.150 "GET / HTTP/1.1" status: 200 len: 247 time: 0.0013075
2026-06-09 18:16:53.562 9 INFO neutron.wsgi [-] 10.0.0.150 "GET / HTTP/1.1" status: 200 len: 247 time: 0.0009232
2026-06-09 18:16:53.628 10 INFO neutron.wsgi [req-39a9737a-b0e7-4024-b204-d081216b4984 req-b57643b2-6495-42fb-a7f1-67d461578332 8fb180fd6ca94a4480c4f9dd6b3eb0c7 ee20d3b9c9644914859b20603b63a1ae - - default default] 10.0.0.180 "GET /v2.0/security-groups?name=tempest-securitygroup--377419368&fields=id&tenant_id=ee20d3b9c9644914859b20603b63a1ae HTTP/1.1" status: 200 len: 267 time: 0.0478821
2026-06-09 18:16:53.703 10 INFO neutron.wsgi [req-39a9737a-b0e7-4024-b204-d081216b4984 req-3a8d2bd8-9f7d-46ce-bc7f-fc817e90b0fe 8fb180fd6ca94a4480c4f9dd6b3eb0c7 ee20d3b9c9644914859b20603b63a1ae - - default default] 10.0.0.180 "GET /v2.0/networks?id=b821fcf8-cfbc-4319-85e7-9e91c2ee3a33 HTTP/1.1" status: 200 len: 874 time: 0.0659518
2026-06-09 18:16:53.722 10 INFO neutron.wsgi [req-39a9737a-b0e7-4024-b204-d081216b4984 req-c56ed695-53c1-424b-a271-a08f89d5193c 8fb180fd6ca94a4480c4f9dd6b3eb0c7 ee20d3b9c9644914859b20603b63a1ae - - default default] 10.0.0.180 "GET /v2.0/quotas/ee20d3b9c9644914859b20603b63a1ae HTTP/1.1" status: 200 len: 491 time: 0.0106199
2026-06-09 18:16:53.732 9 WARNING neutron.scheduler.dhcp_agent_scheduler [None req-72e7a89f-2ec0-4d1d-a319-f97654d2168e fdd91e51b4f044558b4762d70b1afeb2 68628d9905a54d24b8e3a7cef0f789bb - - default default] No more DHCP agents
2026-06-09 18:16:53.736 9 WARNING neutron.api.rpc.agentnotifiers.dhcp_rpc_agent_api [None req-72e7a89f-2ec0-4d1d-a319-f97654d2168e fdd91e51b4f044558b4762d70b1afeb2 68628d9905a54d24b8e3a7cef0f789bb - - default default] Unable to schedule network 82e904f0-9fa3-4b6e-8e75-e094a397722a: no agents available; will retry on subsequent port and subnet creation events.
2026-06-09 18:16:53.825 10 INFO neutron.wsgi [req-39a9737a-b0e7-4024-b204-d081216b4984 req-215dda42-97f6-433c-a354-f8cf136dc1dc 8fb180fd6ca94a4480c4f9dd6b3eb0c7 ee20d3b9c9644914859b20603b63a1ae - - default default] 10.0.0.180 "GET /v2.0/ports?tenant_id=ee20d3b9c9644914859b20603b63a1ae&fields=id HTTP/1.1" status: 200 len: 302 time: 0.0953848
2026-06-09 18:16:53.912 10 INFO neutron.wsgi [req-39a9737a-b0e7-4024-b204-d081216b4984 req-4c3f81b1-431e-4d1e-ae17-7242b369c170 b6010b07c75146c09d8fc3ee3b0b64ec 1ccd198a5b87496f98e9c72a2a22738a - - 0746ddb4a3ab48e7a1797add0e522397 0746ddb4a3ab48e7a1797add0e522397] 10.0.0.180 "GET /v2.0/networks/b821fcf8-cfbc-4319-85e7-9e91c2ee3a33?fields=segments HTTP/1.1" status: 200 len: 212 time: 0.0741603
2026-06-09 18:16:54.002 10 INFO neutron.wsgi [req-39a9737a-b0e7-4024-b204-d081216b4984 req-c7c092f5-e3b6-4ca2-85ab-f4489fed1bfb b6010b07c75146c09d8fc3ee3b0b64ec 1ccd198a5b87496f98e9c72a2a22738a - - 0746ddb4a3ab48e7a1797add0e522397 0746ddb4a3ab48e7a1797add0e522397] 10.0.0.180 "GET /v2.0/networks/b821fcf8-cfbc-4319-85e7-9e91c2ee3a33?fields=provider%3Aphysical_network&fields=provider%3Anetwork_type HTTP/1.1" status: 200 len: 277 time: 0.0821126
2026-06-09 18:16:54.044 10 WARNING neutron.scheduler.dhcp_agent_scheduler [None req-cbff4407-b5dc-4473-bee3-dd02922efef3 425f30fd9bfa4a59aba8521d612b35de 767207df6ea3494b827025c83e59fe5a - - default default] No more DHCP agents
2026-06-09 18:16:54.046 10 WARNING neutron.api.rpc.agentnotifiers.dhcp_rpc_agent_api [None req-cbff4407-b5dc-4473-bee3-dd02922efef3 425f30fd9bfa4a59aba8521d612b35de 767207df6ea3494b827025c83e59fe5a - - default default] Unable to schedule network 5de3e8e2-8fef-4dd8-89dd-421a8f230672: no agents available; will retry on subsequent port and subnet creation events.
2026-06-09 18:16:54.160 9 INFO neutron.wsgi [req-5a01296b-d672-4f50-9c25-f754055e9f88 req-43268efe-8c5f-43a1-aebc-e250b4ff5390 8fb180fd6ca94a4480c4f9dd6b3eb0c7 ee20d3b9c9644914859b20603b63a1ae - - default default] 10.0.0.180 "GET /v2.0/ports?device_id=1c3995ec-e48f-4849-a327-1c306909b8d6 HTTP/1.1" status: 200 len: 210 time: 0.0353134
2026-06-09 18:16:54.197 10 INFO neutron.db.ovn_revision_numbers_db [None req-cbff4407-b5dc-4473-bee3-dd02922efef3 425f30fd9bfa4a59aba8521d612b35de 767207df6ea3494b827025c83e59fe5a - - default default] Successfully bumped revision number for resource fddf1766-2eff-4ca2-88ca-752eb98832f0 (type: ports) to 1
2026-06-09 18:16:54.218 9 INFO neutron.wsgi [None req-72e7a89f-2ec0-4d1d-a319-f97654d2168e fdd91e51b4f044558b4762d70b1afeb2 68628d9905a54d24b8e3a7cef0f789bb - - default default] 10.0.0.231 "POST /v2.0/floatingips HTTP/1.1" status: 201 len: 751 time: 0.8370752
2026-06-09 18:16:54.243 9 INFO neutron.db.ovn_revision_numbers_db [None req-95420129-8848-4dee-a4ae-911ff3c24f50 - - - - - -] Successfully bumped revision number for resource a368b8c3-20b3-45df-97f6-b04360c9649c (type: ports) to 1
2026-06-09 18:16:54.651 9 INFO neutron.db.ovn_revision_numbers_db [None req-95420129-8848-4dee-a4ae-911ff3c24f50 - - - - - -] Successfully bumped revision number for resource a368b8c3-20b3-45df-97f6-b04360c9649c (type: router_ports) to 3
2026-06-09 18:16:54.696 10 INFO neutron.wsgi [req-b78bf46f-3a0a-4eed-952f-4418461fa31d req-2be4e6d8-4ebd-4d34-a6d5-e00b13610e20 fdd91e51b4f044558b4762d70b1afeb2 68628d9905a54d24b8e3a7cef0f789bb - - default default] 10.0.0.180 "GET /v2.0/security-groups?name=tempest-securitygroup--1206377043&fields=id&tenant_id=68628d9905a54d24b8e3a7cef0f789bb HTTP/1.1" status: 200 len: 267 time: 0.0562360
2026-06-09 18:16:54.753 10 ERROR ovsdbapp.backend.ovs_idl.command [None req-cbff4407-b5dc-4473-bee3-dd02922efef3 425f30fd9bfa4a59aba8521d612b35de 767207df6ea3494b827025c83e59fe5a - - default default] Error executing command (DbGetCommand): ovsdbapp.backend.ovs_idl.idlutils.RowNotFound: Cannot find Logical_Router_Port with name=lrp-fddf1766-2eff-4ca2-88ca-752eb98832f0
2026-06-09 18:16:54.753 10 ERROR ovsdbapp.backend.ovs_idl.command
Traceback (most recent call last):
2026-06-09 18:16:54.753 10 ERROR ovsdbapp.backend.ovs_idl.command
File "/var/lib/openstack/lib/python3.10/site-packages/ovsdbapp/backend/ovs_idl/command.py", line 47, in execute
2026-06-09 18:16:54.753 10 ERROR ovsdbapp.backend.ovs_idl.command self.run_idl(None)
2026-06-09 18:16:54.753 10 ERROR ovsdbapp.backend.ovs_idl.command
File "/var/lib/openstack/lib/python3.10/site-packages/ovsdbapp/backend/ovs_idl/command.py", line 235, in run_idl
2026-06-09 18:16:54.753 10 ERROR ovsdbapp.backend.ovs_idl.command record = self.api.lookup(self.table, self.record)
2026-06-09 18:16:54.753 10 ERROR ovsdbapp.backend.ovs_idl.command
File "/var/lib/openstack/lib/python3.10/site-packages/ovsdbapp/backend/ovs_idl/__init__.py", line 184, in lookup
2026-06-09 18:16:54.753 10 ERROR ovsdbapp.backend.ovs_idl.command return self._lookup(table, record)
2026-06-09 18:16:54.753 10 ERROR ovsdbapp.backend.ovs_idl.command
File "/var/lib/openstack/lib/python3.10/site-packages/ovsdbapp/backend/ovs_idl/__init__.py", line 235, in _lookup
2026-06-09 18:16:54.753 10 ERROR ovsdbapp.backend.ovs_idl.command row = idlutils.row_by_value(self, rl.table, rl.column, record)
2026-06-09 18:16:54.753 10 ERROR ovsdbapp.backend.ovs_idl.command
File "/var/lib/openstack/lib/python3.10/site-packages/ovsdbapp/backend/ovs_idl/idlutils.py", line 114, in row_by_value
2026-06-09 18:16:54.753 10 ERROR ovsdbapp.backend.ovs_idl.command raise RowNotFound(table=table, col=column, match=match)
2026-06-09 18:16:54.753 10 ERROR ovsdbapp.backend.ovs_idl.command ovsdbapp.backend.ovs_idl.idlutils.RowNotFound: Cannot find Logical_Router_Port with name=lrp-fddf1766-2eff-4ca2-88ca-752eb98832f0
2026-06-09 18:16:54.753 10 ERROR ovsdbapp.backend.ovs_idl.command 
2026-06-09 18:16:54.754 10 ERROR neutron_lib.callbacks.manager [None req-cbff4407-b5dc-4473-bee3-dd02922efef3 425f30fd9bfa4a59aba8521d612b35de 767207df6ea3494b827025c83e59fe5a - - default default] Error during notification for neutron.services.ovn_l3.plugin.OVNL3RouterPlugin._port_update-8739959395046 port, after_update: ovsdbapp.backend.ovs_idl.idlutils.RowNotFound: Cannot find Logical_Router_Port with name=lrp-fddf1766-2eff-4ca2-88ca-752eb98832f0
2026-06-09 18:16:54.754 10 ERROR neutron_lib.callbacks.manager
Traceback (most recent call last):
2026-06-09 18:16:54.754 10 ERROR neutron_lib.callbacks.manager
File "/var/lib/openstack/lib/python3.10/site-packages/neutron_lib/callbacks/manager.py", line 189, in _notify_loop
2026-06-09 18:16:54.754 10 ERROR neutron_lib.callbacks.manager callback.method(resource, event, trigger, payload=payload)
2026-06-09 18:16:54.754 10 ERROR neutron_lib.callbacks.manager
File "/var/lib/openstack/lib/python3.10/site-packages/neutron/services/ovn_l3/plugin.py", line 391, in _port_update
2026-06-09 18:16:54.754 10 ERROR neutron_lib.callbacks.manager l3plugin._ovn_client.update_router_port(context,
2026-06-09 18:16:54.754 10 ERROR neutron_lib.callbacks.manager
File "/var/lib/openstack/lib/python3.10/site-packages/neutron/plugins/ml2/drivers/ovn/mech_driver/ovsdb/ovn_client.py", line 1878, in update_router_port
2026-06-09 18:16:54.754 10 ERROR neutron_lib.callbacks.manager self._update_lrouter_port(context, port, if_exists=if_exists,
2026-06-09 18:16:54.754 10 ERROR neutron_lib.callbacks.manager
File "/var/lib/openstack/lib/python3.10/site-packages/neutron/plugins/ml2/drivers/ovn/mech_driver/ovsdb/ovn_client.py", line 1855, in _update_lrouter_port
2026-06-09 18:16:54.754 10 ERROR neutron_lib.callbacks.manager external_ids = self._nb_idl.db_get(
2026-06-09 18:16:54.754 10 ERROR neutron_lib.callbacks.manager
File "/var/lib/openstack/lib/python3.10/site-packages/ovsdbapp/backend/ovs_idl/command.py", line 47, in execute
2026-06-09 18:16:54.754 10 ERROR neutron_lib.callbacks.manager self.run_idl(None)
2026-06-09 18:16:54.754 10 ERROR neutron_lib.callbacks.manager
File "/var/lib/openstack/lib/python3.10/site-packages/ovsdbapp/backend/ovs_idl/command.py", line 235, in run_idl
2026-06-09 18:16:54.754 10 ERROR neutron_lib.callbacks.manager record = self.api.lookup(self.table, self.record)
2026-06-09 18:16:54.754 10 ERROR neutron_lib.callbacks.manager
File "/var/lib/openstack/lib/python3.10/site-packages/ovsdbapp/backend/ovs_idl/__init__.py", line 184, in lookup
2026-06-09 18:16:54.754 10 ERROR neutron_lib.callbacks.manager return self._lookup(table, record)
2026-06-09 18:16:54.754 10 ERROR neutron_lib.callbacks.manager
File "/var/lib/openstack/lib/python3.10/site-packages/ovsdbapp/backend/ovs_idl/__init__.py", line 235, in _lookup
2026-06-09 18:16:54.754 10 ERROR neutron_lib.callbacks.manager row = idlutils.row_by_value(self, rl.table, rl.column, record)
2026-06-09 18:16:54.754 10 ERROR neutron_lib.callbacks.manager
File "/var/lib/openstack/lib/python3.10/site-packages/ovsdbapp/backend/ovs_idl/idlutils.py", line 114, in row_by_value
