2026-06-09 18:19:32.186 9 INFO neutron.wsgi [req-421d0d1b-c05b-4674-9132-3d8b70c8ee71 req-893c0269-169c-41bb-9352-5a66352ed8b5 b6010b07c75146c09d8fc3ee3b0b64ec 1ccd198a5b87496f98e9c72a2a22738a - - 0746ddb4a3ab48e7a1797add0e522397 0746ddb4a3ab48e7a1797add0e522397] 10.0.0.26 "GET /v2.0/ports?device_id=e398ab0a-615d-4821-bbf2-993b6feb15a9 HTTP/1.1" status: 200 len: 1638 time: 0.0910718
2026-06-09 18:19:32.275 9 INFO neutron.wsgi [req-421d0d1b-c05b-4674-9132-3d8b70c8ee71 req-83e198f3-8126-4a30-8aee-008963a1c1c0 b6010b07c75146c09d8fc3ee3b0b64ec 1ccd198a5b87496f98e9c72a2a22738a - - 0746ddb4a3ab48e7a1797add0e522397 0746ddb4a3ab48e7a1797add0e522397] 10.0.0.26 "GET /v2.0/security-groups?id=85087ea6-8911-4942-8066-5c939b7c855f&fields=id&fields=name HTTP/1.1" status: 200 len: 310 time: 0.0814025
2026-06-09 18:19:32.356 10 WARNING neutron.scheduler.dhcp_agent_scheduler [None req-fdf4cf07-222b-4f02-b423-b1c7b04530a3 d867b93363f54d7c99cddfe006ac0f6b b8b50783b1fe48b4a9733f33cd25f242 - - default default] No more DHCP agents
2026-06-09 18:19:32.358 10 WARNING neutron.api.rpc.agentnotifiers.dhcp_rpc_agent_api [None req-fdf4cf07-222b-4f02-b423-b1c7b04530a3 d867b93363f54d7c99cddfe006ac0f6b b8b50783b1fe48b4a9733f33cd25f242 - - default default] Unable to schedule network dca47737-5015-4fe5-93cf-419f36794264: no agents available; will retry on subsequent port and subnet creation events.
2026-06-09 18:19:32.452 10 INFO neutron.db.ovn_revision_numbers_db [None req-fdf4cf07-222b-4f02-b423-b1c7b04530a3 d867b93363f54d7c99cddfe006ac0f6b b8b50783b1fe48b4a9733f33cd25f242 - - default default] Successfully bumped revision number for resource 8652cf99-ca5d-4516-97bd-ac8636751423 (type: ports) to 1
2026-06-09 18:19:32.486 10 INFO neutron.wsgi [None req-fdf4cf07-222b-4f02-b423-b1c7b04530a3 d867b93363f54d7c99cddfe006ac0f6b b8b50783b1fe48b4a9733f33cd25f242 - - default default] 10.0.0.231 "POST /v2.0/ports HTTP/1.1" status: 201 len: 942 time: 0.4252498 /var/lib/openstack/lib/python3.10/site-packages/pycadf/identifier.py:71: UserWarning: Invalid uuid: neutron. To ensure interoperability, identifiers should be a valid uuid. warnings.warn(('Invalid uuid: %s. To ensure interoperability, '
2026-06-09 18:19:32.496 10 WARNING neutron_lib.context [None req-d0a98761-9b2c-4ebd-8b2b-d7dc611caea7 d867b93363f54d7c99cddfe006ac0f6b b8b50783b1fe48b4a9733f33cd25f242 - - default default] Method 'is_advsvc' is deprecated since 2023.2 release (neutron-lib 3.8.0) and will be removed once support for the old RBAC API policies will be removed from Neutron. Please use method 'is_service_role' instead.
2026-06-09 18:19:32.558 9 INFO neutron.db.ovn_revision_numbers_db [None req-cb876e82-11e0-413a-a3a6-0e99efc334a2 fff362b50e6f48fbb04842d656d7c42a d41f3492cfb64a89800b5ce5a322b680 - - default default] Successfully bumped revision number for resource e6bb779f-e097-4ed1-8e5a-9619f8358978 (type: floatingips) to -1
2026-06-09 18:19:32.721 9 INFO neutron.db.ovn_revision_numbers_db [None req-cb876e82-11e0-413a-a3a6-0e99efc334a2 fff362b50e6f48fbb04842d656d7c42a d41f3492cfb64a89800b5ce5a322b680 - - default default] Successfully bumped revision number for resource e6bb779f-e097-4ed1-8e5a-9619f8358978 (type: floatingips) to 1
2026-06-09 18:19:32.721 9 INFO neutron.db.l3_db [None req-cb876e82-11e0-413a-a3a6-0e99efc334a2 fff362b50e6f48fbb04842d656d7c42a d41f3492cfb64a89800b5ce5a322b680 - - default default] Floating IP e6bb779f-e097-4ed1-8e5a-9619f8358978 associated. External IP: 10.96.250.202, port: 8354a805-9bb8-4646-af84-0efabd680280.
2026-06-09 18:19:32.780 9 INFO neutron.wsgi [None req-cb876e82-11e0-413a-a3a6-0e99efc334a2 fff362b50e6f48fbb04842d656d7c42a d41f3492cfb64a89800b5ce5a322b680 - - default default] 10.0.0.231 "POST /v2.0/floatingips HTTP/1.1" status: 201 len: 1054 time: 1.9075568
2026-06-09 18:19:32.802 10 INFO neutron.wsgi [None req-d0a98761-9b2c-4ebd-8b2b-d7dc611caea7 d867b93363f54d7c99cddfe006ac0f6b b8b50783b1fe48b4a9733f33cd25f242 - - default default] 10.0.0.231 "POST /v2.0/trunks HTTP/1.1" status: 201 len: 608 time: 0.3104827
2026-06-09 18:19:32.813 10 WARNING neutron_lib.context [None req-e7d100c3-558d-4f5e-8862-7f5b25b91624 d867b93363f54d7c99cddfe006ac0f6b b8b50783b1fe48b4a9733f33cd25f242 - - default default] Method 'is_advsvc' is deprecated since 2023.2 release (neutron-lib 3.8.0) and will be removed once support for the old RBAC API policies will be removed from Neutron. Please use method 'is_service_role' instead.
2026-06-09 18:19:32.899 9 INFO neutron.notifiers.nova [-] Nova event matching ['req-889da6bf-a2c8-4f25-b276-48c79b06248f'] response: {'name': 'network-changed', 'server_uuid': '8beaaa99-32f0-4f8d-8430-d36543a45827', 'tag': '8354a805-9bb8-4646-af84-0efabd680280', 'status': 'completed', 'code': 200}
2026-06-09 18:19:32.910 10 INFO neutron.db.segments_db [None req-e7d100c3-558d-4f5e-8862-7f5b25b91624 d867b93363f54d7c99cddfe006ac0f6b b8b50783b1fe48b4a9733f33cd25f242 - - default default] Added segment 112ac637-808c-4ebf-9341-67dc15134745 of type geneve for network 19e85d95-c35b-4346-9728-d1d0ff59dfdf
2026-06-09 18:19:32.983 10 INFO neutron.wsgi [req-94de3c44-cd99-47bc-9973-7686cbe16c20 req-0f7e69af-44ac-4dad-887f-5a89f9983626 b6010b07c75146c09d8fc3ee3b0b64ec 1ccd198a5b87496f98e9c72a2a22738a - - 0746ddb4a3ab48e7a1797add0e522397 0746ddb4a3ab48e7a1797add0e522397] 199.204.45.235 "GET /v2.0/ports?tenant_id=d41f3492cfb64a89800b5ce5a322b680&device_id=8beaaa99-32f0-4f8d-8430-d36543a45827 HTTP/1.1" status: 200 len: 1642 time: 0.0571480
2026-06-09 18:19:33.085 10 INFO neutron.wsgi [req-94de3c44-cd99-47bc-9973-7686cbe16c20 req-1f90a369-d738-446e-80c0-6dbd66359525 b6010b07c75146c09d8fc3ee3b0b64ec 1ccd198a5b87496f98e9c72a2a22738a - - 0746ddb4a3ab48e7a1797add0e522397 0746ddb4a3ab48e7a1797add0e522397] 199.204.45.235 "GET /v2.0/networks?id=c55b66b7-f6af-4371-bfb6-16611fc68840 HTTP/1.1" status: 200 len: 1002 time: 0.0929482
2026-06-09 18:19:33.095 10 INFO neutron.db.ovn_revision_numbers_db [None req-e7d100c3-558d-4f5e-8862-7f5b25b91624 d867b93363f54d7c99cddfe006ac0f6b b8b50783b1fe48b4a9733f33cd25f242 - - default default] Successfully bumped revision number for resource 19e85d95-c35b-4346-9728-d1d0ff59dfdf (type: networks) to 1
2026-06-09 18:19:33.163 10 INFO neutron.wsgi [req-94de3c44-cd99-47bc-9973-7686cbe16c20 req-295c843f-d9d9-45df-8e2d-ad4290b2fb5e b6010b07c75146c09d8fc3ee3b0b64ec 1ccd198a5b87496f98e9c72a2a22738a - - 0746ddb4a3ab48e7a1797add0e522397 0746ddb4a3ab48e7a1797add0e522397] 199.204.45.235 "GET /v2.0/floatingips?fixed_ip_address=10.2.2.169&port_id=8354a805-9bb8-4646-af84-0efabd680280 HTTP/1.1" status: 200 len: 1059 time: 0.0694056
2026-06-09 18:19:33.200 10 INFO neutron.wsgi [req-94de3c44-cd99-47bc-9973-7686cbe16c20 req-6f633a40-47f5-4807-b274-e1c768322953 b6010b07c75146c09d8fc3ee3b0b64ec 1ccd198a5b87496f98e9c72a2a22738a - - 0746ddb4a3ab48e7a1797add0e522397 0746ddb4a3ab48e7a1797add0e522397] 199.204.45.235 "GET /v2.0/floatingips?fixed_ip_address=fd77%3A1457%3A4cf0%3A26a8%3A%3A229&port_id=8354a805-9bb8-4646-af84-0efabd680280 HTTP/1.1" status: 200 len: 217 time: 0.0281696
2026-06-09 18:19:33.262 10 INFO neutron.wsgi [req-94de3c44-cd99-47bc-9973-7686cbe16c20 req-686c4762-0d5e-487b-ba83-fe635afd43fe b6010b07c75146c09d8fc3ee3b0b64ec 1ccd198a5b87496f98e9c72a2a22738a - - 0746ddb4a3ab48e7a1797add0e522397 0746ddb4a3ab48e7a1797add0e522397] 199.204.45.235 "GET /v2.0/subnets?id=0910e7ba-669d-49b1-ad29-6b8af77e91dc&id=7ac2b6d8-ac9f-49c3-84de-e0392d193329 HTTP/1.1" status: 200 len: 1567 time: 0.0498056
2026-06-09 18:19:33.291 10 INFO neutron.wsgi [req-94de3c44-cd99-47bc-9973-7686cbe16c20 req-38687961-dc8b-409e-95ec-1826c881b898 b6010b07c75146c09d8fc3ee3b0b64ec 1ccd198a5b87496f98e9c72a2a22738a - - 0746ddb4a3ab48e7a1797add0e522397 0746ddb4a3ab48e7a1797add0e522397] 199.204.45.235 "GET /v2.0/ports?network_id=c55b66b7-f6af-4371-bfb6-16611fc68840&device_owner=network%3Adhcp HTTP/1.1" status: 200 len: 210 time: 0.0214806
2026-06-09 18:19:33.319 10 INFO neutron.wsgi [req-94de3c44-cd99-47bc-9973-7686cbe16c20 req-94d082aa-2716-4ef5-85cd-8ec74ce139ea b6010b07c75146c09d8fc3ee3b0b64ec 1ccd198a5b87496f98e9c72a2a22738a - - 0746ddb4a3ab48e7a1797add0e522397 0746ddb4a3ab48e7a1797add0e522397] 199.204.45.235 "GET /v2.0/ports?network_id=c55b66b7-f6af-4371-bfb6-16611fc68840&device_owner=network%3Adhcp HTTP/1.1" status: 200 len: 210 time: 0.0183892
2026-06-09 18:19:33.372 10 WARNING neutron.scheduler.dhcp_agent_scheduler [None req-e7d100c3-558d-4f5e-8862-7f5b25b91624 d867b93363f54d7c99cddfe006ac0f6b b8b50783b1fe48b4a9733f33cd25f242 - - default default] No more DHCP agents
2026-06-09 18:19:33.375 10 WARNING neutron.api.rpc.agentnotifiers.dhcp_rpc_agent_api [None req-e7d100c3-558d-4f5e-8862-7f5b25b91624 d867b93363f54d7c99cddfe006ac0f6b b8b50783b1fe48b4a9733f33cd25f242 - - default default] Unable to schedule network 19e85d95-c35b-4346-9728-d1d0ff59dfdf: no agents available; will retry on subsequent port and subnet creation events.
2026-06-09 18:19:33.415 10 INFO neutron.wsgi [req-94de3c44-cd99-47bc-9973-7686cbe16c20 req-98dea7a6-8183-4fcb-9b8f-2cb42e35967a b6010b07c75146c09d8fc3ee3b0b64ec 1ccd198a5b87496f98e9c72a2a22738a - - 0746ddb4a3ab48e7a1797add0e522397 0746ddb4a3ab48e7a1797add0e522397] 199.204.45.235 "GET /v2.0/networks/c55b66b7-f6af-4371-bfb6-16611fc68840?fields=segments HTTP/1.1" status: 200 len: 212 time: 0.0878999
2026-06-09 18:19:33.485 10 INFO neutron.wsgi [req-94de3c44-cd99-47bc-9973-7686cbe16c20 req-b133eae6-a881-468b-96f3-c88da6185c46 b6010b07c75146c09d8fc3ee3b0b64ec 1ccd198a5b87496f98e9c72a2a22738a - - 0746ddb4a3ab48e7a1797add0e522397 0746ddb4a3ab48e7a1797add0e522397] 199.204.45.235 "GET /v2.0/networks/c55b66b7-f6af-4371-bfb6-16611fc68840?fields=provider%3Aphysical_network&fields=provider%3Anetwork_type HTTP/1.1" status: 200 len: 277 time: 0.0640225
2026-06-09 18:19:33.491 10 INFO neutron.db.ovn_revision_numbers_db [None req-e7d100c3-558d-4f5e-8862-7f5b25b91624 d867b93363f54d7c99cddfe006ac0f6b b8b50783b1fe48b4a9733f33cd25f242 - - default default] Successfully bumped revision number for resource 873b45c1-9c3c-4932-844a-a7b477452491 (type: ports) to 1
2026-06-09 18:19:33.511 10 INFO neutron.wsgi [None req-e7d100c3-558d-4f5e-8862-7f5b25b91624 d867b93363f54d7c99cddfe006ac0f6b b8b50783b1fe48b4a9733f33cd25f242 - - default default] 10.0.0.231 "POST /v2.0/networks HTTP/1.1" status: 201 len: 831 time: 0.7032664
2026-06-09 18:19:33.520 10 WARNING neutron_lib.context [None req-b0ad857c-9a73-4dd5-a3eb-40cf13a20b4a d867b93363f54d7c99cddfe006ac0f6b b8b50783b1fe48b4a9733f33cd25f242 - - default default] Method 'is_advsvc' is deprecated since 2023.2 release (neutron-lib 3.8.0) and will be removed once support for the old RBAC API policies will be removed from Neutron. Please use method 'is_service_role' instead.
2026-06-09 18:19:33.614 10 INFO neutron.wsgi [None req-e38954db-082a-4eec-9b01-7c5ca8cd92b1 8f9919f6297d4ec6b582e1b362c56a5e a29c30688bb14167b0a0677b6b427b39 - - default default] 10.0.0.14 "GET /v2.0/extensions HTTP/1.1" status: 200 len: 18683 time: 0.0048203 /var/lib/openstack/lib/python3.10/site-packages/pycadf/identifier.py:71: UserWarning: Invalid uuid: neutron. To ensure interoperability, identifiers should be a valid uuid. warnings.warn(('Invalid uuid: %s. To ensure interoperability, '
2026-06-09 18:19:33.743 9 INFO neutron.wsgi [None req-8d3f59ba-ec55-427f-a2a6-e9c5de8d0029 8f9919f6297d4ec6b582e1b362c56a5e a29c30688bb14167b0a0677b6b427b39 - - default default] 10.0.0.14 "GET /v2.0/quotas/a29c30688bb14167b0a0677b6b427b39/details HTTP/1.1" status: 200 len: 1046 time: 0.1143272
2026-06-09 18:19:33.787 10 WARNING neutron.scheduler.dhcp_agent_scheduler [None req-b0ad857c-9a73-4dd5-a3eb-40cf13a20b4a d867b93363f54d7c99cddfe006ac0f6b b8b50783b1fe48b4a9733f33cd25f242 - - default default] No more DHCP agents
2026-06-09 18:19:33.789 10 WARNING neutron.api.rpc.agentnotifiers.dhcp_rpc_agent_api [None req-b0ad857c-9a73-4dd5-a3eb-40cf13a20b4a d867b93363f54d7c99cddfe006ac0f6b b8b50783b1fe48b4a9733f33cd25f242 - - default default] Unable to schedule network 19e85d95-c35b-4346-9728-d1d0ff59dfdf: no agents available; will retry on subsequent port and subnet creation events.
2026-06-09 18:19:33.893 10 INFO neutron.db.ovn_revision_numbers_db [None req-b0ad857c-9a73-4dd5-a3eb-40cf13a20b4a d867b93363f54d7c99cddfe006ac0f6b b8b50783b1fe48b4a9733f33cd25f242 - - default default] Successfully bumped revision number for resource ebdb0ac3-ee7f-4339-8e5d-606cec57a9f7 (type: ports) to 1
2026-06-09 18:19:33.924 10 INFO neutron.wsgi [None req-b0ad857c-9a73-4dd5-a3eb-40cf13a20b4a d867b93363f54d7c99cddfe006ac0f6b b8b50783b1fe48b4a9733f33cd25f242 - - default default] 10.0.0.231 "POST /v2.0/ports HTTP/1.1" status: 201 len: 942 time: 0.4078424
2026-06-09 18:19:33.939 9 WARNING neutron_lib.context [None req-8bee963c-a5e4-4339-9870-c9ca57d23294 d867b93363f54d7c99cddfe006ac0f6b b8b50783b1fe48b4a9733f33cd25f242 - - default default] Method 'is_advsvc' is deprecated since 2023.2 release (neutron-lib 3.8.0) and will be removed once support for the old RBAC API policies will be removed from Neutron. Please use method 'is_service_role' instead.
2026-06-09 18:19:34.168 9 INFO neutron.wsgi [None req-8bee963c-a5e4-4339-9870-c9ca57d23294 d867b93363f54d7c99cddfe006ac0f6b b8b50783b1fe48b4a9733f33cd25f242 - - default default] 10.0.0.231 "POST /v2.0/trunks HTTP/1.1" status: 201 len: 608 time: 0.2346909
2026-06-09 18:19:34.179 9 WARNING neutron_lib.context [None req-c3840848-2073-41f2-bab5-2f1a0953d27c d867b93363f54d7c99cddfe006ac0f6b b8b50783b1fe48b4a9733f33cd25f242 - - default default] Method 'is_advsvc' is deprecated since 2023.2 release (neutron-lib 3.8.0) and will be removed once support for the old RBAC API policies will be removed from Neutron. Please use method 'is_service_role' instead.
2026-06-09 18:19:34.263 9 INFO neutron.db.segments_db [None req-c3840848-2073-41f2-bab5-2f1a0953d27c d867b93363f54d7c99cddfe006ac0f6b b8b50783b1fe48b4a9733f33cd25f242 - - default default] Added segment 6bad1d82-0c1e-4621-a379-b7781b5e84fd of type geneve for network 57bf5057-ca17-4bb6-9a43-9e458d7a78fb
2026-06-09 18:19:34.412 9 INFO neutron.db.ovn_revision_numbers_db [None req-c3840848-2073-41f2-bab5-2f1a0953d27c d867b93363f54d7c99cddfe006ac0f6b b8b50783b1fe48b4a9733f33cd25f242 - - default default] Successfully bumped revision number for resource 57bf5057-ca17-4bb6-9a43-9e458d7a78fb (type: networks) to 1
2026-06-09 18:19:34.580 9 WARNING neutron.scheduler.dhcp_agent_scheduler [None req-c3840848-2073-41f2-bab5-2f1a0953d27c d867b93363f54d7c99cddfe006ac0f6b b8b50783b1fe48b4a9733f33cd25f242 - - default default] No more DHCP agents
2026-06-09 18:19:34.582 9 WARNING neutron.api.rpc.agentnotifiers.dhcp_rpc_agent_api [None req-c3840848-2073-41f2-bab5-2f1a0953d27c d867b93363f54d7c99cddfe006ac0f6b b8b50783b1fe48b4a9733f33cd25f242 - - default default] Unable to schedule network 57bf5057-ca17-4bb6-9a43-9e458d7a78fb: no agents available; will retry on subsequent port and subnet creation events.
2026-06-09 18:19:34.661 9 INFO neutron.db.ovn_revision_numbers_db [None req-c3840848-2073-41f2-bab5-2f1a0953d27c d867b93363f54d7c99cddfe006ac0f6b b8b50783b1fe48b4a9733f33cd25f242 - - default default] Successfully bumped revision number for resource 535be879-ae91-498b-8521-bec7f561624f (type: ports) to 1
2026-06-09 18:19:34.683 9 INFO neutron.wsgi [None req-c3840848-2073-41f2-bab5-2f1a0953d27c d867b93363f54d7c99cddfe006ac0f6b b8b50783b1fe48b4a9733f33cd25f242 - - default default] 10.0.0.231 "POST /v2.0/networks HTTP/1.1" status: 201 len: 831 time: 0.5093303
2026-06-09 18:19:34.694 9 WARNING neutron_lib.context [None req-62b62fae-bbbf-4ef5-ae8e-47bee029f585 d867b93363f54d7c99cddfe006ac0f6b b8b50783b1fe48b4a9733f33cd25f242 - - default default] Method 'is_advsvc' is deprecated since 2023.2 release (neutron-lib 3.8.0) and will be removed once support for the old RBAC API policies will be removed from Neutron. Please use method 'is_service_role' instead.
2026-06-09 18:19:34.945 9 WARNING neutron.scheduler.dhcp_agent_scheduler [None req-62b62fae-bbbf-4ef5-ae8e-47bee029f585 d867b93363f54d7c99cddfe006ac0f6b b8b50783b1fe48b4a9733f33cd25f242 - - default default] No more DHCP agents
2026-06-09 18:19:34.948 9 WARNING neutron.api.rpc.agentnotifiers.dhcp_rpc_agent_api [None req-62b62fae-bbbf-4ef5-ae8e-47bee029f585 d867b93363f54d7c99cddfe006ac0f6b b8b50783b1fe48b4a9733f33cd25f242 - - default default] Unable to schedule network 57bf5057-ca17-4bb6-9a43-9e458d7a78fb: no agents available; will retry on subsequent port and subnet creation events.
2026-06-09 18:19:35.031 9 INFO neutron.db.ovn_revision_numbers_db [None req-62b62fae-bbbf-4ef5-ae8e-47bee029f585 d867b93363f54d7c99cddfe006ac0f6b b8b50783b1fe48b4a9733f33cd25f242 - - default default] Successfully bumped revision number for resource 1889c440-d883-436d-bacb-0917aec6a816 (type: ports) to 1
2026-06-09 18:19:35.053 9 INFO neutron.wsgi [None req-62b62fae-bbbf-4ef5-ae8e-47bee029f585 d867b93363f54d7c99cddfe006ac0f6b b8b50783b1fe48b4a9733f33cd25f242 - - default default] 10.0.0.231 "POST /v2.0/ports HTTP/1.1" status: 201 len: 942 time: 0.3642273 /var/lib/openstack/lib/python3.10/site-packages/pycadf/identifier.py:71: UserWarning: Invalid uuid: neutron. To ensure interoperability, identifiers should be a valid uuid. warnings.warn(('Invalid uuid: %s. To ensure interoperability, '
2026-06-09 18:19:35.064 9 WARNING neutron_lib.context [None req-4efb3c72-5c5d-41ba-b9c6-48f678629bd3 d867b93363f54d7c99cddfe006ac0f6b b8b50783b1fe48b4a9733f33cd25f242 - - default default] Method 'is_advsvc' is deprecated since 2023.2 release (neutron-lib 3.8.0) and will be removed once support for the old RBAC API policies will be removed from Neutron. Please use method 'is_service_role' instead.
2026-06-09 18:19:35.235 9 INFO neutron.wsgi [None req-4efb3c72-5c5d-41ba-b9c6-48f678629bd3 d867b93363f54d7c99cddfe006ac0f6b b8b50783b1fe48b4a9733f33cd25f242 - - default default] 10.0.0.231 "POST /v2.0/trunks HTTP/1.1" status: 201 len: 608 time: 0.1765478
2026-06-09 18:19:35.252 9 WARNING neutron_lib.context [None req-939cb738-da5b-4bad-9eb9-0b1092aeb831 d867b93363f54d7c99cddfe006ac0f6b b8b50783b1fe48b4a9733f33cd25f242 - - default default] Method 'is_advsvc' is deprecated since 2023.2 release (neutron-lib 3.8.0) and will be removed once support for the old RBAC API policies will be removed from Neutron. Please use method 'is_service_role' instead.
2026-06-09 18:19:35.340 9 INFO neutron.db.segments_db [None req-939cb738-da5b-4bad-9eb9-0b1092aeb831 d867b93363f54d7c99cddfe006ac0f6b b8b50783b1fe48b4a9733f33cd25f242 - - default default] Added segment f645a1d7-b657-41c5-9c9a-1bf3e530ec57 of type geneve for network 5e648fa9-f751-4576-8824-1b1f8afea798
2026-06-09 18:19:35.471 9 INFO neutron.db.ovn_revision_numbers_db [None req-939cb738-da5b-4bad-9eb9-0b1092aeb831 d867b93363f54d7c99cddfe006ac0f6b b8b50783b1fe48b4a9733f33cd25f242 - - default default] Successfully bumped revision number for resource 5e648fa9-f751-4576-8824-1b1f8afea798 (type: networks) to 1
2026-06-09 18:19:35.647 9 WARNING neutron.scheduler.dhcp_agent_scheduler [None req-939cb738-da5b-4bad-9eb9-0b1092aeb831 d867b93363f54d7c99cddfe006ac0f6b b8b50783b1fe48b4a9733f33cd25f242 - - default default] No more DHCP agents
2026-06-09 18:19:35.649 9 WARNING neutron.api.rpc.agentnotifiers.dhcp_rpc_agent_api [None req-939cb738-da5b-4bad-9eb9-0b1092aeb831 d867b93363f54d7c99cddfe006ac0f6b b8b50783b1fe48b4a9733f33cd25f242 - - default default] Unable to schedule network 5e648fa9-f751-4576-8824-1b1f8afea798: no agents available; will retry on subsequent port and subnet creation events.
2026-06-09 18:19:35.729 9 INFO neutron.db.ovn_revision_numbers_db [None req-939cb738-da5b-4bad-9eb9-0b1092aeb831 d867b93363f54d7c99cddfe006ac0f6b b8b50783b1fe48b4a9733f33cd25f242 - - default default] Successfully bumped revision number for resource 7e178829-0fee-4b68-a9f0-1cde40d676cb (type: ports) to 1
2026-06-09 18:19:35.754 9 INFO neutron.wsgi [None req-939cb738-da5b-4bad-9eb9-0b1092aeb831 d867b93363f54d7c99cddfe006ac0f6b b8b50783b1fe48b4a9733f33cd25f242 - - default default] 10.0.0.231 "POST /v2.0/networks HTTP/1.1" status: 201 len: 831 time: 0.5086834
2026-06-09 18:19:35.763 9 WARNING neutron_lib.context [None req-c474b171-076a-4abf-8bc5-cc28c23d6ab2 d867b93363f54d7c99cddfe006ac0f6b b8b50783b1fe48b4a9733f33cd25f242 - - default default] Method 'is_advsvc' is deprecated since 2023.2 release (neutron-lib 3.8.0) and will be removed once support for the old RBAC API policies will be removed from Neutron. Please use method 'is_service_role' instead.
2026-06-09 18:19:36.056 9 WARNING neutron.scheduler.dhcp_agent_scheduler [None req-c474b171-076a-4abf-8bc5-cc28c23d6ab2 d867b93363f54d7c99cddfe006ac0f6b b8b50783b1fe48b4a9733f33cd25f242 - - default default] No more DHCP agents
2026-06-09 18:19:36.059 9 WARNING neutron.api.rpc.agentnotifiers.dhcp_rpc_agent_api [None req-c474b171-076a-4abf-8bc5-cc28c23d6ab2 d867b93363f54d7c99cddfe006ac0f6b b8b50783b1fe48b4a9733f33cd25f242 - - default default] Unable to schedule network 5e648fa9-f751-4576-8824-1b1f8afea798: no agents available; will retry on subsequent port and subnet creation events.
2026-06-09 18:19:36.166 9 INFO neutron.db.ovn_revision_numbers_db [None req-c474b171-076a-4abf-8bc5-cc28c23d6ab2 d867b93363f54d7c99cddfe006ac0f6b b8b50783b1fe48b4a9733f33cd25f242 - - default default] Successfully bumped revision number for resource 385c7097-8e5c-4c16-93dd-4ce683c9e4fd (type: ports) to 1
2026-06-09 18:19:36.192 9 INFO neutron.wsgi [None req-c474b171-076a-4abf-8bc5-cc28c23d6ab2 d867b93363f54d7c99cddfe006ac0f6b b8b50783b1fe48b4a9733f33cd25f242 - - default default] 10.0.0.231 "POST /v2.0/ports HTTP/1.1" status: 201 len: 942 time: 0.4328494 /var/lib/openstack/lib/python3.10/site-packages/pycadf/identifier.py:71: UserWarning: Invalid uuid: neutron. To ensure interoperability, identifiers should be a valid uuid. warnings.warn(('Invalid uuid: %s. To ensure interoperability, '
2026-06-09 18:19:36.202 9 WARNING neutron_lib.context [None req-73fad119-5d95-4991-915f-3e1bb4897bbc d867b93363f54d7c99cddfe006ac0f6b b8b50783b1fe48b4a9733f33cd25f242 - - default default] Method 'is_advsvc' is deprecated since 2023.2 release (neutron-lib 3.8.0) and will be removed once support for the old RBAC API policies will be removed from Neutron. Please use method 'is_service_role' instead.
2026-06-09 18:19:36.628 9 INFO neutron.wsgi [None req-73fad119-5d95-4991-915f-3e1bb4897bbc d867b93363f54d7c99cddfe006ac0f6b b8b50783b1fe48b4a9733f33cd25f242 - - default default] 10.0.0.231 "POST /v2.0/trunks HTTP/1.1" status: 201 len: 608 time: 0.4313512
2026-06-09 18:19:36.638 9 WARNING neutron_lib.context [None req-43d191dc-da33-4e27-a52f-de5d9fd64b1b d867b93363f54d7c99cddfe006ac0f6b b8b50783b1fe48b4a9733f33cd25f242 - - default default] Method 'is_advsvc' is deprecated since 2023.2 release (neutron-lib 3.8.0) and will be removed once support for the old RBAC API policies will be removed from Neutron. Please use method 'is_service_role' instead.
2026-06-09 18:19:36.724 9 INFO neutron.db.segments_db [None req-43d191dc-da33-4e27-a52f-de5d9fd64b1b d867b93363f54d7c99cddfe006ac0f6b b8b50783b1fe48b4a9733f33cd25f242 - - default default] Added segment cc39b13e-14d0-4ab3-8f5f-8469666e2615 of type geneve for network 73059ba8-de6f-4f50-b995-7d7b5d0e1803
2026-06-09 18:19:36.771 9 INFO neutron.db.ovn_revision_numbers_db [None req-b9ea7836-84bf-48ef-9138-5b6844f585a4 425f30fd9bfa4a59aba8521d612b35de 767207df6ea3494b827025c83e59fe5a - - default default] Successfully bumped revision number for resource 5b62d3dd-10b9-4309-87c6-939bd1d610f1 (type: security_groups) to 1
2026-06-09 18:19:36.787 9 INFO neutron.db.ovn_revision_numbers_db [None req-b9ea7836-84bf-48ef-9138-5b6844f585a4 425f30fd9bfa4a59aba8521d612b35de 767207df6ea3494b827025c83e59fe5a - - default default] Successfully bumped revision number for resource 33b2f3d1-891b-428a-93f2-b9c87c9e1695 (type: security_group_rules) to 0
2026-06-09 18:19:36.805 9 INFO neutron.db.ovn_revision_numbers_db [None req-b9ea7836-84bf-48ef-9138-5b6844f585a4 425f30fd9bfa4a59aba8521d612b35de 767207df6ea3494b827025c83e59fe5a - - default default] Successfully bumped revision number for resource 4aedf6e9-369c-481f-b8b5-6bf55b158c4b (type: security_group_rules) to 0
2026-06-09 18:19:36.837 9 INFO neutron.db.ovn_revision_numbers_db [None req-b9ea7836-84bf-48ef-9138-5b6844f585a4 425f30fd9bfa4a59aba8521d612b35de 767207df6ea3494b827025c83e59fe5a - - default default] Successfully bumped revision number for resource 5d43d769-5417-4ed9-9a4b-3cc7ca9794cc (type: security_group_rules) to 0
2026-06-09 18:19:36.867 9 INFO neutron.db.ovn_revision_numbers_db [None req-b9ea7836-84bf-48ef-9138-5b6844f585a4 425f30fd9bfa4a59aba8521d612b35de 767207df6ea3494b827025c83e59fe5a - - default default] Successfully bumped revision number for resource ebe4c4da-0321-4df9-be5f-7789caaaa4d0 (type: security_group_rules) to 0
2026-06-09 18:19:36.876 9 INFO neutron.db.ovn_revision_numbers_db [None req-43d191dc-da33-4e27-a52f-de5d9fd64b1b d867b93363f54d7c99cddfe006ac0f6b b8b50783b1fe48b4a9733f33cd25f242 - - default default] Successfully bumped revision number for resource 73059ba8-de6f-4f50-b995-7d7b5d0e1803 (type: networks) to 1
2026-06-09 18:19:36.894 9 INFO neutron.wsgi [None req-b9ea7836-84bf-48ef-9138-5b6844f585a4 425f30fd9bfa4a59aba8521d612b35de 767207df6ea3494b827025c83e59fe5a - - default default] 10.0.0.231 "GET /v2.0/security-groups?tenant_id=a29c30688bb14167b0a0677b6b427b39&name=default HTTP/1.1" status: 200 len: 3120 time: 0.6172869 /var/lib/openstack/lib/python3.10/site-packages/pycadf/identifier.py:71: UserWarning: Invalid uuid: neutron. To ensure interoperability, identifiers should be a valid uuid. warnings.warn(('Invalid uuid: %s. To ensure interoperability, '
2026-06-09 18:19:37.074 9 WARNING neutron.scheduler.dhcp_agent_scheduler [None req-43d191dc-da33-4e27-a52f-de5d9fd64b1b d867b93363f54d7c99cddfe006ac0f6b b8b50783b1fe48b4a9733f33cd25f242 - - default default] No more DHCP agents
2026-06-09 18:19:37.076 9 WARNING neutron.api.rpc.agentnotifiers.dhcp_rpc_agent_api [None req-43d191dc-da33-4e27-a52f-de5d9fd64b1b d867b93363f54d7c99cddfe006ac0f6b b8b50783b1fe48b4a9733f33cd25f242 - - default default] Unable to schedule network 73059ba8-de6f-4f50-b995-7d7b5d0e1803: no agents available; will retry on subsequent port and subnet creation events.
2026-06-09 18:19:37.106 10 INFO neutron.wsgi [None req-888851d4-c8d2-46ad-8ebb-6d383d23a22c 425f30fd9bfa4a59aba8521d612b35de 767207df6ea3494b827025c83e59fe5a - - default default] 10.0.0.231 "DELETE /v2.0/security-groups/5b62d3dd-10b9-4309-87c6-939bd1d610f1 HTTP/1.1" status: 204 len: 168 time: 0.2056575
2026-06-09 18:19:37.165 9 INFO neutron.db.ovn_revision_numbers_db [None req-43d191dc-da33-4e27-a52f-de5d9fd64b1b d867b93363f54d7c99cddfe006ac0f6b b8b50783b1fe48b4a9733f33cd25f242 - - default default] Successfully bumped revision number for resource f9debe1a-9274-40f8-a5bf-e1d9008ef957 (type: ports) to 1
2026-06-09 18:19:37.186 9 INFO neutron.wsgi [None req-43d191dc-da33-4e27-a52f-de5d9fd64b1b d867b93363f54d7c99cddfe006ac0f6b b8b50783b1fe48b4a9733f33cd25f242 - - default default] 10.0.0.231 "POST /v2.0/networks HTTP/1.1" status: 201 len: 830 time: 0.5523829
2026-06-09 18:19:37.196 9 WARNING neutron_lib.context [None req-56239e7e-6ea4-485e-9b47-c40166cdb91d d867b93363f54d7c99cddfe006ac0f6b b8b50783b1fe48b4a9733f33cd25f242 - - default default] Method 'is_advsvc' is deprecated since 2023.2 release (neutron-lib 3.8.0) and will be removed once support for the old RBAC API policies will be removed from Neutron. Please use method 'is_service_role' instead.
2026-06-09 18:19:37.437 9 WARNING neutron.scheduler.dhcp_agent_scheduler [None req-56239e7e-6ea4-485e-9b47-c40166cdb91d d867b93363f54d7c99cddfe006ac0f6b b8b50783b1fe48b4a9733f33cd25f242 - - default default] No more DHCP agents
2026-06-09 18:19:37.440 9 WARNING neutron.api.rpc.agentnotifiers.dhcp_rpc_agent_api [None req-56239e7e-6ea4-485e-9b47-c40166cdb91d d867b93363f54d7c99cddfe006ac0f6b b8b50783b1fe48b4a9733f33cd25f242 - - default default] Unable to schedule network 73059ba8-de6f-4f50-b995-7d7b5d0e1803: no agents available; will retry on subsequent port and subnet creation events.
2026-06-09 18:19:37.525 9 INFO neutron.db.ovn_revision_numbers_db [None req-56239e7e-6ea4-485e-9b47-c40166cdb91d d867b93363f54d7c99cddfe006ac0f6b b8b50783b1fe48b4a9733f33cd25f242 - - default default] Successfully bumped revision number for resource 2c06b770-2228-4944-a4ba-b8d7a0601155 (type: ports) to 1
2026-06-09 18:19:37.549 9 INFO neutron.wsgi [None req-56239e7e-6ea4-485e-9b47-c40166cdb91d d867b93363f54d7c99cddfe006ac0f6b b8b50783b1fe48b4a9733f33cd25f242 - - default default] 10.0.0.231 "POST /v2.0/ports HTTP/1.1" status: 201 len: 942 time: 0.3572006 /var/lib/openstack/lib/python3.10/site-packages/pycadf/identifier.py:71: UserWarning: Invalid uuid: neutron. To ensure interoperability, identifiers should be a valid uuid. warnings.warn(('Invalid uuid: %s. To ensure interoperability, '
2026-06-09 18:19:37.559 9 WARNING neutron_lib.context [None req-a5f01448-e456-4316-be4b-cb44254df105 d867b93363f54d7c99cddfe006ac0f6b b8b50783b1fe48b4a9733f33cd25f242 - - default default] Method 'is_advsvc' is deprecated since 2023.2 release (neutron-lib 3.8.0) and will be removed once support for the old RBAC API policies will be removed from Neutron. Please use method 'is_service_role' instead.
2026-06-09 18:19:37.778 9 INFO neutron.wsgi [None req-a5f01448-e456-4316-be4b-cb44254df105 d867b93363f54d7c99cddfe006ac0f6b b8b50783b1fe48b4a9733f33cd25f242 - - default default] 10.0.0.231 "POST /v2.0/trunks HTTP/1.1" status: 201 len: 608 time: 0.2240169
2026-06-09 18:19:37.817 9 INFO neutron.wsgi [None req-49105c3b-802e-4025-81da-29ae606a0de8 d867b93363f54d7c99cddfe006ac0f6b b8b50783b1fe48b4a9733f33cd25f242 - - default default] 10.0.0.231 "PUT /v2.0/trunks/d8f4dc46-efdb-4963-a810-ba8fc9c27494/tags HTTP/1.1" status: 200 len: 210 time: 0.0347445
2026-06-09 18:19:37.861 9 INFO neutron.wsgi [None req-5bb8cb2f-1f1d-4f63-8d6c-7fba3ae86f3a d867b93363f54d7c99cddfe006ac0f6b b8b50783b1fe48b4a9733f33cd25f242 - - default default] 10.0.0.231 "PUT /v2.0/trunks/e47755b1-7099-42f5-9d1e-65268da08598/tags HTTP/1.1" status: 200 len: 218 time: 0.0389700
2026-06-09 18:19:37.909 10 INFO neutron.wsgi [None req-2ff6be11-f989-4377-b7cd-ca9e3f78a499 d867b93363f54d7c99cddfe006ac0f6b b8b50783b1fe48b4a9733f33cd25f242 - - default default] 10.0.0.231 "PUT /v2.0/trunks/b605d0e7-69c7-43b4-9af9-46dc18793b37/tags HTTP/1.1" status: 200 len: 227 time: 0.0430679
2026-06-09 18:19:37.951 10 INFO neutron.wsgi [None req-a0c80048-942f-40aa-92f4-39c7d41b91a9 d867b93363f54d7c99cddfe006ac0f6b b8b50783b1fe48b4a9733f33cd25f242 - - default default] 10.0.0.231 "PUT /v2.0/trunks/96e325aa-0164-49d6-920b-879be9a05c1d/tags HTTP/1.1" status: 200 len: 212 time: 0.0375898
2026-06-09 18:19:37.979 10 INFO neutron.wsgi [None req-121b0c5d-1397-41d2-af3c-c139c754dd75 d867b93363f54d7c99cddfe006ac0f6b b8b50783b1fe48b4a9733f33cd25f242 - - default default] 10.0.0.231 "GET /v2.0/trunks?tags=red HTTP/1.1" status: 200 len: 1447 time: 0.0220368
2026-06-09 18:19:38.007 10 INFO neutron.wsgi [None req-98c4ec39-ff6d-4a27-98bd-8a37c5424bc9 d867b93363f54d7c99cddfe006ac0f6b b8b50783b1fe48b4a9733f33cd25f242 - - default default] 10.0.0.231 "GET /v2.0/trunks?tags=red%2Cblue HTTP/1.1" status: 200 len: 1041 time: 0.0233276
2026-06-09 18:19:38.029 10 INFO neutron.wsgi [None req-d9afc3d1-12ef-40a6-9012-d5a1423ce138 d867b93363f54d7c99cddfe006ac0f6b b8b50783b1fe48b4a9733f33cd25f242 - - default default] 10.0.0.231 "GET /v2.0/trunks?tags-any=blue HTTP/1.1" status: 200 len: 1041 time: 0.0179472
2026-06-09 18:19:38.054 10 INFO neutron.wsgi [None req-19beff98-9743-4ebd-8635-3fc0ddd6c7b4 d867b93363f54d7c99cddfe006ac0f6b b8b50783b1fe48b4a9733f33cd25f242 - - default default] 10.0.0.231 "GET /v2.0/trunks?tags-any=red%2Cblue HTTP/1.1" status: 200 len: 1447 time: 0.0207555
2026-06-09 18:19:38.078 10 INFO neutron.wsgi [None req-cec3baf2-97a2-4c81-b74d-513b39cec283 d867b93363f54d7c99cddfe006ac0f6b b8b50783b1fe48b4a9733f33cd25f242 - - default default] 10.0.0.231 "GET /v2.0/trunks?not-tags=red HTTP/1.1" status: 200 len: 1013 time: 0.0189927
2026-06-09 18:19:38.105 10 INFO neutron.wsgi [None req-fe619292-cf2f-4d7d-b971-8ca5b8db1fe4 d867b93363f54d7c99cddfe006ac0f6b b8b50783b1fe48b4a9733f33cd25f242 - - default default] 10.0.0.231 "GET /v2.0/trunks?not-tags=red%2Cblue HTTP/1.1" status: 200 len: 1419 time: 0.0227206
2026-06-09 18:19:38.132 10 INFO neutron.wsgi [None req-6b95fe31-aab3-4c64-a167-9c7c3eb22275 d867b93363f54d7c99cddfe006ac0f6b b8b50783b1fe48b4a9733f33cd25f242 - - default default] 10.0.0.231 "GET /v2.0/trunks?not-tags-any=blue HTTP/1.1" status: 200 len: 1419 time: 0.0229969
2026-06-09 18:19:38.152 10 INFO neutron.wsgi [None req-be548a89-dfee-43dc-95f7-1cd143d2092a d867b93363f54d7c99cddfe006ac0f6b b8b50783b1fe48b4a9733f33cd25f242 - - default default] 10.0.0.231 "GET /v2.0/trunks?not-tags-any=red%2Cblue HTTP/1.1" status: 200 len: 1013 time: 0.0168965
2026-06-09 18:19:38.174 10 INFO neutron.wsgi [None req-e8164eee-bacd-4c2c-9b09-01655ef35e0d d867b93363f54d7c99cddfe006ac0f6b b8b50783b1fe48b4a9733f33cd25f242 - - default default] 10.0.0.231 "GET /v2.0/trunks/d8f4dc46-efdb-4963-a810-ba8fc9c27494 HTTP/1.1" status: 200 len: 608 time: 0.0145667
2026-06-09 18:19:38.520 10 INFO neutron.wsgi [None req-d2d1a9f1-d9f1-4c89-b6cd-41f2777f580c d867b93363f54d7c99cddfe006ac0f6b b8b50783b1fe48b4a9733f33cd25f242 - - default default] 10.0.0.231 "GET /v2.0/ports/8652cf99-ca5d-4516-97bd-ac8636751423 HTTP/1.1" status: 200 len: 1020 time: 0.3413520
2026-06-09 18:19:38.563 9 INFO neutron.wsgi [-] 10.0.0.150 "GET / HTTP/1.1" status: 200 len: 247 time: 0.0034170
2026-06-09 18:19:38.566 9 INFO neutron.wsgi [-] 10.0.0.150 "GET / HTTP/1.1" status: 200 len: 247 time: 0.0017066
2026-06-09 18:19:38.612 10 INFO neutron.wsgi [None req-8525a0f1-f26b-4884-b562-97db1038186a d867b93363f54d7c99cddfe006ac0f6b b8b50783b1fe48b4a9733f33cd25f242 - - default default] 10.0.0.231 "DELETE /v2.0/trunks/d8f4dc46-efdb-4963-a810-ba8fc9c27494 HTTP/1.1" status: 204 len: 168 time: 0.0874989
2026-06-09 18:19:38.633 10 INFO neutron.wsgi [None req-8623cd7c-6bda-4dc4-8585-e024408455ed d867b93363f54d7c99cddfe006ac0f6b b8b50783b1fe48b4a9733f33cd25f242 - - default default] 10.0.0.231 "GET /v2.0/trunks/e47755b1-7099-42f5-9d1e-65268da08598 HTTP/1.1" status: 200 len: 616 time: 0.0160160
2026-06-09 18:19:38.732 10 INFO neutron.wsgi [None req-4d7d6923-59c7-4208-87ea-f703afaa91db d867b93363f54d7c99cddfe006ac0f6b b8b50783b1fe48b4a9733f33cd25f242 - - default default] 10.0.0.231 "GET /v2.0/ports/ebdb0ac3-ee7f-4339-8e5d-606cec57a9f7 HTTP/1.1" status: 200 len: 1020 time: 0.0939894
2026-06-09 18:19:38.826 10 INFO neutron.wsgi [None req-fc43a027-6200-4045-a3ec-98f7f957153d d867b93363f54d7c99cddfe006ac0f6b b8b50783b1fe48b4a9733f33cd25f242 - - default default] 10.0.0.231 "DELETE /v2.0/trunks/e47755b1-7099-42f5-9d1e-65268da08598 HTTP/1.1" status: 204 len: 168 time: 0.0891025
2026-06-09 18:19:38.850 10 INFO neutron.wsgi [None req-11b2243d-cee4-4b5c-9d80-2ad95db3f12e d867b93363f54d7c99cddfe006ac0f6b b8b50783b1fe48b4a9733f33cd25f242 - - default default] 10.0.0.231 "GET /v2.0/trunks/b605d0e7-69c7-43b4-9af9-46dc18793b37 HTTP/1.1" status: 200 len: 625 time: 0.0189650
2026-06-09 18:19:38.952 10 INFO neutron.wsgi [None req-d94713dd-2502-4fbf-8d16-1d51c0da5a2b d867b93363f54d7c99cddfe006ac0f6b b8b50783b1fe48b4a9733f33cd25f242 - - default default] 10.0.0.231 "GET /v2.0/ports/1889c440-d883-436d-bacb-0917aec6a816 HTTP/1.1" status: 200 len: 1020 time: 0.0961964
2026-06-09 18:19:39.037 10 INFO neutron.wsgi [None req-ce3757ac-f94d-4e17-bc49-4aa2b4f6052f d867b93363f54d7c99cddfe006ac0f6b b8b50783b1fe48b4a9733f33cd25f242 - - default default] 10.0.0.231 "DELETE /v2.0/trunks/b605d0e7-69c7-43b4-9af9-46dc18793b37 HTTP/1.1" status: 204 len: 168 time: 0.0793626
2026-06-09 18:19:39.072 9 INFO neutron.wsgi [None req-f38b60ef-1b38-4189-8d9a-48e84786e208 d867b93363f54d7c99cddfe006ac0f6b b8b50783b1fe48b4a9733f33cd25f242 - - default default] 10.0.0.231 "GET /v2.0/trunks/96e325aa-0164-49d6-920b-879be9a05c1d HTTP/1.1" status: 200 len: 610 time: 0.0289168
2026-06-09 18:19:39.200 9 INFO neutron.db.ovn_revision_numbers_db [None req-1e429c71-7186-4139-b58d-c2bc606aefc6 425f30fd9bfa4a59aba8521d612b35de 767207df6ea3494b827025c83e59fe5a - - default default] Successfully bumped revision number for resource 9ebdf59a-aaeb-44fb-afb8-fc1f6370ae25 (type: security_groups) to 1
2026-06-09 18:19:39.217 9 INFO neutron.wsgi [None req-80be32d7-7e20-4594-a3ab-ce6ff5450a36 d867b93363f54d7c99cddfe006ac0f6b b8b50783b1fe48b4a9733f33cd25f242 - - default default] 10.0.0.231 "GET /v2.0/ports/385c7097-8e5c-4c16-93dd-4ce683c9e4fd HTTP/1.1" status: 200 len: 1020 time: 0.1403332
2026-06-09 18:19:39.228 9 INFO neutron.db.ovn_revision_numbers_db [None req-1e429c71-7186-4139-b58d-c2bc606aefc6 425f30fd9bfa4a59aba8521d612b35de 767207df6ea3494b827025c83e59fe5a - - default default] Successfully bumped revision number for resource 52dc7807-5f92-4818-bb0f-ac923b7723e2 (type: security_group_rules) to 0
2026-06-09 18:19:39.249 9 INFO neutron.db.ovn_revision_numbers_db [None req-1e429c71-7186-4139-b58d-c2bc606aefc6 425f30fd9bfa4a59aba8521d612b35de 767207df6ea3494b827025c83e59fe5a - - default default] Successfully bumped revision number for resource 6cc76f43-9b91-47d3-94a9-73e8d7a8eb86 (type: security_group_rules) to 0
2026-06-09 18:19:39.273 9 INFO neutron.db.ovn_revision_numbers_db [None req-1e429c71-7186-4139-b58d-c2bc606aefc6 425f30fd9bfa4a59aba8521d612b35de 767207df6ea3494b827025c83e59fe5a - - default default] Successfully bumped revision number for resource 6ee29e4b-5d8e-4a65-8ffe-4e18ec9eb520 (type: security_group_rules) to 0
2026-06-09 18:19:39.306 9 INFO neutron.db.ovn_revision_numbers_db [None req-1e429c71-7186-4139-b58d-c2bc606aefc6 425f30fd9bfa4a59aba8521d612b35de 767207df6ea3494b827025c83e59fe5a - - default default] Successfully bumped revision number for resource 8ed82301-c273-4e0a-bd6a-0943f5380f9f (type: security_group_rules) to 0
2026-06-09 18:19:39.332 9 INFO neutron.wsgi [None req-060627ef-cb6d-4c97-874d-7058080c8726 d867b93363f54d7c99cddfe006ac0f6b b8b50783b1fe48b4a9733f33cd25f242 - - default default] 10.0.0.231 "DELETE /v2.0/trunks/96e325aa-0164-49d6-920b-879be9a05c1d HTTP/1.1" status: 204 len: 168 time: 0.1089010
2026-06-09 18:19:39.360 9 INFO neutron.wsgi [None req-b220f682-2675-4493-962b-2f6647cbd8b8 d867b93363f54d7c99cddfe006ac0f6b b8b50783b1fe48b4a9733f33cd25f242 - - default default] 10.0.0.231 "GET /v2.0/trunks/4dacee2a-570e-4940-8a59-3032003eb7de HTTP/1.1" status: 200 len: 603 time: 0.0204716
2026-06-09 18:19:39.366 9 INFO neutron.db.segments_db [None req-1e429c71-7186-4139-b58d-c2bc606aefc6 425f30fd9bfa4a59aba8521d612b35de 767207df6ea3494b827025c83e59fe5a - - default default] Added segment bd797b18-7b8b-4e01-956c-425e4e9778b7 of type geneve for network 02362412-f05d-4881-b377-f4a17cb7e258
2026-06-09 18:19:39.509 9 INFO neutron.wsgi [None req-424791e2-cf29-441f-b9b8-1697a986462f d867b93363f54d7c99cddfe006ac0f6b b8b50783b1fe48b4a9733f33cd25f242 - - default default] 10.0.0.231 "GET /v2.0/ports/2c06b770-2228-4944-a4ba-b8d7a0601155 HTTP/1.1" status: 200 len: 1020 time: 0.1442440
2026-06-09 18:19:39.562 9 INFO neutron.db.ovn_revision_numbers_db [None req-1e429c71-7186-4139-b58d-c2bc606aefc6 425f30fd9bfa4a59aba8521d612b35de 767207df6ea3494b827025c83e59fe5a - - default default] Successfully bumped revision number for resource 02362412-f05d-4881-b377-f4a17cb7e258 (type: networks) to 1
2026-06-09 18:19:39.606 10 INFO neutron.wsgi [None req-509c341e-c0dc-44ad-bfc4-28592e9e633c d867b93363f54d7c99cddfe006ac0f6b b8b50783b1fe48b4a9733f33cd25f242 - - default default] 10.0.0.231 "DELETE /v2.0/trunks/4dacee2a-570e-4940-8a59-3032003eb7de HTTP/1.1" status: 204 len: 168 time: 0.0912695
2026-06-09 18:19:39.745 9 WARNING neutron.scheduler.dhcp_agent_scheduler [None req-1e429c71-7186-4139-b58d-c2bc606aefc6 425f30fd9bfa4a59aba8521d612b35de 767207df6ea3494b827025c83e59fe5a - - default default] No more DHCP agents
2026-06-09 18:19:39.746 9 WARNING neutron.api.rpc.agentnotifiers.dhcp_rpc_agent_api [None req-1e429c71-7186-4139-b58d-c2bc606aefc6 425f30fd9bfa4a59aba8521d612b35de 767207df6ea3494b827025c83e59fe5a - - default default] Unable to schedule network 02362412-f05d-4881-b377-f4a17cb7e258: no agents available; will retry on subsequent port and subnet creation events.
2026-06-09 18:19:39.832 9 INFO neutron.db.ovn_revision_numbers_db [None req-1e429c71-7186-4139-b58d-c2bc606aefc6 425f30fd9bfa4a59aba8521d612b35de 767207df6ea3494b827025c83e59fe5a - - default default] Successfully bumped revision number for resource 428d4d18-9ca6-4c9a-99e0-acbdee995cb6 (type: ports) to 1
2026-06-09 18:19:39.863 9 INFO neutron.wsgi [None req-1e429c71-7186-4139-b58d-c2bc606aefc6 425f30fd9bfa4a59aba8521d612b35de 767207df6ea3494b827025c83e59fe5a - - default default] 10.0.0.231 "POST /v2.0/networks HTTP/1.1" status: 201 len: 941 time: 1.1186459
2026-06-09 18:19:39.864 10 INFO neutron.wsgi [None req-b13d9a44-3586-4d71-ac4f-c27343293fd7 d867b93363f54d7c99cddfe006ac0f6b b8b50783b1fe48b4a9733f33cd25f242 - - default default] 10.0.0.231 "DELETE /v2.0/ports/8652cf99-ca5d-4516-97bd-ac8636751423 HTTP/1.1" status: 204 len: 168 time: 0.2532196
2026-06-09 18:19:40.029 10 WARNING neutron.scheduler.dhcp_agent_scheduler [None req-e3ad6ad6-8008-474e-99a9-527278e1d98c 425f30fd9bfa4a59aba8521d612b35de 767207df6ea3494b827025c83e59fe5a - - default default] No more DHCP agents
2026-06-09 18:19:40.032 10 WARNING neutron.api.rpc.agentnotifiers.dhcp_rpc_agent_api [None req-e3ad6ad6-8008-474e-99a9-527278e1d98c 425f30fd9bfa4a59aba8521d612b35de 767207df6ea3494b827025c83e59fe5a - - default default] Unable to schedule network 02362412-f05d-4881-b377-f4a17cb7e258: no agents available; will retry on subsequent port and subnet creation events.
2026-06-09 18:19:40.168 9 INFO neutron.wsgi [None req-113330eb-875a-4dce-aba5-cff045fee131 d867b93363f54d7c99cddfe006ac0f6b b8b50783b1fe48b4a9733f33cd25f242 - - default default] 10.0.0.231 "DELETE /v2.0/ports/ebdb0ac3-ee7f-4339-8e5d-606cec57a9f7 HTTP/1.1" status: 204 len: 168 time: 0.2975588
2026-06-09 18:19:40.495 10 INFO neutron.wsgi [None req-f7a2a82a-69db-4a4f-b0c1-bf025eacf837 d867b93363f54d7c99cddfe006ac0f6b b8b50783b1fe48b4a9733f33cd25f242 - - default default] 10.0.0.231 "DELETE /v2.0/ports/1889c440-d883-436d-bacb-0917aec6a816 HTTP/1.1" status: 204 len: 168 time: 0.3231034
2026-06-09 18:19:40.596 10 INFO neutron.db.ovn_revision_numbers_db [None req-e3ad6ad6-8008-474e-99a9-527278e1d98c 425f30fd9bfa4a59aba8521d612b35de 767207df6ea3494b827025c83e59fe5a - - default default] Successfully bumped revision number for resource 428d4d18-9ca6-4c9a-99e0-acbdee995cb6 (type: ports) to 2
2026-06-09 18:19:40.625 10 INFO neutron.db.ovn_revision_numbers_db [None req-e3ad6ad6-8008-474e-99a9-527278e1d98c 425f30fd9bfa4a59aba8521d612b35de 767207df6ea3494b827025c83e59fe5a - - default default] Successfully bumped revision number for resource 1c9239fc-8ca5-4ccd-b7e5-be4bf138e020 (type: subnets) to 0
2026-06-09 18:19:40.641 10 INFO neutron.wsgi [None req-e3ad6ad6-8008-474e-99a9-527278e1d98c 425f30fd9bfa4a59aba8521d612b35de 767207df6ea3494b827025c83e59fe5a - - default default] 10.0.0.231 "POST /v2.0/subnets HTTP/1.1" status: 201 len: 863 time: 0.7723541
2026-06-09 18:19:40.761 9 INFO neutron.wsgi [None req-b12db542-77ff-44f7-b38b-bd5a1d6a82d2 d867b93363f54d7c99cddfe006ac0f6b b8b50783b1fe48b4a9733f33cd25f242 - - default default] 10.0.0.231 "DELETE /v2.0/ports/385c7097-8e5c-4c16-93dd-4ce683c9e4fd HTTP/1.1" status: 204 len: 168 time: 0.2617824
2026-06-09 18:19:41.176 10 INFO neutron.wsgi [None req-0ca6fede-de24-4afc-a555-3e0a57297776 d867b93363f54d7c99cddfe006ac0f6b b8b50783b1fe48b4a9733f33cd25f242 - - default default] 10.0.0.231 "DELETE /v2.0/ports/2c06b770-2228-4944-a4ba-b8d7a0601155 HTTP/1.1" status: 204 len: 168 time: 0.4078758
2026-06-09 18:19:41.239 10 WARNING neutron.scheduler.dhcp_agent_scheduler [None req-19c10487-fa41-477c-9d43-57b8ab61b45d 425f30fd9bfa4a59aba8521d612b35de 767207df6ea3494b827025c83e59fe5a - - default default] No more DHCP agents
2026-06-09 18:19:41.240 10 WARNING neutron.api.rpc.agentnotifiers.dhcp_rpc_agent_api [None req-19c10487-fa41-477c-9d43-57b8ab61b45d 425f30fd9bfa4a59aba8521d612b35de 767207df6ea3494b827025c83e59fe5a - - default default] Unable to schedule network 82e904f0-9fa3-4b6e-8e75-e094a397722a: no agents available; will retry on subsequent port and subnet creation events.
2026-06-09 18:19:41.389 10 INFO neutron.db.ovn_revision_numbers_db [None req-19c10487-fa41-477c-9d43-57b8ab61b45d 425f30fd9bfa4a59aba8521d612b35de 767207df6ea3494b827025c83e59fe5a - - default default] Successfully bumped revision number for resource 4c1f02d3-6b49-4447-bddc-8750cf2c9cf3 (type: ports) to 1
2026-06-09 18:19:41.410 9 INFO neutron.wsgi [req-79fbdc4b-af27-4c5a-a39c-283d64b94ef2 req-8c9157aa-5c6c-410f-9160-2a44abafd2c4 b6010b07c75146c09d8fc3ee3b0b64ec 1ccd198a5b87496f98e9c72a2a22738a - - 0746ddb4a3ab48e7a1797add0e522397 0746ddb4a3ab48e7a1797add0e522397] 10.0.0.26 "GET /v2.0/ports?device_id=8beaaa99-32f0-4f8d-8430-d36543a45827 HTTP/1.1" status: 200 len: 1642 time: 0.0526590
2026-06-09 18:19:41.480 9 INFO neutron.wsgi [req-79fbdc4b-af27-4c5a-a39c-283d64b94ef2 req-0861d66e-8f19-4e67-83d8-1d88de1842d9 b6010b07c75146c09d8fc3ee3b0b64ec 1ccd198a5b87496f98e9c72a2a22738a - - 0746ddb4a3ab48e7a1797add0e522397 0746ddb4a3ab48e7a1797add0e522397] 10.0.0.26 "GET /v2.0/security-groups?id=85087ea6-8911-4942-8066-5c939b7c855f&fields=id&fields=name HTTP/1.1" status: 200 len: 310 time: 0.0608871
2026-06-09 18:19:41.645 9 INFO neutron.services.segments.plugin [-] Segment 248fde3c-6a05-4a7d-aa08-a0f647ac117f resource provider aggregate not found
2026-06-09 18:19:41.652 9 INFO neutron.services.segments.plugin [-] Segment 248fde3c-6a05-4a7d-aa08-a0f647ac117f resource provider aggregate not found
2026-06-09 18:19:41.667 9 INFO neutron.services.segments.plugin [-] Segment 248fde3c-6a05-4a7d-aa08-a0f647ac117f resource provider not found; error: Placement Client Error (4xx): {"errors": [{"status": 404, "title": "Not Found", "detail": "The resource could not be found.\n\n No resource provider with uuid 248fde3c-6a05-4a7d-aa08-a0f647ac117f found for delete ", "request_id": "req-a0419c1c-b14c-4eaf-aab2-44e713f5f9bf"}]}
2026-06-09 18:19:41.672 9 INFO neutron.services.segments.plugin [-] Segment 248fde3c-6a05-4a7d-aa08-a0f647ac117f resource provider not found; error: Placement Client Error (4xx): {"errors": [{"status": 404, "title": "Not Found", "detail": "The resource could not be found.\n\n No resource provider with uuid 248fde3c-6a05-4a7d-aa08-a0f647ac117f found for delete ", "request_id": "req-23f62ff1-fdc7-43e5-a1aa-1d707822df9f"}]}
2026-06-09 18:19:41.689 9 INFO neutron.wsgi [None req-a91f6a53-1c96-4612-b7b2-2127cbb49a76 d867b93363f54d7c99cddfe006ac0f6b b8b50783b1fe48b4a9733f33cd25f242 - - default default] 10.0.0.231 "DELETE /v2.0/networks/dca47737-5015-4fe5-93cf-419f36794264 HTTP/1.1" status: 204 len: 168 time: 0.5075576
2026-06-09 18:19:42.109 10 INFO neutron.plugins.ml2.drivers.ovn.mech_driver.ovsdb.commands [None req-5094231c-c2b1-4ee3-8d0e-24b58b4b1df2 - - - - - -] Schedule LRP lrp-4c1f02d3-6b49-4447-bddc-8750cf2c9cf3 on gateway c06553ac-779e-4502-a824-290ead058b16 with priority 1
2026-06-09 18:19:42.121 10 INFO neutron.plugins.ml2.drivers.ovn.mech_driver.mech_driver [None req-6530a85a-f2e7-4203-8f07-50e8939a02bd - - - - - -] OVN reports status up for port: 4c1f02d3-6b49-4447-bddc-8750cf2c9cf3
2026-06-09 18:19:42.134 9 INFO neutron.wsgi [None req-5afaa49b-9946-4186-a820-d26f07d1429e d867b93363f54d7c99cddfe006ac0f6b b8b50783b1fe48b4a9733f33cd25f242 - - default default] 10.0.0.231 "DELETE /v2.0/networks/19e85d95-c35b-4346-9728-d1d0ff59dfdf HTTP/1.1" status: 204 len: 168 time: 0.4374504
2026-06-09 18:19:42.144 10 INFO neutron.plugins.ml2.drivers.ovn.mech_driver.ovsdb.ovsdb_monitor [None req-fa6d3ab6-2451-46b8-99f4-9f02a92128d1 - - - - - -] Router 88663adb-e98c-4f75-87ca-27fd62b0255b is bound to host instance
2026-06-09 18:19:42.145 10 INFO neutron.plugins.ml2.plugin [None req-6530a85a-f2e7-4203-8f07-50e8939a02bd - - - - - -] Attempt 1 to provision port 4c1f02d3-6b49-4447-bddc-8750cf2c9cf3
2026-06-09 18:19:42.202 10 INFO neutron.db.ovn_revision_numbers_db [None req-19c10487-fa41-477c-9d43-57b8ab61b45d 425f30fd9bfa4a59aba8521d612b35de 767207df6ea3494b827025c83e59fe5a - - default default] Successfully bumped revision number for resource 4c1f02d3-6b49-4447-bddc-8750cf2c9cf3 (type: router_ports) to 1
2026-06-09 18:19:42.558 9 INFO neutron.wsgi [None req-57b2dec1-bc22-4b14-8d89-d568c8e64e53 d867b93363f54d7c99cddfe006ac0f6b b8b50783b1fe48b4a9733f33cd25f242 - - default default] 10.0.0.231 "DELETE /v2.0/networks/57bf5057-ca17-4bb6-9a43-9e458d7a78fb HTTP/1.1" status: 204 len: 168 time: 0.4126081
2026-06-09 18:19:42.560 10 INFO neutron.db.ovn_revision_numbers_db [None req-19c10487-fa41-477c-9d43-57b8ab61b45d 425f30fd9bfa4a59aba8521d612b35de 767207df6ea3494b827025c83e59fe5a - - default default] Successfully bumped revision number for resource 88663adb-e98c-4f75-87ca-27fd62b0255b (type: routers) to 2
2026-06-09 18:19:42.579 10 INFO neutron.wsgi [None req-19c10487-fa41-477c-9d43-57b8ab61b45d 425f30fd9bfa4a59aba8521d612b35de 767207df6ea3494b827025c83e59fe5a - - default default] 10.0.0.231 "POST /v2.0/routers HTTP/1.1" status: 201 len: 1165 time: 1.9336512
2026-06-09 18:19:43.202 10 INFO neutron.db.ovn_revision_numbers_db [None req-fa6d3ab6-2451-46b8-99f4-9f02a92128d1 - - - - - -] Successfully bumped revision number for resource 4c1f02d3-6b49-4447-bddc-8750cf2c9cf3 (type: ports) to 1
2026-06-09 18:19:43.382 9 INFO neutron.wsgi [None req-b216f9d4-a66f-4bee-9e7a-3cac76cdecbb d867b93363f54d7c99cddfe006ac0f6b b8b50783b1fe48b4a9733f33cd25f242 - - default default] 10.0.0.231 "DELETE /v2.0/networks/5e648fa9-f751-4576-8824-1b1f8afea798 HTTP/1.1" status: 204 len: 168 time: 0.8192022
