2026-06-09 18:16:08.047 9 INFO neutron.wsgi [req-c98332c3-422b-4f3d-b81d-789f0425c88f req-89a36c3f-aebd-4688-8c09-768641fb59d1 b6010b07c75146c09d8fc3ee3b0b64ec 1ccd198a5b87496f98e9c72a2a22738a - - 0746ddb4a3ab48e7a1797add0e522397 0746ddb4a3ab48e7a1797add0e522397] 10.0.0.180 "GET /v2.0/networks/935e2fe1-02ff-431d-a438-891e13e9d17b?fields=provider%3Aphysical_network&fields=provider%3Anetwork_type HTTP/1.1" status: 200 len: 277 time: 0.0568497
2026-06-09 18:16:08.063 10 WARNING neutron.plugins.ml2.drivers.ovn.mech_driver.ovsdb.ovn_client [None req-6530a85a-f2e7-4203-8f07-50e8939a02bd - - - - - -] No hosting information found for port fddbc4f9-d61a-459c-b744-f280ecb94bdb: RuntimeError: No hosting information found for port fddbc4f9-d61a-459c-b744-f280ecb94bdb
2026-06-09 18:16:08.064 10 INFO neutron.plugins.ml2.drivers.ovn.mech_driver.mech_driver [None req-6530a85a-f2e7-4203-8f07-50e8939a02bd - - - - - -] OVN reports status up for port: e6a15654-a044-4f1b-8e4b-b74dc16067d1
2026-06-09 18:16:08.073 10 INFO neutron.plugins.ml2.plugin [None req-6530a85a-f2e7-4203-8f07-50e8939a02bd - - - - - -] Attempt 1 to provision port e6a15654-a044-4f1b-8e4b-b74dc16067d1
2026-06-09 18:16:08.093 10 INFO neutron.wsgi [req-374a1382-0d9a-480a-b2e7-ef8f6ee700d4 req-4e71a93e-d5e7-4b54-b328-79a91a8713ec affb10aca4fd4c69be7bf0e603bcd898 8baf1952da55494289ef3906388ea022 - - default default] 10.0.0.180 "DELETE /v2.0/security-groups/7591338e-8e09-44e7-ad8f-7df6012b750b HTTP/1.1" status: 204 len: 173 time: 0.1152680
2026-06-09 18:16:08.125 10 INFO neutron.wsgi [req-6cfbc0d9-0a00-43f8-81ea-1722bbad8f26 req-2c7d31f7-fbc9-4e16-bedd-85e1623f458d 6dde5d5dc3d944a288bc4028416edcd0 860e77ff80274dec9463ef4f1e1640d7 - - default default] 10.0.0.180 "GET /v2.0/security-group-rules/5b31511c-7be1-49f4-a8ab-0a9c2251b08e HTTP/1.1" status: 200 len: 815 time: 0.0178037
2026-06-09 18:16:08.164 10 INFO neutron.wsgi [req-6cfbc0d9-0a00-43f8-81ea-1722bbad8f26 req-cfc8d83a-23c9-4440-8aaa-2ff944a98c98 6dde5d5dc3d944a288bc4028416edcd0 860e77ff80274dec9463ef4f1e1640d7 - - default default] 10.0.0.180 "GET /v2.0/security-groups/81d46509-2491-415a-9a35-fcb98de36f5c HTTP/1.1" status: 200 len: 3141 time: 0.0352120
2026-06-09 18:16:08.193 9 INFO neutron.api.v2.resource [req-085aab3a-b063-4197-874f-6e05f01326ab req-693e9860-7cb7-47e1-a5d0-9822b3dc7c48 affb10aca4fd4c69be7bf0e603bcd898 8baf1952da55494289ef3906388ea022 - - default default] show failed (client error): The resource could not be found.
2026-06-09 18:16:08.194 9 INFO neutron.wsgi [req-085aab3a-b063-4197-874f-6e05f01326ab req-693e9860-7cb7-47e1-a5d0-9822b3dc7c48 affb10aca4fd4c69be7bf0e603bcd898 8baf1952da55494289ef3906388ea022 - - default default] 10.0.0.180 "GET /v2.0/security-groups/7591338e-8e09-44e7-ad8f-7df6012b750b HTTP/1.1" status: 404 len: 352 time: 0.0148182
2026-06-09 18:16:08.266 9 INFO neutron.wsgi [req-6ce241a8-4693-48fd-a019-1ff86a755325 req-ff2d54be-e2c9-42bb-912d-87a5c8954573 2531c0c6134d46e190997000ebd4c905 30f29520b4dc4a6c9dfba9113b9c8eb1 - - default default] 10.0.0.180 "GET /v2.0/ports?device_id=12d7ea2a-febe-4002-adeb-a150ae60c8a0 HTTP/1.1" status: 200 len: 210 time: 0.0338233
2026-06-09 18:16:08.315 9 INFO neutron.wsgi [req-bf3cea4c-b81e-4d99-9f01-f200c20b5639 req-c149c6d1-b51f-4fd4-b1c8-ace48925bf11 affb10aca4fd4c69be7bf0e603bcd898 8baf1952da55494289ef3906388ea022 - - default default] 10.0.0.180 "GET /v2.0/security-groups/e75e8b31-8aca-42db-a6c5-ccab6c5860ee HTTP/1.1" status: 200 len: 1882 time: 0.0253816
2026-06-09 18:16:08.406 10 INFO neutron.wsgi [req-6cfbc0d9-0a00-43f8-81ea-1722bbad8f26 req-729becf7-8970-48d2-9dc6-6a406e5e2fd8 6dde5d5dc3d944a288bc4028416edcd0 860e77ff80274dec9463ef4f1e1640d7 - - default default] 10.0.0.180 "DELETE /v2.0/security-group-rules/5b31511c-7be1-49f4-a8ab-0a9c2251b08e HTTP/1.1" status: 204 len: 173 time: 0.2307470
2026-06-09 18:16:08.468 9 INFO neutron.wsgi [req-bf3cea4c-b81e-4d99-9f01-f200c20b5639 req-dd91bbca-17e3-4efd-a020-d66b64ff238f affb10aca4fd4c69be7bf0e603bcd898 8baf1952da55494289ef3906388ea022 - - default default] 10.0.0.180 "DELETE /v2.0/security-groups/e75e8b31-8aca-42db-a6c5-ccab6c5860ee HTTP/1.1" status: 204 len: 173 time: 0.1434395
2026-06-09 18:16:08.476 10 INFO neutron.wsgi [req-7dbc1294-6262-405d-a77b-42d151f5167d req-7b888301-ff49-433d-b4b3-4d7ef1415e32 6dde5d5dc3d944a288bc4028416edcd0 860e77ff80274dec9463ef4f1e1640d7 - - default default] 10.0.0.180 "GET /v2.0/security-groups/81d46509-2491-415a-9a35-fcb98de36f5c HTTP/1.1" status: 200 len: 2511 time: 0.0483327
2026-06-09 18:16:08.500 9 INFO neutron.api.v2.resource [req-3ae30cc4-d049-46c7-8518-3865c5508e05 req-e01200a7-b13c-4734-a766-2af44601738c affb10aca4fd4c69be7bf0e603bcd898 8baf1952da55494289ef3906388ea022 - - default default] show failed (client error): The resource could not be found.
2026-06-09 18:16:08.501 9 INFO neutron.wsgi [req-3ae30cc4-d049-46c7-8518-3865c5508e05 req-e01200a7-b13c-4734-a766-2af44601738c affb10aca4fd4c69be7bf0e603bcd898 8baf1952da55494289ef3906388ea022 - - default default] 10.0.0.180 "GET /v2.0/security-groups/e75e8b31-8aca-42db-a6c5-ccab6c5860ee HTTP/1.1" status: 404 len: 352 time: 0.0151331
2026-06-09 18:16:08.553 9 WARNING neutron.plugins.ml2.drivers.ovn.mech_driver.ovsdb.ovn_client [None req-cb48ca33-fb75-4d63-b67f-a484b467142a - - - - - -] No hosting information found for port c9a50872-b981-46ce-bc51-ddb64181b49c: RuntimeError: No hosting information found for port c9a50872-b981-46ce-bc51-ddb64181b49c
2026-06-09 18:16:08.554 9 INFO neutron.plugins.ml2.drivers.ovn.mech_driver.mech_driver [None req-cb48ca33-fb75-4d63-b67f-a484b467142a - - - - - -] OVN reports status up for port: 7c3cc4c2-23a7-4f59-9ca9-6d62b5d16df1
2026-06-09 18:16:08.559 9 INFO neutron.wsgi [-] 10.0.0.150 "GET / HTTP/1.1" status: 200 len: 247 time: 0.0014539
2026-06-09 18:16:08.561 9 INFO neutron.wsgi [-] 10.0.0.150 "GET / HTTP/1.1" status: 200 len: 247 time: 0.0011840
2026-06-09 18:16:08.589 9 INFO neutron.plugins.ml2.plugin [None req-cb48ca33-fb75-4d63-b67f-a484b467142a - - - - - -] Attempt 1 to provision port 7c3cc4c2-23a7-4f59-9ca9-6d62b5d16df1
2026-06-09 18:16:08.593 9 INFO neutron.wsgi [req-8547effa-fb81-48bc-b03a-8f6d3610d032 req-455ad0be-7c5a-4518-bf40-37d5b9cd6280 affb10aca4fd4c69be7bf0e603bcd898 8baf1952da55494289ef3906388ea022 - - default default] 10.0.0.180 "GET /v2.0/security-groups?tenant_id=8baf1952da55494289ef3906388ea022 HTTP/1.1" status: 200 len: 3121 time: 0.0601757
2026-06-09 18:16:08.613 10 INFO neutron.db.ovn_revision_numbers_db [None req-6530a85a-f2e7-4203-8f07-50e8939a02bd - - - - - -] Successfully bumped revision number for resource e6a15654-a044-4f1b-8e4b-b74dc16067d1 (type: ports) to 2
2026-06-09 18:16:08.636 9 INFO neutron.wsgi [req-8547effa-fb81-48bc-b03a-8f6d3610d032 req-822728a0-1282-42fa-89a9-374e2647fc83 affb10aca4fd4c69be7bf0e603bcd898 8baf1952da55494289ef3906388ea022 - - default default] 10.0.0.180 "GET /v2.0/security-groups/e0a90da9-2004-4a87-8225-b7db2ed2226b HTTP/1.1" status: 200 len: 3118 time: 0.0348868
2026-06-09 18:16:08.674 9 INFO neutron.wsgi [req-8547effa-fb81-48bc-b03a-8f6d3610d032 req-81c2be47-dfe0-4976-a3b1-4b1e5babd52d affb10aca4fd4c69be7bf0e603bcd898 8baf1952da55494289ef3906388ea022 - - default default] 10.0.0.180 "GET /v2.0/security-groups/e0a90da9-2004-4a87-8225-b7db2ed2226b HTTP/1.1" status: 200 len: 3118 time: 0.0282991
2026-06-09 18:16:08.714 9 INFO neutron.api.v2.resource [req-9267c925-35b2-46ee-977a-eaf781cd0980 req-7679ee06-6242-4287-a2ff-f793b2e442ac affb10aca4fd4c69be7bf0e603bcd898 8baf1952da55494289ef3906388ea022 - - default default] show failed (client error): The resource could not be found.
2026-06-09 18:16:08.716 9 INFO neutron.wsgi [req-9267c925-35b2-46ee-977a-eaf781cd0980 req-7679ee06-6242-4287-a2ff-f793b2e442ac affb10aca4fd4c69be7bf0e603bcd898 8baf1952da55494289ef3906388ea022 - - default default] 10.0.0.180 "GET /v2.0/security-groups/e75e8b31-8aca-42db-a6c5-ccab6c5860ee HTTP/1.1" status: 404 len: 352 time: 0.0133851
2026-06-09 18:16:08.747 9 INFO neutron.api.v2.resource [req-7bcd097b-c25d-49af-a964-f4a3ec6434bd req-1e023748-2ba1-44ae-8d5c-7777cd3752d1 affb10aca4fd4c69be7bf0e603bcd898 8baf1952da55494289ef3906388ea022 - - default default] show failed (client error): The resource could not be found.
2026-06-09 18:16:08.748 9 INFO neutron.wsgi [req-7bcd097b-c25d-49af-a964-f4a3ec6434bd req-1e023748-2ba1-44ae-8d5c-7777cd3752d1 affb10aca4fd4c69be7bf0e603bcd898 8baf1952da55494289ef3906388ea022 - - default default] 10.0.0.180 "GET /v2.0/security-groups/7591338e-8e09-44e7-ad8f-7df6012b750b HTTP/1.1" status: 404 len: 352 time: 0.0140254
2026-06-09 18:16:08.772 10 INFO neutron.wsgi [req-7dbc1294-6262-405d-a77b-42d151f5167d req-656ce63b-e3a5-4479-96cc-aa03ddffaa0d 6dde5d5dc3d944a288bc4028416edcd0 860e77ff80274dec9463ef4f1e1640d7 - - default default] 10.0.0.180 "DELETE /v2.0/security-groups/81d46509-2491-415a-9a35-fcb98de36f5c HTTP/1.1" status: 204 len: 173 time: 0.2897995
2026-06-09 18:16:08.779 9 INFO neutron.api.v2.resource [req-eaabf183-0925-4ac3-8cf5-4d898187010b req-ebbbbb53-506e-4934-8727-ed068902801d affb10aca4fd4c69be7bf0e603bcd898 8baf1952da55494289ef3906388ea022 - - default default] show failed (client error): The resource could not be found.
2026-06-09 18:16:08.779 9 INFO neutron.wsgi [req-eaabf183-0925-4ac3-8cf5-4d898187010b req-ebbbbb53-506e-4934-8727-ed068902801d affb10aca4fd4c69be7bf0e603bcd898 8baf1952da55494289ef3906388ea022 - - default default] 10.0.0.180 "GET /v2.0/security-groups/077e19ce-fdce-4564-a95d-30ff55b12a10 HTTP/1.1" status: 404 len: 352 time: 0.0140514
2026-06-09 18:16:08.828 10 INFO neutron.wsgi [req-7c3b587b-ccdd-4c5f-bf5d-d821acfb0a39 req-a978caf6-1065-4103-955d-617bdd2f8554 6dde5d5dc3d944a288bc4028416edcd0 860e77ff80274dec9463ef4f1e1640d7 - - default default] 10.0.0.180 "GET /v2.0/security-groups/5f9acc18-2fd6-4df7-9e3c-a2f144f3faec HTTP/1.1" status: 200 len: 2510 time: 0.0329587
2026-06-09 18:16:08.930 10 INFO neutron.db.ovn_revision_numbers_db [None req-6530a85a-f2e7-4203-8f07-50e8939a02bd - - - - - -] Successfully bumped revision number for resource e6a15654-a044-4f1b-8e4b-b74dc16067d1 (type: router_ports) to 2
2026-06-09 18:16:09.001 10 INFO neutron.wsgi [req-7c3b587b-ccdd-4c5f-bf5d-d821acfb0a39 req-00dcd4f5-f0f9-46fe-bc50-56582e1819e8 6dde5d5dc3d944a288bc4028416edcd0 860e77ff80274dec9463ef4f1e1640d7 - - default default] 10.0.0.180 "DELETE /v2.0/security-groups/5f9acc18-2fd6-4df7-9e3c-a2f144f3faec HTTP/1.1" status: 204 len: 173 time: 0.1594496
2026-06-09 18:16:09.424 9 INFO neutron.wsgi [req-70f25fd9-5b3f-45a3-abd1-dd39b7328c26 req-beeba01d-5dd3-42a7-8b7a-efbaf4e04233 2531c0c6134d46e190997000ebd4c905 30f29520b4dc4a6c9dfba9113b9c8eb1 - - default default] 10.0.0.180 "GET /v2.0/ports?device_id=12d7ea2a-febe-4002-adeb-a150ae60c8a0 HTTP/1.1" status: 200 len: 210 time: 0.0186427
2026-06-09 18:16:09.868 10 INFO neutron.db.ovn_revision_numbers_db [None req-9789d113-feb0-4057-80c4-3b3affb0e533 425f30fd9bfa4a59aba8521d612b35de 767207df6ea3494b827025c83e59fe5a - - default default] Successfully bumped revision number for resource 5ebf4171-d07d-4420-953a-1ba0cef2e1df (type: security_groups) to 1
2026-06-09 18:16:09.897 10 INFO neutron.db.ovn_revision_numbers_db [None req-9789d113-feb0-4057-80c4-3b3affb0e533 425f30fd9bfa4a59aba8521d612b35de 767207df6ea3494b827025c83e59fe5a - - default default] Successfully bumped revision number for resource 41f7aef5-b75a-47ae-87fc-9207f41aff12 (type: security_group_rules) to 0
2026-06-09 18:16:09.927 10 INFO neutron.db.ovn_revision_numbers_db [None req-9789d113-feb0-4057-80c4-3b3affb0e533 425f30fd9bfa4a59aba8521d612b35de 767207df6ea3494b827025c83e59fe5a - - default default] Successfully bumped revision number for resource 7da30c88-4235-4221-aac3-e870394c4c53 (type: security_group_rules) to 0
2026-06-09 18:16:09.958 10 INFO neutron.db.ovn_revision_numbers_db [None req-9789d113-feb0-4057-80c4-3b3affb0e533 425f30fd9bfa4a59aba8521d612b35de 767207df6ea3494b827025c83e59fe5a - - default default] Successfully bumped revision number for resource 96220e8d-bcd3-4bb0-9425-dc291f0977db (type: security_group_rules) to 0
2026-06-09 18:16:09.986 9 INFO neutron.wsgi [req-c98332c3-422b-4f3d-b81d-789f0425c88f req-c16112fc-b6d0-438e-969f-a7ea4505fb17 2531c0c6134d46e190997000ebd4c905 30f29520b4dc4a6c9dfba9113b9c8eb1 - - default default] 199.204.45.235 "GET /v2.0/networks?id=935e2fe1-02ff-431d-a438-891e13e9d17b HTTP/1.1" status: 200 len: 881 time: 0.3183715
2026-06-09 18:16:09.988 10 INFO neutron.db.ovn_revision_numbers_db [None req-9789d113-feb0-4057-80c4-3b3affb0e533 425f30fd9bfa4a59aba8521d612b35de 767207df6ea3494b827025c83e59fe5a - - default default] Successfully bumped revision number for resource d0d63ba5-0aae-41c2-b609-4dfcf2e3aec7 (type: security_group_rules) to 0
2026-06-09 18:16:10.020 10 INFO neutron.wsgi [None req-9789d113-feb0-4057-80c4-3b3affb0e533 425f30fd9bfa4a59aba8521d612b35de 767207df6ea3494b827025c83e59fe5a - - default default] 10.0.0.231 "GET /v2.0/security-groups?tenant_id=9ff4144376f44c6b9f9cd2976cc60b93&name=default HTTP/1.1" status: 200 len: 3120 time: 0.4429348
2026-06-09 18:16:10.081 9 INFO neutron.wsgi [req-c98332c3-422b-4f3d-b81d-789f0425c88f req-ea152d4c-3a29-4b33-9e02-9004d8d5371a 2531c0c6134d46e190997000ebd4c905 30f29520b4dc4a6c9dfba9113b9c8eb1 - - default default] 199.204.45.235 "GET /v2.0/security-groups?fields=id&fields=name&tenant_id=30f29520b4dc4a6c9dfba9113b9c8eb1 HTTP/1.1" status: 200 len: 380 time: 0.0493603
2026-06-09 18:16:10.091 9 WARNING neutron_lib.context [req-c98332c3-422b-4f3d-b81d-789f0425c88f req-692388db-698f-49c7-af0e-4ddb8804f086 2531c0c6134d46e190997000ebd4c905 30f29520b4dc4a6c9dfba9113b9c8eb1 - - default default] Method 'is_advsvc' is deprecated since 2023.2 release (neutron-lib 3.8.0) and will be removed once support for the old RBAC API policies will be removed from Neutron. Please use method 'is_service_role' instead.
2026-06-09 18:16:10.357 10 INFO neutron.wsgi [None req-d0053591-718c-4ddf-a00b-a2c6f78917b9 425f30fd9bfa4a59aba8521d612b35de 767207df6ea3494b827025c83e59fe5a - - default default] 10.0.0.231 "PUT /v2.0/routers/080c1819-5ab6-4973-b4f3-3696b9f93841/remove_router_interface HTTP/1.1" status: 200 len: 503 time: 1.3472955
2026-06-09 18:16:10.372 9 INFO neutron.wsgi [None req-dac50d5d-6d93-4e1d-9fe4-82bfa6240b67 425f30fd9bfa4a59aba8521d612b35de 767207df6ea3494b827025c83e59fe5a - - default default] 10.0.0.231 "PUT /v2.0/routers/1460b3e7-3183-458c-829c-7654ce39191e/remove_router_interface HTTP/1.1" status: 200 len: 503 time: 1.5848680
2026-06-09 18:16:10.377 10 INFO neutron.wsgi [None req-3e68df85-8236-4707-ae97-fab09fae6764 425f30fd9bfa4a59aba8521d612b35de 767207df6ea3494b827025c83e59fe5a - - default default] 10.0.0.231 "DELETE /v2.0/security-groups/5ebf4171-d07d-4420-953a-1ba0cef2e1df HTTP/1.1" status: 204 len: 168 time: 0.3497517 /var/lib/openstack/lib/python3.10/site-packages/pycadf/identifier.py:71: UserWarning: Invalid uuid: neutron. To ensure interoperability, identifiers should be a valid uuid. warnings.warn(('Invalid uuid: %s. To ensure interoperability, ' /var/lib/openstack/lib/python3.10/site-packages/pycadf/identifier.py:71: UserWarning: Invalid uuid: neutron. To ensure interoperability, identifiers should be a valid uuid. warnings.warn(('Invalid uuid: %s. To ensure interoperability, '
2026-06-09 18:16:10.687 10 INFO neutron.wsgi [req-ec8170d1-a724-454d-9dc3-72649660bf0b req-64163754-553d-4d4d-a810-e06a1696cc57 2531c0c6134d46e190997000ebd4c905 30f29520b4dc4a6c9dfba9113b9c8eb1 - - default default] 10.0.0.180 "GET /v2.0/ports?device_id=12d7ea2a-febe-4002-adeb-a150ae60c8a0 HTTP/1.1" status: 200 len: 210 time: 0.0281649
2026-06-09 18:16:10.745 9 WARNING neutron.scheduler.dhcp_agent_scheduler [req-c98332c3-422b-4f3d-b81d-789f0425c88f req-692388db-698f-49c7-af0e-4ddb8804f086 2531c0c6134d46e190997000ebd4c905 30f29520b4dc4a6c9dfba9113b9c8eb1 - - default default] No more DHCP agents
2026-06-09 18:16:10.750 9 WARNING neutron.api.rpc.agentnotifiers.dhcp_rpc_agent_api [req-c98332c3-422b-4f3d-b81d-789f0425c88f req-692388db-698f-49c7-af0e-4ddb8804f086 2531c0c6134d46e190997000ebd4c905 30f29520b4dc4a6c9dfba9113b9c8eb1 - - default default] Unable to schedule network 935e2fe1-02ff-431d-a438-891e13e9d17b: no agents available; will retry on subsequent port and subnet creation events.
2026-06-09 18:16:10.951 9 INFO neutron.db.ovn_revision_numbers_db [req-c98332c3-422b-4f3d-b81d-789f0425c88f req-692388db-698f-49c7-af0e-4ddb8804f086 2531c0c6134d46e190997000ebd4c905 30f29520b4dc4a6c9dfba9113b9c8eb1 - - default default] Successfully bumped revision number for resource b78b5043-af45-4828-8226-110d5ecdea7e (type: ports) to 1
2026-06-09 18:16:11.016 9 INFO neutron.wsgi [req-c98332c3-422b-4f3d-b81d-789f0425c88f req-692388db-698f-49c7-af0e-4ddb8804f086 2531c0c6134d46e190997000ebd4c905 30f29520b4dc4a6c9dfba9113b9c8eb1 - - default default] 199.204.45.235 "POST /v2.0/ports HTTP/1.1" status: 201 len: 1162 time: 0.9300485 /var/lib/openstack/lib/python3.10/site-packages/pycadf/identifier.py:71: UserWarning: Invalid uuid: neutron. To ensure interoperability, identifiers should be a valid uuid. warnings.warn(('Invalid uuid: %s. To ensure interoperability, '
2026-06-09 18:16:11.032 9 INFO neutron.wsgi [req-c98332c3-422b-4f3d-b81d-789f0425c88f req-38e07610-0ed7-4f71-ac45-aea7dcc1764a 2531c0c6134d46e190997000ebd4c905 30f29520b4dc4a6c9dfba9113b9c8eb1 - - default default] 199.204.45.235 "GET /v2.0/extensions HTTP/1.1" status: 200 len: 18683 time: 0.0062084
2026-06-09 18:16:11.366 10 INFO neutron.wsgi [None req-3cb2901b-87f9-4496-8835-d3415a5e6b99 425f30fd9bfa4a59aba8521d612b35de 767207df6ea3494b827025c83e59fe5a - - default default] 10.0.0.231 "DELETE /v2.0/routers/1460b3e7-3183-458c-829c-7654ce39191e HTTP/1.1" status: 204 len: 168 time: 0.9877465
2026-06-09 18:16:11.540 9 INFO neutron.wsgi [None req-9aa771df-9d15-42e0-b38d-b85768dbaa9c 425f30fd9bfa4a59aba8521d612b35de 767207df6ea3494b827025c83e59fe5a - - default default] 10.0.0.231 "DELETE /v2.0/routers/080c1819-5ab6-4973-b4f3-3696b9f93841 HTTP/1.1" status: 204 len: 168 time: 1.1642783
2026-06-09 18:16:11.556 10 INFO neutron.wsgi [None req-b7b3cd1c-23af-427e-a5cd-d02844c6218e 425f30fd9bfa4a59aba8521d612b35de 767207df6ea3494b827025c83e59fe5a - - default default] 10.0.0.231 "DELETE /v2.0/subnets/d70f0aab-2e36-4375-96ff-5add21082d07 HTTP/1.1" status: 204 len: 168 time: 0.1852093
2026-06-09 18:16:11.773 9 INFO neutron.wsgi [None req-49dcd8a9-86c0-4cd8-9a6e-e9ea701686f8 425f30fd9bfa4a59aba8521d612b35de 767207df6ea3494b827025c83e59fe5a - - default default] 10.0.0.231 "DELETE /v2.0/subnets/ab1d5166-6bc9-4045-b796-a39f93924919 HTTP/1.1" status: 204 len: 168 time: 0.2275956
2026-06-09 18:16:11.910 10 INFO neutron.wsgi [req-bb41a422-67f6-40fc-a081-a2788238df55 req-0792f019-cb68-404d-aa8d-cdf2b58892ba 2531c0c6134d46e190997000ebd4c905 30f29520b4dc4a6c9dfba9113b9c8eb1 - - default default] 10.0.0.180 "GET /v2.0/ports?device_id=12d7ea2a-febe-4002-adeb-a150ae60c8a0 HTTP/1.1" status: 200 len: 1160 time: 0.1562188
2026-06-09 18:16:11.995 10 INFO neutron.wsgi [req-bb41a422-67f6-40fc-a081-a2788238df55 req-6fc9faec-39ba-4f8d-8d44-7b63ff2dcd9a 2531c0c6134d46e190997000ebd4c905 30f29520b4dc4a6c9dfba9113b9c8eb1 - - default default] 10.0.0.180 "GET /v2.0/security-groups?id=d1264efc-b941-41df-a5e1-47ea1b83e84d&fields=id&fields=name HTTP/1.1" status: 200 len: 313 time: 0.0776632
2026-06-09 18:16:12.025 10 INFO neutron.wsgi [None req-912c6513-72f4-447c-bb66-ae292852aab4 425f30fd9bfa4a59aba8521d612b35de 767207df6ea3494b827025c83e59fe5a - - default default] 10.0.0.231 "DELETE /v2.0/networks/d247eb19-198a-4716-9eec-03ebec506de2 HTTP/1.1" status: 204 len: 168 time: 0.4631426
2026-06-09 18:16:12.095 9 INFO neutron.db.ovn_revision_numbers_db [req-c98332c3-422b-4f3d-b81d-789f0425c88f req-5c75bbe7-d618-4776-81db-b81db1dae191 b6010b07c75146c09d8fc3ee3b0b64ec 1ccd198a5b87496f98e9c72a2a22738a - - 0746ddb4a3ab48e7a1797add0e522397 0746ddb4a3ab48e7a1797add0e522397] Successfully bumped revision number for resource b78b5043-af45-4828-8226-110d5ecdea7e (type: ports) to 2
2026-06-09 18:16:12.225 10 INFO neutron.wsgi [None req-053fe973-a95e-4a1b-8343-d4ecde6115ef 425f30fd9bfa4a59aba8521d612b35de 767207df6ea3494b827025c83e59fe5a - - default default] 10.0.0.231 "GET /v2.0/security-groups?tenant_id=8baf1952da55494289ef3906388ea022&name=default HTTP/1.1" status: 200 len: 3116 time: 0.0392265
2026-06-09 18:16:12.407 9 INFO neutron.wsgi [None req-65293902-ef6e-4bcf-824e-fb6192fba874 425f30fd9bfa4a59aba8521d612b35de 767207df6ea3494b827025c83e59fe5a - - default default] 10.0.0.231 "DELETE /v2.0/networks/dbd1e071-8a53-4b55-8f0b-40fd9e059400 HTTP/1.1" status: 204 len: 168 time: 0.6306255
2026-06-09 18:16:12.451 10 INFO neutron.wsgi [None req-da93af04-7d6a-47a6-b043-e1d50105c2b1 425f30fd9bfa4a59aba8521d612b35de 767207df6ea3494b827025c83e59fe5a - - default default] 10.0.0.231 "DELETE /v2.0/security-groups/e0a90da9-2004-4a87-8225-b7db2ed2226b HTTP/1.1" status: 204 len: 168 time: 0.2213798
2026-06-09 18:16:12.453 9 INFO neutron.db.ovn_revision_numbers_db [req-c98332c3-422b-4f3d-b81d-789f0425c88f req-5c75bbe7-d618-4776-81db-b81db1dae191 b6010b07c75146c09d8fc3ee3b0b64ec 1ccd198a5b87496f98e9c72a2a22738a - - 0746ddb4a3ab48e7a1797add0e522397 0746ddb4a3ab48e7a1797add0e522397] Successfully bumped revision number for resource b78b5043-af45-4828-8226-110d5ecdea7e (type: ports) to 2
2026-06-09 18:16:12.468 9 INFO neutron.wsgi [req-c98332c3-422b-4f3d-b81d-789f0425c88f req-5c75bbe7-d618-4776-81db-b81db1dae191 b6010b07c75146c09d8fc3ee3b0b64ec 1ccd198a5b87496f98e9c72a2a22738a - - 0746ddb4a3ab48e7a1797add0e522397 0746ddb4a3ab48e7a1797add0e522397] 199.204.45.235 "PUT /v2.0/ports/b78b5043-af45-4828-8226-110d5ecdea7e HTTP/1.1" status: 200 len: 1380 time: 1.0505009 /var/lib/openstack/lib/python3.10/site-packages/pycadf/identifier.py:71: UserWarning: Invalid uuid: neutron. To ensure interoperability, identifiers should be a valid uuid. warnings.warn(('Invalid uuid: %s. To ensure interoperability, '
2026-06-09 18:16:12.567 9 INFO neutron.wsgi [req-c98332c3-422b-4f3d-b81d-789f0425c88f req-799757d3-ce20-4832-b537-d1785018353b b6010b07c75146c09d8fc3ee3b0b64ec 1ccd198a5b87496f98e9c72a2a22738a - - 0746ddb4a3ab48e7a1797add0e522397 0746ddb4a3ab48e7a1797add0e522397] 199.204.45.235 "GET /v2.0/ports?tenant_id=30f29520b4dc4a6c9dfba9113b9c8eb1&device_id=12d7ea2a-febe-4002-adeb-a150ae60c8a0 HTTP/1.1" status: 200 len: 1411 time: 0.0501475
2026-06-09 18:16:12.589 10 INFO neutron.services.segments.plugin [-] Segment 10a73a68-b5a5-4a40-bec3-5723c20342e8 resource provider aggregate not found
2026-06-09 18:16:12.602 10 INFO neutron.services.segments.plugin [-] Segment 10a73a68-b5a5-4a40-bec3-5723c20342e8 resource provider not found; error: Placement Client Error (4xx): {"errors": [{"status": 404, "title": "Not Found", "detail": "The resource could not be found.\n\n No resource provider with uuid 10a73a68-b5a5-4a40-bec3-5723c20342e8 found for delete ", "request_id": "req-b2f0705a-4c59-4efe-a3e5-bbcfc3b3a5d5"}]}
2026-06-09 18:16:12.614 9 INFO neutron.wsgi [req-c98332c3-422b-4f3d-b81d-789f0425c88f req-f52daab0-d788-44c3-a582-e2f8de3d6792 b6010b07c75146c09d8fc3ee3b0b64ec 1ccd198a5b87496f98e9c72a2a22738a - - 0746ddb4a3ab48e7a1797add0e522397 0746ddb4a3ab48e7a1797add0e522397] 199.204.45.235 "GET /v2.0/floatingips?fixed_ip_address=10.100.0.11&port_id=b78b5043-af45-4828-8226-110d5ecdea7e HTTP/1.1" status: 200 len: 217 time: 0.0400321
2026-06-09 18:16:12.635 10 INFO neutron.services.segments.plugin [-] Segment 10a73a68-b5a5-4a40-bec3-5723c20342e8 resource provider aggregate not found
2026-06-09 18:16:12.651 10 INFO neutron.services.segments.plugin [-] Segment 10a73a68-b5a5-4a40-bec3-5723c20342e8 resource provider not found; error: Placement Client Error (4xx): {"errors": [{"status": 404, "title": "Not Found", "detail": "The resource could not be found.\n\n No resource provider with uuid 10a73a68-b5a5-4a40-bec3-5723c20342e8 found for delete ", "request_id": "req-e28b1e8f-f591-40ba-9bf0-4062936099f1"}]}
2026-06-09 18:16:12.670 9 INFO neutron.wsgi [req-c98332c3-422b-4f3d-b81d-789f0425c88f req-aa00080a-b8d9-42f4-8f58-75a0675402b7 b6010b07c75146c09d8fc3ee3b0b64ec 1ccd198a5b87496f98e9c72a2a22738a - - 0746ddb4a3ab48e7a1797add0e522397 0746ddb4a3ab48e7a1797add0e522397] 199.204.45.235 "GET /v2.0/subnets?id=e57b4d38-93c3-47cf-b3f4-26202b87ec8f HTTP/1.1" status: 200 len: 875 time: 0.0498462
2026-06-09 18:16:12.707 9 INFO neutron.wsgi [req-c98332c3-422b-4f3d-b81d-789f0425c88f req-92e54ed6-afca-4815-b2ef-1404821b0d58 b6010b07c75146c09d8fc3ee3b0b64ec 1ccd198a5b87496f98e9c72a2a22738a - - 0746ddb4a3ab48e7a1797add0e522397 0746ddb4a3ab48e7a1797add0e522397] 199.204.45.235 "GET /v2.0/ports?network_id=935e2fe1-02ff-431d-a438-891e13e9d17b&device_owner=network%3Adhcp HTTP/1.1" status: 200 len: 210 time: 0.0311818
2026-06-09 18:16:12.764 10 INFO neutron.wsgi [None req-c5af51d9-50ec-4f87-a2bf-49433e51963d 425f30fd9bfa4a59aba8521d612b35de 767207df6ea3494b827025c83e59fe5a - - default default] 10.0.0.231 "GET /v2.0/security-groups?tenant_id=860e77ff80274dec9463ef4f1e1640d7&name=default HTTP/1.1" status: 200 len: 3116 time: 0.0405769
2026-06-09 18:16:12.769 9 INFO neutron.wsgi [req-c98332c3-422b-4f3d-b81d-789f0425c88f req-02bb555a-0d09-4a67-85e8-13a304dd8d36 b6010b07c75146c09d8fc3ee3b0b64ec 1ccd198a5b87496f98e9c72a2a22738a - - 0746ddb4a3ab48e7a1797add0e522397 0746ddb4a3ab48e7a1797add0e522397] 199.204.45.235 "GET /v2.0/networks/935e2fe1-02ff-431d-a438-891e13e9d17b?fields=segments HTTP/1.1" status: 200 len: 212 time: 0.0548651
2026-06-09 18:16:12.843 9 INFO neutron.wsgi [req-c98332c3-422b-4f3d-b81d-789f0425c88f req-46b311fc-cad4-436d-975b-3b100c60f052 b6010b07c75146c09d8fc3ee3b0b64ec 1ccd198a5b87496f98e9c72a2a22738a - - 0746ddb4a3ab48e7a1797add0e522397 0746ddb4a3ab48e7a1797add0e522397] 199.204.45.235 "GET /v2.0/networks/935e2fe1-02ff-431d-a438-891e13e9d17b?fields=provider%3Aphysical_network&fields=provider%3Anetwork_type HTTP/1.1" status: 200 len: 277 time: 0.0638220
2026-06-09 18:16:12.876 9 INFO neutron.services.segments.plugin [-] Segment 2158f4b1-a6c7-468b-bf84-b22fdaadfa8a resource provider aggregate not found
2026-06-09 18:16:12.897 9 INFO neutron.services.segments.plugin [-] Segment 2158f4b1-a6c7-468b-bf84-b22fdaadfa8a resource provider not found; error: Placement Client Error (4xx): {"errors": [{"status": 404, "title": "Not Found", "detail": "The resource could not be found.\n\n No resource provider with uuid 2158f4b1-a6c7-468b-bf84-b22fdaadfa8a found for delete ", "request_id": "req-65b02862-1ae9-4e69-9c4e-ae1f2da300e4"}]}
2026-06-09 18:16:12.993 9 INFO neutron.services.segments.plugin [-] Segment 2158f4b1-a6c7-468b-bf84-b22fdaadfa8a resource provider aggregate not found
2026-06-09 18:16:13.009 9 INFO neutron.services.segments.plugin [-] Segment 2158f4b1-a6c7-468b-bf84-b22fdaadfa8a resource provider not found; error: Placement Client Error (4xx): {"errors": [{"status": 404, "title": "Not Found", "detail": "The resource could not be found.\n\n No resource provider with uuid 2158f4b1-a6c7-468b-bf84-b22fdaadfa8a found for delete ", "request_id": "req-79b84c3a-98a5-419c-8580-93c2f9a92fbc"}]}
2026-06-09 18:16:13.017 9 INFO neutron.wsgi [None req-51eacc75-120d-4109-a295-933878578434 425f30fd9bfa4a59aba8521d612b35de 767207df6ea3494b827025c83e59fe5a - - default default] 10.0.0.231 "DELETE /v2.0/security-groups/8443ef62-0b50-44f0-8448-bfbaa6432bd0 HTTP/1.1" status: 204 len: 168 time: 0.2468808
2026-06-09 18:16:13.194 9 INFO neutron.wsgi [req-d23e3519-e97c-4cba-aea9-d69ac59b69e7 req-f41e6bfd-c379-4ecb-b40f-91210d077827 2531c0c6134d46e190997000ebd4c905 30f29520b4dc4a6c9dfba9113b9c8eb1 - - default default] 10.0.0.180 "GET /v2.0/ports?device_id=12d7ea2a-febe-4002-adeb-a150ae60c8a0 HTTP/1.1" status: 200 len: 1172 time: 0.1251397
2026-06-09 18:16:13.213 9 INFO neutron.notifiers.nova [-] Nova event matching ['req-5fe7eba4-5287-44ee-a8dc-89ba4d3af1f9'] response: {'name': 'network-changed', 'server_uuid': '12d7ea2a-febe-4002-adeb-a150ae60c8a0', 'tag': 'b78b5043-af45-4828-8226-110d5ecdea7e', 'status': 'completed', 'code': 200}
2026-06-09 18:16:13.221 9 INFO neutron.db.ovn_revision_numbers_db [None req-971fad98-02db-48cc-9bea-f9d5279ee4e6 425f30fd9bfa4a59aba8521d612b35de 767207df6ea3494b827025c83e59fe5a - - default default] Successfully bumped revision number for resource 34a591c1-40f2-478e-8ec7-c44feeb7a272 (type: security_groups) to 1
2026-06-09 18:16:13.243 9 INFO neutron.db.ovn_revision_numbers_db [None req-971fad98-02db-48cc-9bea-f9d5279ee4e6 425f30fd9bfa4a59aba8521d612b35de 767207df6ea3494b827025c83e59fe5a - - default default] Successfully bumped revision number for resource 22032a42-486b-42a8-84e5-cf7a732e5e84 (type: security_group_rules) to 0
2026-06-09 18:16:13.271 9 INFO neutron.wsgi [req-d23e3519-e97c-4cba-aea9-d69ac59b69e7 req-8512aaa7-6ca2-4335-ac74-5ad2c282360b 2531c0c6134d46e190997000ebd4c905 30f29520b4dc4a6c9dfba9113b9c8eb1 - - default default] 10.0.0.180 "GET /v2.0/security-groups?id=d1264efc-b941-41df-a5e1-47ea1b83e84d&fields=id&fields=name HTTP/1.1" status: 200 len: 313 time: 0.0673466
2026-06-09 18:16:13.286 9 INFO neutron.wsgi [req-313a4d35-ca3c-40cf-be58-cf2885e1cc48 req-b64fbdca-f3b4-46ba-9d9c-670dceb5754e b6010b07c75146c09d8fc3ee3b0b64ec 1ccd198a5b87496f98e9c72a2a22738a - - 0746ddb4a3ab48e7a1797add0e522397 0746ddb4a3ab48e7a1797add0e522397] 199.204.45.235 "GET /v2.0/ports?tenant_id=30f29520b4dc4a6c9dfba9113b9c8eb1&device_id=12d7ea2a-febe-4002-adeb-a150ae60c8a0 HTTP/1.1" status: 200 len: 1411 time: 0.0471089
2026-06-09 18:16:13.301 9 INFO neutron.db.ovn_revision_numbers_db [None req-971fad98-02db-48cc-9bea-f9d5279ee4e6 425f30fd9bfa4a59aba8521d612b35de 767207df6ea3494b827025c83e59fe5a - - default default] Successfully bumped revision number for resource 5b00ecdd-ef6d-4f22-bbfb-c53bb45e0686 (type: security_group_rules) to 0
2026-06-09 18:16:13.331 9 INFO neutron.db.ovn_revision_numbers_db [None req-971fad98-02db-48cc-9bea-f9d5279ee4e6 425f30fd9bfa4a59aba8521d612b35de 767207df6ea3494b827025c83e59fe5a - - default default] Successfully bumped revision number for resource 8cbb8721-2436-4766-b184-13ae138ebf9a (type: security_group_rules) to 0
2026-06-09 18:16:13.350 9 INFO neutron.db.ovn_revision_numbers_db [None req-971fad98-02db-48cc-9bea-f9d5279ee4e6 425f30fd9bfa4a59aba8521d612b35de 767207df6ea3494b827025c83e59fe5a - - default default] Successfully bumped revision number for resource b46575ee-c13f-4ad1-bfe6-15c0f64cc568 (type: security_group_rules) to 0
2026-06-09 18:16:13.357 9 INFO neutron.wsgi [req-313a4d35-ca3c-40cf-be58-cf2885e1cc48 req-7d389ecd-4278-44ee-a370-2315b16cf959 b6010b07c75146c09d8fc3ee3b0b64ec 1ccd198a5b87496f98e9c72a2a22738a - - 0746ddb4a3ab48e7a1797add0e522397 0746ddb4a3ab48e7a1797add0e522397] 199.204.45.235 "GET /v2.0/networks?id=935e2fe1-02ff-431d-a438-891e13e9d17b HTTP/1.1" status: 200 len: 980 time: 0.0638034
2026-06-09 18:16:13.387 9 INFO neutron.wsgi [None req-971fad98-02db-48cc-9bea-f9d5279ee4e6 425f30fd9bfa4a59aba8521d612b35de 767207df6ea3494b827025c83e59fe5a - - default default] 10.0.0.231 "GET /v2.0/security-groups?tenant_id=0bcb69d988834fefb63b5ffedd45fc11&name=default HTTP/1.1" status: 200 len: 3120 time: 0.3955572
2026-06-09 18:16:13.390 9 INFO neutron.wsgi [req-313a4d35-ca3c-40cf-be58-cf2885e1cc48 req-ece35458-d997-4696-b861-067ba1c354bc b6010b07c75146c09d8fc3ee3b0b64ec 1ccd198a5b87496f98e9c72a2a22738a - - 0746ddb4a3ab48e7a1797add0e522397 0746ddb4a3ab48e7a1797add0e522397] 199.204.45.235 "GET /v2.0/floatingips?fixed_ip_address=10.100.0.11&port_id=b78b5043-af45-4828-8226-110d5ecdea7e HTTP/1.1" status: 200 len: 217 time: 0.0268922
2026-06-09 18:16:13.435 9 INFO neutron.wsgi [req-313a4d35-ca3c-40cf-be58-cf2885e1cc48 req-69ae64c2-d6d9-41b3-95fd-04f88716c8d5 b6010b07c75146c09d8fc3ee3b0b64ec 1ccd198a5b87496f98e9c72a2a22738a - - 0746ddb4a3ab48e7a1797add0e522397 0746ddb4a3ab48e7a1797add0e522397] 199.204.45.235 "GET /v2.0/subnets?id=e57b4d38-93c3-47cf-b3f4-26202b87ec8f HTTP/1.1" status: 200 len: 875 time: 0.0371938
2026-06-09 18:16:13.466 9 INFO neutron.wsgi [req-313a4d35-ca3c-40cf-be58-cf2885e1cc48 req-f2abba3a-dc8c-4a6a-9860-f7583c0f3872 b6010b07c75146c09d8fc3ee3b0b64ec 1ccd198a5b87496f98e9c72a2a22738a - - 0746ddb4a3ab48e7a1797add0e522397 0746ddb4a3ab48e7a1797add0e522397] 199.204.45.235 "GET /v2.0/ports?network_id=935e2fe1-02ff-431d-a438-891e13e9d17b&device_owner=network%3Adhcp HTTP/1.1" status: 200 len: 210 time: 0.0240998
2026-06-09 18:16:13.541 9 INFO neutron.wsgi [req-313a4d35-ca3c-40cf-be58-cf2885e1cc48 req-7ac58eab-9e98-4f48-9990-ecf86a263331 b6010b07c75146c09d8fc3ee3b0b64ec 1ccd198a5b87496f98e9c72a2a22738a - - 0746ddb4a3ab48e7a1797add0e522397 0746ddb4a3ab48e7a1797add0e522397] 199.204.45.235 "GET /v2.0/networks/935e2fe1-02ff-431d-a438-891e13e9d17b?fields=segments HTTP/1.1" status: 200 len: 212 time: 0.0674574
2026-06-09 18:16:13.609 9 INFO neutron.wsgi [req-313a4d35-ca3c-40cf-be58-cf2885e1cc48 req-808f51b3-17b1-46d7-9e84-b38319da99c6 b6010b07c75146c09d8fc3ee3b0b64ec 1ccd198a5b87496f98e9c72a2a22738a - - 0746ddb4a3ab48e7a1797add0e522397 0746ddb4a3ab48e7a1797add0e522397] 199.204.45.235 "GET /v2.0/networks/935e2fe1-02ff-431d-a438-891e13e9d17b?fields=provider%3Aphysical_network&fields=provider%3Anetwork_type HTTP/1.1" status: 200 len: 277 time: 0.0628998
2026-06-09 18:16:13.677 9 INFO neutron.wsgi [None req-566787dc-baa2-4e5d-92f3-d8ac64b67342 425f30fd9bfa4a59aba8521d612b35de 767207df6ea3494b827025c83e59fe5a - - default default] 10.0.0.231 "DELETE /v2.0/security-groups/34a591c1-40f2-478e-8ec7-c44feeb7a272 HTTP/1.1" status: 204 len: 168 time: 0.2848687
2026-06-09 18:16:13.804 10 WARNING neutron.plugins.ml2.drivers.ovn.mech_driver.ovsdb.ovn_client [None req-6530a85a-f2e7-4203-8f07-50e8939a02bd - - - - - -] No port found with ID e6a15654-a044-4f1b-8e4b-b74dc16067d1: RuntimeError: No port found with ID e6a15654-a044-4f1b-8e4b-b74dc16067d1
2026-06-09 18:16:14.387 10 INFO neutron.wsgi [req-31fdb433-5dde-4e51-8ebc-4fadd66fcf93 req-c2d3b4a4-2d65-4eab-a385-4c52c7c7dc6a 2531c0c6134d46e190997000ebd4c905 30f29520b4dc4a6c9dfba9113b9c8eb1 - - default default] 10.0.0.180 "GET /v2.0/ports?device_id=12d7ea2a-febe-4002-adeb-a150ae60c8a0 HTTP/1.1" status: 200 len: 1172 time: 0.0419869
2026-06-09 18:16:14.435 10 INFO neutron.wsgi [req-31fdb433-5dde-4e51-8ebc-4fadd66fcf93 req-99952617-f6d6-4388-b80a-4454d848057c 2531c0c6134d46e190997000ebd4c905 30f29520b4dc4a6c9dfba9113b9c8eb1 - - default default] 10.0.0.180 "GET /v2.0/security-groups?id=d1264efc-b941-41df-a5e1-47ea1b83e84d&fields=id&fields=name HTTP/1.1" status: 200 len: 313 time: 0.0415688
2026-06-09 18:16:14.576 10 INFO neutron.db.ovn_revision_numbers_db [None req-72b2b64a-117e-4adf-b1fa-f424698dfb4f 425f30fd9bfa4a59aba8521d612b35de 767207df6ea3494b827025c83e59fe5a - - default default] Successfully bumped revision number for resource 02e9b289-2988-4f54-af71-4b1109a754a9 (type: security_groups) to 1
2026-06-09 18:16:14.587 10 INFO neutron.db.ovn_revision_numbers_db [None req-72b2b64a-117e-4adf-b1fa-f424698dfb4f 425f30fd9bfa4a59aba8521d612b35de 767207df6ea3494b827025c83e59fe5a - - default default] Successfully bumped revision number for resource 02889157-d92a-4a0c-8b72-c5f7b8b8386a (type: security_group_rules) to 0
2026-06-09 18:16:14.600 10 INFO neutron.db.ovn_revision_numbers_db [None req-72b2b64a-117e-4adf-b1fa-f424698dfb4f 425f30fd9bfa4a59aba8521d612b35de 767207df6ea3494b827025c83e59fe5a - - default default] Successfully bumped revision number for resource 589be5dc-58b5-4f61-b176-ea8d74ca2c52 (type: security_group_rules) to 0
2026-06-09 18:16:14.611 10 INFO neutron.db.ovn_revision_numbers_db [None req-72b2b64a-117e-4adf-b1fa-f424698dfb4f 425f30fd9bfa4a59aba8521d612b35de 767207df6ea3494b827025c83e59fe5a - - default default] Successfully bumped revision number for resource 6893d1cd-66e7-492a-b35d-f46dfc5227db (type: security_group_rules) to 0
2026-06-09 18:16:14.623 10 INFO neutron.db.ovn_revision_numbers_db [None req-72b2b64a-117e-4adf-b1fa-f424698dfb4f 425f30fd9bfa4a59aba8521d612b35de 767207df6ea3494b827025c83e59fe5a - - default default] Successfully bumped revision number for resource aecc615d-3e83-4e47-95cf-2bd2bfd4d7ef (type: security_group_rules) to 0
2026-06-09 18:16:14.671 10 INFO neutron.db.segments_db [None req-72b2b64a-117e-4adf-b1fa-f424698dfb4f 425f30fd9bfa4a59aba8521d612b35de 767207df6ea3494b827025c83e59fe5a - - default default] Added segment 2d6b92cf-69fc-4c7e-9a41-129ab9d5800c of type geneve for network 6f94635c-ff7e-4a2c-a0e3-427f968735dd
2026-06-09 18:16:14.800 10 INFO neutron.db.ovn_revision_numbers_db [None req-72b2b64a-117e-4adf-b1fa-f424698dfb4f 425f30fd9bfa4a59aba8521d612b35de 767207df6ea3494b827025c83e59fe5a - - default default] Successfully bumped revision number for resource 6f94635c-ff7e-4a2c-a0e3-427f968735dd (type: networks) to 1
2026-06-09 18:16:14.866 9 INFO neutron.db.ovn_revision_numbers_db [None req-30180ea9-c4bf-41ba-8560-8c9ffb2deeb0 425f30fd9bfa4a59aba8521d612b35de 767207df6ea3494b827025c83e59fe5a - - default default] Successfully bumped revision number for resource d2b35cdf-601c-4656-8373-1f9ba72343fa (type: security_groups) to 1
2026-06-09 18:16:14.890 9 INFO neutron.db.ovn_revision_numbers_db [None req-30180ea9-c4bf-41ba-8560-8c9ffb2deeb0 425f30fd9bfa4a59aba8521d612b35de 767207df6ea3494b827025c83e59fe5a - - default default] Successfully bumped revision number for resource 08a6f981-757c-491f-8d0c-48741d39fa51 (type: security_group_rules) to 0
2026-06-09 18:16:14.920 9 INFO neutron.db.ovn_revision_numbers_db [None req-30180ea9-c4bf-41ba-8560-8c9ffb2deeb0 425f30fd9bfa4a59aba8521d612b35de 767207df6ea3494b827025c83e59fe5a - - default default] Successfully bumped revision number for resource 9a67abfe-cec6-41d9-b19e-385f325bc502 (type: security_group_rules) to 0
2026-06-09 18:16:14.938 9 INFO neutron.plugins.ml2.drivers.ovn.mech_driver.mech_driver [None req-cb48ca33-fb75-4d63-b67f-a484b467142a - - - - - -] OVN reports status up for port: b78b5043-af45-4828-8226-110d5ecdea7e
2026-06-09 18:16:14.964 9 INFO neutron.plugins.ml2.plugin [None req-cb48ca33-fb75-4d63-b67f-a484b467142a - - - - - -] Attempt 1 to provision port b78b5043-af45-4828-8226-110d5ecdea7e
2026-06-09 18:16:14.965 9 INFO neutron.db.ovn_revision_numbers_db [None req-30180ea9-c4bf-41ba-8560-8c9ffb2deeb0 425f30fd9bfa4a59aba8521d612b35de 767207df6ea3494b827025c83e59fe5a - - default default] Successfully bumped revision number for resource 9dcb5c37-754a-44b7-b940-64959923e13d (type: security_group_rules) to 0
2026-06-09 18:16:15.000 9 INFO neutron.db.ovn_revision_numbers_db [None req-30180ea9-c4bf-41ba-8560-8c9ffb2deeb0 425f30fd9bfa4a59aba8521d612b35de 767207df6ea3494b827025c83e59fe5a - - default default] Successfully bumped revision number for resource f0ebb15b-a96b-4933-8ec4-52ccd7c2791e (type: security_group_rules) to 0
2026-06-09 18:16:15.070 9 INFO neutron.db.segments_db [None req-30180ea9-c4bf-41ba-8560-8c9ffb2deeb0 425f30fd9bfa4a59aba8521d612b35de 767207df6ea3494b827025c83e59fe5a - - default default] Added segment aa553093-6c82-4e44-9c48-44849cd94d4c of type geneve for network 0c76b8bc-9144-489d-aec6-3f6182fd641d
2026-06-09 18:16:15.086 10 WARNING neutron.scheduler.dhcp_agent_scheduler [None req-72b2b64a-117e-4adf-b1fa-f424698dfb4f 425f30fd9bfa4a59aba8521d612b35de 767207df6ea3494b827025c83e59fe5a - - default default] No more DHCP agents
2026-06-09 18:16:15.088 10 WARNING neutron.api.rpc.agentnotifiers.dhcp_rpc_agent_api [None req-72b2b64a-117e-4adf-b1fa-f424698dfb4f 425f30fd9bfa4a59aba8521d612b35de 767207df6ea3494b827025c83e59fe5a - - default default] Unable to schedule network 6f94635c-ff7e-4a2c-a0e3-427f968735dd: no agents available; will retry on subsequent port and subnet creation events.
2026-06-09 18:16:15.159 10 INFO neutron.db.ovn_revision_numbers_db [None req-72b2b64a-117e-4adf-b1fa-f424698dfb4f 425f30fd9bfa4a59aba8521d612b35de 767207df6ea3494b827025c83e59fe5a - - default default] Successfully bumped revision number for resource 0ee930b6-8f06-4dfe-88a5-12d223e0d9d7 (type: ports) to 1
2026-06-09 18:16:15.271 10 INFO neutron.wsgi [None req-72b2b64a-117e-4adf-b1fa-f424698dfb4f 425f30fd9bfa4a59aba8521d612b35de 767207df6ea3494b827025c83e59fe5a - - default default] 10.0.0.231 "POST /v2.0/networks HTTP/1.1" status: 201 len: 939 time: 0.8946130
2026-06-09 18:16:15.424 9 INFO neutron.notifiers.nova [-] Nova event matching ['req-068f705a-00b1-4854-afa4-027fe4689415'] response: {'server_uuid': '12d7ea2a-febe-4002-adeb-a150ae60c8a0', 'name': 'network-vif-plugged', 'status': 'completed', 'tag': 'b78b5043-af45-4828-8226-110d5ecdea7e', 'code': 200}
2026-06-09 18:16:15.425 9 INFO neutron.db.ovn_revision_numbers_db [None req-30180ea9-c4bf-41ba-8560-8c9ffb2deeb0 425f30fd9bfa4a59aba8521d612b35de 767207df6ea3494b827025c83e59fe5a - - default default] Successfully bumped revision number for resource 0c76b8bc-9144-489d-aec6-3f6182fd641d (type: networks) to 1
2026-06-09 18:16:15.438 10 WARNING neutron.scheduler.dhcp_agent_scheduler [None req-2bd4e717-8cfa-4339-a632-216d325c59f9 425f30fd9bfa4a59aba8521d612b35de 767207df6ea3494b827025c83e59fe5a - - default default] No more DHCP agents
2026-06-09 18:16:15.440 10 WARNING neutron.api.rpc.agentnotifiers.dhcp_rpc_agent_api [None req-2bd4e717-8cfa-4339-a632-216d325c59f9 425f30fd9bfa4a59aba8521d612b35de 767207df6ea3494b827025c83e59fe5a - - default default] Unable to schedule network 6f94635c-ff7e-4a2c-a0e3-427f968735dd: no agents available; will retry on subsequent port and subnet creation events.
2026-06-09 18:16:15.573 9 INFO neutron.db.ovn_revision_numbers_db [None req-cb48ca33-fb75-4d63-b67f-a484b467142a - - - - - -] Successfully bumped revision number for resource b78b5043-af45-4828-8226-110d5ecdea7e (type: ports) to 4
2026-06-09 18:16:15.625 9 WARNING neutron.scheduler.dhcp_agent_scheduler [None req-30180ea9-c4bf-41ba-8560-8c9ffb2deeb0 425f30fd9bfa4a59aba8521d612b35de 767207df6ea3494b827025c83e59fe5a - - default default] No more DHCP agents
2026-06-09 18:16:15.628 9 WARNING neutron.api.rpc.agentnotifiers.dhcp_rpc_agent_api [None req-30180ea9-c4bf-41ba-8560-8c9ffb2deeb0 425f30fd9bfa4a59aba8521d612b35de 767207df6ea3494b827025c83e59fe5a - - default default] Unable to schedule network 0c76b8bc-9144-489d-aec6-3f6182fd641d: no agents available; will retry on subsequent port and subnet creation events.
2026-06-09 18:16:15.650 10 WARNING neutron_lib.context [None req-bc1237c2-b36a-4610-be32-6628b301eb8c 431db7f0d7c348b68b67944af1d12ba5 655a0762a4cd42819102cec5e9964c6a - - default default] Method 'is_advsvc' is deprecated since 2023.2 release (neutron-lib 3.8.0) and will be removed once support for the old RBAC API policies will be removed from Neutron. Please use method 'is_service_role' instead.
2026-06-09 18:16:15.702 10 INFO neutron.wsgi [req-49889d2e-7bd9-43d0-982a-8c769f5680e8 req-f50a4b27-0d56-40de-a822-77c7434eecff 2531c0c6134d46e190997000ebd4c905 30f29520b4dc4a6c9dfba9113b9c8eb1 - - default default] 10.0.0.180 "GET /v2.0/ports?device_id=12d7ea2a-febe-4002-adeb-a150ae60c8a0 HTTP/1.1" status: 200 len: 1174 time: 0.0602930
2026-06-09 18:16:15.715 9 INFO neutron.db.ovn_revision_numbers_db [None req-30180ea9-c4bf-41ba-8560-8c9ffb2deeb0 425f30fd9bfa4a59aba8521d612b35de 767207df6ea3494b827025c83e59fe5a - - default default] Successfully bumped revision number for resource bcc63cdc-a902-4e0e-8026-b4b49921431c (type: ports) to 1
2026-06-09 18:16:15.736 9 INFO neutron.wsgi [None req-30180ea9-c4bf-41ba-8560-8c9ffb2deeb0 425f30fd9bfa4a59aba8521d612b35de 767207df6ea3494b827025c83e59fe5a - - default default] 10.0.0.231 "POST /v2.0/networks HTTP/1.1" status: 201 len: 948 time: 1.1304944 /var/lib/openstack/lib/python3.10/site-packages/pycadf/identifier.py:71: UserWarning: Invalid uuid: neutron. To ensure interoperability, identifiers should be a valid uuid. warnings.warn(('Invalid uuid: %s. To ensure interoperability, '
2026-06-09 18:16:15.773 10 INFO neutron.wsgi [req-49889d2e-7bd9-43d0-982a-8c769f5680e8 req-28323ca2-c011-4ab6-9bf4-c408c3eb15d1 2531c0c6134d46e190997000ebd4c905 30f29520b4dc4a6c9dfba9113b9c8eb1 - - default default] 10.0.0.180 "GET /v2.0/security-groups?id=d1264efc-b941-41df-a5e1-47ea1b83e84d&fields=id&fields=name HTTP/1.1" status: 200 len: 313 time: 0.0622294
2026-06-09 18:16:15.911 10 INFO neutron.db.ovn_revision_numbers_db [None req-bc1237c2-b36a-4610-be32-6628b301eb8c 431db7f0d7c348b68b67944af1d12ba5 655a0762a4cd42819102cec5e9964c6a - - default default] Successfully bumped revision number for resource f24c2af5-2dcd-4aae-a026-833a582147cf (type: security_groups) to 1
2026-06-09 18:16:15.930 9 WARNING neutron.scheduler.dhcp_agent_scheduler [None req-4e5c69b1-42f8-420a-aa90-95be77488ced 425f30fd9bfa4a59aba8521d612b35de 767207df6ea3494b827025c83e59fe5a - - default default] No more DHCP agents
2026-06-09 18:16:15.931 10 INFO neutron.db.ovn_revision_numbers_db [None req-bc1237c2-b36a-4610-be32-6628b301eb8c 431db7f0d7c348b68b67944af1d12ba5 655a0762a4cd42819102cec5e9964c6a - - default default] Successfully bumped revision number for resource 20a249db-31b6-4892-92f0-0428c3198d52 (type: security_group_rules) to 0
2026-06-09 18:16:15.932 9 WARNING neutron.api.rpc.agentnotifiers.dhcp_rpc_agent_api [None req-4e5c69b1-42f8-420a-aa90-95be77488ced 425f30fd9bfa4a59aba8521d612b35de 767207df6ea3494b827025c83e59fe5a - - default default] Unable to schedule network 0c76b8bc-9144-489d-aec6-3f6182fd641d: no agents available; will retry on subsequent port and subnet creation events.
2026-06-09 18:16:15.949 10 INFO neutron.db.ovn_revision_numbers_db [None req-bc1237c2-b36a-4610-be32-6628b301eb8c 431db7f0d7c348b68b67944af1d12ba5 655a0762a4cd42819102cec5e9964c6a - - default default] Successfully bumped revision number for resource 4779add8-de53-4cd9-a608-d0c9c5bb081e (type: security_group_rules) to 0
2026-06-09 18:16:15.976 10 INFO neutron.db.ovn_revision_numbers_db [None req-bc1237c2-b36a-4610-be32-6628b301eb8c 431db7f0d7c348b68b67944af1d12ba5 655a0762a4cd42819102cec5e9964c6a - - default default] Successfully bumped revision number for resource ea3c0212-ceec-49e4-ad02-a7c649b977a3 (type: security_group_rules) to 0
2026-06-09 18:16:15.993 10 INFO neutron.db.ovn_revision_numbers_db [None req-bc1237c2-b36a-4610-be32-6628b301eb8c 431db7f0d7c348b68b67944af1d12ba5 655a0762a4cd42819102cec5e9964c6a - - default default] Successfully bumped revision number for resource f1035cea-e0e6-4ea7-8ab1-a5db08fe4f0b (type: security_group_rules) to 0
2026-06-09 18:16:16.046 10 INFO neutron.db.segments_db [None req-bc1237c2-b36a-4610-be32-6628b301eb8c 431db7f0d7c348b68b67944af1d12ba5 655a0762a4cd42819102cec5e9964c6a - - default default] Added segment 42702eeb-3658-4d00-94f7-59fd4a0e9b67 of type geneve for network 35b91cb5-76d5-49bd-8d45-152b7a3ee5b4
2026-06-09 18:16:16.234 10 INFO neutron.db.ovn_revision_numbers_db [None req-bc1237c2-b36a-4610-be32-6628b301eb8c 431db7f0d7c348b68b67944af1d12ba5 655a0762a4cd42819102cec5e9964c6a - - default default] Successfully bumped revision number for resource 35b91cb5-76d5-49bd-8d45-152b7a3ee5b4 (type: networks) to 1
2026-06-09 18:16:16.260 10 INFO neutron.db.ovn_revision_numbers_db [None req-2bd4e717-8cfa-4339-a632-216d325c59f9 425f30fd9bfa4a59aba8521d612b35de 767207df6ea3494b827025c83e59fe5a - - default default] Successfully bumped revision number for resource 0ee930b6-8f06-4dfe-88a5-12d223e0d9d7 (type: ports) to 2
2026-06-09 18:16:16.302 10 INFO neutron.db.ovn_revision_numbers_db [None req-2bd4e717-8cfa-4339-a632-216d325c59f9 425f30fd9bfa4a59aba8521d612b35de 767207df6ea3494b827025c83e59fe5a - - default default] Successfully bumped revision number for resource 5be9a956-29dc-4d3f-b764-25f7a08a91db (type: subnets) to 0
2026-06-09 18:16:16.338 10 INFO neutron.wsgi [None req-2bd4e717-8cfa-4339-a632-216d325c59f9 425f30fd9bfa4a59aba8521d612b35de 767207df6ea3494b827025c83e59fe5a - - default default] 10.0.0.231 "POST /v2.0/subnets HTTP/1.1" status: 201 len: 859 time: 1.0624785
2026-06-09 18:16:16.452 10 WARNING neutron.scheduler.dhcp_agent_scheduler [None req-bc1237c2-b36a-4610-be32-6628b301eb8c 431db7f0d7c348b68b67944af1d12ba5 655a0762a4cd42819102cec5e9964c6a - - default default] No more DHCP agents
2026-06-09 18:16:16.455 10 WARNING neutron.api.rpc.agentnotifiers.dhcp_rpc_agent_api [None req-bc1237c2-b36a-4610-be32-6628b301eb8c 431db7f0d7c348b68b67944af1d12ba5 655a0762a4cd42819102cec5e9964c6a - - default default] Unable to schedule network 35b91cb5-76d5-49bd-8d45-152b7a3ee5b4: no agents available; will retry on subsequent port and subnet creation events.
2026-06-09 18:16:16.522 9 INFO neutron.db.ovn_revision_numbers_db [None req-4e5c69b1-42f8-420a-aa90-95be77488ced 425f30fd9bfa4a59aba8521d612b35de 767207df6ea3494b827025c83e59fe5a - - default default] Successfully bumped revision number for resource bcc63cdc-a902-4e0e-8026-b4b49921431c (type: ports) to 2
2026-06-09 18:16:16.528 10 INFO neutron.db.ovn_revision_numbers_db [None req-bc1237c2-b36a-4610-be32-6628b301eb8c 431db7f0d7c348b68b67944af1d12ba5 655a0762a4cd42819102cec5e9964c6a - - default default] Successfully bumped revision number for resource 096dc490-a9b5-45b1-943c-1c16deede83d (type: ports) to 1
2026-06-09 18:16:16.545 10 INFO neutron.wsgi [None req-bc1237c2-b36a-4610-be32-6628b301eb8c 431db7f0d7c348b68b67944af1d12ba5 655a0762a4cd42819102cec5e9964c6a - - default default] 10.0.0.231 "POST /v2.0/networks HTTP/1.1" status: 201 len: 847 time: 1.0556285
2026-06-09 18:16:16.603 9 INFO neutron.db.ovn_revision_numbers_db [None req-4e5c69b1-42f8-420a-aa90-95be77488ced 425f30fd9bfa4a59aba8521d612b35de 767207df6ea3494b827025c83e59fe5a - - default default] Successfully bumped revision number for resource fd55f707-5f60-41e3-919a-9b60d2db197b (type: subnets) to 0
2026-06-09 18:16:16.625 9 INFO neutron.wsgi [None req-4e5c69b1-42f8-420a-aa90-95be77488ced 425f30fd9bfa4a59aba8521d612b35de 767207df6ea3494b827025c83e59fe5a - - default default] 10.0.0.231 "POST /v2.0/subnets HTTP/1.1" status: 201 len: 870 time: 0.8827238
