2026-06-09 18:21:15.999 9 INFO neutron.wsgi [None req-35212e01-7f40-4cdf-8c3f-7bf4b34aa23d 425f30fd9bfa4a59aba8521d612b35de 767207df6ea3494b827025c83e59fe5a - - default default] 199.204.45.235 "GET /v2.0/networks/0a709123-3df6-48eb-b1be-4c360890510d HTTP/1.1" status: 200 len: 999 time: 0.0710523
2026-06-09 18:21:16.027 9 INFO neutron.notifiers.nova [-] Nova event matching ['req-d07c078f-e775-4b4b-85e0-b35fc78d86d8'] response: {'name': 'network-changed', 'server_uuid': 'c4ec1c46-cd5a-426d-8fb3-ad7989bcfddc', 'tag': '4a62067a-941e-4800-85a6-91bd29a7a1d4', 'status': 'completed', 'code': 200}
2026-06-09 18:21:16.050 9 INFO neutron.wsgi [None req-a135dc18-b952-4f01-b40c-2d6c1e53a809 425f30fd9bfa4a59aba8521d612b35de 767207df6ea3494b827025c83e59fe5a - - default default] 199.204.45.235 "GET /v2.0/subnets/31bc6feb-4404-47c1-b730-58ffe119d0e1 HTTP/1.1" status: 200 len: 848 time: 0.0367982 /var/lib/openstack/lib/python3.10/site-packages/pycadf/identifier.py:71: UserWarning: Invalid uuid: neutron. To ensure interoperability, identifiers should be a valid uuid. warnings.warn(('Invalid uuid: %s. To ensure interoperability, '
2026-06-09 18:21:16.100 10 INFO neutron.wsgi [req-54ce0db5-ba8c-408a-a65e-ffe5842e20fa req-9eb45a1f-d874-4965-b661-b9a5c6240f89 b6010b07c75146c09d8fc3ee3b0b64ec 1ccd198a5b87496f98e9c72a2a22738a - - 0746ddb4a3ab48e7a1797add0e522397 0746ddb4a3ab48e7a1797add0e522397] 199.204.45.235 "GET /v2.0/ports?tenant_id=767207df6ea3494b827025c83e59fe5a&device_id=c4ec1c46-cd5a-426d-8fb3-ad7989bcfddc HTTP/1.1" status: 200 len: 3922 time: 0.0495825
2026-06-09 18:21:16.165 9 INFO neutron.wsgi [None req-f8f987e0-b56b-4f8b-bc5a-be390526fd4c 425f30fd9bfa4a59aba8521d612b35de 767207df6ea3494b827025c83e59fe5a - - default default] 199.204.45.235 "GET /v2.0/extensions/security-group HTTP/1.1" status: 200 len: 369 time: 0.0072663
2026-06-09 18:21:16.168 10 INFO neutron.wsgi [req-54ce0db5-ba8c-408a-a65e-ffe5842e20fa req-d11cf637-e79f-4072-9b8a-cc203ce10dc5 b6010b07c75146c09d8fc3ee3b0b64ec 1ccd198a5b87496f98e9c72a2a22738a - - 0746ddb4a3ab48e7a1797add0e522397 0746ddb4a3ab48e7a1797add0e522397] 199.204.45.235 "GET /v2.0/networks?id=0a709123-3df6-48eb-b1be-4c360890510d HTTP/1.1" status: 200 len: 1002 time: 0.0605743
2026-06-09 18:21:16.178 9 INFO neutron.wsgi [None req-79a7f2a9-7b4c-47bf-a4d5-53c538293cb4 425f30fd9bfa4a59aba8521d612b35de 767207df6ea3494b827025c83e59fe5a - - default default] 199.204.45.235 "GET /v2.0/extensions/dns-integration HTTP/1.1" status: 200 len: 371 time: 0.0056179
2026-06-09 18:21:16.192 9 INFO neutron.wsgi [None req-305c58a4-6d9a-49d0-bffd-7fd684b7d6b1 425f30fd9bfa4a59aba8521d612b35de 767207df6ea3494b827025c83e59fe5a - - default default] 199.204.45.235 "GET /v2.0/extensions/qos HTTP/1.1" status: 200 len: 365 time: 0.0048184
2026-06-09 18:21:16.198 10 INFO neutron.wsgi [req-54ce0db5-ba8c-408a-a65e-ffe5842e20fa req-0aebd82a-ff5f-48af-af8c-9a4e4ee157c6 b6010b07c75146c09d8fc3ee3b0b64ec 1ccd198a5b87496f98e9c72a2a22738a - - 0746ddb4a3ab48e7a1797add0e522397 0746ddb4a3ab48e7a1797add0e522397] 199.204.45.235 "GET /v2.0/floatingips?fixed_ip_address=10.2.1.207&port_id=4a62067a-941e-4800-85a6-91bd29a7a1d4 HTTP/1.1" status: 200 len: 217 time: 0.0244975
2026-06-09 18:21:16.202 9 INFO neutron.wsgi [None req-ab15e543-1f30-4137-98c3-8ed0b47d8efc 425f30fd9bfa4a59aba8521d612b35de 767207df6ea3494b827025c83e59fe5a - - default default] 199.204.45.235 "GET /v2.0/extensions/allowed-address-pairs HTTP/1.1" status: 200 len: 383 time: 0.0051515
2026-06-09 18:21:16.236 10 INFO neutron.wsgi [req-54ce0db5-ba8c-408a-a65e-ffe5842e20fa req-99b44045-91cb-416a-bc18-d0ef19025bee b6010b07c75146c09d8fc3ee3b0b64ec 1ccd198a5b87496f98e9c72a2a22738a - - 0746ddb4a3ab48e7a1797add0e522397 0746ddb4a3ab48e7a1797add0e522397] 199.204.45.235 "GET /v2.0/subnets?id=31bc6feb-4404-47c1-b730-58ffe119d0e1 HTTP/1.1" status: 200 len: 851 time: 0.0319569
2026-06-09 18:21:16.241 9 INFO neutron.plugins.ml2.drivers.ovn.mech_driver.ovsdb.commands [None req-6e1c2c3c-124f-4137-ab53-34c35392fabe - - - - - -] Schedule LRP lrp-1569d54a-de58-497f-9607-97f18d8a946c on gateway c06553ac-779e-4502-a824-290ead058b16 with priority 1
2026-06-09 18:21:16.252 9 INFO neutron.wsgi [None req-6a7d7ab5-aff3-475b-bbf2-075e2740c703 425f30fd9bfa4a59aba8521d612b35de 767207df6ea3494b827025c83e59fe5a - - default default] 199.204.45.235 "GET /v2.0/subnets/48e146e5-a081-44b2-bbae-4ff39f604d7c HTTP/1.1" status: 200 len: 850 time: 0.0441313
2026-06-09 18:21:16.265 10 INFO neutron.plugins.ml2.drivers.ovn.mech_driver.mech_driver [None req-6530a85a-f2e7-4203-8f07-50e8939a02bd - - - - - -] OVN reports status up for port: 1569d54a-de58-497f-9607-97f18d8a946c
2026-06-09 18:21:16.271 10 INFO neutron.wsgi [req-54ce0db5-ba8c-408a-a65e-ffe5842e20fa req-7bc6e11a-fc93-45b4-b904-9a3b6cea4baf b6010b07c75146c09d8fc3ee3b0b64ec 1ccd198a5b87496f98e9c72a2a22738a - - 0746ddb4a3ab48e7a1797add0e522397 0746ddb4a3ab48e7a1797add0e522397] 199.204.45.235 "GET /v2.0/ports?network_id=0a709123-3df6-48eb-b1be-4c360890510d&device_owner=network%3Adhcp HTTP/1.1" status: 200 len: 210 time: 0.0298319
2026-06-09 18:21:16.278 10 INFO neutron.plugins.ml2.plugin [None req-6530a85a-f2e7-4203-8f07-50e8939a02bd - - - - - -] Attempt 1 to provision port 1569d54a-de58-497f-9607-97f18d8a946c
2026-06-09 18:21:16.299 9 INFO neutron.wsgi [None req-a9c426dc-54c1-421c-a9aa-45cd8d0814e0 425f30fd9bfa4a59aba8521d612b35de 767207df6ea3494b827025c83e59fe5a - - default default] 199.204.45.235 "GET /v2.0/ports/e56f993a-7752-426c-adc3-02301036bdfb HTTP/1.1" status: 200 len: 1340 time: 0.0339530
2026-06-09 18:21:16.303 9 INFO neutron.db.ovn_revision_numbers_db [None req-4d74262e-4515-4f88-b71e-cfe5339f40ec 2cc34553888148e29d65838e7f2f3674 0e23ed1cd77c4554af5170d1ad147db4 - - default default] Successfully bumped revision number for resource 1569d54a-de58-497f-9607-97f18d8a946c (type: router_ports) to 1
2026-06-09 18:21:16.352 10 INFO neutron.wsgi [req-54ce0db5-ba8c-408a-a65e-ffe5842e20fa req-6c9a6973-a7a8-426e-8d29-3fd973a10264 b6010b07c75146c09d8fc3ee3b0b64ec 1ccd198a5b87496f98e9c72a2a22738a - - 0746ddb4a3ab48e7a1797add0e522397 0746ddb4a3ab48e7a1797add0e522397] 199.204.45.235 "GET /v2.0/networks/0a709123-3df6-48eb-b1be-4c360890510d?fields=segments HTTP/1.1" status: 200 len: 212 time: 0.0745564
2026-06-09 18:21:16.390 9 INFO neutron.wsgi [None req-6b639719-a46d-40d5-ab8c-b1fa1025d237 425f30fd9bfa4a59aba8521d612b35de 767207df6ea3494b827025c83e59fe5a - - default default] 199.204.45.235 "GET /v2.0/ports/b36a653a-57d8-43a8-bf7b-2ae3d53829b8 HTTP/1.1" status: 200 len: 1515 time: 0.0674579
2026-06-09 18:21:16.425 10 INFO neutron.wsgi [req-54ce0db5-ba8c-408a-a65e-ffe5842e20fa req-b6500150-3a8d-4428-9b1a-96b782841b60 b6010b07c75146c09d8fc3ee3b0b64ec 1ccd198a5b87496f98e9c72a2a22738a - - 0746ddb4a3ab48e7a1797add0e522397 0746ddb4a3ab48e7a1797add0e522397] 199.204.45.235 "GET /v2.0/networks/0a709123-3df6-48eb-b1be-4c360890510d?fields=provider%3Aphysical_network&fields=provider%3Anetwork_type HTTP/1.1" status: 200 len: 277 time: 0.0614114
2026-06-09 18:21:16.434 9 INFO neutron.db.ovn_revision_numbers_db [None req-4d74262e-4515-4f88-b71e-cfe5339f40ec 2cc34553888148e29d65838e7f2f3674 0e23ed1cd77c4554af5170d1ad147db4 - - default default] Successfully bumped revision number for resource 6fc3137b-6374-40bb-b1ad-19c51726de96 (type: routers) to 2
2026-06-09 18:21:16.453 9 INFO neutron.wsgi [None req-79f4e8ea-8546-4035-b12a-449b2c827582 425f30fd9bfa4a59aba8521d612b35de 767207df6ea3494b827025c83e59fe5a - - default default] 199.204.45.235 "GET /v2.0/subnets/48e146e5-a081-44b2-bbae-4ff39f604d7c HTTP/1.1" status: 200 len: 850 time: 0.0495205
2026-06-09 18:21:16.457 9 INFO neutron.wsgi [None req-4d74262e-4515-4f88-b71e-cfe5339f40ec 2cc34553888148e29d65838e7f2f3674 0e23ed1cd77c4554af5170d1ad147db4 - - default default] 10.0.0.231 "POST /v2.0/routers HTTP/1.1" status: 201 len: 1134 time: 2.0882499
2026-06-09 18:21:16.560 9 INFO neutron.wsgi [None req-859bfbfa-453f-4ae9-9358-fed393428f1a 425f30fd9bfa4a59aba8521d612b35de 767207df6ea3494b827025c83e59fe5a - - default default] 199.204.45.235 "GET /v2.0/networks/284d1984-45e0-400b-9bd7-a701ca7f711c HTTP/1.1" status: 200 len: 1001 time: 0.0981684
2026-06-09 18:21:16.616 9 INFO neutron.wsgi [None req-65157cae-ba49-4de7-bef3-9558fda16b54 425f30fd9bfa4a59aba8521d612b35de 767207df6ea3494b827025c83e59fe5a - - default default] 199.204.45.235 "GET /v2.0/ports/e56f993a-7752-426c-adc3-02301036bdfb HTTP/1.1" status: 200 len: 1340 time: 0.0453632
2026-06-09 18:21:16.665 9 INFO neutron.wsgi [None req-c8175073-d2d3-4a25-b283-932ebb01d78c 425f30fd9bfa4a59aba8521d612b35de 767207df6ea3494b827025c83e59fe5a - - default default] 199.204.45.235 "GET /v2.0/subnets/48e146e5-a081-44b2-bbae-4ff39f604d7c HTTP/1.1" status: 200 len: 850 time: 0.0315335
2026-06-09 18:21:17.249 9 WARNING neutron.scheduler.dhcp_agent_scheduler [None req-e1d82198-92e2-407e-9757-8418f57355e2 2cc34553888148e29d65838e7f2f3674 0e23ed1cd77c4554af5170d1ad147db4 - - default default] No more DHCP agents
2026-06-09 18:21:17.250 9 WARNING neutron.api.rpc.agentnotifiers.dhcp_rpc_agent_api [None req-e1d82198-92e2-407e-9757-8418f57355e2 2cc34553888148e29d65838e7f2f3674 0e23ed1cd77c4554af5170d1ad147db4 - - default default] Unable to schedule network ee02b4e5-e6a9-4252-a664-d8bbfe30c957: no agents available; will retry on subsequent port and subnet creation events.
2026-06-09 18:21:17.441 9 INFO neutron.db.ovn_revision_numbers_db [None req-e1d82198-92e2-407e-9757-8418f57355e2 2cc34553888148e29d65838e7f2f3674 0e23ed1cd77c4554af5170d1ad147db4 - - default default] Successfully bumped revision number for resource acb65a6f-268b-404d-ad44-984a70dec31e (type: ports) to 1
2026-06-09 18:21:18.342 9 ERROR ovsdbapp.backend.ovs_idl.command [None req-e1d82198-92e2-407e-9757-8418f57355e2 2cc34553888148e29d65838e7f2f3674 0e23ed1cd77c4554af5170d1ad147db4 - - default default] Error executing command (DbGetCommand): ovsdbapp.backend.ovs_idl.idlutils.RowNotFound: Cannot find Logical_Router_Port with name=lrp-acb65a6f-268b-404d-ad44-984a70dec31e
2026-06-09 18:21:18.342 9 ERROR ovsdbapp.backend.ovs_idl.command
Traceback (most recent call last):
2026-06-09 18:21:18.342 9 ERROR ovsdbapp.backend.ovs_idl.command
File "/var/lib/openstack/lib/python3.10/site-packages/ovsdbapp/backend/ovs_idl/command.py", line 47, in execute
2026-06-09 18:21:18.342 9 ERROR ovsdbapp.backend.ovs_idl.command self.run_idl(None)
2026-06-09 18:21:18.342 9 ERROR ovsdbapp.backend.ovs_idl.command
File "/var/lib/openstack/lib/python3.10/site-packages/ovsdbapp/backend/ovs_idl/command.py", line 235, in run_idl
2026-06-09 18:21:18.342 9 ERROR ovsdbapp.backend.ovs_idl.command record = self.api.lookup(self.table, self.record)
2026-06-09 18:21:18.342 9 ERROR ovsdbapp.backend.ovs_idl.command
File "/var/lib/openstack/lib/python3.10/site-packages/ovsdbapp/backend/ovs_idl/__init__.py", line 184, in lookup
2026-06-09 18:21:18.342 9 ERROR ovsdbapp.backend.ovs_idl.command return self._lookup(table, record)
2026-06-09 18:21:18.342 9 ERROR ovsdbapp.backend.ovs_idl.command
File "/var/lib/openstack/lib/python3.10/site-packages/ovsdbapp/backend/ovs_idl/__init__.py", line 235, in _lookup
2026-06-09 18:21:18.342 9 ERROR ovsdbapp.backend.ovs_idl.command row = idlutils.row_by_value(self, rl.table, rl.column, record)
2026-06-09 18:21:18.342 9 ERROR ovsdbapp.backend.ovs_idl.command
File "/var/lib/openstack/lib/python3.10/site-packages/ovsdbapp/backend/ovs_idl/idlutils.py", line 114, in row_by_value
2026-06-09 18:21:18.342 9 ERROR ovsdbapp.backend.ovs_idl.command raise RowNotFound(table=table, col=column, match=match)
2026-06-09 18:21:18.342 9 ERROR ovsdbapp.backend.ovs_idl.command ovsdbapp.backend.ovs_idl.idlutils.RowNotFound: Cannot find Logical_Router_Port with name=lrp-acb65a6f-268b-404d-ad44-984a70dec31e
2026-06-09 18:21:18.342 9 ERROR ovsdbapp.backend.ovs_idl.command 
2026-06-09 18:21:18.343 9 ERROR neutron_lib.callbacks.manager [None req-e1d82198-92e2-407e-9757-8418f57355e2 2cc34553888148e29d65838e7f2f3674 0e23ed1cd77c4554af5170d1ad147db4 - - default default] Error during notification for neutron.services.ovn_l3.plugin.OVNL3RouterPlugin._port_update-8739959395046 port, after_update: ovsdbapp.backend.ovs_idl.idlutils.RowNotFound: Cannot find Logical_Router_Port with name=lrp-acb65a6f-268b-404d-ad44-984a70dec31e
2026-06-09 18:21:18.343 9 ERROR neutron_lib.callbacks.manager
Traceback (most recent call last):
2026-06-09 18:21:18.343 9 ERROR neutron_lib.callbacks.manager
File "/var/lib/openstack/lib/python3.10/site-packages/neutron_lib/callbacks/manager.py", line 189, in _notify_loop
2026-06-09 18:21:18.343 9 ERROR neutron_lib.callbacks.manager callback.method(resource, event, trigger, payload=payload)
2026-06-09 18:21:18.343 9 ERROR neutron_lib.callbacks.manager
File "/var/lib/openstack/lib/python3.10/site-packages/neutron/services/ovn_l3/plugin.py", line 391, in _port_update
2026-06-09 18:21:18.343 9 ERROR neutron_lib.callbacks.manager l3plugin._ovn_client.update_router_port(context,
2026-06-09 18:21:18.343 9 ERROR neutron_lib.callbacks.manager
File "/var/lib/openstack/lib/python3.10/site-packages/neutron/plugins/ml2/drivers/ovn/mech_driver/ovsdb/ovn_client.py", line 1878, in update_router_port
2026-06-09 18:21:18.343 9 ERROR neutron_lib.callbacks.manager self._update_lrouter_port(context, port, if_exists=if_exists,
2026-06-09 18:21:18.343 9 ERROR neutron_lib.callbacks.manager
File "/var/lib/openstack/lib/python3.10/site-packages/neutron/plugins/ml2/drivers/ovn/mech_driver/ovsdb/ovn_client.py", line 1855, in _update_lrouter_port
2026-06-09 18:21:18.343 9 ERROR neutron_lib.callbacks.manager external_ids = self._nb_idl.db_get(
2026-06-09 18:21:18.343 9 ERROR neutron_lib.callbacks.manager
File "/var/lib/openstack/lib/python3.10/site-packages/ovsdbapp/backend/ovs_idl/command.py", line 47, in execute
2026-06-09 18:21:18.343 9 ERROR neutron_lib.callbacks.manager self.run_idl(None)
2026-06-09 18:21:18.343 9 ERROR neutron_lib.callbacks.manager
File "/var/lib/openstack/lib/python3.10/site-packages/ovsdbapp/backend/ovs_idl/command.py", line 235, in run_idl
2026-06-09 18:21:18.343 9 ERROR neutron_lib.callbacks.manager record = self.api.lookup(self.table, self.record)
2026-06-09 18:21:18.343 9 ERROR neutron_lib.callbacks.manager
File "/var/lib/openstack/lib/python3.10/site-packages/ovsdbapp/backend/ovs_idl/__init__.py", line 184, in lookup
2026-06-09 18:21:18.343 9 ERROR neutron_lib.callbacks.manager return self._lookup(table, record)
2026-06-09 18:21:18.343 9 ERROR neutron_lib.callbacks.manager
File "/var/lib/openstack/lib/python3.10/site-packages/ovsdbapp/backend/ovs_idl/__init__.py", line 235, in _lookup
2026-06-09 18:21:18.343 9 ERROR neutron_lib.callbacks.manager row = idlutils.row_by_value(self, rl.table, rl.column, record)
2026-06-09 18:21:18.343 9 ERROR neutron_lib.callbacks.manager
File "/var/lib/openstack/lib/python3.10/site-packages/ovsdbapp/backend/ovs_idl/idlutils.py", line 114, in row_by_value
2026-06-09 18:21:18.343 9 ERROR neutron_lib.callbacks.manager raise RowNotFound(table=table, col=column, match=match)
2026-06-09 18:21:18.343 9 ERROR neutron_lib.callbacks.manager ovsdbapp.backend.ovs_idl.idlutils.RowNotFound: Cannot find Logical_Router_Port with name=lrp-acb65a6f-268b-404d-ad44-984a70dec31e
2026-06-09 18:21:18.343 9 ERROR neutron_lib.callbacks.manager 
2026-06-09 18:21:18.599 9 INFO neutron.db.ovn_revision_numbers_db [None req-e1d82198-92e2-407e-9757-8418f57355e2 2cc34553888148e29d65838e7f2f3674 0e23ed1cd77c4554af5170d1ad147db4 - - default default] Successfully bumped revision number for resource acb65a6f-268b-404d-ad44-984a70dec31e (type: ports) to 1
2026-06-09 18:21:18.666 9 WARNING neutron.scheduler.dhcp_agent_scheduler [None req-e1d82198-92e2-407e-9757-8418f57355e2 2cc34553888148e29d65838e7f2f3674 0e23ed1cd77c4554af5170d1ad147db4 - - default default] No more DHCP agents
2026-06-09 18:21:18.667 9 WARNING neutron.api.rpc.agentnotifiers.dhcp_rpc_agent_api [None req-e1d82198-92e2-407e-9757-8418f57355e2 2cc34553888148e29d65838e7f2f3674 0e23ed1cd77c4554af5170d1ad147db4 - - default default] Unable to schedule network ee02b4e5-e6a9-4252-a664-d8bbfe30c957: no agents available; will retry on subsequent port and subnet creation events.
2026-06-09 18:21:19.062 9 INFO neutron.db.ovn_revision_numbers_db [None req-e1d82198-92e2-407e-9757-8418f57355e2 2cc34553888148e29d65838e7f2f3674 0e23ed1cd77c4554af5170d1ad147db4 - - default default] Successfully bumped revision number for resource acb65a6f-268b-404d-ad44-984a70dec31e (type: router_ports) to 1
2026-06-09 18:21:19.069 9 INFO neutron.wsgi [None req-e1d82198-92e2-407e-9757-8418f57355e2 2cc34553888148e29d65838e7f2f3674 0e23ed1cd77c4554af5170d1ad147db4 - - default default] 10.0.0.231 "PUT /v2.0/routers/6fc3137b-6374-40bb-b1ad-19c51726de96/add_router_interface HTTP/1.1" status: 200 len: 503 time: 2.6069880
2026-06-09 18:21:19.078 10 WARNING neutron_lib.context [None req-583edd32-9795-4975-a6dd-ab66bdb985d6 2cc34553888148e29d65838e7f2f3674 0e23ed1cd77c4554af5170d1ad147db4 - - default default] Method 'is_advsvc' is deprecated since 2023.2 release (neutron-lib 3.8.0) and will be removed once support for the old RBAC API policies will be removed from Neutron. Please use method 'is_service_role' instead.
2026-06-09 18:21:19.765 10 WARNING neutron.scheduler.dhcp_agent_scheduler [None req-583edd32-9795-4975-a6dd-ab66bdb985d6 2cc34553888148e29d65838e7f2f3674 0e23ed1cd77c4554af5170d1ad147db4 - - default default] No more DHCP agents
2026-06-09 18:21:19.766 10 WARNING neutron.api.rpc.agentnotifiers.dhcp_rpc_agent_api [None req-583edd32-9795-4975-a6dd-ab66bdb985d6 2cc34553888148e29d65838e7f2f3674 0e23ed1cd77c4554af5170d1ad147db4 - - default default] Unable to schedule network 82e904f0-9fa3-4b6e-8e75-e094a397722a: no agents available; will retry on subsequent port and subnet creation events.
2026-06-09 18:21:19.957 10 INFO neutron.db.ovn_revision_numbers_db [None req-583edd32-9795-4975-a6dd-ab66bdb985d6 2cc34553888148e29d65838e7f2f3674 0e23ed1cd77c4554af5170d1ad147db4 - - default default] Successfully bumped revision number for resource 6088ff68-ad8f-4a61-8d78-d6dec73df493 (type: ports) to 1
2026-06-09 18:21:20.188 10 INFO neutron.db.ovn_revision_numbers_db [None req-583edd32-9795-4975-a6dd-ab66bdb985d6 2cc34553888148e29d65838e7f2f3674 0e23ed1cd77c4554af5170d1ad147db4 - - default default] Successfully bumped revision number for resource 6088ff68-ad8f-4a61-8d78-d6dec73df493 (type: ports) to 1
2026-06-09 18:21:20.240 10 INFO neutron.db.segments_db [None req-583edd32-9795-4975-a6dd-ab66bdb985d6 2cc34553888148e29d65838e7f2f3674 0e23ed1cd77c4554af5170d1ad147db4 - - default default] Added segment c66f8ea1-8b77-42b9-a2cc-74d4627afa51 of type geneve for network 4191af42-af25-4bd9-8dd1-2b99cb6a845f
2026-06-09 18:21:20.637 10 INFO neutron.db.ovn_revision_numbers_db [None req-583edd32-9795-4975-a6dd-ab66bdb985d6 2cc34553888148e29d65838e7f2f3674 0e23ed1cd77c4554af5170d1ad147db4 - - default default] Successfully bumped revision number for resource 4191af42-af25-4bd9-8dd1-2b99cb6a845f (type: networks) to 1
2026-06-09 18:21:20.830 10 WARNING neutron.scheduler.dhcp_agent_scheduler [None req-583edd32-9795-4975-a6dd-ab66bdb985d6 2cc34553888148e29d65838e7f2f3674 0e23ed1cd77c4554af5170d1ad147db4 - - default default] No more DHCP agents
2026-06-09 18:21:20.833 10 WARNING neutron.api.rpc.agentnotifiers.dhcp_rpc_agent_api [None req-583edd32-9795-4975-a6dd-ab66bdb985d6 2cc34553888148e29d65838e7f2f3674 0e23ed1cd77c4554af5170d1ad147db4 - - default default] Unable to schedule network 4191af42-af25-4bd9-8dd1-2b99cb6a845f: no agents available; will retry on subsequent port and subnet creation events.
2026-06-09 18:21:20.956 10 INFO neutron.db.ovn_revision_numbers_db [None req-583edd32-9795-4975-a6dd-ab66bdb985d6 2cc34553888148e29d65838e7f2f3674 0e23ed1cd77c4554af5170d1ad147db4 - - default default] Successfully bumped revision number for resource 2dacce00-51f5-435d-b267-7c55073d8848 (type: ports) to 1
2026-06-09 18:21:21.129 10 WARNING neutron.scheduler.dhcp_agent_scheduler [None req-583edd32-9795-4975-a6dd-ab66bdb985d6 2cc34553888148e29d65838e7f2f3674 0e23ed1cd77c4554af5170d1ad147db4 - - default default] No more DHCP agents
2026-06-09 18:21:21.132 10 WARNING neutron.api.rpc.agentnotifiers.dhcp_rpc_agent_api [None req-583edd32-9795-4975-a6dd-ab66bdb985d6 2cc34553888148e29d65838e7f2f3674 0e23ed1cd77c4554af5170d1ad147db4 - - default default] Unable to schedule network 4191af42-af25-4bd9-8dd1-2b99cb6a845f: no agents available; will retry on subsequent port and subnet creation events.
2026-06-09 18:21:21.167 10 INFO neutron.db.ovn_revision_numbers_db [None req-583edd32-9795-4975-a6dd-ab66bdb985d6 2cc34553888148e29d65838e7f2f3674 0e23ed1cd77c4554af5170d1ad147db4 - - default default] Successfully bumped revision number for resource cecb843c-1498-46d5-944d-fbe71852242c (type: subnets) to 0
2026-06-09 18:21:21.535 9 INFO neutron.wsgi [None req-62906ca0-3241-4195-a3d9-440de2958b19 425f30fd9bfa4a59aba8521d612b35de 767207df6ea3494b827025c83e59fe5a - - default default] 10.0.0.24 "GET /v2.0/extensions/security-group HTTP/1.1" status: 200 len: 369 time: 0.0425730
2026-06-09 18:21:21.548 9 INFO neutron.wsgi [None req-4c31c99d-3ce9-478e-beb1-878ca9d3da02 425f30fd9bfa4a59aba8521d612b35de 767207df6ea3494b827025c83e59fe5a - - default default] 10.0.0.24 "GET /v2.0/extensions/dns-integration HTTP/1.1" status: 200 len: 371 time: 0.0054197
2026-06-09 18:21:21.557 9 INFO neutron.wsgi [None req-e1b3b48e-27ac-4f5d-b193-76315a3cddf3 425f30fd9bfa4a59aba8521d612b35de 767207df6ea3494b827025c83e59fe5a - - default default] 10.0.0.24 "GET /v2.0/extensions/qos HTTP/1.1" status: 200 len: 365 time: 0.0043707
2026-06-09 18:21:21.567 9 INFO neutron.wsgi [None req-126519e5-1979-4213-bbb9-c0ca60f3e033 425f30fd9bfa4a59aba8521d612b35de 767207df6ea3494b827025c83e59fe5a - - default default] 10.0.0.24 "GET /v2.0/extensions/allowed-address-pairs HTTP/1.1" status: 200 len: 383 time: 0.0049694
2026-06-09 18:21:21.669 10 WARNING neutron.scheduler.dhcp_agent_scheduler [None req-583edd32-9795-4975-a6dd-ab66bdb985d6 2cc34553888148e29d65838e7f2f3674 0e23ed1cd77c4554af5170d1ad147db4 - - default default] No more DHCP agents
2026-06-09 18:21:21.671 10 WARNING neutron.api.rpc.agentnotifiers.dhcp_rpc_agent_api [None req-583edd32-9795-4975-a6dd-ab66bdb985d6 2cc34553888148e29d65838e7f2f3674 0e23ed1cd77c4554af5170d1ad147db4 - - default default] Unable to schedule network 4191af42-af25-4bd9-8dd1-2b99cb6a845f: no agents available; will retry on subsequent port and subnet creation events.
2026-06-09 18:21:21.778 10 WARNING neutron.plugins.ml2.drivers.ovn.mech_driver.ovsdb.ovn_client [None req-6530a85a-f2e7-4203-8f07-50e8939a02bd - - - - - -] No hosting information found for port 1569d54a-de58-497f-9607-97f18d8a946c: RuntimeError: No hosting information found for port 1569d54a-de58-497f-9607-97f18d8a946c
2026-06-09 18:21:21.779 10 INFO neutron.plugins.ml2.drivers.ovn.mech_driver.mech_driver [None req-6530a85a-f2e7-4203-8f07-50e8939a02bd - - - - - -] OVN reports status up for port: acb65a6f-268b-404d-ad44-984a70dec31e
2026-06-09 18:21:21.793 10 INFO neutron.plugins.ml2.plugin [None req-6530a85a-f2e7-4203-8f07-50e8939a02bd - - - - - -] Attempt 1 to provision port acb65a6f-268b-404d-ad44-984a70dec31e
2026-06-09 18:21:21.862 10 INFO neutron.db.ovn_revision_numbers_db [None req-583edd32-9795-4975-a6dd-ab66bdb985d6 2cc34553888148e29d65838e7f2f3674 0e23ed1cd77c4554af5170d1ad147db4 - - default default] Successfully bumped revision number for resource c124b6ae-9750-4229-a1ae-9bf03cfa47f6 (type: ports) to 1
2026-06-09 18:21:22.041 9 INFO neutron.wsgi [-] 10.0.0.24 "GET / HTTP/1.1" status: 200 len: 284 time: 0.0027609
2026-06-09 18:21:22.097 9 INFO neutron.wsgi [None req-f9ad700c-82ba-41a5-a565-1c5459ed401b fff362b50e6f48fbb04842d656d7c42a d41f3492cfb64a89800b5ce5a322b680 - - default default] 10.0.0.24 "GET /v2.0/subnets/0910e7ba-669d-49b1-ad29-6b8af77e91dc HTTP/1.1" status: 200 len: 831 time: 0.0399570
2026-06-09 18:21:22.561 10 INFO neutron.db.ovn_revision_numbers_db [None req-6530a85a-f2e7-4203-8f07-50e8939a02bd - - - - - -] Successfully bumped revision number for resource acb65a6f-268b-404d-ad44-984a70dec31e (type: ports) to 2
2026-06-09 18:21:22.699 9 INFO neutron.wsgi [None req-d4b612e4-bee3-412d-b4a5-ccd8ba489123 425f30fd9bfa4a59aba8521d612b35de 767207df6ea3494b827025c83e59fe5a - - default default] 199.204.45.235 "GET /v2.0/extensions/security-group HTTP/1.1" status: 200 len: 369 time: 0.0072248
2026-06-09 18:21:22.708 9 INFO neutron.wsgi [None req-e8eb3666-8b92-48c6-a77a-4531e15e39b9 425f30fd9bfa4a59aba8521d612b35de 767207df6ea3494b827025c83e59fe5a - - default default] 199.204.45.235 "GET /v2.0/extensions/dns-integration HTTP/1.1" status: 200 len: 371 time: 0.0046625
2026-06-09 18:21:22.716 9 INFO neutron.wsgi [None req-c4673966-0472-4dc6-9ba6-032571cabb7b 425f30fd9bfa4a59aba8521d612b35de 767207df6ea3494b827025c83e59fe5a - - default default] 199.204.45.235 "GET /v2.0/extensions/qos HTTP/1.1" status: 200 len: 365 time: 0.0047326
2026-06-09 18:21:22.725 9 INFO neutron.wsgi [None req-3a2931cd-70ed-418e-b4be-89401f7493f7 425f30fd9bfa4a59aba8521d612b35de 767207df6ea3494b827025c83e59fe5a - - default default] 199.204.45.235 "GET /v2.0/extensions/allowed-address-pairs HTTP/1.1" status: 200 len: 383 time: 0.0044079
2026-06-09 18:21:22.762 9 INFO neutron.wsgi [None req-23946329-ff38-42f1-8a2d-7fbb35d5ae06 425f30fd9bfa4a59aba8521d612b35de 767207df6ea3494b827025c83e59fe5a - - default default] 199.204.45.235 "GET /v2.0/subnets/31bc6feb-4404-47c1-b730-58ffe119d0e1 HTTP/1.1" status: 200 len: 848 time: 0.0329266
2026-06-09 18:21:22.770 10 INFO neutron.db.ovn_revision_numbers_db [None req-6530a85a-f2e7-4203-8f07-50e8939a02bd - - - - - -] Successfully bumped revision number for resource acb65a6f-268b-404d-ad44-984a70dec31e (type: router_ports) to 2
2026-06-09 18:21:22.793 10 ERROR ovsdbapp.backend.ovs_idl.command [None req-583edd32-9795-4975-a6dd-ab66bdb985d6 2cc34553888148e29d65838e7f2f3674 0e23ed1cd77c4554af5170d1ad147db4 - - default default] Error executing command (DbGetCommand): ovsdbapp.backend.ovs_idl.idlutils.RowNotFound: Cannot find Logical_Router_Port with name=lrp-c124b6ae-9750-4229-a1ae-9bf03cfa47f6
2026-06-09 18:21:22.793 10 ERROR ovsdbapp.backend.ovs_idl.command
Traceback (most recent call last):
2026-06-09 18:21:22.793 10 ERROR ovsdbapp.backend.ovs_idl.command
File "/var/lib/openstack/lib/python3.10/site-packages/ovsdbapp/backend/ovs_idl/command.py", line 47, in execute
2026-06-09 18:21:22.793 10 ERROR ovsdbapp.backend.ovs_idl.command self.run_idl(None)
2026-06-09 18:21:22.793 10 ERROR ovsdbapp.backend.ovs_idl.command
File "/var/lib/openstack/lib/python3.10/site-packages/ovsdbapp/backend/ovs_idl/command.py", line 235, in run_idl
2026-06-09 18:21:22.793 10 ERROR ovsdbapp.backend.ovs_idl.command record = self.api.lookup(self.table, self.record)
2026-06-09 18:21:22.793 10 ERROR ovsdbapp.backend.ovs_idl.command
File "/var/lib/openstack/lib/python3.10/site-packages/ovsdbapp/backend/ovs_idl/__init__.py", line 184, in lookup
2026-06-09 18:21:22.793 10 ERROR ovsdbapp.backend.ovs_idl.command return self._lookup(table, record)
2026-06-09 18:21:22.793 10 ERROR ovsdbapp.backend.ovs_idl.command
File "/var/lib/openstack/lib/python3.10/site-packages/ovsdbapp/backend/ovs_idl/__init__.py", line 235, in _lookup
2026-06-09 18:21:22.793 10 ERROR ovsdbapp.backend.ovs_idl.command row = idlutils.row_by_value(self, rl.table, rl.column, record)
2026-06-09 18:21:22.793 10 ERROR ovsdbapp.backend.ovs_idl.command
File "/var/lib/openstack/lib/python3.10/site-packages/ovsdbapp/backend/ovs_idl/idlutils.py", line 114, in row_by_value
2026-06-09 18:21:22.793 10 ERROR ovsdbapp.backend.ovs_idl.command raise RowNotFound(table=table, col=column, match=match)
2026-06-09 18:21:22.793 10 ERROR ovsdbapp.backend.ovs_idl.command ovsdbapp.backend.ovs_idl.idlutils.RowNotFound: Cannot find Logical_Router_Port with name=lrp-c124b6ae-9750-4229-a1ae-9bf03cfa47f6
2026-06-09 18:21:22.793 10 ERROR ovsdbapp.backend.ovs_idl.command 
2026-06-09 18:21:22.794 10 ERROR neutron_lib.callbacks.manager [None req-583edd32-9795-4975-a6dd-ab66bdb985d6 2cc34553888148e29d65838e7f2f3674 0e23ed1cd77c4554af5170d1ad147db4 - - default default] Error during notification for neutron.services.ovn_l3.plugin.OVNL3RouterPlugin._port_update-8739959395046 port, after_update: ovsdbapp.backend.ovs_idl.idlutils.RowNotFound: Cannot find Logical_Router_Port with name=lrp-c124b6ae-9750-4229-a1ae-9bf03cfa47f6
2026-06-09 18:21:22.794 10 ERROR neutron_lib.callbacks.manager
Traceback (most recent call last):
2026-06-09 18:21:22.794 10 ERROR neutron_lib.callbacks.manager
File "/var/lib/openstack/lib/python3.10/site-packages/neutron_lib/callbacks/manager.py", line 189, in _notify_loop
2026-06-09 18:21:22.794 10 ERROR neutron_lib.callbacks.manager callback.method(resource, event, trigger, payload=payload)
2026-06-09 18:21:22.794 10 ERROR neutron_lib.callbacks.manager
File "/var/lib/openstack/lib/python3.10/site-packages/neutron/services/ovn_l3/plugin.py", line 391, in _port_update
2026-06-09 18:21:22.794 10 ERROR neutron_lib.callbacks.manager l3plugin._ovn_client.update_router_port(context,
2026-06-09 18:21:22.794 10 ERROR neutron_lib.callbacks.manager
File "/var/lib/openstack/lib/python3.10/site-packages/neutron/plugins/ml2/drivers/ovn/mech_driver/ovsdb/ovn_client.py", line 1878, in update_router_port
2026-06-09 18:21:22.794 10 ERROR neutron_lib.callbacks.manager self._update_lrouter_port(context, port, if_exists=if_exists,
2026-06-09 18:21:22.794 10 ERROR neutron_lib.callbacks.manager
File "/var/lib/openstack/lib/python3.10/site-packages/neutron/plugins/ml2/drivers/ovn/mech_driver/ovsdb/ovn_client.py", line 1855, in _update_lrouter_port
2026-06-09 18:21:22.794 10 ERROR neutron_lib.callbacks.manager external_ids = self._nb_idl.db_get(
2026-06-09 18:21:22.794 10 ERROR neutron_lib.callbacks.manager
File "/var/lib/openstack/lib/python3.10/site-packages/ovsdbapp/backend/ovs_idl/command.py", line 47, in execute
2026-06-09 18:21:22.794 10 ERROR neutron_lib.callbacks.manager self.run_idl(None)
2026-06-09 18:21:22.794 10 ERROR neutron_lib.callbacks.manager
File "/var/lib/openstack/lib/python3.10/site-packages/ovsdbapp/backend/ovs_idl/command.py", line 235, in run_idl
2026-06-09 18:21:22.794 10 ERROR neutron_lib.callbacks.manager record = self.api.lookup(self.table, self.record)
2026-06-09 18:21:22.794 10 ERROR neutron_lib.callbacks.manager
File "/var/lib/openstack/lib/python3.10/site-packages/ovsdbapp/backend/ovs_idl/__init__.py", line 184, in lookup
2026-06-09 18:21:22.794 10 ERROR neutron_lib.callbacks.manager return self._lookup(table, record)
2026-06-09 18:21:22.794 10 ERROR neutron_lib.callbacks.manager
File "/var/lib/openstack/lib/python3.10/site-packages/ovsdbapp/backend/ovs_idl/__init__.py", line 235, in _lookup
2026-06-09 18:21:22.794 10 ERROR neutron_lib.callbacks.manager row = idlutils.row_by_value(self, rl.table, rl.column, record)
2026-06-09 18:21:22.794 10 ERROR neutron_lib.callbacks.manager
File "/var/lib/openstack/lib/python3.10/site-packages/ovsdbapp/backend/ovs_idl/idlutils.py", line 114, in row_by_value
2026-06-09 18:21:22.794 10 ERROR neutron_lib.callbacks.manager raise RowNotFound(table=table, col=column, match=match)
2026-06-09 18:21:22.794 10 ERROR neutron_lib.callbacks.manager ovsdbapp.backend.ovs_idl.idlutils.RowNotFound: Cannot find Logical_Router_Port with name=lrp-c124b6ae-9750-4229-a1ae-9bf03cfa47f6
2026-06-09 18:21:22.794 10 ERROR neutron_lib.callbacks.manager 
2026-06-09 18:21:22.796 9 INFO neutron.wsgi [None req-cf2888e2-183d-496d-bf87-cd80fd028705 425f30fd9bfa4a59aba8521d612b35de 767207df6ea3494b827025c83e59fe5a - - default default] 199.204.45.235 "GET /v2.0/subnets/0910e7ba-669d-49b1-ad29-6b8af77e91dc HTTP/1.1" status: 200 len: 849 time: 0.0292177
2026-06-09 18:21:22.855 9 INFO neutron.wsgi [None req-919bbc57-c925-4aca-9a40-3fea22912cbf 425f30fd9bfa4a59aba8521d612b35de 767207df6ea3494b827025c83e59fe5a - - default default] 199.204.45.235 "GET /v2.0/ports?device_id=c4ec1c46-cd5a-426d-8fb3-ad7989bcfddc HTTP/1.1" status: 200 len: 3922 time: 0.0543058
2026-06-09 18:21:22.992 10 INFO neutron.db.ovn_revision_numbers_db [None req-583edd32-9795-4975-a6dd-ab66bdb985d6 2cc34553888148e29d65838e7f2f3674 0e23ed1cd77c4554af5170d1ad147db4 - - default default] Successfully bumped revision number for resource c124b6ae-9750-4229-a1ae-9bf03cfa47f6 (type: ports) to 1
2026-06-09 18:21:23.004 9 INFO neutron.wsgi [None req-5bbe0aa5-17a0-4511-872a-3aae802af02f 425f30fd9bfa4a59aba8521d612b35de 767207df6ea3494b827025c83e59fe5a - - default default] 199.204.45.235 "GET /v2.0/extensions/security-group HTTP/1.1" status: 200 len: 369 time: 0.0072486
2026-06-09 18:21:23.015 9 INFO neutron.wsgi [None req-ba163617-2301-46b4-a9c5-a18022a2408c 425f30fd9bfa4a59aba8521d612b35de 767207df6ea3494b827025c83e59fe5a - - default default] 199.204.45.235 "GET /v2.0/extensions/dns-integration HTTP/1.1" status: 200 len: 371 time: 0.0045683
2026-06-09 18:21:23.028 9 INFO neutron.wsgi [None req-d8cf728c-69f3-470a-90ac-bbfa0a0e15ec 425f30fd9bfa4a59aba8521d612b35de 767207df6ea3494b827025c83e59fe5a - - default default] 199.204.45.235 "GET /v2.0/extensions/qos HTTP/1.1" status: 200 len: 365 time: 0.0092819
2026-06-09 18:21:23.038 9 INFO neutron.wsgi [None req-11b4aa3e-0575-4dab-9e80-4a1d46fcf86c 425f30fd9bfa4a59aba8521d612b35de 767207df6ea3494b827025c83e59fe5a - - default default] 199.204.45.235 "GET /v2.0/extensions/allowed-address-pairs HTTP/1.1" status: 200 len: 383 time: 0.0049155
2026-06-09 18:21:23.061 10 WARNING neutron.scheduler.dhcp_agent_scheduler [None req-583edd32-9795-4975-a6dd-ab66bdb985d6 2cc34553888148e29d65838e7f2f3674 0e23ed1cd77c4554af5170d1ad147db4 - - default default] No more DHCP agents
2026-06-09 18:21:23.062 10 WARNING neutron.api.rpc.agentnotifiers.dhcp_rpc_agent_api [None req-583edd32-9795-4975-a6dd-ab66bdb985d6 2cc34553888148e29d65838e7f2f3674 0e23ed1cd77c4554af5170d1ad147db4 - - default default] Unable to schedule network 4191af42-af25-4bd9-8dd1-2b99cb6a845f: no agents available; will retry on subsequent port and subnet creation events.
2026-06-09 18:21:23.200 10 INFO neutron.wsgi [req-ce5a5490-aa59-4d91-814a-61e9a233cdae req-0d54d0b6-6e1a-472f-9492-2c0027068df6 b6010b07c75146c09d8fc3ee3b0b64ec 1ccd198a5b87496f98e9c72a2a22738a - - 0746ddb4a3ab48e7a1797add0e522397 0746ddb4a3ab48e7a1797add0e522397] 199.204.45.235 "GET /v2.0/networks/c55b66b7-f6af-4371-bfb6-16611fc68840?fields=segments HTTP/1.1" status: 200 len: 212 time: 0.0669694
2026-06-09 18:21:23.296 10 INFO neutron.wsgi [req-ce5a5490-aa59-4d91-814a-61e9a233cdae req-40311a61-930c-47e3-8fff-fbe736cb674f b6010b07c75146c09d8fc3ee3b0b64ec 1ccd198a5b87496f98e9c72a2a22738a - - 0746ddb4a3ab48e7a1797add0e522397 0746ddb4a3ab48e7a1797add0e522397] 199.204.45.235 "GET /v2.0/networks/c55b66b7-f6af-4371-bfb6-16611fc68840?fields=provider%3Aphysical_network&fields=provider%3Anetwork_type HTTP/1.1" status: 200 len: 277 time: 0.0811663
2026-06-09 18:21:23.412 10 INFO neutron.wsgi [req-ce5a5490-aa59-4d91-814a-61e9a233cdae req-a0a6b6ba-9bd5-47b8-b736-4723447c92ea 425f30fd9bfa4a59aba8521d612b35de 767207df6ea3494b827025c83e59fe5a - - default default] 199.204.45.235 "GET /v2.0/networks?id=c55b66b7-f6af-4371-bfb6-16611fc68840 HTTP/1.1" status: 200 len: 1002 time: 0.0898030
2026-06-09 18:21:23.560 9 INFO neutron.wsgi [-] 10.0.0.150 "GET / HTTP/1.1" status: 200 len: 247 time: 0.0023160
2026-06-09 18:21:23.564 9 INFO neutron.wsgi [-] 10.0.0.150 "GET / HTTP/1.1" status: 200 len: 247 time: 0.0027874
2026-06-09 18:21:24.034 10 INFO neutron.db.ovn_revision_numbers_db [None req-583edd32-9795-4975-a6dd-ab66bdb985d6 2cc34553888148e29d65838e7f2f3674 0e23ed1cd77c4554af5170d1ad147db4 - - default default] Successfully bumped revision number for resource c124b6ae-9750-4229-a1ae-9bf03cfa47f6 (type: router_ports) to 1
2026-06-09 18:21:24.046 10 WARNING neutron.scheduler.dhcp_agent_scheduler [req-ce5a5490-aa59-4d91-814a-61e9a233cdae req-2195ef16-3a8f-4b6b-bf36-56554c459575 425f30fd9bfa4a59aba8521d612b35de 767207df6ea3494b827025c83e59fe5a - - default default] No more DHCP agents
2026-06-09 18:21:24.050 10 WARNING neutron.api.rpc.agentnotifiers.dhcp_rpc_agent_api [req-ce5a5490-aa59-4d91-814a-61e9a233cdae req-2195ef16-3a8f-4b6b-bf36-56554c459575 425f30fd9bfa4a59aba8521d612b35de 767207df6ea3494b827025c83e59fe5a - - default default] Unable to schedule network c55b66b7-f6af-4371-bfb6-16611fc68840: no agents available; will retry on subsequent port and subnet creation events.
2026-06-09 18:21:24.264 10 INFO neutron.db.ovn_revision_numbers_db [req-ce5a5490-aa59-4d91-814a-61e9a233cdae req-2195ef16-3a8f-4b6b-bf36-56554c459575 425f30fd9bfa4a59aba8521d612b35de 767207df6ea3494b827025c83e59fe5a - - default default] Successfully bumped revision number for resource f5897975-8e74-4a55-a1a0-654d34bc3b36 (type: ports) to 1
2026-06-09 18:21:24.292 10 INFO neutron.wsgi [req-ce5a5490-aa59-4d91-814a-61e9a233cdae req-2195ef16-3a8f-4b6b-bf36-56554c459575 425f30fd9bfa4a59aba8521d612b35de 767207df6ea3494b827025c83e59fe5a - - default default] 199.204.45.235 "POST /v2.0/ports HTTP/1.1" status: 201 len: 1504 time: 0.8739183 /var/lib/openstack/lib/python3.10/site-packages/pycadf/identifier.py:71: UserWarning: Invalid uuid: neutron. To ensure interoperability, identifiers should be a valid uuid. warnings.warn(('Invalid uuid: %s. To ensure interoperability, '
2026-06-09 18:21:24.360 10 WARNING neutron.scheduler.dhcp_agent_scheduler [None req-295a14ff-a451-4d99-a213-f019b9a7997b - - - - - -] No more DHCP agents
2026-06-09 18:21:24.363 10 WARNING neutron.api.rpc.agentnotifiers.dhcp_rpc_agent_api [None req-295a14ff-a451-4d99-a213-f019b9a7997b - - - - - -] Unable to schedule network 4191af42-af25-4bd9-8dd1-2b99cb6a845f: no agents available; will retry on subsequent port and subnet creation events.
2026-06-09 18:21:24.566 10 INFO neutron.db.ovn_revision_numbers_db [None req-295a14ff-a451-4d99-a213-f019b9a7997b - - - - - -] Successfully bumped revision number for resource 1e9b08fa-2de3-4e7b-97f3-3bae17810819 (type: ports) to 1
2026-06-09 18:21:24.855 10 INFO neutron.db.ovn_revision_numbers_db [req-ce5a5490-aa59-4d91-814a-61e9a233cdae req-84e24fa0-6407-420a-87e1-5ac8d2c93307 b6010b07c75146c09d8fc3ee3b0b64ec 1ccd198a5b87496f98e9c72a2a22738a - - 0746ddb4a3ab48e7a1797add0e522397 0746ddb4a3ab48e7a1797add0e522397] Successfully bumped revision number for resource f5897975-8e74-4a55-a1a0-654d34bc3b36 (type: ports) to 2
2026-06-09 18:21:24.908 10 INFO neutron.db.ovn_revision_numbers_db [None req-295a14ff-a451-4d99-a213-f019b9a7997b - - - - - -] Successfully bumped revision number for resource 1e9b08fa-2de3-4e7b-97f3-3bae17810819 (type: ports) to 1
2026-06-09 18:21:25.205 10 INFO neutron.wsgi [None req-583edd32-9795-4975-a6dd-ab66bdb985d6 2cc34553888148e29d65838e7f2f3674 0e23ed1cd77c4554af5170d1ad147db4 - - default default] 10.0.0.231 "POST /v2.0/vpn/vpnservices HTTP/1.1" status: 201 len: 656 time: 6.1315036
2026-06-09 18:21:25.208 10 INFO neutron.db.ovn_revision_numbers_db [req-ce5a5490-aa59-4d91-814a-61e9a233cdae req-84e24fa0-6407-420a-87e1-5ac8d2c93307 b6010b07c75146c09d8fc3ee3b0b64ec 1ccd198a5b87496f98e9c72a2a22738a - - 0746ddb4a3ab48e7a1797add0e522397 0746ddb4a3ab48e7a1797add0e522397] Successfully bumped revision number for resource f5897975-8e74-4a55-a1a0-654d34bc3b36 (type: ports) to 2
2026-06-09 18:21:25.217 9 WARNING neutron_lib.context [None req-b2b249b5-d665-4d0d-aa30-557bafa23f39 2cc34553888148e29d65838e7f2f3674 0e23ed1cd77c4554af5170d1ad147db4 - - default default] Method 'is_advsvc' is deprecated since 2023.2 release (neutron-lib 3.8.0) and will be removed once support for the old RBAC API policies will be removed from Neutron. Please use method 'is_service_role' instead.
2026-06-09 18:21:25.229 10 INFO neutron.wsgi [req-ce5a5490-aa59-4d91-814a-61e9a233cdae req-84e24fa0-6407-420a-87e1-5ac8d2c93307 b6010b07c75146c09d8fc3ee3b0b64ec 1ccd198a5b87496f98e9c72a2a22738a - - 0746ddb4a3ab48e7a1797add0e522397 0746ddb4a3ab48e7a1797add0e522397] 199.204.45.235 "PUT /v2.0/ports/f5897975-8e74-4a55-a1a0-654d34bc3b36 HTTP/1.1" status: 200 len: 1601 time: 0.9303930 /var/lib/openstack/lib/python3.10/site-packages/pycadf/identifier.py:71: UserWarning: Invalid uuid: neutron. To ensure interoperability, identifiers should be a valid uuid. warnings.warn(('Invalid uuid: %s. To ensure interoperability, '
2026-06-09 18:21:25.305 10 INFO neutron.notifiers.nova [-] Nova event matching ['req-11eacb83-815b-43b3-af8d-f59b8892ae1c'] response: {'name': 'network-changed', 'server_uuid': 'c4ec1c46-cd5a-426d-8fb3-ad7989bcfddc', 'tag': 'f5897975-8e74-4a55-a1a0-654d34bc3b36', 'status': 'completed', 'code': 200}
2026-06-09 18:21:25.322 10 INFO neutron.wsgi [req-ce5a5490-aa59-4d91-814a-61e9a233cdae req-b700221b-90f0-4c90-ae1c-81234947f7fa b6010b07c75146c09d8fc3ee3b0b64ec 1ccd198a5b87496f98e9c72a2a22738a - - 0746ddb4a3ab48e7a1797add0e522397 0746ddb4a3ab48e7a1797add0e522397] 199.204.45.235 "GET /v2.0/ports?tenant_id=767207df6ea3494b827025c83e59fe5a&device_id=c4ec1c46-cd5a-426d-8fb3-ad7989bcfddc HTTP/1.1" status: 200 len: 5343 time: 0.0554190
2026-06-09 18:21:25.349 10 INFO neutron.wsgi [req-ce5a5490-aa59-4d91-814a-61e9a233cdae req-a234bfc5-b2a8-4c1d-bfe4-2ebe5732afbc b6010b07c75146c09d8fc3ee3b0b64ec 1ccd198a5b87496f98e9c72a2a22738a - - 0746ddb4a3ab48e7a1797add0e522397 0746ddb4a3ab48e7a1797add0e522397] 199.204.45.235 "GET /v2.0/floatingips?fixed_ip_address=172.24.0.115&port_id=62c57035-d56c-47c4-93fd-d41747830d4d HTTP/1.1" status: 200 len: 217 time: 0.0226200
2026-06-09 18:21:25.383 10 INFO neutron.wsgi [req-ce5a5490-aa59-4d91-814a-61e9a233cdae req-ce792d80-be81-45c6-a51b-9877e8b322e3 b6010b07c75146c09d8fc3ee3b0b64ec 1ccd198a5b87496f98e9c72a2a22738a - - 0746ddb4a3ab48e7a1797add0e522397 0746ddb4a3ab48e7a1797add0e522397] 199.204.45.235 "GET /v2.0/subnets?id=1a9604a4-12ad-4d44-9cc1-c1be5a26967b HTTP/1.1" status: 200 len: 829 time: 0.0276914
2026-06-09 18:21:25.418 10 INFO neutron.wsgi [req-ce5a5490-aa59-4d91-814a-61e9a233cdae req-8e65fc28-a4cc-4341-8d26-0f678bf339be b6010b07c75146c09d8fc3ee3b0b64ec 1ccd198a5b87496f98e9c72a2a22738a - - 0746ddb4a3ab48e7a1797add0e522397 0746ddb4a3ab48e7a1797add0e522397] 199.204.45.235 "GET /v2.0/ports?network_id=a8cf3389-57af-408b-95e4-6dc8f8d349fe&device_owner=network%3Adhcp HTTP/1.1" status: 200 len: 210 time: 0.0268207
2026-06-09 18:21:25.481 10 INFO neutron.wsgi [req-ce5a5490-aa59-4d91-814a-61e9a233cdae req-440552bd-f766-4c74-936b-c19e873e48a8 b6010b07c75146c09d8fc3ee3b0b64ec 1ccd198a5b87496f98e9c72a2a22738a - - 0746ddb4a3ab48e7a1797add0e522397 0746ddb4a3ab48e7a1797add0e522397] 199.204.45.235 "GET /v2.0/networks/a8cf3389-57af-408b-95e4-6dc8f8d349fe?fields=segments HTTP/1.1" status: 200 len: 212 time: 0.0549495
2026-06-09 18:21:25.555 10 INFO neutron.wsgi [req-ce5a5490-aa59-4d91-814a-61e9a233cdae req-97417284-6d70-46cf-937b-24c810bba100 b6010b07c75146c09d8fc3ee3b0b64ec 1ccd198a5b87496f98e9c72a2a22738a - - 0746ddb4a3ab48e7a1797add0e522397 0746ddb4a3ab48e7a1797add0e522397] 199.204.45.235 "GET /v2.0/networks/a8cf3389-57af-408b-95e4-6dc8f8d349fe?fields=provider%3Aphysical_network&fields=provider%3Anetwork_type HTTP/1.1" status: 200 len: 277 time: 0.0662723
2026-06-09 18:21:25.586 10 INFO neutron.wsgi [req-ce5a5490-aa59-4d91-814a-61e9a233cdae req-8f834bd5-cc7c-4fe3-9ec9-e1e91c391e7c b6010b07c75146c09d8fc3ee3b0b64ec 1ccd198a5b87496f98e9c72a2a22738a - - 0746ddb4a3ab48e7a1797add0e522397 0746ddb4a3ab48e7a1797add0e522397] 199.204.45.235 "GET /v2.0/floatingips?fixed_ip_address=10.1.1.15&port_id=b36a653a-57d8-43a8-bf7b-2ae3d53829b8 HTTP/1.1" status: 200 len: 217 time: 0.0224922
2026-06-09 18:21:25.622 10 INFO neutron.wsgi [req-ce5a5490-aa59-4d91-814a-61e9a233cdae req-cbc48114-7fcc-4b00-995f-d1c2fa3a8aaf b6010b07c75146c09d8fc3ee3b0b64ec 1ccd198a5b87496f98e9c72a2a22738a - - 0746ddb4a3ab48e7a1797add0e522397 0746ddb4a3ab48e7a1797add0e522397] 199.204.45.235 "GET /v2.0/subnets?id=48e146e5-a081-44b2-bbae-4ff39f604d7c HTTP/1.1" status: 200 len: 853 time: 0.0302131
2026-06-09 18:21:25.651 10 INFO neutron.wsgi [req-ce5a5490-aa59-4d91-814a-61e9a233cdae req-a6297028-5cff-45c3-8aff-245ed474ee98 b6010b07c75146c09d8fc3ee3b0b64ec 1ccd198a5b87496f98e9c72a2a22738a - - 0746ddb4a3ab48e7a1797add0e522397 0746ddb4a3ab48e7a1797add0e522397] 199.204.45.235 "GET /v2.0/ports?network_id=284d1984-45e0-400b-9bd7-a701ca7f711c&device_owner=network%3Adhcp HTTP/1.1" status: 200 len: 210 time: 0.0210106
2026-06-09 18:21:25.689 9 INFO neutron.wsgi [None req-b2b249b5-d665-4d0d-aa30-557bafa23f39 2cc34553888148e29d65838e7f2f3674 0e23ed1cd77c4554af5170d1ad147db4 - - default default] 10.0.0.231 "POST /v2.0/vpn/vpnservices HTTP/1.1" status: 201 len: 623 time: 0.4775391
2026-06-09 18:21:25.706 10 WARNING neutron_lib.context [None req-b5cfc4ac-f69d-4ab3-af94-0a60dc4d7137 2cc34553888148e29d65838e7f2f3674 0e23ed1cd77c4554af5170d1ad147db4 - - default default] Method 'is_advsvc' is deprecated since 2023.2 release (neutron-lib 3.8.0) and will be removed once support for the old RBAC API policies will be removed from Neutron. Please use method 'is_service_role' instead.
2026-06-09 18:21:25.718 10 INFO neutron.wsgi [req-ce5a5490-aa59-4d91-814a-61e9a233cdae req-44d8521f-84ab-4649-b67c-84c86c87b835 b6010b07c75146c09d8fc3ee3b0b64ec 1ccd198a5b87496f98e9c72a2a22738a - - 0746ddb4a3ab48e7a1797add0e522397 0746ddb4a3ab48e7a1797add0e522397] 199.204.45.235 "GET /v2.0/networks/284d1984-45e0-400b-9bd7-a701ca7f711c?fields=segments HTTP/1.1" status: 200 len: 212 time: 0.0605927
2026-06-09 18:21:25.758 10 INFO neutron.wsgi [None req-b5cfc4ac-f69d-4ab3-af94-0a60dc4d7137 2cc34553888148e29d65838e7f2f3674 0e23ed1cd77c4554af5170d1ad147db4 - - default default] 10.0.0.231 "POST /v2.0/vpn/ikepolicies HTTP/1.1" status: 201 len: 602 time: 0.0607252
2026-06-09 18:21:25.771 9 WARNING neutron_lib.context [None req-8997c027-0c5a-490b-b400-885688cbb42f 2cc34553888148e29d65838e7f2f3674 0e23ed1cd77c4554af5170d1ad147db4 - - default default] Method 'is_advsvc' is deprecated since 2023.2 release (neutron-lib 3.8.0) and will be removed once support for the old RBAC API policies will be removed from Neutron. Please use method 'is_service_role' instead.
2026-06-09 18:21:25.784 10 INFO neutron.wsgi [req-ce5a5490-aa59-4d91-814a-61e9a233cdae req-b51d6002-13ba-4152-92b2-00ff08e6aec3 b6010b07c75146c09d8fc3ee3b0b64ec 1ccd198a5b87496f98e9c72a2a22738a - - 0746ddb4a3ab48e7a1797add0e522397 0746ddb4a3ab48e7a1797add0e522397] 199.204.45.235 "GET /v2.0/networks/284d1984-45e0-400b-9bd7-a701ca7f711c?fields=provider%3Aphysical_network&fields=provider%3Anetwork_type HTTP/1.1" status: 200 len: 277 time: 0.0587742
2026-06-09 18:21:25.808 9 INFO neutron.wsgi [None req-8997c027-0c5a-490b-b400-885688cbb42f 2cc34553888148e29d65838e7f2f3674 0e23ed1cd77c4554af5170d1ad147db4 - - default default] 10.0.0.231 "POST /v2.0/vpn/ipsecpolicies HTTP/1.1" status: 201 len: 612 time: 0.0419736
2026-06-09 18:21:25.818 10 INFO neutron.wsgi [req-ce5a5490-aa59-4d91-814a-61e9a233cdae req-62dbc161-1afe-4e22-82ca-54c060830498 b6010b07c75146c09d8fc3ee3b0b64ec 1ccd198a5b87496f98e9c72a2a22738a - - 0746ddb4a3ab48e7a1797add0e522397 0746ddb4a3ab48e7a1797add0e522397] 199.204.45.235 "GET /v2.0/floatingips?fixed_ip_address=10.2.1.207&port_id=4a62067a-941e-4800-85a6-91bd29a7a1d4 HTTP/1.1" status: 200 len: 217 time: 0.0271044
2026-06-09 18:21:25.818 9 WARNING neutron_lib.context [None req-9e056aef-a085-4c86-8be4-4e75cc0607d7 2cc34553888148e29d65838e7f2f3674 0e23ed1cd77c4554af5170d1ad147db4 - - default default] Method 'is_advsvc' is deprecated since 2023.2 release (neutron-lib 3.8.0) and will be removed once support for the old RBAC API policies will be removed from Neutron. Please use method 'is_service_role' instead.
2026-06-09 18:21:25.871 10 INFO neutron.wsgi [req-ce5a5490-aa59-4d91-814a-61e9a233cdae req-94e68f28-f967-4aa8-a947-5d5bfea7e9d6 b6010b07c75146c09d8fc3ee3b0b64ec 1ccd198a5b87496f98e9c72a2a22738a - - 0746ddb4a3ab48e7a1797add0e522397 0746ddb4a3ab48e7a1797add0e522397] 199.204.45.235 "GET /v2.0/subnets?id=31bc6feb-4404-47c1-b730-58ffe119d0e1 HTTP/1.1" status: 200 len: 851 time: 0.0482793
2026-06-09 18:21:25.898 9 INFO neutron.wsgi [None req-9e056aef-a085-4c86-8be4-4e75cc0607d7 2cc34553888148e29d65838e7f2f3674 0e23ed1cd77c4554af5170d1ad147db4 - - default default] 10.0.0.231 "POST /v2.0/vpn/endpoint-groups HTTP/1.1" status: 201 len: 527 time: 0.0859456
2026-06-09 18:21:25.900 10 INFO neutron.wsgi [req-ce5a5490-aa59-4d91-814a-61e9a233cdae req-0c11ba7d-a23c-47ce-a3ed-de2f5b3eb40a b6010b07c75146c09d8fc3ee3b0b64ec 1ccd198a5b87496f98e9c72a2a22738a - - 0746ddb4a3ab48e7a1797add0e522397 0746ddb4a3ab48e7a1797add0e522397] 199.204.45.235 "GET /v2.0/ports?network_id=0a709123-3df6-48eb-b1be-4c360890510d&device_owner=network%3Adhcp HTTP/1.1" status: 200 len: 210 time: 0.0230684
2026-06-09 18:21:25.912 9 WARNING neutron_lib.context [None req-c52dbe3b-9a14-4872-bbe0-c759efa23b4d 2cc34553888148e29d65838e7f2f3674 0e23ed1cd77c4554af5170d1ad147db4 - - default default] Method 'is_advsvc' is deprecated since 2023.2 release (neutron-lib 3.8.0) and will be removed once support for the old RBAC API policies will be removed from Neutron. Please use method 'is_service_role' instead.
2026-06-09 18:21:25.953 9 INFO neutron.wsgi [None req-c52dbe3b-9a14-4872-bbe0-c759efa23b4d 2cc34553888148e29d65838e7f2f3674 0e23ed1cd77c4554af5170d1ad147db4 - - default default] 10.0.0.231 "POST /v2.0/vpn/endpoint-groups HTTP/1.1" status: 201 len: 519 time: 0.0465291
2026-06-09 18:21:25.962 9 WARNING neutron_lib.context [None req-d2738696-102d-4496-b727-53919a4462a9 2cc34553888148e29d65838e7f2f3674 0e23ed1cd77c4554af5170d1ad147db4 - - default default] Method 'is_advsvc' is deprecated since 2023.2 release (neutron-lib 3.8.0) and will be removed once support for the old RBAC API policies will be removed from Neutron. Please use method 'is_service_role' instead.
