2026-06-09 18:19:51.255 9 INFO neutron.wsgi [None req-beacde58-1ece-4d4e-a7e5-7b4bce6876c0 425f30fd9bfa4a59aba8521d612b35de 767207df6ea3494b827025c83e59fe5a - - default default] 199.204.45.235 "PUT /v2.0/ports/e56f993a-7752-426c-adc3-02301036bdfb HTTP/1.1" status: 200 len: 1332 time: 0.5544031 /var/lib/openstack/lib/python3.10/site-packages/pycadf/identifier.py:71: UserWarning: Invalid uuid: neutron. To ensure interoperability, identifiers should be a valid uuid. warnings.warn(('Invalid uuid: %s. To ensure interoperability, '
2026-06-09 18:19:51.314 9 INFO neutron.wsgi [None req-f64e5a18-2853-4352-9dcb-01023acb640c 425f30fd9bfa4a59aba8521d612b35de 767207df6ea3494b827025c83e59fe5a - - default default] 199.204.45.235 "GET /v2.0/extensions/security-group HTTP/1.1" status: 200 len: 369 time: 0.0049853
2026-06-09 18:19:51.323 9 INFO neutron.wsgi [None req-acc6eabe-bc20-4b24-8d30-30e1d052194a 425f30fd9bfa4a59aba8521d612b35de 767207df6ea3494b827025c83e59fe5a - - default default] 199.204.45.235 "GET /v2.0/extensions/dns-integration HTTP/1.1" status: 200 len: 371 time: 0.0039616
2026-06-09 18:19:51.330 9 INFO neutron.wsgi [None req-5481f572-34b8-45fc-93db-99ab00e5fd1a 425f30fd9bfa4a59aba8521d612b35de 767207df6ea3494b827025c83e59fe5a - - default default] 199.204.45.235 "GET /v2.0/extensions/qos HTTP/1.1" status: 200 len: 365 time: 0.0043745
2026-06-09 18:19:51.340 9 INFO neutron.wsgi [None req-39dd83a0-62ba-4eec-98be-c1620b31ebbf 425f30fd9bfa4a59aba8521d612b35de 767207df6ea3494b827025c83e59fe5a - - default default] 199.204.45.235 "GET /v2.0/extensions/allowed-address-pairs HTTP/1.1" status: 200 len: 383 time: 0.0042336
2026-06-09 18:19:51.383 9 INFO neutron.wsgi [None req-99e0295a-d96f-4d12-8d5f-6d9b6dbca300 425f30fd9bfa4a59aba8521d612b35de 767207df6ea3494b827025c83e59fe5a - - default default] 199.204.45.235 "GET /v2.0/subnets/48e146e5-a081-44b2-bbae-4ff39f604d7c HTTP/1.1" status: 200 len: 850 time: 0.0386496
2026-06-09 18:19:51.390 9 INFO neutron.db.ovn_revision_numbers_db [None req-6c14e54c-5366-4081-8b45-e07ed665f754 425f30fd9bfa4a59aba8521d612b35de 767207df6ea3494b827025c83e59fe5a - - default default] Successfully bumped revision number for resource 9f689486-2bc1-4ece-b07e-ae49f9ad5eca (type: ports) to 1
2026-06-09 18:19:51.438 10 INFO neutron.wsgi [None req-1597e305-9017-4675-b5b9-5e184f71a9cd d07ab87a8df54e8e876a5161f5058f62 b91fd086fee24d3b9f609e1b1383beca - - default default] 10.0.0.231 "DELETE /v2.0/routers/a6fb7793-edc3-4fb4-bc50-d2b924203c74/tags/red HTTP/1.1" status: 204 len: 168 time: 0.3405728
2026-06-09 18:19:51.503 10 INFO neutron.wsgi [None req-b74ccc4b-f26f-4caa-b222-5f3dedbf6a4f d07ab87a8df54e8e876a5161f5058f62 b91fd086fee24d3b9f609e1b1383beca - - default default] 10.0.0.231 "GET /v2.0/routers/a6fb7793-edc3-4fb4-bc50-d2b924203c74/tags HTTP/1.1" status: 200 len: 223 time: 0.0561945
2026-06-09 18:19:51.544 10 INFO neutron.db.ovn_revision_numbers_db [None req-fa6d3ab6-2451-46b8-99f4-9f02a92128d1 - - - - - -] Successfully bumped revision number for resource 94de7e4f-966f-40b5-a8eb-5367bfe6b9ff (type: router_ports) to 3
2026-06-09 18:19:51.571 10 INFO neutron.api.v2.resource [None req-e834fcb5-22c1-4e31-ab0c-715b8731b495 d07ab87a8df54e8e876a5161f5058f62 b91fd086fee24d3b9f609e1b1383beca - - default default] delete failed (client error): The resource could not be found.
2026-06-09 18:19:51.572 10 INFO neutron.wsgi [None req-e834fcb5-22c1-4e31-ab0c-715b8731b495 d07ab87a8df54e8e876a5161f5058f62 b91fd086fee24d3b9f609e1b1383beca - - default default] 10.0.0.231 "DELETE /v2.0/routers/a6fb7793-edc3-4fb4-bc50-d2b924203c74/tags/green HTTP/1.1" status: 404 len: 299 time: 0.0573041
2026-06-09 18:19:51.655 10 INFO neutron.wsgi [None req-99525bcf-e128-435b-a328-16246add7fe7 d07ab87a8df54e8e876a5161f5058f62 b91fd086fee24d3b9f609e1b1383beca - - default default] 10.0.0.231 "DELETE /v2.0/routers/a6fb7793-edc3-4fb4-bc50-d2b924203c74/tags HTTP/1.1" status: 204 len: 168 time: 0.0792115
2026-06-09 18:19:51.719 10 INFO neutron.wsgi [None req-237d57b5-7e85-469b-8bea-a69780689d4c d07ab87a8df54e8e876a5161f5058f62 b91fd086fee24d3b9f609e1b1383beca - - default default] 10.0.0.231 "GET /v2.0/routers/a6fb7793-edc3-4fb4-bc50-d2b924203c74/tags HTTP/1.1" status: 200 len: 205 time: 0.0563889
2026-06-09 18:19:51.798 9 INFO neutron.wsgi [None req-bd4bd946-eb82-497c-8822-518e22cd68d6 d07ab87a8df54e8e876a5161f5058f62 b91fd086fee24d3b9f609e1b1383beca - - default default] 10.0.0.231 "GET /v2.0/routers/a6fb7793-edc3-4fb4-bc50-d2b924203c74 HTTP/1.1" status: 200 len: 770 time: 0.0637832
2026-06-09 18:19:51.884 10 INFO neutron.db.ovn_revision_numbers_db [None req-fa6d3ab6-2451-46b8-99f4-9f02a92128d1 - - - - - -] Successfully bumped revision number for resource 94de7e4f-966f-40b5-a8eb-5367bfe6b9ff (type: ports) to 2
2026-06-09 18:19:51.957 9 ERROR ovsdbapp.backend.ovs_idl.command [None req-6c14e54c-5366-4081-8b45-e07ed665f754 425f30fd9bfa4a59aba8521d612b35de 767207df6ea3494b827025c83e59fe5a - - default default] Error executing command (DbGetCommand): ovsdbapp.backend.ovs_idl.idlutils.RowNotFound: Cannot find Logical_Router_Port with name=lrp-9f689486-2bc1-4ece-b07e-ae49f9ad5eca
2026-06-09 18:19:51.957 9 ERROR ovsdbapp.backend.ovs_idl.command
Traceback (most recent call last):
2026-06-09 18:19:51.957 9 ERROR ovsdbapp.backend.ovs_idl.command
File "/var/lib/openstack/lib/python3.10/site-packages/ovsdbapp/backend/ovs_idl/command.py", line 47, in execute
2026-06-09 18:19:51.957 9 ERROR ovsdbapp.backend.ovs_idl.command self.run_idl(None)
2026-06-09 18:19:51.957 9 ERROR ovsdbapp.backend.ovs_idl.command
File "/var/lib/openstack/lib/python3.10/site-packages/ovsdbapp/backend/ovs_idl/command.py", line 235, in run_idl
2026-06-09 18:19:51.957 9 ERROR ovsdbapp.backend.ovs_idl.command record = self.api.lookup(self.table, self.record)
2026-06-09 18:19:51.957 9 ERROR ovsdbapp.backend.ovs_idl.command
File "/var/lib/openstack/lib/python3.10/site-packages/ovsdbapp/backend/ovs_idl/__init__.py", line 184, in lookup
2026-06-09 18:19:51.957 9 ERROR ovsdbapp.backend.ovs_idl.command return self._lookup(table, record)
2026-06-09 18:19:51.957 9 ERROR ovsdbapp.backend.ovs_idl.command
File "/var/lib/openstack/lib/python3.10/site-packages/ovsdbapp/backend/ovs_idl/__init__.py", line 235, in _lookup
2026-06-09 18:19:51.957 9 ERROR ovsdbapp.backend.ovs_idl.command row = idlutils.row_by_value(self, rl.table, rl.column, record)
2026-06-09 18:19:51.957 9 ERROR ovsdbapp.backend.ovs_idl.command
File "/var/lib/openstack/lib/python3.10/site-packages/ovsdbapp/backend/ovs_idl/idlutils.py", line 114, in row_by_value
2026-06-09 18:19:51.957 9 ERROR ovsdbapp.backend.ovs_idl.command raise RowNotFound(table=table, col=column, match=match)
2026-06-09 18:19:51.957 9 ERROR ovsdbapp.backend.ovs_idl.command ovsdbapp.backend.ovs_idl.idlutils.RowNotFound: Cannot find Logical_Router_Port with name=lrp-9f689486-2bc1-4ece-b07e-ae49f9ad5eca
2026-06-09 18:19:51.957 9 ERROR ovsdbapp.backend.ovs_idl.command 
2026-06-09 18:19:51.958 9 ERROR neutron_lib.callbacks.manager [None req-6c14e54c-5366-4081-8b45-e07ed665f754 425f30fd9bfa4a59aba8521d612b35de 767207df6ea3494b827025c83e59fe5a - - default default] Error during notification for neutron.services.ovn_l3.plugin.OVNL3RouterPlugin._port_update-8739959395046 port, after_update: ovsdbapp.backend.ovs_idl.idlutils.RowNotFound: Cannot find Logical_Router_Port with name=lrp-9f689486-2bc1-4ece-b07e-ae49f9ad5eca
2026-06-09 18:19:51.958 9 ERROR neutron_lib.callbacks.manager
Traceback (most recent call last):
2026-06-09 18:19:51.958 9 ERROR neutron_lib.callbacks.manager
File "/var/lib/openstack/lib/python3.10/site-packages/neutron_lib/callbacks/manager.py", line 189, in _notify_loop
2026-06-09 18:19:51.958 9 ERROR neutron_lib.callbacks.manager callback.method(resource, event, trigger, payload=payload)
2026-06-09 18:19:51.958 9 ERROR neutron_lib.callbacks.manager
File "/var/lib/openstack/lib/python3.10/site-packages/neutron/services/ovn_l3/plugin.py", line 391, in _port_update
2026-06-09 18:19:51.958 9 ERROR neutron_lib.callbacks.manager l3plugin._ovn_client.update_router_port(context,
2026-06-09 18:19:51.958 9 ERROR neutron_lib.callbacks.manager
File "/var/lib/openstack/lib/python3.10/site-packages/neutron/plugins/ml2/drivers/ovn/mech_driver/ovsdb/ovn_client.py", line 1878, in update_router_port
2026-06-09 18:19:51.958 9 ERROR neutron_lib.callbacks.manager self._update_lrouter_port(context, port, if_exists=if_exists,
2026-06-09 18:19:51.958 9 ERROR neutron_lib.callbacks.manager
File "/var/lib/openstack/lib/python3.10/site-packages/neutron/plugins/ml2/drivers/ovn/mech_driver/ovsdb/ovn_client.py", line 1855, in _update_lrouter_port
2026-06-09 18:19:51.958 9 ERROR neutron_lib.callbacks.manager external_ids = self._nb_idl.db_get(
2026-06-09 18:19:51.958 9 ERROR neutron_lib.callbacks.manager
File "/var/lib/openstack/lib/python3.10/site-packages/ovsdbapp/backend/ovs_idl/command.py", line 47, in execute
2026-06-09 18:19:51.958 9 ERROR neutron_lib.callbacks.manager self.run_idl(None)
2026-06-09 18:19:51.958 9 ERROR neutron_lib.callbacks.manager
File "/var/lib/openstack/lib/python3.10/site-packages/ovsdbapp/backend/ovs_idl/command.py", line 235, in run_idl
2026-06-09 18:19:51.958 9 ERROR neutron_lib.callbacks.manager record = self.api.lookup(self.table, self.record)
2026-06-09 18:19:51.958 9 ERROR neutron_lib.callbacks.manager
File "/var/lib/openstack/lib/python3.10/site-packages/ovsdbapp/backend/ovs_idl/__init__.py", line 184, in lookup
2026-06-09 18:19:51.958 9 ERROR neutron_lib.callbacks.manager return self._lookup(table, record)
2026-06-09 18:19:51.958 9 ERROR neutron_lib.callbacks.manager
File "/var/lib/openstack/lib/python3.10/site-packages/ovsdbapp/backend/ovs_idl/__init__.py", line 235, in _lookup
2026-06-09 18:19:51.958 9 ERROR neutron_lib.callbacks.manager row = idlutils.row_by_value(self, rl.table, rl.column, record)
2026-06-09 18:19:51.958 9 ERROR neutron_lib.callbacks.manager
File "/var/lib/openstack/lib/python3.10/site-packages/ovsdbapp/backend/ovs_idl/idlutils.py", line 114, in row_by_value
2026-06-09 18:19:51.958 9 ERROR neutron_lib.callbacks.manager raise RowNotFound(table=table, col=column, match=match)
2026-06-09 18:19:51.958 9 ERROR neutron_lib.callbacks.manager ovsdbapp.backend.ovs_idl.idlutils.RowNotFound: Cannot find Logical_Router_Port with name=lrp-9f689486-2bc1-4ece-b07e-ae49f9ad5eca
2026-06-09 18:19:51.958 9 ERROR neutron_lib.callbacks.manager 
2026-06-09 18:19:52.182 9 INFO neutron.plugins.ml2.drivers.ovn.mech_driver.mech_driver [None req-cb48ca33-fb75-4d63-b67f-a484b467142a - - - - - -] OVN reports status up for port: 9f689486-2bc1-4ece-b07e-ae49f9ad5eca
2026-06-09 18:19:52.202 9 INFO neutron.plugins.ml2.plugin [None req-cb48ca33-fb75-4d63-b67f-a484b467142a - - - - - -] Attempt 1 to provision port 9f689486-2bc1-4ece-b07e-ae49f9ad5eca
2026-06-09 18:19:52.218 9 INFO neutron.db.ovn_revision_numbers_db [None req-6c14e54c-5366-4081-8b45-e07ed665f754 425f30fd9bfa4a59aba8521d612b35de 767207df6ea3494b827025c83e59fe5a - - default default] Successfully bumped revision number for resource 9f689486-2bc1-4ece-b07e-ae49f9ad5eca (type: ports) to 1
2026-06-09 18:19:52.247 10 INFO neutron.db.ovn_revision_numbers_db [None req-f21de6b4-09af-40eb-b38c-70858023e299 d07ab87a8df54e8e876a5161f5058f62 b91fd086fee24d3b9f609e1b1383beca - - default default] Successfully bumped revision number for resource a6fb7793-edc3-4fb4-bc50-d2b924203c74 (type: routers) to 7
2026-06-09 18:19:52.253 10 INFO neutron.wsgi [None req-f21de6b4-09af-40eb-b38c-70858023e299 d07ab87a8df54e8e876a5161f5058f62 b91fd086fee24d3b9f609e1b1383beca - - default default] 10.0.0.231 "PUT /v2.0/routers/a6fb7793-edc3-4fb4-bc50-d2b924203c74 HTTP/1.1" status: 200 len: 770 time: 0.4370291
2026-06-09 18:19:52.278 10 INFO neutron.wsgi [None req-97d1a862-b400-4336-b28e-3b8a084d3ac3 d07ab87a8df54e8e876a5161f5058f62 b91fd086fee24d3b9f609e1b1383beca - - default default] 10.0.0.231 "GET /v2.0/ports?device_id=a6fb7793-edc3-4fb4-bc50-d2b924203c74 HTTP/1.1" status: 200 len: 205 time: 0.0197518
2026-06-09 18:19:52.327 9 WARNING neutron.scheduler.dhcp_agent_scheduler [None req-6c14e54c-5366-4081-8b45-e07ed665f754 425f30fd9bfa4a59aba8521d612b35de 767207df6ea3494b827025c83e59fe5a - - default default] No more DHCP agents
2026-06-09 18:19:52.335 9 WARNING neutron.api.rpc.agentnotifiers.dhcp_rpc_agent_api [None req-6c14e54c-5366-4081-8b45-e07ed665f754 425f30fd9bfa4a59aba8521d612b35de 767207df6ea3494b827025c83e59fe5a - - default default] Unable to schedule network 62425d25-74a3-4b46-89ea-b2af5a493afe: no agents available; will retry on subsequent port and subnet creation events.
2026-06-09 18:19:52.471 10 INFO neutron.db.ovn_revision_numbers_db [None req-fa6d3ab6-2451-46b8-99f4-9f02a92128d1 - - - - - -] Successfully bumped revision number for resource 94de7e4f-966f-40b5-a8eb-5367bfe6b9ff (type: ports) to 4
2026-06-09 18:19:52.739 10 INFO neutron.db.ovn_revision_numbers_db [None req-fa6d3ab6-2451-46b8-99f4-9f02a92128d1 - - - - - -] Successfully bumped revision number for resource 94de7e4f-966f-40b5-a8eb-5367bfe6b9ff (type: router_ports) to 4
2026-06-09 18:19:52.874 9 INFO neutron.wsgi [None req-70c640b5-7161-4f3e-bbfe-f9f9d886c2c1 d07ab87a8df54e8e876a5161f5058f62 b91fd086fee24d3b9f609e1b1383beca - - default default] 10.0.0.231 "DELETE /v2.0/routers/a6fb7793-edc3-4fb4-bc50-d2b924203c74 HTTP/1.1" status: 204 len: 168 time: 0.5895343
2026-06-09 18:19:53.064 10 INFO neutron.wsgi [req-8710f3d1-1bb1-4620-9c6d-6725982b9f6c req-7a018613-1e0c-4e30-8b95-60c0084ea685 b6010b07c75146c09d8fc3ee3b0b64ec 1ccd198a5b87496f98e9c72a2a22738a - - 0746ddb4a3ab48e7a1797add0e522397 0746ddb4a3ab48e7a1797add0e522397] 199.204.45.235 "GET /v2.0/ports?device_id=e398ab0a-615d-4821-bbf2-993b6feb15a9&fields=binding%3Ahost_id&fields=binding%3Avif_type HTTP/1.1" status: 200 len: 265 time: 0.0619826
2026-06-09 18:19:53.120 9 INFO neutron.db.ovn_revision_numbers_db [None req-cb48ca33-fb75-4d63-b67f-a484b467142a - - - - - -] Successfully bumped revision number for resource 9f689486-2bc1-4ece-b07e-ae49f9ad5eca (type: ports) to 2
2026-06-09 18:19:53.160 10 INFO neutron.wsgi [req-8710f3d1-1bb1-4620-9c6d-6725982b9f6c req-5b688ffe-d46e-42a8-adac-d8f5d9026956 b6010b07c75146c09d8fc3ee3b0b64ec 1ccd198a5b87496f98e9c72a2a22738a - - 0746ddb4a3ab48e7a1797add0e522397 0746ddb4a3ab48e7a1797add0e522397] 199.204.45.235 "GET /v2.0/ports?tenant_id=d41f3492cfb64a89800b5ce5a322b680&device_id=e398ab0a-615d-4821-bbf2-993b6feb15a9 HTTP/1.1" status: 200 len: 1638 time: 0.0360610
2026-06-09 18:19:53.252 9 ERROR ovsdbapp.backend.ovs_idl.command [None req-cb48ca33-fb75-4d63-b67f-a484b467142a - - - - - -] Error executing command (DbGetCommand): ovsdbapp.backend.ovs_idl.idlutils.RowNotFound: Cannot find Logical_Router_Port with name=lrp-9f689486-2bc1-4ece-b07e-ae49f9ad5eca
2026-06-09 18:19:53.252 9 ERROR ovsdbapp.backend.ovs_idl.command
Traceback (most recent call last):
2026-06-09 18:19:53.252 9 ERROR ovsdbapp.backend.ovs_idl.command
File "/var/lib/openstack/lib/python3.10/site-packages/ovsdbapp/backend/ovs_idl/command.py", line 47, in execute
2026-06-09 18:19:53.252 9 ERROR ovsdbapp.backend.ovs_idl.command self.run_idl(None)
2026-06-09 18:19:53.252 9 ERROR ovsdbapp.backend.ovs_idl.command
File "/var/lib/openstack/lib/python3.10/site-packages/ovsdbapp/backend/ovs_idl/command.py", line 235, in run_idl
2026-06-09 18:19:53.252 9 ERROR ovsdbapp.backend.ovs_idl.command record = self.api.lookup(self.table, self.record)
2026-06-09 18:19:53.252 9 ERROR ovsdbapp.backend.ovs_idl.command
File "/var/lib/openstack/lib/python3.10/site-packages/ovsdbapp/backend/ovs_idl/__init__.py", line 184, in lookup
2026-06-09 18:19:53.252 9 ERROR ovsdbapp.backend.ovs_idl.command return self._lookup(table, record)
2026-06-09 18:19:53.252 9 ERROR ovsdbapp.backend.ovs_idl.command
File "/var/lib/openstack/lib/python3.10/site-packages/ovsdbapp/backend/ovs_idl/__init__.py", line 235, in _lookup
2026-06-09 18:19:53.252 9 ERROR ovsdbapp.backend.ovs_idl.command row = idlutils.row_by_value(self, rl.table, rl.column, record)
2026-06-09 18:19:53.252 9 ERROR ovsdbapp.backend.ovs_idl.command
File "/var/lib/openstack/lib/python3.10/site-packages/ovsdbapp/backend/ovs_idl/idlutils.py", line 114, in row_by_value
2026-06-09 18:19:53.252 9 ERROR ovsdbapp.backend.ovs_idl.command raise RowNotFound(table=table, col=column, match=match)
2026-06-09 18:19:53.252 9 ERROR ovsdbapp.backend.ovs_idl.command ovsdbapp.backend.ovs_idl.idlutils.RowNotFound: Cannot find Logical_Router_Port with name=lrp-9f689486-2bc1-4ece-b07e-ae49f9ad5eca
2026-06-09 18:19:53.252 9 ERROR ovsdbapp.backend.ovs_idl.command 
2026-06-09 18:19:53.253 9 ERROR neutron_lib.callbacks.manager [None req-cb48ca33-fb75-4d63-b67f-a484b467142a - - - - - -] Error during notification for neutron.services.ovn_l3.plugin.OVNL3RouterPlugin._port_update-8739959395046 port, after_update: ovsdbapp.backend.ovs_idl.idlutils.RowNotFound: Cannot find Logical_Router_Port with name=lrp-9f689486-2bc1-4ece-b07e-ae49f9ad5eca
2026-06-09 18:19:53.253 9 ERROR neutron_lib.callbacks.manager
Traceback (most recent call last):
2026-06-09 18:19:53.253 9 ERROR neutron_lib.callbacks.manager
File "/var/lib/openstack/lib/python3.10/site-packages/neutron_lib/callbacks/manager.py", line 189, in _notify_loop
2026-06-09 18:19:53.253 9 ERROR neutron_lib.callbacks.manager callback.method(resource, event, trigger, payload=payload)
2026-06-09 18:19:53.253 9 ERROR neutron_lib.callbacks.manager
File "/var/lib/openstack/lib/python3.10/site-packages/neutron/services/ovn_l3/plugin.py", line 391, in _port_update
2026-06-09 18:19:53.253 9 ERROR neutron_lib.callbacks.manager l3plugin._ovn_client.update_router_port(context,
2026-06-09 18:19:53.253 9 ERROR neutron_lib.callbacks.manager
File "/var/lib/openstack/lib/python3.10/site-packages/neutron/plugins/ml2/drivers/ovn/mech_driver/ovsdb/ovn_client.py", line 1878, in update_router_port
2026-06-09 18:19:53.253 9 ERROR neutron_lib.callbacks.manager self._update_lrouter_port(context, port, if_exists=if_exists,
2026-06-09 18:19:53.253 9 ERROR neutron_lib.callbacks.manager
File "/var/lib/openstack/lib/python3.10/site-packages/neutron/plugins/ml2/drivers/ovn/mech_driver/ovsdb/ovn_client.py", line 1855, in _update_lrouter_port
2026-06-09 18:19:53.253 9 ERROR neutron_lib.callbacks.manager external_ids = self._nb_idl.db_get(
2026-06-09 18:19:53.253 9 ERROR neutron_lib.callbacks.manager
File "/var/lib/openstack/lib/python3.10/site-packages/ovsdbapp/backend/ovs_idl/command.py", line 47, in execute
2026-06-09 18:19:53.253 9 ERROR neutron_lib.callbacks.manager self.run_idl(None)
2026-06-09 18:19:53.253 9 ERROR neutron_lib.callbacks.manager
File "/var/lib/openstack/lib/python3.10/site-packages/ovsdbapp/backend/ovs_idl/command.py", line 235, in run_idl
2026-06-09 18:19:53.253 9 ERROR neutron_lib.callbacks.manager record = self.api.lookup(self.table, self.record)
2026-06-09 18:19:53.253 9 ERROR neutron_lib.callbacks.manager
File "/var/lib/openstack/lib/python3.10/site-packages/ovsdbapp/backend/ovs_idl/__init__.py", line 184, in lookup
2026-06-09 18:19:53.253 9 ERROR neutron_lib.callbacks.manager return self._lookup(table, record)
2026-06-09 18:19:53.253 9 ERROR neutron_lib.callbacks.manager
File "/var/lib/openstack/lib/python3.10/site-packages/ovsdbapp/backend/ovs_idl/__init__.py", line 235, in _lookup
2026-06-09 18:19:53.253 9 ERROR neutron_lib.callbacks.manager row = idlutils.row_by_value(self, rl.table, rl.column, record)
2026-06-09 18:19:53.253 9 ERROR neutron_lib.callbacks.manager
File "/var/lib/openstack/lib/python3.10/site-packages/ovsdbapp/backend/ovs_idl/idlutils.py", line 114, in row_by_value
2026-06-09 18:19:53.253 9 ERROR neutron_lib.callbacks.manager raise RowNotFound(table=table, col=column, match=match)
2026-06-09 18:19:53.253 9 ERROR neutron_lib.callbacks.manager ovsdbapp.backend.ovs_idl.idlutils.RowNotFound: Cannot find Logical_Router_Port with name=lrp-9f689486-2bc1-4ece-b07e-ae49f9ad5eca
2026-06-09 18:19:53.253 9 ERROR neutron_lib.callbacks.manager 
2026-06-09 18:19:53.498 10 INFO neutron.wsgi [req-8710f3d1-1bb1-4620-9c6d-6725982b9f6c req-f524e7ca-b33b-4c4f-8e65-a41c013f18d4 b6010b07c75146c09d8fc3ee3b0b64ec 1ccd198a5b87496f98e9c72a2a22738a - - 0746ddb4a3ab48e7a1797add0e522397 0746ddb4a3ab48e7a1797add0e522397] 199.204.45.235 "GET /v2.0/networks?id=0a709123-3df6-48eb-b1be-4c360890510d HTTP/1.1" status: 200 len: 1002 time: 0.3225138
2026-06-09 18:19:53.517 9 INFO neutron.db.ovn_revision_numbers_db [None req-6c14e54c-5366-4081-8b45-e07ed665f754 425f30fd9bfa4a59aba8521d612b35de 767207df6ea3494b827025c83e59fe5a - - default default] Successfully bumped revision number for resource 9f689486-2bc1-4ece-b07e-ae49f9ad5eca (type: router_ports) to 1
2026-06-09 18:19:53.523 9 INFO neutron.wsgi [None req-6c14e54c-5366-4081-8b45-e07ed665f754 425f30fd9bfa4a59aba8521d612b35de 767207df6ea3494b827025c83e59fe5a - - default default] 10.0.0.231 "PUT /v2.0/routers/579928d1-5556-494f-9677-abbd54358c5e/add_router_interface HTTP/1.1" status: 200 len: 503 time: 3.3556590
2026-06-09 18:19:53.553 10 INFO neutron.wsgi [req-8710f3d1-1bb1-4620-9c6d-6725982b9f6c req-2f1bcdf0-8abe-4c15-9400-6f5bb3771003 b6010b07c75146c09d8fc3ee3b0b64ec 1ccd198a5b87496f98e9c72a2a22738a - - 0746ddb4a3ab48e7a1797add0e522397 0746ddb4a3ab48e7a1797add0e522397] 199.204.45.235 "GET /v2.0/floatingips?fixed_ip_address=10.2.1.152&port_id=ebc4b945-8857-4e5f-aa0e-27bf6838d201 HTTP/1.1" status: 200 len: 1059 time: 0.0462909
2026-06-09 18:19:53.559 10 INFO neutron.wsgi [-] 10.0.0.150 "GET / HTTP/1.1" status: 200 len: 247 time: 0.0012212
2026-06-09 18:19:53.560 9 INFO neutron.wsgi [-] 10.0.0.150 "GET / HTTP/1.1" status: 200 len: 247 time: 0.0018382
2026-06-09 18:19:53.583 10 INFO neutron.wsgi [req-8710f3d1-1bb1-4620-9c6d-6725982b9f6c req-99ab7580-42ab-4f8e-9999-d32a9e69ff18 b6010b07c75146c09d8fc3ee3b0b64ec 1ccd198a5b87496f98e9c72a2a22738a - - 0746ddb4a3ab48e7a1797add0e522397 0746ddb4a3ab48e7a1797add0e522397] 199.204.45.235 "GET /v2.0/floatingips?fixed_ip_address=fd7b%3Af9f7%3Afff%3A4eca%3A%3A19d&port_id=ebc4b945-8857-4e5f-aa0e-27bf6838d201 HTTP/1.1" status: 200 len: 217 time: 0.0234601
2026-06-09 18:19:53.637 10 INFO neutron.wsgi [req-8710f3d1-1bb1-4620-9c6d-6725982b9f6c req-238d44ac-2e67-4c9b-8f21-0e1093af52e0 b6010b07c75146c09d8fc3ee3b0b64ec 1ccd198a5b87496f98e9c72a2a22738a - - 0746ddb4a3ab48e7a1797add0e522397 0746ddb4a3ab48e7a1797add0e522397] 199.204.45.235 "GET /v2.0/subnets?id=31bc6feb-4404-47c1-b730-58ffe119d0e1&id=e0ac82e9-1742-415a-8324-9dd11b3cfddc HTTP/1.1" status: 200 len: 1561 time: 0.0471489
2026-06-09 18:19:53.665 10 INFO neutron.wsgi [req-8710f3d1-1bb1-4620-9c6d-6725982b9f6c req-1e8e5ce3-7db3-4967-9842-6b2dc1fb763a b6010b07c75146c09d8fc3ee3b0b64ec 1ccd198a5b87496f98e9c72a2a22738a - - 0746ddb4a3ab48e7a1797add0e522397 0746ddb4a3ab48e7a1797add0e522397] 199.204.45.235 "GET /v2.0/ports?network_id=0a709123-3df6-48eb-b1be-4c360890510d&device_owner=network%3Adhcp HTTP/1.1" status: 200 len: 210 time: 0.0203016
2026-06-09 18:19:53.695 10 INFO neutron.wsgi [req-8710f3d1-1bb1-4620-9c6d-6725982b9f6c req-cfd4cfa8-7dbb-4e54-b8ce-276a23832720 b6010b07c75146c09d8fc3ee3b0b64ec 1ccd198a5b87496f98e9c72a2a22738a - - 0746ddb4a3ab48e7a1797add0e522397 0746ddb4a3ab48e7a1797add0e522397] 199.204.45.235 "GET /v2.0/ports?network_id=0a709123-3df6-48eb-b1be-4c360890510d&device_owner=network%3Adhcp HTTP/1.1" status: 200 len: 210 time: 0.0220132
2026-06-09 18:19:53.763 10 INFO neutron.wsgi [req-8710f3d1-1bb1-4620-9c6d-6725982b9f6c req-8dbab126-7d6e-4fff-be06-f1bc15fc6fa4 b6010b07c75146c09d8fc3ee3b0b64ec 1ccd198a5b87496f98e9c72a2a22738a - - 0746ddb4a3ab48e7a1797add0e522397 0746ddb4a3ab48e7a1797add0e522397] 199.204.45.235 "GET /v2.0/networks/0a709123-3df6-48eb-b1be-4c360890510d?fields=segments HTTP/1.1" status: 200 len: 212 time: 0.0626757
2026-06-09 18:19:53.823 9 INFO neutron.db.ovn_revision_numbers_db [None req-ba325765-0359-41cb-8335-7415686cf6a6 425f30fd9bfa4a59aba8521d612b35de 767207df6ea3494b827025c83e59fe5a - - default default] Successfully bumped revision number for resource 8a088f87-4f76-4a11-ab51-c3edb0212b1b (type: security_groups) to 1
2026-06-09 18:19:53.839 9 INFO neutron.db.ovn_revision_numbers_db [None req-ba325765-0359-41cb-8335-7415686cf6a6 425f30fd9bfa4a59aba8521d612b35de 767207df6ea3494b827025c83e59fe5a - - default default] Successfully bumped revision number for resource 2a267fc5-71b9-414f-a74b-3f916d77c53b (type: security_group_rules) to 0
2026-06-09 18:19:53.853 9 INFO neutron.db.ovn_revision_numbers_db [None req-ba325765-0359-41cb-8335-7415686cf6a6 425f30fd9bfa4a59aba8521d612b35de 767207df6ea3494b827025c83e59fe5a - - default default] Successfully bumped revision number for resource 37ad71c7-6905-47d3-8f9a-b98ab060f967 (type: security_group_rules) to 0
2026-06-09 18:19:53.871 9 INFO neutron.db.ovn_revision_numbers_db [None req-ba325765-0359-41cb-8335-7415686cf6a6 425f30fd9bfa4a59aba8521d612b35de 767207df6ea3494b827025c83e59fe5a - - default default] Successfully bumped revision number for resource 72fafdbe-ac27-47da-be42-ca6b96e659a0 (type: security_group_rules) to 0
2026-06-09 18:19:53.876 10 INFO neutron.wsgi [req-8710f3d1-1bb1-4620-9c6d-6725982b9f6c req-9ad28990-e419-45c2-8d4c-19fec6470b67 b6010b07c75146c09d8fc3ee3b0b64ec 1ccd198a5b87496f98e9c72a2a22738a - - 0746ddb4a3ab48e7a1797add0e522397 0746ddb4a3ab48e7a1797add0e522397] 199.204.45.235 "GET /v2.0/networks/0a709123-3df6-48eb-b1be-4c360890510d?fields=provider%3Aphysical_network&fields=provider%3Anetwork_type HTTP/1.1" status: 200 len: 277 time: 0.1056857
2026-06-09 18:19:53.886 9 INFO neutron.db.ovn_revision_numbers_db [None req-ba325765-0359-41cb-8335-7415686cf6a6 425f30fd9bfa4a59aba8521d612b35de 767207df6ea3494b827025c83e59fe5a - - default default] Successfully bumped revision number for resource efcf1a4e-303a-48f9-a507-188ac4e47e9a (type: security_group_rules) to 0
2026-06-09 18:19:53.915 9 INFO neutron.wsgi [None req-ba325765-0359-41cb-8335-7415686cf6a6 425f30fd9bfa4a59aba8521d612b35de 767207df6ea3494b827025c83e59fe5a - - default default] 10.0.0.231 "GET /v2.0/security-groups?tenant_id=b91fd086fee24d3b9f609e1b1383beca&name=default HTTP/1.1" status: 200 len: 3120 time: 0.3663421
2026-06-09 18:19:54.140 9 INFO neutron.wsgi [None req-4113219f-96dd-4b52-8d03-244f63b106a3 425f30fd9bfa4a59aba8521d612b35de 767207df6ea3494b827025c83e59fe5a - - default default] 10.0.0.231 "DELETE /v2.0/security-groups/8a088f87-4f76-4a11-ab51-c3edb0212b1b HTTP/1.1" status: 204 len: 168 time: 0.2200682
2026-06-09 18:19:54.147 10 WARNING neutron_lib.context [None req-f4d4e4ba-6bae-4b8e-a197-70dd997d669d 631020fa25464e10aa33b6825e83356f 6f74d58b84d94e778231916394869457 - - default default] Method 'is_advsvc' is deprecated since 2023.2 release (neutron-lib 3.8.0) and will be removed once support for the old RBAC API policies will be removed from Neutron. Please use method 'is_service_role' instead.
2026-06-09 18:19:54.278 10 INFO neutron.db.ovn_revision_numbers_db [None req-f4d4e4ba-6bae-4b8e-a197-70dd997d669d 631020fa25464e10aa33b6825e83356f 6f74d58b84d94e778231916394869457 - - default default] Successfully bumped revision number for resource 93acdc8a-7858-4c8e-b42c-a4d78bd13d0e (type: security_groups) to 1
2026-06-09 18:19:54.297 10 INFO neutron.db.ovn_revision_numbers_db [None req-f4d4e4ba-6bae-4b8e-a197-70dd997d669d 631020fa25464e10aa33b6825e83356f 6f74d58b84d94e778231916394869457 - - default default] Successfully bumped revision number for resource 512c598b-eee7-427a-8180-c4eef85b9549 (type: security_group_rules) to 0
2026-06-09 18:19:54.311 10 INFO neutron.db.ovn_revision_numbers_db [None req-f4d4e4ba-6bae-4b8e-a197-70dd997d669d 631020fa25464e10aa33b6825e83356f 6f74d58b84d94e778231916394869457 - - default default] Successfully bumped revision number for resource f96d506c-7ce3-4a28-997b-3c30ea5b34d5 (type: security_group_rules) to 0
2026-06-09 18:19:54.336 10 INFO neutron.wsgi [None req-f4d4e4ba-6bae-4b8e-a197-70dd997d669d 631020fa25464e10aa33b6825e83356f 6f74d58b84d94e778231916394869457 - - default default] 10.0.0.231 "POST /v2.0/security-groups HTTP/1.1" status: 201 len: 1875 time: 0.1965292
2026-06-09 18:19:54.349 9 WARNING neutron_lib.context [None req-403651ff-2cf2-4236-a744-7d059a4bb9a1 631020fa25464e10aa33b6825e83356f 6f74d58b84d94e778231916394869457 - - default default] Method 'is_advsvc' is deprecated since 2023.2 release (neutron-lib 3.8.0) and will be removed once support for the old RBAC API policies will be removed from Neutron. Please use method 'is_service_role' instead.
2026-06-09 18:19:54.377 9 INFO neutron.db.ovn_revision_numbers_db [None req-f014a6b4-5761-4216-a557-f4e4cfadb153 425f30fd9bfa4a59aba8521d612b35de 767207df6ea3494b827025c83e59fe5a - - default default] Successfully bumped revision number for resource 8671d265-528e-457c-a975-2af3e5a57757 (type: security_groups) to 1
2026-06-09 18:19:54.396 9 INFO neutron.db.ovn_revision_numbers_db [None req-f014a6b4-5761-4216-a557-f4e4cfadb153 425f30fd9bfa4a59aba8521d612b35de 767207df6ea3494b827025c83e59fe5a - - default default] Successfully bumped revision number for resource 620ed422-25c9-4780-a0b7-7a8b0054c1d9 (type: security_group_rules) to 0
2026-06-09 18:19:54.411 9 INFO neutron.db.ovn_revision_numbers_db [None req-f014a6b4-5761-4216-a557-f4e4cfadb153 425f30fd9bfa4a59aba8521d612b35de 767207df6ea3494b827025c83e59fe5a - - default default] Successfully bumped revision number for resource 7197ab9a-1489-461e-9aff-4312056c6c08 (type: security_group_rules) to 0
2026-06-09 18:19:54.428 9 INFO neutron.db.ovn_revision_numbers_db [None req-f014a6b4-5761-4216-a557-f4e4cfadb153 425f30fd9bfa4a59aba8521d612b35de 767207df6ea3494b827025c83e59fe5a - - default default] Successfully bumped revision number for resource ad19183f-78e5-4b83-9cd0-ea471de4900d (type: security_group_rules) to 0
2026-06-09 18:19:54.446 9 INFO neutron.db.ovn_revision_numbers_db [None req-f014a6b4-5761-4216-a557-f4e4cfadb153 425f30fd9bfa4a59aba8521d612b35de 767207df6ea3494b827025c83e59fe5a - - default default] Successfully bumped revision number for resource dc4297ef-a2f3-4352-87aa-084b74003a3d (type: security_group_rules) to 0
2026-06-09 18:19:54.472 9 INFO neutron.wsgi [None req-f014a6b4-5761-4216-a557-f4e4cfadb153 425f30fd9bfa4a59aba8521d612b35de 767207df6ea3494b827025c83e59fe5a - - default default] 10.0.0.231 "GET /v2.0/security-groups?tenant_id=777e501eb5e34858aaf22a2ccdaf8ae9&name=default HTTP/1.1" status: 200 len: 3120 time: 0.2531235
2026-06-09 18:19:54.511 9 INFO neutron.db.ovn_revision_numbers_db [None req-403651ff-2cf2-4236-a744-7d059a4bb9a1 631020fa25464e10aa33b6825e83356f 6f74d58b84d94e778231916394869457 - - default default] Successfully bumped revision number for resource 72f4b3fe-32dc-44ef-a8d1-e1d32f818f6a (type: security_group_rules) to 0
2026-06-09 18:19:54.536 9 INFO neutron.wsgi [None req-403651ff-2cf2-4236-a744-7d059a4bb9a1 631020fa25464e10aa33b6825e83356f 6f74d58b84d94e778231916394869457 - - default default] 10.0.0.231 "POST /v2.0/security-group-rules HTTP/1.1" status: 201 len: 796 time: 0.1949542
2026-06-09 18:19:54.547 9 WARNING neutron_lib.context [None req-5fe17bf5-e48b-47e3-9da5-c8e622524b1d 631020fa25464e10aa33b6825e83356f 6f74d58b84d94e778231916394869457 - - default default] Method 'is_advsvc' is deprecated since 2023.2 release (neutron-lib 3.8.0) and will be removed once support for the old RBAC API policies will be removed from Neutron. Please use method 'is_service_role' instead.
2026-06-09 18:19:54.678 9 INFO neutron.db.ovn_revision_numbers_db [None req-5fe17bf5-e48b-47e3-9da5-c8e622524b1d 631020fa25464e10aa33b6825e83356f 6f74d58b84d94e778231916394869457 - - default default] Successfully bumped revision number for resource 794c12ee-b5b1-4f6f-b7ba-e970e97ad03f (type: security_group_rules) to 0
2026-06-09 18:19:54.679 10 INFO neutron.wsgi [None req-d4f3cd2b-4f00-4e5d-a922-76c1e78a0ac5 425f30fd9bfa4a59aba8521d612b35de 767207df6ea3494b827025c83e59fe5a - - default default] 10.0.0.231 "DELETE /v2.0/security-groups/8671d265-528e-457c-a975-2af3e5a57757 HTTP/1.1" status: 204 len: 168 time: 0.1987574
2026-06-09 18:19:54.702 9 INFO neutron.wsgi [None req-5fe17bf5-e48b-47e3-9da5-c8e622524b1d 631020fa25464e10aa33b6825e83356f 6f74d58b84d94e778231916394869457 - - default default] 10.0.0.231 "POST /v2.0/security-group-rules HTTP/1.1" status: 201 len: 795 time: 0.1609216
2026-06-09 18:19:54.713 9 WARNING neutron_lib.context [None req-eef45d47-77ce-4d58-9e7e-8c598e19171c 631020fa25464e10aa33b6825e83356f 6f74d58b84d94e778231916394869457 - - default default] Method 'is_advsvc' is deprecated since 2023.2 release (neutron-lib 3.8.0) and will be removed once support for the old RBAC API policies will be removed from Neutron. Please use method 'is_service_role' instead.
2026-06-09 18:19:54.860 9 INFO neutron.db.ovn_revision_numbers_db [None req-eef45d47-77ce-4d58-9e7e-8c598e19171c 631020fa25464e10aa33b6825e83356f 6f74d58b84d94e778231916394869457 - - default default] Successfully bumped revision number for resource 38712029-b445-448f-bfff-c875cd8b772b (type: security_group_rules) to 0
2026-06-09 18:19:54.884 9 INFO neutron.wsgi [None req-eef45d47-77ce-4d58-9e7e-8c598e19171c 631020fa25464e10aa33b6825e83356f 6f74d58b84d94e778231916394869457 - - default default] 10.0.0.231 "POST /v2.0/security-group-rules HTTP/1.1" status: 201 len: 801 time: 0.1765459
2026-06-09 18:19:54.894 9 WARNING neutron_lib.context [None req-039608cb-261b-47ee-b006-e4314024dd99 631020fa25464e10aa33b6825e83356f 6f74d58b84d94e778231916394869457 - - default default] Method 'is_advsvc' is deprecated since 2023.2 release (neutron-lib 3.8.0) and will be removed once support for the old RBAC API policies will be removed from Neutron. Please use method 'is_service_role' instead.
2026-06-09 18:19:55.058 9 INFO neutron.db.ovn_revision_numbers_db [None req-039608cb-261b-47ee-b006-e4314024dd99 631020fa25464e10aa33b6825e83356f 6f74d58b84d94e778231916394869457 - - default default] Successfully bumped revision number for resource 62c4479f-16c8-40cf-9b5e-c413f4fd281f (type: security_group_rules) to 0
2026-06-09 18:19:55.085 9 INFO neutron.wsgi [None req-039608cb-261b-47ee-b006-e4314024dd99 631020fa25464e10aa33b6825e83356f 6f74d58b84d94e778231916394869457 - - default default] 10.0.0.231 "POST /v2.0/security-group-rules HTTP/1.1" status: 201 len: 800 time: 0.1948919
2026-06-09 18:19:55.095 9 WARNING neutron_lib.context [None req-c50b842d-ffd3-4eef-83dd-6a319e407c78 631020fa25464e10aa33b6825e83356f 6f74d58b84d94e778231916394869457 - - default default] Method 'is_advsvc' is deprecated since 2023.2 release (neutron-lib 3.8.0) and will be removed once support for the old RBAC API policies will be removed from Neutron. Please use method 'is_service_role' instead.
2026-06-09 18:19:55.136 9 INFO neutron.db.securitygroups_db [None req-c50b842d-ffd3-4eef-83dd-6a319e407c78 631020fa25464e10aa33b6825e83356f 6f74d58b84d94e778231916394869457 - - default default] Project 6f74d58b84d94e778231916394869457 added a security group rule with legacy IPv6 ICMP protocol name icmp, ipv6-icmp should be used instead. It was automatically converted.
2026-06-09 18:19:55.231 9 INFO neutron.db.ovn_revision_numbers_db [None req-c50b842d-ffd3-4eef-83dd-6a319e407c78 631020fa25464e10aa33b6825e83356f 6f74d58b84d94e778231916394869457 - - default default] Successfully bumped revision number for resource 9424773c-d19b-4349-86a6-bf8a833f1742 (type: security_group_rules) to 0
2026-06-09 18:19:55.264 9 INFO neutron.wsgi [None req-c50b842d-ffd3-4eef-83dd-6a319e407c78 631020fa25464e10aa33b6825e83356f 6f74d58b84d94e778231916394869457 - - default default] 10.0.0.231 "POST /v2.0/security-group-rules HTTP/1.1" status: 201 len: 806 time: 0.1733844
2026-06-09 18:19:55.274 9 WARNING neutron_lib.context [None req-e482e8b7-2e29-4c43-b430-65774cee3715 631020fa25464e10aa33b6825e83356f 6f74d58b84d94e778231916394869457 - - default default] Method 'is_advsvc' is deprecated since 2023.2 release (neutron-lib 3.8.0) and will be removed once support for the old RBAC API policies will be removed from Neutron. Please use method 'is_service_role' instead.
2026-06-09 18:19:55.305 9 INFO neutron.db.securitygroups_db [None req-e482e8b7-2e29-4c43-b430-65774cee3715 631020fa25464e10aa33b6825e83356f 6f74d58b84d94e778231916394869457 - - default default] Project 6f74d58b84d94e778231916394869457 added a security group rule with legacy IPv6 ICMP protocol name icmp, ipv6-icmp should be used instead. It was automatically converted.
2026-06-09 18:19:55.403 9 INFO neutron.db.ovn_revision_numbers_db [None req-e482e8b7-2e29-4c43-b430-65774cee3715 631020fa25464e10aa33b6825e83356f 6f74d58b84d94e778231916394869457 - - default default] Successfully bumped revision number for resource 5c2dd3d9-0f64-42e9-a11a-55d508b407f6 (type: security_group_rules) to 0
2026-06-09 18:19:55.426 9 INFO neutron.wsgi [None req-e482e8b7-2e29-4c43-b430-65774cee3715 631020fa25464e10aa33b6825e83356f 6f74d58b84d94e778231916394869457 - - default default] 10.0.0.231 "POST /v2.0/security-group-rules HTTP/1.1" status: 201 len: 805 time: 0.1573431
2026-06-09 18:19:55.841 10 WARNING neutron_lib.context [None req-385334b3-475b-4c2f-87bc-1cd1df69f228 631020fa25464e10aa33b6825e83356f 6f74d58b84d94e778231916394869457 - - default default] Method 'is_advsvc' is deprecated since 2023.2 release (neutron-lib 3.8.0) and will be removed once support for the old RBAC API policies will be removed from Neutron. Please use method 'is_service_role' instead.
2026-06-09 18:19:55.960 10 INFO neutron.db.ovn_revision_numbers_db [None req-385334b3-475b-4c2f-87bc-1cd1df69f228 631020fa25464e10aa33b6825e83356f 6f74d58b84d94e778231916394869457 - - default default] Successfully bumped revision number for resource 98e44039-78ae-4041-b477-e7fde2523ade (type: security_groups) to 1
2026-06-09 18:19:55.972 10 INFO neutron.db.ovn_revision_numbers_db [None req-385334b3-475b-4c2f-87bc-1cd1df69f228 631020fa25464e10aa33b6825e83356f 6f74d58b84d94e778231916394869457 - - default default] Successfully bumped revision number for resource c1973ae2-9399-4f51-ad4a-153281291d56 (type: security_group_rules) to 0
2026-06-09 18:19:55.986 10 INFO neutron.db.ovn_revision_numbers_db [None req-385334b3-475b-4c2f-87bc-1cd1df69f228 631020fa25464e10aa33b6825e83356f 6f74d58b84d94e778231916394869457 - - default default] Successfully bumped revision number for resource f1cf87ab-451f-4660-a287-440460982b02 (type: security_group_rules) to 0
2026-06-09 18:19:56.005 10 INFO neutron.wsgi [None req-385334b3-475b-4c2f-87bc-1cd1df69f228 631020fa25464e10aa33b6825e83356f 6f74d58b84d94e778231916394869457 - - default default] 10.0.0.231 "POST /v2.0/security-groups HTTP/1.1" status: 201 len: 1860 time: 0.1685622
2026-06-09 18:19:56.014 10 WARNING neutron_lib.context [None req-b3445c8c-0167-4bcd-a85c-98e3b9065ce8 631020fa25464e10aa33b6825e83356f 6f74d58b84d94e778231916394869457 - - default default] Method 'is_advsvc' is deprecated since 2023.2 release (neutron-lib 3.8.0) and will be removed once support for the old RBAC API policies will be removed from Neutron. Please use method 'is_service_role' instead.
2026-06-09 18:19:56.155 10 INFO neutron.db.ovn_revision_numbers_db [None req-b3445c8c-0167-4bcd-a85c-98e3b9065ce8 631020fa25464e10aa33b6825e83356f 6f74d58b84d94e778231916394869457 - - default default] Successfully bumped revision number for resource d47baaa4-b8e3-43b1-8e7a-020260cd6003 (type: security_group_rules) to 0
2026-06-09 18:19:56.179 10 INFO neutron.wsgi [None req-b3445c8c-0167-4bcd-a85c-98e3b9065ce8 631020fa25464e10aa33b6825e83356f 6f74d58b84d94e778231916394869457 - - default default] 10.0.0.231 "POST /v2.0/security-group-rules HTTP/1.1" status: 201 len: 796 time: 0.1689117
2026-06-09 18:19:56.189 9 WARNING neutron_lib.context [None req-eb16b0cd-362d-457d-8a5e-8b9d6862dd63 631020fa25464e10aa33b6825e83356f 6f74d58b84d94e778231916394869457 - - default default] Method 'is_advsvc' is deprecated since 2023.2 release (neutron-lib 3.8.0) and will be removed once support for the old RBAC API policies will be removed from Neutron. Please use method 'is_service_role' instead.
2026-06-09 18:19:56.316 9 INFO neutron.db.ovn_revision_numbers_db [None req-eb16b0cd-362d-457d-8a5e-8b9d6862dd63 631020fa25464e10aa33b6825e83356f 6f74d58b84d94e778231916394869457 - - default default] Successfully bumped revision number for resource bc9303ad-c98e-4e27-9a37-b16569fb2ebb (type: security_group_rules) to 0
2026-06-09 18:19:56.354 9 INFO neutron.wsgi [None req-eb16b0cd-362d-457d-8a5e-8b9d6862dd63 631020fa25464e10aa33b6825e83356f 6f74d58b84d94e778231916394869457 - - default default] 10.0.0.231 "POST /v2.0/security-group-rules HTTP/1.1" status: 201 len: 801 time: 0.1685190
2026-06-09 18:19:56.368 9 WARNING neutron_lib.context [None req-2195771f-2443-422a-8c36-d72d7aeb7651 631020fa25464e10aa33b6825e83356f 6f74d58b84d94e778231916394869457 - - default default] Method 'is_advsvc' is deprecated since 2023.2 release (neutron-lib 3.8.0) and will be removed once support for the old RBAC API policies will be removed from Neutron. Please use method 'is_service_role' instead.
2026-06-09 18:19:56.630 9 WARNING neutron.scheduler.dhcp_agent_scheduler [None req-2195771f-2443-422a-8c36-d72d7aeb7651 631020fa25464e10aa33b6825e83356f 6f74d58b84d94e778231916394869457 - - default default] No more DHCP agents
2026-06-09 18:19:56.632 9 WARNING neutron.api.rpc.agentnotifiers.dhcp_rpc_agent_api [None req-2195771f-2443-422a-8c36-d72d7aeb7651 631020fa25464e10aa33b6825e83356f 6f74d58b84d94e778231916394869457 - - default default] Unable to schedule network 82e904f0-9fa3-4b6e-8e75-e094a397722a: no agents available; will retry on subsequent port and subnet creation events.
2026-06-09 18:19:56.962 9 INFO neutron.wsgi [None req-2195771f-2443-422a-8c36-d72d7aeb7651 631020fa25464e10aa33b6825e83356f 6f74d58b84d94e778231916394869457 - - default default] 10.0.0.231 "POST /v2.0/floatingips HTTP/1.1" status: 201 len: 751 time: 0.6017282
2026-06-09 18:19:57.084 10 INFO neutron.wsgi [req-06ffdf23-787d-4a40-ab25-77f9573bdafb req-e8ddec70-9396-4fe1-9fee-d27c959d0a7c 631020fa25464e10aa33b6825e83356f 6f74d58b84d94e778231916394869457 - - default default] 10.0.0.180 "GET /v2.0/security-groups?name=tempest-securitygroup--654476558&fields=id&tenant_id=6f74d58b84d94e778231916394869457 HTTP/1.1" status: 200 len: 267 time: 0.0462840
2026-06-09 18:19:57.131 10 INFO neutron.wsgi [req-06ffdf23-787d-4a40-ab25-77f9573bdafb req-65c1f1ce-1120-48ea-885a-3247cd7d40e2 631020fa25464e10aa33b6825e83356f 6f74d58b84d94e778231916394869457 - - default default] 10.0.0.180 "GET /v2.0/security-groups?name=tempest-secgroup-smoke-1534476512&fields=id&tenant_id=6f74d58b84d94e778231916394869457 HTTP/1.1" status: 200 len: 267 time: 0.0381675
2026-06-09 18:19:57.205 10 INFO neutron.wsgi [req-06ffdf23-787d-4a40-ab25-77f9573bdafb req-c7c67a53-68f2-4c8b-ba9c-149c9d7c5fe0 631020fa25464e10aa33b6825e83356f 6f74d58b84d94e778231916394869457 - - default default] 10.0.0.180 "GET /v2.0/networks?id=02362412-f05d-4881-b377-f4a17cb7e258 HTTP/1.1" status: 200 len: 872 time: 0.0674331
2026-06-09 18:19:57.222 10 INFO neutron.wsgi [req-06ffdf23-787d-4a40-ab25-77f9573bdafb req-cf725e8a-b467-4d2e-89b8-ee4b50c0af00 631020fa25464e10aa33b6825e83356f 6f74d58b84d94e778231916394869457 - - default default] 10.0.0.180 "GET /v2.0/quotas/6f74d58b84d94e778231916394869457 HTTP/1.1" status: 200 len: 491 time: 0.0105956
2026-06-09 18:19:57.321 10 INFO neutron.wsgi [req-06ffdf23-787d-4a40-ab25-77f9573bdafb req-b12cc214-9c4e-4832-b801-80d3e91d11a1 631020fa25464e10aa33b6825e83356f 6f74d58b84d94e778231916394869457 - - default default] 10.0.0.180 "GET /v2.0/ports?tenant_id=6f74d58b84d94e778231916394869457&fields=id HTTP/1.1" status: 200 len: 302 time: 0.0926986
2026-06-09 18:19:57.396 10 INFO neutron.wsgi [req-06ffdf23-787d-4a40-ab25-77f9573bdafb req-37715c0f-1920-4637-902d-8bb049522ad1 b6010b07c75146c09d8fc3ee3b0b64ec 1ccd198a5b87496f98e9c72a2a22738a - - 0746ddb4a3ab48e7a1797add0e522397 0746ddb4a3ab48e7a1797add0e522397] 10.0.0.180 "GET /v2.0/networks/02362412-f05d-4881-b377-f4a17cb7e258?fields=segments HTTP/1.1" status: 200 len: 212 time: 0.0626981
2026-06-09 18:19:57.465 10 INFO neutron.wsgi [req-06ffdf23-787d-4a40-ab25-77f9573bdafb req-9b567191-54f6-4a91-8d16-d67a81c6080c b6010b07c75146c09d8fc3ee3b0b64ec 1ccd198a5b87496f98e9c72a2a22738a - - 0746ddb4a3ab48e7a1797add0e522397 0746ddb4a3ab48e7a1797add0e522397] 10.0.0.180 "GET /v2.0/networks/02362412-f05d-4881-b377-f4a17cb7e258?fields=provider%3Aphysical_network&fields=provider%3Anetwork_type HTTP/1.1" status: 200 len: 277 time: 0.0635180
2026-06-09 18:19:57.632 9 INFO neutron.wsgi [req-28c3c9cc-22de-4464-bd52-facd01109086 req-faeef07f-a740-460f-a84a-3d53618baab6 631020fa25464e10aa33b6825e83356f 6f74d58b84d94e778231916394869457 - - default default] 10.0.0.180 "GET /v2.0/ports?device_id=167eea56-39d8-402a-9d50-d33dc1d510ec HTTP/1.1" status: 200 len: 210 time: 0.0257220
2026-06-09 18:19:58.031 10 WARNING neutron_lib.context [None req-a11f76ac-62b3-49e2-b991-700bc2c03ad1 d7af6c7449bb4d1d8317163cde27ca41 fb11cb9b7994459198b77dd3137d73a0 - - default default] Method 'is_advsvc' is deprecated since 2023.2 release (neutron-lib 3.8.0) and will be removed once support for the old RBAC API policies will be removed from Neutron. Please use method 'is_service_role' instead.
2026-06-09 18:19:58.207 10 INFO neutron.db.ovn_revision_numbers_db [None req-a11f76ac-62b3-49e2-b991-700bc2c03ad1 d7af6c7449bb4d1d8317163cde27ca41 fb11cb9b7994459198b77dd3137d73a0 - - default default] Successfully bumped revision number for resource 0a2e4d9a-aa5d-44fa-8973-04563222d7d0 (type: security_groups) to 1
2026-06-09 18:19:58.239 10 INFO neutron.db.ovn_revision_numbers_db [None req-a11f76ac-62b3-49e2-b991-700bc2c03ad1 d7af6c7449bb4d1d8317163cde27ca41 fb11cb9b7994459198b77dd3137d73a0 - - default default] Successfully bumped revision number for resource 8ad4b334-8343-4d97-9b93-c8ba6479f6ef (type: security_group_rules) to 0
2026-06-09 18:19:58.264 10 INFO neutron.db.ovn_revision_numbers_db [None req-a11f76ac-62b3-49e2-b991-700bc2c03ad1 d7af6c7449bb4d1d8317163cde27ca41 fb11cb9b7994459198b77dd3137d73a0 - - default default] Successfully bumped revision number for resource 9b0693ee-49cd-4e48-937d-e10e04fa52c2 (type: security_group_rules) to 0
2026-06-09 18:19:58.280 10 INFO neutron.db.ovn_revision_numbers_db [None req-a11f76ac-62b3-49e2-b991-700bc2c03ad1 d7af6c7449bb4d1d8317163cde27ca41 fb11cb9b7994459198b77dd3137d73a0 - - default default] Successfully bumped revision number for resource 9b9e1e19-a96a-4dd0-a226-218c6f4d3e5e (type: security_group_rules) to 0
2026-06-09 18:19:58.297 10 INFO neutron.db.ovn_revision_numbers_db [None req-a11f76ac-62b3-49e2-b991-700bc2c03ad1 d7af6c7449bb4d1d8317163cde27ca41 fb11cb9b7994459198b77dd3137d73a0 - - default default] Successfully bumped revision number for resource 9bd4631f-a15c-4992-812b-7361505550f0 (type: security_group_rules) to 0
2026-06-09 18:19:58.343 10 INFO neutron.db.segments_db [None req-a11f76ac-62b3-49e2-b991-700bc2c03ad1 d7af6c7449bb4d1d8317163cde27ca41 fb11cb9b7994459198b77dd3137d73a0 - - default default] Added segment 9e2422e9-c7f3-4dd7-9202-96e82d9ae40b of type geneve for network a56474b5-2a2a-4f92-9eb8-fc248e2ac84c
2026-06-09 18:19:58.509 10 INFO neutron.wsgi [req-06ffdf23-787d-4a40-ab25-77f9573bdafb req-06247961-71f2-4065-ad23-0eb8f062c546 631020fa25464e10aa33b6825e83356f 6f74d58b84d94e778231916394869457 - - default default] 199.204.45.235 "GET /v2.0/networks?id=02362412-f05d-4881-b377-f4a17cb7e258 HTTP/1.1" status: 200 len: 872 time: 0.1052053
2026-06-09 18:19:58.534 10 INFO neutron.db.ovn_revision_numbers_db [None req-a11f76ac-62b3-49e2-b991-700bc2c03ad1 d7af6c7449bb4d1d8317163cde27ca41 fb11cb9b7994459198b77dd3137d73a0 - - default default] Successfully bumped revision number for resource a56474b5-2a2a-4f92-9eb8-fc248e2ac84c (type: networks) to 1
2026-06-09 18:19:58.577 10 INFO neutron.wsgi [req-06ffdf23-787d-4a40-ab25-77f9573bdafb req-735f6397-10ba-4b88-93b9-de565d2d6c11 631020fa25464e10aa33b6825e83356f 6f74d58b84d94e778231916394869457 - - default default] 199.204.45.235 "GET /v2.0/security-groups?fields=id&fields=name&tenant_id=6f74d58b84d94e778231916394869457 HTTP/1.1" status: 200 len: 472 time: 0.0608692
2026-06-09 18:19:58.586 10 WARNING neutron_lib.context [req-06ffdf23-787d-4a40-ab25-77f9573bdafb req-f3bcbccd-6050-4548-943b-374e9be406cb 631020fa25464e10aa33b6825e83356f 6f74d58b84d94e778231916394869457 - - default default] Method 'is_advsvc' is deprecated since 2023.2 release (neutron-lib 3.8.0) and will be removed once support for the old RBAC API policies will be removed from Neutron. Please use method 'is_service_role' instead.
2026-06-09 18:19:58.675 9 WARNING neutron.plugins.ml2.drivers.ovn.mech_driver.ovsdb.ovn_client [None req-cb48ca33-fb75-4d63-b67f-a484b467142a - - - - - -] No hosting information found for port 9f689486-2bc1-4ece-b07e-ae49f9ad5eca: RuntimeError: No hosting information found for port 9f689486-2bc1-4ece-b07e-ae49f9ad5eca
2026-06-09 18:19:58.714 10 INFO neutron.wsgi [req-b1c87d75-4aeb-46e1-bdda-3eb87b10f41a req-e3a80022-4a32-4359-afb9-db5b84818916 631020fa25464e10aa33b6825e83356f 6f74d58b84d94e778231916394869457 - - default default] 10.0.0.180 "GET /v2.0/ports?device_id=167eea56-39d8-402a-9d50-d33dc1d510ec HTTP/1.1" status: 200 len: 210 time: 0.0231035
2026-06-09 18:19:58.755 10 WARNING neutron.scheduler.dhcp_agent_scheduler [None req-a11f76ac-62b3-49e2-b991-700bc2c03ad1 d7af6c7449bb4d1d8317163cde27ca41 fb11cb9b7994459198b77dd3137d73a0 - - default default] No more DHCP agents
2026-06-09 18:19:58.762 10 WARNING neutron.api.rpc.agentnotifiers.dhcp_rpc_agent_api [None req-a11f76ac-62b3-49e2-b991-700bc2c03ad1 d7af6c7449bb4d1d8317163cde27ca41 fb11cb9b7994459198b77dd3137d73a0 - - default default] Unable to schedule network a56474b5-2a2a-4f92-9eb8-fc248e2ac84c: no agents available; will retry on subsequent port and subnet creation events.
