2026-06-09 18:18:12.509 9 ERROR ovsdbapp.backend.ovs_idl.command record = self.api.lookup(self.table, self.record)
2026-06-09 18:18:12.509 9 ERROR ovsdbapp.backend.ovs_idl.command
File "/var/lib/openstack/lib/python3.10/site-packages/ovsdbapp/backend/ovs_idl/__init__.py", line 184, in lookup
2026-06-09 18:18:12.509 9 ERROR ovsdbapp.backend.ovs_idl.command return self._lookup(table, record)
2026-06-09 18:18:12.509 9 ERROR ovsdbapp.backend.ovs_idl.command
File "/var/lib/openstack/lib/python3.10/site-packages/ovsdbapp/backend/ovs_idl/__init__.py", line 235, in _lookup
2026-06-09 18:18:12.509 9 ERROR ovsdbapp.backend.ovs_idl.command row = idlutils.row_by_value(self, rl.table, rl.column, record)
2026-06-09 18:18:12.509 9 ERROR ovsdbapp.backend.ovs_idl.command
File "/var/lib/openstack/lib/python3.10/site-packages/ovsdbapp/backend/ovs_idl/idlutils.py", line 114, in row_by_value
2026-06-09 18:18:12.509 9 ERROR ovsdbapp.backend.ovs_idl.command raise RowNotFound(table=table, col=column, match=match)
2026-06-09 18:18:12.509 9 ERROR ovsdbapp.backend.ovs_idl.command ovsdbapp.backend.ovs_idl.idlutils.RowNotFound: Cannot find Logical_Router_Port with name=lrp-07b8dc64-21fe-43b2-8337-94790c778f0b
2026-06-09 18:18:12.509 9 ERROR ovsdbapp.backend.ovs_idl.command 
2026-06-09 18:18:12.510 9 ERROR neutron_lib.callbacks.manager [None req-9bddf194-439c-4eb6-a4ff-0afcdd97875c c6b3d686927443798b02c1aa6086c08b 3c666a41b2c54f9d90d19f913ae3ea92 - - default default] Error during notification for neutron.services.ovn_l3.plugin.OVNL3RouterPlugin._port_update-8739959395046 port, after_update: ovsdbapp.backend.ovs_idl.idlutils.RowNotFound: Cannot find Logical_Router_Port with name=lrp-07b8dc64-21fe-43b2-8337-94790c778f0b
2026-06-09 18:18:12.510 9 ERROR neutron_lib.callbacks.manager
Traceback (most recent call last):
2026-06-09 18:18:12.510 9 ERROR neutron_lib.callbacks.manager
File "/var/lib/openstack/lib/python3.10/site-packages/neutron_lib/callbacks/manager.py", line 189, in _notify_loop
2026-06-09 18:18:12.510 9 ERROR neutron_lib.callbacks.manager callback.method(resource, event, trigger, payload=payload)
2026-06-09 18:18:12.510 9 ERROR neutron_lib.callbacks.manager
File "/var/lib/openstack/lib/python3.10/site-packages/neutron/services/ovn_l3/plugin.py", line 391, in _port_update
2026-06-09 18:18:12.510 9 ERROR neutron_lib.callbacks.manager l3plugin._ovn_client.update_router_port(context,
2026-06-09 18:18:12.510 9 ERROR neutron_lib.callbacks.manager
File "/var/lib/openstack/lib/python3.10/site-packages/neutron/plugins/ml2/drivers/ovn/mech_driver/ovsdb/ovn_client.py", line 1878, in update_router_port
2026-06-09 18:18:12.510 9 ERROR neutron_lib.callbacks.manager self._update_lrouter_port(context, port, if_exists=if_exists,
2026-06-09 18:18:12.510 9 ERROR neutron_lib.callbacks.manager
File "/var/lib/openstack/lib/python3.10/site-packages/neutron/plugins/ml2/drivers/ovn/mech_driver/ovsdb/ovn_client.py", line 1855, in _update_lrouter_port
2026-06-09 18:18:12.510 9 ERROR neutron_lib.callbacks.manager external_ids = self._nb_idl.db_get(
2026-06-09 18:18:12.510 9 ERROR neutron_lib.callbacks.manager
File "/var/lib/openstack/lib/python3.10/site-packages/ovsdbapp/backend/ovs_idl/command.py", line 47, in execute
2026-06-09 18:18:12.510 9 ERROR neutron_lib.callbacks.manager self.run_idl(None)
2026-06-09 18:18:12.510 9 ERROR neutron_lib.callbacks.manager
File "/var/lib/openstack/lib/python3.10/site-packages/ovsdbapp/backend/ovs_idl/command.py", line 235, in run_idl
2026-06-09 18:18:12.510 9 ERROR neutron_lib.callbacks.manager record = self.api.lookup(self.table, self.record)
2026-06-09 18:18:12.510 9 ERROR neutron_lib.callbacks.manager
File "/var/lib/openstack/lib/python3.10/site-packages/ovsdbapp/backend/ovs_idl/__init__.py", line 184, in lookup
2026-06-09 18:18:12.510 9 ERROR neutron_lib.callbacks.manager return self._lookup(table, record)
2026-06-09 18:18:12.510 9 ERROR neutron_lib.callbacks.manager
File "/var/lib/openstack/lib/python3.10/site-packages/ovsdbapp/backend/ovs_idl/__init__.py", line 235, in _lookup
2026-06-09 18:18:12.510 9 ERROR neutron_lib.callbacks.manager row = idlutils.row_by_value(self, rl.table, rl.column, record)
2026-06-09 18:18:12.510 9 ERROR neutron_lib.callbacks.manager
File "/var/lib/openstack/lib/python3.10/site-packages/ovsdbapp/backend/ovs_idl/idlutils.py", line 114, in row_by_value
2026-06-09 18:18:12.510 9 ERROR neutron_lib.callbacks.manager raise RowNotFound(table=table, col=column, match=match)
2026-06-09 18:18:12.510 9 ERROR neutron_lib.callbacks.manager ovsdbapp.backend.ovs_idl.idlutils.RowNotFound: Cannot find Logical_Router_Port with name=lrp-07b8dc64-21fe-43b2-8337-94790c778f0b
2026-06-09 18:18:12.510 9 ERROR neutron_lib.callbacks.manager 
2026-06-09 18:18:12.533 10 INFO neutron.db.ovn_revision_numbers_db [None req-dab1b7ed-2f75-4b44-b7a4-8989d8a6d533 013e4bdd512b49e89b19fb7ea71f6888 ec4f67d44d8948a695ad22d75d62102c - - default default] Successfully bumped revision number for resource 5d328661-58a7-4804-b774-39705be2ecf4 (type: security_groups) to 1
2026-06-09 18:18:12.564 10 INFO neutron.db.ovn_revision_numbers_db [None req-dab1b7ed-2f75-4b44-b7a4-8989d8a6d533 013e4bdd512b49e89b19fb7ea71f6888 ec4f67d44d8948a695ad22d75d62102c - - default default] Successfully bumped revision number for resource b8f9928e-94d5-4b33-994e-63822773bafd (type: security_group_rules) to 0
2026-06-09 18:18:12.571 10 INFO neutron.wsgi [None req-a2afd548-9fc5-4aa1-983e-b1f357afef0a 33c5bb29d8cd4cf78cb3e9bfaf2f1405 68948a8b57e3437798ed98a8c75e7344 - - default default] 10.0.0.231 "GET /v2.0/subnets?network_id=82e904f0-9fa3-4b6e-8e75-e094a397722a HTTP/1.1" status: 200 len: 838 time: 0.0501823
2026-06-09 18:18:12.592 10 INFO neutron.db.ovn_revision_numbers_db [None req-dab1b7ed-2f75-4b44-b7a4-8989d8a6d533 013e4bdd512b49e89b19fb7ea71f6888 ec4f67d44d8948a695ad22d75d62102c - - default default] Successfully bumped revision number for resource e4792d09-140e-4c56-8271-207015d8d1e0 (type: security_group_rules) to 0
2026-06-09 18:18:12.620 10 INFO neutron.wsgi [None req-dab1b7ed-2f75-4b44-b7a4-8989d8a6d533 013e4bdd512b49e89b19fb7ea71f6888 ec4f67d44d8948a695ad22d75d62102c - - default default] 10.0.0.231 "POST /v2.0/security-groups HTTP/1.1" status: 201 len: 1801 time: 0.6398010
2026-06-09 18:18:12.670 10 INFO neutron.wsgi [None req-02d4e7d5-f930-4ee3-8e5d-c3a0c0beecdc 013e4bdd512b49e89b19fb7ea71f6888 ec4f67d44d8948a695ad22d75d62102c - - default default] 10.0.0.231 "PUT /v2.0/security-groups/5d328661-58a7-4804-b774-39705be2ecf4/tags HTTP/1.1" status: 200 len: 218 time: 0.0451477
2026-06-09 18:18:12.708 10 INFO neutron.wsgi [None req-8e84ad01-cbf2-49b1-b9a9-adf1e8f29aad 013e4bdd512b49e89b19fb7ea71f6888 ec4f67d44d8948a695ad22d75d62102c - - default default] 10.0.0.231 "GET /v2.0/security-groups/5d328661-58a7-4804-b774-39705be2ecf4/tags HTTP/1.1" status: 200 len: 218 time: 0.0323570
2026-06-09 18:18:12.712 10 WARNING neutron.scheduler.dhcp_agent_scheduler [None req-74b76f75-a60f-45b3-9694-e26a7d06fd0c 14715934adff436cb3395680c53a4f48 f6d6351481094822938e8cf330a24e5b - - default default] No more DHCP agents /var/lib/openstack/lib/python3.10/site-packages/pycadf/identifier.py:71: UserWarning: Invalid uuid: neutron. To ensure interoperability, identifiers should be a valid uuid. warnings.warn(('Invalid uuid: %s. To ensure interoperability, '
2026-06-09 18:18:12.719 10 WARNING neutron.api.rpc.agentnotifiers.dhcp_rpc_agent_api [None req-74b76f75-a60f-45b3-9694-e26a7d06fd0c 14715934adff436cb3395680c53a4f48 f6d6351481094822938e8cf330a24e5b - - default default] Unable to schedule network 7dc9d82c-3638-4c81-9ec1-0482daac7a82: no agents available; will retry on subsequent port and subnet creation events.
2026-06-09 18:18:12.771 10 INFO neutron.wsgi [None req-ef913f56-7e9d-4563-9365-af99768e7b96 013e4bdd512b49e89b19fb7ea71f6888 ec4f67d44d8948a695ad22d75d62102c - - default default] 10.0.0.231 "PUT /v2.0/security-groups/5d328661-58a7-4804-b774-39705be2ecf4/tags/green HTTP/1.1" status: 201 len: 201 time: 0.0595880
2026-06-09 18:18:12.797 9 INFO neutron.db.ovn_revision_numbers_db [None req-9bddf194-439c-4eb6-a4ff-0afcdd97875c c6b3d686927443798b02c1aa6086c08b 3c666a41b2c54f9d90d19f913ae3ea92 - - default default] Successfully bumped revision number for resource 07b8dc64-21fe-43b2-8337-94790c778f0b (type: ports) to 1
2026-06-09 18:18:12.825 9 INFO neutron.wsgi [None req-ca528a49-f7b5-4496-a11b-03e33876ebce 013e4bdd512b49e89b19fb7ea71f6888 ec4f67d44d8948a695ad22d75d62102c - - default default] 10.0.0.231 "GET /v2.0/security-groups/5d328661-58a7-4804-b774-39705be2ecf4/tags HTTP/1.1" status: 200 len: 227 time: 0.0489337 /var/lib/openstack/lib/python3.10/site-packages/pycadf/identifier.py:71: UserWarning: Invalid uuid: neutron. To ensure interoperability, identifiers should be a valid uuid. warnings.warn(('Invalid uuid: %s. To ensure interoperability, '
2026-06-09 18:18:12.859 10 INFO neutron.wsgi [None req-5edf0fe9-b442-4426-a8b4-a7c7571e26d0 013e4bdd512b49e89b19fb7ea71f6888 ec4f67d44d8948a695ad22d75d62102c - - default default] 10.0.0.231 "PUT /v2.0/security-groups/5d328661-58a7-4804-b774-39705be2ecf4/tags/red HTTP/1.1" status: 201 len: 201 time: 0.0272684
2026-06-09 18:18:12.862 10 INFO neutron.db.ovn_revision_numbers_db [None req-74b76f75-a60f-45b3-9694-e26a7d06fd0c 14715934adff436cb3395680c53a4f48 f6d6351481094822938e8cf330a24e5b - - default default] Successfully bumped revision number for resource 7fb2b852-04b3-46e8-b8a1-c1fb42aa8f58 (type: ports) to 1
2026-06-09 18:18:12.892 10 INFO neutron.wsgi [None req-ccf91a01-0017-4cbf-a920-8c55dbc6a347 013e4bdd512b49e89b19fb7ea71f6888 ec4f67d44d8948a695ad22d75d62102c - - default default] 10.0.0.231 "GET /v2.0/security-groups/5d328661-58a7-4804-b774-39705be2ecf4/tags HTTP/1.1" status: 200 len: 227 time: 0.0265465
2026-06-09 18:18:12.896 10 INFO neutron.wsgi [None req-74b76f75-a60f-45b3-9694-e26a7d06fd0c 14715934adff436cb3395680c53a4f48 f6d6351481094822938e8cf330a24e5b - - default default] 10.0.0.231 "POST /v2.0/ports HTTP/1.1" status: 201 len: 1165 time: 0.6023710
2026-06-09 18:18:12.917 9 WARNING neutron.scheduler.dhcp_agent_scheduler [None req-9bddf194-439c-4eb6-a4ff-0afcdd97875c c6b3d686927443798b02c1aa6086c08b 3c666a41b2c54f9d90d19f913ae3ea92 - - default default] No more DHCP agents
2026-06-09 18:18:12.918 9 WARNING neutron.api.rpc.agentnotifiers.dhcp_rpc_agent_api [None req-9bddf194-439c-4eb6-a4ff-0afcdd97875c c6b3d686927443798b02c1aa6086c08b 3c666a41b2c54f9d90d19f913ae3ea92 - - default default] Unable to schedule network 2264b310-66bc-4d38-abee-96bb18cb9a17: no agents available; will retry on subsequent port and subnet creation events.
2026-06-09 18:18:12.961 10 INFO neutron.wsgi [None req-ecbf9d7d-7439-40ea-8acd-1b727f749fd3 013e4bdd512b49e89b19fb7ea71f6888 ec4f67d44d8948a695ad22d75d62102c - - default default] 10.0.0.231 "PUT /v2.0/security-groups/5d328661-58a7-4804-b774-39705be2ecf4/tags/black.or.white HTTP/1.1" status: 201 len: 201 time: 0.0642126
2026-06-09 18:18:12.997 10 INFO neutron.wsgi [None req-4c710bc4-0968-47c6-a9ae-cf5d732af882 013e4bdd512b49e89b19fb7ea71f6888 ec4f67d44d8948a695ad22d75d62102c - - default default] 10.0.0.231 "GET /v2.0/security-groups/5d328661-58a7-4804-b774-39705be2ecf4/tags HTTP/1.1" status: 200 len: 245 time: 0.0318122
2026-06-09 18:18:13.011 9 INFO neutron.db.ovn_revision_numbers_db [None req-43c4697d-803c-43f0-9b91-7f0024dfa66b 1d410dd39fb94001aab0ab95fbc35b67 42aca4cb7de7415e9bf5b499e208ab2a - - default default] Successfully bumped revision number for resource 3aceb485-cc73-455d-8f47-89ea0a00c8fe (type: floatingips) to 2
2026-06-09 18:18:13.056 10 INFO neutron.wsgi [None req-12793f78-3954-4c4c-8ddb-cc0280e6144a 013e4bdd512b49e89b19fb7ea71f6888 ec4f67d44d8948a695ad22d75d62102c - - default default] 10.0.0.231 "PUT /v2.0/security-groups/5d328661-58a7-4804-b774-39705be2ecf4/tags HTTP/1.1" status: 200 len: 230 time: 0.0536149 /var/lib/openstack/lib/python3.10/site-packages/pycadf/identifier.py:71: UserWarning: Invalid uuid: neutron. To ensure interoperability, identifiers should be a valid uuid. warnings.warn(('Invalid uuid: %s. To ensure interoperability, '
2026-06-09 18:18:13.092 9 INFO neutron.wsgi [None req-230d43e3-54c1-4908-b659-34974fa73df8 013e4bdd512b49e89b19fb7ea71f6888 ec4f67d44d8948a695ad22d75d62102c - - default default] 10.0.0.231 "GET /v2.0/security-groups/5d328661-58a7-4804-b774-39705be2ecf4/tags HTTP/1.1" status: 200 len: 230 time: 0.0303652
2026-06-09 18:18:13.097 9 INFO neutron.db.l3_db [None req-43c4697d-803c-43f0-9b91-7f0024dfa66b 1d410dd39fb94001aab0ab95fbc35b67 42aca4cb7de7415e9bf5b499e208ab2a - - default default] Floating IP 3aceb485-cc73-455d-8f47-89ea0a00c8fe disassociated. External IP: 10.96.250.204, port: ff8bc0e5-9557-4ea6-bb0f-a375fef97818.
2026-06-09 18:18:13.126 9 INFO neutron.wsgi [None req-43c4697d-803c-43f0-9b91-7f0024dfa66b 1d410dd39fb94001aab0ab95fbc35b67 42aca4cb7de7415e9bf5b499e208ab2a - - default default] 10.0.0.231 "PUT /v2.0/floatingips/3aceb485-cc73-455d-8f47-89ea0a00c8fe HTTP/1.1" status: 200 len: 748 time: 0.4212959
2026-06-09 18:18:13.129 10 INFO neutron.wsgi [None req-5d017e65-f651-4cab-ae39-c379e801e832 013e4bdd512b49e89b19fb7ea71f6888 ec4f67d44d8948a695ad22d75d62102c - - default default] 10.0.0.231 "GET /v2.0/security-groups/5d328661-58a7-4804-b774-39705be2ecf4/tags/red HTTP/1.1" status: 204 len: 168 time: 0.0322046
2026-06-09 18:18:13.169 10 INFO neutron.wsgi [None req-d9558c43-3dcc-40b2-838b-f001e0f8d45e 1d410dd39fb94001aab0ab95fbc35b67 42aca4cb7de7415e9bf5b499e208ab2a - - default default] 10.0.0.231 "GET /v2.0/floatingips/3aceb485-cc73-455d-8f47-89ea0a00c8fe HTTP/1.1" status: 200 len: 746 time: 0.0369210
2026-06-09 18:18:13.172 9 INFO neutron.api.v2.resource [None req-0416f86f-6d81-4d96-90a5-7d24a43d34c4 013e4bdd512b49e89b19fb7ea71f6888 ec4f67d44d8948a695ad22d75d62102c - - default default] show failed (client error): The resource could not be found.
2026-06-09 18:18:13.173 9 INFO neutron.wsgi [None req-0416f86f-6d81-4d96-90a5-7d24a43d34c4 013e4bdd512b49e89b19fb7ea71f6888 ec4f67d44d8948a695ad22d75d62102c - - default default] 10.0.0.231 "GET /v2.0/security-groups/5d328661-58a7-4804-b774-39705be2ecf4/tags/green HTTP/1.1" status: 404 len: 299 time: 0.0363898
2026-06-09 18:18:13.192 9 INFO neutron.notifiers.nova [-] Nova event matching ['req-d9cf6509-76dc-43d2-aefb-b2a339578b5e'] response: {'name': 'network-changed', 'server_uuid': 'a2dbb52e-7f3c-4f6c-a780-a8ac15488a9e', 'tag': 'ff8bc0e5-9557-4ea6-bb0f-a375fef97818', 'status': 'completed', 'code': 200}
2026-06-09 18:18:13.230 9 INFO neutron.wsgi [None req-2f6301f1-5bee-4587-8855-475d579f5e37 013e4bdd512b49e89b19fb7ea71f6888 ec4f67d44d8948a695ad22d75d62102c - - default default] 10.0.0.231 "DELETE /v2.0/security-groups/5d328661-58a7-4804-b774-39705be2ecf4/tags/red HTTP/1.1" status: 204 len: 168 time: 0.0525479
2026-06-09 18:18:13.252 10 INFO neutron.wsgi [req-e7af1627-23b5-4189-b4cf-0c86ffddfa2d req-5435f7e0-855e-4c3e-8934-b5c89dc1c597 b6010b07c75146c09d8fc3ee3b0b64ec 1ccd198a5b87496f98e9c72a2a22738a - - 0746ddb4a3ab48e7a1797add0e522397 0746ddb4a3ab48e7a1797add0e522397] 199.204.45.235 "GET /v2.0/ports?tenant_id=42aca4cb7de7415e9bf5b499e208ab2a&device_id=a2dbb52e-7f3c-4f6c-a780-a8ac15488a9e HTTP/1.1" status: 200 len: 1409 time: 0.0453281
2026-06-09 18:18:13.268 9 INFO neutron.wsgi [None req-4947e489-603f-46c9-b9af-06e132ab60b7 013e4bdd512b49e89b19fb7ea71f6888 ec4f67d44d8948a695ad22d75d62102c - - default default] 10.0.0.231 "GET /v2.0/security-groups/5d328661-58a7-4804-b774-39705be2ecf4/tags HTTP/1.1" status: 200 len: 223 time: 0.0337095
2026-06-09 18:18:13.312 10 INFO neutron.wsgi [None req-f8a91879-c8b1-4ed6-87e7-56e4d62a5fef 14715934adff436cb3395680c53a4f48 f6d6351481094822938e8cf330a24e5b - - default default] 10.0.0.231 "DELETE /v2.0/ports/7fb2b852-04b3-46e8-b8a1-c1fb42aa8f58 HTTP/1.1" status: 204 len: 168 time: 0.4117539
2026-06-09 18:18:13.334 10 INFO neutron.api.v2.resource [None req-f8d42b2f-6bc3-4e33-b64a-de75a48c5ea7 013e4bdd512b49e89b19fb7ea71f6888 ec4f67d44d8948a695ad22d75d62102c - - default default] delete failed (client error): The resource could not be found.
2026-06-09 18:18:13.336 10 INFO neutron.wsgi [None req-f8d42b2f-6bc3-4e33-b64a-de75a48c5ea7 013e4bdd512b49e89b19fb7ea71f6888 ec4f67d44d8948a695ad22d75d62102c - - default default] 10.0.0.231 "DELETE /v2.0/security-groups/5d328661-58a7-4804-b774-39705be2ecf4/tags/green HTTP/1.1" status: 404 len: 299 time: 0.0538166
2026-06-09 18:18:13.341 9 INFO neutron.pecan_wsgi.hooks.translation [None req-7f39ec9e-aa91-4acc-9b72-caa6d42fd492 14715934adff436cb3395680c53a4f48 f6d6351481094822938e8cf330a24e5b - - default default] DELETE failed (client error): The resource could not be found.
2026-06-09 18:18:13.343 9 INFO neutron.wsgi [None req-7f39ec9e-aa91-4acc-9b72-caa6d42fd492 14715934adff436cb3395680c53a4f48 f6d6351481094822938e8cf330a24e5b - - default default] 10.0.0.231 "DELETE /v2.0/ports/7fb2b852-04b3-46e8-b8a1-c1fb42aa8f58 HTTP/1.1" status: 404 len: 333 time: 0.0232697
2026-06-09 18:18:13.349 10 INFO neutron.wsgi [req-e7af1627-23b5-4189-b4cf-0c86ffddfa2d req-a04782ac-a4c9-41b2-aa3b-f3c1ad92e91d b6010b07c75146c09d8fc3ee3b0b64ec 1ccd198a5b87496f98e9c72a2a22738a - - 0746ddb4a3ab48e7a1797add0e522397 0746ddb4a3ab48e7a1797add0e522397] 199.204.45.235 "GET /v2.0/networks?id=05a62a19-93c4-4d6e-a41d-e581e77d5bfa HTTP/1.1" status: 200 len: 959 time: 0.0916376
2026-06-09 18:18:13.364 9 INFO neutron.pecan_wsgi.hooks.translation [None req-cd191d0c-ff2c-488a-9a19-bceda574efbc 14715934adff436cb3395680c53a4f48 f6d6351481094822938e8cf330a24e5b - - default default] GET failed (client error): The resource could not be found.
2026-06-09 18:18:13.365 9 INFO neutron.wsgi [None req-cd191d0c-ff2c-488a-9a19-bceda574efbc 14715934adff436cb3395680c53a4f48 f6d6351481094822938e8cf330a24e5b - - default default] 10.0.0.231 "GET /v2.0/ports/7fb2b852-04b3-46e8-b8a1-c1fb42aa8f58 HTTP/1.1" status: 404 len: 333 time: 0.0156500
2026-06-09 18:18:13.366 9 INFO neutron.db.ovn_revision_numbers_db [None req-9bddf194-439c-4eb6-a4ff-0afcdd97875c c6b3d686927443798b02c1aa6086c08b 3c666a41b2c54f9d90d19f913ae3ea92 - - default default] Successfully bumped revision number for resource 07b8dc64-21fe-43b2-8337-94790c778f0b (type: router_ports) to 1
2026-06-09 18:18:13.370 9 INFO neutron.wsgi [None req-9bddf194-439c-4eb6-a4ff-0afcdd97875c c6b3d686927443798b02c1aa6086c08b 3c666a41b2c54f9d90d19f913ae3ea92 - - default default] 10.0.0.231 "PUT /v2.0/routers/ac8ed56a-5b49-413f-b8dd-2814bf319291/add_router_interface HTTP/1.1" status: 200 len: 503 time: 2.5756910
2026-06-09 18:18:13.378 10 INFO neutron.wsgi [req-e7af1627-23b5-4189-b4cf-0c86ffddfa2d req-ed52baf8-50dc-4ea9-8970-a6ae4b931ac9 b6010b07c75146c09d8fc3ee3b0b64ec 1ccd198a5b87496f98e9c72a2a22738a - - 0746ddb4a3ab48e7a1797add0e522397 0746ddb4a3ab48e7a1797add0e522397] 199.204.45.235 "GET /v2.0/floatingips?fixed_ip_address=10.100.0.6&port_id=ff8bc0e5-9557-4ea6-bb0f-a375fef97818 HTTP/1.1" status: 200 len: 217 time: 0.0246110
2026-06-09 18:18:13.382 10 WARNING neutron_lib.context [None req-bb98dba8-14b2-45ec-a314-69d1eb7a8814 c6b3d686927443798b02c1aa6086c08b 3c666a41b2c54f9d90d19f913ae3ea92 - - default default] Method 'is_advsvc' is deprecated since 2023.2 release (neutron-lib 3.8.0) and will be removed once support for the old RBAC API policies will be removed from Neutron. Please use method 'is_service_role' instead.
2026-06-09 18:18:13.426 10 INFO neutron.wsgi [None req-d7c9b1aa-8fa9-4360-b66e-4245583bbb1b 013e4bdd512b49e89b19fb7ea71f6888 ec4f67d44d8948a695ad22d75d62102c - - default default] 10.0.0.231 "DELETE /v2.0/security-groups/5d328661-58a7-4804-b774-39705be2ecf4/tags HTTP/1.1" status: 204 len: 168 time: 0.0847878
2026-06-09 18:18:13.447 10 INFO neutron.wsgi [req-e7af1627-23b5-4189-b4cf-0c86ffddfa2d req-afb7503d-46eb-4a3a-9941-a9b27cfc594a b6010b07c75146c09d8fc3ee3b0b64ec 1ccd198a5b87496f98e9c72a2a22738a - - 0746ddb4a3ab48e7a1797add0e522397 0746ddb4a3ab48e7a1797add0e522397] 199.204.45.235 "GET /v2.0/subnets?id=74cd6a20-b8a4-4ae0-9d8d-0c7b585e17a0 HTTP/1.1" status: 200 len: 853 time: 0.0616260
2026-06-09 18:18:13.487 10 INFO neutron.wsgi [None req-75e1776b-b542-4c60-b533-30a5afb9bf4a 013e4bdd512b49e89b19fb7ea71f6888 ec4f67d44d8948a695ad22d75d62102c - - default default] 10.0.0.231 "GET /v2.0/security-groups/5d328661-58a7-4804-b774-39705be2ecf4/tags HTTP/1.1" status: 200 len: 205 time: 0.0564051
2026-06-09 18:18:13.489 10 INFO neutron.wsgi [req-e7af1627-23b5-4189-b4cf-0c86ffddfa2d req-4b629f73-22e5-44c0-8db9-bdd1940f72e6 b6010b07c75146c09d8fc3ee3b0b64ec 1ccd198a5b87496f98e9c72a2a22738a - - 0746ddb4a3ab48e7a1797add0e522397 0746ddb4a3ab48e7a1797add0e522397] 199.204.45.235 "GET /v2.0/ports?network_id=05a62a19-93c4-4d6e-a41d-e581e77d5bfa&device_owner=network%3Adhcp HTTP/1.1" status: 200 len: 210 time: 0.0337932
2026-06-09 18:18:13.547 9 INFO neutron.wsgi [None req-61bd655b-b194-4859-9966-b4fe003d2b14 14715934adff436cb3395680c53a4f48 f6d6351481094822938e8cf330a24e5b - - default default] 10.0.0.231 "DELETE /v2.0/subnets/a17410b2-6720-4b20-810e-dba57c559406 HTTP/1.1" status: 204 len: 168 time: 0.1763108
2026-06-09 18:18:13.568 10 INFO neutron.wsgi [req-e7af1627-23b5-4189-b4cf-0c86ffddfa2d req-a7cd97b7-641d-4e6c-8b94-712878c38e41 b6010b07c75146c09d8fc3ee3b0b64ec 1ccd198a5b87496f98e9c72a2a22738a - - 0746ddb4a3ab48e7a1797add0e522397 0746ddb4a3ab48e7a1797add0e522397] 199.204.45.235 "GET /v2.0/networks/05a62a19-93c4-4d6e-a41d-e581e77d5bfa?fields=segments HTTP/1.1" status: 200 len: 212 time: 0.0722928
2026-06-09 18:18:13.638 9 INFO neutron.wsgi [None req-95dffd53-9f0c-4447-9ca8-423dd3368fbe 013e4bdd512b49e89b19fb7ea71f6888 ec4f67d44d8948a695ad22d75d62102c - - default default] 10.0.0.231 "DELETE /v2.0/security-groups/5d328661-58a7-4804-b774-39705be2ecf4 HTTP/1.1" status: 204 len: 168 time: 0.1439083
2026-06-09 18:18:13.646 10 INFO neutron.wsgi [req-e7af1627-23b5-4189-b4cf-0c86ffddfa2d req-0fae0931-3f92-4ccc-9093-90dc6275ef82 b6010b07c75146c09d8fc3ee3b0b64ec 1ccd198a5b87496f98e9c72a2a22738a - - 0746ddb4a3ab48e7a1797add0e522397 0746ddb4a3ab48e7a1797add0e522397] 199.204.45.235 "GET /v2.0/networks/05a62a19-93c4-4d6e-a41d-e581e77d5bfa?fields=provider%3Aphysical_network&fields=provider%3Anetwork_type HTTP/1.1" status: 200 len: 277 time: 0.0720432
2026-06-09 18:18:13.795 10 WARNING neutron.scheduler.dhcp_agent_scheduler [None req-bb98dba8-14b2-45ec-a314-69d1eb7a8814 c6b3d686927443798b02c1aa6086c08b 3c666a41b2c54f9d90d19f913ae3ea92 - - default default] No more DHCP agents
2026-06-09 18:18:13.799 10 WARNING neutron.api.rpc.agentnotifiers.dhcp_rpc_agent_api [None req-bb98dba8-14b2-45ec-a314-69d1eb7a8814 c6b3d686927443798b02c1aa6086c08b 3c666a41b2c54f9d90d19f913ae3ea92 - - default default] Unable to schedule network 2264b310-66bc-4d38-abee-96bb18cb9a17: no agents available; will retry on subsequent port and subnet creation events.
2026-06-09 18:18:13.939 9 INFO neutron.services.segments.plugin [-] Segment bfd43abd-f638-4c8d-9f26-19a745f77f87 resource provider aggregate not found
2026-06-09 18:18:13.948 9 INFO neutron.services.segments.plugin [-] Segment bfd43abd-f638-4c8d-9f26-19a745f77f87 resource provider aggregate not found
2026-06-09 18:18:13.971 9 INFO neutron.services.segments.plugin [-] Segment bfd43abd-f638-4c8d-9f26-19a745f77f87 resource provider not found; error: Placement Client Error (4xx): {"errors": [{"status": 404, "title": "Not Found", "detail": "The resource could not be found.\n\n No resource provider with uuid bfd43abd-f638-4c8d-9f26-19a745f77f87 found for delete ", "request_id": "req-9d272633-d701-4835-a8d7-0ab5118ad506"}]}
2026-06-09 18:18:13.972 9 INFO neutron.services.segments.plugin [-] Segment bfd43abd-f638-4c8d-9f26-19a745f77f87 resource provider not found; error: Placement Client Error (4xx): {"errors": [{"status": 404, "title": "Not Found", "detail": "The resource could not be found.\n\n No resource provider with uuid bfd43abd-f638-4c8d-9f26-19a745f77f87 found for delete ", "request_id": "req-47831814-1e74-4afa-abca-9b9b72956b67"}]}
2026-06-09 18:18:13.984 10 INFO neutron.db.ovn_revision_numbers_db [None req-bb98dba8-14b2-45ec-a314-69d1eb7a8814 c6b3d686927443798b02c1aa6086c08b 3c666a41b2c54f9d90d19f913ae3ea92 - - default default] Successfully bumped revision number for resource acee44bf-ae88-440b-a0cf-e9b183f47949 (type: ports) to 1
2026-06-09 18:18:13.993 9 INFO neutron.wsgi [None req-28ac28ed-efad-4e43-9690-baee37b18aa4 14715934adff436cb3395680c53a4f48 f6d6351481094822938e8cf330a24e5b - - default default] 10.0.0.231 "DELETE /v2.0/networks/7dc9d82c-3638-4c81-9ec1-0482daac7a82 HTTP/1.1" status: 204 len: 168 time: 0.4409213
2026-06-09 18:18:14.003 9 WARNING neutron_lib.context [None req-4cfaf757-3357-40b5-88d9-539f66d4f4b0 14715934adff436cb3395680c53a4f48 f6d6351481094822938e8cf330a24e5b - - default default] Method 'is_advsvc' is deprecated since 2023.2 release (neutron-lib 3.8.0) and will be removed once support for the old RBAC API policies will be removed from Neutron. Please use method 'is_service_role' instead.
2026-06-09 18:18:14.008 10 INFO neutron.wsgi [None req-bb98dba8-14b2-45ec-a314-69d1eb7a8814 c6b3d686927443798b02c1aa6086c08b 3c666a41b2c54f9d90d19f913ae3ea92 - - default default] 10.0.0.231 "POST /v2.0/ports HTTP/1.1" status: 201 len: 1153 time: 0.6323431 /var/lib/openstack/lib/python3.10/site-packages/pycadf/identifier.py:71: UserWarning: Invalid uuid: neutron. To ensure interoperability, identifiers should be a valid uuid. warnings.warn(('Invalid uuid: %s. To ensure interoperability, '
2026-06-09 18:18:14.018 10 WARNING neutron_lib.context [None req-4d960e81-b49c-4ab9-b5c5-69d1cd956aa8 c6b3d686927443798b02c1aa6086c08b 3c666a41b2c54f9d90d19f913ae3ea92 - - default default] Method 'is_advsvc' is deprecated since 2023.2 release (neutron-lib 3.8.0) and will be removed once support for the old RBAC API policies will be removed from Neutron. Please use method 'is_service_role' instead.
2026-06-09 18:18:14.078 9 INFO neutron.db.segments_db [None req-4cfaf757-3357-40b5-88d9-539f66d4f4b0 14715934adff436cb3395680c53a4f48 f6d6351481094822938e8cf330a24e5b - - default default] Added segment 2be9efdc-3bcd-43b9-9c9c-bc9e65c13fa8 of type geneve for network 90561942-e48c-43a0-a4ce-50e2a2a0f6f8
2026-06-09 18:18:14.227 9 INFO neutron.db.ovn_revision_numbers_db [None req-4cfaf757-3357-40b5-88d9-539f66d4f4b0 14715934adff436cb3395680c53a4f48 f6d6351481094822938e8cf330a24e5b - - default default] Successfully bumped revision number for resource 90561942-e48c-43a0-a4ce-50e2a2a0f6f8 (type: networks) to 1
2026-06-09 18:18:14.256 9 WARNING neutron_lib.context [None req-1e54a57e-a1d6-4f2e-b6a6-be49203582b7 1d410dd39fb94001aab0ab95fbc35b67 42aca4cb7de7415e9bf5b499e208ab2a - - default default] Method 'is_advsvc' is deprecated since 2023.2 release (neutron-lib 3.8.0) and will be removed once support for the old RBAC API policies will be removed from Neutron. Please use method 'is_service_role' instead.
2026-06-09 18:18:14.310 10 WARNING neutron.scheduler.dhcp_agent_scheduler [None req-4d960e81-b49c-4ab9-b5c5-69d1cd956aa8 c6b3d686927443798b02c1aa6086c08b 3c666a41b2c54f9d90d19f913ae3ea92 - - default default] No more DHCP agents
2026-06-09 18:18:14.313 10 WARNING neutron.api.rpc.agentnotifiers.dhcp_rpc_agent_api [None req-4d960e81-b49c-4ab9-b5c5-69d1cd956aa8 c6b3d686927443798b02c1aa6086c08b 3c666a41b2c54f9d90d19f913ae3ea92 - - default default] Unable to schedule network 2264b310-66bc-4d38-abee-96bb18cb9a17: no agents available; will retry on subsequent port and subnet creation events.
2026-06-09 18:18:14.467 10 INFO neutron.db.ovn_revision_numbers_db [None req-4d960e81-b49c-4ab9-b5c5-69d1cd956aa8 c6b3d686927443798b02c1aa6086c08b 3c666a41b2c54f9d90d19f913ae3ea92 - - default default] Successfully bumped revision number for resource aa2e8bd7-f3bb-48b8-83dc-530a1bb39d8c (type: ports) to 1
2026-06-09 18:18:14.492 10 INFO neutron.wsgi [None req-4d960e81-b49c-4ab9-b5c5-69d1cd956aa8 c6b3d686927443798b02c1aa6086c08b 3c666a41b2c54f9d90d19f913ae3ea92 - - default default] 10.0.0.231 "POST /v2.0/ports HTTP/1.1" status: 201 len: 1158 time: 0.4789231 /var/lib/openstack/lib/python3.10/site-packages/pycadf/identifier.py:71: UserWarning: Invalid uuid: neutron. To ensure interoperability, identifiers should be a valid uuid. warnings.warn(('Invalid uuid: %s. To ensure interoperability, '
2026-06-09 18:18:14.501 10 WARNING neutron_lib.context [None req-e7aa09d5-1a62-4916-a821-1afd71a9e0d5 c6b3d686927443798b02c1aa6086c08b 3c666a41b2c54f9d90d19f913ae3ea92 - - default default] Method 'is_advsvc' is deprecated since 2023.2 release (neutron-lib 3.8.0) and will be removed once support for the old RBAC API policies will be removed from Neutron. Please use method 'is_service_role' instead.
2026-06-09 18:18:14.675 9 WARNING neutron.scheduler.dhcp_agent_scheduler [None req-4cfaf757-3357-40b5-88d9-539f66d4f4b0 14715934adff436cb3395680c53a4f48 f6d6351481094822938e8cf330a24e5b - - default default] No more DHCP agents
2026-06-09 18:18:14.680 9 WARNING neutron.api.rpc.agentnotifiers.dhcp_rpc_agent_api [None req-4cfaf757-3357-40b5-88d9-539f66d4f4b0 14715934adff436cb3395680c53a4f48 f6d6351481094822938e8cf330a24e5b - - default default] Unable to schedule network 90561942-e48c-43a0-a4ce-50e2a2a0f6f8: no agents available; will retry on subsequent port and subnet creation events.
2026-06-09 18:18:14.728 9 INFO neutron.db.ovn_revision_numbers_db [None req-1e54a57e-a1d6-4f2e-b6a6-be49203582b7 1d410dd39fb94001aab0ab95fbc35b67 42aca4cb7de7415e9bf5b499e208ab2a - - default default] Successfully bumped revision number for resource 69de2916-321d-40bf-a674-6d0c801b6691 (type: security_groups) to 1
2026-06-09 18:18:14.733 10 WARNING neutron.scheduler.dhcp_agent_scheduler [None req-e7aa09d5-1a62-4916-a821-1afd71a9e0d5 c6b3d686927443798b02c1aa6086c08b 3c666a41b2c54f9d90d19f913ae3ea92 - - default default] No more DHCP agents
2026-06-09 18:18:14.735 10 WARNING neutron.api.rpc.agentnotifiers.dhcp_rpc_agent_api [None req-e7aa09d5-1a62-4916-a821-1afd71a9e0d5 c6b3d686927443798b02c1aa6086c08b 3c666a41b2c54f9d90d19f913ae3ea92 - - default default] Unable to schedule network 82e904f0-9fa3-4b6e-8e75-e094a397722a: no agents available; will retry on subsequent port and subnet creation events.
2026-06-09 18:18:14.763 9 INFO neutron.db.ovn_revision_numbers_db [None req-1e54a57e-a1d6-4f2e-b6a6-be49203582b7 1d410dd39fb94001aab0ab95fbc35b67 42aca4cb7de7415e9bf5b499e208ab2a - - default default] Successfully bumped revision number for resource 66b65cd0-6b29-4c0c-887b-0a67b74041c5 (type: security_group_rules) to 0
2026-06-09 18:18:14.797 9 INFO neutron.db.ovn_revision_numbers_db [None req-1e54a57e-a1d6-4f2e-b6a6-be49203582b7 1d410dd39fb94001aab0ab95fbc35b67 42aca4cb7de7415e9bf5b499e208ab2a - - default default] Successfully bumped revision number for resource 728f03c0-ceb9-4a98-a653-409a5e113211 (type: security_group_rules) to 0
2026-06-09 18:18:14.817 9 INFO neutron.db.ovn_revision_numbers_db [None req-4cfaf757-3357-40b5-88d9-539f66d4f4b0 14715934adff436cb3395680c53a4f48 f6d6351481094822938e8cf330a24e5b - - default default] Successfully bumped revision number for resource 4a5f1eef-63af-4208-95c9-2a6b2bba2d65 (type: ports) to 1
2026-06-09 18:18:14.830 9 INFO neutron.wsgi [None req-1e54a57e-a1d6-4f2e-b6a6-be49203582b7 1d410dd39fb94001aab0ab95fbc35b67 42aca4cb7de7415e9bf5b499e208ab2a - - default default] 10.0.0.231 "POST /v2.0/security-groups HTTP/1.1" status: 201 len: 1875 time: 0.5782316
2026-06-09 18:18:14.852 9 WARNING neutron_lib.context [None req-c26494f6-fff2-4373-836e-943dab1d0314 1d410dd39fb94001aab0ab95fbc35b67 42aca4cb7de7415e9bf5b499e208ab2a - - default default] Method 'is_advsvc' is deprecated since 2023.2 release (neutron-lib 3.8.0) and will be removed once support for the old RBAC API policies will be removed from Neutron. Please use method 'is_service_role' instead.
2026-06-09 18:18:14.883 9 INFO neutron.wsgi [None req-4cfaf757-3357-40b5-88d9-539f66d4f4b0 14715934adff436cb3395680c53a4f48 f6d6351481094822938e8cf330a24e5b - - default default] 10.0.0.231 "POST /v2.0/networks HTTP/1.1" status: 201 len: 835 time: 0.8850608
2026-06-09 18:18:14.896 9 WARNING neutron_lib.context [None req-fe9735de-b982-49e3-9192-003a2d73231b 14715934adff436cb3395680c53a4f48 f6d6351481094822938e8cf330a24e5b - - default default] Method 'is_advsvc' is deprecated since 2023.2 release (neutron-lib 3.8.0) and will be removed once support for the old RBAC API policies will be removed from Neutron. Please use method 'is_service_role' instead.
2026-06-09 18:18:14.962 9 INFO neutron.db.ovn_revision_numbers_db [None req-5f402f86-a3df-4777-b981-246f95aa9de0 425f30fd9bfa4a59aba8521d612b35de 767207df6ea3494b827025c83e59fe5a - - default default] Successfully bumped revision number for resource d5f5c394-7e76-48ab-b01a-52b5e44fdb21 (type: security_groups) to 1
2026-06-09 18:18:14.991 9 INFO neutron.db.ovn_revision_numbers_db [None req-5f402f86-a3df-4777-b981-246f95aa9de0 425f30fd9bfa4a59aba8521d612b35de 767207df6ea3494b827025c83e59fe5a - - default default] Successfully bumped revision number for resource 126c715e-9924-49c1-b5b3-8d9f9685c8db (type: security_group_rules) to 0
2026-06-09 18:18:15.022 9 INFO neutron.db.ovn_revision_numbers_db [None req-5f402f86-a3df-4777-b981-246f95aa9de0 425f30fd9bfa4a59aba8521d612b35de 767207df6ea3494b827025c83e59fe5a - - default default] Successfully bumped revision number for resource aa85f483-197a-4c3a-bea2-9e5b9daad2d7 (type: security_group_rules) to 0
2026-06-09 18:18:15.055 9 INFO neutron.db.ovn_revision_numbers_db [None req-5f402f86-a3df-4777-b981-246f95aa9de0 425f30fd9bfa4a59aba8521d612b35de 767207df6ea3494b827025c83e59fe5a - - default default] Successfully bumped revision number for resource af5e78ca-2755-43f3-ba7b-2ca249ef1652 (type: security_group_rules) to 0
2026-06-09 18:18:15.090 9 INFO neutron.db.ovn_revision_numbers_db [None req-5f402f86-a3df-4777-b981-246f95aa9de0 425f30fd9bfa4a59aba8521d612b35de 767207df6ea3494b827025c83e59fe5a - - default default] Successfully bumped revision number for resource b55da2cb-f838-4f05-8576-4bd02697d7f4 (type: security_group_rules) to 0
2026-06-09 18:18:15.126 9 INFO neutron.wsgi [None req-5f402f86-a3df-4777-b981-246f95aa9de0 425f30fd9bfa4a59aba8521d612b35de 767207df6ea3494b827025c83e59fe5a - - default default] 10.0.0.231 "GET /v2.0/security-groups?tenant_id=fc4042db91c64753b3dc4e6d751d5b37&name=default HTTP/1.1" status: 200 len: 3120 time: 0.8131204
2026-06-09 18:18:15.134 9 INFO neutron.db.ovn_revision_numbers_db [None req-c26494f6-fff2-4373-836e-943dab1d0314 1d410dd39fb94001aab0ab95fbc35b67 42aca4cb7de7415e9bf5b499e208ab2a - - default default] Successfully bumped revision number for resource 5924ca41-8dc7-4a53-8745-4f9c0bea2a4e (type: security_group_rules) to 0
2026-06-09 18:18:15.168 9 INFO neutron.wsgi [None req-c26494f6-fff2-4373-836e-943dab1d0314 1d410dd39fb94001aab0ab95fbc35b67 42aca4cb7de7415e9bf5b499e208ab2a - - default default] 10.0.0.231 "POST /v2.0/security-group-rules HTTP/1.1" status: 201 len: 796 time: 0.3223748
2026-06-09 18:18:15.180 9 WARNING neutron_lib.context [None req-f29e5a84-d83b-46cf-9310-0495254163c3 1d410dd39fb94001aab0ab95fbc35b67 42aca4cb7de7415e9bf5b499e208ab2a - - default default] Method 'is_advsvc' is deprecated since 2023.2 release (neutron-lib 3.8.0) and will be removed once support for the old RBAC API policies will be removed from Neutron. Please use method 'is_service_role' instead.
2026-06-09 18:18:15.242 9 WARNING neutron.scheduler.dhcp_agent_scheduler [None req-fe9735de-b982-49e3-9192-003a2d73231b 14715934adff436cb3395680c53a4f48 f6d6351481094822938e8cf330a24e5b - - default default] No more DHCP agents
2026-06-09 18:18:15.245 9 WARNING neutron.api.rpc.agentnotifiers.dhcp_rpc_agent_api [None req-fe9735de-b982-49e3-9192-003a2d73231b 14715934adff436cb3395680c53a4f48 f6d6351481094822938e8cf330a24e5b - - default default] Unable to schedule network 90561942-e48c-43a0-a4ce-50e2a2a0f6f8: no agents available; will retry on subsequent port and subnet creation events.
2026-06-09 18:18:15.289 9 INFO neutron.db.ovn_revision_numbers_db [None req-fe9735de-b982-49e3-9192-003a2d73231b 14715934adff436cb3395680c53a4f48 f6d6351481094822938e8cf330a24e5b - - default default] Successfully bumped revision number for resource 1afd5608-bc6d-4d14-b463-e690a0d45555 (type: subnets) to 0
2026-06-09 18:18:15.307 9 INFO neutron.wsgi [None req-fe9735de-b982-49e3-9192-003a2d73231b 14715934adff436cb3395680c53a4f48 f6d6351481094822938e8cf330a24e5b - - default default] 10.0.0.231 "POST /v2.0/subnets HTTP/1.1" status: 201 len: 821 time: 0.4165683
2026-06-09 18:18:15.319 9 WARNING neutron_lib.context [None req-d2883109-2007-4baf-b3df-cce4c07f0d30 14715934adff436cb3395680c53a4f48 f6d6351481094822938e8cf330a24e5b - - default default] Method 'is_advsvc' is deprecated since 2023.2 release (neutron-lib 3.8.0) and will be removed once support for the old RBAC API policies will be removed from Neutron. Please use method 'is_service_role' instead.
2026-06-09 18:18:15.359 9 INFO neutron.db.ovn_revision_numbers_db [None req-f29e5a84-d83b-46cf-9310-0495254163c3 1d410dd39fb94001aab0ab95fbc35b67 42aca4cb7de7415e9bf5b499e208ab2a - - default default] Successfully bumped revision number for resource 80eaa5ad-299c-4e36-84dc-70abe2f49d02 (type: security_group_rules) to 0
2026-06-09 18:18:15.391 9 INFO neutron.wsgi [None req-f29e5a84-d83b-46cf-9310-0495254163c3 1d410dd39fb94001aab0ab95fbc35b67 42aca4cb7de7415e9bf5b499e208ab2a - - default default] 10.0.0.231 "POST /v2.0/security-group-rules HTTP/1.1" status: 201 len: 795 time: 0.2182014
2026-06-09 18:18:15.402 10 WARNING neutron_lib.context [None req-a6647a5c-a6f0-4974-834c-3c285e3f8022 1d410dd39fb94001aab0ab95fbc35b67 42aca4cb7de7415e9bf5b499e208ab2a - - default default] Method 'is_advsvc' is deprecated since 2023.2 release (neutron-lib 3.8.0) and will be removed once support for the old RBAC API policies will be removed from Neutron. Please use method 'is_service_role' instead.
2026-06-09 18:18:15.438 10 INFO neutron.wsgi [None req-a3ced085-8b35-4f92-8cd7-0ea6b634fbec 425f30fd9bfa4a59aba8521d612b35de 767207df6ea3494b827025c83e59fe5a - - default default] 10.0.0.231 "DELETE /v2.0/security-groups/d5f5c394-7e76-48ab-b01a-52b5e44fdb21 HTTP/1.1" status: 204 len: 168 time: 0.3068991
2026-06-09 18:18:15.602 10 INFO neutron.wsgi [None req-68cbfa96-e193-48ca-a3b8-9fdb839567d3 425f30fd9bfa4a59aba8521d612b35de 767207df6ea3494b827025c83e59fe5a - - default default] 10.0.0.231 "GET /v2.0/security-groups?tenant_id=ec4f67d44d8948a695ad22d75d62102c&name=default HTTP/1.1" status: 200 len: 3120 time: 0.0762229
2026-06-09 18:18:15.633 10 INFO neutron.db.ovn_revision_numbers_db [None req-a6647a5c-a6f0-4974-834c-3c285e3f8022 1d410dd39fb94001aab0ab95fbc35b67 42aca4cb7de7415e9bf5b499e208ab2a - - default default] Successfully bumped revision number for resource 7781c99e-8b47-4149-96fe-f871ca8e4c8a (type: security_group_rules) to 0
2026-06-09 18:18:15.650 9 WARNING neutron.scheduler.dhcp_agent_scheduler [None req-d2883109-2007-4baf-b3df-cce4c07f0d30 14715934adff436cb3395680c53a4f48 f6d6351481094822938e8cf330a24e5b - - default default] No more DHCP agents
2026-06-09 18:18:15.653 9 WARNING neutron.api.rpc.agentnotifiers.dhcp_rpc_agent_api [None req-d2883109-2007-4baf-b3df-cce4c07f0d30 14715934adff436cb3395680c53a4f48 f6d6351481094822938e8cf330a24e5b - - default default] Unable to schedule network 90561942-e48c-43a0-a4ce-50e2a2a0f6f8: no agents available; will retry on subsequent port and subnet creation events.
2026-06-09 18:18:15.674 10 INFO neutron.wsgi [None req-a6647a5c-a6f0-4974-834c-3c285e3f8022 1d410dd39fb94001aab0ab95fbc35b67 42aca4cb7de7415e9bf5b499e208ab2a - - default default] 10.0.0.231 "POST /v2.0/security-group-rules HTTP/1.1" status: 201 len: 801 time: 0.2776225
2026-06-09 18:18:15.683 10 WARNING neutron_lib.context [None req-b67ec027-b943-4b16-9e9f-7babf557b641 1d410dd39fb94001aab0ab95fbc35b67 42aca4cb7de7415e9bf5b499e208ab2a - - default default] Method 'is_advsvc' is deprecated since 2023.2 release (neutron-lib 3.8.0) and will be removed once support for the old RBAC API policies will be removed from Neutron. Please use method 'is_service_role' instead.
2026-06-09 18:18:15.755 10 INFO neutron.db.ovn_revision_numbers_db [None req-e7aa09d5-1a62-4916-a821-1afd71a9e0d5 c6b3d686927443798b02c1aa6086c08b 3c666a41b2c54f9d90d19f913ae3ea92 - - default default] Successfully bumped revision number for resource c082fd49-32b8-4a0b-9f98-f82b9347724c (type: floatingips) to -1
2026-06-09 18:18:15.788 9 INFO neutron.db.ovn_revision_numbers_db [None req-d2883109-2007-4baf-b3df-cce4c07f0d30 14715934adff436cb3395680c53a4f48 f6d6351481094822938e8cf330a24e5b - - default default] Successfully bumped revision number for resource 7c3261e1-2b81-4015-906e-642ad5ba9516 (type: ports) to 1
2026-06-09 18:18:15.824 9 INFO neutron.wsgi [None req-d2883109-2007-4baf-b3df-cce4c07f0d30 14715934adff436cb3395680c53a4f48 f6d6351481094822938e8cf330a24e5b - - default default] 10.0.0.231 "POST /v2.0/ports HTTP/1.1" status: 201 len: 1126 time: 0.5103104
2026-06-09 18:18:15.919 10 INFO neutron.db.ovn_revision_numbers_db [None req-b67ec027-b943-4b16-9e9f-7babf557b641 1d410dd39fb94001aab0ab95fbc35b67 42aca4cb7de7415e9bf5b499e208ab2a - - default default] Successfully bumped revision number for resource 9b524e46-9674-48f4-869e-cbb5ea4ae7e4 (type: security_group_rules) to 0
2026-06-09 18:18:15.923 10 INFO neutron.db.ovn_revision_numbers_db [None req-e7aa09d5-1a62-4916-a821-1afd71a9e0d5 c6b3d686927443798b02c1aa6086c08b 3c666a41b2c54f9d90d19f913ae3ea92 - - default default] Successfully bumped revision number for resource c082fd49-32b8-4a0b-9f98-f82b9347724c (type: floatingips) to 1
2026-06-09 18:18:15.924 10 INFO neutron.db.l3_db [None req-e7aa09d5-1a62-4916-a821-1afd71a9e0d5 c6b3d686927443798b02c1aa6086c08b 3c666a41b2c54f9d90d19f913ae3ea92 - - default default] Floating IP c082fd49-32b8-4a0b-9f98-f82b9347724c associated. External IP: 10.96.250.209, port: aa2e8bd7-f3bb-48b8-83dc-530a1bb39d8c.
2026-06-09 18:18:15.933 9 INFO neutron.wsgi [None req-131cfb73-8605-442f-89e7-10a64b9582dc 425f30fd9bfa4a59aba8521d612b35de 767207df6ea3494b827025c83e59fe5a - - default default] 10.0.0.231 "DELETE /v2.0/security-groups/e72a86a0-022d-4430-bb53-5a38ccc8560b HTTP/1.1" status: 204 len: 168 time: 0.3240249
2026-06-09 18:18:15.951 10 INFO neutron.wsgi [None req-b67ec027-b943-4b16-9e9f-7babf557b641 1d410dd39fb94001aab0ab95fbc35b67 42aca4cb7de7415e9bf5b499e208ab2a - - default default] 10.0.0.231 "POST /v2.0/security-group-rules HTTP/1.1" status: 201 len: 800 time: 0.2724469
2026-06-09 18:18:15.961 9 WARNING neutron_lib.context [None req-7aa0ee3a-5d27-458d-b5a9-23b3b5bc24a9 1d410dd39fb94001aab0ab95fbc35b67 42aca4cb7de7415e9bf5b499e208ab2a - - default default] Method 'is_advsvc' is deprecated since 2023.2 release (neutron-lib 3.8.0) and will be removed once support for the old RBAC API policies will be removed from Neutron. Please use method 'is_service_role' instead.
2026-06-09 18:18:15.972 10 INFO neutron.wsgi [None req-e7aa09d5-1a62-4916-a821-1afd71a9e0d5 c6b3d686927443798b02c1aa6086c08b 3c666a41b2c54f9d90d19f913ae3ea92 - - default default] 10.0.0.231 "POST /v2.0/floatingips HTTP/1.1" status: 201 len: 1042 time: 1.4755106
2026-06-09 18:18:16.018 9 INFO neutron.db.securitygroups_db [None req-7aa0ee3a-5d27-458d-b5a9-23b3b5bc24a9 1d410dd39fb94001aab0ab95fbc35b67 42aca4cb7de7415e9bf5b499e208ab2a - - default default] Project 42aca4cb7de7415e9bf5b499e208ab2a added a security group rule with legacy IPv6 ICMP protocol name icmp, ipv6-icmp should be used instead. It was automatically converted.
2026-06-09 18:18:16.155 10 INFO neutron.db.ovn_revision_numbers_db [None req-c90d1fd0-454f-4d26-812c-635b694daccf c6b3d686927443798b02c1aa6086c08b 3c666a41b2c54f9d90d19f913ae3ea92 - - default default] Successfully bumped revision number for resource c082fd49-32b8-4a0b-9f98-f82b9347724c (type: floatingips) to 2
2026-06-09 18:18:16.160 9 INFO neutron.db.ovn_revision_numbers_db [None req-7aa0ee3a-5d27-458d-b5a9-23b3b5bc24a9 1d410dd39fb94001aab0ab95fbc35b67 42aca4cb7de7415e9bf5b499e208ab2a - - default default] Successfully bumped revision number for resource 0d0545ef-d6ca-473d-b4d9-ef91ec807f67 (type: security_group_rules) to 0
2026-06-09 18:18:16.170 9 INFO neutron.wsgi [None req-56fb7e41-ec7c-4207-85f1-5beb8accabdc 14715934adff436cb3395680c53a4f48 f6d6351481094822938e8cf330a24e5b - - default default] 10.0.0.231 "DELETE /v2.0/ports/7c3261e1-2b81-4015-906e-642ad5ba9516 HTTP/1.1" status: 204 len: 168 time: 0.3373282
2026-06-09 18:18:16.187 9 INFO neutron.wsgi [None req-7aa0ee3a-5d27-458d-b5a9-23b3b5bc24a9 1d410dd39fb94001aab0ab95fbc35b67 42aca4cb7de7415e9bf5b499e208ab2a - - default default] 10.0.0.231 "POST /v2.0/security-group-rules HTTP/1.1" status: 201 len: 806 time: 0.2309606
2026-06-09 18:18:16.195 9 WARNING neutron_lib.context [None req-6ff1042e-b533-444f-b8f3-5d67736d133f 1d410dd39fb94001aab0ab95fbc35b67 42aca4cb7de7415e9bf5b499e208ab2a - - default default] Method 'is_advsvc' is deprecated since 2023.2 release (neutron-lib 3.8.0) and will be removed once support for the old RBAC API policies will be removed from Neutron. Please use method 'is_service_role' instead.
2026-06-09 18:18:16.207 10 INFO neutron.pecan_wsgi.hooks.translation [None req-6d1a3c8c-8711-411f-b588-b5adae2a45fc 14715934adff436cb3395680c53a4f48 f6d6351481094822938e8cf330a24e5b - - default default] GET failed (client error): The resource could not be found.
2026-06-09 18:18:16.209 10 INFO neutron.wsgi [None req-6d1a3c8c-8711-411f-b588-b5adae2a45fc 14715934adff436cb3395680c53a4f48 f6d6351481094822938e8cf330a24e5b - - default default] 10.0.0.231 "GET /v2.0/ports/7c3261e1-2b81-4015-906e-642ad5ba9516 HTTP/1.1" status: 404 len: 333 time: 0.0315609
2026-06-09 18:18:16.228 10 INFO neutron.db.l3_db [None req-c90d1fd0-454f-4d26-812c-635b694daccf c6b3d686927443798b02c1aa6086c08b 3c666a41b2c54f9d90d19f913ae3ea92 - - default default] Floating IP c082fd49-32b8-4a0b-9f98-f82b9347724c disassociated. External IP: 10.96.250.209, port: aa2e8bd7-f3bb-48b8-83dc-530a1bb39d8c.
2026-06-09 18:18:16.244 9 INFO neutron.db.securitygroups_db [None req-6ff1042e-b533-444f-b8f3-5d67736d133f 1d410dd39fb94001aab0ab95fbc35b67 42aca4cb7de7415e9bf5b499e208ab2a - - default default] Project 42aca4cb7de7415e9bf5b499e208ab2a added a security group rule with legacy IPv6 ICMP protocol name icmp, ipv6-icmp should be used instead. It was automatically converted.
2026-06-09 18:18:16.252 10 INFO neutron.wsgi [None req-c90d1fd0-454f-4d26-812c-635b694daccf c6b3d686927443798b02c1aa6086c08b 3c666a41b2c54f9d90d19f913ae3ea92 - - default default] 10.0.0.231 "PUT /v2.0/floatingips/c082fd49-32b8-4a0b-9f98-f82b9347724c HTTP/1.1" status: 200 len: 748 time: 0.2760291
2026-06-09 18:18:16.400 9 INFO neutron.db.ovn_revision_numbers_db [None req-6ff1042e-b533-444f-b8f3-5d67736d133f 1d410dd39fb94001aab0ab95fbc35b67 42aca4cb7de7415e9bf5b499e208ab2a - - default default] Successfully bumped revision number for resource f59cb597-0032-4a96-bcd6-3ed274af4193 (type: security_group_rules) to 0
2026-06-09 18:18:16.416 9 INFO neutron.wsgi [None req-21d70518-6b7b-47b7-b362-9fcf618791f1 14715934adff436cb3395680c53a4f48 f6d6351481094822938e8cf330a24e5b - - default default] 10.0.0.231 "DELETE /v2.0/subnets/1afd5608-bc6d-4d14-b463-e690a0d45555 HTTP/1.1" status: 204 len: 168 time: 0.2005756
2026-06-09 18:18:16.453 9 INFO neutron.wsgi [None req-6ff1042e-b533-444f-b8f3-5d67736d133f 1d410dd39fb94001aab0ab95fbc35b67 42aca4cb7de7415e9bf5b499e208ab2a - - default default] 10.0.0.231 "POST /v2.0/security-group-rules HTTP/1.1" status: 201 len: 805 time: 0.2618525
2026-06-09 18:18:16.517 10 WARNING neutron.plugins.ml2.drivers.ovn.mech_driver.ovsdb.ovn_client [None req-6530a85a-f2e7-4203-8f07-50e8939a02bd - - - - - -] No hosting information found for port 295441f5-859c-4992-b2ae-0479210a1297: RuntimeError: No hosting information found for port 295441f5-859c-4992-b2ae-0479210a1297
2026-06-09 18:18:16.517 10 INFO neutron.plugins.ml2.drivers.ovn.mech_driver.mech_driver [None req-6530a85a-f2e7-4203-8f07-50e8939a02bd - - - - - -] OVN reports status up for port: 07b8dc64-21fe-43b2-8337-94790c778f0b
2026-06-09 18:18:16.535 10 INFO neutron.plugins.ml2.plugin [None req-6530a85a-f2e7-4203-8f07-50e8939a02bd - - - - - -] Attempt 1 to provision port 07b8dc64-21fe-43b2-8337-94790c778f0b
2026-06-09 18:18:16.954 10 INFO neutron.wsgi [None req-0d0f2053-5dcd-4037-bcc0-adb20a13744a c6b3d686927443798b02c1aa6086c08b 3c666a41b2c54f9d90d19f913ae3ea92 - - default default] 10.0.0.231 "DELETE /v2.0/floatingips/c082fd49-32b8-4a0b-9f98-f82b9347724c HTTP/1.1" status: 204 len: 168 time: 0.6943364
2026-06-09 18:18:16.969 9 WARNING neutron_lib.context [None req-432d9bdb-e2bd-48d7-9f91-f5ed8f496f71 c6b3d686927443798b02c1aa6086c08b 3c666a41b2c54f9d90d19f913ae3ea92 - - default default] Method 'is_advsvc' is deprecated since 2023.2 release (neutron-lib 3.8.0) and will be removed once support for the old RBAC API policies will be removed from Neutron. Please use method 'is_service_role' instead.
2026-06-09 18:18:17.024 9 INFO neutron.wsgi [None req-4747c144-8a97-45c4-b21f-79551f409252 1d410dd39fb94001aab0ab95fbc35b67 42aca4cb7de7415e9bf5b499e208ab2a - - default default] 10.0.0.231 "GET /v2.0/networks HTTP/1.1" status: 200 len: 1493 time: 0.2067015
2026-06-09 18:18:17.149 10 INFO neutron.wsgi [req-4e657251-d093-475b-ae5f-9f899eb4a259 req-1cd1481c-7fb6-40f5-9941-91796187c80d 1d410dd39fb94001aab0ab95fbc35b67 42aca4cb7de7415e9bf5b499e208ab2a - - default default] 10.0.0.180 "GET /v2.0/security-groups?name=tempest-secgroup-smoke-1636977393&fields=id&tenant_id=42aca4cb7de7415e9bf5b499e208ab2a HTTP/1.1" status: 200 len: 267 time: 0.0643046
2026-06-09 18:18:17.225 10 INFO neutron.services.segments.plugin [-] Segment 2be9efdc-3bcd-43b9-9c9c-bc9e65c13fa8 resource provider aggregate not found
2026-06-09 18:18:17.230 10 INFO neutron.services.segments.plugin [-] Segment 2be9efdc-3bcd-43b9-9c9c-bc9e65c13fa8 resource provider aggregate not found
