2026-06-09 18:19:58.875 10 INFO neutron.db.ovn_revision_numbers_db [None req-a11f76ac-62b3-49e2-b991-700bc2c03ad1 d7af6c7449bb4d1d8317163cde27ca41 fb11cb9b7994459198b77dd3137d73a0 - - default default] Successfully bumped revision number for resource 48de87fb-de90-4dbc-821e-e6fa75a800ff (type: ports) to 1
2026-06-09 18:19:58.908 10 INFO neutron.wsgi [None req-a11f76ac-62b3-49e2-b991-700bc2c03ad1 d7af6c7449bb4d1d8317163cde27ca41 fb11cb9b7994459198b77dd3137d73a0 - - default default] 10.0.0.231 "POST /v2.0/networks HTTP/1.1" status: 201 len: 831 time: 1.0724268
2026-06-09 18:19:58.919 9 WARNING neutron_lib.context [None req-4f56c5cc-cc12-4bb6-95a3-c06ec56c44d1 d7af6c7449bb4d1d8317163cde27ca41 fb11cb9b7994459198b77dd3137d73a0 - - default default] Method 'is_advsvc' is deprecated since 2023.2 release (neutron-lib 3.8.0) and will be removed once support for the old RBAC API policies will be removed from Neutron. Please use method 'is_service_role' instead.
2026-06-09 18:19:59.000 9 INFO neutron.wsgi [req-3d081b1e-46e2-4b44-aa12-2b1243b357aa req-acaacdf8-b9fe-49ac-a4ae-407d5aeb122b 425f30fd9bfa4a59aba8521d612b35de 767207df6ea3494b827025c83e59fe5a - - default default] 10.0.0.180 "GET /v2.0/security-groups?id=08b02b12-d914-49c1-b14c-42295d7e0efc&fields=id HTTP/1.1" status: 200 len: 267 time: 0.0430677
2026-06-09 18:19:59.041 10 WARNING neutron.scheduler.dhcp_agent_scheduler [req-06ffdf23-787d-4a40-ab25-77f9573bdafb req-f3bcbccd-6050-4548-943b-374e9be406cb 631020fa25464e10aa33b6825e83356f 6f74d58b84d94e778231916394869457 - - default default] No more DHCP agents
2026-06-09 18:19:59.043 10 WARNING neutron.api.rpc.agentnotifiers.dhcp_rpc_agent_api [req-06ffdf23-787d-4a40-ab25-77f9573bdafb req-f3bcbccd-6050-4548-943b-374e9be406cb 631020fa25464e10aa33b6825e83356f 6f74d58b84d94e778231916394869457 - - default default] Unable to schedule network 02362412-f05d-4881-b377-f4a17cb7e258: no agents available; will retry on subsequent port and subnet creation events.
2026-06-09 18:19:59.098 9 INFO neutron.wsgi [req-3d081b1e-46e2-4b44-aa12-2b1243b357aa req-e15a785f-5de1-486d-af5f-5211091924da 425f30fd9bfa4a59aba8521d612b35de 767207df6ea3494b827025c83e59fe5a - - default default] 10.0.0.180 "GET /v2.0/networks?id=a8cf3389-57af-408b-95e4-6dc8f8d349fe HTTP/1.1" status: 200 len: 937 time: 0.0927699
2026-06-09 18:19:59.116 9 INFO neutron.wsgi [req-3d081b1e-46e2-4b44-aa12-2b1243b357aa req-66e767c7-a599-4e87-9bb3-8928080ed895 425f30fd9bfa4a59aba8521d612b35de 767207df6ea3494b827025c83e59fe5a - - default default] 10.0.0.180 "GET /v2.0/quotas/767207df6ea3494b827025c83e59fe5a HTTP/1.1" status: 200 len: 490 time: 0.0125599
2026-06-09 18:19:59.208 10 INFO neutron.db.ovn_revision_numbers_db [req-06ffdf23-787d-4a40-ab25-77f9573bdafb req-f3bcbccd-6050-4548-943b-374e9be406cb 631020fa25464e10aa33b6825e83356f 6f74d58b84d94e778231916394869457 - - default default] Successfully bumped revision number for resource b33c229d-15bb-469f-be70-41a45ec44a08 (type: ports) to 1
2026-06-09 18:19:59.212 9 INFO neutron.wsgi [req-3d081b1e-46e2-4b44-aa12-2b1243b357aa req-610268b8-905b-49a4-9c1b-51db55a31e9d 425f30fd9bfa4a59aba8521d612b35de 767207df6ea3494b827025c83e59fe5a - - default default] 10.0.0.180 "GET /v2.0/ports?tenant_id=767207df6ea3494b827025c83e59fe5a&fields=id HTTP/1.1" status: 200 len: 348 time: 0.0905335
2026-06-09 18:19:59.231 10 INFO neutron.wsgi [req-06ffdf23-787d-4a40-ab25-77f9573bdafb req-f3bcbccd-6050-4548-943b-374e9be406cb 631020fa25464e10aa33b6825e83356f 6f74d58b84d94e778231916394869457 - - default default] 199.204.45.235 "POST /v2.0/ports HTTP/1.1" status: 201 len: 1201 time: 0.6498749 /var/lib/openstack/lib/python3.10/site-packages/pycadf/identifier.py:71: UserWarning: Invalid uuid: neutron. To ensure interoperability, identifiers should be a valid uuid. warnings.warn(('Invalid uuid: %s. To ensure interoperability, '
2026-06-09 18:19:59.290 9 WARNING neutron.scheduler.dhcp_agent_scheduler [None req-4f56c5cc-cc12-4bb6-95a3-c06ec56c44d1 d7af6c7449bb4d1d8317163cde27ca41 fb11cb9b7994459198b77dd3137d73a0 - - default default] No more DHCP agents
2026-06-09 18:19:59.295 9 WARNING neutron.api.rpc.agentnotifiers.dhcp_rpc_agent_api [None req-4f56c5cc-cc12-4bb6-95a3-c06ec56c44d1 d7af6c7449bb4d1d8317163cde27ca41 fb11cb9b7994459198b77dd3137d73a0 - - default default] Unable to schedule network a56474b5-2a2a-4f92-9eb8-fc248e2ac84c: no agents available; will retry on subsequent port and subnet creation events.
2026-06-09 18:19:59.332 9 INFO neutron.wsgi [req-3d081b1e-46e2-4b44-aa12-2b1243b357aa req-b4c3ce52-b725-4c37-81e6-84bc3e075e65 b6010b07c75146c09d8fc3ee3b0b64ec 1ccd198a5b87496f98e9c72a2a22738a - - 0746ddb4a3ab48e7a1797add0e522397 0746ddb4a3ab48e7a1797add0e522397] 10.0.0.180 "GET /v2.0/networks/a8cf3389-57af-408b-95e4-6dc8f8d349fe?fields=segments HTTP/1.1" status: 200 len: 212 time: 0.1050534
2026-06-09 18:19:59.415 9 INFO neutron.wsgi [req-3d081b1e-46e2-4b44-aa12-2b1243b357aa req-e5d79cb5-a07b-4aef-986a-e4df058a4020 b6010b07c75146c09d8fc3ee3b0b64ec 1ccd198a5b87496f98e9c72a2a22738a - - 0746ddb4a3ab48e7a1797add0e522397 0746ddb4a3ab48e7a1797add0e522397] 10.0.0.180 "GET /v2.0/networks/a8cf3389-57af-408b-95e4-6dc8f8d349fe?fields=provider%3Aphysical_network&fields=provider%3Anetwork_type HTTP/1.1" status: 200 len: 277 time: 0.0729795
2026-06-09 18:19:59.696 10 INFO neutron.db.ovn_revision_numbers_db [req-06ffdf23-787d-4a40-ab25-77f9573bdafb req-488ba436-7fea-4eca-be11-0b2d898aeb76 b6010b07c75146c09d8fc3ee3b0b64ec 1ccd198a5b87496f98e9c72a2a22738a - - 0746ddb4a3ab48e7a1797add0e522397 0746ddb4a3ab48e7a1797add0e522397] Successfully bumped revision number for resource b33c229d-15bb-469f-be70-41a45ec44a08 (type: ports) to 2 /var/lib/openstack/lib/python3.10/site-packages/pycadf/identifier.py:71: UserWarning: Invalid uuid: neutron. To ensure interoperability, identifiers should be a valid uuid. warnings.warn(('Invalid uuid: %s. To ensure interoperability, '
2026-06-09 18:19:59.841 10 INFO neutron.wsgi [req-029c969e-2612-486a-83ea-3f4b0a47b5bb req-86c8fbae-5324-4eac-9304-a426cbbc4cc9 631020fa25464e10aa33b6825e83356f 6f74d58b84d94e778231916394869457 - - default default] 10.0.0.180 "GET /v2.0/ports?device_id=167eea56-39d8-402a-9d50-d33dc1d510ec HTTP/1.1" status: 200 len: 1212 time: 0.0532820
2026-06-09 18:19:59.842 9 INFO neutron.db.ovn_revision_numbers_db [None req-4f56c5cc-cc12-4bb6-95a3-c06ec56c44d1 d7af6c7449bb4d1d8317163cde27ca41 fb11cb9b7994459198b77dd3137d73a0 - - default default] Successfully bumped revision number for resource 48de87fb-de90-4dbc-821e-e6fa75a800ff (type: ports) to 2
2026-06-09 18:19:59.888 9 INFO neutron.db.ovn_revision_numbers_db [None req-4f56c5cc-cc12-4bb6-95a3-c06ec56c44d1 d7af6c7449bb4d1d8317163cde27ca41 fb11cb9b7994459198b77dd3137d73a0 - - default default] Successfully bumped revision number for resource 30070b70-73fc-4df0-997e-a604f0b0fcb6 (type: subnets) to 0
2026-06-09 18:19:59.908 9 INFO neutron.wsgi [None req-4f56c5cc-cc12-4bb6-95a3-c06ec56c44d1 d7af6c7449bb4d1d8317163cde27ca41 fb11cb9b7994459198b77dd3137d73a0 - - default default] 10.0.0.231 "POST /v2.0/subnets HTTP/1.1" status: 201 len: 801 time: 0.9955063
2026-06-09 18:19:59.945 10 INFO neutron.wsgi [req-029c969e-2612-486a-83ea-3f4b0a47b5bb req-32464f8b-d3f5-4af7-9800-2801643aa72f 631020fa25464e10aa33b6825e83356f 6f74d58b84d94e778231916394869457 - - default default] 10.0.0.180 "GET /v2.0/security-groups?id=98e44039-78ae-4041-b477-e7fde2523ade&id=93acdc8a-7858-4c8e-b42c-a4d78bd13d0e&fields=id&fields=name HTTP/1.1" status: 200 len: 405 time: 0.0959458
2026-06-09 18:19:59.998 10 INFO neutron.db.ovn_revision_numbers_db [req-06ffdf23-787d-4a40-ab25-77f9573bdafb req-488ba436-7fea-4eca-be11-0b2d898aeb76 b6010b07c75146c09d8fc3ee3b0b64ec 1ccd198a5b87496f98e9c72a2a22738a - - 0746ddb4a3ab48e7a1797add0e522397 0746ddb4a3ab48e7a1797add0e522397] Successfully bumped revision number for resource b33c229d-15bb-469f-be70-41a45ec44a08 (type: ports) to 2
2026-06-09 18:20:00.017 10 INFO neutron.wsgi [req-06ffdf23-787d-4a40-ab25-77f9573bdafb req-488ba436-7fea-4eca-be11-0b2d898aeb76 b6010b07c75146c09d8fc3ee3b0b64ec 1ccd198a5b87496f98e9c72a2a22738a - - 0746ddb4a3ab48e7a1797add0e522397 0746ddb4a3ab48e7a1797add0e522397] 199.204.45.235 "PUT /v2.0/ports/b33c229d-15bb-469f-be70-41a45ec44a08 HTTP/1.1" status: 200 len: 1419 time: 0.7773213
2026-06-09 18:20:00.056 10 INFO neutron.notifiers.nova [-] Nova event matching ['req-0b4c7684-0186-4436-ac9a-dbb053abbaea'] response: {'name': 'network-changed', 'server_uuid': '167eea56-39d8-402a-9d50-d33dc1d510ec', 'tag': 'b33c229d-15bb-469f-be70-41a45ec44a08', 'status': 'completed', 'code': 200} /var/lib/openstack/lib/python3.10/site-packages/pycadf/identifier.py:71: UserWarning: Invalid uuid: neutron. To ensure interoperability, identifiers should be a valid uuid. warnings.warn(('Invalid uuid: %s. To ensure interoperability, '
2026-06-09 18:20:00.103 10 INFO neutron.wsgi [req-06ffdf23-787d-4a40-ab25-77f9573bdafb req-b47ccdf6-e691-4e05-9690-94c69c76aa99 b6010b07c75146c09d8fc3ee3b0b64ec 1ccd198a5b87496f98e9c72a2a22738a - - 0746ddb4a3ab48e7a1797add0e522397 0746ddb4a3ab48e7a1797add0e522397] 199.204.45.235 "GET /v2.0/ports?tenant_id=6f74d58b84d94e778231916394869457&device_id=167eea56-39d8-402a-9d50-d33dc1d510ec HTTP/1.1" status: 200 len: 1450 time: 0.0389421
2026-06-09 18:20:00.135 10 INFO neutron.wsgi [req-06ffdf23-787d-4a40-ab25-77f9573bdafb req-c4e9b7af-c3c8-4597-be4b-bc6c562fafe9 b6010b07c75146c09d8fc3ee3b0b64ec 1ccd198a5b87496f98e9c72a2a22738a - - 0746ddb4a3ab48e7a1797add0e522397 0746ddb4a3ab48e7a1797add0e522397] 199.204.45.235 "GET /v2.0/floatingips?fixed_ip_address=10.100.0.12&port_id=b33c229d-15bb-469f-be70-41a45ec44a08 HTTP/1.1" status: 200 len: 217 time: 0.0248733
2026-06-09 18:20:00.181 10 INFO neutron.wsgi [req-06ffdf23-787d-4a40-ab25-77f9573bdafb req-c8023b1c-5bac-4728-a52d-283d3aab88e8 b6010b07c75146c09d8fc3ee3b0b64ec 1ccd198a5b87496f98e9c72a2a22738a - - 0746ddb4a3ab48e7a1797add0e522397 0746ddb4a3ab48e7a1797add0e522397] 199.204.45.235 "GET /v2.0/subnets?id=1c9239fc-8ca5-4ccd-b7e5-be4bf138e020 HTTP/1.1" status: 200 len: 866 time: 0.0312808
2026-06-09 18:20:00.211 10 INFO neutron.wsgi [req-06ffdf23-787d-4a40-ab25-77f9573bdafb req-9836783f-443f-4520-b05a-444ef59a3162 b6010b07c75146c09d8fc3ee3b0b64ec 1ccd198a5b87496f98e9c72a2a22738a - - 0746ddb4a3ab48e7a1797add0e522397 0746ddb4a3ab48e7a1797add0e522397] 199.204.45.235 "GET /v2.0/ports?network_id=02362412-f05d-4881-b377-f4a17cb7e258&device_owner=network%3Adhcp HTTP/1.1" status: 200 len: 210 time: 0.0212982
2026-06-09 18:20:00.235 9 INFO neutron.wsgi [req-cc7ce5e7-855b-4586-b50c-01465208d697 req-aea413af-0806-412f-8b72-c7eb97fa61d3 425f30fd9bfa4a59aba8521d612b35de 767207df6ea3494b827025c83e59fe5a - - default default] 10.0.0.180 "GET /v2.0/ports?device_id=c4ec1c46-cd5a-426d-8fb3-ad7989bcfddc HTTP/1.1" status: 200 len: 210 time: 0.2776234
2026-06-09 18:20:00.259 9 INFO neutron.wsgi [None req-c2c1aa81-cd59-475b-8fd1-8c729294d8fb d7af6c7449bb4d1d8317163cde27ca41 fb11cb9b7994459198b77dd3137d73a0 - - default default] 10.0.0.231 "PUT /v2.0/subnets/30070b70-73fc-4df0-997e-a604f0b0fcb6/tags HTTP/1.1" status: 200 len: 218 time: 0.3378539
2026-06-09 18:20:00.286 10 INFO neutron.wsgi [req-06ffdf23-787d-4a40-ab25-77f9573bdafb req-20883295-a5f8-4961-8cfc-0672c96c7b56 b6010b07c75146c09d8fc3ee3b0b64ec 1ccd198a5b87496f98e9c72a2a22738a - - 0746ddb4a3ab48e7a1797add0e522397 0746ddb4a3ab48e7a1797add0e522397] 199.204.45.235 "GET /v2.0/networks/02362412-f05d-4881-b377-f4a17cb7e258?fields=segments HTTP/1.1" status: 200 len: 212 time: 0.0630753
2026-06-09 18:20:00.302 9 INFO neutron.wsgi [None req-23127307-ab5d-4236-a559-a8b6890b7f07 d7af6c7449bb4d1d8317163cde27ca41 fb11cb9b7994459198b77dd3137d73a0 - - default default] 10.0.0.231 "GET /v2.0/subnets/30070b70-73fc-4df0-997e-a604f0b0fcb6/tags HTTP/1.1" status: 200 len: 218 time: 0.0394154
2026-06-09 18:20:00.352 10 INFO neutron.wsgi [req-06ffdf23-787d-4a40-ab25-77f9573bdafb req-02658dab-cd47-4cd2-85c5-2459884c0216 b6010b07c75146c09d8fc3ee3b0b64ec 1ccd198a5b87496f98e9c72a2a22738a - - 0746ddb4a3ab48e7a1797add0e522397 0746ddb4a3ab48e7a1797add0e522397] 199.204.45.235 "GET /v2.0/networks/02362412-f05d-4881-b377-f4a17cb7e258?fields=provider%3Aphysical_network&fields=provider%3Anetwork_type HTTP/1.1" status: 200 len: 277 time: 0.0537198
2026-06-09 18:20:00.357 9 INFO neutron.wsgi [None req-00481283-11e4-45f9-8f4a-6e324a123d42 d7af6c7449bb4d1d8317163cde27ca41 fb11cb9b7994459198b77dd3137d73a0 - - default default] 10.0.0.231 "PUT /v2.0/subnets/30070b70-73fc-4df0-997e-a604f0b0fcb6/tags/green HTTP/1.1" status: 201 len: 201 time: 0.0502896
2026-06-09 18:20:00.414 9 INFO neutron.wsgi [None req-640810b4-7d48-4697-ae1e-e75c2aebaedb d7af6c7449bb4d1d8317163cde27ca41 fb11cb9b7994459198b77dd3137d73a0 - - default default] 10.0.0.231 "GET /v2.0/subnets/30070b70-73fc-4df0-997e-a604f0b0fcb6/tags HTTP/1.1" status: 200 len: 227 time: 0.0485375
2026-06-09 18:20:00.443 10 INFO neutron.wsgi [req-7f1be096-58af-45b7-a617-72be14512ba6 req-ce744a2e-b24f-4d63-bc40-1f07640eee21 b6010b07c75146c09d8fc3ee3b0b64ec 1ccd198a5b87496f98e9c72a2a22738a - - 0746ddb4a3ab48e7a1797add0e522397 0746ddb4a3ab48e7a1797add0e522397] 199.204.45.235 "GET /v2.0/ports?tenant_id=6f74d58b84d94e778231916394869457&device_id=167eea56-39d8-402a-9d50-d33dc1d510ec HTTP/1.1" status: 200 len: 1450 time: 0.0601451
2026-06-09 18:20:00.463 9 INFO neutron.wsgi [None req-85351330-ffa0-4ae2-9e37-b0abebbef126 d7af6c7449bb4d1d8317163cde27ca41 fb11cb9b7994459198b77dd3137d73a0 - - default default] 10.0.0.231 "PUT /v2.0/subnets/30070b70-73fc-4df0-997e-a604f0b0fcb6/tags/red HTTP/1.1" status: 201 len: 201 time: 0.0430465
2026-06-09 18:20:00.508 9 INFO neutron.wsgi [None req-47da3971-3960-450c-9de7-9b38200320a0 d7af6c7449bb4d1d8317163cde27ca41 fb11cb9b7994459198b77dd3137d73a0 - - default default] 10.0.0.231 "GET /v2.0/subnets/30070b70-73fc-4df0-997e-a604f0b0fcb6/tags HTTP/1.1" status: 200 len: 227 time: 0.0380561
2026-06-09 18:20:00.523 10 INFO neutron.wsgi [req-e71d28d6-fc22-45b5-8fea-5a595d809c9c req-9c6b8fbc-ebb0-42d8-b380-9433434044c3 425f30fd9bfa4a59aba8521d612b35de 767207df6ea3494b827025c83e59fe5a - - default default] 10.0.0.180 "GET /v2.0/ports?device_id=c4ec1c46-cd5a-426d-8fb3-ad7989bcfddc HTTP/1.1" status: 200 len: 210 time: 0.0571251
2026-06-09 18:20:00.570 10 INFO neutron.wsgi [req-7f1be096-58af-45b7-a617-72be14512ba6 req-f889a758-dc3a-4876-a0da-8f58de1bc3d3 b6010b07c75146c09d8fc3ee3b0b64ec 1ccd198a5b87496f98e9c72a2a22738a - - 0746ddb4a3ab48e7a1797add0e522397 0746ddb4a3ab48e7a1797add0e522397] 199.204.45.235 "GET /v2.0/networks?id=02362412-f05d-4881-b377-f4a17cb7e258 HTTP/1.1" status: 200 len: 969 time: 0.1228905
2026-06-09 18:20:00.579 10 INFO neutron.wsgi [req-3d081b1e-46e2-4b44-aa12-2b1243b357aa req-595dadba-75b1-48a5-a851-9524f0f65e2f 425f30fd9bfa4a59aba8521d612b35de 767207df6ea3494b827025c83e59fe5a - - default default] 199.204.45.235 "GET /v2.0/networks?id=a8cf3389-57af-408b-95e4-6dc8f8d349fe HTTP/1.1" status: 200 len: 937 time: 0.1136670
2026-06-09 18:20:00.588 9 INFO neutron.wsgi [req-cb269692-d461-436e-88bc-fbe34e96613b req-5862ffca-1492-47cc-94fa-80f9af540dad b6010b07c75146c09d8fc3ee3b0b64ec 1ccd198a5b87496f98e9c72a2a22738a - - 0746ddb4a3ab48e7a1797add0e522397 0746ddb4a3ab48e7a1797add0e522397] 199.204.45.235 "GET /v2.0/ports?device_id=167eea56-39d8-402a-9d50-d33dc1d510ec HTTP/1.1" status: 200 len: 1450 time: 0.0395296
2026-06-09 18:20:00.591 9 INFO neutron.wsgi [None req-b3532991-b617-4832-80e7-da230917b206 d7af6c7449bb4d1d8317163cde27ca41 fb11cb9b7994459198b77dd3137d73a0 - - default default] 10.0.0.231 "PUT /v2.0/subnets/30070b70-73fc-4df0-997e-a604f0b0fcb6/tags/black.or.white HTTP/1.1" status: 201 len: 201 time: 0.0748203
2026-06-09 18:20:00.605 10 INFO neutron.wsgi [req-7f1be096-58af-45b7-a617-72be14512ba6 req-98e6f544-9d05-420a-b08a-e881d5aa5d0a b6010b07c75146c09d8fc3ee3b0b64ec 1ccd198a5b87496f98e9c72a2a22738a - - 0746ddb4a3ab48e7a1797add0e522397 0746ddb4a3ab48e7a1797add0e522397] 199.204.45.235 "GET /v2.0/floatingips?fixed_ip_address=10.100.0.12&port_id=b33c229d-15bb-469f-be70-41a45ec44a08 HTTP/1.1" status: 200 len: 217 time: 0.0253878
2026-06-09 18:20:00.654 9 INFO neutron.wsgi [req-cb269692-d461-436e-88bc-fbe34e96613b req-bb2c2e34-3ea4-4d3c-824f-2bf34c5b36c8 b6010b07c75146c09d8fc3ee3b0b64ec 1ccd198a5b87496f98e9c72a2a22738a - - 0746ddb4a3ab48e7a1797add0e522397 0746ddb4a3ab48e7a1797add0e522397] 199.204.45.235 "GET /v2.0/security-groups?id=93acdc8a-7858-4c8e-b42c-a4d78bd13d0e&id=98e44039-78ae-4041-b477-e7fde2523ade&fields=id&fields=name HTTP/1.1" status: 200 len: 405 time: 0.0614200
2026-06-09 18:20:00.654 10 INFO neutron.wsgi [req-7f1be096-58af-45b7-a617-72be14512ba6 req-68134309-897c-4f5a-9872-3fcce12f5354 b6010b07c75146c09d8fc3ee3b0b64ec 1ccd198a5b87496f98e9c72a2a22738a - - 0746ddb4a3ab48e7a1797add0e522397 0746ddb4a3ab48e7a1797add0e522397] 199.204.45.235 "GET /v2.0/subnets?id=1c9239fc-8ca5-4ccd-b7e5-be4bf138e020 HTTP/1.1" status: 200 len: 866 time: 0.0442626
2026-06-09 18:20:00.656 9 INFO neutron.wsgi [None req-5017b093-586b-4233-9c0b-777d7678af01 d7af6c7449bb4d1d8317163cde27ca41 fb11cb9b7994459198b77dd3137d73a0 - - default default] 10.0.0.231 "GET /v2.0/subnets/30070b70-73fc-4df0-997e-a604f0b0fcb6/tags HTTP/1.1" status: 200 len: 245 time: 0.0572407
2026-06-09 18:20:00.659 10 INFO neutron.wsgi [req-3d081b1e-46e2-4b44-aa12-2b1243b357aa req-9c5352f4-2f17-49fd-ba26-901c1d9a6318 425f30fd9bfa4a59aba8521d612b35de 767207df6ea3494b827025c83e59fe5a - - default default] 199.204.45.235 "GET /v2.0/security-groups?fields=id&fields=name&tenant_id=767207df6ea3494b827025c83e59fe5a HTTP/1.1" status: 200 len: 542 time: 0.0746157
2026-06-09 18:20:00.729 10 INFO neutron.wsgi [req-7f1be096-58af-45b7-a617-72be14512ba6 req-b3a37337-40b4-49a7-8c85-879c45e030b7 b6010b07c75146c09d8fc3ee3b0b64ec 1ccd198a5b87496f98e9c72a2a22738a - - 0746ddb4a3ab48e7a1797add0e522397 0746ddb4a3ab48e7a1797add0e522397] 199.204.45.235 "GET /v2.0/ports?network_id=02362412-f05d-4881-b377-f4a17cb7e258&device_owner=network%3Adhcp HTTP/1.1" status: 200 len: 210 time: 0.0279915
2026-06-09 18:20:00.737 10 INFO neutron.wsgi [None req-15e31d1e-c7e1-4688-9525-b3a7fbcd1e34 d7af6c7449bb4d1d8317163cde27ca41 fb11cb9b7994459198b77dd3137d73a0 - - default default] 10.0.0.231 "PUT /v2.0/subnets/30070b70-73fc-4df0-997e-a604f0b0fcb6/tags HTTP/1.1" status: 200 len: 230 time: 0.0745797
2026-06-09 18:20:00.779 9 INFO neutron.plugins.ml2.drivers.ovn.mech_driver.mech_driver [None req-cb48ca33-fb75-4d63-b67f-a484b467142a - - - - - -] OVN reports status up for port: b33c229d-15bb-469f-be70-41a45ec44a08
2026-06-09 18:20:00.793 9 INFO neutron.plugins.ml2.plugin [None req-cb48ca33-fb75-4d63-b67f-a484b467142a - - - - - -] Attempt 1 to provision port b33c229d-15bb-469f-be70-41a45ec44a08
2026-06-09 18:20:00.795 9 INFO neutron.wsgi [None req-4c674b3a-484c-4fac-8be6-bc78f524622f d7af6c7449bb4d1d8317163cde27ca41 fb11cb9b7994459198b77dd3137d73a0 - - default default] 10.0.0.231 "GET /v2.0/subnets/30070b70-73fc-4df0-997e-a604f0b0fcb6/tags HTTP/1.1" status: 200 len: 230 time: 0.0530746
2026-06-09 18:20:00.814 10 INFO neutron.wsgi [req-7f1be096-58af-45b7-a617-72be14512ba6 req-1a9ae18c-609d-4530-89dd-a62778059782 b6010b07c75146c09d8fc3ee3b0b64ec 1ccd198a5b87496f98e9c72a2a22738a - - 0746ddb4a3ab48e7a1797add0e522397 0746ddb4a3ab48e7a1797add0e522397] 199.204.45.235 "GET /v2.0/networks/02362412-f05d-4881-b377-f4a17cb7e258?fields=segments HTTP/1.1" status: 200 len: 212 time: 0.0757267
2026-06-09 18:20:00.884 10 INFO neutron.wsgi [None req-c526e9c3-9aa1-40b3-b161-4e8a1743c7c9 d7af6c7449bb4d1d8317163cde27ca41 fb11cb9b7994459198b77dd3137d73a0 - - default default] 10.0.0.231 "GET /v2.0/subnets/30070b70-73fc-4df0-997e-a604f0b0fcb6/tags/red HTTP/1.1" status: 204 len: 168 time: 0.0820806
2026-06-09 18:20:00.940 10 INFO neutron.wsgi [req-7f1be096-58af-45b7-a617-72be14512ba6 req-34ca23b0-b976-46a5-aeb9-a8c10d5bec33 b6010b07c75146c09d8fc3ee3b0b64ec 1ccd198a5b87496f98e9c72a2a22738a - - 0746ddb4a3ab48e7a1797add0e522397 0746ddb4a3ab48e7a1797add0e522397] 199.204.45.235 "GET /v2.0/networks/02362412-f05d-4881-b377-f4a17cb7e258?fields=provider%3Aphysical_network&fields=provider%3Anetwork_type HTTP/1.1" status: 200 len: 277 time: 0.1217713
2026-06-09 18:20:00.946 9 INFO neutron.notifiers.nova [-] Nova event matching ['req-326333fd-5c8f-4747-adbc-6268fd09a47f'] response: {'server_uuid': '167eea56-39d8-402a-9d50-d33dc1d510ec', 'name': 'network-vif-plugged', 'status': 'completed', 'tag': 'b33c229d-15bb-469f-be70-41a45ec44a08', 'code': 200}
2026-06-09 18:20:00.961 10 INFO neutron.api.v2.resource [None req-184eb292-51da-4944-92c4-3dce0db5daa2 d7af6c7449bb4d1d8317163cde27ca41 fb11cb9b7994459198b77dd3137d73a0 - - default default] show failed (client error): The resource could not be found.
2026-06-09 18:20:00.963 10 INFO neutron.wsgi [None req-184eb292-51da-4944-92c4-3dce0db5daa2 d7af6c7449bb4d1d8317163cde27ca41 fb11cb9b7994459198b77dd3137d73a0 - - default default] 10.0.0.231 "GET /v2.0/subnets/30070b70-73fc-4df0-997e-a604f0b0fcb6/tags/green HTTP/1.1" status: 404 len: 299 time: 0.0717461
2026-06-09 18:20:01.065 10 INFO neutron.wsgi [None req-919abbb4-8a9b-4adb-b1d5-b3c9692f8ced d7af6c7449bb4d1d8317163cde27ca41 fb11cb9b7994459198b77dd3137d73a0 - - default default] 10.0.0.231 "DELETE /v2.0/subnets/30070b70-73fc-4df0-997e-a604f0b0fcb6/tags/red HTTP/1.1" status: 204 len: 168 time: 0.0938301
2026-06-09 18:20:01.122 10 WARNING neutron.scheduler.dhcp_agent_scheduler [req-3d081b1e-46e2-4b44-aa12-2b1243b357aa req-4f43a3fe-0817-4874-a9c6-c10adc28ae49 425f30fd9bfa4a59aba8521d612b35de 767207df6ea3494b827025c83e59fe5a - - default default] No more DHCP agents
2026-06-09 18:20:01.124 10 WARNING neutron.api.rpc.agentnotifiers.dhcp_rpc_agent_api [req-3d081b1e-46e2-4b44-aa12-2b1243b357aa req-4f43a3fe-0817-4874-a9c6-c10adc28ae49 425f30fd9bfa4a59aba8521d612b35de 767207df6ea3494b827025c83e59fe5a - - default default] Unable to schedule network a8cf3389-57af-408b-95e4-6dc8f8d349fe: no agents available; will retry on subsequent port and subnet creation events.
2026-06-09 18:20:01.162 9 INFO neutron.wsgi [None req-73da4ec6-8c19-4c99-9134-2327a066d0c8 d7af6c7449bb4d1d8317163cde27ca41 fb11cb9b7994459198b77dd3137d73a0 - - default default] 10.0.0.231 "GET /v2.0/subnets/30070b70-73fc-4df0-997e-a604f0b0fcb6/tags HTTP/1.1" status: 200 len: 223 time: 0.0910594
2026-06-09 18:20:01.187 9 INFO neutron.wsgi [req-3f21bbff-e310-4592-8903-1c1dc06d0539 req-314278d9-7da8-4139-b284-662bb205d39d 631020fa25464e10aa33b6825e83356f 6f74d58b84d94e778231916394869457 - - default default] 10.0.0.180 "GET /v2.0/ports?device_id=167eea56-39d8-402a-9d50-d33dc1d510ec HTTP/1.1" status: 200 len: 1214 time: 0.1450484
2026-06-09 18:20:01.189 9 INFO neutron.db.ovn_revision_numbers_db [None req-cb48ca33-fb75-4d63-b67f-a484b467142a - - - - - -] Successfully bumped revision number for resource b33c229d-15bb-469f-be70-41a45ec44a08 (type: ports) to 4
2026-06-09 18:20:01.263 9 INFO neutron.api.v2.resource [None req-740c0224-cd06-4e07-b967-9734b0b4f616 d7af6c7449bb4d1d8317163cde27ca41 fb11cb9b7994459198b77dd3137d73a0 - - default default] delete failed (client error): The resource could not be found.
2026-06-09 18:20:01.264 9 INFO neutron.wsgi [None req-740c0224-cd06-4e07-b967-9734b0b4f616 d7af6c7449bb4d1d8317163cde27ca41 fb11cb9b7994459198b77dd3137d73a0 - - default default] 10.0.0.231 "DELETE /v2.0/subnets/30070b70-73fc-4df0-997e-a604f0b0fcb6/tags/green HTTP/1.1" status: 404 len: 299 time: 0.0983138
2026-06-09 18:20:01.300 9 INFO neutron.wsgi [req-3f21bbff-e310-4592-8903-1c1dc06d0539 req-b0c85747-5104-4e63-aabd-83a0894783ed 631020fa25464e10aa33b6825e83356f 6f74d58b84d94e778231916394869457 - - default default] 10.0.0.180 "GET /v2.0/security-groups?id=98e44039-78ae-4041-b477-e7fde2523ade&id=93acdc8a-7858-4c8e-b42c-a4d78bd13d0e&fields=id&fields=name HTTP/1.1" status: 200 len: 405 time: 0.1032588
2026-06-09 18:20:01.330 10 INFO neutron.db.ovn_revision_numbers_db [req-3d081b1e-46e2-4b44-aa12-2b1243b357aa req-4f43a3fe-0817-4874-a9c6-c10adc28ae49 425f30fd9bfa4a59aba8521d612b35de 767207df6ea3494b827025c83e59fe5a - - default default] Successfully bumped revision number for resource 62c57035-d56c-47c4-93fd-d41747830d4d (type: ports) to 1
2026-06-09 18:20:01.349 9 INFO neutron.wsgi [None req-ab0db3ea-08f0-46ad-aac5-80a0c844a69b d7af6c7449bb4d1d8317163cde27ca41 fb11cb9b7994459198b77dd3137d73a0 - - default default] 10.0.0.231 "DELETE /v2.0/subnets/30070b70-73fc-4df0-997e-a604f0b0fcb6/tags HTTP/1.1" status: 204 len: 168 time: 0.0779979 /var/lib/openstack/lib/python3.10/site-packages/pycadf/identifier.py:71: UserWarning: Invalid uuid: neutron. To ensure interoperability, identifiers should be a valid uuid. warnings.warn(('Invalid uuid: %s. To ensure interoperability, '
2026-06-09 18:20:01.364 10 INFO neutron.wsgi [req-3d081b1e-46e2-4b44-aa12-2b1243b357aa req-4f43a3fe-0817-4874-a9c6-c10adc28ae49 425f30fd9bfa4a59aba8521d612b35de 767207df6ea3494b827025c83e59fe5a - - default default] 199.204.45.235 "POST /v2.0/ports HTTP/1.1" status: 201 len: 1287 time: 0.6643279 /var/lib/openstack/lib/python3.10/site-packages/pycadf/identifier.py:71: UserWarning: Invalid uuid: neutron. To ensure interoperability, identifiers should be a valid uuid. warnings.warn(('Invalid uuid: %s. To ensure interoperability, '
2026-06-09 18:20:01.399 9 INFO neutron.wsgi [None req-81b7ca4d-71b3-43ec-a70f-edbae586ca5c d7af6c7449bb4d1d8317163cde27ca41 fb11cb9b7994459198b77dd3137d73a0 - - default default] 10.0.0.231 "GET /v2.0/subnets/30070b70-73fc-4df0-997e-a604f0b0fcb6/tags HTTP/1.1" status: 200 len: 205 time: 0.0396132
2026-06-09 18:20:01.658 9 INFO neutron.wsgi [None req-62eece1e-7efd-4ee8-a316-eb4989804ce6 d7af6c7449bb4d1d8317163cde27ca41 fb11cb9b7994459198b77dd3137d73a0 - - default default] 10.0.0.231 "DELETE /v2.0/subnets/30070b70-73fc-4df0-997e-a604f0b0fcb6 HTTP/1.1" status: 204 len: 168 time: 0.2441554
2026-06-09 18:20:01.820 10 INFO neutron.db.ovn_revision_numbers_db [req-3d081b1e-46e2-4b44-aa12-2b1243b357aa req-79ac6421-b08c-4b88-b939-f2866a7f4e29 b6010b07c75146c09d8fc3ee3b0b64ec 1ccd198a5b87496f98e9c72a2a22738a - - 0746ddb4a3ab48e7a1797add0e522397 0746ddb4a3ab48e7a1797add0e522397] Successfully bumped revision number for resource 62c57035-d56c-47c4-93fd-d41747830d4d (type: ports) to 2
2026-06-09 18:20:02.322 10 INFO neutron.db.ovn_revision_numbers_db [req-3d081b1e-46e2-4b44-aa12-2b1243b357aa req-79ac6421-b08c-4b88-b939-f2866a7f4e29 b6010b07c75146c09d8fc3ee3b0b64ec 1ccd198a5b87496f98e9c72a2a22738a - - 0746ddb4a3ab48e7a1797add0e522397 0746ddb4a3ab48e7a1797add0e522397] Successfully bumped revision number for resource 62c57035-d56c-47c4-93fd-d41747830d4d (type: ports) to 2
2026-06-09 18:20:02.360 10 INFO neutron.wsgi [req-3d081b1e-46e2-4b44-aa12-2b1243b357aa req-79ac6421-b08c-4b88-b939-f2866a7f4e29 b6010b07c75146c09d8fc3ee3b0b64ec 1ccd198a5b87496f98e9c72a2a22738a - - 0746ddb4a3ab48e7a1797add0e522397 0746ddb4a3ab48e7a1797add0e522397] 199.204.45.235 "PUT /v2.0/ports/62c57035-d56c-47c4-93fd-d41747830d4d HTTP/1.1" status: 200 len: 1384 time: 0.9918487
2026-06-09 18:20:02.390 10 INFO neutron.services.segments.plugin [-] Segment 9e2422e9-c7f3-4dd7-9202-96e82d9ae40b resource provider aggregate not found
2026-06-09 18:20:02.396 10 INFO neutron.services.segments.plugin [-] Segment 9e2422e9-c7f3-4dd7-9202-96e82d9ae40b resource provider aggregate not found /var/lib/openstack/lib/python3.10/site-packages/pycadf/identifier.py:71: UserWarning: Invalid uuid: neutron. To ensure interoperability, identifiers should be a valid uuid. warnings.warn(('Invalid uuid: %s. To ensure interoperability, '
2026-06-09 18:20:02.411 10 INFO neutron.services.segments.plugin [-] Segment 9e2422e9-c7f3-4dd7-9202-96e82d9ae40b resource provider not found; error: Placement Client Error (4xx): {"errors": [{"status": 404, "title": "Not Found", "detail": "The resource could not be found.\n\n No resource provider with uuid 9e2422e9-c7f3-4dd7-9202-96e82d9ae40b found for delete ", "request_id": "req-dcbefbf4-2262-4c80-bf3a-42e2bdebe818"}]}
2026-06-09 18:20:02.421 10 INFO neutron.services.segments.plugin [-] Segment 9e2422e9-c7f3-4dd7-9202-96e82d9ae40b resource provider not found; error: Placement Client Error (4xx): {"errors": [{"status": 404, "title": "Not Found", "detail": "The resource could not be found.\n\n No resource provider with uuid 9e2422e9-c7f3-4dd7-9202-96e82d9ae40b found for delete ", "request_id": "req-ea860773-9560-4ebd-b27a-c4af04b0cc95"}]}
2026-06-09 18:20:02.422 10 INFO neutron.notifiers.nova [-] Nova event matching ['req-1c62dad2-cef1-4c8f-aa8f-8d4540fcd720'] response: {'name': 'network-changed', 'server_uuid': 'c4ec1c46-cd5a-426d-8fb3-ad7989bcfddc', 'tag': '62c57035-d56c-47c4-93fd-d41747830d4d', 'status': 'completed', 'code': 200}
2026-06-09 18:20:02.438 9 INFO neutron.wsgi [req-66f9c138-3154-4e40-98c0-cd899b39297c req-4da42929-62b3-4f03-952d-55051cc7952a 631020fa25464e10aa33b6825e83356f 6f74d58b84d94e778231916394869457 - - default default] 10.0.0.180 "GET /v2.0/ports?device_id=167eea56-39d8-402a-9d50-d33dc1d510ec HTTP/1.1" status: 200 len: 1214 time: 0.0812824
2026-06-09 18:20:02.443 10 INFO neutron.wsgi [req-3d081b1e-46e2-4b44-aa12-2b1243b357aa req-455f638a-fb90-4aec-a8e6-d8a946c43009 b6010b07c75146c09d8fc3ee3b0b64ec 1ccd198a5b87496f98e9c72a2a22738a - - 0746ddb4a3ab48e7a1797add0e522397 0746ddb4a3ab48e7a1797add0e522397] 199.204.45.235 "GET /v2.0/ports?tenant_id=767207df6ea3494b827025c83e59fe5a&device_id=c4ec1c46-cd5a-426d-8fb3-ad7989bcfddc HTTP/1.1" status: 200 len: 1415 time: 0.0480423
2026-06-09 18:20:02.448 10 INFO neutron.wsgi [None req-73970ba4-71fd-4db4-a7de-e0a77c7d981d d7af6c7449bb4d1d8317163cde27ca41 fb11cb9b7994459198b77dd3137d73a0 - - default default] 10.0.0.231 "DELETE /v2.0/networks/a56474b5-2a2a-4f92-9eb8-fc248e2ac84c HTTP/1.1" status: 204 len: 168 time: 0.7860160
2026-06-09 18:20:02.472 10 INFO neutron.wsgi [req-3d081b1e-46e2-4b44-aa12-2b1243b357aa req-37f07e92-2274-424c-9b68-f05391192773 b6010b07c75146c09d8fc3ee3b0b64ec 1ccd198a5b87496f98e9c72a2a22738a - - 0746ddb4a3ab48e7a1797add0e522397 0746ddb4a3ab48e7a1797add0e522397] 199.204.45.235 "GET /v2.0/floatingips?fixed_ip_address=172.24.0.115&port_id=62c57035-d56c-47c4-93fd-d41747830d4d HTTP/1.1" status: 200 len: 217 time: 0.0220644
2026-06-09 18:20:02.480 9 INFO neutron.wsgi [req-66f9c138-3154-4e40-98c0-cd899b39297c req-55222dd7-61fe-461a-967e-205a41358330 631020fa25464e10aa33b6825e83356f 6f74d58b84d94e778231916394869457 - - default default] 10.0.0.180 "GET /v2.0/security-groups?id=98e44039-78ae-4041-b477-e7fde2523ade&id=93acdc8a-7858-4c8e-b42c-a4d78bd13d0e&fields=id&fields=name HTTP/1.1" status: 200 len: 405 time: 0.0408847
2026-06-09 18:20:02.514 10 INFO neutron.wsgi [req-3d081b1e-46e2-4b44-aa12-2b1243b357aa req-a40d0289-7fc9-4cc1-a400-e8879b93dbce b6010b07c75146c09d8fc3ee3b0b64ec 1ccd198a5b87496f98e9c72a2a22738a - - 0746ddb4a3ab48e7a1797add0e522397 0746ddb4a3ab48e7a1797add0e522397] 199.204.45.235 "GET /v2.0/subnets?id=1a9604a4-12ad-4d44-9cc1-c1be5a26967b HTTP/1.1" status: 200 len: 829 time: 0.0380948
2026-06-09 18:20:02.543 10 INFO neutron.wsgi [req-3d081b1e-46e2-4b44-aa12-2b1243b357aa req-4ad853ce-a273-42ff-8599-86b6ebd4a691 b6010b07c75146c09d8fc3ee3b0b64ec 1ccd198a5b87496f98e9c72a2a22738a - - 0746ddb4a3ab48e7a1797add0e522397 0746ddb4a3ab48e7a1797add0e522397] 199.204.45.235 "GET /v2.0/ports?network_id=a8cf3389-57af-408b-95e4-6dc8f8d349fe&device_owner=network%3Adhcp HTTP/1.1" status: 200 len: 210 time: 0.0202167
2026-06-09 18:20:02.629 10 INFO neutron.wsgi [req-3d081b1e-46e2-4b44-aa12-2b1243b357aa req-e90306c9-ef87-4b2b-923a-9ef30cc2387f b6010b07c75146c09d8fc3ee3b0b64ec 1ccd198a5b87496f98e9c72a2a22738a - - 0746ddb4a3ab48e7a1797add0e522397 0746ddb4a3ab48e7a1797add0e522397] 199.204.45.235 "GET /v2.0/networks/a8cf3389-57af-408b-95e4-6dc8f8d349fe?fields=segments HTTP/1.1" status: 200 len: 212 time: 0.0798764
2026-06-09 18:20:02.656 10 INFO neutron.wsgi [req-36911d4a-35a7-4b68-ae31-ec2e0ebf7adf req-cf2a41f0-e7f5-4a7e-b98d-bc7c5fa02b8b 631020fa25464e10aa33b6825e83356f 6f74d58b84d94e778231916394869457 - - default default] 10.0.0.180 "GET /v2.0/ports?device_id=167eea56-39d8-402a-9d50-d33dc1d510ec HTTP/1.1" status: 200 len: 1214 time: 0.0964644
2026-06-09 18:20:02.708 10 INFO neutron.wsgi [req-3d081b1e-46e2-4b44-aa12-2b1243b357aa req-cc6cffd7-029a-4f37-ae66-6606deb19bca b6010b07c75146c09d8fc3ee3b0b64ec 1ccd198a5b87496f98e9c72a2a22738a - - 0746ddb4a3ab48e7a1797add0e522397 0746ddb4a3ab48e7a1797add0e522397] 199.204.45.235 "GET /v2.0/networks/a8cf3389-57af-408b-95e4-6dc8f8d349fe?fields=provider%3Aphysical_network&fields=provider%3Anetwork_type HTTP/1.1" status: 200 len: 277 time: 0.0680234
2026-06-09 18:20:02.801 10 INFO neutron.wsgi [req-71728e9a-9c9b-4f7e-b33d-273e98fe9a2c req-c3aaa6d2-eff6-464e-9bff-c71803d8f009 b6010b07c75146c09d8fc3ee3b0b64ec 1ccd198a5b87496f98e9c72a2a22738a - - 0746ddb4a3ab48e7a1797add0e522397 0746ddb4a3ab48e7a1797add0e522397] 199.204.45.235 "GET /v2.0/ports?tenant_id=767207df6ea3494b827025c83e59fe5a&device_id=c4ec1c46-cd5a-426d-8fb3-ad7989bcfddc HTTP/1.1" status: 200 len: 1415 time: 0.0560143
2026-06-09 18:20:02.888 10 INFO neutron.wsgi [req-71728e9a-9c9b-4f7e-b33d-273e98fe9a2c req-a6922b73-ec35-4720-8fd1-a32af14a563b b6010b07c75146c09d8fc3ee3b0b64ec 1ccd198a5b87496f98e9c72a2a22738a - - 0746ddb4a3ab48e7a1797add0e522397 0746ddb4a3ab48e7a1797add0e522397] 199.204.45.235 "GET /v2.0/networks?id=a8cf3389-57af-408b-95e4-6dc8f8d349fe HTTP/1.1" status: 200 len: 937 time: 0.0820391
2026-06-09 18:20:02.920 10 INFO neutron.wsgi [req-71728e9a-9c9b-4f7e-b33d-273e98fe9a2c req-5ed61a73-1f9b-43cb-9004-042aba3c51e7 b6010b07c75146c09d8fc3ee3b0b64ec 1ccd198a5b87496f98e9c72a2a22738a - - 0746ddb4a3ab48e7a1797add0e522397 0746ddb4a3ab48e7a1797add0e522397] 199.204.45.235 "GET /v2.0/floatingips?fixed_ip_address=172.24.0.115&port_id=62c57035-d56c-47c4-93fd-d41747830d4d HTTP/1.1" status: 200 len: 217 time: 0.0242925
2026-06-09 18:20:02.956 9 INFO neutron.wsgi [None req-683953b5-2a00-48e9-b691-a21e5aab915a 425f30fd9bfa4a59aba8521d612b35de 767207df6ea3494b827025c83e59fe5a - - default default] 10.0.0.172 "GET /v2.0/networks HTTP/1.1" status: 200 len: 6232 time: 0.3786798
2026-06-09 18:20:02.983 10 INFO neutron.wsgi [req-71728e9a-9c9b-4f7e-b33d-273e98fe9a2c req-4a1e8c1f-a110-43a7-97bf-0a5d12e6bd8d b6010b07c75146c09d8fc3ee3b0b64ec 1ccd198a5b87496f98e9c72a2a22738a - - 0746ddb4a3ab48e7a1797add0e522397 0746ddb4a3ab48e7a1797add0e522397] 199.204.45.235 "GET /v2.0/subnets?id=1a9604a4-12ad-4d44-9cc1-c1be5a26967b HTTP/1.1" status: 200 len: 829 time: 0.0560622
2026-06-09 18:20:02.994 10 INFO neutron.wsgi [req-6b45bebd-0f5f-4b26-abd5-93623a8fe766 req-98e45128-059c-4d49-8845-87fb4dac6653 b6010b07c75146c09d8fc3ee3b0b64ec 1ccd198a5b87496f98e9c72a2a22738a - - 0746ddb4a3ab48e7a1797add0e522397 0746ddb4a3ab48e7a1797add0e522397] 199.204.45.235 "GET /v2.0/ports?device_id=c4ec1c46-cd5a-426d-8fb3-ad7989bcfddc HTTP/1.1" status: 200 len: 1415 time: 0.0681365
2026-06-09 18:20:03.021 10 INFO neutron.wsgi [req-71728e9a-9c9b-4f7e-b33d-273e98fe9a2c req-074f05d7-06f2-41df-ac10-c8d756858a41 b6010b07c75146c09d8fc3ee3b0b64ec 1ccd198a5b87496f98e9c72a2a22738a - - 0746ddb4a3ab48e7a1797add0e522397 0746ddb4a3ab48e7a1797add0e522397] 199.204.45.235 "GET /v2.0/ports?network_id=a8cf3389-57af-408b-95e4-6dc8f8d349fe&device_owner=network%3Adhcp HTTP/1.1" status: 200 len: 210 time: 0.0318840
2026-06-09 18:20:03.072 10 INFO neutron.wsgi [req-6b45bebd-0f5f-4b26-abd5-93623a8fe766 req-dd1407c0-444c-4f66-acc8-daa06317d993 b6010b07c75146c09d8fc3ee3b0b64ec 1ccd198a5b87496f98e9c72a2a22738a - - 0746ddb4a3ab48e7a1797add0e522397 0746ddb4a3ab48e7a1797add0e522397] 199.204.45.235 "GET /v2.0/security-groups?id=08b02b12-d914-49c1-b14c-42295d7e0efc&fields=id&fields=name HTTP/1.1" status: 200 len: 294 time: 0.0702713
2026-06-09 18:20:03.104 10 INFO neutron.wsgi [req-71728e9a-9c9b-4f7e-b33d-273e98fe9a2c req-ae7024fe-3d9a-427f-b8f1-1754ef6bf8b9 b6010b07c75146c09d8fc3ee3b0b64ec 1ccd198a5b87496f98e9c72a2a22738a - - 0746ddb4a3ab48e7a1797add0e522397 0746ddb4a3ab48e7a1797add0e522397] 199.204.45.235 "GET /v2.0/networks/a8cf3389-57af-408b-95e4-6dc8f8d349fe?fields=segments HTTP/1.1" status: 200 len: 212 time: 0.0733435
2026-06-09 18:20:03.157 10 INFO neutron.plugins.ml2.drivers.ovn.mech_driver.mech_driver [None req-6530a85a-f2e7-4203-8f07-50e8939a02bd - - - - - -] OVN reports status up for port: 62c57035-d56c-47c4-93fd-d41747830d4d
2026-06-09 18:20:03.173 10 INFO neutron.plugins.ml2.plugin [None req-6530a85a-f2e7-4203-8f07-50e8939a02bd - - - - - -] Attempt 1 to provision port 62c57035-d56c-47c4-93fd-d41747830d4d
2026-06-09 18:20:03.216 10 INFO neutron.wsgi [req-71728e9a-9c9b-4f7e-b33d-273e98fe9a2c req-c764d028-7a76-4715-80b0-f8e56977e1da b6010b07c75146c09d8fc3ee3b0b64ec 1ccd198a5b87496f98e9c72a2a22738a - - 0746ddb4a3ab48e7a1797add0e522397 0746ddb4a3ab48e7a1797add0e522397] 199.204.45.235 "GET /v2.0/networks/a8cf3389-57af-408b-95e4-6dc8f8d349fe?fields=provider%3Aphysical_network&fields=provider%3Anetwork_type HTTP/1.1" status: 200 len: 277 time: 0.1077263
2026-06-09 18:20:03.233 9 INFO neutron.notifiers.nova [-] Nova event matching ['req-b0ae900d-b558-46c7-997f-d315e19c5dc8'] response: {'server_uuid': '167eea56-39d8-402a-9d50-d33dc1d510ec', 'name': 'network-vif-plugged', 'status': 'completed', 'tag': 'b33c229d-15bb-469f-be70-41a45ec44a08', 'code': 200}
2026-06-09 18:20:03.341 9 INFO neutron.wsgi [None req-b5283c53-82d2-41d7-bd68-c5842e476631 425f30fd9bfa4a59aba8521d612b35de 767207df6ea3494b827025c83e59fe5a - - default default] 10.0.0.172 "GET /v2.0/ports HTTP/1.1" status: 200 len: 28600 time: 0.3459387
2026-06-09 18:20:03.384 10 INFO neutron.db.ovn_revision_numbers_db [None req-7dc84410-24f3-443e-a781-c3c4e7782a41 425f30fd9bfa4a59aba8521d612b35de 767207df6ea3494b827025c83e59fe5a - - default default] Successfully bumped revision number for resource 24a3a9f0-7c1b-4249-ab63-26b9d7ab8e5b (type: security_groups) to 1
2026-06-09 18:20:03.409 10 INFO neutron.db.ovn_revision_numbers_db [None req-7dc84410-24f3-443e-a781-c3c4e7782a41 425f30fd9bfa4a59aba8521d612b35de 767207df6ea3494b827025c83e59fe5a - - default default] Successfully bumped revision number for resource 32e62709-44f5-4716-8200-38fd2f0f29cd (type: security_group_rules) to 0
2026-06-09 18:20:03.451 10 INFO neutron.db.ovn_revision_numbers_db [None req-7dc84410-24f3-443e-a781-c3c4e7782a41 425f30fd9bfa4a59aba8521d612b35de 767207df6ea3494b827025c83e59fe5a - - default default] Successfully bumped revision number for resource 8188c63d-0d81-45ed-a4bb-f4a62d7ab8df (type: security_group_rules) to 0
2026-06-09 18:20:03.492 10 INFO neutron.db.ovn_revision_numbers_db [None req-7dc84410-24f3-443e-a781-c3c4e7782a41 425f30fd9bfa4a59aba8521d612b35de 767207df6ea3494b827025c83e59fe5a - - default default] Successfully bumped revision number for resource dc5a6f6f-d369-40cd-b962-cacca83fba22 (type: security_group_rules) to 0
2026-06-09 18:20:03.497 9 INFO neutron.wsgi [None req-9b2535d4-20b5-49e6-ac7d-4e28ea30a2e0 425f30fd9bfa4a59aba8521d612b35de 767207df6ea3494b827025c83e59fe5a - - default default] 10.0.0.172 "GET /v2.0/routers HTTP/1.1" status: 200 len: 3064 time: 0.1368141
2026-06-09 18:20:03.528 9 INFO neutron.wsgi [None req-a93831e6-fd33-478a-afa7-8fb49acb6203 425f30fd9bfa4a59aba8521d612b35de 767207df6ea3494b827025c83e59fe5a - - default default] 10.0.0.172 "GET /v2.0/agents?binary=ovn-controller HTTP/1.1" status: 200 len: 591 time: 0.0199766
2026-06-09 18:20:03.530 10 INFO neutron.db.ovn_revision_numbers_db [None req-7dc84410-24f3-443e-a781-c3c4e7782a41 425f30fd9bfa4a59aba8521d612b35de 767207df6ea3494b827025c83e59fe5a - - default default] Successfully bumped revision number for resource e8f7fcbd-2936-4737-abd7-2ccb94c8bc14 (type: security_group_rules) to 0
2026-06-09 18:20:03.541 10 INFO neutron.wsgi [req-f3eb9c5e-9a4d-4866-af28-011fc605a440 req-4219141a-3772-4089-bcdc-8bbf348e9997 425f30fd9bfa4a59aba8521d612b35de 767207df6ea3494b827025c83e59fe5a - - default default] 10.0.0.180 "GET /v2.0/ports?device_id=c4ec1c46-cd5a-426d-8fb3-ad7989bcfddc HTTP/1.1" status: 200 len: 1417 time: 0.0645475
2026-06-09 18:20:03.553 9 INFO neutron.wsgi [None req-fadbfbab-a0cd-4460-8f46-5f05cdcc22c1 425f30fd9bfa4a59aba8521d612b35de 767207df6ea3494b827025c83e59fe5a - - default default] 10.0.0.172 "GET /v2.0/agents HTTP/1.1" status: 200 len: 1390 time: 0.0228152
2026-06-09 18:20:03.571 10 INFO neutron.wsgi [None req-7dc84410-24f3-443e-a781-c3c4e7782a41 425f30fd9bfa4a59aba8521d612b35de 767207df6ea3494b827025c83e59fe5a - - default default] 10.0.0.231 "GET /v2.0/security-groups?tenant_id=fa8b577f258c40dd8dc998c317e0133f&name=default HTTP/1.1" status: 200 len: 3120 time: 0.5477026
2026-06-09 18:20:03.632 10 INFO neutron.db.ovn_revision_numbers_db [None req-6530a85a-f2e7-4203-8f07-50e8939a02bd - - - - - -] Successfully bumped revision number for resource 62c57035-d56c-47c4-93fd-d41747830d4d (type: ports) to 4
2026-06-09 18:20:03.655 10 INFO neutron.wsgi [req-f3eb9c5e-9a4d-4866-af28-011fc605a440 req-7d03c4bb-27d4-4a8d-a2e4-abc1c1f493a5 425f30fd9bfa4a59aba8521d612b35de 767207df6ea3494b827025c83e59fe5a - - default default] 10.0.0.180 "GET /v2.0/security-groups?id=08b02b12-d914-49c1-b14c-42295d7e0efc&fields=id&fields=name HTTP/1.1" status: 200 len: 294 time: 0.0991988
2026-06-09 18:20:03.656 9 INFO neutron.wsgi [None req-d9e41746-8875-45fc-80df-e9d981fedddd 425f30fd9bfa4a59aba8521d612b35de 767207df6ea3494b827025c83e59fe5a - - default default] 10.0.0.172 "GET /v2.0/floatingips HTTP/1.1" status: 200 len: 2417 time: 0.1008930
2026-06-09 18:20:03.715 9 INFO neutron.wsgi [None req-57ed5c33-ef93-433c-bdb1-af4dd332bf4b 425f30fd9bfa4a59aba8521d612b35de 767207df6ea3494b827025c83e59fe5a - - default default] 10.0.0.172 "GET /v2.0/subnets HTTP/1.1" status: 200 len: 6802 time: 0.0558124
2026-06-09 18:20:03.776 9 INFO neutron.wsgi [req-87c2e200-88ca-4db8-93a8-12a52b7a0cee req-f1cf7324-2fa7-4641-9e9d-5b692745f86e 425f30fd9bfa4a59aba8521d612b35de 767207df6ea3494b827025c83e59fe5a - - default default] 10.0.0.180 "GET /v2.0/ports?device_id=c4ec1c46-cd5a-426d-8fb3-ad7989bcfddc HTTP/1.1" status: 200 len: 1417 time: 0.0609624
2026-06-09 18:20:03.805 9 INFO neutron.wsgi [None req-eebbdc74-0397-457a-a904-91f9ea5acde5 425f30fd9bfa4a59aba8521d612b35de 767207df6ea3494b827025c83e59fe5a - - default default] 10.0.0.172 "GET /v2.0/subnets HTTP/1.1" status: 200 len: 6802 time: 0.0793853
2026-06-09 18:20:03.817 9 INFO neutron.wsgi [None req-6909d843-200e-4f8b-9757-d221569919d6 425f30fd9bfa4a59aba8521d612b35de 767207df6ea3494b827025c83e59fe5a - - default default] 10.0.0.172 "GET /v2.0/subnetpools HTTP/1.1" status: 200 len: 193 time: 0.0093982
2026-06-09 18:20:03.896 10 INFO neutron.wsgi [None req-7eea2029-74d8-4686-839a-b8b9171daf98 425f30fd9bfa4a59aba8521d612b35de 767207df6ea3494b827025c83e59fe5a - - default default] 10.0.0.231 "DELETE /v2.0/security-groups/24a3a9f0-7c1b-4249-ab63-26b9d7ab8e5b HTTP/1.1" status: 204 len: 168 time: 0.3207982
2026-06-09 18:20:03.907 9 INFO neutron.wsgi [None req-c3de76aa-9f4d-4b69-bb7e-72406e3ed423 425f30fd9bfa4a59aba8521d612b35de 767207df6ea3494b827025c83e59fe5a - - default default] 10.0.0.172 "GET /v2.0/security-groups HTTP/1.1" status: 200 len: 50255 time: 0.0893226
2026-06-09 18:20:03.952 9 INFO neutron.wsgi [None req-21cd8f95-4769-4c14-9301-8c59c5b7e3db 425f30fd9bfa4a59aba8521d612b35de 767207df6ea3494b827025c83e59fe5a - - default default] 10.0.0.172 "GET /v2.0/network-ip-availabilities HTTP/1.1" status: 200 len: 4303 time: 0.0241630 /var/lib/openstack/lib/python3.10/site-packages/pycadf/identifier.py:71: UserWarning: Invalid uuid: neutron. To ensure interoperability, identifiers should be a valid uuid. warnings.warn(('Invalid uuid: %s. To ensure interoperability, '
2026-06-09 18:20:04.069 10 INFO neutron.wsgi [None req-beb20d3c-e5e4-4e43-b7c1-48ecdb64b79d 425f30fd9bfa4a59aba8521d612b35de 767207df6ea3494b827025c83e59fe5a - - default default] 10.0.0.231 "GET /v2.0/security-groups?tenant_id=fb11cb9b7994459198b77dd3137d73a0&name=default HTTP/1.1" status: 200 len: 3120 time: 0.0530441
2026-06-09 18:20:04.232 9 INFO neutron.db.ovn_revision_numbers_db [None req-57ca99ca-3b24-472a-abc1-7024e4bd66bd 631020fa25464e10aa33b6825e83356f 6f74d58b84d94e778231916394869457 - - default default] Successfully bumped revision number for resource 1915e333-4ba3-4ad2-87b7-fa942b0712b7 (type: floatingips) to 1
2026-06-09 18:20:04.293 10 INFO neutron.wsgi [None req-cd49dc57-24ef-4bd2-ac96-d418bd99b9c3 425f30fd9bfa4a59aba8521d612b35de 767207df6ea3494b827025c83e59fe5a - - default default] 10.0.0.231 "DELETE /v2.0/security-groups/0a2e4d9a-aa5d-44fa-8973-04563222d7d0 HTTP/1.1" status: 204 len: 168 time: 0.2197692
2026-06-09 18:20:04.365 9 INFO neutron.db.ovn_revision_numbers_db [None req-57ca99ca-3b24-472a-abc1-7024e4bd66bd 631020fa25464e10aa33b6825e83356f 6f74d58b84d94e778231916394869457 - - default default] Successfully bumped revision number for resource 1915e333-4ba3-4ad2-87b7-fa942b0712b7 (type: floatingips) to 2
2026-06-09 18:20:04.366 9 INFO neutron.db.l3_db [None req-57ca99ca-3b24-472a-abc1-7024e4bd66bd 631020fa25464e10aa33b6825e83356f 6f74d58b84d94e778231916394869457 - - default default] Floating IP 1915e333-4ba3-4ad2-87b7-fa942b0712b7 associated. External IP: 10.96.250.205, port: b33c229d-15bb-469f-be70-41a45ec44a08.
2026-06-09 18:20:04.398 9 INFO neutron.wsgi [None req-57ca99ca-3b24-472a-abc1-7024e4bd66bd 631020fa25464e10aa33b6825e83356f 6f74d58b84d94e778231916394869457 - - default default] 10.0.0.231 "PUT /v2.0/floatingips/1915e333-4ba3-4ad2-87b7-fa942b0712b7 HTTP/1.1" status: 200 len: 1050 time: 1.7288816
2026-06-09 18:20:04.468 10 INFO neutron.notifiers.nova [-] Nova event matching ['req-3087eaee-6fda-4ff8-ac42-a916581fd9d0'] response: {'server_uuid': 'c4ec1c46-cd5a-426d-8fb3-ad7989bcfddc', 'name': 'network-vif-plugged', 'status': 'completed', 'tag': '62c57035-d56c-47c4-93fd-d41747830d4d', 'code': 200}
2026-06-09 18:20:04.468 10 INFO neutron.notifiers.nova [-] Nova event matching ['req-3087eaee-6fda-4ff8-ac42-a916581fd9d0'] response: {'server_uuid': 'c4ec1c46-cd5a-426d-8fb3-ad7989bcfddc', 'name': 'network-vif-plugged', 'status': 'completed', 'tag': '62c57035-d56c-47c4-93fd-d41747830d4d', 'code': 200}
2026-06-09 18:20:05.275 9 INFO neutron.notifiers.nova [-] Nova event matching ['req-b03685e8-879d-4056-9d9e-334eb3a3a722'] response: {'name': 'network-changed', 'server_uuid': '167eea56-39d8-402a-9d50-d33dc1d510ec', 'tag': 'b33c229d-15bb-469f-be70-41a45ec44a08', 'status': 'completed', 'code': 200}
2026-06-09 18:20:05.336 10 INFO neutron.wsgi [req-bd1af1b7-12f7-424a-8273-7a2e8b19eea6 req-43b3b234-47ec-4911-a4eb-47fc64d12241 b6010b07c75146c09d8fc3ee3b0b64ec 1ccd198a5b87496f98e9c72a2a22738a - - 0746ddb4a3ab48e7a1797add0e522397 0746ddb4a3ab48e7a1797add0e522397] 199.204.45.235 "GET /v2.0/ports?tenant_id=6f74d58b84d94e778231916394869457&device_id=167eea56-39d8-402a-9d50-d33dc1d510ec HTTP/1.1" status: 200 len: 1452 time: 0.0458310
2026-06-09 18:20:05.417 10 INFO neutron.wsgi [req-bd1af1b7-12f7-424a-8273-7a2e8b19eea6 req-1a4afa15-274a-4345-9aea-ea320fff88ff b6010b07c75146c09d8fc3ee3b0b64ec 1ccd198a5b87496f98e9c72a2a22738a - - 0746ddb4a3ab48e7a1797add0e522397 0746ddb4a3ab48e7a1797add0e522397] 199.204.45.235 "GET /v2.0/networks?id=02362412-f05d-4881-b377-f4a17cb7e258 HTTP/1.1" status: 200 len: 969 time: 0.0684659
2026-06-09 18:20:05.473 10 INFO neutron.wsgi [req-bd1af1b7-12f7-424a-8273-7a2e8b19eea6 req-5af916f0-7474-4e65-b9aa-2c4c62086d7c b6010b07c75146c09d8fc3ee3b0b64ec 1ccd198a5b87496f98e9c72a2a22738a - - 0746ddb4a3ab48e7a1797add0e522397 0746ddb4a3ab48e7a1797add0e522397] 199.204.45.235 "GET /v2.0/floatingips?fixed_ip_address=10.100.0.12&port_id=b33c229d-15bb-469f-be70-41a45ec44a08 HTTP/1.1" status: 200 len: 1060 time: 0.0489788
2026-06-09 18:20:05.516 10 INFO neutron.wsgi [req-bd1af1b7-12f7-424a-8273-7a2e8b19eea6 req-8b12321e-665f-4fce-a22a-a32c232d0925 b6010b07c75146c09d8fc3ee3b0b64ec 1ccd198a5b87496f98e9c72a2a22738a - - 0746ddb4a3ab48e7a1797add0e522397 0746ddb4a3ab48e7a1797add0e522397] 199.204.45.235 "GET /v2.0/subnets?id=1c9239fc-8ca5-4ccd-b7e5-be4bf138e020 HTTP/1.1" status: 200 len: 866 time: 0.0358541
2026-06-09 18:20:05.589 10 INFO neutron.wsgi [req-bd1af1b7-12f7-424a-8273-7a2e8b19eea6 req-89a4dc22-a97a-4bad-9efc-7dc3accf0032 b6010b07c75146c09d8fc3ee3b0b64ec 1ccd198a5b87496f98e9c72a2a22738a - - 0746ddb4a3ab48e7a1797add0e522397 0746ddb4a3ab48e7a1797add0e522397] 199.204.45.235 "GET /v2.0/ports?network_id=02362412-f05d-4881-b377-f4a17cb7e258&device_owner=network%3Adhcp HTTP/1.1" status: 200 len: 210 time: 0.0447931
2026-06-09 18:20:05.658 10 INFO neutron.wsgi [req-bd1af1b7-12f7-424a-8273-7a2e8b19eea6 req-a071de14-1778-4a72-b946-b7771e351f5c b6010b07c75146c09d8fc3ee3b0b64ec 1ccd198a5b87496f98e9c72a2a22738a - - 0746ddb4a3ab48e7a1797add0e522397 0746ddb4a3ab48e7a1797add0e522397] 199.204.45.235 "GET /v2.0/networks/02362412-f05d-4881-b377-f4a17cb7e258?fields=segments HTTP/1.1" status: 200 len: 212 time: 0.0625994
2026-06-09 18:20:05.726 10 INFO neutron.wsgi [req-bd1af1b7-12f7-424a-8273-7a2e8b19eea6 req-d306b490-f56f-4b2c-ad61-6c427f360618 b6010b07c75146c09d8fc3ee3b0b64ec 1ccd198a5b87496f98e9c72a2a22738a - - 0746ddb4a3ab48e7a1797add0e522397 0746ddb4a3ab48e7a1797add0e522397] 199.204.45.235 "GET /v2.0/networks/02362412-f05d-4881-b377-f4a17cb7e258?fields=provider%3Aphysical_network&fields=provider%3Anetwork_type HTTP/1.1" status: 200 len: 277 time: 0.0581400
2026-06-09 18:20:06.937 9 INFO neutron.wsgi [req-6e1b9b18-691d-4914-9358-ae1a4515e14f req-e1d439a4-accb-454c-b24c-1531b0976c3c 425f30fd9bfa4a59aba8521d612b35de 767207df6ea3494b827025c83e59fe5a - - default default] 10.0.0.180 "GET /v2.0/ports?device_id=c4ec1c46-cd5a-426d-8fb3-ad7989bcfddc HTTP/1.1" status: 200 len: 1417 time: 0.0570638
2026-06-09 18:20:06.987 9 INFO neutron.wsgi [req-6e1b9b18-691d-4914-9358-ae1a4515e14f req-786fff19-0ee4-4926-a4f8-d984a2b4064a 425f30fd9bfa4a59aba8521d612b35de 767207df6ea3494b827025c83e59fe5a - - default default] 10.0.0.180 "GET /v2.0/security-groups?id=08b02b12-d914-49c1-b14c-42295d7e0efc&fields=id&fields=name HTTP/1.1" status: 200 len: 294 time: 0.0398564
