2026-06-09 18:20:07.106 10 INFO neutron.wsgi [req-781f356f-ea76-4cb3-86c4-8a0b67d1a02f req-01086324-63cf-4b5f-8673-70a3b1323c61 425f30fd9bfa4a59aba8521d612b35de 767207df6ea3494b827025c83e59fe5a - - default default] 10.0.0.180 "GET /v2.0/ports?device_id=c4ec1c46-cd5a-426d-8fb3-ad7989bcfddc HTTP/1.1" status: 200 len: 1417 time: 0.0487323
2026-06-09 18:20:08.560 10 INFO neutron.wsgi [-] 10.0.0.150 "GET / HTTP/1.1" status: 200 len: 247 time: 0.0017064
2026-06-09 18:20:08.561 9 INFO neutron.wsgi [-] 10.0.0.150 "GET / HTTP/1.1" status: 200 len: 247 time: 0.0028429
2026-06-09 18:20:20.020 10 INFO neutron.wsgi [req-488a905b-650d-49b3-875c-b638cccaccc4 req-641493be-e0a4-4cc6-867d-248669f45211 631020fa25464e10aa33b6825e83356f 6f74d58b84d94e778231916394869457 - - default default] 10.0.0.180 "GET /v2.0/ports?device_id=167eea56-39d8-402a-9d50-d33dc1d510ec HTTP/1.1" status: 200 len: 1214 time: 0.0855193
2026-06-09 18:20:20.067 10 INFO neutron.wsgi [req-488a905b-650d-49b3-875c-b638cccaccc4 req-2a69ceca-4c15-4678-988f-5f3714e4d632 631020fa25464e10aa33b6825e83356f 6f74d58b84d94e778231916394869457 - - default default] 10.0.0.180 "GET /v2.0/security-groups?id=98e44039-78ae-4041-b477-e7fde2523ade&id=93acdc8a-7858-4c8e-b42c-a4d78bd13d0e&fields=id&fields=name HTTP/1.1" status: 200 len: 405 time: 0.0377603
2026-06-09 18:20:20.248 9 INFO neutron.wsgi [None req-33f89b17-3bd1-4456-bf78-3e446557cc9d d73ca54559ab47e49c5730b98fc51da5 432c4dce333740faae4ff20ca717edbf - - default default] 10.0.0.231 "GET /v2.0/ports?device_id=167eea56-39d8-402a-9d50-d33dc1d510ec HTTP/1.1" status: 200 len: 1447 time: 0.1541798
2026-06-09 18:20:20.330 10 INFO neutron.wsgi [None req-151633fb-4843-482f-aed2-0a64bc5095ff 631020fa25464e10aa33b6825e83356f 6f74d58b84d94e778231916394869457 - - default default] 10.0.0.231 "GET /v2.0/floatingips?floating_network_id=82e904f0-9fa3-4b6e-8e75-e094a397722a&port_id=b33c229d-15bb-469f-be70-41a45ec44a08 HTTP/1.1" status: 200 len: 1055 time: 0.0764208
2026-06-09 18:20:20.605 9 INFO neutron.wsgi [req-e8dda999-2c2a-43ba-a9c7-35445035fbf3 req-e1e4c9a0-489d-4428-8a27-07f5bb692c3c b6010b07c75146c09d8fc3ee3b0b64ec 1ccd198a5b87496f98e9c72a2a22738a - - 0746ddb4a3ab48e7a1797add0e522397 0746ddb4a3ab48e7a1797add0e522397] 10.0.0.26 "GET /v2.0/ports?device_id=167eea56-39d8-402a-9d50-d33dc1d510ec HTTP/1.1" status: 200 len: 1452 time: 0.0419533
2026-06-09 18:20:20.652 9 INFO neutron.wsgi [req-e8dda999-2c2a-43ba-a9c7-35445035fbf3 req-3fd4e843-f96a-4218-9fc5-3903e79aacab b6010b07c75146c09d8fc3ee3b0b64ec 1ccd198a5b87496f98e9c72a2a22738a - - 0746ddb4a3ab48e7a1797add0e522397 0746ddb4a3ab48e7a1797add0e522397] 10.0.0.26 "GET /v2.0/security-groups?id=93acdc8a-7858-4c8e-b42c-a4d78bd13d0e&id=98e44039-78ae-4041-b477-e7fde2523ade&fields=id&fields=name HTTP/1.1" status: 200 len: 405 time: 0.0413179
2026-06-09 18:20:22.816 9 INFO neutron.plugins.ml2.drivers.ovn.mech_driver.mech_driver [None req-cb48ca33-fb75-4d63-b67f-a484b467142a - - - - - -] OVN reports status down for port: b33c229d-15bb-469f-be70-41a45ec44a08
2026-06-09 18:20:22.858 9 INFO neutron.wsgi [req-2524860d-231f-43b8-8677-d0ccf86d440a req-54f29f05-85dd-4bf7-be69-4179a6920368 631020fa25464e10aa33b6825e83356f 6f74d58b84d94e778231916394869457 - - default default] 10.0.0.180 "GET /v2.0/ports?device_id=167eea56-39d8-402a-9d50-d33dc1d510ec HTTP/1.1" status: 200 len: 1214 time: 0.1292984
2026-06-09 18:20:22.970 9 INFO neutron.wsgi [req-2524860d-231f-43b8-8677-d0ccf86d440a req-eac61312-99b3-4137-94da-5fbd3ceaadd0 631020fa25464e10aa33b6825e83356f 6f74d58b84d94e778231916394869457 - - default default] 10.0.0.180 "GET /v2.0/security-groups?id=98e44039-78ae-4041-b477-e7fde2523ade&id=93acdc8a-7858-4c8e-b42c-a4d78bd13d0e&fields=id&fields=name HTTP/1.1" status: 200 len: 405 time: 0.1045699
2026-06-09 18:20:23.017 9 INFO neutron.notifiers.nova [-] Nova event matching ['req-67726534-7f10-4002-8c66-03256f3463f3'] response: {'server_uuid': '167eea56-39d8-402a-9d50-d33dc1d510ec', 'name': 'network-vif-unplugged', 'status': 'completed', 'tag': 'b33c229d-15bb-469f-be70-41a45ec44a08', 'code': 200}
2026-06-09 18:20:23.104 10 INFO neutron.wsgi [req-033a181f-fda0-4f82-be5f-615fd511bd1f req-49ac366f-2561-4640-8897-5561f7689cca 631020fa25464e10aa33b6825e83356f 6f74d58b84d94e778231916394869457 - - default default] 199.204.45.235 "GET /v2.0/ports?device_id=167eea56-39d8-402a-9d50-d33dc1d510ec HTTP/1.1" status: 200 len: 1212 time: 0.0485950
2026-06-09 18:20:23.177 9 INFO neutron.db.ovn_revision_numbers_db [None req-cb48ca33-fb75-4d63-b67f-a484b467142a - - - - - -] Successfully bumped revision number for resource b33c229d-15bb-469f-be70-41a45ec44a08 (type: ports) to 5
2026-06-09 18:20:23.561 9 INFO neutron.wsgi [-] 10.0.0.150 "GET / HTTP/1.1" status: 200 len: 247 time: 0.0026882
2026-06-09 18:20:23.564 9 INFO neutron.wsgi [-] 10.0.0.150 "GET / HTTP/1.1" status: 200 len: 247 time: 0.0023715
2026-06-09 18:20:23.574 10 INFO neutron.db.l3_db [req-033a181f-fda0-4f82-be5f-615fd511bd1f req-f9171b4c-88f5-4548-bda2-2e36621d2156 631020fa25464e10aa33b6825e83356f 6f74d58b84d94e778231916394869457 - - default default] Floating IP 1915e333-4ba3-4ad2-87b7-fa942b0712b7 disassociated. External IP: 10.96.250.205, port: b33c229d-15bb-469f-be70-41a45ec44a08.
2026-06-09 18:20:23.682 10 INFO neutron.wsgi [req-033a181f-fda0-4f82-be5f-615fd511bd1f req-f9171b4c-88f5-4548-bda2-2e36621d2156 631020fa25464e10aa33b6825e83356f 6f74d58b84d94e778231916394869457 - - default default] 199.204.45.235 "DELETE /v2.0/ports/b33c229d-15bb-469f-be70-41a45ec44a08 HTTP/1.1" status: 204 len: 173 time: 0.5727997
2026-06-09 18:20:23.717 10 INFO neutron.notifiers.nova [-] Nova event matching ['req-b53f3d41-17a6-46ed-ae99-cc18568db444'] response: {'server_uuid': '167eea56-39d8-402a-9d50-d33dc1d510ec', 'name': 'network-vif-deleted', 'tag': 'b33c229d-15bb-469f-be70-41a45ec44a08', 'status': 'completed', 'code': 200} /var/lib/openstack/lib/python3.10/site-packages/pycadf/identifier.py:71: UserWarning: Invalid uuid: neutron. To ensure interoperability, identifiers should be a valid uuid. warnings.warn(('Invalid uuid: %s. To ensure interoperability, '
2026-06-09 18:20:24.074 10 INFO neutron.wsgi [req-ca2becc2-2ea3-42c2-b718-4a4c58a36e19 req-ec7ee2e4-e7fc-4b13-ab09-1dbbd0e81418 631020fa25464e10aa33b6825e83356f 6f74d58b84d94e778231916394869457 - - default default] 10.0.0.180 "GET /v2.0/ports?device_id=167eea56-39d8-402a-9d50-d33dc1d510ec HTTP/1.1" status: 200 len: 210 time: 0.0291049
2026-06-09 18:20:25.048 9 INFO neutron.notifiers.nova [-] Nova event matching ['req-f6308e25-a6b1-47c0-850c-f7633be9afcf'] response: {'server_uuid': '167eea56-39d8-402a-9d50-d33dc1d510ec', 'name': 'network-vif-unplugged', 'status': 'completed', 'tag': 'b33c229d-15bb-469f-be70-41a45ec44a08', 'code': 200}
2026-06-09 18:20:25.355 10 INFO neutron.wsgi [None req-595449cf-1e1e-4d0b-8c70-7b20e865b9fd 631020fa25464e10aa33b6825e83356f 6f74d58b84d94e778231916394869457 - - default default] 10.0.0.231 "DELETE /v2.0/security-groups/98e44039-78ae-4041-b477-e7fde2523ade HTTP/1.1" status: 204 len: 168 time: 0.1201618
2026-06-09 18:20:25.371 10 INFO neutron.api.v2.resource [None req-f1f948fa-962f-4ca3-9312-2e70b6608fab 631020fa25464e10aa33b6825e83356f 6f74d58b84d94e778231916394869457 - - default default] show failed (client error): The resource could not be found.
2026-06-09 18:20:25.372 10 INFO neutron.wsgi [None req-f1f948fa-962f-4ca3-9312-2e70b6608fab 631020fa25464e10aa33b6825e83356f 6f74d58b84d94e778231916394869457 - - default default] 10.0.0.231 "GET /v2.0/security-groups/98e44039-78ae-4041-b477-e7fde2523ade HTTP/1.1" status: 404 len: 347 time: 0.0125973
2026-06-09 18:20:25.710 10 INFO neutron.wsgi [None req-20cc70c1-aa9a-4de3-8f5b-8926d98cfec6 631020fa25464e10aa33b6825e83356f 6f74d58b84d94e778231916394869457 - - default default] 10.0.0.231 "DELETE /v2.0/floatingips/1915e333-4ba3-4ad2-87b7-fa942b0712b7 HTTP/1.1" status: 204 len: 168 time: 0.3265119
2026-06-09 18:20:25.925 10 INFO neutron.wsgi [None req-f4cd43ec-a6cc-4649-847a-b1dcfb90000f 631020fa25464e10aa33b6825e83356f 6f74d58b84d94e778231916394869457 - - default default] 10.0.0.231 "DELETE /v2.0/security-groups/93acdc8a-7858-4c8e-b42c-a4d78bd13d0e HTTP/1.1" status: 204 len: 168 time: 0.2082438
2026-06-09 18:20:27.694 10 INFO neutron.wsgi [None req-8f8eaf7c-fab7-4f7f-8aaa-aa62d013f837 425f30fd9bfa4a59aba8521d612b35de 767207df6ea3494b827025c83e59fe5a - - default default] 10.0.0.231 "PUT /v2.0/routers/88663adb-e98c-4f75-87ca-27fd62b0255b/remove_router_interface HTTP/1.1" status: 200 len: 503 time: 1.7191393 /var/lib/openstack/lib/python3.10/site-packages/pycadf/identifier.py:71: UserWarning: Invalid uuid: neutron. To ensure interoperability, identifiers should be a valid uuid. warnings.warn(('Invalid uuid: %s. To ensure interoperability, '
2026-06-09 18:20:28.621 10 INFO neutron.wsgi [None req-a439d4bf-4b0f-4654-8437-15bb1eb94835 425f30fd9bfa4a59aba8521d612b35de 767207df6ea3494b827025c83e59fe5a - - default default] 10.0.0.231 "DELETE /v2.0/routers/88663adb-e98c-4f75-87ca-27fd62b0255b HTTP/1.1" status: 204 len: 168 time: 0.9230716
2026-06-09 18:20:28.845 10 INFO neutron.wsgi [None req-e7e943d0-e7cc-4b0a-bef4-dd02272fcbb5 425f30fd9bfa4a59aba8521d612b35de 767207df6ea3494b827025c83e59fe5a - - default default] 10.0.0.231 "DELETE /v2.0/subnets/1c9239fc-8ca5-4ccd-b7e5-be4bf138e020 HTTP/1.1" status: 204 len: 168 time: 0.2181144
2026-06-09 18:20:29.264 10 INFO neutron.services.segments.plugin [-] Segment bd797b18-7b8b-4e01-956c-425e4e9778b7 resource provider aggregate not found
2026-06-09 18:20:29.269 10 INFO neutron.services.segments.plugin [-] Segment bd797b18-7b8b-4e01-956c-425e4e9778b7 resource provider aggregate not found
2026-06-09 18:20:29.278 10 INFO neutron.services.segments.plugin [-] Segment bd797b18-7b8b-4e01-956c-425e4e9778b7 resource provider not found; error: Placement Client Error (4xx): {"errors": [{"status": 404, "title": "Not Found", "detail": "The resource could not be found.\n\n No resource provider with uuid bd797b18-7b8b-4e01-956c-425e4e9778b7 found for delete ", "request_id": "req-c89f3d88-c64d-4d26-9dc1-9ee9ca3bac8d"}]}
2026-06-09 18:20:29.284 10 INFO neutron.services.segments.plugin [-] Segment bd797b18-7b8b-4e01-956c-425e4e9778b7 resource provider not found; error: Placement Client Error (4xx): {"errors": [{"status": 404, "title": "Not Found", "detail": "The resource could not be found.\n\n No resource provider with uuid bd797b18-7b8b-4e01-956c-425e4e9778b7 found for delete ", "request_id": "req-44b6a6ce-18bf-4775-a442-40f929d12826"}]}
2026-06-09 18:20:29.305 10 INFO neutron.wsgi [None req-d3f9ac07-44ff-401f-a477-49ec45906589 425f30fd9bfa4a59aba8521d612b35de 767207df6ea3494b827025c83e59fe5a - - default default] 10.0.0.231 "DELETE /v2.0/networks/02362412-f05d-4881-b377-f4a17cb7e258 HTTP/1.1" status: 204 len: 168 time: 0.4538255 /var/lib/openstack/lib/python3.10/site-packages/pycadf/identifier.py:71: UserWarning: Invalid uuid: neutron. To ensure interoperability, identifiers should be a valid uuid. warnings.warn(('Invalid uuid: %s. To ensure interoperability, '
2026-06-09 18:20:30.516 9 INFO neutron.wsgi [None req-1689ac9c-6ccd-4f13-9fdd-d054fce3ae83 425f30fd9bfa4a59aba8521d612b35de 767207df6ea3494b827025c83e59fe5a - - default default] 10.0.0.231 "PUT /v2.0/routers/579928d1-5556-494f-9677-abbd54358c5e/remove_router_interface HTTP/1.1" status: 200 len: 503 time: 1.2034428 /var/lib/openstack/lib/python3.10/site-packages/pycadf/identifier.py:71: UserWarning: Invalid uuid: neutron. To ensure interoperability, identifiers should be a valid uuid. warnings.warn(('Invalid uuid: %s. To ensure interoperability, '
2026-06-09 18:20:31.369 9 INFO neutron.wsgi [None req-ad36cf39-e9fc-4148-af5c-d6e176aa0ca4 425f30fd9bfa4a59aba8521d612b35de 767207df6ea3494b827025c83e59fe5a - - default default] 10.0.0.231 "DELETE /v2.0/routers/579928d1-5556-494f-9677-abbd54358c5e HTTP/1.1" status: 204 len: 168 time: 0.8459055
2026-06-09 18:20:31.558 9 INFO neutron.wsgi [None req-400ee826-9cfa-4a81-8404-80a9c39ac43d 425f30fd9bfa4a59aba8521d612b35de 767207df6ea3494b827025c83e59fe5a - - default default] 10.0.0.231 "DELETE /v2.0/subnets/fc6ebd66-4579-4cf5-bd3a-057fee761f36 HTTP/1.1" status: 204 len: 168 time: 0.1839771
2026-06-09 18:20:31.943 9 INFO neutron.services.segments.plugin [-] Segment bfff9e9f-4199-48ab-a92c-62438dd16a62 resource provider aggregate not found
2026-06-09 18:20:31.949 9 INFO neutron.services.segments.plugin [-] Segment bfff9e9f-4199-48ab-a92c-62438dd16a62 resource provider aggregate not found
2026-06-09 18:20:31.979 9 INFO neutron.services.segments.plugin [-] Segment bfff9e9f-4199-48ab-a92c-62438dd16a62 resource provider not found; error: Placement Client Error (4xx): {"errors": [{"status": 404, "title": "Not Found", "detail": "The resource could not be found.\n\n No resource provider with uuid bfff9e9f-4199-48ab-a92c-62438dd16a62 found for delete ", "request_id": "req-73877abe-39cd-4c9e-8a26-11f4168e15d3"}]}
2026-06-09 18:20:31.980 9 INFO neutron.services.segments.plugin [-] Segment bfff9e9f-4199-48ab-a92c-62438dd16a62 resource provider not found; error: Placement Client Error (4xx): {"errors": [{"status": 404, "title": "Not Found", "detail": "The resource could not be found.\n\n No resource provider with uuid bfff9e9f-4199-48ab-a92c-62438dd16a62 found for delete ", "request_id": "req-847fdfa8-fb2e-41d0-91f5-6376c8f05290"}]}
2026-06-09 18:20:31.983 9 INFO neutron.wsgi [None req-72031bb4-432c-492a-892f-884de0a80d58 425f30fd9bfa4a59aba8521d612b35de 767207df6ea3494b827025c83e59fe5a - - default default] 10.0.0.231 "DELETE /v2.0/networks/62425d25-74a3-4b46-89ea-b2af5a493afe HTTP/1.1" status: 204 len: 168 time: 0.4188516
2026-06-09 18:20:32.333 10 INFO neutron.wsgi [None req-6961fc70-4908-4325-87dc-682c7d6d2176 425f30fd9bfa4a59aba8521d612b35de 767207df6ea3494b827025c83e59fe5a - - default default] 10.0.0.231 "GET /v2.0/security-groups?tenant_id=432c4dce333740faae4ff20ca717edbf&name=default HTTP/1.1" status: 200 len: 3120 time: 0.0472808
2026-06-09 18:20:32.614 9 INFO neutron.wsgi [None req-d7749ca8-129e-4ce9-9148-deb42d7179d5 425f30fd9bfa4a59aba8521d612b35de 767207df6ea3494b827025c83e59fe5a - - default default] 10.0.0.231 "DELETE /v2.0/security-groups/a0c28912-c6bc-490d-b809-53f5a1065b37 HTTP/1.1" status: 204 len: 168 time: 0.2763989
2026-06-09 18:20:32.790 9 INFO neutron.wsgi [None req-83f7ccdf-a0b3-480e-9501-15146cfeb23d 425f30fd9bfa4a59aba8521d612b35de 767207df6ea3494b827025c83e59fe5a - - default default] 10.0.0.231 "GET /v2.0/security-groups?tenant_id=6f74d58b84d94e778231916394869457&name=default HTTP/1.1" status: 200 len: 3120 time: 0.0388277
2026-06-09 18:20:33.028 9 INFO neutron.wsgi [None req-e5d82251-3b06-46b4-96b0-979329c5600b 425f30fd9bfa4a59aba8521d612b35de 767207df6ea3494b827025c83e59fe5a - - default default] 10.0.0.231 "DELETE /v2.0/security-groups/9ebdf59a-aaeb-44fb-afb8-fc1f6370ae25 HTTP/1.1" status: 204 len: 168 time: 0.2337306
2026-06-09 18:20:37.571 9 WARNING neutron_lib.context [None req-b3e8761e-0550-433a-9bba-e4a1aa210637 0283a15d5d2b4157bdb692c8bd912159 e656875c42054c6ca36f40851356a44a - - default default] Method 'is_advsvc' is deprecated since 2023.2 release (neutron-lib 3.8.0) and will be removed once support for the old RBAC API policies will be removed from Neutron. Please use method 'is_service_role' instead.
2026-06-09 18:20:38.135 9 WARNING neutron.scheduler.dhcp_agent_scheduler [None req-b3e8761e-0550-433a-9bba-e4a1aa210637 0283a15d5d2b4157bdb692c8bd912159 e656875c42054c6ca36f40851356a44a - - default default] No more DHCP agents
2026-06-09 18:20:38.136 9 WARNING neutron.api.rpc.agentnotifiers.dhcp_rpc_agent_api [None req-b3e8761e-0550-433a-9bba-e4a1aa210637 0283a15d5d2b4157bdb692c8bd912159 e656875c42054c6ca36f40851356a44a - - default default] Unable to schedule network 82e904f0-9fa3-4b6e-8e75-e094a397722a: no agents available; will retry on subsequent port and subnet creation events.
2026-06-09 18:20:38.415 9 INFO neutron.wsgi [None req-b3e8761e-0550-433a-9bba-e4a1aa210637 0283a15d5d2b4157bdb692c8bd912159 e656875c42054c6ca36f40851356a44a - - default default] 10.0.0.231 "POST /v2.0/floatingips HTTP/1.1" status: 201 len: 751 time: 0.9958110
2026-06-09 18:20:38.425 9 WARNING neutron_lib.context [None req-3f01f16f-c237-4b74-a1aa-eb22b30f25a0 0283a15d5d2b4157bdb692c8bd912159 e656875c42054c6ca36f40851356a44a - - default default] Method 'is_advsvc' is deprecated since 2023.2 release (neutron-lib 3.8.0) and will be removed once support for the old RBAC API policies will be removed from Neutron. Please use method 'is_service_role' instead.
2026-06-09 18:20:38.562 10 INFO neutron.wsgi [-] 10.0.0.150 "GET / HTTP/1.1" status: 200 len: 247 time: 0.0031252
2026-06-09 18:20:38.566 10 INFO neutron.wsgi [-] 10.0.0.150 "GET / HTTP/1.1" status: 200 len: 247 time: 0.0022347
2026-06-09 18:20:38.720 9 WARNING neutron.scheduler.dhcp_agent_scheduler [None req-3f01f16f-c237-4b74-a1aa-eb22b30f25a0 0283a15d5d2b4157bdb692c8bd912159 e656875c42054c6ca36f40851356a44a - - default default] No more DHCP agents
2026-06-09 18:20:38.722 9 WARNING neutron.api.rpc.agentnotifiers.dhcp_rpc_agent_api [None req-3f01f16f-c237-4b74-a1aa-eb22b30f25a0 0283a15d5d2b4157bdb692c8bd912159 e656875c42054c6ca36f40851356a44a - - default default] Unable to schedule network 82e904f0-9fa3-4b6e-8e75-e094a397722a: no agents available; will retry on subsequent port and subnet creation events.
2026-06-09 18:20:39.075 9 INFO neutron.wsgi [None req-3f01f16f-c237-4b74-a1aa-eb22b30f25a0 0283a15d5d2b4157bdb692c8bd912159 e656875c42054c6ca36f40851356a44a - - default default] 10.0.0.231 "POST /v2.0/floatingips HTTP/1.1" status: 201 len: 751 time: 0.6552877
2026-06-09 18:20:39.087 10 WARNING neutron_lib.context [None req-9bfd2ac7-4871-4f1d-bed0-b114176ee30f 0283a15d5d2b4157bdb692c8bd912159 e656875c42054c6ca36f40851356a44a - - default default] Method 'is_advsvc' is deprecated since 2023.2 release (neutron-lib 3.8.0) and will be removed once support for the old RBAC API policies will be removed from Neutron. Please use method 'is_service_role' instead.
2026-06-09 18:20:39.531 10 WARNING neutron.scheduler.dhcp_agent_scheduler [None req-9bfd2ac7-4871-4f1d-bed0-b114176ee30f 0283a15d5d2b4157bdb692c8bd912159 e656875c42054c6ca36f40851356a44a - - default default] No more DHCP agents
2026-06-09 18:20:39.534 10 WARNING neutron.api.rpc.agentnotifiers.dhcp_rpc_agent_api [None req-9bfd2ac7-4871-4f1d-bed0-b114176ee30f 0283a15d5d2b4157bdb692c8bd912159 e656875c42054c6ca36f40851356a44a - - default default] Unable to schedule network 82e904f0-9fa3-4b6e-8e75-e094a397722a: no agents available; will retry on subsequent port and subnet creation events.
2026-06-09 18:20:39.850 10 INFO neutron.wsgi [None req-9bfd2ac7-4871-4f1d-bed0-b114176ee30f 0283a15d5d2b4157bdb692c8bd912159 e656875c42054c6ca36f40851356a44a - - default default] 10.0.0.231 "POST /v2.0/floatingips HTTP/1.1" status: 201 len: 751 time: 0.7697992
2026-06-09 18:20:39.862 9 WARNING neutron_lib.context [None req-5c804408-fc8e-4560-a35e-93b367b3e57f 0283a15d5d2b4157bdb692c8bd912159 e656875c42054c6ca36f40851356a44a - - default default] Method 'is_advsvc' is deprecated since 2023.2 release (neutron-lib 3.8.0) and will be removed once support for the old RBAC API policies will be removed from Neutron. Please use method 'is_service_role' instead.
2026-06-09 18:20:40.115 9 WARNING neutron.scheduler.dhcp_agent_scheduler [None req-5c804408-fc8e-4560-a35e-93b367b3e57f 0283a15d5d2b4157bdb692c8bd912159 e656875c42054c6ca36f40851356a44a - - default default] No more DHCP agents
2026-06-09 18:20:40.117 9 WARNING neutron.api.rpc.agentnotifiers.dhcp_rpc_agent_api [None req-5c804408-fc8e-4560-a35e-93b367b3e57f 0283a15d5d2b4157bdb692c8bd912159 e656875c42054c6ca36f40851356a44a - - default default] Unable to schedule network 82e904f0-9fa3-4b6e-8e75-e094a397722a: no agents available; will retry on subsequent port and subnet creation events.
2026-06-09 18:20:40.445 9 INFO neutron.wsgi [None req-5c804408-fc8e-4560-a35e-93b367b3e57f 0283a15d5d2b4157bdb692c8bd912159 e656875c42054c6ca36f40851356a44a - - default default] 10.0.0.231 "POST /v2.0/floatingips HTTP/1.1" status: 201 len: 751 time: 0.5886626
2026-06-09 18:20:40.458 9 WARNING neutron_lib.context [None req-783f903b-d441-4bdb-9bfa-e4b68f7be4c2 0283a15d5d2b4157bdb692c8bd912159 e656875c42054c6ca36f40851356a44a - - default default] Method 'is_advsvc' is deprecated since 2023.2 release (neutron-lib 3.8.0) and will be removed once support for the old RBAC API policies will be removed from Neutron. Please use method 'is_service_role' instead.
2026-06-09 18:20:40.731 9 WARNING neutron.scheduler.dhcp_agent_scheduler [None req-783f903b-d441-4bdb-9bfa-e4b68f7be4c2 0283a15d5d2b4157bdb692c8bd912159 e656875c42054c6ca36f40851356a44a - - default default] No more DHCP agents
2026-06-09 18:20:40.740 9 WARNING neutron.api.rpc.agentnotifiers.dhcp_rpc_agent_api [None req-783f903b-d441-4bdb-9bfa-e4b68f7be4c2 0283a15d5d2b4157bdb692c8bd912159 e656875c42054c6ca36f40851356a44a - - default default] Unable to schedule network 82e904f0-9fa3-4b6e-8e75-e094a397722a: no agents available; will retry on subsequent port and subnet creation events.
2026-06-09 18:20:41.098 9 INFO neutron.wsgi [None req-783f903b-d441-4bdb-9bfa-e4b68f7be4c2 0283a15d5d2b4157bdb692c8bd912159 e656875c42054c6ca36f40851356a44a - - default default] 10.0.0.231 "POST /v2.0/floatingips HTTP/1.1" status: 201 len: 751 time: 0.6473205
2026-06-09 18:20:41.148 9 INFO neutron.wsgi [None req-f4f17f88-0690-41b2-bfe4-37671af5371f 0283a15d5d2b4157bdb692c8bd912159 e656875c42054c6ca36f40851356a44a - - default default] 10.0.0.231 "PUT /v2.0/floatingips/3a4edefd-7755-4d2e-8eb3-8bb4305c864b/tags HTTP/1.1" status: 200 len: 210 time: 0.0456946
2026-06-09 18:20:41.192 9 INFO neutron.wsgi [None req-bae6e559-ba91-45d7-a5ba-419de629afdf 0283a15d5d2b4157bdb692c8bd912159 e656875c42054c6ca36f40851356a44a - - default default] 10.0.0.231 "PUT /v2.0/floatingips/44f24786-98ef-4656-b20d-4419a252055e/tags HTTP/1.1" status: 200 len: 218 time: 0.0396969
2026-06-09 18:20:41.240 9 INFO neutron.wsgi [None req-026f1ca9-84eb-4fb7-a264-15a02a5bbeee 0283a15d5d2b4157bdb692c8bd912159 e656875c42054c6ca36f40851356a44a - - default default] 10.0.0.231 "PUT /v2.0/floatingips/57c07a2e-d2b5-4218-9895-e503333d9016/tags HTTP/1.1" status: 200 len: 227 time: 0.0424178
2026-06-09 18:20:41.290 9 INFO neutron.wsgi [None req-191c7d41-4882-4300-b560-9c55eba3c4d7 0283a15d5d2b4157bdb692c8bd912159 e656875c42054c6ca36f40851356a44a - - default default] 10.0.0.231 "PUT /v2.0/floatingips/837125a5-a444-449e-8518-4abc19a7ad85/tags HTTP/1.1" status: 200 len: 212 time: 0.0457246
2026-06-09 18:20:41.334 9 INFO neutron.wsgi [None req-b5b6ddca-510e-4177-b7ae-f80278f07aee 0283a15d5d2b4157bdb692c8bd912159 e656875c42054c6ca36f40851356a44a - - default default] 10.0.0.231 "GET /v2.0/floatingips?tags=red HTTP/1.1" status: 200 len: 1866 time: 0.0374739
2026-06-09 18:20:41.378 9 INFO neutron.wsgi [None req-d5583bc7-a902-4a29-b0ec-9ac948c5fb70 0283a15d5d2b4157bdb692c8bd912159 e656875c42054c6ca36f40851356a44a - - default default] 10.0.0.231 "GET /v2.0/floatingips?tags=red%2Cblue HTTP/1.1" status: 200 len: 1323 time: 0.0393198
2026-06-09 18:20:41.416 9 INFO neutron.wsgi [None req-31a06185-1e9a-434c-b0a9-9526f58431d5 0283a15d5d2b4157bdb692c8bd912159 e656875c42054c6ca36f40851356a44a - - default default] 10.0.0.231 "GET /v2.0/floatingips?tags-any=blue HTTP/1.1" status: 200 len: 1323 time: 0.0334482
2026-06-09 18:20:41.454 9 INFO neutron.wsgi [None req-bb763fd6-eb31-456a-b00f-e7e644b5e8f3 0283a15d5d2b4157bdb692c8bd912159 e656875c42054c6ca36f40851356a44a - - default default] 10.0.0.231 "GET /v2.0/floatingips?tags-any=red%2Cblue HTTP/1.1" status: 200 len: 1866 time: 0.0337989
2026-06-09 18:20:41.480 9 INFO neutron.wsgi [None req-18fdc1b1-446f-42b1-8d98-ef478a5ac348 425f30fd9bfa4a59aba8521d612b35de 767207df6ea3494b827025c83e59fe5a - - default default] 199.204.45.235 "GET /v2.0/extensions/security-group HTTP/1.1" status: 200 len: 369 time: 0.0040071
2026-06-09 18:20:41.501 9 INFO neutron.wsgi [None req-2f5a784d-f4e1-41ea-860d-44827dbb3c3c 425f30fd9bfa4a59aba8521d612b35de 767207df6ea3494b827025c83e59fe5a - - default default] 199.204.45.235 "GET /v2.0/extensions/dns-integration HTTP/1.1" status: 200 len: 371 time: 0.0081117
2026-06-09 18:20:41.518 9 INFO neutron.wsgi [None req-f643cffd-a1de-4c5d-a099-82d4d751bce7 425f30fd9bfa4a59aba8521d612b35de 767207df6ea3494b827025c83e59fe5a - - default default] 199.204.45.235 "GET /v2.0/extensions/qos HTTP/1.1" status: 200 len: 365 time: 0.0094063
2026-06-09 18:20:41.521 9 INFO neutron.wsgi [None req-71ad3743-1f9d-4d5b-8b8a-cb33fadd5ef6 0283a15d5d2b4157bdb692c8bd912159 e656875c42054c6ca36f40851356a44a - - default default] 10.0.0.231 "GET /v2.0/floatingips?not-tags=red HTTP/1.1" status: 200 len: 1295 time: 0.0612152
2026-06-09 18:20:41.525 9 INFO neutron.wsgi [None req-126cb30c-2fdb-44f7-b018-48f84d310e14 425f30fd9bfa4a59aba8521d612b35de 767207df6ea3494b827025c83e59fe5a - - default default] 199.204.45.235 "GET /v2.0/extensions/allowed-address-pairs HTTP/1.1" status: 200 len: 383 time: 0.0035417
2026-06-09 18:20:41.572 9 INFO neutron.wsgi [None req-afc2ee4f-fc57-4fb0-94d7-1bd3331ceda2 0283a15d5d2b4157bdb692c8bd912159 e656875c42054c6ca36f40851356a44a - - default default] 10.0.0.231 "GET /v2.0/floatingips?not-tags=red%2Cblue HTTP/1.1" status: 200 len: 1838 time: 0.0454881
2026-06-09 18:20:41.581 9 INFO neutron.wsgi [None req-313714af-d154-4ea1-88bc-efd2da8d04c6 425f30fd9bfa4a59aba8521d612b35de 767207df6ea3494b827025c83e59fe5a - - default default] 199.204.45.235 "GET /v2.0/subnets/48e146e5-a081-44b2-bbae-4ff39f604d7c HTTP/1.1" status: 200 len: 850 time: 0.0497134
2026-06-09 18:20:41.624 10 INFO neutron.wsgi [None req-7969e2bb-16a4-4431-a9ba-d3392ffce522 0283a15d5d2b4157bdb692c8bd912159 e656875c42054c6ca36f40851356a44a - - default default] 10.0.0.231 "GET /v2.0/floatingips?not-tags-any=blue HTTP/1.1" status: 200 len: 1838 time: 0.0470817
2026-06-09 18:20:41.630 9 INFO neutron.wsgi [None req-f3f713e6-7124-4cf8-a987-46afd6659a69 425f30fd9bfa4a59aba8521d612b35de 767207df6ea3494b827025c83e59fe5a - - default default] 199.204.45.235 "GET /v2.0/ports?device_id=c4ec1c46-cd5a-426d-8fb3-ad7989bcfddc HTTP/1.1" status: 200 len: 1417 time: 0.0364687
2026-06-09 18:20:41.660 10 INFO neutron.wsgi [None req-051c5318-00a8-4974-b9cc-c2cb0019c0ab 0283a15d5d2b4157bdb692c8bd912159 e656875c42054c6ca36f40851356a44a - - default default] 10.0.0.231 "GET /v2.0/floatingips?not-tags-any=red%2Cblue HTTP/1.1" status: 200 len: 1295 time: 0.0306065
2026-06-09 18:20:42.008 9 WARNING neutron.scheduler.dhcp_agent_scheduler [None req-6acd7279-1618-45ba-ae80-ff6ff8a0624d 425f30fd9bfa4a59aba8521d612b35de 767207df6ea3494b827025c83e59fe5a - - default default] No more DHCP agents
2026-06-09 18:20:42.012 9 WARNING neutron.api.rpc.agentnotifiers.dhcp_rpc_agent_api [None req-6acd7279-1618-45ba-ae80-ff6ff8a0624d 425f30fd9bfa4a59aba8521d612b35de 767207df6ea3494b827025c83e59fe5a - - default default] Unable to schedule network 284d1984-45e0-400b-9bd7-a701ca7f711c: no agents available; will retry on subsequent port and subnet creation events.
2026-06-09 18:20:42.035 10 INFO neutron.wsgi [None req-4e110106-5772-42ba-a9e8-e594ab234ece 0283a15d5d2b4157bdb692c8bd912159 e656875c42054c6ca36f40851356a44a - - default default] 10.0.0.231 "DELETE /v2.0/floatingips/3a4edefd-7755-4d2e-8eb3-8bb4305c864b HTTP/1.1" status: 204 len: 168 time: 0.3570139
2026-06-09 18:20:42.172 9 INFO neutron.db.ovn_revision_numbers_db [None req-6acd7279-1618-45ba-ae80-ff6ff8a0624d 425f30fd9bfa4a59aba8521d612b35de 767207df6ea3494b827025c83e59fe5a - - default default] Successfully bumped revision number for resource b36a653a-57d8-43a8-bf7b-2ae3d53829b8 (type: ports) to 1
2026-06-09 18:20:42.194 9 INFO neutron.wsgi [None req-6acd7279-1618-45ba-ae80-ff6ff8a0624d 425f30fd9bfa4a59aba8521d612b35de 767207df6ea3494b827025c83e59fe5a - - default default] 199.204.45.235 "POST /v2.0/ports HTTP/1.1" status: 201 len: 1298 time: 0.5531299
2026-06-09 18:20:42.284 10 INFO neutron.wsgi [req-beccbd04-07ba-4599-85b0-ce4a2f863fe3 req-019cc651-af73-439e-a6cd-4395f5e834a3 425f30fd9bfa4a59aba8521d612b35de 767207df6ea3494b827025c83e59fe5a - - default default] 10.0.0.180 "GET /v2.0/ports/b36a653a-57d8-43a8-bf7b-2ae3d53829b8 HTTP/1.1" status: 200 len: 1293 time: 0.0346832
2026-06-09 18:20:42.300 10 INFO neutron.wsgi [req-beccbd04-07ba-4599-85b0-ce4a2f863fe3 req-287434c4-3775-4a17-9d29-2c95ab477a05 425f30fd9bfa4a59aba8521d612b35de 767207df6ea3494b827025c83e59fe5a - - default default] 10.0.0.180 "GET /v2.0/extensions HTTP/1.1" status: 200 len: 18683 time: 0.0058863
2026-06-09 18:20:42.364 10 INFO neutron.wsgi [None req-1e9bb1cb-5e8c-4ee9-981a-02bff0616704 0283a15d5d2b4157bdb692c8bd912159 e656875c42054c6ca36f40851356a44a - - default default] 10.0.0.231 "DELETE /v2.0/floatingips/44f24786-98ef-4656-b20d-4419a252055e HTTP/1.1" status: 204 len: 168 time: 0.3245795
2026-06-09 18:20:42.432 10 INFO neutron.wsgi [req-beccbd04-07ba-4599-85b0-ce4a2f863fe3 req-f502284a-6f26-4810-8958-cfe12b8694d6 b6010b07c75146c09d8fc3ee3b0b64ec 1ccd198a5b87496f98e9c72a2a22738a - - 0746ddb4a3ab48e7a1797add0e522397 0746ddb4a3ab48e7a1797add0e522397] 199.204.45.235 "GET /v2.0/ports/b36a653a-57d8-43a8-bf7b-2ae3d53829b8?fields=binding%3Avnic_type&fields=binding%3Aprofile&fields=network_id&fields=resource_request&fields=numa_affinity_policy&fields=device_profile HTTP/1.1" status: 200 len: 335 time: 0.0558476
2026-06-09 18:20:42.527 10 INFO neutron.wsgi [req-beccbd04-07ba-4599-85b0-ce4a2f863fe3 req-0999566b-80fc-425b-b890-d490093d2700 b6010b07c75146c09d8fc3ee3b0b64ec 1ccd198a5b87496f98e9c72a2a22738a - - 0746ddb4a3ab48e7a1797add0e522397 0746ddb4a3ab48e7a1797add0e522397] 199.204.45.235 "GET /v2.0/networks/284d1984-45e0-400b-9bd7-a701ca7f711c?fields=segments HTTP/1.1" status: 200 len: 212 time: 0.0896101
2026-06-09 18:20:42.612 10 INFO neutron.wsgi [req-beccbd04-07ba-4599-85b0-ce4a2f863fe3 req-f86effa8-440c-4349-aedd-778f276d6e78 b6010b07c75146c09d8fc3ee3b0b64ec 1ccd198a5b87496f98e9c72a2a22738a - - 0746ddb4a3ab48e7a1797add0e522397 0746ddb4a3ab48e7a1797add0e522397] 199.204.45.235 "GET /v2.0/networks/284d1984-45e0-400b-9bd7-a701ca7f711c?fields=provider%3Aphysical_network&fields=provider%3Anetwork_type HTTP/1.1" status: 200 len: 277 time: 0.0791981
2026-06-09 18:20:42.686 10 INFO neutron.wsgi [req-beccbd04-07ba-4599-85b0-ce4a2f863fe3 req-c563fc71-3818-4ef4-b23c-0aa8286178db b6010b07c75146c09d8fc3ee3b0b64ec 1ccd198a5b87496f98e9c72a2a22738a - - 0746ddb4a3ab48e7a1797add0e522397 0746ddb4a3ab48e7a1797add0e522397] 199.204.45.235 "GET /v2.0/ports/b36a653a-57d8-43a8-bf7b-2ae3d53829b8 HTTP/1.1" status: 200 len: 1293 time: 0.0366743
2026-06-09 18:20:42.772 10 INFO neutron.wsgi [req-beccbd04-07ba-4599-85b0-ce4a2f863fe3 req-97872b0c-f772-42ba-9056-edf2c7855b57 425f30fd9bfa4a59aba8521d612b35de 767207df6ea3494b827025c83e59fe5a - - default default] 199.204.45.235 "GET /v2.0/networks?id=284d1984-45e0-400b-9bd7-a701ca7f711c HTTP/1.1" status: 200 len: 1004 time: 0.0800059
2026-06-09 18:20:42.912 10 INFO neutron.wsgi [None req-066c1f59-78cf-43d8-a109-e4bc94bbec72 0283a15d5d2b4157bdb692c8bd912159 e656875c42054c6ca36f40851356a44a - - default default] 10.0.0.231 "DELETE /v2.0/floatingips/57c07a2e-d2b5-4218-9895-e503333d9016 HTTP/1.1" status: 204 len: 168 time: 0.5430713 /var/lib/openstack/lib/python3.10/site-packages/pycadf/identifier.py:71: UserWarning: Invalid uuid: neutron. To ensure interoperability, identifiers should be a valid uuid. warnings.warn(('Invalid uuid: %s. To ensure interoperability, '
2026-06-09 18:20:43.249 9 INFO neutron.wsgi [None req-a82eb63f-28a8-40bc-8d66-20a43c207b78 0283a15d5d2b4157bdb692c8bd912159 e656875c42054c6ca36f40851356a44a - - default default] 10.0.0.231 "DELETE /v2.0/floatingips/837125a5-a444-449e-8518-4abc19a7ad85 HTTP/1.1" status: 204 len: 168 time: 0.3310504
2026-06-09 18:20:43.259 10 INFO neutron.db.ovn_revision_numbers_db [req-beccbd04-07ba-4599-85b0-ce4a2f863fe3 req-65e76f74-c545-46f8-8233-0a593087ae5b b6010b07c75146c09d8fc3ee3b0b64ec 1ccd198a5b87496f98e9c72a2a22738a - - 0746ddb4a3ab48e7a1797add0e522397 0746ddb4a3ab48e7a1797add0e522397] Successfully bumped revision number for resource b36a653a-57d8-43a8-bf7b-2ae3d53829b8 (type: ports) to 2
2026-06-09 18:20:43.442 10 INFO neutron.db.ovn_revision_numbers_db [req-beccbd04-07ba-4599-85b0-ce4a2f863fe3 req-65e76f74-c545-46f8-8233-0a593087ae5b b6010b07c75146c09d8fc3ee3b0b64ec 1ccd198a5b87496f98e9c72a2a22738a - - 0746ddb4a3ab48e7a1797add0e522397 0746ddb4a3ab48e7a1797add0e522397] Successfully bumped revision number for resource b36a653a-57d8-43a8-bf7b-2ae3d53829b8 (type: ports) to 2
2026-06-09 18:20:43.462 10 INFO neutron.wsgi [req-beccbd04-07ba-4599-85b0-ce4a2f863fe3 req-65e76f74-c545-46f8-8233-0a593087ae5b b6010b07c75146c09d8fc3ee3b0b64ec 1ccd198a5b87496f98e9c72a2a22738a - - 0746ddb4a3ab48e7a1797add0e522397 0746ddb4a3ab48e7a1797add0e522397] 199.204.45.235 "PUT /v2.0/ports/b36a653a-57d8-43a8-bf7b-2ae3d53829b8 HTTP/1.1" status: 200 len: 1424 time: 0.6801517 /var/lib/openstack/lib/python3.10/site-packages/pycadf/identifier.py:71: UserWarning: Invalid uuid: neutron. To ensure interoperability, identifiers should be a valid uuid. warnings.warn(('Invalid uuid: %s. To ensure interoperability, '
2026-06-09 18:20:43.505 10 INFO neutron.notifiers.nova [-] Nova event matching ['req-6c0be2d3-e196-408b-a651-ecdf17cd3947'] response: {'name': 'network-changed', 'server_uuid': 'c4ec1c46-cd5a-426d-8fb3-ad7989bcfddc', 'tag': 'b36a653a-57d8-43a8-bf7b-2ae3d53829b8', 'status': 'completed', 'code': 200}
2026-06-09 18:20:43.538 10 INFO neutron.wsgi [req-beccbd04-07ba-4599-85b0-ce4a2f863fe3 req-3b499eac-1399-4267-b1f8-5da89744a82f b6010b07c75146c09d8fc3ee3b0b64ec 1ccd198a5b87496f98e9c72a2a22738a - - 0746ddb4a3ab48e7a1797add0e522397 0746ddb4a3ab48e7a1797add0e522397] 199.204.45.235 "GET /v2.0/ports?tenant_id=767207df6ea3494b827025c83e59fe5a&device_id=c4ec1c46-cd5a-426d-8fb3-ad7989bcfddc HTTP/1.1" status: 200 len: 2661 time: 0.0430520
2026-06-09 18:20:43.550 9 INFO neutron.wsgi [None req-faa741dc-d13e-4dda-9b3b-ceef726feed1 0283a15d5d2b4157bdb692c8bd912159 e656875c42054c6ca36f40851356a44a - - default default] 10.0.0.231 "DELETE /v2.0/floatingips/6cb43e09-191a-4fd9-8d6a-f4c9104faaa3 HTTP/1.1" status: 204 len: 168 time: 0.2973065
2026-06-09 18:20:43.569 10 INFO neutron.wsgi [req-beccbd04-07ba-4599-85b0-ce4a2f863fe3 req-c40aa0f6-3972-4d40-a70b-1cc49b8098ea b6010b07c75146c09d8fc3ee3b0b64ec 1ccd198a5b87496f98e9c72a2a22738a - - 0746ddb4a3ab48e7a1797add0e522397 0746ddb4a3ab48e7a1797add0e522397] 199.204.45.235 "GET /v2.0/floatingips?fixed_ip_address=172.24.0.115&port_id=62c57035-d56c-47c4-93fd-d41747830d4d HTTP/1.1" status: 200 len: 217 time: 0.0247779
2026-06-09 18:20:43.604 10 INFO neutron.wsgi [req-beccbd04-07ba-4599-85b0-ce4a2f863fe3 req-4a5ec648-c61c-40de-b93c-75b862e8859a b6010b07c75146c09d8fc3ee3b0b64ec 1ccd198a5b87496f98e9c72a2a22738a - - 0746ddb4a3ab48e7a1797add0e522397 0746ddb4a3ab48e7a1797add0e522397] 199.204.45.235 "GET /v2.0/subnets?id=1a9604a4-12ad-4d44-9cc1-c1be5a26967b HTTP/1.1" status: 200 len: 829 time: 0.0312200
2026-06-09 18:20:43.628 10 INFO neutron.wsgi [req-beccbd04-07ba-4599-85b0-ce4a2f863fe3 req-a32afc94-b6b0-4875-a66d-78421591171e b6010b07c75146c09d8fc3ee3b0b64ec 1ccd198a5b87496f98e9c72a2a22738a - - 0746ddb4a3ab48e7a1797add0e522397 0746ddb4a3ab48e7a1797add0e522397] 199.204.45.235 "GET /v2.0/ports?network_id=a8cf3389-57af-408b-95e4-6dc8f8d349fe&device_owner=network%3Adhcp HTTP/1.1" status: 200 len: 210 time: 0.0201898
2026-06-09 18:20:43.687 10 INFO neutron.wsgi [req-beccbd04-07ba-4599-85b0-ce4a2f863fe3 req-e111f97a-d481-4ef3-93f5-f828d4a26761 b6010b07c75146c09d8fc3ee3b0b64ec 1ccd198a5b87496f98e9c72a2a22738a - - 0746ddb4a3ab48e7a1797add0e522397 0746ddb4a3ab48e7a1797add0e522397] 199.204.45.235 "GET /v2.0/networks/a8cf3389-57af-408b-95e4-6dc8f8d349fe?fields=segments HTTP/1.1" status: 200 len: 212 time: 0.0545807
2026-06-09 18:20:43.767 10 INFO neutron.wsgi [req-beccbd04-07ba-4599-85b0-ce4a2f863fe3 req-033350de-3880-42ba-8df1-8c1f247094b9 b6010b07c75146c09d8fc3ee3b0b64ec 1ccd198a5b87496f98e9c72a2a22738a - - 0746ddb4a3ab48e7a1797add0e522397 0746ddb4a3ab48e7a1797add0e522397] 199.204.45.235 "GET /v2.0/networks/a8cf3389-57af-408b-95e4-6dc8f8d349fe?fields=provider%3Aphysical_network&fields=provider%3Anetwork_type HTTP/1.1" status: 200 len: 277 time: 0.0750961
2026-06-09 18:20:43.808 10 INFO neutron.wsgi [req-beccbd04-07ba-4599-85b0-ce4a2f863fe3 req-2fca7e06-e91e-43ae-8442-912d0db97542 b6010b07c75146c09d8fc3ee3b0b64ec 1ccd198a5b87496f98e9c72a2a22738a - - 0746ddb4a3ab48e7a1797add0e522397 0746ddb4a3ab48e7a1797add0e522397] 199.204.45.235 "GET /v2.0/floatingips?fixed_ip_address=10.1.1.15&port_id=b36a653a-57d8-43a8-bf7b-2ae3d53829b8 HTTP/1.1" status: 200 len: 217 time: 0.0340273
2026-06-09 18:20:43.849 10 INFO neutron.wsgi [req-beccbd04-07ba-4599-85b0-ce4a2f863fe3 req-0a183dba-de7a-4d18-b190-9b9392560391 b6010b07c75146c09d8fc3ee3b0b64ec 1ccd198a5b87496f98e9c72a2a22738a - - 0746ddb4a3ab48e7a1797add0e522397 0746ddb4a3ab48e7a1797add0e522397] 199.204.45.235 "GET /v2.0/subnets?id=48e146e5-a081-44b2-bbae-4ff39f604d7c HTTP/1.1" status: 200 len: 853 time: 0.0375676
2026-06-09 18:20:43.881 10 INFO neutron.wsgi [req-beccbd04-07ba-4599-85b0-ce4a2f863fe3 req-23c0fa73-d378-4d75-aaa5-ec2d67083b28 b6010b07c75146c09d8fc3ee3b0b64ec 1ccd198a5b87496f98e9c72a2a22738a - - 0746ddb4a3ab48e7a1797add0e522397 0746ddb4a3ab48e7a1797add0e522397] 199.204.45.235 "GET /v2.0/ports?network_id=284d1984-45e0-400b-9bd7-a701ca7f711c&device_owner=network%3Adhcp HTTP/1.1" status: 200 len: 210 time: 0.0284200
2026-06-09 18:20:43.968 10 INFO neutron.wsgi [req-beccbd04-07ba-4599-85b0-ce4a2f863fe3 req-be000144-48ac-49ce-86d8-97acf64c09b8 b6010b07c75146c09d8fc3ee3b0b64ec 1ccd198a5b87496f98e9c72a2a22738a - - 0746ddb4a3ab48e7a1797add0e522397 0746ddb4a3ab48e7a1797add0e522397] 199.204.45.235 "GET /v2.0/networks/284d1984-45e0-400b-9bd7-a701ca7f711c?fields=segments HTTP/1.1" status: 200 len: 212 time: 0.0788369
2026-06-09 18:20:44.032 10 INFO neutron.wsgi [req-beccbd04-07ba-4599-85b0-ce4a2f863fe3 req-39ec103b-c8ec-4473-a033-5725c1a9fa24 b6010b07c75146c09d8fc3ee3b0b64ec 1ccd198a5b87496f98e9c72a2a22738a - - 0746ddb4a3ab48e7a1797add0e522397 0746ddb4a3ab48e7a1797add0e522397] 199.204.45.235 "GET /v2.0/networks/284d1984-45e0-400b-9bd7-a701ca7f711c?fields=provider%3Aphysical_network&fields=provider%3Anetwork_type HTTP/1.1" status: 200 len: 277 time: 0.0570588
2026-06-09 18:20:44.137 10 INFO neutron.wsgi [req-c7cfc4f1-b4c0-4daa-825e-dd64af36046a req-86b78e53-ef52-468d-81af-75ff7d687e9a b6010b07c75146c09d8fc3ee3b0b64ec 1ccd198a5b87496f98e9c72a2a22738a - - 0746ddb4a3ab48e7a1797add0e522397 0746ddb4a3ab48e7a1797add0e522397] 199.204.45.235 "GET /v2.0/ports?tenant_id=767207df6ea3494b827025c83e59fe5a&device_id=c4ec1c46-cd5a-426d-8fb3-ad7989bcfddc HTTP/1.1" status: 200 len: 2661 time: 0.0500798
2026-06-09 18:20:44.143 10 INFO neutron.plugins.ml2.drivers.ovn.mech_driver.mech_driver [None req-6530a85a-f2e7-4203-8f07-50e8939a02bd - - - - - -] OVN reports status up for port: b36a653a-57d8-43a8-bf7b-2ae3d53829b8
2026-06-09 18:20:44.174 10 INFO neutron.plugins.ml2.plugin [None req-6530a85a-f2e7-4203-8f07-50e8939a02bd - - - - - -] Attempt 1 to provision port b36a653a-57d8-43a8-bf7b-2ae3d53829b8
2026-06-09 18:20:44.260 10 INFO neutron.wsgi [req-c7cfc4f1-b4c0-4daa-825e-dd64af36046a req-9f4d60e4-07ea-4094-83ad-5a19726e758c b6010b07c75146c09d8fc3ee3b0b64ec 1ccd198a5b87496f98e9c72a2a22738a - - 0746ddb4a3ab48e7a1797add0e522397 0746ddb4a3ab48e7a1797add0e522397] 199.204.45.235 "GET /v2.0/networks?id=284d1984-45e0-400b-9bd7-a701ca7f711c HTTP/1.1" status: 200 len: 1004 time: 0.1107681
2026-06-09 18:20:44.291 10 INFO neutron.wsgi [req-c7cfc4f1-b4c0-4daa-825e-dd64af36046a req-88d0fb5f-5575-4893-98a6-d3cb722d034f b6010b07c75146c09d8fc3ee3b0b64ec 1ccd198a5b87496f98e9c72a2a22738a - - 0746ddb4a3ab48e7a1797add0e522397 0746ddb4a3ab48e7a1797add0e522397] 199.204.45.235 "GET /v2.0/floatingips?fixed_ip_address=10.1.1.15&port_id=b36a653a-57d8-43a8-bf7b-2ae3d53829b8 HTTP/1.1" status: 200 len: 217 time: 0.0238214
2026-06-09 18:20:44.556 10 INFO neutron.wsgi [req-c7cfc4f1-b4c0-4daa-825e-dd64af36046a req-80148020-8812-4aee-a2d5-494fe1159b6a b6010b07c75146c09d8fc3ee3b0b64ec 1ccd198a5b87496f98e9c72a2a22738a - - 0746ddb4a3ab48e7a1797add0e522397 0746ddb4a3ab48e7a1797add0e522397] 199.204.45.235 "GET /v2.0/subnets?id=48e146e5-a081-44b2-bbae-4ff39f604d7c HTTP/1.1" status: 200 len: 853 time: 0.2584772
2026-06-09 18:20:44.569 10 INFO neutron.wsgi [req-beccbd04-07ba-4599-85b0-ce4a2f863fe3 req-b985d915-bf80-4619-9aec-f855ffd6f75c 425f30fd9bfa4a59aba8521d612b35de 767207df6ea3494b827025c83e59fe5a - - default default] 10.0.0.180 "GET /v2.0/ports/b36a653a-57d8-43a8-bf7b-2ae3d53829b8 HTTP/1.1" status: 200 len: 1452 time: 0.2638223
2026-06-09 18:20:44.588 10 INFO neutron.wsgi [req-c7cfc4f1-b4c0-4daa-825e-dd64af36046a req-bbc557d9-0162-4678-a275-2b78d8d33605 b6010b07c75146c09d8fc3ee3b0b64ec 1ccd198a5b87496f98e9c72a2a22738a - - 0746ddb4a3ab48e7a1797add0e522397 0746ddb4a3ab48e7a1797add0e522397] 199.204.45.235 "GET /v2.0/ports?network_id=284d1984-45e0-400b-9bd7-a701ca7f711c&device_owner=network%3Adhcp HTTP/1.1" status: 200 len: 210 time: 0.0246053
2026-06-09 18:20:44.668 10 INFO neutron.wsgi [req-c7cfc4f1-b4c0-4daa-825e-dd64af36046a req-7035ca94-007c-4e76-92db-2042b9b6bae2 b6010b07c75146c09d8fc3ee3b0b64ec 1ccd198a5b87496f98e9c72a2a22738a - - 0746ddb4a3ab48e7a1797add0e522397 0746ddb4a3ab48e7a1797add0e522397] 199.204.45.235 "GET /v2.0/networks/284d1984-45e0-400b-9bd7-a701ca7f711c?fields=segments HTTP/1.1" status: 200 len: 212 time: 0.0732470
2026-06-09 18:20:44.688 9 INFO neutron.db.ovn_revision_numbers_db [None req-4c4e37a8-fe0f-4f21-9ab0-d5227173e93c 425f30fd9bfa4a59aba8521d612b35de 767207df6ea3494b827025c83e59fe5a - - default default] Successfully bumped revision number for resource 41693252-bf45-40aa-9d40-e34904792372 (type: security_groups) to 1
2026-06-09 18:20:44.724 9 INFO neutron.db.ovn_revision_numbers_db [None req-4c4e37a8-fe0f-4f21-9ab0-d5227173e93c 425f30fd9bfa4a59aba8521d612b35de 767207df6ea3494b827025c83e59fe5a - - default default] Successfully bumped revision number for resource 6fce7a2c-f306-4ed6-a0c3-a697f2a6e67c (type: security_group_rules) to 0
2026-06-09 18:20:44.747 10 INFO neutron.wsgi [req-c7cfc4f1-b4c0-4daa-825e-dd64af36046a req-c0719da9-f906-4956-a683-53cc7450219b b6010b07c75146c09d8fc3ee3b0b64ec 1ccd198a5b87496f98e9c72a2a22738a - - 0746ddb4a3ab48e7a1797add0e522397 0746ddb4a3ab48e7a1797add0e522397] 199.204.45.235 "GET /v2.0/networks/284d1984-45e0-400b-9bd7-a701ca7f711c?fields=provider%3Aphysical_network&fields=provider%3Anetwork_type HTTP/1.1" status: 200 len: 277 time: 0.0697405
2026-06-09 18:20:44.755 9 INFO neutron.db.ovn_revision_numbers_db [None req-4c4e37a8-fe0f-4f21-9ab0-d5227173e93c 425f30fd9bfa4a59aba8521d612b35de 767207df6ea3494b827025c83e59fe5a - - default default] Successfully bumped revision number for resource 8803f1ee-3acc-492d-bf7a-4b934a87490b (type: security_group_rules) to 0
2026-06-09 18:20:44.774 9 INFO neutron.db.ovn_revision_numbers_db [None req-4c4e37a8-fe0f-4f21-9ab0-d5227173e93c 425f30fd9bfa4a59aba8521d612b35de 767207df6ea3494b827025c83e59fe5a - - default default] Successfully bumped revision number for resource a92a206f-0f2a-4b64-be1a-79757cd06b4f (type: security_group_rules) to 0
2026-06-09 18:20:44.794 9 INFO neutron.db.ovn_revision_numbers_db [None req-4c4e37a8-fe0f-4f21-9ab0-d5227173e93c 425f30fd9bfa4a59aba8521d612b35de 767207df6ea3494b827025c83e59fe5a - - default default] Successfully bumped revision number for resource fb431135-9609-4268-86ca-2ab9f08f1f65 (type: security_group_rules) to 0
2026-06-09 18:20:44.799 10 INFO neutron.db.ovn_revision_numbers_db [None req-6530a85a-f2e7-4203-8f07-50e8939a02bd - - - - - -] Successfully bumped revision number for resource b36a653a-57d8-43a8-bf7b-2ae3d53829b8 (type: ports) to 4
2026-06-09 18:20:44.824 9 INFO neutron.wsgi [None req-4c4e37a8-fe0f-4f21-9ab0-d5227173e93c 425f30fd9bfa4a59aba8521d612b35de 767207df6ea3494b827025c83e59fe5a - - default default] 10.0.0.231 "GET /v2.0/security-groups?tenant_id=e656875c42054c6ca36f40851356a44a&name=default HTTP/1.1" status: 200 len: 3120 time: 0.4366720
2026-06-09 18:20:45.030 9 INFO neutron.db.ovn_revision_numbers_db [None req-c7ded46c-37ef-4a73-bec2-c58b7d4a2b05 425f30fd9bfa4a59aba8521d612b35de 767207df6ea3494b827025c83e59fe5a - - default default] Successfully bumped revision number for resource b36a653a-57d8-43a8-bf7b-2ae3d53829b8 (type: ports) to 5
2026-06-09 18:20:45.042 9 INFO neutron.wsgi [None req-c7ded46c-37ef-4a73-bec2-c58b7d4a2b05 425f30fd9bfa4a59aba8521d612b35de 767207df6ea3494b827025c83e59fe5a - - default default] 199.204.45.235 "PUT /v2.0/ports/b36a653a-57d8-43a8-bf7b-2ae3d53829b8 HTTP/1.1" status: 200 len: 1487 time: 0.4631500 /var/lib/openstack/lib/python3.10/site-packages/pycadf/identifier.py:71: UserWarning: Invalid uuid: neutron. To ensure interoperability, identifiers should be a valid uuid. warnings.warn(('Invalid uuid: %s. To ensure interoperability, '
2026-06-09 18:20:45.060 9 INFO neutron.api.v2.resource [None req-3d02c372-a4b6-4d93-aa9f-8dd6b3872071 425f30fd9bfa4a59aba8521d612b35de 767207df6ea3494b827025c83e59fe5a - - default default] show failed (client error): The resource could not be found.
2026-06-09 18:20:45.061 9 INFO neutron.wsgi [None req-3d02c372-a4b6-4d93-aa9f-8dd6b3872071 425f30fd9bfa4a59aba8521d612b35de 767207df6ea3494b827025c83e59fe5a - - default default] 199.204.45.235 "GET /v2.0/security-groups/lb-9a8f5eff-af4d-408a-a158-45b21e063784 HTTP/1.1" status: 404 len: 355 time: 0.0104287
2026-06-09 18:20:45.068 10 INFO neutron.wsgi [None req-6a23548a-dc1c-4874-87f5-d56e99a3fc72 425f30fd9bfa4a59aba8521d612b35de 767207df6ea3494b827025c83e59fe5a - - default default] 10.0.0.231 "DELETE /v2.0/security-groups/41693252-bf45-40aa-9d40-e34904792372 HTTP/1.1" status: 204 len: 168 time: 0.2348344
2026-06-09 18:20:45.089 9 INFO neutron.notifiers.nova [-] Nova event matching ['req-502adc00-dbba-4b41-9b8b-768e229da115'] response: {'name': 'network-changed', 'server_uuid': 'c4ec1c46-cd5a-426d-8fb3-ad7989bcfddc', 'tag': 'b36a653a-57d8-43a8-bf7b-2ae3d53829b8', 'status': 'completed', 'code': 200}
2026-06-09 18:20:45.100 9 INFO neutron.wsgi [None req-4f904c3b-f3a7-42f0-8908-9822e4b1d318 425f30fd9bfa4a59aba8521d612b35de 767207df6ea3494b827025c83e59fe5a - - default default] 199.204.45.235 "GET /v2.0/security-groups?name=lb-9a8f5eff-af4d-408a-a158-45b21e063784 HTTP/1.1" status: 200 len: 1837 time: 0.0351439 /var/lib/openstack/lib/python3.10/site-packages/pycadf/identifier.py:71: UserWarning: Invalid uuid: neutron. To ensure interoperability, identifiers should be a valid uuid. warnings.warn(('Invalid uuid: %s. To ensure interoperability, '
2026-06-09 18:20:45.157 10 INFO neutron.wsgi [req-89174c48-a7e2-459c-a78f-f59681673f5c req-4a032f4d-c492-4974-b637-c97a33e85244 b6010b07c75146c09d8fc3ee3b0b64ec 1ccd198a5b87496f98e9c72a2a22738a - - 0746ddb4a3ab48e7a1797add0e522397 0746ddb4a3ab48e7a1797add0e522397] 199.204.45.235 "GET /v2.0/ports?tenant_id=767207df6ea3494b827025c83e59fe5a&device_id=c4ec1c46-cd5a-426d-8fb3-ad7989bcfddc HTTP/1.1" status: 200 len: 2724 time: 0.0500054
2026-06-09 18:20:45.237 10 INFO neutron.wsgi [req-89174c48-a7e2-459c-a78f-f59681673f5c req-5dc72141-bbdf-46ce-aa90-132dd01d2b9c b6010b07c75146c09d8fc3ee3b0b64ec 1ccd198a5b87496f98e9c72a2a22738a - - 0746ddb4a3ab48e7a1797add0e522397 0746ddb4a3ab48e7a1797add0e522397] 199.204.45.235 "GET /v2.0/networks?id=284d1984-45e0-400b-9bd7-a701ca7f711c HTTP/1.1" status: 200 len: 1004 time: 0.0682085
2026-06-09 18:20:45.273 10 INFO neutron.wsgi [req-89174c48-a7e2-459c-a78f-f59681673f5c req-08c96b3f-9fbe-4137-914d-fc2c916af340 b6010b07c75146c09d8fc3ee3b0b64ec 1ccd198a5b87496f98e9c72a2a22738a - - 0746ddb4a3ab48e7a1797add0e522397 0746ddb4a3ab48e7a1797add0e522397] 199.204.45.235 "GET /v2.0/floatingips?fixed_ip_address=10.1.1.15&port_id=b36a653a-57d8-43a8-bf7b-2ae3d53829b8 HTTP/1.1" status: 200 len: 217 time: 0.0281503
2026-06-09 18:20:45.349 10 INFO neutron.db.ovn_revision_numbers_db [None req-6620c7b8-3742-4e8f-aba4-ee296bf8757a 425f30fd9bfa4a59aba8521d612b35de 767207df6ea3494b827025c83e59fe5a - - default default] Successfully bumped revision number for resource 324adf38-c5e0-45e8-baab-53e376ead521 (type: security_groups) to 1
2026-06-09 18:20:45.357 10 INFO neutron.wsgi [req-89174c48-a7e2-459c-a78f-f59681673f5c req-e1d10fbe-c5f4-4458-855a-f44626778f2e b6010b07c75146c09d8fc3ee3b0b64ec 1ccd198a5b87496f98e9c72a2a22738a - - 0746ddb4a3ab48e7a1797add0e522397 0746ddb4a3ab48e7a1797add0e522397] 199.204.45.235 "GET /v2.0/subnets?id=48e146e5-a081-44b2-bbae-4ff39f604d7c HTTP/1.1" status: 200 len: 853 time: 0.0754516
2026-06-09 18:20:45.373 10 INFO neutron.db.ovn_revision_numbers_db [None req-6620c7b8-3742-4e8f-aba4-ee296bf8757a 425f30fd9bfa4a59aba8521d612b35de 767207df6ea3494b827025c83e59fe5a - - default default] Successfully bumped revision number for resource 0563e277-8485-463f-b623-7b71f5b70376 (type: security_group_rules) to 0
2026-06-09 18:20:45.385 10 INFO neutron.wsgi [req-89174c48-a7e2-459c-a78f-f59681673f5c req-a674a335-f1ce-4c35-a713-05fe72344889 b6010b07c75146c09d8fc3ee3b0b64ec 1ccd198a5b87496f98e9c72a2a22738a - - 0746ddb4a3ab48e7a1797add0e522397 0746ddb4a3ab48e7a1797add0e522397] 199.204.45.235 "GET /v2.0/ports?network_id=284d1984-45e0-400b-9bd7-a701ca7f711c&device_owner=network%3Adhcp HTTP/1.1" status: 200 len: 210 time: 0.0219748
2026-06-09 18:20:45.399 10 INFO neutron.db.ovn_revision_numbers_db [None req-6620c7b8-3742-4e8f-aba4-ee296bf8757a 425f30fd9bfa4a59aba8521d612b35de 767207df6ea3494b827025c83e59fe5a - - default default] Successfully bumped revision number for resource 222ec92d-cdec-4d1d-a1b4-b591cd898135 (type: security_group_rules) to 0
