2026-06-09 18:17:36.763 10 INFO neutron.db.ovn_revision_numbers_db [None req-90f3972f-a372-4446-8799-2a19733898ec 425f30fd9bfa4a59aba8521d612b35de 767207df6ea3494b827025c83e59fe5a - - default default] Successfully bumped revision number for resource aa552f5e-fced-47a3-a4af-cc5c0b7dd9bc (type: security_group_rules) to 0
2026-06-09 18:17:36.770 10 INFO neutron.db.ovn_revision_numbers_db [None req-cc40b1bd-9b37-405b-b58c-639d8d6eaafb 425f30fd9bfa4a59aba8521d612b35de 767207df6ea3494b827025c83e59fe5a - - default default] Successfully bumped revision number for resource 1d8b966d-9b96-40e5-9896-9b12765bc925 (type: security_group_rules) to 0
2026-06-09 18:17:36.792 10 INFO neutron.db.ovn_revision_numbers_db [None req-90f3972f-a372-4446-8799-2a19733898ec 425f30fd9bfa4a59aba8521d612b35de 767207df6ea3494b827025c83e59fe5a - - default default] Successfully bumped revision number for resource c0a47a27-fe6b-404d-9b82-eaeeb89f46fa (type: security_group_rules) to 0
2026-06-09 18:17:36.795 10 INFO neutron.db.ovn_revision_numbers_db [None req-cc40b1bd-9b37-405b-b58c-639d8d6eaafb 425f30fd9bfa4a59aba8521d612b35de 767207df6ea3494b827025c83e59fe5a - - default default] Successfully bumped revision number for resource 42323ed8-07e1-494f-8bd9-1ad5c571f891 (type: security_group_rules) to 0
2026-06-09 18:17:36.818 10 INFO neutron.db.ovn_revision_numbers_db [None req-90f3972f-a372-4446-8799-2a19733898ec 425f30fd9bfa4a59aba8521d612b35de 767207df6ea3494b827025c83e59fe5a - - default default] Successfully bumped revision number for resource e15bcc5c-753d-46a2-b4eb-dfb3e1265b10 (type: security_group_rules) to 0
2026-06-09 18:17:36.821 10 INFO neutron.db.ovn_revision_numbers_db [None req-cc40b1bd-9b37-405b-b58c-639d8d6eaafb 425f30fd9bfa4a59aba8521d612b35de 767207df6ea3494b827025c83e59fe5a - - default default] Successfully bumped revision number for resource 5505003f-4600-4cd5-b099-a8963f8dd6a9 (type: security_group_rules) to 0
2026-06-09 18:17:36.849 10 INFO neutron.wsgi [None req-90f3972f-a372-4446-8799-2a19733898ec 425f30fd9bfa4a59aba8521d612b35de 767207df6ea3494b827025c83e59fe5a - - default default] 10.0.0.231 "GET /v2.0/security-groups?tenant_id=763bcde1a3294a9785063c84c9709e47&name=default HTTP/1.1" status: 200 len: 3120 time: 0.4022493
2026-06-09 18:17:36.852 10 INFO neutron.db.ovn_revision_numbers_db [None req-cc40b1bd-9b37-405b-b58c-639d8d6eaafb 425f30fd9bfa4a59aba8521d612b35de 767207df6ea3494b827025c83e59fe5a - - default default] Successfully bumped revision number for resource 972ee9bf-586a-47ad-a181-6edee93272a7 (type: security_group_rules) to 0
2026-06-09 18:17:36.890 10 INFO neutron.wsgi [None req-cc40b1bd-9b37-405b-b58c-639d8d6eaafb 425f30fd9bfa4a59aba8521d612b35de 767207df6ea3494b827025c83e59fe5a - - default default] 10.0.0.231 "GET /v2.0/security-groups?tenant_id=83df816bc4644581bc9dddebc010aa39&name=default HTTP/1.1" status: 200 len: 3120 time: 0.4090028
2026-06-09 18:17:37.094 10 INFO neutron.wsgi [None req-685a5e4d-4cbc-4dc3-a2c8-9876db9d1d63 425f30fd9bfa4a59aba8521d612b35de 767207df6ea3494b827025c83e59fe5a - - default default] 10.0.0.231 "DELETE /v2.0/security-groups/36e5851c-677d-44ee-bf14-936563062354 HTTP/1.1" status: 204 len: 168 time: 0.2389317
2026-06-09 18:17:37.117 9 INFO neutron.wsgi [None req-0c18fe52-d077-4c40-91d9-70292b021d92 425f30fd9bfa4a59aba8521d612b35de 767207df6ea3494b827025c83e59fe5a - - default default] 10.0.0.231 "DELETE /v2.0/security-groups/4e051b5c-8233-4174-864b-a88e88bd20ea HTTP/1.1" status: 204 len: 168 time: 0.2215569
2026-06-09 18:17:38.561 9 INFO neutron.wsgi [-] 10.0.0.150 "GET / HTTP/1.1" status: 200 len: 247 time: 0.0027950
2026-06-09 18:17:38.562 10 INFO neutron.wsgi [-] 10.0.0.150 "GET / HTTP/1.1" status: 200 len: 247 time: 0.0033908
2026-06-09 18:17:38.721 10 INFO neutron.wsgi [req-23df7603-2f16-4ee2-a3d7-1af7ca074c11 req-942c123f-f002-41e9-974e-2d711765098e 8fb180fd6ca94a4480c4f9dd6b3eb0c7 ee20d3b9c9644914859b20603b63a1ae - - default default] 10.0.0.180 "GET /v2.0/ports?device_id=1c3995ec-e48f-4849-a327-1c306909b8d6 HTTP/1.1" status: 200 len: 1170 time: 0.0981038
2026-06-09 18:17:38.776 10 INFO neutron.wsgi [req-23df7603-2f16-4ee2-a3d7-1af7ca074c11 req-27826c72-747b-4fe5-a1ae-942aaeadb0f6 8fb180fd6ca94a4480c4f9dd6b3eb0c7 ee20d3b9c9644914859b20603b63a1ae - - default default] 10.0.0.180 "GET /v2.0/security-groups?id=b872f34a-62d4-42e6-919c-a584f961e61f&fields=id&fields=name HTTP/1.1" status: 200 len: 312 time: 0.0472245
2026-06-09 18:17:38.988 10 INFO neutron.wsgi [req-ac1d3696-6f0e-4ce5-b446-bca986bdb381 req-0f96878d-a22a-4047-918a-5a2cef7fe203 8fb180fd6ca94a4480c4f9dd6b3eb0c7 ee20d3b9c9644914859b20603b63a1ae - - default default] 10.0.0.180 "GET /v2.0/ports?device_id=1c3995ec-e48f-4849-a327-1c306909b8d6 HTTP/1.1" status: 200 len: 1170 time: 0.0447206
2026-06-09 18:17:39.038 10 INFO neutron.plugins.ml2.drivers.ovn.mech_driver.mech_driver [None req-6530a85a-f2e7-4203-8f07-50e8939a02bd - - - - - -] OVN reports status down for port: da385881-34ff-4679-a395-19bd5c779671
2026-06-09 18:17:39.043 10 INFO neutron.wsgi [req-ac1d3696-6f0e-4ce5-b446-bca986bdb381 req-e5a4dc71-5f12-418f-aa30-806805de7ff8 8fb180fd6ca94a4480c4f9dd6b3eb0c7 ee20d3b9c9644914859b20603b63a1ae - - default default] 10.0.0.180 "GET /v2.0/security-groups?id=b872f34a-62d4-42e6-919c-a584f961e61f&fields=id&fields=name HTTP/1.1" status: 200 len: 312 time: 0.0488734
2026-06-09 18:17:39.422 10 INFO neutron.wsgi [req-43a94923-7611-41ae-8bfe-987d3b531bd6 req-0baad691-9dbb-4163-830e-7ab37214364d 8fb180fd6ca94a4480c4f9dd6b3eb0c7 ee20d3b9c9644914859b20603b63a1ae - - default default] 199.204.45.235 "GET /v2.0/ports?device_id=1c3995ec-e48f-4849-a327-1c306909b8d6 HTTP/1.1" status: 200 len: 1170 time: 0.0453804
2026-06-09 18:17:39.475 9 INFO neutron.db.ovn_revision_numbers_db [None req-1782a15d-8b4a-4435-8abb-4f6a19aae33c 425f30fd9bfa4a59aba8521d612b35de 767207df6ea3494b827025c83e59fe5a - - default default] Successfully bumped revision number for resource 885597bd-8f4f-4bfd-bee2-720c3a06e990 (type: security_groups) to 1
2026-06-09 18:17:39.494 9 INFO neutron.db.ovn_revision_numbers_db [None req-1782a15d-8b4a-4435-8abb-4f6a19aae33c 425f30fd9bfa4a59aba8521d612b35de 767207df6ea3494b827025c83e59fe5a - - default default] Successfully bumped revision number for resource 409100b4-9b91-4971-8cda-552033956b88 (type: security_group_rules) to 0
2026-06-09 18:17:39.525 9 INFO neutron.db.ovn_revision_numbers_db [None req-1782a15d-8b4a-4435-8abb-4f6a19aae33c 425f30fd9bfa4a59aba8521d612b35de 767207df6ea3494b827025c83e59fe5a - - default default] Successfully bumped revision number for resource 5760380b-da0f-4b6a-bab0-a27ed3ec7ef4 (type: security_group_rules) to 0
2026-06-09 18:17:39.532 10 INFO neutron.notifiers.nova [-] Nova event matching ['req-bb295b58-e658-4e92-964a-2c0546b7ff8e'] response: {'server_uuid': '1c3995ec-e48f-4849-a327-1c306909b8d6', 'name': 'network-vif-unplugged', 'status': 'completed', 'tag': 'da385881-34ff-4679-a395-19bd5c779671', 'code': 200}
2026-06-09 18:17:39.547 9 INFO neutron.db.ovn_revision_numbers_db [None req-1782a15d-8b4a-4435-8abb-4f6a19aae33c 425f30fd9bfa4a59aba8521d612b35de 767207df6ea3494b827025c83e59fe5a - - default default] Successfully bumped revision number for resource 67e2baef-6ee5-49ca-9278-208f566a9045 (type: security_group_rules) to 0
2026-06-09 18:17:39.563 9 INFO neutron.db.ovn_revision_numbers_db [None req-1782a15d-8b4a-4435-8abb-4f6a19aae33c 425f30fd9bfa4a59aba8521d612b35de 767207df6ea3494b827025c83e59fe5a - - default default] Successfully bumped revision number for resource c3f436d3-85b1-465e-aad7-c243d63c082a (type: security_group_rules) to 0
2026-06-09 18:17:39.588 9 INFO neutron.wsgi [None req-1782a15d-8b4a-4435-8abb-4f6a19aae33c 425f30fd9bfa4a59aba8521d612b35de 767207df6ea3494b827025c83e59fe5a - - default default] 10.0.0.231 "GET /v2.0/security-groups?tenant_id=65303dbc39fc45328cf63cacf8d1dcfc&name=default HTTP/1.1" status: 200 len: 3120 time: 0.3270433
2026-06-09 18:17:39.759 10 INFO neutron.db.ovn_revision_numbers_db [None req-6530a85a-f2e7-4203-8f07-50e8939a02bd - - - - - -] Successfully bumped revision number for resource da385881-34ff-4679-a395-19bd5c779671 (type: ports) to 7
2026-06-09 18:17:39.831 9 INFO neutron.wsgi [None req-219ec14e-0b0d-4060-9bd7-6d0190dafd82 425f30fd9bfa4a59aba8521d612b35de 767207df6ea3494b827025c83e59fe5a - - default default] 10.0.0.231 "DELETE /v2.0/security-groups/885597bd-8f4f-4bfd-bee2-720c3a06e990 HTTP/1.1" status: 204 len: 168 time: 0.2357750
2026-06-09 18:17:39.963 10 INFO neutron.db.l3_db [req-43a94923-7611-41ae-8bfe-987d3b531bd6 req-ee803361-c34c-4194-911e-eadcbcf49ea5 8fb180fd6ca94a4480c4f9dd6b3eb0c7 ee20d3b9c9644914859b20603b63a1ae - - default default] Floating IP 1b29498c-c6e5-4688-a25c-2cfca09b8c6b disassociated. External IP: 10.96.250.205, port: da385881-34ff-4679-a395-19bd5c779671.
2026-06-09 18:17:40.099 10 INFO neutron.wsgi [req-43a94923-7611-41ae-8bfe-987d3b531bd6 req-ee803361-c34c-4194-911e-eadcbcf49ea5 8fb180fd6ca94a4480c4f9dd6b3eb0c7 ee20d3b9c9644914859b20603b63a1ae - - default default] 199.204.45.235 "DELETE /v2.0/ports/da385881-34ff-4679-a395-19bd5c779671 HTTP/1.1" status: 204 len: 173 time: 0.6715746
2026-06-09 18:17:40.102 9 INFO neutron.db.ovn_revision_numbers_db [None req-e6382531-7f4e-471f-beb3-15ff12c6b55c 425f30fd9bfa4a59aba8521d612b35de 767207df6ea3494b827025c83e59fe5a - - default default] Successfully bumped revision number for resource 8ecc971f-03ad-46ee-9c96-8c42b8952428 (type: security_groups) to 1
2026-06-09 18:17:40.123 9 INFO neutron.db.ovn_revision_numbers_db [None req-e6382531-7f4e-471f-beb3-15ff12c6b55c 425f30fd9bfa4a59aba8521d612b35de 767207df6ea3494b827025c83e59fe5a - - default default] Successfully bumped revision number for resource 0e5cb3c8-941d-4de7-a22a-0fd234642c13 (type: security_group_rules) to 0 /var/lib/openstack/lib/python3.10/site-packages/pycadf/identifier.py:71: UserWarning: Invalid uuid: neutron. To ensure interoperability, identifiers should be a valid uuid. warnings.warn(('Invalid uuid: %s. To ensure interoperability, '
2026-06-09 18:17:40.144 9 WARNING neutron_lib.context [None req-4b4fad33-87bb-412a-88d5-42b88087fddc 1d410dd39fb94001aab0ab95fbc35b67 42aca4cb7de7415e9bf5b499e208ab2a - - default default] Method 'is_advsvc' is deprecated since 2023.2 release (neutron-lib 3.8.0) and will be removed once support for the old RBAC API policies will be removed from Neutron. Please use method 'is_service_role' instead.
2026-06-09 18:17:40.148 9 INFO neutron.db.ovn_revision_numbers_db [None req-e6382531-7f4e-471f-beb3-15ff12c6b55c 425f30fd9bfa4a59aba8521d612b35de 767207df6ea3494b827025c83e59fe5a - - default default] Successfully bumped revision number for resource 2f388868-f1cf-41ff-b115-b81ab3e1e8be (type: security_group_rules) to 0
2026-06-09 18:17:40.148 10 INFO neutron.wsgi [req-97f9b2a7-7bc1-429e-8a2e-ad50518d7458 req-0e98f7f1-7082-4e9f-86f4-7995682069cd 8fb180fd6ca94a4480c4f9dd6b3eb0c7 ee20d3b9c9644914859b20603b63a1ae - - default default] 10.0.0.180 "GET /v2.0/ports?device_id=1c3995ec-e48f-4849-a327-1c306909b8d6 HTTP/1.1" status: 200 len: 210 time: 0.0224063
2026-06-09 18:17:40.165 9 INFO neutron.db.ovn_revision_numbers_db [None req-e6382531-7f4e-471f-beb3-15ff12c6b55c 425f30fd9bfa4a59aba8521d612b35de 767207df6ea3494b827025c83e59fe5a - - default default] Successfully bumped revision number for resource a673e242-40e7-4ef7-8941-09e2dc5b0444 (type: security_group_rules) to 0
2026-06-09 18:17:40.186 9 INFO neutron.db.ovn_revision_numbers_db [None req-e6382531-7f4e-471f-beb3-15ff12c6b55c 425f30fd9bfa4a59aba8521d612b35de 767207df6ea3494b827025c83e59fe5a - - default default] Successfully bumped revision number for resource dc8be451-fee6-42ee-98c7-46f3c18ae313 (type: security_group_rules) to 0
2026-06-09 18:17:40.209 9 INFO neutron.wsgi [None req-e6382531-7f4e-471f-beb3-15ff12c6b55c 425f30fd9bfa4a59aba8521d612b35de 767207df6ea3494b827025c83e59fe5a - - default default] 10.0.0.231 "GET /v2.0/security-groups?tenant_id=5c9b155e87be4f0891e2b21717d22274&name=default HTTP/1.1" status: 200 len: 3120 time: 0.2288136
2026-06-09 18:17:40.310 9 INFO neutron.db.ovn_revision_numbers_db [None req-4b4fad33-87bb-412a-88d5-42b88087fddc 1d410dd39fb94001aab0ab95fbc35b67 42aca4cb7de7415e9bf5b499e208ab2a - - default default] Successfully bumped revision number for resource 4f5a146b-b1f6-42c8-aaeb-11537a885fe9 (type: security_groups) to 1
2026-06-09 18:17:40.328 9 INFO neutron.db.ovn_revision_numbers_db [None req-4b4fad33-87bb-412a-88d5-42b88087fddc 1d410dd39fb94001aab0ab95fbc35b67 42aca4cb7de7415e9bf5b499e208ab2a - - default default] Successfully bumped revision number for resource 18af0baa-c540-45b9-8f51-615b25b69191 (type: security_group_rules) to 0
2026-06-09 18:17:40.349 9 INFO neutron.db.ovn_revision_numbers_db [None req-4b4fad33-87bb-412a-88d5-42b88087fddc 1d410dd39fb94001aab0ab95fbc35b67 42aca4cb7de7415e9bf5b499e208ab2a - - default default] Successfully bumped revision number for resource 57472d4d-daf1-4691-95eb-25313b053af5 (type: security_group_rules) to 0
2026-06-09 18:17:40.369 9 INFO neutron.db.ovn_revision_numbers_db [None req-4b4fad33-87bb-412a-88d5-42b88087fddc 1d410dd39fb94001aab0ab95fbc35b67 42aca4cb7de7415e9bf5b499e208ab2a - - default default] Successfully bumped revision number for resource 7ef2bba4-e1d9-4d0f-b3d1-eeb8f1195a25 (type: security_group_rules) to 0
2026-06-09 18:17:40.387 9 INFO neutron.db.ovn_revision_numbers_db [None req-4b4fad33-87bb-412a-88d5-42b88087fddc 1d410dd39fb94001aab0ab95fbc35b67 42aca4cb7de7415e9bf5b499e208ab2a - - default default] Successfully bumped revision number for resource d97541e4-923d-46db-b7a5-8cd9f7d2383d (type: security_group_rules) to 0
2026-06-09 18:17:40.435 10 INFO neutron.wsgi [None req-93400dc3-8818-467d-9218-130208fd8702 425f30fd9bfa4a59aba8521d612b35de 767207df6ea3494b827025c83e59fe5a - - default default] 10.0.0.231 "DELETE /v2.0/security-groups/8ecc971f-03ad-46ee-9c96-8c42b8952428 HTTP/1.1" status: 204 len: 168 time: 0.2184255
2026-06-09 18:17:40.439 9 INFO neutron.db.segments_db [None req-4b4fad33-87bb-412a-88d5-42b88087fddc 1d410dd39fb94001aab0ab95fbc35b67 42aca4cb7de7415e9bf5b499e208ab2a - - default default] Added segment 3bc32c6d-9e0d-4c7a-b089-25cdd7632bf8 of type geneve for network 05a62a19-93c4-4d6e-a41d-e581e77d5bfa
2026-06-09 18:17:40.616 9 INFO neutron.db.ovn_revision_numbers_db [None req-4b4fad33-87bb-412a-88d5-42b88087fddc 1d410dd39fb94001aab0ab95fbc35b67 42aca4cb7de7415e9bf5b499e208ab2a - - default default] Successfully bumped revision number for resource 05a62a19-93c4-4d6e-a41d-e581e77d5bfa (type: networks) to 1
2026-06-09 18:17:40.813 9 WARNING neutron.scheduler.dhcp_agent_scheduler [None req-4b4fad33-87bb-412a-88d5-42b88087fddc 1d410dd39fb94001aab0ab95fbc35b67 42aca4cb7de7415e9bf5b499e208ab2a - - default default] No more DHCP agents
2026-06-09 18:17:40.815 9 WARNING neutron.api.rpc.agentnotifiers.dhcp_rpc_agent_api [None req-4b4fad33-87bb-412a-88d5-42b88087fddc 1d410dd39fb94001aab0ab95fbc35b67 42aca4cb7de7415e9bf5b499e208ab2a - - default default] Unable to schedule network 05a62a19-93c4-4d6e-a41d-e581e77d5bfa: no agents available; will retry on subsequent port and subnet creation events.
2026-06-09 18:17:40.907 9 INFO neutron.db.ovn_revision_numbers_db [None req-4b4fad33-87bb-412a-88d5-42b88087fddc 1d410dd39fb94001aab0ab95fbc35b67 42aca4cb7de7415e9bf5b499e208ab2a - - default default] Successfully bumped revision number for resource 1e354246-0393-4eb4-b986-4276bb9335e3 (type: ports) to 1
2026-06-09 18:17:40.928 9 INFO neutron.wsgi [None req-4b4fad33-87bb-412a-88d5-42b88087fddc 1d410dd39fb94001aab0ab95fbc35b67 42aca4cb7de7415e9bf5b499e208ab2a - - default default] 10.0.0.231 "POST /v2.0/networks HTTP/1.1" status: 201 len: 832 time: 1.0265460
2026-06-09 18:17:40.940 10 WARNING neutron_lib.context [None req-a931b4a9-edba-4707-87a3-f83c4e12e984 1d410dd39fb94001aab0ab95fbc35b67 42aca4cb7de7415e9bf5b499e208ab2a - - default default] Method 'is_advsvc' is deprecated since 2023.2 release (neutron-lib 3.8.0) and will be removed once support for the old RBAC API policies will be removed from Neutron. Please use method 'is_service_role' instead.
2026-06-09 18:17:41.373 9 INFO neutron.wsgi [None req-67e63730-f6d7-4f9b-9b9d-a8b62f4f4e00 8fb180fd6ca94a4480c4f9dd6b3eb0c7 ee20d3b9c9644914859b20603b63a1ae - - default default] 10.0.0.231 "DELETE /v2.0/security-groups/b872f34a-62d4-42e6-919c-a584f961e61f HTTP/1.1" status: 204 len: 168 time: 0.1334579
2026-06-09 18:17:41.386 9 INFO neutron.api.v2.resource [None req-065c75a1-f3aa-4584-a748-ba357f1db99b 8fb180fd6ca94a4480c4f9dd6b3eb0c7 ee20d3b9c9644914859b20603b63a1ae - - default default] show failed (client error): The resource could not be found.
2026-06-09 18:17:41.387 9 INFO neutron.wsgi [None req-065c75a1-f3aa-4584-a748-ba357f1db99b 8fb180fd6ca94a4480c4f9dd6b3eb0c7 ee20d3b9c9644914859b20603b63a1ae - - default default] 10.0.0.231 "GET /v2.0/security-groups/b872f34a-62d4-42e6-919c-a584f961e61f HTTP/1.1" status: 404 len: 347 time: 0.0090604
2026-06-09 18:17:41.498 10 WARNING neutron.scheduler.dhcp_agent_scheduler [None req-a931b4a9-edba-4707-87a3-f83c4e12e984 1d410dd39fb94001aab0ab95fbc35b67 42aca4cb7de7415e9bf5b499e208ab2a - - default default] No more DHCP agents
2026-06-09 18:17:41.500 10 WARNING neutron.api.rpc.agentnotifiers.dhcp_rpc_agent_api [None req-a931b4a9-edba-4707-87a3-f83c4e12e984 1d410dd39fb94001aab0ab95fbc35b67 42aca4cb7de7415e9bf5b499e208ab2a - - default default] Unable to schedule network 82e904f0-9fa3-4b6e-8e75-e094a397722a: no agents available; will retry on subsequent port and subnet creation events.
2026-06-09 18:17:41.579 10 INFO neutron.notifiers.nova [-] Nova event matching ['req-ef0a7dc0-c89e-43c2-a959-feac23de9a4f'] response: {'server_uuid': '1c3995ec-e48f-4849-a327-1c306909b8d6', 'name': 'network-vif-unplugged', 'status': 'completed', 'tag': 'da385881-34ff-4679-a395-19bd5c779671', 'code': 200}
2026-06-09 18:17:41.579 10 INFO neutron.notifiers.nova [-] Nova event matching ['req-ef0a7dc0-c89e-43c2-a959-feac23de9a4f'] response: {'server_uuid': '1c3995ec-e48f-4849-a327-1c306909b8d6', 'name': 'network-vif-deleted', 'tag': 'da385881-34ff-4679-a395-19bd5c779671', 'status': 'completed', 'code': 200}
2026-06-09 18:17:41.668 10 INFO neutron.db.ovn_revision_numbers_db [None req-a931b4a9-edba-4707-87a3-f83c4e12e984 1d410dd39fb94001aab0ab95fbc35b67 42aca4cb7de7415e9bf5b499e208ab2a - - default default] Successfully bumped revision number for resource 02274d05-bc54-4b10-b0ae-9bfe7a9f1e71 (type: ports) to 1
2026-06-09 18:17:41.748 9 INFO neutron.wsgi [None req-29d13a86-1a39-4c65-b83c-24565720f0d2 8fb180fd6ca94a4480c4f9dd6b3eb0c7 ee20d3b9c9644914859b20603b63a1ae - - default default] 10.0.0.231 "DELETE /v2.0/floatingips/1b29498c-c6e5-4688-a25c-2cfca09b8c6b HTTP/1.1" status: 204 len: 168 time: 0.3574052
2026-06-09 18:17:41.765 10 WARNING neutron_lib.context [None req-07f7ea9e-7a52-48a6-a5c2-5a92e8690a70 390305a399194995a6c3dcce008a0776 5708c3e21e0f4815ba87a7b60273a0f8 - - default default] Method 'is_advsvc' is deprecated since 2023.2 release (neutron-lib 3.8.0) and will be removed once support for the old RBAC API policies will be removed from Neutron. Please use method 'is_service_role' instead.
2026-06-09 18:17:42.071 10 INFO neutron.db.ovn_revision_numbers_db [None req-07f7ea9e-7a52-48a6-a5c2-5a92e8690a70 390305a399194995a6c3dcce008a0776 5708c3e21e0f4815ba87a7b60273a0f8 - - default default] Successfully bumped revision number for resource 5288c52e-bcb1-47b6-b8b6-2e84d29b7c1b (type: security_groups) to 1
2026-06-09 18:17:42.091 10 INFO neutron.db.ovn_revision_numbers_db [None req-07f7ea9e-7a52-48a6-a5c2-5a92e8690a70 390305a399194995a6c3dcce008a0776 5708c3e21e0f4815ba87a7b60273a0f8 - - default default] Successfully bumped revision number for resource cde092e8-2ba1-4df8-b284-f2f320d81b51 (type: security_group_rules) to 0
2026-06-09 18:17:42.110 10 INFO neutron.db.ovn_revision_numbers_db [None req-07f7ea9e-7a52-48a6-a5c2-5a92e8690a70 390305a399194995a6c3dcce008a0776 5708c3e21e0f4815ba87a7b60273a0f8 - - default default] Successfully bumped revision number for resource d7ccd076-0ce4-4499-ac48-c440af9d9a17 (type: security_group_rules) to 0
2026-06-09 18:17:42.128 10 INFO neutron.db.ovn_revision_numbers_db [None req-07f7ea9e-7a52-48a6-a5c2-5a92e8690a70 390305a399194995a6c3dcce008a0776 5708c3e21e0f4815ba87a7b60273a0f8 - - default default] Successfully bumped revision number for resource d8861ae9-10d0-4ac0-9916-f5d0d08d747d (type: security_group_rules) to 0
2026-06-09 18:17:42.145 10 INFO neutron.db.ovn_revision_numbers_db [None req-07f7ea9e-7a52-48a6-a5c2-5a92e8690a70 390305a399194995a6c3dcce008a0776 5708c3e21e0f4815ba87a7b60273a0f8 - - default default] Successfully bumped revision number for resource dbf31182-13f5-4f4b-ab2c-2fccf8eba154 (type: security_group_rules) to 0
2026-06-09 18:17:42.212 10 INFO neutron.db.segments_db [None req-07f7ea9e-7a52-48a6-a5c2-5a92e8690a70 390305a399194995a6c3dcce008a0776 5708c3e21e0f4815ba87a7b60273a0f8 - - default default] Added segment c8f7a07b-4a0a-489a-8930-0dc9c92b368c of type geneve for network 437315a4-8e20-49d0-8023-3c970d15aa65
2026-06-09 18:17:42.402 10 INFO neutron.db.ovn_revision_numbers_db [None req-07f7ea9e-7a52-48a6-a5c2-5a92e8690a70 390305a399194995a6c3dcce008a0776 5708c3e21e0f4815ba87a7b60273a0f8 - - default default] Successfully bumped revision number for resource 437315a4-8e20-49d0-8023-3c970d15aa65 (type: networks) to 1
2026-06-09 18:17:42.530 10 INFO neutron.plugins.ml2.drivers.ovn.mech_driver.ovsdb.commands [None req-5094231c-c2b1-4ee3-8d0e-24b58b4b1df2 - - - - - -] Schedule LRP lrp-02274d05-bc54-4b10-b0ae-9bfe7a9f1e71 on gateway c06553ac-779e-4502-a824-290ead058b16 with priority 1
2026-06-09 18:17:42.543 10 INFO neutron.plugins.ml2.drivers.ovn.mech_driver.mech_driver [None req-6530a85a-f2e7-4203-8f07-50e8939a02bd - - - - - -] OVN reports status up for port: 02274d05-bc54-4b10-b0ae-9bfe7a9f1e71
2026-06-09 18:17:42.573 10 INFO neutron.plugins.ml2.drivers.ovn.mech_driver.ovsdb.ovsdb_monitor [None req-fa6d3ab6-2451-46b8-99f4-9f02a92128d1 - - - - - -] Router c79de87c-6000-4f1c-b031-0664333ee515 is bound to host instance
2026-06-09 18:17:42.576 10 INFO neutron.plugins.ml2.plugin [None req-6530a85a-f2e7-4203-8f07-50e8939a02bd - - - - - -] Attempt 1 to provision port 02274d05-bc54-4b10-b0ae-9bfe7a9f1e71
2026-06-09 18:17:42.625 10 INFO neutron.db.ovn_revision_numbers_db [None req-a931b4a9-edba-4707-87a3-f83c4e12e984 1d410dd39fb94001aab0ab95fbc35b67 42aca4cb7de7415e9bf5b499e208ab2a - - default default] Successfully bumped revision number for resource 02274d05-bc54-4b10-b0ae-9bfe7a9f1e71 (type: router_ports) to 1
2026-06-09 18:17:43.009 10 WARNING neutron.scheduler.dhcp_agent_scheduler [None req-07f7ea9e-7a52-48a6-a5c2-5a92e8690a70 390305a399194995a6c3dcce008a0776 5708c3e21e0f4815ba87a7b60273a0f8 - - default default] No more DHCP agents
2026-06-09 18:17:43.025 10 WARNING neutron.api.rpc.agentnotifiers.dhcp_rpc_agent_api [None req-07f7ea9e-7a52-48a6-a5c2-5a92e8690a70 390305a399194995a6c3dcce008a0776 5708c3e21e0f4815ba87a7b60273a0f8 - - default default] Unable to schedule network 437315a4-8e20-49d0-8023-3c970d15aa65: no agents available; will retry on subsequent port and subnet creation events.
2026-06-09 18:17:43.088 9 INFO neutron.wsgi [None req-163b6498-742d-48cd-92c7-b13652d7abe2 425f30fd9bfa4a59aba8521d612b35de 767207df6ea3494b827025c83e59fe5a - - default default] 10.0.0.231 "PUT /v2.0/routers/7c24cdfc-a44b-4cb9-9794-65f0dd38b1ae/remove_router_interface HTTP/1.1" status: 200 len: 503 time: 1.3351824
2026-06-09 18:17:43.089 9 INFO neutron.db.ovn_revision_numbers_db [None req-27cfa9fd-1b9d-4d5e-b1f1-be172d6673af 425f30fd9bfa4a59aba8521d612b35de 767207df6ea3494b827025c83e59fe5a - - default default] Successfully bumped revision number for resource bfe929a2-efd1-42df-8b9b-fe860724cfb6 (type: security_groups) to 1 /var/lib/openstack/lib/python3.10/site-packages/pycadf/identifier.py:71: UserWarning: Invalid uuid: neutron. To ensure interoperability, identifiers should be a valid uuid. warnings.warn(('Invalid uuid: %s. To ensure interoperability, '
2026-06-09 18:17:43.114 10 INFO neutron.db.ovn_revision_numbers_db [None req-a931b4a9-edba-4707-87a3-f83c4e12e984 1d410dd39fb94001aab0ab95fbc35b67 42aca4cb7de7415e9bf5b499e208ab2a - - default default] Successfully bumped revision number for resource c79de87c-6000-4f1c-b031-0664333ee515 (type: routers) to 2
2026-06-09 18:17:43.122 9 INFO neutron.db.ovn_revision_numbers_db [None req-27cfa9fd-1b9d-4d5e-b1f1-be172d6673af 425f30fd9bfa4a59aba8521d612b35de 767207df6ea3494b827025c83e59fe5a - - default default] Successfully bumped revision number for resource 58a41772-bb82-4f37-9da5-abb63ac00e05 (type: security_group_rules) to 0
2026-06-09 18:17:43.144 9 INFO neutron.db.ovn_revision_numbers_db [None req-27cfa9fd-1b9d-4d5e-b1f1-be172d6673af 425f30fd9bfa4a59aba8521d612b35de 767207df6ea3494b827025c83e59fe5a - - default default] Successfully bumped revision number for resource 6b73eb56-4c00-4282-b2ef-b0dbceacc72f (type: security_group_rules) to 0
2026-06-09 18:17:43.151 10 INFO neutron.wsgi [None req-a931b4a9-edba-4707-87a3-f83c4e12e984 1d410dd39fb94001aab0ab95fbc35b67 42aca4cb7de7415e9bf5b499e208ab2a - - default default] 10.0.0.231 "POST /v2.0/routers HTTP/1.1" status: 201 len: 1154 time: 2.2170131
2026-06-09 18:17:43.178 9 INFO neutron.db.ovn_revision_numbers_db [None req-27cfa9fd-1b9d-4d5e-b1f1-be172d6673af 425f30fd9bfa4a59aba8521d612b35de 767207df6ea3494b827025c83e59fe5a - - default default] Successfully bumped revision number for resource 8cc9956c-b2b7-42f3-927f-c2e4eef47a66 (type: security_group_rules) to 0
2026-06-09 18:17:43.187 10 INFO neutron.db.ovn_revision_numbers_db [None req-07f7ea9e-7a52-48a6-a5c2-5a92e8690a70 390305a399194995a6c3dcce008a0776 5708c3e21e0f4815ba87a7b60273a0f8 - - default default] Successfully bumped revision number for resource d045ef8d-9f25-4c84-ad9b-91791b4066d3 (type: ports) to 1
2026-06-09 18:17:43.206 9 INFO neutron.db.ovn_revision_numbers_db [None req-27cfa9fd-1b9d-4d5e-b1f1-be172d6673af 425f30fd9bfa4a59aba8521d612b35de 767207df6ea3494b827025c83e59fe5a - - default default] Successfully bumped revision number for resource a8aeee27-8c1d-43c0-8996-ab408fe0f32c (type: security_group_rules) to 0
2026-06-09 18:17:43.213 10 INFO neutron.wsgi [None req-07f7ea9e-7a52-48a6-a5c2-5a92e8690a70 390305a399194995a6c3dcce008a0776 5708c3e21e0f4815ba87a7b60273a0f8 - - default default] 10.0.0.231 "POST /v2.0/networks HTTP/1.1" status: 201 len: 830 time: 1.6452172
2026-06-09 18:17:43.225 10 WARNING neutron_lib.context [None req-ad8b8bea-48f3-4ad6-946d-b660b18a5ac0 390305a399194995a6c3dcce008a0776 5708c3e21e0f4815ba87a7b60273a0f8 - - default default] Method 'is_advsvc' is deprecated since 2023.2 release (neutron-lib 3.8.0) and will be removed once support for the old RBAC API policies will be removed from Neutron. Please use method 'is_service_role' instead.
2026-06-09 18:17:43.234 9 INFO neutron.wsgi [None req-27cfa9fd-1b9d-4d5e-b1f1-be172d6673af 425f30fd9bfa4a59aba8521d612b35de 767207df6ea3494b827025c83e59fe5a - - default default] 10.0.0.231 "GET /v2.0/security-groups?tenant_id=a841c92b078c472daa05e4dafa05f74f&name=default HTTP/1.1" status: 200 len: 3120 time: 0.5193369
2026-06-09 18:17:43.297 9 INFO neutron.wsgi [None req-438f0288-8f43-44e6-a673-3c734ad453c0 33c5bb29d8cd4cf78cb3e9bfaf2f1405 68948a8b57e3437798ed98a8c75e7344 - - default default] 10.0.0.231 "GET /v2.0/subnets?project_id=42aca4cb7de7415e9bf5b499e208ab2a&cidr=10.100.0.0%2F28 HTTP/1.1" status: 200 len: 207 time: 0.1384037
2026-06-09 18:17:43.398 9 INFO neutron.wsgi [None req-acd5f1c8-9b11-4051-995b-48a21deea7e9 33c5bb29d8cd4cf78cb3e9bfaf2f1405 68948a8b57e3437798ed98a8c75e7344 - - default default] 10.0.0.231 "GET /v2.0/networks?router%3Aexternal=True HTTP/1.1" status: 200 len: 947 time: 0.0973165
2026-06-09 18:17:43.419 9 INFO neutron.wsgi [None req-72c4bbe3-75b5-437c-a399-5aecc38fb2ba 33c5bb29d8cd4cf78cb3e9bfaf2f1405 68948a8b57e3437798ed98a8c75e7344 - - default default] 10.0.0.231 "GET /v2.0/subnets?network_id=82e904f0-9fa3-4b6e-8e75-e094a397722a&cidr=10.100.0.0%2F28 HTTP/1.1" status: 200 len: 207 time: 0.0173657
2026-06-09 18:17:43.427 9 WARNING neutron_lib.context [None req-f36ef922-5224-40bd-8fb3-796aceb7ff53 1d410dd39fb94001aab0ab95fbc35b67 42aca4cb7de7415e9bf5b499e208ab2a - - default default] Method 'is_advsvc' is deprecated since 2023.2 release (neutron-lib 3.8.0) and will be removed once support for the old RBAC API policies will be removed from Neutron. Please use method 'is_service_role' instead.
2026-06-09 18:17:43.652 10 WARNING neutron.scheduler.dhcp_agent_scheduler [None req-ad8b8bea-48f3-4ad6-946d-b660b18a5ac0 390305a399194995a6c3dcce008a0776 5708c3e21e0f4815ba87a7b60273a0f8 - - default default] No more DHCP agents
2026-06-09 18:17:43.656 10 WARNING neutron.api.rpc.agentnotifiers.dhcp_rpc_agent_api [None req-ad8b8bea-48f3-4ad6-946d-b660b18a5ac0 390305a399194995a6c3dcce008a0776 5708c3e21e0f4815ba87a7b60273a0f8 - - default default] Unable to schedule network 437315a4-8e20-49d0-8023-3c970d15aa65: no agents available; will retry on subsequent port and subnet creation events.
2026-06-09 18:17:43.697 9 WARNING neutron.scheduler.dhcp_agent_scheduler [None req-f36ef922-5224-40bd-8fb3-796aceb7ff53 1d410dd39fb94001aab0ab95fbc35b67 42aca4cb7de7415e9bf5b499e208ab2a - - default default] No more DHCP agents
2026-06-09 18:17:43.705 9 WARNING neutron.api.rpc.agentnotifiers.dhcp_rpc_agent_api [None req-f36ef922-5224-40bd-8fb3-796aceb7ff53 1d410dd39fb94001aab0ab95fbc35b67 42aca4cb7de7415e9bf5b499e208ab2a - - default default] Unable to schedule network 05a62a19-93c4-4d6e-a41d-e581e77d5bfa: no agents available; will retry on subsequent port and subnet creation events.
2026-06-09 18:17:43.722 10 INFO neutron.wsgi [None req-a3df459a-86f3-4ade-af06-8eca5245f5e1 425f30fd9bfa4a59aba8521d612b35de 767207df6ea3494b827025c83e59fe5a - - default default] 10.0.0.231 "DELETE /v2.0/security-groups/bfe929a2-efd1-42df-8b9b-fe860724cfb6 HTTP/1.1" status: 204 len: 168 time: 0.4755974
2026-06-09 18:17:43.769 10 INFO neutron.db.ovn_revision_numbers_db [None req-ad8b8bea-48f3-4ad6-946d-b660b18a5ac0 390305a399194995a6c3dcce008a0776 5708c3e21e0f4815ba87a7b60273a0f8 - - default default] Successfully bumped revision number for resource aa74615e-06ef-4c59-ac06-52f3f62684c7 (type: ports) to 1
2026-06-09 18:17:43.803 10 INFO neutron.wsgi [None req-ad8b8bea-48f3-4ad6-946d-b660b18a5ac0 390305a399194995a6c3dcce008a0776 5708c3e21e0f4815ba87a7b60273a0f8 - - default default] 10.0.0.231 "POST /v2.0/ports HTTP/1.1" status: 201 len: 942 time: 0.5831831 /var/lib/openstack/lib/python3.10/site-packages/pycadf/identifier.py:71: UserWarning: Invalid uuid: neutron. To ensure interoperability, identifiers should be a valid uuid. warnings.warn(('Invalid uuid: %s. To ensure interoperability, '
2026-06-09 18:17:43.813 10 WARNING neutron_lib.context [None req-c34a641d-cd6e-4a46-9c6d-1ec238da2203 390305a399194995a6c3dcce008a0776 5708c3e21e0f4815ba87a7b60273a0f8 - - default default] Method 'is_advsvc' is deprecated since 2023.2 release (neutron-lib 3.8.0) and will be removed once support for the old RBAC API policies will be removed from Neutron. Please use method 'is_service_role' instead.
2026-06-09 18:17:43.935 10 INFO neutron.db.segments_db [None req-c34a641d-cd6e-4a46-9c6d-1ec238da2203 390305a399194995a6c3dcce008a0776 5708c3e21e0f4815ba87a7b60273a0f8 - - default default] Added segment ce8be147-0636-490f-bbc8-504bc568d3d1 of type geneve for network 15736737-022f-467d-90d6-b86c59ebdc70
2026-06-09 18:17:44.003 10 INFO neutron.db.ovn_revision_numbers_db [None req-fa6d3ab6-2451-46b8-99f4-9f02a92128d1 - - - - - -] Successfully bumped revision number for resource 02274d05-bc54-4b10-b0ae-9bfe7a9f1e71 (type: ports) to 1
2026-06-09 18:17:44.248 10 INFO neutron.db.ovn_revision_numbers_db [None req-c34a641d-cd6e-4a46-9c6d-1ec238da2203 390305a399194995a6c3dcce008a0776 5708c3e21e0f4815ba87a7b60273a0f8 - - default default] Successfully bumped revision number for resource 15736737-022f-467d-90d6-b86c59ebdc70 (type: networks) to 1
2026-06-09 18:17:44.355 9 INFO neutron.wsgi [None req-ecfb25a2-2c5d-49ef-ba69-dc4969b8a2f3 425f30fd9bfa4a59aba8521d612b35de 767207df6ea3494b827025c83e59fe5a - - default default] 10.0.0.231 "DELETE /v2.0/routers/7c24cdfc-a44b-4cb9-9794-65f0dd38b1ae HTTP/1.1" status: 204 len: 168 time: 1.2600346
2026-06-09 18:17:44.499 10 WARNING neutron.scheduler.dhcp_agent_scheduler [None req-c34a641d-cd6e-4a46-9c6d-1ec238da2203 390305a399194995a6c3dcce008a0776 5708c3e21e0f4815ba87a7b60273a0f8 - - default default] No more DHCP agents
2026-06-09 18:17:44.515 10 WARNING neutron.api.rpc.agentnotifiers.dhcp_rpc_agent_api [None req-c34a641d-cd6e-4a46-9c6d-1ec238da2203 390305a399194995a6c3dcce008a0776 5708c3e21e0f4815ba87a7b60273a0f8 - - default default] Unable to schedule network 15736737-022f-467d-90d6-b86c59ebdc70: no agents available; will retry on subsequent port and subnet creation events.
2026-06-09 18:17:44.617 10 INFO neutron.db.ovn_revision_numbers_db [None req-c34a641d-cd6e-4a46-9c6d-1ec238da2203 390305a399194995a6c3dcce008a0776 5708c3e21e0f4815ba87a7b60273a0f8 - - default default] Successfully bumped revision number for resource f41722c2-1128-42b2-a015-b1e0149c9741 (type: ports) to 1
2026-06-09 18:17:44.631 10 INFO neutron.db.ovn_revision_numbers_db [None req-fa6d3ab6-2451-46b8-99f4-9f02a92128d1 - - - - - -] Successfully bumped revision number for resource 02274d05-bc54-4b10-b0ae-9bfe7a9f1e71 (type: router_ports) to 3
2026-06-09 18:17:44.641 10 INFO neutron.wsgi [None req-c34a641d-cd6e-4a46-9c6d-1ec238da2203 390305a399194995a6c3dcce008a0776 5708c3e21e0f4815ba87a7b60273a0f8 - - default default] 10.0.0.231 "POST /v2.0/networks HTTP/1.1" status: 201 len: 830 time: 0.8325186
2026-06-09 18:17:44.646 9 INFO neutron.wsgi [None req-f676da36-7bc6-4b40-a831-07bfce375cb2 425f30fd9bfa4a59aba8521d612b35de 767207df6ea3494b827025c83e59fe5a - - default default] 10.0.0.231 "DELETE /v2.0/subnets/9afb82fe-d1c7-4a89-94f3-83298dafc910 HTTP/1.1" status: 204 len: 168 time: 0.2860079
2026-06-09 18:17:44.651 10 WARNING neutron_lib.context [None req-e7704cd6-a9e5-4813-b364-aab29103d5c2 390305a399194995a6c3dcce008a0776 5708c3e21e0f4815ba87a7b60273a0f8 - - default default] Method 'is_advsvc' is deprecated since 2023.2 release (neutron-lib 3.8.0) and will be removed once support for the old RBAC API policies will be removed from Neutron. Please use method 'is_service_role' instead.
2026-06-09 18:17:44.759 9 INFO neutron.db.ovn_revision_numbers_db [None req-f36ef922-5224-40bd-8fb3-796aceb7ff53 1d410dd39fb94001aab0ab95fbc35b67 42aca4cb7de7415e9bf5b499e208ab2a - - default default] Successfully bumped revision number for resource 1e354246-0393-4eb4-b986-4276bb9335e3 (type: ports) to 2
2026-06-09 18:17:44.795 9 INFO neutron.db.ovn_revision_numbers_db [None req-f36ef922-5224-40bd-8fb3-796aceb7ff53 1d410dd39fb94001aab0ab95fbc35b67 42aca4cb7de7415e9bf5b499e208ab2a - - default default] Successfully bumped revision number for resource 74cd6a20-b8a4-4ae0-9d8d-0c7b585e17a0 (type: subnets) to 0
2026-06-09 18:17:44.811 9 INFO neutron.wsgi [None req-f36ef922-5224-40bd-8fb3-796aceb7ff53 1d410dd39fb94001aab0ab95fbc35b67 42aca4cb7de7415e9bf5b499e208ab2a - - default default] 10.0.0.231 "POST /v2.0/subnets HTTP/1.1" status: 201 len: 832 time: 1.3872261
2026-06-09 18:17:44.933 10 INFO neutron.db.ovn_revision_numbers_db [None req-fa6d3ab6-2451-46b8-99f4-9f02a92128d1 - - - - - -] Successfully bumped revision number for resource 02274d05-bc54-4b10-b0ae-9bfe7a9f1e71 (type: ports) to 2
2026-06-09 18:17:44.985 10 WARNING neutron.scheduler.dhcp_agent_scheduler [None req-e7704cd6-a9e5-4813-b364-aab29103d5c2 390305a399194995a6c3dcce008a0776 5708c3e21e0f4815ba87a7b60273a0f8 - - default default] No more DHCP agents
2026-06-09 18:17:44.988 10 WARNING neutron.api.rpc.agentnotifiers.dhcp_rpc_agent_api [None req-e7704cd6-a9e5-4813-b364-aab29103d5c2 390305a399194995a6c3dcce008a0776 5708c3e21e0f4815ba87a7b60273a0f8 - - default default] Unable to schedule network 15736737-022f-467d-90d6-b86c59ebdc70: no agents available; will retry on subsequent port and subnet creation events.
2026-06-09 18:17:45.102 10 INFO neutron.db.ovn_revision_numbers_db [None req-e7704cd6-a9e5-4813-b364-aab29103d5c2 390305a399194995a6c3dcce008a0776 5708c3e21e0f4815ba87a7b60273a0f8 - - default default] Successfully bumped revision number for resource 6ecf07e1-b77f-49c2-b0d6-fabb49f4b18c (type: ports) to 1
2026-06-09 18:17:45.136 10 INFO neutron.wsgi [None req-e7704cd6-a9e5-4813-b364-aab29103d5c2 390305a399194995a6c3dcce008a0776 5708c3e21e0f4815ba87a7b60273a0f8 - - default default] 10.0.0.231 "POST /v2.0/ports HTTP/1.1" status: 201 len: 942 time: 0.4910858
2026-06-09 18:17:45.146 9 WARNING neutron_lib.context [None req-31e599a2-4601-4168-84e4-5a1534c13518 390305a399194995a6c3dcce008a0776 5708c3e21e0f4815ba87a7b60273a0f8 - - default default] Method 'is_advsvc' is deprecated since 2023.2 release (neutron-lib 3.8.0) and will be removed once support for the old RBAC API policies will be removed from Neutron. Please use method 'is_service_role' instead.
2026-06-09 18:17:45.183 9 INFO neutron.services.segments.plugin [-] Segment fac7f3ea-8e97-4489-9bd2-651399afe52e resource provider aggregate not found
2026-06-09 18:17:45.186 9 INFO neutron.services.segments.plugin [-] Segment fac7f3ea-8e97-4489-9bd2-651399afe52e resource provider aggregate not found
2026-06-09 18:17:45.205 9 INFO neutron.services.segments.plugin [-] Segment fac7f3ea-8e97-4489-9bd2-651399afe52e resource provider not found; error: Placement Client Error (4xx): {"errors": [{"status": 404, "title": "Not Found", "detail": "The resource could not be found.\n\n No resource provider with uuid fac7f3ea-8e97-4489-9bd2-651399afe52e found for delete ", "request_id": "req-f4bdd233-f4be-447c-886c-aec7d7d93138"}]}
2026-06-09 18:17:45.206 9 INFO neutron.services.segments.plugin [-] Segment fac7f3ea-8e97-4489-9bd2-651399afe52e resource provider not found; error: Placement Client Error (4xx): {"errors": [{"status": 404, "title": "Not Found", "detail": "The resource could not be found.\n\n No resource provider with uuid fac7f3ea-8e97-4489-9bd2-651399afe52e found for delete ", "request_id": "req-22ecf867-3f50-4e63-a55e-e758aa8b1c7a"}]}
2026-06-09 18:17:45.250 9 INFO neutron.wsgi [None req-cec2621e-8d17-4ade-a83b-4c783ab74a40 425f30fd9bfa4a59aba8521d612b35de 767207df6ea3494b827025c83e59fe5a - - default default] 10.0.0.231 "DELETE /v2.0/networks/b821fcf8-cfbc-4319-85e7-9e91c2ee3a33 HTTP/1.1" status: 204 len: 168 time: 0.5988355
2026-06-09 18:17:45.314 9 INFO neutron.db.segments_db [None req-31e599a2-4601-4168-84e4-5a1534c13518 390305a399194995a6c3dcce008a0776 5708c3e21e0f4815ba87a7b60273a0f8 - - default default] Added segment 638a57fb-76e3-4fb3-88fb-def47a7461eb of type geneve for network 15c3e585-ddd6-434b-8bb1-7f836f912937
2026-06-09 18:17:45.357 10 INFO neutron.db.ovn_revision_numbers_db [None req-fa6d3ab6-2451-46b8-99f4-9f02a92128d1 - - - - - -] Successfully bumped revision number for resource 02274d05-bc54-4b10-b0ae-9bfe7a9f1e71 (type: ports) to 4
2026-06-09 18:17:45.510 9 INFO neutron.wsgi [None req-8e8c14d7-c8ec-438a-948f-4708a111e143 425f30fd9bfa4a59aba8521d612b35de 767207df6ea3494b827025c83e59fe5a - - default default] 10.0.0.231 "GET /v2.0/security-groups?tenant_id=ee20d3b9c9644914859b20603b63a1ae&name=default HTTP/1.1" status: 200 len: 3120 time: 0.0998704 /var/lib/openstack/lib/python3.10/site-packages/pycadf/identifier.py:71: UserWarning: Invalid uuid: neutron. To ensure interoperability, identifiers should be a valid uuid. warnings.warn(('Invalid uuid: %s. To ensure interoperability, '
2026-06-09 18:17:45.572 9 INFO neutron.db.ovn_revision_numbers_db [None req-31e599a2-4601-4168-84e4-5a1534c13518 390305a399194995a6c3dcce008a0776 5708c3e21e0f4815ba87a7b60273a0f8 - - default default] Successfully bumped revision number for resource 15c3e585-ddd6-434b-8bb1-7f836f912937 (type: networks) to 1
2026-06-09 18:17:45.573 10 INFO neutron.db.ovn_revision_numbers_db [None req-fa6d3ab6-2451-46b8-99f4-9f02a92128d1 - - - - - -] Successfully bumped revision number for resource 02274d05-bc54-4b10-b0ae-9bfe7a9f1e71 (type: router_ports) to 4
2026-06-09 18:17:45.661 9 WARNING neutron_lib.context [None req-5428cda4-1819-44d6-b593-a9d6208e33e9 82e85c935ceb4e8186e44b6f9d2f21f6 2f9a51ca20b74aafa30f33647ae01f0f - - default default] Method 'is_advsvc' is deprecated since 2023.2 release (neutron-lib 3.8.0) and will be removed once support for the old RBAC API policies will be removed from Neutron. Please use method 'is_service_role' instead.
2026-06-09 18:17:45.662 9 WARNING neutron_lib.context [None req-5428cda4-1819-44d6-b593-a9d6208e33e9 82e85c935ceb4e8186e44b6f9d2f21f6 2f9a51ca20b74aafa30f33647ae01f0f - - default default] Method 'is_advsvc' is deprecated since 2023.2 release (neutron-lib 3.8.0) and will be removed once support for the old RBAC API policies will be removed from Neutron. Please use method 'is_service_role' instead.
2026-06-09 18:17:45.771 10 INFO neutron.wsgi [None req-3ea976b3-50b9-4765-83b3-202c03e863d5 425f30fd9bfa4a59aba8521d612b35de 767207df6ea3494b827025c83e59fe5a - - default default] 10.0.0.231 "DELETE /v2.0/security-groups/18b69e5c-c5be-4de4-a56a-e9999653226b HTTP/1.1" status: 204 len: 168 time: 0.2560630
2026-06-09 18:17:45.875 9 WARNING neutron.scheduler.dhcp_agent_scheduler [None req-976c39c4-faa2-4b4d-9346-ae2104181320 1d410dd39fb94001aab0ab95fbc35b67 42aca4cb7de7415e9bf5b499e208ab2a - - default default] No more DHCP agents
2026-06-09 18:17:45.879 9 WARNING neutron.api.rpc.agentnotifiers.dhcp_rpc_agent_api [None req-976c39c4-faa2-4b4d-9346-ae2104181320 1d410dd39fb94001aab0ab95fbc35b67 42aca4cb7de7415e9bf5b499e208ab2a - - default default] Unable to schedule network 05a62a19-93c4-4d6e-a41d-e581e77d5bfa: no agents available; will retry on subsequent port and subnet creation events.
2026-06-09 18:17:45.926 9 WARNING neutron.scheduler.dhcp_agent_scheduler [None req-31e599a2-4601-4168-84e4-5a1534c13518 390305a399194995a6c3dcce008a0776 5708c3e21e0f4815ba87a7b60273a0f8 - - default default] No more DHCP agents
2026-06-09 18:17:45.930 9 WARNING neutron.api.rpc.agentnotifiers.dhcp_rpc_agent_api [None req-31e599a2-4601-4168-84e4-5a1534c13518 390305a399194995a6c3dcce008a0776 5708c3e21e0f4815ba87a7b60273a0f8 - - default default] Unable to schedule network 15c3e585-ddd6-434b-8bb1-7f836f912937: no agents available; will retry on subsequent port and subnet creation events.
2026-06-09 18:17:46.021 9 INFO neutron.db.ovn_revision_numbers_db [None req-5428cda4-1819-44d6-b593-a9d6208e33e9 82e85c935ceb4e8186e44b6f9d2f21f6 2f9a51ca20b74aafa30f33647ae01f0f - - default default] Successfully bumped revision number for resource 0c657e0d-545c-4cb5-bf1e-a58317e751da (type: security_groups) to 1
2026-06-09 18:17:46.250 9 INFO neutron.db.ovn_revision_numbers_db [None req-5428cda4-1819-44d6-b593-a9d6208e33e9 82e85c935ceb4e8186e44b6f9d2f21f6 2f9a51ca20b74aafa30f33647ae01f0f - - default default] Successfully bumped revision number for resource 2e2c6644-ca3c-4b55-9564-5ce2aa559997 (type: security_group_rules) to 0
2026-06-09 18:17:46.254 9 INFO neutron.db.ovn_revision_numbers_db [None req-31e599a2-4601-4168-84e4-5a1534c13518 390305a399194995a6c3dcce008a0776 5708c3e21e0f4815ba87a7b60273a0f8 - - default default] Successfully bumped revision number for resource 3e93ac32-5330-40e1-a591-e9e1fcf3d562 (type: ports) to 1
2026-06-09 18:17:46.272 9 INFO neutron.db.ovn_revision_numbers_db [None req-5428cda4-1819-44d6-b593-a9d6208e33e9 82e85c935ceb4e8186e44b6f9d2f21f6 2f9a51ca20b74aafa30f33647ae01f0f - - default default] Successfully bumped revision number for resource 6784ffcc-1497-4094-9a1e-39e6a8f74319 (type: security_group_rules) to 0
2026-06-09 18:17:46.290 9 INFO neutron.wsgi [None req-31e599a2-4601-4168-84e4-5a1534c13518 390305a399194995a6c3dcce008a0776 5708c3e21e0f4815ba87a7b60273a0f8 - - default default] 10.0.0.231 "POST /v2.0/networks HTTP/1.1" status: 201 len: 831 time: 1.1489468
2026-06-09 18:17:46.298 9 INFO neutron.db.ovn_revision_numbers_db [None req-5428cda4-1819-44d6-b593-a9d6208e33e9 82e85c935ceb4e8186e44b6f9d2f21f6 2f9a51ca20b74aafa30f33647ae01f0f - - default default] Successfully bumped revision number for resource 8b2ac938-850b-4af6-8c99-8da4ea15eebe (type: security_group_rules) to 0
2026-06-09 18:17:46.303 9 WARNING neutron_lib.context [None req-25a918e1-6b92-434e-b848-4f5dacd795a5 390305a399194995a6c3dcce008a0776 5708c3e21e0f4815ba87a7b60273a0f8 - - default default] Method 'is_advsvc' is deprecated since 2023.2 release (neutron-lib 3.8.0) and will be removed once support for the old RBAC API policies will be removed from Neutron. Please use method 'is_service_role' instead.
2026-06-09 18:17:46.345 9 INFO neutron.db.ovn_revision_numbers_db [None req-5428cda4-1819-44d6-b593-a9d6208e33e9 82e85c935ceb4e8186e44b6f9d2f21f6 2f9a51ca20b74aafa30f33647ae01f0f - - default default] Successfully bumped revision number for resource dec0fc32-07f4-4e85-8af2-c90ccca80137 (type: security_group_rules) to 0
2026-06-09 18:17:46.363 9 INFO neutron.db.ovn_revision_numbers_db [None req-976c39c4-faa2-4b4d-9346-ae2104181320 1d410dd39fb94001aab0ab95fbc35b67 42aca4cb7de7415e9bf5b499e208ab2a - - default default] Successfully bumped revision number for resource def72c5a-5b53-4bcb-bb28-e6e9bef2de07 (type: ports) to 1
2026-06-09 18:17:46.467 9 INFO neutron.db.segments_db [None req-5428cda4-1819-44d6-b593-a9d6208e33e9 82e85c935ceb4e8186e44b6f9d2f21f6 2f9a51ca20b74aafa30f33647ae01f0f - - default default] Added segment 0861a312-88c0-4905-8075-ac3680bffb76 of type geneve for network 65845e40-86d4-40eb-ba03-d3a467c14206
2026-06-09 18:17:46.653 9 INFO neutron.db.segments_db [None req-5428cda4-1819-44d6-b593-a9d6208e33e9 82e85c935ceb4e8186e44b6f9d2f21f6 2f9a51ca20b74aafa30f33647ae01f0f - - default default] Added segment 3607f801-e543-471d-9af0-9052503e508b of type geneve for network e18a5733-0ef0-4aa0-abf9-a5a80f253dbe
2026-06-09 18:17:46.731 9 WARNING neutron.scheduler.dhcp_agent_scheduler [None req-25a918e1-6b92-434e-b848-4f5dacd795a5 390305a399194995a6c3dcce008a0776 5708c3e21e0f4815ba87a7b60273a0f8 - - default default] No more DHCP agents
2026-06-09 18:17:46.737 9 WARNING neutron.api.rpc.agentnotifiers.dhcp_rpc_agent_api [None req-25a918e1-6b92-434e-b848-4f5dacd795a5 390305a399194995a6c3dcce008a0776 5708c3e21e0f4815ba87a7b60273a0f8 - - default default] Unable to schedule network 15c3e585-ddd6-434b-8bb1-7f836f912937: no agents available; will retry on subsequent port and subnet creation events.
2026-06-09 18:17:46.907 9 INFO neutron.db.ovn_revision_numbers_db [None req-5428cda4-1819-44d6-b593-a9d6208e33e9 82e85c935ceb4e8186e44b6f9d2f21f6 2f9a51ca20b74aafa30f33647ae01f0f - - default default] Successfully bumped revision number for resource 65845e40-86d4-40eb-ba03-d3a467c14206 (type: networks) to 1
2026-06-09 18:17:46.946 9 INFO neutron.db.ovn_revision_numbers_db [None req-25a918e1-6b92-434e-b848-4f5dacd795a5 390305a399194995a6c3dcce008a0776 5708c3e21e0f4815ba87a7b60273a0f8 - - default default] Successfully bumped revision number for resource 40f50d30-f750-4f29-933e-21eeeb9699ae (type: ports) to 1
2026-06-09 18:17:47.000 9 INFO neutron.wsgi [None req-25a918e1-6b92-434e-b848-4f5dacd795a5 390305a399194995a6c3dcce008a0776 5708c3e21e0f4815ba87a7b60273a0f8 - - default default] 10.0.0.231 "POST /v2.0/ports HTTP/1.1" status: 201 len: 942 time: 0.7022710
2026-06-09 18:17:47.010 10 WARNING neutron_lib.context [None req-a9b99731-8a2e-4097-bc8b-c1b84f3b0226 390305a399194995a6c3dcce008a0776 5708c3e21e0f4815ba87a7b60273a0f8 - - default default] Method 'is_advsvc' is deprecated since 2023.2 release (neutron-lib 3.8.0) and will be removed once support for the old RBAC API policies will be removed from Neutron. Please use method 'is_service_role' instead.
2026-06-09 18:17:47.118 10 INFO neutron.db.segments_db [None req-a9b99731-8a2e-4097-bc8b-c1b84f3b0226 390305a399194995a6c3dcce008a0776 5708c3e21e0f4815ba87a7b60273a0f8 - - default default] Added segment f1725598-ad30-48bb-9952-b4231904a62f of type geneve for network 8663eb0c-0161-4798-b6c2-78c66f11d91f
2026-06-09 18:17:47.179 9 WARNING neutron.scheduler.dhcp_agent_scheduler [None req-5428cda4-1819-44d6-b593-a9d6208e33e9 82e85c935ceb4e8186e44b6f9d2f21f6 2f9a51ca20b74aafa30f33647ae01f0f - - default default] No more DHCP agents
2026-06-09 18:17:47.183 9 WARNING neutron.api.rpc.agentnotifiers.dhcp_rpc_agent_api [None req-5428cda4-1819-44d6-b593-a9d6208e33e9 82e85c935ceb4e8186e44b6f9d2f21f6 2f9a51ca20b74aafa30f33647ae01f0f - - default default] Unable to schedule network 65845e40-86d4-40eb-ba03-d3a467c14206: no agents available; will retry on subsequent port and subnet creation events.
2026-06-09 18:17:47.306 9 INFO neutron.db.ovn_revision_numbers_db [None req-5428cda4-1819-44d6-b593-a9d6208e33e9 82e85c935ceb4e8186e44b6f9d2f21f6 2f9a51ca20b74aafa30f33647ae01f0f - - default default] Successfully bumped revision number for resource f677f64b-ef58-4955-8c60-6b98d2bb9904 (type: ports) to 1
2026-06-09 18:17:47.344 9 ERROR ovsdbapp.backend.ovs_idl.command [None req-976c39c4-faa2-4b4d-9346-ae2104181320 1d410dd39fb94001aab0ab95fbc35b67 42aca4cb7de7415e9bf5b499e208ab2a - - default default] Error executing command (DbGetCommand): ovsdbapp.backend.ovs_idl.idlutils.RowNotFound: Cannot find Logical_Router_Port with name=lrp-def72c5a-5b53-4bcb-bb28-e6e9bef2de07
2026-06-09 18:17:47.344 9 ERROR ovsdbapp.backend.ovs_idl.command
Traceback (most recent call last):
2026-06-09 18:17:47.344 9 ERROR ovsdbapp.backend.ovs_idl.command
File "/var/lib/openstack/lib/python3.10/site-packages/ovsdbapp/backend/ovs_idl/command.py", line 47, in execute
2026-06-09 18:17:47.344 9 ERROR ovsdbapp.backend.ovs_idl.command self.run_idl(None)
2026-06-09 18:17:47.344 9 ERROR ovsdbapp.backend.ovs_idl.command
File "/var/lib/openstack/lib/python3.10/site-packages/ovsdbapp/backend/ovs_idl/command.py", line 235, in run_idl
2026-06-09 18:17:47.344 9 ERROR ovsdbapp.backend.ovs_idl.command record = self.api.lookup(self.table, self.record)
