2026-06-09 18:16:36.388 10 INFO neutron.wsgi [-] 10.0.0.231 "GET / HTTP/1.1" status: 200 len: 279 time: 0.0016744
2026-06-09 18:16:36.472 9 INFO neutron.wsgi [None req-8f21adf9-521f-4385-8b64-0597e9421220 2531c0c6134d46e190997000ebd4c905 30f29520b4dc4a6c9dfba9113b9c8eb1 - - default default] 10.0.0.231 "DELETE /v2.0/security-groups/d1264efc-b941-41df-a5e1-47ea1b83e84d HTTP/1.1" status: 204 len: 168 time: 0.2154040
2026-06-09 18:16:36.491 10 INFO neutron.api.v2.resource [None req-2ff43a83-b02b-442e-8826-338e291d1f49 2531c0c6134d46e190997000ebd4c905 30f29520b4dc4a6c9dfba9113b9c8eb1 - - default default] show failed (client error): The resource could not be found.
2026-06-09 18:16:36.492 10 INFO neutron.wsgi [None req-2ff43a83-b02b-442e-8826-338e291d1f49 2531c0c6134d46e190997000ebd4c905 30f29520b4dc4a6c9dfba9113b9c8eb1 - - default default] 10.0.0.231 "GET /v2.0/security-groups/d1264efc-b941-41df-a5e1-47ea1b83e84d HTTP/1.1" status: 404 len: 347 time: 0.0139272
2026-06-09 18:16:36.580 10 INFO neutron.wsgi [None req-16c48dd0-083e-450b-823b-6d81eea407c9 9fa46d6f57284e05b4c7f18968aea309 061ed4e3c092480c87a6342242bfa0c6 - - default default] 10.0.0.231 "GET /v2.0/ HTTP/1.1" status: 200 len: 826 time: 0.1872075
2026-06-09 18:16:36.704 10 INFO neutron.wsgi [None req-83a6b100-b69b-49c4-97de-bb9a1e76688e 5b1704d6f6284f1abca88491f4ec2fa0 fdf409600f93463a971779b4b57b6f99 - - default default] 10.0.0.231 "DELETE /v2.0/floatingips/10f94ec2-eace-45ff-bc5a-a7b54c57f5e6 HTTP/1.1" status: 204 len: 168 time: 0.4146655
2026-06-09 18:16:37.098 9 INFO neutron.db.ovn_revision_numbers_db [None req-7e9a16ca-703e-4f32-b13c-ef3ab19de116 2863d0fee4d540a69bcfd78013d62c24 4dae7d5a06f542f6aebf91d9ad714e75 - - default default] Successfully bumped revision number for resource 0daa6834-4bd4-4cfd-a9b0-b827dc8b1119 (type: floatingips) to 1
2026-06-09 18:16:37.242 9 INFO neutron.db.ovn_revision_numbers_db [None req-7e9a16ca-703e-4f32-b13c-ef3ab19de116 2863d0fee4d540a69bcfd78013d62c24 4dae7d5a06f542f6aebf91d9ad714e75 - - default default] Successfully bumped revision number for resource 0daa6834-4bd4-4cfd-a9b0-b827dc8b1119 (type: floatingips) to 2
2026-06-09 18:16:37.242 9 INFO neutron.db.l3_db [None req-7e9a16ca-703e-4f32-b13c-ef3ab19de116 2863d0fee4d540a69bcfd78013d62c24 4dae7d5a06f542f6aebf91d9ad714e75 - - default default] Floating IP 0daa6834-4bd4-4cfd-a9b0-b827dc8b1119 associated. External IP: 10.96.250.206, port: 140510f3-277c-4f0f-aee4-18c2a64d9434.
2026-06-09 18:16:37.276 10 INFO neutron.wsgi [None req-570bfc7d-4278-432b-90ca-268ece71e034 2531c0c6134d46e190997000ebd4c905 30f29520b4dc4a6c9dfba9113b9c8eb1 - - default default] 10.0.0.231 "DELETE /v2.0/floatingips/3ca0efa9-8890-4dcc-9060-6f4037f9960b HTTP/1.1" status: 204 len: 168 time: 0.7795911
2026-06-09 18:16:37.280 9 INFO neutron.wsgi [None req-7e9a16ca-703e-4f32-b13c-ef3ab19de116 2863d0fee4d540a69bcfd78013d62c24 4dae7d5a06f542f6aebf91d9ad714e75 - - default default] 10.0.0.231 "PUT /v2.0/floatingips/0daa6834-4bd4-4cfd-a9b0-b827dc8b1119 HTTP/1.1" status: 200 len: 1049 time: 0.9329000 /var/lib/openstack/lib/python3.10/site-packages/pycadf/identifier.py:71: UserWarning: Invalid uuid: neutron. To ensure interoperability, identifiers should be a valid uuid. warnings.warn(('Invalid uuid: %s. To ensure interoperability, '
2026-06-09 18:16:37.372 9 INFO neutron.wsgi [req-c5e27a5b-c47a-474d-879e-0dbf6d5cc6be req-72fc4335-d71d-4ebe-8f60-a9bcfed3ea8f 2863d0fee4d540a69bcfd78013d62c24 4dae7d5a06f542f6aebf91d9ad714e75 - - default default] 10.0.0.180 "GET /v2.0/ports?device_id=395f81cf-bedf-4722-a31b-c86e4dcc31b9 HTTP/1.1" status: 200 len: 1170 time: 0.0500019
2026-06-09 18:16:37.381 9 INFO neutron.db.ovn_revision_numbers_db [None req-2332b2b3-7ddc-4f57-b6c1-1871a146063a 425f30fd9bfa4a59aba8521d612b35de 767207df6ea3494b827025c83e59fe5a - - default default] Successfully bumped revision number for resource 05cd9fd0-cbb2-425b-9d5e-eed8312c7c44 (type: security_groups) to 1
2026-06-09 18:16:37.405 9 INFO neutron.db.ovn_revision_numbers_db [None req-2332b2b3-7ddc-4f57-b6c1-1871a146063a 425f30fd9bfa4a59aba8521d612b35de 767207df6ea3494b827025c83e59fe5a - - default default] Successfully bumped revision number for resource 2afbafd1-1b37-452d-a428-ddcf4203b73e (type: security_group_rules) to 0
2026-06-09 18:16:37.423 9 INFO neutron.db.ovn_revision_numbers_db [None req-2332b2b3-7ddc-4f57-b6c1-1871a146063a 425f30fd9bfa4a59aba8521d612b35de 767207df6ea3494b827025c83e59fe5a - - default default] Successfully bumped revision number for resource 46d34db1-527f-4857-84e6-cc9ef889639b (type: security_group_rules) to 0
2026-06-09 18:16:37.431 9 INFO neutron.wsgi [req-c5e27a5b-c47a-474d-879e-0dbf6d5cc6be req-86c02c41-a6a5-4099-a3f8-475e06bd808b 2863d0fee4d540a69bcfd78013d62c24 4dae7d5a06f542f6aebf91d9ad714e75 - - default default] 10.0.0.180 "GET /v2.0/security-groups?id=60bdaf68-d8a6-466e-a7cd-f729ff660bb6&fields=id&fields=name HTTP/1.1" status: 200 len: 312 time: 0.0485039
2026-06-09 18:16:37.442 9 INFO neutron.db.ovn_revision_numbers_db [None req-2332b2b3-7ddc-4f57-b6c1-1871a146063a 425f30fd9bfa4a59aba8521d612b35de 767207df6ea3494b827025c83e59fe5a - - default default] Successfully bumped revision number for resource accd5f4e-fbd7-4335-913a-a3067edae608 (type: security_group_rules) to 0
2026-06-09 18:16:37.457 9 INFO neutron.db.ovn_revision_numbers_db [None req-2332b2b3-7ddc-4f57-b6c1-1871a146063a 425f30fd9bfa4a59aba8521d612b35de 767207df6ea3494b827025c83e59fe5a - - default default] Successfully bumped revision number for resource d60e7d80-0aff-475a-a1d6-f49fe86d98e2 (type: security_group_rules) to 0
2026-06-09 18:16:37.479 9 INFO neutron.wsgi [None req-2332b2b3-7ddc-4f57-b6c1-1871a146063a 425f30fd9bfa4a59aba8521d612b35de 767207df6ea3494b827025c83e59fe5a - - default default] 10.0.0.231 "GET /v2.0/security-groups?tenant_id=061ed4e3c092480c87a6342242bfa0c6&name=default HTTP/1.1" status: 200 len: 3120 time: 0.3606017
2026-06-09 18:16:37.728 9 INFO neutron.wsgi [None req-40f9b567-103a-4e7c-b599-51c09d0b4f53 425f30fd9bfa4a59aba8521d612b35de 767207df6ea3494b827025c83e59fe5a - - default default] 10.0.0.231 "DELETE /v2.0/security-groups/05cd9fd0-cbb2-425b-9d5e-eed8312c7c44 HTTP/1.1" status: 204 len: 168 time: 0.2427320
2026-06-09 18:16:37.729 10 INFO neutron.plugins.ml2.drivers.ovn.mech_driver.mech_driver [None req-6530a85a-f2e7-4203-8f07-50e8939a02bd - - - - - -] OVN reports status down for port: 140510f3-277c-4f0f-aee4-18c2a64d9434
2026-06-09 18:16:37.762 10 INFO neutron.wsgi [req-68d48ace-4b0a-4a17-a426-a2a478e17daf req-8fc595ff-5235-4af4-97c8-5021e8e6ca62 2863d0fee4d540a69bcfd78013d62c24 4dae7d5a06f542f6aebf91d9ad714e75 - - default default] 10.0.0.180 "GET /v2.0/ports?device_id=395f81cf-bedf-4722-a31b-c86e4dcc31b9 HTTP/1.1" status: 200 len: 1170 time: 0.0698318
2026-06-09 18:16:37.862 10 INFO neutron.wsgi [req-68d48ace-4b0a-4a17-a426-a2a478e17daf req-141c51c0-79d4-40d0-944c-eb0636247668 2863d0fee4d540a69bcfd78013d62c24 4dae7d5a06f542f6aebf91d9ad714e75 - - default default] 10.0.0.180 "GET /v2.0/security-groups?id=60bdaf68-d8a6-466e-a7cd-f729ff660bb6&fields=id&fields=name HTTP/1.1" status: 200 len: 312 time: 0.0882437
2026-06-09 18:16:38.083 10 INFO neutron.notifiers.nova [-] Nova event matching ['req-bb65e94b-3b98-46c0-ade5-441763ab9779'] response: {'server_uuid': '395f81cf-bedf-4722-a31b-c86e4dcc31b9', 'name': 'network-vif-unplugged', 'status': 'completed', 'tag': '140510f3-277c-4f0f-aee4-18c2a64d9434', 'code': 200}
2026-06-09 18:16:38.106 10 INFO neutron.wsgi [req-a7a2a285-e388-4b6c-b5c9-49964fd3ce0e req-2b4a6769-cf4a-447f-a14c-12205c098ccc 2863d0fee4d540a69bcfd78013d62c24 4dae7d5a06f542f6aebf91d9ad714e75 - - default default] 199.204.45.235 "GET /v2.0/ports?device_id=395f81cf-bedf-4722-a31b-c86e4dcc31b9 HTTP/1.1" status: 200 len: 1168 time: 0.0836861
2026-06-09 18:16:38.271 9 INFO neutron.notifiers.nova [-] Nova event matching ['req-cbb55fc6-5633-45bc-a241-ae75d994ca13'] response: {'name': 'network-changed', 'server_uuid': '395f81cf-bedf-4722-a31b-c86e4dcc31b9', 'tag': '140510f3-277c-4f0f-aee4-18c2a64d9434', 'status': 'completed', 'code': 200}
2026-06-09 18:16:38.423 10 INFO neutron.wsgi [req-5181d743-df65-4b7a-a75b-681dc58d7cdd req-d6304022-3ae9-439a-ac8c-57dbb71cdda8 b6010b07c75146c09d8fc3ee3b0b64ec 1ccd198a5b87496f98e9c72a2a22738a - - 0746ddb4a3ab48e7a1797add0e522397 0746ddb4a3ab48e7a1797add0e522397] 199.204.45.235 "GET /v2.0/ports?tenant_id=4dae7d5a06f542f6aebf91d9ad714e75&device_id=395f81cf-bedf-4722-a31b-c86e4dcc31b9 HTTP/1.1" status: 200 len: 1407 time: 0.1153133
2026-06-09 18:16:38.486 10 INFO neutron.db.ovn_revision_numbers_db [None req-6530a85a-f2e7-4203-8f07-50e8939a02bd - - - - - -] Successfully bumped revision number for resource 140510f3-277c-4f0f-aee4-18c2a64d9434 (type: ports) to 5
2026-06-09 18:16:38.563 9 INFO neutron.wsgi [-] 10.0.0.150 "GET / HTTP/1.1" status: 200 len: 247 time: 0.0040185
2026-06-09 18:16:38.566 9 INFO neutron.wsgi [-] 10.0.0.150 "GET / HTTP/1.1" status: 200 len: 247 time: 0.0015039
2026-06-09 18:16:38.859 10 INFO neutron.wsgi [req-5181d743-df65-4b7a-a75b-681dc58d7cdd req-45ca6cc0-f009-4977-8654-9835a505cf8e b6010b07c75146c09d8fc3ee3b0b64ec 1ccd198a5b87496f98e9c72a2a22738a - - 0746ddb4a3ab48e7a1797add0e522397 0746ddb4a3ab48e7a1797add0e522397] 199.204.45.235 "GET /v2.0/networks?id=0c76b8bc-9144-489d-aec6-3f6182fd641d HTTP/1.1" status: 200 len: 976 time: 0.4264734
2026-06-09 18:16:38.971 10 INFO neutron.wsgi [req-5181d743-df65-4b7a-a75b-681dc58d7cdd req-fd84da7d-61d6-45d3-81ee-89d0c93e329b b6010b07c75146c09d8fc3ee3b0b64ec 1ccd198a5b87496f98e9c72a2a22738a - - 0746ddb4a3ab48e7a1797add0e522397 0746ddb4a3ab48e7a1797add0e522397] 199.204.45.235 "GET /v2.0/floatingips?fixed_ip_address=10.100.0.8&port_id=140510f3-277c-4f0f-aee4-18c2a64d9434 HTTP/1.1" status: 200 len: 1057 time: 0.1024814
2026-06-09 18:16:39.002 9 INFO neutron.wsgi [req-2cb6abb6-17ff-4961-b772-419564e8f540 req-4e7dcb4f-0c81-4227-8ff1-b213ec3ee9ca 2863d0fee4d540a69bcfd78013d62c24 4dae7d5a06f542f6aebf91d9ad714e75 - - default default] 10.0.0.180 "GET /v2.0/ports?device_id=395f81cf-bedf-4722-a31b-c86e4dcc31b9 HTTP/1.1" status: 200 len: 1168 time: 0.0522459 /var/lib/openstack/lib/python3.10/site-packages/pycadf/identifier.py:71: UserWarning: Invalid uuid: neutron. To ensure interoperability, identifiers should be a valid uuid. warnings.warn(('Invalid uuid: %s. To ensure interoperability, '
2026-06-09 18:16:39.060 9 INFO neutron.wsgi [req-2cb6abb6-17ff-4961-b772-419564e8f540 req-44d8f24a-50e1-428f-8a89-ee424a0aaa1b 2863d0fee4d540a69bcfd78013d62c24 4dae7d5a06f542f6aebf91d9ad714e75 - - default default] 10.0.0.180 "GET /v2.0/security-groups?id=60bdaf68-d8a6-466e-a7cd-f729ff660bb6&fields=id&fields=name HTTP/1.1" status: 200 len: 312 time: 0.0498021
2026-06-09 18:16:39.066 10 INFO neutron.wsgi [req-5181d743-df65-4b7a-a75b-681dc58d7cdd req-728af183-3c3e-4d4f-8157-317365f04228 b6010b07c75146c09d8fc3ee3b0b64ec 1ccd198a5b87496f98e9c72a2a22738a - - 0746ddb4a3ab48e7a1797add0e522397 0746ddb4a3ab48e7a1797add0e522397] 199.204.45.235 "GET /v2.0/subnets?id=fd55f707-5f60-41e3-919a-9b60d2db197b HTTP/1.1" status: 200 len: 873 time: 0.0883536
2026-06-09 18:16:39.124 10 INFO neutron.wsgi [req-5181d743-df65-4b7a-a75b-681dc58d7cdd req-18b0467a-98a8-4270-9b84-758fa8d66a1f b6010b07c75146c09d8fc3ee3b0b64ec 1ccd198a5b87496f98e9c72a2a22738a - - 0746ddb4a3ab48e7a1797add0e522397 0746ddb4a3ab48e7a1797add0e522397] 199.204.45.235 "GET /v2.0/ports?network_id=0c76b8bc-9144-489d-aec6-3f6182fd641d&device_owner=network%3Adhcp HTTP/1.1" status: 200 len: 210 time: 0.0460751
2026-06-09 18:16:39.298 10 INFO neutron.wsgi [req-5181d743-df65-4b7a-a75b-681dc58d7cdd req-a8bddd42-dd28-4ffa-b88c-15fde433de96 b6010b07c75146c09d8fc3ee3b0b64ec 1ccd198a5b87496f98e9c72a2a22738a - - 0746ddb4a3ab48e7a1797add0e522397 0746ddb4a3ab48e7a1797add0e522397] 199.204.45.235 "GET /v2.0/networks/0c76b8bc-9144-489d-aec6-3f6182fd641d?fields=segments HTTP/1.1" status: 200 len: 212 time: 0.1656523 /var/lib/openstack/lib/python3.10/site-packages/pycadf/identifier.py:71: UserWarning: Invalid uuid: neutron. To ensure interoperability, identifiers should be a valid uuid. warnings.warn(('Invalid uuid: %s. To ensure interoperability, '
2026-06-09 18:16:39.325 10 INFO neutron.db.l3_db [req-a7a2a285-e388-4b6c-b5c9-49964fd3ce0e req-67584ca6-7ca9-4580-a97d-a32a0894cf82 2863d0fee4d540a69bcfd78013d62c24 4dae7d5a06f542f6aebf91d9ad714e75 - - default default] Floating IP 0daa6834-4bd4-4cfd-a9b0-b827dc8b1119 disassociated. External IP: 10.96.250.206, port: 140510f3-277c-4f0f-aee4-18c2a64d9434.
2026-06-09 18:16:39.446 10 INFO neutron.wsgi [req-5181d743-df65-4b7a-a75b-681dc58d7cdd req-bcf9ba9a-0fd9-40ed-bd04-f3c78a863c21 b6010b07c75146c09d8fc3ee3b0b64ec 1ccd198a5b87496f98e9c72a2a22738a - - 0746ddb4a3ab48e7a1797add0e522397 0746ddb4a3ab48e7a1797add0e522397] 199.204.45.235 "GET /v2.0/networks/0c76b8bc-9144-489d-aec6-3f6182fd641d?fields=provider%3Aphysical_network&fields=provider%3Anetwork_type HTTP/1.1" status: 200 len: 277 time: 0.1402168
2026-06-09 18:16:39.628 10 INFO neutron.wsgi [None req-dfd9a3b4-c3e2-41fd-9929-150996a7209a 425f30fd9bfa4a59aba8521d612b35de 767207df6ea3494b827025c83e59fe5a - - default default] 10.0.0.231 "PUT /v2.0/routers/310fd091-914e-4ff0-8b35-b3a81519814d/remove_router_interface HTTP/1.1" status: 200 len: 503 time: 2.9186134
2026-06-09 18:16:39.637 10 INFO neutron.wsgi [req-a7a2a285-e388-4b6c-b5c9-49964fd3ce0e req-67584ca6-7ca9-4580-a97d-a32a0894cf82 2863d0fee4d540a69bcfd78013d62c24 4dae7d5a06f542f6aebf91d9ad714e75 - - default default] 199.204.45.235 "DELETE /v2.0/ports/140510f3-277c-4f0f-aee4-18c2a64d9434 HTTP/1.1" status: 204 len: 173 time: 1.5227530
2026-06-09 18:16:39.952 10 INFO neutron.wsgi [None req-fb3ba0e0-2600-499f-a0b1-99f66a6055bd 425f30fd9bfa4a59aba8521d612b35de 767207df6ea3494b827025c83e59fe5a - - default default] 10.0.0.231 "PUT /v2.0/routers/13b15937-a825-47c8-9ddd-5bc51ee4c00c/remove_router_interface HTTP/1.1" status: 200 len: 503 time: 2.6051552 /var/lib/openstack/lib/python3.10/site-packages/pycadf/identifier.py:71: UserWarning: Invalid uuid: neutron. To ensure interoperability, identifiers should be a valid uuid. warnings.warn(('Invalid uuid: %s. To ensure interoperability, '
2026-06-09 18:16:40.308 10 INFO neutron.wsgi [req-5bd1c447-9298-4c56-90c3-0c7a518a16fd req-4b6de964-3cd0-4205-bed2-902592048e06 2863d0fee4d540a69bcfd78013d62c24 4dae7d5a06f542f6aebf91d9ad714e75 - - default default] 10.0.0.180 "GET /v2.0/ports?device_id=395f81cf-bedf-4722-a31b-c86e4dcc31b9 HTTP/1.1" status: 200 len: 210 time: 0.0266719
2026-06-09 18:16:40.328 10 INFO neutron.notifiers.nova [-] Nova event matching ['req-05ce78af-f983-4ef1-b2ca-789047e6985e'] response: {'server_uuid': '395f81cf-bedf-4722-a31b-c86e4dcc31b9', 'name': 'network-vif-unplugged', 'status': 'completed', 'tag': '140510f3-277c-4f0f-aee4-18c2a64d9434', 'code': 200}
2026-06-09 18:16:40.328 10 INFO neutron.notifiers.nova [-] Nova event matching ['req-05ce78af-f983-4ef1-b2ca-789047e6985e'] response: {'server_uuid': '395f81cf-bedf-4722-a31b-c86e4dcc31b9', 'name': 'network-vif-deleted', 'tag': '140510f3-277c-4f0f-aee4-18c2a64d9434', 'status': 'completed', 'code': 200}
2026-06-09 18:16:40.738 9 INFO neutron.wsgi [None req-c7f3f319-d830-42ad-a007-42c055da87d8 425f30fd9bfa4a59aba8521d612b35de 767207df6ea3494b827025c83e59fe5a - - default default] 10.0.0.231 "DELETE /v2.0/routers/310fd091-914e-4ff0-8b35-b3a81519814d HTTP/1.1" status: 204 len: 168 time: 1.1035523
2026-06-09 18:16:40.991 9 INFO neutron.wsgi [None req-af313eac-6425-45a6-9d1b-52a042ad5bb2 425f30fd9bfa4a59aba8521d612b35de 767207df6ea3494b827025c83e59fe5a - - default default] 10.0.0.231 "DELETE /v2.0/subnets/5be9a956-29dc-4d3f-b764-25f7a08a91db HTTP/1.1" status: 204 len: 168 time: 0.2484341
2026-06-09 18:16:41.162 10 INFO neutron.wsgi [None req-d039d813-c9fa-4929-969b-bf87fea2d71f 425f30fd9bfa4a59aba8521d612b35de 767207df6ea3494b827025c83e59fe5a - - default default] 10.0.0.231 "DELETE /v2.0/routers/13b15937-a825-47c8-9ddd-5bc51ee4c00c HTTP/1.1" status: 204 len: 168 time: 1.2030787
2026-06-09 18:16:41.351 9 INFO neutron.services.segments.plugin [-] Segment 2d6b92cf-69fc-4c7e-9a41-129ab9d5800c resource provider aggregate not found
2026-06-09 18:16:41.356 9 INFO neutron.services.segments.plugin [-] Segment 2d6b92cf-69fc-4c7e-9a41-129ab9d5800c resource provider aggregate not found
2026-06-09 18:16:41.372 9 INFO neutron.services.segments.plugin [-] Segment 2d6b92cf-69fc-4c7e-9a41-129ab9d5800c resource provider not found; error: Placement Client Error (4xx): {"errors": [{"status": 404, "title": "Not Found", "detail": "The resource could not be found.\n\n No resource provider with uuid 2d6b92cf-69fc-4c7e-9a41-129ab9d5800c found for delete ", "request_id": "req-210d7cec-535f-4a5f-988a-e80c036c0651"}]}
2026-06-09 18:16:41.374 9 INFO neutron.services.segments.plugin [-] Segment 2d6b92cf-69fc-4c7e-9a41-129ab9d5800c resource provider not found; error: Placement Client Error (4xx): {"errors": [{"status": 404, "title": "Not Found", "detail": "The resource could not be found.\n\n No resource provider with uuid 2d6b92cf-69fc-4c7e-9a41-129ab9d5800c found for delete ", "request_id": "req-a55d7c39-1f7b-4d79-a910-3abafb438a04"}]}
2026-06-09 18:16:41.387 9 INFO neutron.wsgi [None req-f4805150-cf30-4a6e-84c8-4be0f09bfac8 425f30fd9bfa4a59aba8521d612b35de 767207df6ea3494b827025c83e59fe5a - - default default] 10.0.0.231 "DELETE /v2.0/networks/6f94635c-ff7e-4a2c-a0e3-427f968735dd HTTP/1.1" status: 204 len: 168 time: 0.3912513
2026-06-09 18:16:41.396 10 INFO neutron.wsgi [None req-35b91aac-4a70-4669-bc5a-62e6212009dc 425f30fd9bfa4a59aba8521d612b35de 767207df6ea3494b827025c83e59fe5a - - default default] 10.0.0.231 "DELETE /v2.0/subnets/e57b4d38-93c3-47cf-b3f4-26202b87ec8f HTTP/1.1" status: 204 len: 168 time: 0.2284031
2026-06-09 18:16:41.527 9 INFO neutron.wsgi [None req-8ec6262c-68c8-457f-b048-72d61e1ef980 425f30fd9bfa4a59aba8521d612b35de 767207df6ea3494b827025c83e59fe5a - - default default] 10.0.0.231 "GET /v2.0/security-groups?tenant_id=fdf409600f93463a971779b4b57b6f99&name=default HTTP/1.1" status: 200 len: 3120 time: 0.0385134
2026-06-09 18:16:41.566 9 INFO neutron.wsgi [None req-7d166754-4927-4888-9110-0b849241bfb2 2863d0fee4d540a69bcfd78013d62c24 4dae7d5a06f542f6aebf91d9ad714e75 - - default default] 10.0.0.231 "DELETE /v2.0/security-groups/60bdaf68-d8a6-466e-a7cd-f729ff660bb6 HTTP/1.1" status: 204 len: 168 time: 0.1609871
2026-06-09 18:16:41.587 9 INFO neutron.api.v2.resource [None req-1313a77e-fd2f-42e0-bd46-3c39aa76912a 2863d0fee4d540a69bcfd78013d62c24 4dae7d5a06f542f6aebf91d9ad714e75 - - default default] show failed (client error): The resource could not be found.
2026-06-09 18:16:41.588 9 INFO neutron.wsgi [None req-1313a77e-fd2f-42e0-bd46-3c39aa76912a 2863d0fee4d540a69bcfd78013d62c24 4dae7d5a06f542f6aebf91d9ad714e75 - - default default] 10.0.0.231 "GET /v2.0/security-groups/60bdaf68-d8a6-466e-a7cd-f729ff660bb6 HTTP/1.1" status: 404 len: 347 time: 0.0163455
2026-06-09 18:16:41.610 10 INFO neutron.db.ovn_revision_numbers_db [None req-5b29b98a-e123-49fa-ad5b-3b137050ddf3 425f30fd9bfa4a59aba8521d612b35de 767207df6ea3494b827025c83e59fe5a - - default default] Successfully bumped revision number for resource 26a793ae-515a-4e58-8064-d1feb1be9ec1 (type: security_groups) to 1
2026-06-09 18:16:41.624 10 INFO neutron.db.ovn_revision_numbers_db [None req-5b29b98a-e123-49fa-ad5b-3b137050ddf3 425f30fd9bfa4a59aba8521d612b35de 767207df6ea3494b827025c83e59fe5a - - default default] Successfully bumped revision number for resource 03602250-7b7a-48a7-a40d-c687300e93e8 (type: security_group_rules) to 0
2026-06-09 18:16:41.638 10 INFO neutron.db.ovn_revision_numbers_db [None req-5b29b98a-e123-49fa-ad5b-3b137050ddf3 425f30fd9bfa4a59aba8521d612b35de 767207df6ea3494b827025c83e59fe5a - - default default] Successfully bumped revision number for resource 4a5327ea-8453-4fa9-ac2a-8b83cc5987a0 (type: security_group_rules) to 0
2026-06-09 18:16:41.662 10 INFO neutron.db.ovn_revision_numbers_db [None req-5b29b98a-e123-49fa-ad5b-3b137050ddf3 425f30fd9bfa4a59aba8521d612b35de 767207df6ea3494b827025c83e59fe5a - - default default] Successfully bumped revision number for resource 6562b0a0-cade-4734-a44d-941e6136968a (type: security_group_rules) to 0
2026-06-09 18:16:41.678 10 INFO neutron.db.ovn_revision_numbers_db [None req-5b29b98a-e123-49fa-ad5b-3b137050ddf3 425f30fd9bfa4a59aba8521d612b35de 767207df6ea3494b827025c83e59fe5a - - default default] Successfully bumped revision number for resource f25bd863-c966-4794-955b-141c2250551d (type: security_group_rules) to 0
2026-06-09 18:16:41.723 10 INFO neutron.wsgi [None req-5b29b98a-e123-49fa-ad5b-3b137050ddf3 425f30fd9bfa4a59aba8521d612b35de 767207df6ea3494b827025c83e59fe5a - - default default] 10.0.0.231 "GET /v2.0/security-groups?tenant_id=00abefe652c9464f8996281ff838634c&name=default HTTP/1.1" status: 200 len: 3120 time: 0.4592876
2026-06-09 18:16:41.837 10 INFO neutron.services.segments.plugin [-] Segment f48cd816-cf67-4987-89af-0a7142008bc5 resource provider aggregate not found
2026-06-09 18:16:41.842 10 INFO neutron.services.segments.plugin [-] Segment f48cd816-cf67-4987-89af-0a7142008bc5 resource provider aggregate not found
2026-06-09 18:16:41.845 9 INFO neutron.wsgi [None req-a40c10ff-330b-449b-9bc6-11510e0599c5 425f30fd9bfa4a59aba8521d612b35de 767207df6ea3494b827025c83e59fe5a - - default default] 10.0.0.231 "DELETE /v2.0/security-groups/02e9b289-2988-4f54-af71-4b1109a754a9 HTTP/1.1" status: 204 len: 168 time: 0.3132753
2026-06-09 18:16:41.858 10 INFO neutron.services.segments.plugin [-] Segment f48cd816-cf67-4987-89af-0a7142008bc5 resource provider not found; error: Placement Client Error (4xx): {"errors": [{"status": 404, "title": "Not Found", "detail": "The resource could not be found.\n\n No resource provider with uuid f48cd816-cf67-4987-89af-0a7142008bc5 found for delete ", "request_id": "req-9f3806a6-e765-4d0b-8048-ec5cf798db03"}]}
2026-06-09 18:16:41.864 10 INFO neutron.services.segments.plugin [-] Segment f48cd816-cf67-4987-89af-0a7142008bc5 resource provider not found; error: Placement Client Error (4xx): {"errors": [{"status": 404, "title": "Not Found", "detail": "The resource could not be found.\n\n No resource provider with uuid f48cd816-cf67-4987-89af-0a7142008bc5 found for delete ", "request_id": "req-2b373795-67bf-4e06-8a2b-d95a1568aafb"}]}
2026-06-09 18:16:41.875 10 INFO neutron.wsgi [None req-61e71fb8-983f-4cb4-8cde-b519c7a41116 425f30fd9bfa4a59aba8521d612b35de 767207df6ea3494b827025c83e59fe5a - - default default] 10.0.0.231 "DELETE /v2.0/networks/935e2fe1-02ff-431d-a438-891e13e9d17b HTTP/1.1" status: 204 len: 168 time: 0.4756629
2026-06-09 18:16:41.953 9 INFO neutron.wsgi [None req-b5118e79-3cf3-44a5-9f87-e36046620352 2863d0fee4d540a69bcfd78013d62c24 4dae7d5a06f542f6aebf91d9ad714e75 - - default default] 10.0.0.231 "DELETE /v2.0/floatingips/0daa6834-4bd4-4cfd-a9b0-b827dc8b1119 HTTP/1.1" status: 204 len: 168 time: 0.3608937
2026-06-09 18:16:42.001 10 INFO neutron.wsgi [None req-d87c8ea6-f1a0-4c3d-bdfc-c195e47e29da 425f30fd9bfa4a59aba8521d612b35de 767207df6ea3494b827025c83e59fe5a - - default default] 10.0.0.231 "DELETE /v2.0/security-groups/26a793ae-515a-4e58-8064-d1feb1be9ec1 HTTP/1.1" status: 204 len: 168 time: 0.2706962
2026-06-09 18:16:42.074 10 INFO neutron.wsgi [None req-d414aae4-0571-4e7e-bbc2-b5105ec0cd7c 425f30fd9bfa4a59aba8521d612b35de 767207df6ea3494b827025c83e59fe5a - - default default] 10.0.0.231 "GET /v2.0/security-groups?tenant_id=30f29520b4dc4a6c9dfba9113b9c8eb1&name=default HTTP/1.1" status: 200 len: 3116 time: 0.0457785
2026-06-09 18:16:42.292 10 INFO neutron.wsgi [None req-9dc46d4d-5b8a-495a-9756-b93fa3ae3028 425f30fd9bfa4a59aba8521d612b35de 767207df6ea3494b827025c83e59fe5a - - default default] 10.0.0.231 "DELETE /v2.0/security-groups/b38b1c38-d80e-47b8-8e9a-75a35ba4e7c8 HTTP/1.1" status: 204 len: 168 time: 0.2124946
2026-06-09 18:16:43.158 9 INFO neutron.wsgi [None req-ab76e391-f7bc-4c1c-84a4-fa9f12aaa09c 425f30fd9bfa4a59aba8521d612b35de 767207df6ea3494b827025c83e59fe5a - - default default] 10.0.0.231 "PUT /v2.0/routers/8dea4ce5-2115-43b2-b48c-04aa2028fc55/remove_router_interface HTTP/1.1" status: 200 len: 503 time: 1.2011359 /var/lib/openstack/lib/python3.10/site-packages/pycadf/identifier.py:71: UserWarning: Invalid uuid: neutron. To ensure interoperability, identifiers should be a valid uuid. warnings.warn(('Invalid uuid: %s. To ensure interoperability, '
2026-06-09 18:16:43.925 10 INFO neutron.db.ovn_revision_numbers_db [None req-4ed3c178-8d47-4b2e-b70e-1212476ae124 425f30fd9bfa4a59aba8521d612b35de 767207df6ea3494b827025c83e59fe5a - - default default] Successfully bumped revision number for resource 1f3b88fa-cb9f-4733-8fd1-2a62bf330862 (type: security_groups) to 1
2026-06-09 18:16:43.950 10 INFO neutron.db.ovn_revision_numbers_db [None req-4ed3c178-8d47-4b2e-b70e-1212476ae124 425f30fd9bfa4a59aba8521d612b35de 767207df6ea3494b827025c83e59fe5a - - default default] Successfully bumped revision number for resource 780f20fe-9bd4-40ac-a8ff-2099a876c177 (type: security_group_rules) to 0
2026-06-09 18:16:43.979 10 INFO neutron.db.ovn_revision_numbers_db [None req-4ed3c178-8d47-4b2e-b70e-1212476ae124 425f30fd9bfa4a59aba8521d612b35de 767207df6ea3494b827025c83e59fe5a - - default default] Successfully bumped revision number for resource 99561d8c-3491-48bf-8419-c5263047de15 (type: security_group_rules) to 0
2026-06-09 18:16:43.989 9 INFO neutron.wsgi [None req-b4d43827-8b91-4e8f-bbd4-e306608b25c5 425f30fd9bfa4a59aba8521d612b35de 767207df6ea3494b827025c83e59fe5a - - default default] 10.0.0.231 "DELETE /v2.0/routers/8dea4ce5-2115-43b2-b48c-04aa2028fc55 HTTP/1.1" status: 204 len: 168 time: 0.8235395
2026-06-09 18:16:44.001 10 INFO neutron.db.ovn_revision_numbers_db [None req-4ed3c178-8d47-4b2e-b70e-1212476ae124 425f30fd9bfa4a59aba8521d612b35de 767207df6ea3494b827025c83e59fe5a - - default default] Successfully bumped revision number for resource b2ae964c-d1a5-4cd9-a185-00fac51a4f81 (type: security_group_rules) to 0
2026-06-09 18:16:44.017 10 INFO neutron.db.ovn_revision_numbers_db [None req-4ed3c178-8d47-4b2e-b70e-1212476ae124 425f30fd9bfa4a59aba8521d612b35de 767207df6ea3494b827025c83e59fe5a - - default default] Successfully bumped revision number for resource ea4cbcc5-64d7-40d0-ae2c-8ef34062e525 (type: security_group_rules) to 0
2026-06-09 18:16:44.077 10 INFO neutron.db.segments_db [None req-4ed3c178-8d47-4b2e-b70e-1212476ae124 425f30fd9bfa4a59aba8521d612b35de 767207df6ea3494b827025c83e59fe5a - - default default] Added segment 1b5f5601-871a-49fc-8077-e6704629bb79 of type geneve for network 50a03bd5-1dec-48eb-a500-2b1f92368d7a
2026-06-09 18:16:44.181 10 INFO neutron.db.ovn_revision_numbers_db [None req-e9416386-015d-4663-b2eb-fa39f5dd8772 425f30fd9bfa4a59aba8521d612b35de 767207df6ea3494b827025c83e59fe5a - - default default] Successfully bumped revision number for resource 18b69e5c-c5be-4de4-a56a-e9999653226b (type: security_groups) to 1
2026-06-09 18:16:44.214 9 INFO neutron.wsgi [None req-f8b74921-c33e-4f1e-a6dc-b1ed7c670b52 425f30fd9bfa4a59aba8521d612b35de 767207df6ea3494b827025c83e59fe5a - - default default] 10.0.0.231 "DELETE /v2.0/subnets/fd55f707-5f60-41e3-919a-9b60d2db197b HTTP/1.1" status: 204 len: 168 time: 0.2212093
2026-06-09 18:16:44.222 10 INFO neutron.db.ovn_revision_numbers_db [None req-e9416386-015d-4663-b2eb-fa39f5dd8772 425f30fd9bfa4a59aba8521d612b35de 767207df6ea3494b827025c83e59fe5a - - default default] Successfully bumped revision number for resource 197fc271-beda-48ac-bb48-460e58d98788 (type: security_group_rules) to 0
2026-06-09 18:16:44.256 10 INFO neutron.db.ovn_revision_numbers_db [None req-e9416386-015d-4663-b2eb-fa39f5dd8772 425f30fd9bfa4a59aba8521d612b35de 767207df6ea3494b827025c83e59fe5a - - default default] Successfully bumped revision number for resource 5bfbd357-ebfd-46b5-b34b-b6dcf923fd36 (type: security_group_rules) to 0
2026-06-09 18:16:44.272 10 INFO neutron.db.ovn_revision_numbers_db [None req-4ed3c178-8d47-4b2e-b70e-1212476ae124 425f30fd9bfa4a59aba8521d612b35de 767207df6ea3494b827025c83e59fe5a - - default default] Successfully bumped revision number for resource 50a03bd5-1dec-48eb-a500-2b1f92368d7a (type: networks) to 1
2026-06-09 18:16:44.286 10 INFO neutron.db.ovn_revision_numbers_db [None req-e9416386-015d-4663-b2eb-fa39f5dd8772 425f30fd9bfa4a59aba8521d612b35de 767207df6ea3494b827025c83e59fe5a - - default default] Successfully bumped revision number for resource 89da857d-3af4-42ea-ada6-3c3c922be9dc (type: security_group_rules) to 0
2026-06-09 18:16:44.317 10 INFO neutron.db.ovn_revision_numbers_db [None req-e9416386-015d-4663-b2eb-fa39f5dd8772 425f30fd9bfa4a59aba8521d612b35de 767207df6ea3494b827025c83e59fe5a - - default default] Successfully bumped revision number for resource e90fa070-10b6-48cd-979d-e763ce50a17b (type: security_group_rules) to 0
2026-06-09 18:16:44.389 10 INFO neutron.db.segments_db [None req-e9416386-015d-4663-b2eb-fa39f5dd8772 425f30fd9bfa4a59aba8521d612b35de 767207df6ea3494b827025c83e59fe5a - - default default] Added segment fac7f3ea-8e97-4489-9bd2-651399afe52e of type geneve for network b821fcf8-cfbc-4319-85e7-9e91c2ee3a33
2026-06-09 18:16:44.548 10 WARNING neutron.scheduler.dhcp_agent_scheduler [None req-4ed3c178-8d47-4b2e-b70e-1212476ae124 425f30fd9bfa4a59aba8521d612b35de 767207df6ea3494b827025c83e59fe5a - - default default] No more DHCP agents
2026-06-09 18:16:44.551 10 WARNING neutron.api.rpc.agentnotifiers.dhcp_rpc_agent_api [None req-4ed3c178-8d47-4b2e-b70e-1212476ae124 425f30fd9bfa4a59aba8521d612b35de 767207df6ea3494b827025c83e59fe5a - - default default] Unable to schedule network 50a03bd5-1dec-48eb-a500-2b1f92368d7a: no agents available; will retry on subsequent port and subnet creation events.
2026-06-09 18:16:44.590 10 INFO neutron.db.ovn_revision_numbers_db [None req-e9416386-015d-4663-b2eb-fa39f5dd8772 425f30fd9bfa4a59aba8521d612b35de 767207df6ea3494b827025c83e59fe5a - - default default] Successfully bumped revision number for resource b821fcf8-cfbc-4319-85e7-9e91c2ee3a33 (type: networks) to 1
2026-06-09 18:16:44.596 9 INFO neutron.services.segments.plugin [-] Segment aa553093-6c82-4e44-9c48-44849cd94d4c resource provider aggregate not found
2026-06-09 18:16:44.603 9 INFO neutron.services.segments.plugin [-] Segment aa553093-6c82-4e44-9c48-44849cd94d4c resource provider aggregate not found
2026-06-09 18:16:44.611 9 INFO neutron.services.segments.plugin [-] Segment aa553093-6c82-4e44-9c48-44849cd94d4c resource provider not found; error: Placement Client Error (4xx): {"errors": [{"status": 404, "title": "Not Found", "detail": "The resource could not be found.\n\n No resource provider with uuid aa553093-6c82-4e44-9c48-44849cd94d4c found for delete ", "request_id": "req-49062f4e-546a-4d2c-8a74-07ea804a3953"}]}
2026-06-09 18:16:44.621 9 INFO neutron.services.segments.plugin [-] Segment aa553093-6c82-4e44-9c48-44849cd94d4c resource provider not found; error: Placement Client Error (4xx): {"errors": [{"status": 404, "title": "Not Found", "detail": "The resource could not be found.\n\n No resource provider with uuid aa553093-6c82-4e44-9c48-44849cd94d4c found for delete ", "request_id": "req-0ba0cfa3-a122-4e48-9b07-1f2397edeb52"}]}
2026-06-09 18:16:44.643 9 INFO neutron.wsgi [None req-c65cb087-ba76-4c57-b287-5e400b67f475 425f30fd9bfa4a59aba8521d612b35de 767207df6ea3494b827025c83e59fe5a - - default default] 10.0.0.231 "DELETE /v2.0/networks/0c76b8bc-9144-489d-aec6-3f6182fd641d HTTP/1.1" status: 204 len: 168 time: 0.4249995
2026-06-09 18:16:44.671 10 INFO neutron.db.ovn_revision_numbers_db [None req-4ed3c178-8d47-4b2e-b70e-1212476ae124 425f30fd9bfa4a59aba8521d612b35de 767207df6ea3494b827025c83e59fe5a - - default default] Successfully bumped revision number for resource ad7a6a8f-a0a9-47aa-8727-9371db83e99c (type: ports) to 1
2026-06-09 18:16:44.709 10 INFO neutron.wsgi [None req-4ed3c178-8d47-4b2e-b70e-1212476ae124 425f30fd9bfa4a59aba8521d612b35de 767207df6ea3494b827025c83e59fe5a - - default default] 10.0.0.231 "POST /v2.0/networks HTTP/1.1" status: 201 len: 946 time: 1.1220219
2026-06-09 18:16:44.800 10 WARNING neutron.scheduler.dhcp_agent_scheduler [None req-e9416386-015d-4663-b2eb-fa39f5dd8772 425f30fd9bfa4a59aba8521d612b35de 767207df6ea3494b827025c83e59fe5a - - default default] No more DHCP agents
2026-06-09 18:16:44.806 10 WARNING neutron.api.rpc.agentnotifiers.dhcp_rpc_agent_api [None req-e9416386-015d-4663-b2eb-fa39f5dd8772 425f30fd9bfa4a59aba8521d612b35de 767207df6ea3494b827025c83e59fe5a - - default default] Unable to schedule network b821fcf8-cfbc-4319-85e7-9e91c2ee3a33: no agents available; will retry on subsequent port and subnet creation events.
2026-06-09 18:16:44.822 9 INFO neutron.wsgi [None req-356e0898-fe3f-4228-9039-5cdd49c1eea7 425f30fd9bfa4a59aba8521d612b35de 767207df6ea3494b827025c83e59fe5a - - default default] 10.0.0.231 "GET /v2.0/security-groups?tenant_id=4dae7d5a06f542f6aebf91d9ad714e75&name=default HTTP/1.1" status: 200 len: 3120 time: 0.0446086
2026-06-09 18:16:44.907 10 INFO neutron.db.ovn_revision_numbers_db [None req-e9416386-015d-4663-b2eb-fa39f5dd8772 425f30fd9bfa4a59aba8521d612b35de 767207df6ea3494b827025c83e59fe5a - - default default] Successfully bumped revision number for resource 2f8d8371-0f64-439d-b6ae-f524d2c15c7b (type: ports) to 1
2026-06-09 18:16:44.944 10 INFO neutron.wsgi [None req-e9416386-015d-4663-b2eb-fa39f5dd8772 425f30fd9bfa4a59aba8521d612b35de 767207df6ea3494b827025c83e59fe5a - - default default] 10.0.0.231 "POST /v2.0/networks HTTP/1.1" status: 201 len: 945 time: 1.0452902
2026-06-09 18:16:44.953 10 WARNING neutron.scheduler.dhcp_agent_scheduler [None req-90b8d477-c813-4066-a109-cefc1837338b 425f30fd9bfa4a59aba8521d612b35de 767207df6ea3494b827025c83e59fe5a - - default default] No more DHCP agents
2026-06-09 18:16:44.961 10 WARNING neutron.api.rpc.agentnotifiers.dhcp_rpc_agent_api [None req-90b8d477-c813-4066-a109-cefc1837338b 425f30fd9bfa4a59aba8521d612b35de 767207df6ea3494b827025c83e59fe5a - - default default] Unable to schedule network 50a03bd5-1dec-48eb-a500-2b1f92368d7a: no agents available; will retry on subsequent port and subnet creation events.
2026-06-09 18:16:45.099 9 INFO neutron.wsgi [None req-a6dccc9c-70d7-452e-9347-c493ba5e24cd 425f30fd9bfa4a59aba8521d612b35de 767207df6ea3494b827025c83e59fe5a - - default default] 10.0.0.231 "DELETE /v2.0/security-groups/d2b35cdf-601c-4656-8373-1f9ba72343fa HTTP/1.1" status: 204 len: 168 time: 0.2713435
2026-06-09 18:16:45.168 10 WARNING neutron.scheduler.dhcp_agent_scheduler [None req-02bd8274-38f6-4a2d-bf69-80b49b6d01cd 425f30fd9bfa4a59aba8521d612b35de 767207df6ea3494b827025c83e59fe5a - - default default] No more DHCP agents
2026-06-09 18:16:45.171 10 WARNING neutron.api.rpc.agentnotifiers.dhcp_rpc_agent_api [None req-02bd8274-38f6-4a2d-bf69-80b49b6d01cd 425f30fd9bfa4a59aba8521d612b35de 767207df6ea3494b827025c83e59fe5a - - default default] Unable to schedule network b821fcf8-cfbc-4319-85e7-9e91c2ee3a33: no agents available; will retry on subsequent port and subnet creation events.
2026-06-09 18:16:45.449 9 INFO neutron.db.ovn_revision_numbers_db [None req-d8148d61-3fb1-418e-a086-770bbaa7a109 425f30fd9bfa4a59aba8521d612b35de 767207df6ea3494b827025c83e59fe5a - - default default] Successfully bumped revision number for resource 5515a030-c7bb-4abe-b0a2-c8e62556b819 (type: security_groups) to 1
2026-06-09 18:16:45.464 9 INFO neutron.db.ovn_revision_numbers_db [None req-d8148d61-3fb1-418e-a086-770bbaa7a109 425f30fd9bfa4a59aba8521d612b35de 767207df6ea3494b827025c83e59fe5a - - default default] Successfully bumped revision number for resource 1b9dbb0d-fd00-47e2-84a5-5c38f71cb6d9 (type: security_group_rules) to 0
2026-06-09 18:16:45.493 9 INFO neutron.db.ovn_revision_numbers_db [None req-d8148d61-3fb1-418e-a086-770bbaa7a109 425f30fd9bfa4a59aba8521d612b35de 767207df6ea3494b827025c83e59fe5a - - default default] Successfully bumped revision number for resource 322701c4-73a6-4688-a036-34201b6d031c (type: security_group_rules) to 0
2026-06-09 18:16:45.506 9 INFO neutron.db.ovn_revision_numbers_db [None req-d8148d61-3fb1-418e-a086-770bbaa7a109 425f30fd9bfa4a59aba8521d612b35de 767207df6ea3494b827025c83e59fe5a - - default default] Successfully bumped revision number for resource 4a54170f-21fa-4750-a2e4-0abe72c4790b (type: security_group_rules) to 0
2026-06-09 18:16:45.519 9 INFO neutron.db.ovn_revision_numbers_db [None req-d8148d61-3fb1-418e-a086-770bbaa7a109 425f30fd9bfa4a59aba8521d612b35de 767207df6ea3494b827025c83e59fe5a - - default default] Successfully bumped revision number for resource f914bbe9-4a24-4465-8865-6eb7b6caa1cd (type: security_group_rules) to 0
2026-06-09 18:16:45.540 9 INFO neutron.wsgi [None req-d8148d61-3fb1-418e-a086-770bbaa7a109 425f30fd9bfa4a59aba8521d612b35de 767207df6ea3494b827025c83e59fe5a - - default default] 10.0.0.231 "GET /v2.0/security-groups?tenant_id=e4b045c5844340a0a46db9dd1cabdfd4&name=default HTTP/1.1" status: 200 len: 3120 time: 0.4403462
2026-06-09 18:16:45.770 9 INFO neutron.wsgi [None req-89efc7cc-456b-4f46-bbab-0d04a8b58036 425f30fd9bfa4a59aba8521d612b35de 767207df6ea3494b827025c83e59fe5a - - default default] 10.0.0.231 "DELETE /v2.0/security-groups/5515a030-c7bb-4abe-b0a2-c8e62556b819 HTTP/1.1" status: 204 len: 168 time: 0.2239838
2026-06-09 18:16:45.849 10 INFO neutron.db.ovn_revision_numbers_db [None req-90b8d477-c813-4066-a109-cefc1837338b 425f30fd9bfa4a59aba8521d612b35de 767207df6ea3494b827025c83e59fe5a - - default default] Successfully bumped revision number for resource ad7a6a8f-a0a9-47aa-8727-9371db83e99c (type: ports) to 2
2026-06-09 18:16:45.895 10 INFO neutron.db.ovn_revision_numbers_db [None req-90b8d477-c813-4066-a109-cefc1837338b 425f30fd9bfa4a59aba8521d612b35de 767207df6ea3494b827025c83e59fe5a - - default default] Successfully bumped revision number for resource 84e3217f-4fb8-41a8-bc22-c44c3294efc3 (type: subnets) to 0
2026-06-09 18:16:45.919 10 INFO neutron.wsgi [None req-90b8d477-c813-4066-a109-cefc1837338b 425f30fd9bfa4a59aba8521d612b35de 767207df6ea3494b827025c83e59fe5a - - default default] 10.0.0.231 "POST /v2.0/subnets HTTP/1.1" status: 201 len: 866 time: 1.2067120
2026-06-09 18:16:46.043 10 INFO neutron.db.ovn_revision_numbers_db [None req-02bd8274-38f6-4a2d-bf69-80b49b6d01cd 425f30fd9bfa4a59aba8521d612b35de 767207df6ea3494b827025c83e59fe5a - - default default] Successfully bumped revision number for resource 2f8d8371-0f64-439d-b6ae-f524d2c15c7b (type: ports) to 2
2026-06-09 18:16:46.105 10 INFO neutron.db.ovn_revision_numbers_db [None req-02bd8274-38f6-4a2d-bf69-80b49b6d01cd 425f30fd9bfa4a59aba8521d612b35de 767207df6ea3494b827025c83e59fe5a - - default default] Successfully bumped revision number for resource 9afb82fe-d1c7-4a89-94f3-83298dafc910 (type: subnets) to 0
2026-06-09 18:16:46.131 10 INFO neutron.wsgi [None req-02bd8274-38f6-4a2d-bf69-80b49b6d01cd 425f30fd9bfa4a59aba8521d612b35de 767207df6ea3494b827025c83e59fe5a - - default default] 10.0.0.231 "POST /v2.0/subnets HTTP/1.1" status: 201 len: 865 time: 1.1789939
2026-06-09 18:16:46.415 10 WARNING neutron.scheduler.dhcp_agent_scheduler [None req-bcdfd424-a7d9-48b7-bd20-96ae6d4ec5d6 425f30fd9bfa4a59aba8521d612b35de 767207df6ea3494b827025c83e59fe5a - - default default] No more DHCP agents
2026-06-09 18:16:46.418 10 WARNING neutron.api.rpc.agentnotifiers.dhcp_rpc_agent_api [None req-bcdfd424-a7d9-48b7-bd20-96ae6d4ec5d6 425f30fd9bfa4a59aba8521d612b35de 767207df6ea3494b827025c83e59fe5a - - default default] Unable to schedule network 82e904f0-9fa3-4b6e-8e75-e094a397722a: no agents available; will retry on subsequent port and subnet creation events.
2026-06-09 18:16:46.575 10 INFO neutron.db.ovn_revision_numbers_db [None req-bcdfd424-a7d9-48b7-bd20-96ae6d4ec5d6 425f30fd9bfa4a59aba8521d612b35de 767207df6ea3494b827025c83e59fe5a - - default default] Successfully bumped revision number for resource 465fb6d0-cd59-4bb6-bb86-c7dbd7bdbe62 (type: ports) to 1
2026-06-09 18:16:46.631 9 WARNING neutron.scheduler.dhcp_agent_scheduler [None req-f45788c3-eb4b-4843-aa22-8ffbf1a3416b 425f30fd9bfa4a59aba8521d612b35de 767207df6ea3494b827025c83e59fe5a - - default default] No more DHCP agents
2026-06-09 18:16:46.633 9 WARNING neutron.api.rpc.agentnotifiers.dhcp_rpc_agent_api [None req-f45788c3-eb4b-4843-aa22-8ffbf1a3416b 425f30fd9bfa4a59aba8521d612b35de 767207df6ea3494b827025c83e59fe5a - - default default] Unable to schedule network 82e904f0-9fa3-4b6e-8e75-e094a397722a: no agents available; will retry on subsequent port and subnet creation events.
2026-06-09 18:16:46.760 9 INFO neutron.db.ovn_revision_numbers_db [None req-f45788c3-eb4b-4843-aa22-8ffbf1a3416b 425f30fd9bfa4a59aba8521d612b35de 767207df6ea3494b827025c83e59fe5a - - default default] Successfully bumped revision number for resource 40982ead-1049-4f33-ae04-87a728e0e699 (type: ports) to 1
2026-06-09 18:16:47.251 10 INFO neutron.plugins.ml2.drivers.ovn.mech_driver.ovsdb.commands [None req-5094231c-c2b1-4ee3-8d0e-24b58b4b1df2 - - - - - -] Schedule LRP lrp-465fb6d0-cd59-4bb6-bb86-c7dbd7bdbe62 on gateway c06553ac-779e-4502-a824-290ead058b16 with priority 1
2026-06-09 18:16:47.260 10 INFO neutron.plugins.ml2.drivers.ovn.mech_driver.mech_driver [None req-6530a85a-f2e7-4203-8f07-50e8939a02bd - - - - - -] OVN reports status up for port: 465fb6d0-cd59-4bb6-bb86-c7dbd7bdbe62
2026-06-09 18:16:47.281 10 INFO neutron.plugins.ml2.plugin [None req-6530a85a-f2e7-4203-8f07-50e8939a02bd - - - - - -] Attempt 1 to provision port 465fb6d0-cd59-4bb6-bb86-c7dbd7bdbe62
2026-06-09 18:16:47.283 9 INFO neutron.plugins.ml2.drivers.ovn.mech_driver.ovsdb.ovsdb_monitor [None req-95420129-8848-4dee-a4ae-911ff3c24f50 - - - - - -] Router b32c4815-0071-4ab0-a6cf-1ff9d0e122fe is bound to host instance
2026-06-09 18:16:47.312 10 INFO neutron.db.ovn_revision_numbers_db [None req-bcdfd424-a7d9-48b7-bd20-96ae6d4ec5d6 425f30fd9bfa4a59aba8521d612b35de 767207df6ea3494b827025c83e59fe5a - - default default] Successfully bumped revision number for resource 465fb6d0-cd59-4bb6-bb86-c7dbd7bdbe62 (type: router_ports) to 1
2026-06-09 18:16:47.407 10 INFO neutron.db.ovn_revision_numbers_db [None req-bcdfd424-a7d9-48b7-bd20-96ae6d4ec5d6 425f30fd9bfa4a59aba8521d612b35de 767207df6ea3494b827025c83e59fe5a - - default default] Successfully bumped revision number for resource b32c4815-0071-4ab0-a6cf-1ff9d0e122fe (type: routers) to 2
2026-06-09 18:16:47.427 10 INFO neutron.wsgi [None req-bcdfd424-a7d9-48b7-bd20-96ae6d4ec5d6 425f30fd9bfa4a59aba8521d612b35de 767207df6ea3494b827025c83e59fe5a - - default default] 10.0.0.231 "POST /v2.0/routers HTTP/1.1" status: 201 len: 1168 time: 1.5046437
2026-06-09 18:16:47.725 9 INFO neutron.plugins.ml2.drivers.ovn.mech_driver.ovsdb.commands [None req-6e1c2c3c-124f-4137-ab53-34c35392fabe - - - - - -] Schedule LRP lrp-40982ead-1049-4f33-ae04-87a728e0e699 on gateway c06553ac-779e-4502-a824-290ead058b16 with priority 1
2026-06-09 18:16:47.751 10 INFO neutron.plugins.ml2.drivers.ovn.mech_driver.ovsdb.ovsdb_monitor [None req-fa6d3ab6-2451-46b8-99f4-9f02a92128d1 - - - - - -] Router 7c24cdfc-a44b-4cb9-9794-65f0dd38b1ae is bound to host instance
2026-06-09 18:16:47.777 9 INFO neutron.db.ovn_revision_numbers_db [None req-f45788c3-eb4b-4843-aa22-8ffbf1a3416b 425f30fd9bfa4a59aba8521d612b35de 767207df6ea3494b827025c83e59fe5a - - default default] Successfully bumped revision number for resource 40982ead-1049-4f33-ae04-87a728e0e699 (type: router_ports) to 1
2026-06-09 18:16:47.815 10 INFO neutron.db.ovn_revision_numbers_db [None req-c8b9579a-6ef2-4ec0-b087-7b2274f795a9 425f30fd9bfa4a59aba8521d612b35de 767207df6ea3494b827025c83e59fe5a - - default default] Successfully bumped revision number for resource 39caa4cf-bfc9-41f9-b9be-91b290ced116 (type: security_groups) to 1
2026-06-09 18:16:47.843 10 INFO neutron.db.ovn_revision_numbers_db [None req-c8b9579a-6ef2-4ec0-b087-7b2274f795a9 425f30fd9bfa4a59aba8521d612b35de 767207df6ea3494b827025c83e59fe5a - - default default] Successfully bumped revision number for resource 5e9eb00e-65ac-4ca0-9214-1c3e39218250 (type: security_group_rules) to 0
2026-06-09 18:16:47.876 9 INFO neutron.db.ovn_revision_numbers_db [None req-f45788c3-eb4b-4843-aa22-8ffbf1a3416b 425f30fd9bfa4a59aba8521d612b35de 767207df6ea3494b827025c83e59fe5a - - default default] Successfully bumped revision number for resource 7c24cdfc-a44b-4cb9-9794-65f0dd38b1ae (type: routers) to 2
2026-06-09 18:16:47.882 10 INFO neutron.db.ovn_revision_numbers_db [None req-c8b9579a-6ef2-4ec0-b087-7b2274f795a9 425f30fd9bfa4a59aba8521d612b35de 767207df6ea3494b827025c83e59fe5a - - default default] Successfully bumped revision number for resource 6d42aff5-8048-4b3c-bb59-2c9cc76b7859 (type: security_group_rules) to 0
2026-06-09 18:16:47.904 9 INFO neutron.wsgi [None req-f45788c3-eb4b-4843-aa22-8ffbf1a3416b 425f30fd9bfa4a59aba8521d612b35de 767207df6ea3494b827025c83e59fe5a - - default default] 10.0.0.231 "POST /v2.0/routers HTTP/1.1" status: 201 len: 1167 time: 1.7670395
2026-06-09 18:16:48.121 10 INFO neutron.db.ovn_revision_numbers_db [None req-c8b9579a-6ef2-4ec0-b087-7b2274f795a9 425f30fd9bfa4a59aba8521d612b35de 767207df6ea3494b827025c83e59fe5a - - default default] Successfully bumped revision number for resource 6e8296d5-4806-4694-8037-a2555b1d81cf (type: security_group_rules) to 0
2026-06-09 18:16:48.171 10 INFO neutron.db.ovn_revision_numbers_db [None req-c8b9579a-6ef2-4ec0-b087-7b2274f795a9 425f30fd9bfa4a59aba8521d612b35de 767207df6ea3494b827025c83e59fe5a - - default default] Successfully bumped revision number for resource 868b6871-2d13-416d-8373-72e66ae87394 (type: security_group_rules) to 0
2026-06-09 18:16:48.234 10 INFO neutron.db.segments_db [None req-c8b9579a-6ef2-4ec0-b087-7b2274f795a9 425f30fd9bfa4a59aba8521d612b35de 767207df6ea3494b827025c83e59fe5a - - default default] Added segment fec8978a-2318-4fd1-9b50-a25d866025b8 of type geneve for network 5de3e8e2-8fef-4dd8-89dd-421a8f230672
2026-06-09 18:16:48.317 10 WARNING neutron.scheduler.dhcp_agent_scheduler [None req-1e75d1d1-6d52-4b62-b6f4-3b458a2d83e2 425f30fd9bfa4a59aba8521d612b35de 767207df6ea3494b827025c83e59fe5a - - default default] No more DHCP agents
2026-06-09 18:16:48.328 10 WARNING neutron.api.rpc.agentnotifiers.dhcp_rpc_agent_api [None req-1e75d1d1-6d52-4b62-b6f4-3b458a2d83e2 425f30fd9bfa4a59aba8521d612b35de 767207df6ea3494b827025c83e59fe5a - - default default] Unable to schedule network 50a03bd5-1dec-48eb-a500-2b1f92368d7a: no agents available; will retry on subsequent port and subnet creation events.
2026-06-09 18:16:48.398 9 INFO neutron.db.ovn_revision_numbers_db [None req-95420129-8848-4dee-a4ae-911ff3c24f50 - - - - - -] Successfully bumped revision number for resource 465fb6d0-cd59-4bb6-bb86-c7dbd7bdbe62 (type: ports) to 1
2026-06-09 18:16:48.491 10 INFO neutron.db.ovn_revision_numbers_db [None req-c8b9579a-6ef2-4ec0-b087-7b2274f795a9 425f30fd9bfa4a59aba8521d612b35de 767207df6ea3494b827025c83e59fe5a - - default default] Successfully bumped revision number for resource 5de3e8e2-8fef-4dd8-89dd-421a8f230672 (type: networks) to 1
2026-06-09 18:16:48.686 10 INFO neutron.db.ovn_revision_numbers_db [None req-1e75d1d1-6d52-4b62-b6f4-3b458a2d83e2 425f30fd9bfa4a59aba8521d612b35de 767207df6ea3494b827025c83e59fe5a - - default default] Successfully bumped revision number for resource 969d30ef-a6d5-42a9-a7f1-cbc04835ac5d (type: ports) to 1
2026-06-09 18:16:48.833 9 WARNING neutron.scheduler.dhcp_agent_scheduler [None req-af150c2d-4510-4d0a-abd0-2122ac932a51 425f30fd9bfa4a59aba8521d612b35de 767207df6ea3494b827025c83e59fe5a - - default default] No more DHCP agents
2026-06-09 18:16:48.835 9 WARNING neutron.api.rpc.agentnotifiers.dhcp_rpc_agent_api [None req-af150c2d-4510-4d0a-abd0-2122ac932a51 425f30fd9bfa4a59aba8521d612b35de 767207df6ea3494b827025c83e59fe5a - - default default] Unable to schedule network b821fcf8-cfbc-4319-85e7-9e91c2ee3a33: no agents available; will retry on subsequent port and subnet creation events.
2026-06-09 18:16:48.841 10 WARNING neutron.scheduler.dhcp_agent_scheduler [None req-c8b9579a-6ef2-4ec0-b087-7b2274f795a9 425f30fd9bfa4a59aba8521d612b35de 767207df6ea3494b827025c83e59fe5a - - default default] No more DHCP agents
2026-06-09 18:16:48.850 10 WARNING neutron.api.rpc.agentnotifiers.dhcp_rpc_agent_api [None req-c8b9579a-6ef2-4ec0-b087-7b2274f795a9 425f30fd9bfa4a59aba8521d612b35de 767207df6ea3494b827025c83e59fe5a - - default default] Unable to schedule network 5de3e8e2-8fef-4dd8-89dd-421a8f230672: no agents available; will retry on subsequent port and subnet creation events.
2026-06-09 18:16:48.894 9 INFO neutron.db.ovn_revision_numbers_db [None req-95420129-8848-4dee-a4ae-911ff3c24f50 - - - - - -] Successfully bumped revision number for resource 465fb6d0-cd59-4bb6-bb86-c7dbd7bdbe62 (type: router_ports) to 3
2026-06-09 18:16:48.980 10 INFO neutron.db.ovn_revision_numbers_db [None req-c8b9579a-6ef2-4ec0-b087-7b2274f795a9 425f30fd9bfa4a59aba8521d612b35de 767207df6ea3494b827025c83e59fe5a - - default default] Successfully bumped revision number for resource 9565738a-1c27-4d04-842c-36eaf6c7400f (type: ports) to 1
2026-06-09 18:16:49.027 10 INFO neutron.wsgi [None req-c8b9579a-6ef2-4ec0-b087-7b2274f795a9 425f30fd9bfa4a59aba8521d612b35de 767207df6ea3494b827025c83e59fe5a - - default default] 10.0.0.231 "POST /v2.0/networks HTTP/1.1" status: 201 len: 942 time: 1.6079094
2026-06-09 18:16:49.076 9 INFO neutron.db.ovn_revision_numbers_db [None req-af150c2d-4510-4d0a-abd0-2122ac932a51 425f30fd9bfa4a59aba8521d612b35de 767207df6ea3494b827025c83e59fe5a - - default default] Successfully bumped revision number for resource a4607d76-10fd-4200-a6d9-c6de463efc3b (type: ports) to 1
2026-06-09 18:16:49.190 9 INFO neutron.db.ovn_revision_numbers_db [None req-95420129-8848-4dee-a4ae-911ff3c24f50 - - - - - -] Successfully bumped revision number for resource 465fb6d0-cd59-4bb6-bb86-c7dbd7bdbe62 (type: ports) to 2
2026-06-09 18:16:49.261 10 INFO neutron.db.ovn_revision_numbers_db [None req-fa6d3ab6-2451-46b8-99f4-9f02a92128d1 - - - - - -] Successfully bumped revision number for resource 40982ead-1049-4f33-ae04-87a728e0e699 (type: ports) to 1
