2026-06-09 18:16:54.754 10 ERROR neutron_lib.callbacks.manager raise RowNotFound(table=table, col=column, match=match)
2026-06-09 18:16:54.754 10 ERROR neutron_lib.callbacks.manager ovsdbapp.backend.ovs_idl.idlutils.RowNotFound: Cannot find Logical_Router_Port with name=lrp-fddf1766-2eff-4ca2-88ca-752eb98832f0
2026-06-09 18:16:54.754 10 ERROR neutron_lib.callbacks.manager 
2026-06-09 18:16:54.791 10 INFO neutron.wsgi [req-b78bf46f-3a0a-4eed-952f-4418461fa31d req-b8bfad96-9dac-48c3-bcba-be4bef21fc7f fdd91e51b4f044558b4762d70b1afeb2 68628d9905a54d24b8e3a7cef0f789bb - - default default] 10.0.0.180 "GET /v2.0/networks?id=50a03bd5-1dec-48eb-a500-2b1f92368d7a HTTP/1.1" status: 200 len: 875 time: 0.0859880
2026-06-09 18:16:54.813 10 INFO neutron.wsgi [req-b78bf46f-3a0a-4eed-952f-4418461fa31d req-fd404105-65b3-49fc-89d2-87a01a0e5349 fdd91e51b4f044558b4762d70b1afeb2 68628d9905a54d24b8e3a7cef0f789bb - - default default] 10.0.0.180 "GET /v2.0/quotas/68628d9905a54d24b8e3a7cef0f789bb HTTP/1.1" status: 200 len: 491 time: 0.0134933
2026-06-09 18:16:55.156 9 INFO neutron.db.ovn_revision_numbers_db [None req-95420129-8848-4dee-a4ae-911ff3c24f50 - - - - - -] Successfully bumped revision number for resource a368b8c3-20b3-45df-97f6-b04360c9649c (type: ports) to 2
2026-06-09 18:16:55.263 9 INFO neutron.wsgi [req-0118bb9e-d3fa-47ee-bde7-1ba2626a47e3 req-dca7df46-dfe8-4364-9e98-6453f8f297e9 8fb180fd6ca94a4480c4f9dd6b3eb0c7 ee20d3b9c9644914859b20603b63a1ae - - default default] 10.0.0.180 "GET /v2.0/ports?device_id=1c3995ec-e48f-4849-a327-1c306909b8d6 HTTP/1.1" status: 200 len: 210 time: 0.0342617
2026-06-09 18:16:55.274 10 INFO neutron.wsgi [req-b78bf46f-3a0a-4eed-952f-4418461fa31d req-0b76148b-264f-4404-9227-d0be51e3cc48 fdd91e51b4f044558b4762d70b1afeb2 68628d9905a54d24b8e3a7cef0f789bb - - default default] 10.0.0.180 "GET /v2.0/ports?tenant_id=68628d9905a54d24b8e3a7cef0f789bb&fields=id HTTP/1.1" status: 200 len: 302 time: 0.4549837
2026-06-09 18:16:55.319 10 INFO neutron.wsgi [req-39a9737a-b0e7-4024-b204-d081216b4984 req-0bc72b34-f9bc-462b-889f-814ca09b6a66 8fb180fd6ca94a4480c4f9dd6b3eb0c7 ee20d3b9c9644914859b20603b63a1ae - - default default] 199.204.45.235 "GET /v2.0/networks?id=b821fcf8-cfbc-4319-85e7-9e91c2ee3a33 HTTP/1.1" status: 200 len: 874 time: 0.3850417
2026-06-09 18:16:55.329 10 INFO neutron.plugins.ml2.drivers.ovn.mech_driver.mech_driver [None req-6530a85a-f2e7-4203-8f07-50e8939a02bd - - - - - -] OVN reports status up for port: fddf1766-2eff-4ca2-88ca-752eb98832f0
2026-06-09 18:16:55.369 10 INFO neutron.plugins.ml2.plugin [None req-6530a85a-f2e7-4203-8f07-50e8939a02bd - - - - - -] Attempt 1 to provision port fddf1766-2eff-4ca2-88ca-752eb98832f0
2026-06-09 18:16:55.388 10 INFO neutron.db.ovn_revision_numbers_db [None req-cbff4407-b5dc-4473-bee3-dd02922efef3 425f30fd9bfa4a59aba8521d612b35de 767207df6ea3494b827025c83e59fe5a - - default default] Successfully bumped revision number for resource fddf1766-2eff-4ca2-88ca-752eb98832f0 (type: ports) to 1
2026-06-09 18:16:55.392 10 INFO neutron.wsgi [req-b78bf46f-3a0a-4eed-952f-4418461fa31d req-f122801a-c64c-4d1e-a036-71250ca2dd67 b6010b07c75146c09d8fc3ee3b0b64ec 1ccd198a5b87496f98e9c72a2a22738a - - 0746ddb4a3ab48e7a1797add0e522397 0746ddb4a3ab48e7a1797add0e522397] 10.0.0.180 "GET /v2.0/networks/50a03bd5-1dec-48eb-a500-2b1f92368d7a?fields=segments HTTP/1.1" status: 200 len: 212 time: 0.1025386
2026-06-09 18:16:55.420 10 INFO neutron.wsgi [req-39a9737a-b0e7-4024-b204-d081216b4984 req-01b60280-15d2-4621-848c-136545d9f871 8fb180fd6ca94a4480c4f9dd6b3eb0c7 ee20d3b9c9644914859b20603b63a1ae - - default default] 199.204.45.235 "GET /v2.0/security-groups?fields=id&fields=name&tenant_id=ee20d3b9c9644914859b20603b63a1ae HTTP/1.1" status: 200 len: 379 time: 0.0908599
2026-06-09 18:16:55.435 10 WARNING neutron_lib.context [req-39a9737a-b0e7-4024-b204-d081216b4984 req-e45d219d-3f62-4bd1-9889-a2aabcfa57d9 8fb180fd6ca94a4480c4f9dd6b3eb0c7 ee20d3b9c9644914859b20603b63a1ae - - default default] Method 'is_advsvc' is deprecated since 2023.2 release (neutron-lib 3.8.0) and will be removed once support for the old RBAC API policies will be removed from Neutron. Please use method 'is_service_role' instead.
2026-06-09 18:16:55.514 10 INFO neutron.wsgi [req-b78bf46f-3a0a-4eed-952f-4418461fa31d req-6c3c5dbf-b9a6-41b7-ae26-85ff87e919cf b6010b07c75146c09d8fc3ee3b0b64ec 1ccd198a5b87496f98e9c72a2a22738a - - 0746ddb4a3ab48e7a1797add0e522397 0746ddb4a3ab48e7a1797add0e522397] 10.0.0.180 "GET /v2.0/networks/50a03bd5-1dec-48eb-a500-2b1f92368d7a?fields=provider%3Aphysical_network&fields=provider%3Anetwork_type HTTP/1.1" status: 200 len: 277 time: 0.1142776
2026-06-09 18:16:55.559 9 INFO neutron.db.ovn_revision_numbers_db [None req-95420129-8848-4dee-a4ae-911ff3c24f50 - - - - - -] Successfully bumped revision number for resource a368b8c3-20b3-45df-97f6-b04360c9649c (type: ports) to 4
2026-06-09 18:16:55.577 10 WARNING neutron.scheduler.dhcp_agent_scheduler [None req-cbff4407-b5dc-4473-bee3-dd02922efef3 425f30fd9bfa4a59aba8521d612b35de 767207df6ea3494b827025c83e59fe5a - - default default] No more DHCP agents
2026-06-09 18:16:55.580 10 WARNING neutron.api.rpc.agentnotifiers.dhcp_rpc_agent_api [None req-cbff4407-b5dc-4473-bee3-dd02922efef3 425f30fd9bfa4a59aba8521d612b35de 767207df6ea3494b827025c83e59fe5a - - default default] Unable to schedule network 5de3e8e2-8fef-4dd8-89dd-421a8f230672: no agents available; will retry on subsequent port and subnet creation events.
2026-06-09 18:16:55.703 9 INFO neutron.wsgi [req-33870001-0ffc-4985-b2dd-088d79c6c710 req-d2af303f-c72e-47ae-a76d-30afd6d8845d fdd91e51b4f044558b4762d70b1afeb2 68628d9905a54d24b8e3a7cef0f789bb - - default default] 10.0.0.180 "GET /v2.0/ports?device_id=849f677f-635b-4a5a-b898-f06825640a13 HTTP/1.1" status: 200 len: 210 time: 0.0324206
2026-06-09 18:16:55.836 9 INFO neutron.db.ovn_revision_numbers_db [None req-95420129-8848-4dee-a4ae-911ff3c24f50 - - - - - -] Successfully bumped revision number for resource a368b8c3-20b3-45df-97f6-b04360c9649c (type: router_ports) to 4
2026-06-09 18:16:56.059 10 WARNING neutron.scheduler.dhcp_agent_scheduler [req-39a9737a-b0e7-4024-b204-d081216b4984 req-e45d219d-3f62-4bd1-9889-a2aabcfa57d9 8fb180fd6ca94a4480c4f9dd6b3eb0c7 ee20d3b9c9644914859b20603b63a1ae - - default default] No more DHCP agents
2026-06-09 18:16:56.064 10 WARNING neutron.api.rpc.agentnotifiers.dhcp_rpc_agent_api [req-39a9737a-b0e7-4024-b204-d081216b4984 req-e45d219d-3f62-4bd1-9889-a2aabcfa57d9 8fb180fd6ca94a4480c4f9dd6b3eb0c7 ee20d3b9c9644914859b20603b63a1ae - - default default] Unable to schedule network b821fcf8-cfbc-4319-85e7-9e91c2ee3a33: no agents available; will retry on subsequent port and subnet creation events.
2026-06-09 18:16:56.230 10 INFO neutron.db.ovn_revision_numbers_db [None req-6530a85a-f2e7-4203-8f07-50e8939a02bd - - - - - -] Successfully bumped revision number for resource fddf1766-2eff-4ca2-88ca-752eb98832f0 (type: ports) to 2
2026-06-09 18:16:56.286 9 WARNING neutron.plugins.ml2.drivers.ovn.mech_driver.ovsdb.ovn_client [None req-cb48ca33-fb75-4d63-b67f-a484b467142a - - - - - -] No hosting information found for port a4607d76-10fd-4200-a6d9-c6de463efc3b: RuntimeError: No hosting information found for port a4607d76-10fd-4200-a6d9-c6de463efc3b
2026-06-09 18:16:56.287 9 INFO neutron.plugins.ml2.drivers.ovn.mech_driver.mech_driver [None req-cb48ca33-fb75-4d63-b67f-a484b467142a - - - - - -] OVN reports status up for port: 969d30ef-a6d5-42a9-a7f1-cbc04835ac5d
2026-06-09 18:16:56.296 9 INFO neutron.plugins.ml2.plugin [None req-cb48ca33-fb75-4d63-b67f-a484b467142a - - - - - -] Attempt 1 to provision port 969d30ef-a6d5-42a9-a7f1-cbc04835ac5d /var/lib/openstack/lib/python3.10/site-packages/pycadf/identifier.py:71: UserWarning: Invalid uuid: neutron. To ensure interoperability, identifiers should be a valid uuid. warnings.warn(('Invalid uuid: %s. To ensure interoperability, '
2026-06-09 18:16:56.640 10 INFO neutron.wsgi [req-1e6599d0-3a93-49f2-ab06-f5c87442988e req-f98022fc-6c52-4008-ad2b-4c33962c97b4 8fb180fd6ca94a4480c4f9dd6b3eb0c7 ee20d3b9c9644914859b20603b63a1ae - - default default] 10.0.0.180 "GET /v2.0/ports?device_id=1c3995ec-e48f-4849-a327-1c306909b8d6 HTTP/1.1" status: 200 len: 1156 time: 0.3149819
2026-06-09 18:16:56.707 10 ERROR ovsdbapp.backend.ovs_idl.command [None req-6530a85a-f2e7-4203-8f07-50e8939a02bd - - - - - -] Error executing command (DbGetCommand): ovsdbapp.backend.ovs_idl.idlutils.RowNotFound: Cannot find Logical_Router_Port with name=lrp-fddf1766-2eff-4ca2-88ca-752eb98832f0
2026-06-09 18:16:56.707 10 ERROR ovsdbapp.backend.ovs_idl.command
Traceback (most recent call last):
2026-06-09 18:16:56.707 10 ERROR ovsdbapp.backend.ovs_idl.command
File "/var/lib/openstack/lib/python3.10/site-packages/ovsdbapp/backend/ovs_idl/command.py", line 47, in execute
2026-06-09 18:16:56.707 10 ERROR ovsdbapp.backend.ovs_idl.command self.run_idl(None)
2026-06-09 18:16:56.707 10 ERROR ovsdbapp.backend.ovs_idl.command
File "/var/lib/openstack/lib/python3.10/site-packages/ovsdbapp/backend/ovs_idl/command.py", line 235, in run_idl
2026-06-09 18:16:56.707 10 ERROR ovsdbapp.backend.ovs_idl.command record = self.api.lookup(self.table, self.record)
2026-06-09 18:16:56.707 10 ERROR ovsdbapp.backend.ovs_idl.command
File "/var/lib/openstack/lib/python3.10/site-packages/ovsdbapp/backend/ovs_idl/__init__.py", line 184, in lookup
2026-06-09 18:16:56.707 10 ERROR ovsdbapp.backend.ovs_idl.command return self._lookup(table, record)
2026-06-09 18:16:56.707 10 ERROR ovsdbapp.backend.ovs_idl.command
File "/var/lib/openstack/lib/python3.10/site-packages/ovsdbapp/backend/ovs_idl/__init__.py", line 235, in _lookup
2026-06-09 18:16:56.707 10 ERROR ovsdbapp.backend.ovs_idl.command row = idlutils.row_by_value(self, rl.table, rl.column, record)
2026-06-09 18:16:56.707 10 ERROR ovsdbapp.backend.ovs_idl.command
File "/var/lib/openstack/lib/python3.10/site-packages/ovsdbapp/backend/ovs_idl/idlutils.py", line 114, in row_by_value
2026-06-09 18:16:56.707 10 ERROR ovsdbapp.backend.ovs_idl.command raise RowNotFound(table=table, col=column, match=match)
2026-06-09 18:16:56.707 10 ERROR ovsdbapp.backend.ovs_idl.command ovsdbapp.backend.ovs_idl.idlutils.RowNotFound: Cannot find Logical_Router_Port with name=lrp-fddf1766-2eff-4ca2-88ca-752eb98832f0
2026-06-09 18:16:56.707 10 ERROR ovsdbapp.backend.ovs_idl.command 
2026-06-09 18:16:56.708 10 ERROR neutron_lib.callbacks.manager [None req-6530a85a-f2e7-4203-8f07-50e8939a02bd - - - - - -] Error during notification for neutron.services.ovn_l3.plugin.OVNL3RouterPlugin._port_update-8739959395046 port, after_update: ovsdbapp.backend.ovs_idl.idlutils.RowNotFound: Cannot find Logical_Router_Port with name=lrp-fddf1766-2eff-4ca2-88ca-752eb98832f0
2026-06-09 18:16:56.708 10 ERROR neutron_lib.callbacks.manager
Traceback (most recent call last):
2026-06-09 18:16:56.708 10 ERROR neutron_lib.callbacks.manager
File "/var/lib/openstack/lib/python3.10/site-packages/neutron_lib/callbacks/manager.py", line 189, in _notify_loop
2026-06-09 18:16:56.708 10 ERROR neutron_lib.callbacks.manager callback.method(resource, event, trigger, payload=payload)
2026-06-09 18:16:56.708 10 ERROR neutron_lib.callbacks.manager
File "/var/lib/openstack/lib/python3.10/site-packages/neutron/services/ovn_l3/plugin.py", line 391, in _port_update
2026-06-09 18:16:56.708 10 ERROR neutron_lib.callbacks.manager l3plugin._ovn_client.update_router_port(context,
2026-06-09 18:16:56.708 10 ERROR neutron_lib.callbacks.manager
File "/var/lib/openstack/lib/python3.10/site-packages/neutron/plugins/ml2/drivers/ovn/mech_driver/ovsdb/ovn_client.py", line 1878, in update_router_port
2026-06-09 18:16:56.708 10 ERROR neutron_lib.callbacks.manager self._update_lrouter_port(context, port, if_exists=if_exists,
2026-06-09 18:16:56.708 10 ERROR neutron_lib.callbacks.manager
File "/var/lib/openstack/lib/python3.10/site-packages/neutron/plugins/ml2/drivers/ovn/mech_driver/ovsdb/ovn_client.py", line 1855, in _update_lrouter_port
2026-06-09 18:16:56.708 10 ERROR neutron_lib.callbacks.manager external_ids = self._nb_idl.db_get(
2026-06-09 18:16:56.708 10 ERROR neutron_lib.callbacks.manager
File "/var/lib/openstack/lib/python3.10/site-packages/ovsdbapp/backend/ovs_idl/command.py", line 47, in execute
2026-06-09 18:16:56.708 10 ERROR neutron_lib.callbacks.manager self.run_idl(None)
2026-06-09 18:16:56.708 10 ERROR neutron_lib.callbacks.manager
File "/var/lib/openstack/lib/python3.10/site-packages/ovsdbapp/backend/ovs_idl/command.py", line 235, in run_idl
2026-06-09 18:16:56.708 10 ERROR neutron_lib.callbacks.manager record = self.api.lookup(self.table, self.record)
2026-06-09 18:16:56.708 10 ERROR neutron_lib.callbacks.manager
File "/var/lib/openstack/lib/python3.10/site-packages/ovsdbapp/backend/ovs_idl/__init__.py", line 184, in lookup
2026-06-09 18:16:56.708 10 ERROR neutron_lib.callbacks.manager return self._lookup(table, record)
2026-06-09 18:16:56.708 10 ERROR neutron_lib.callbacks.manager
File "/var/lib/openstack/lib/python3.10/site-packages/ovsdbapp/backend/ovs_idl/__init__.py", line 235, in _lookup
2026-06-09 18:16:56.708 10 ERROR neutron_lib.callbacks.manager row = idlutils.row_by_value(self, rl.table, rl.column, record)
2026-06-09 18:16:56.708 10 ERROR neutron_lib.callbacks.manager
File "/var/lib/openstack/lib/python3.10/site-packages/ovsdbapp/backend/ovs_idl/idlutils.py", line 114, in row_by_value
2026-06-09 18:16:56.708 10 ERROR neutron_lib.callbacks.manager raise RowNotFound(table=table, col=column, match=match)
2026-06-09 18:16:56.708 10 ERROR neutron_lib.callbacks.manager ovsdbapp.backend.ovs_idl.idlutils.RowNotFound: Cannot find Logical_Router_Port with name=lrp-fddf1766-2eff-4ca2-88ca-752eb98832f0
2026-06-09 18:16:56.708 10 ERROR neutron_lib.callbacks.manager 
2026-06-09 18:16:56.742 10 INFO neutron.wsgi [req-b78bf46f-3a0a-4eed-952f-4418461fa31d req-cebc16d4-2d9f-4fc9-a135-a94c4055a586 fdd91e51b4f044558b4762d70b1afeb2 68628d9905a54d24b8e3a7cef0f789bb - - default default] 199.204.45.235 "GET /v2.0/networks?id=50a03bd5-1dec-48eb-a500-2b1f92368d7a HTTP/1.1" status: 200 len: 875 time: 0.1718259
2026-06-09 18:16:56.759 9 INFO neutron.db.ovn_revision_numbers_db [None req-cb48ca33-fb75-4d63-b67f-a484b467142a - - - - - -] Successfully bumped revision number for resource 969d30ef-a6d5-42a9-a7f1-cbc04835ac5d (type: ports) to 2
2026-06-09 18:16:56.767 10 INFO neutron.db.ovn_revision_numbers_db [req-39a9737a-b0e7-4024-b204-d081216b4984 req-e45d219d-3f62-4bd1-9889-a2aabcfa57d9 8fb180fd6ca94a4480c4f9dd6b3eb0c7 ee20d3b9c9644914859b20603b63a1ae - - default default] Successfully bumped revision number for resource da385881-34ff-4679-a395-19bd5c779671 (type: ports) to 1
2026-06-09 18:16:56.773 10 INFO neutron.wsgi [req-1e6599d0-3a93-49f2-ab06-f5c87442988e req-0bbf6c0a-f333-492a-911b-0a492b236bcd 8fb180fd6ca94a4480c4f9dd6b3eb0c7 ee20d3b9c9644914859b20603b63a1ae - - default default] 10.0.0.180 "GET /v2.0/security-groups?id=b872f34a-62d4-42e6-919c-a584f961e61f&fields=id&fields=name HTTP/1.1" status: 200 len: 312 time: 0.1215854
2026-06-09 18:16:56.799 9 INFO neutron.wsgi [req-e7aa2e44-7024-4b31-9bda-60c15cab91f8 req-b6b51179-bacd-49df-abb5-cd1727448dca fdd91e51b4f044558b4762d70b1afeb2 68628d9905a54d24b8e3a7cef0f789bb - - default default] 10.0.0.180 "GET /v2.0/ports?device_id=849f677f-635b-4a5a-b898-f06825640a13 HTTP/1.1" status: 200 len: 210 time: 0.0358801
2026-06-09 18:16:56.837 10 INFO neutron.wsgi [req-39a9737a-b0e7-4024-b204-d081216b4984 req-e45d219d-3f62-4bd1-9889-a2aabcfa57d9 8fb180fd6ca94a4480c4f9dd6b3eb0c7 ee20d3b9c9644914859b20603b63a1ae - - default default] 199.204.45.235 "POST /v2.0/ports HTTP/1.1" status: 201 len: 1158 time: 1.4084978
2026-06-09 18:16:56.888 10 INFO neutron.wsgi [req-b78bf46f-3a0a-4eed-952f-4418461fa31d req-b8d12a08-216b-4bbe-af03-51fb0da2fe54 fdd91e51b4f044558b4762d70b1afeb2 68628d9905a54d24b8e3a7cef0f789bb - - default default] 199.204.45.235 "GET /v2.0/security-groups?fields=id&fields=name&tenant_id=68628d9905a54d24b8e3a7cef0f789bb HTTP/1.1" status: 200 len: 380 time: 0.1360414
2026-06-09 18:16:56.909 10 WARNING neutron_lib.context [req-b78bf46f-3a0a-4eed-952f-4418461fa31d req-a55ce2a0-1088-4b4b-b1f9-c7c461196b92 fdd91e51b4f044558b4762d70b1afeb2 68628d9905a54d24b8e3a7cef0f789bb - - default default] Method 'is_advsvc' is deprecated since 2023.2 release (neutron-lib 3.8.0) and will be removed once support for the old RBAC API policies will be removed from Neutron. Please use method 'is_service_role' instead.
2026-06-09 18:16:56.919 9 INFO neutron.db.ovn_revision_numbers_db [None req-cb48ca33-fb75-4d63-b67f-a484b467142a - - - - - -] Successfully bumped revision number for resource 969d30ef-a6d5-42a9-a7f1-cbc04835ac5d (type: router_ports) to 2
2026-06-09 18:16:57.212 10 INFO neutron.db.ovn_revision_numbers_db [None req-cbff4407-b5dc-4473-bee3-dd02922efef3 425f30fd9bfa4a59aba8521d612b35de 767207df6ea3494b827025c83e59fe5a - - default default] Successfully bumped revision number for resource fddf1766-2eff-4ca2-88ca-752eb98832f0 (type: router_ports) to 1
2026-06-09 18:16:57.219 10 INFO neutron.wsgi [None req-cbff4407-b5dc-4473-bee3-dd02922efef3 425f30fd9bfa4a59aba8521d612b35de 767207df6ea3494b827025c83e59fe5a - - default default] 10.0.0.231 "PUT /v2.0/routers/c36e555a-24fd-45e7-ac2d-c222054583c4/add_router_interface HTTP/1.1" status: 200 len: 503 time: 3.7808111
2026-06-09 18:16:57.422 10 WARNING neutron.scheduler.dhcp_agent_scheduler [req-b78bf46f-3a0a-4eed-952f-4418461fa31d req-a55ce2a0-1088-4b4b-b1f9-c7c461196b92 fdd91e51b4f044558b4762d70b1afeb2 68628d9905a54d24b8e3a7cef0f789bb - - default default] No more DHCP agents
2026-06-09 18:16:57.429 10 WARNING neutron.api.rpc.agentnotifiers.dhcp_rpc_agent_api [req-b78bf46f-3a0a-4eed-952f-4418461fa31d req-a55ce2a0-1088-4b4b-b1f9-c7c461196b92 fdd91e51b4f044558b4762d70b1afeb2 68628d9905a54d24b8e3a7cef0f789bb - - default default] Unable to schedule network 50a03bd5-1dec-48eb-a500-2b1f92368d7a: no agents available; will retry on subsequent port and subnet creation events.
2026-06-09 18:16:57.483 10 INFO neutron.db.ovn_revision_numbers_db [req-39a9737a-b0e7-4024-b204-d081216b4984 req-282346fd-5a18-4c3a-9dc3-096f7b777cee b6010b07c75146c09d8fc3ee3b0b64ec 1ccd198a5b87496f98e9c72a2a22738a - - 0746ddb4a3ab48e7a1797add0e522397 0746ddb4a3ab48e7a1797add0e522397] Successfully bumped revision number for resource da385881-34ff-4679-a395-19bd5c779671 (type: ports) to 2
2026-06-09 18:16:57.611 10 INFO neutron.db.ovn_revision_numbers_db [req-b78bf46f-3a0a-4eed-952f-4418461fa31d req-a55ce2a0-1088-4b4b-b1f9-c7c461196b92 fdd91e51b4f044558b4762d70b1afeb2 68628d9905a54d24b8e3a7cef0f789bb - - default default] Successfully bumped revision number for resource 427e8186-cf72-47b8-b93e-0e7e18e66a6e (type: ports) to 1
2026-06-09 18:16:57.662 10 INFO neutron.wsgi [req-b78bf46f-3a0a-4eed-952f-4418461fa31d req-a55ce2a0-1088-4b4b-b1f9-c7c461196b92 fdd91e51b4f044558b4762d70b1afeb2 68628d9905a54d24b8e3a7cef0f789bb - - default default] 199.204.45.235 "POST /v2.0/ports HTTP/1.1" status: 201 len: 1162 time: 0.7642684
2026-06-09 18:16:57.663 9 INFO neutron.db.ovn_revision_numbers_db [None req-b3f2d13c-8bf8-4c90-84c8-d7c7e4de94e2 425f30fd9bfa4a59aba8521d612b35de 767207df6ea3494b827025c83e59fe5a - - default default] Successfully bumped revision number for resource c159dabf-934a-4909-83a5-bf9312a8bedf (type: security_groups) to 1 /var/lib/openstack/lib/python3.10/site-packages/pycadf/identifier.py:71: UserWarning: Invalid uuid: neutron. To ensure interoperability, identifiers should be a valid uuid. warnings.warn(('Invalid uuid: %s. To ensure interoperability, '
2026-06-09 18:16:57.681 9 INFO neutron.db.ovn_revision_numbers_db [None req-b3f2d13c-8bf8-4c90-84c8-d7c7e4de94e2 425f30fd9bfa4a59aba8521d612b35de 767207df6ea3494b827025c83e59fe5a - - default default] Successfully bumped revision number for resource 1041b31c-d278-4b6b-a866-1a48d6af2ebc (type: security_group_rules) to 0
2026-06-09 18:16:57.694 9 INFO neutron.db.ovn_revision_numbers_db [None req-b3f2d13c-8bf8-4c90-84c8-d7c7e4de94e2 425f30fd9bfa4a59aba8521d612b35de 767207df6ea3494b827025c83e59fe5a - - default default] Successfully bumped revision number for resource 73cceff7-1f4e-4532-bb2b-e386fe5478f5 (type: security_group_rules) to 0
2026-06-09 18:16:57.708 9 INFO neutron.db.ovn_revision_numbers_db [None req-b3f2d13c-8bf8-4c90-84c8-d7c7e4de94e2 425f30fd9bfa4a59aba8521d612b35de 767207df6ea3494b827025c83e59fe5a - - default default] Successfully bumped revision number for resource b133d923-874a-4b6d-be07-0b73effde376 (type: security_group_rules) to 0
2026-06-09 18:16:57.723 9 INFO neutron.db.ovn_revision_numbers_db [None req-b3f2d13c-8bf8-4c90-84c8-d7c7e4de94e2 425f30fd9bfa4a59aba8521d612b35de 767207df6ea3494b827025c83e59fe5a - - default default] Successfully bumped revision number for resource e216e8e2-c0ae-405e-88a1-9ebc4dda3fac (type: security_group_rules) to 0
2026-06-09 18:16:57.732 10 INFO neutron.db.ovn_revision_numbers_db [req-39a9737a-b0e7-4024-b204-d081216b4984 req-282346fd-5a18-4c3a-9dc3-096f7b777cee b6010b07c75146c09d8fc3ee3b0b64ec 1ccd198a5b87496f98e9c72a2a22738a - - 0746ddb4a3ab48e7a1797add0e522397 0746ddb4a3ab48e7a1797add0e522397] Successfully bumped revision number for resource da385881-34ff-4679-a395-19bd5c779671 (type: ports) to 2
2026-06-09 18:16:57.744 9 INFO neutron.wsgi [None req-b3f2d13c-8bf8-4c90-84c8-d7c7e4de94e2 425f30fd9bfa4a59aba8521d612b35de 767207df6ea3494b827025c83e59fe5a - - default default] 10.0.0.231 "GET /v2.0/security-groups?tenant_id=cc9bf0c250cc46dcb3c713356666de24&name=default HTTP/1.1" status: 200 len: 3120 time: 0.4009960
2026-06-09 18:16:57.754 10 INFO neutron.wsgi [req-39a9737a-b0e7-4024-b204-d081216b4984 req-282346fd-5a18-4c3a-9dc3-096f7b777cee b6010b07c75146c09d8fc3ee3b0b64ec 1ccd198a5b87496f98e9c72a2a22738a - - 0746ddb4a3ab48e7a1797add0e522397 0746ddb4a3ab48e7a1797add0e522397] 199.204.45.235 "PUT /v2.0/ports/da385881-34ff-4679-a395-19bd5c779671 HTTP/1.1" status: 200 len: 1376 time: 0.9031849
2026-06-09 18:16:57.801 10 INFO neutron.notifiers.nova [-] Nova event matching ['req-902f405f-c4e6-47de-b218-79b12a5c8075'] response: {'name': 'network-changed', 'server_uuid': '1c3995ec-e48f-4849-a327-1c306909b8d6', 'tag': 'da385881-34ff-4679-a395-19bd5c779671', 'status': 'completed', 'code': 200}
2026-06-09 18:16:57.857 10 INFO neutron.wsgi [req-39a9737a-b0e7-4024-b204-d081216b4984 req-63e85357-6afe-4174-a1c4-3dc366eee3d4 b6010b07c75146c09d8fc3ee3b0b64ec 1ccd198a5b87496f98e9c72a2a22738a - - 0746ddb4a3ab48e7a1797add0e522397 0746ddb4a3ab48e7a1797add0e522397] 199.204.45.235 "GET /v2.0/ports?tenant_id=ee20d3b9c9644914859b20603b63a1ae&device_id=1c3995ec-e48f-4849-a327-1c306909b8d6 HTTP/1.1" status: 200 len: 1407 time: 0.0581532
2026-06-09 18:16:57.903 10 INFO neutron.wsgi [req-39a9737a-b0e7-4024-b204-d081216b4984 req-fc82b201-0d6d-4817-bae0-efa4dee2cc11 b6010b07c75146c09d8fc3ee3b0b64ec 1ccd198a5b87496f98e9c72a2a22738a - - 0746ddb4a3ab48e7a1797add0e522397 0746ddb4a3ab48e7a1797add0e522397] 199.204.45.235 "GET /v2.0/floatingips?fixed_ip_address=10.100.0.8&port_id=da385881-34ff-4679-a395-19bd5c779671 HTTP/1.1" status: 200 len: 217 time: 0.0357909
2026-06-09 18:16:57.953 9 INFO neutron.wsgi [req-316d7fc6-5703-47d6-8e31-4f805f3832fa req-abb3956e-9a76-4415-a3d1-f1320ac20fb3 8fb180fd6ca94a4480c4f9dd6b3eb0c7 ee20d3b9c9644914859b20603b63a1ae - - default default] 10.0.0.180 "GET /v2.0/ports?device_id=1c3995ec-e48f-4849-a327-1c306909b8d6 HTTP/1.1" status: 200 len: 1168 time: 0.1093726
2026-06-09 18:16:57.955 10 INFO neutron.wsgi [req-72612702-5737-4f7f-ad1c-bdc54c9b41a4 req-a1a9123f-1621-408e-8e61-b56dccca3c7d fdd91e51b4f044558b4762d70b1afeb2 68628d9905a54d24b8e3a7cef0f789bb - - default default] 10.0.0.180 "GET /v2.0/ports?device_id=849f677f-635b-4a5a-b898-f06825640a13 HTTP/1.1" status: 200 len: 1160 time: 0.0801451
2026-06-09 18:16:57.981 10 INFO neutron.wsgi [req-39a9737a-b0e7-4024-b204-d081216b4984 req-2d368169-2a5f-4be6-8798-ac7f2c6d4d1e b6010b07c75146c09d8fc3ee3b0b64ec 1ccd198a5b87496f98e9c72a2a22738a - - 0746ddb4a3ab48e7a1797add0e522397 0746ddb4a3ab48e7a1797add0e522397] 199.204.45.235 "GET /v2.0/subnets?id=9afb82fe-d1c7-4a89-94f3-83298dafc910 HTTP/1.1" status: 200 len: 868 time: 0.0686033
2026-06-09 18:16:58.011 9 INFO neutron.wsgi [req-316d7fc6-5703-47d6-8e31-4f805f3832fa req-0ed71828-1b14-4fab-a5e7-5706db4d11bd 8fb180fd6ca94a4480c4f9dd6b3eb0c7 ee20d3b9c9644914859b20603b63a1ae - - default default] 10.0.0.180 "GET /v2.0/security-groups?id=b872f34a-62d4-42e6-919c-a584f961e61f&fields=id&fields=name HTTP/1.1" status: 200 len: 312 time: 0.0489259
2026-06-09 18:16:58.024 10 INFO neutron.wsgi [req-39a9737a-b0e7-4024-b204-d081216b4984 req-0c4e9ff8-cefb-43b7-98de-28fbc82a1a6c b6010b07c75146c09d8fc3ee3b0b64ec 1ccd198a5b87496f98e9c72a2a22738a - - 0746ddb4a3ab48e7a1797add0e522397 0746ddb4a3ab48e7a1797add0e522397] 199.204.45.235 "GET /v2.0/ports?network_id=b821fcf8-cfbc-4319-85e7-9e91c2ee3a33&device_owner=network%3Adhcp HTTP/1.1" status: 200 len: 210 time: 0.0316627
2026-06-09 18:16:58.026 9 INFO neutron.wsgi [None req-a7facce1-dbcc-4991-9fec-8e2148340e9c 425f30fd9bfa4a59aba8521d612b35de 767207df6ea3494b827025c83e59fe5a - - default default] 10.0.0.231 "DELETE /v2.0/security-groups/c159dabf-934a-4909-83a5-bf9312a8bedf HTTP/1.1" status: 204 len: 168 time: 0.2751715
2026-06-09 18:16:58.042 10 INFO neutron.wsgi [req-72612702-5737-4f7f-ad1c-bdc54c9b41a4 req-8b4a2746-e3b3-452c-864d-68e561a986f8 fdd91e51b4f044558b4762d70b1afeb2 68628d9905a54d24b8e3a7cef0f789bb - - default default] 10.0.0.180 "GET /v2.0/security-groups?id=fc65d6c3-57ec-469c-bf0a-ae4c9184c521&fields=id&fields=name HTTP/1.1" status: 200 len: 313 time: 0.0736394
2026-06-09 18:16:58.129 10 INFO neutron.wsgi [req-39a9737a-b0e7-4024-b204-d081216b4984 req-e6b31efb-4a3a-446d-a97c-12eecf3b3f09 b6010b07c75146c09d8fc3ee3b0b64ec 1ccd198a5b87496f98e9c72a2a22738a - - 0746ddb4a3ab48e7a1797add0e522397 0746ddb4a3ab48e7a1797add0e522397] 199.204.45.235 "GET /v2.0/networks/b821fcf8-cfbc-4319-85e7-9e91c2ee3a33?fields=segments HTTP/1.1" status: 200 len: 212 time: 0.0968156 /var/lib/openstack/lib/python3.10/site-packages/pycadf/identifier.py:71: UserWarning: Invalid uuid: neutron. To ensure interoperability, identifiers should be a valid uuid. warnings.warn(('Invalid uuid: %s. To ensure interoperability, '
2026-06-09 18:16:58.224 10 INFO neutron.wsgi [req-39a9737a-b0e7-4024-b204-d081216b4984 req-5f317c20-c85a-418f-bd16-a3d4b96cd5fb b6010b07c75146c09d8fc3ee3b0b64ec 1ccd198a5b87496f98e9c72a2a22738a - - 0746ddb4a3ab48e7a1797add0e522397 0746ddb4a3ab48e7a1797add0e522397] 199.204.45.235 "GET /v2.0/networks/b821fcf8-cfbc-4319-85e7-9e91c2ee3a33?fields=provider%3Aphysical_network&fields=provider%3Anetwork_type HTTP/1.1" status: 200 len: 277 time: 0.0853710
2026-06-09 18:16:58.289 9 INFO neutron.db.ovn_revision_numbers_db [None req-ead032db-139c-424f-be43-6fd0fb30c52c 425f30fd9bfa4a59aba8521d612b35de 767207df6ea3494b827025c83e59fe5a - - default default] Successfully bumped revision number for resource 7e3a2c80-bb2c-4e98-8077-80dc1d08fc7b (type: security_groups) to 1
2026-06-09 18:16:58.305 9 INFO neutron.db.ovn_revision_numbers_db [None req-ead032db-139c-424f-be43-6fd0fb30c52c 425f30fd9bfa4a59aba8521d612b35de 767207df6ea3494b827025c83e59fe5a - - default default] Successfully bumped revision number for resource 6ed9f108-4bb4-4475-bb01-36ef2ff3a71f (type: security_group_rules) to 0
2026-06-09 18:16:58.315 10 INFO neutron.wsgi [req-69e36f8a-384b-47b6-94fa-c3aa2ee15b0d req-d160d4e2-4fac-4060-8b3c-704e4d7adf0a b6010b07c75146c09d8fc3ee3b0b64ec 1ccd198a5b87496f98e9c72a2a22738a - - 0746ddb4a3ab48e7a1797add0e522397 0746ddb4a3ab48e7a1797add0e522397] 199.204.45.235 "GET /v2.0/ports?tenant_id=ee20d3b9c9644914859b20603b63a1ae&device_id=1c3995ec-e48f-4849-a327-1c306909b8d6 HTTP/1.1" status: 200 len: 1407 time: 0.0483260
2026-06-09 18:16:58.321 9 INFO neutron.db.ovn_revision_numbers_db [None req-ead032db-139c-424f-be43-6fd0fb30c52c 425f30fd9bfa4a59aba8521d612b35de 767207df6ea3494b827025c83e59fe5a - - default default] Successfully bumped revision number for resource 8e4a3f1e-17f0-400a-b333-cf21d5a82607 (type: security_group_rules) to 0
2026-06-09 18:16:58.339 9 INFO neutron.db.ovn_revision_numbers_db [None req-ead032db-139c-424f-be43-6fd0fb30c52c 425f30fd9bfa4a59aba8521d612b35de 767207df6ea3494b827025c83e59fe5a - - default default] Successfully bumped revision number for resource b158bb2f-9315-4134-bbc7-ed0d8e666706 (type: security_group_rules) to 0
2026-06-09 18:16:58.354 10 INFO neutron.db.ovn_revision_numbers_db [req-b78bf46f-3a0a-4eed-952f-4418461fa31d req-6b8eab73-ad2b-4ee2-9013-37addfb93b6f b6010b07c75146c09d8fc3ee3b0b64ec 1ccd198a5b87496f98e9c72a2a22738a - - 0746ddb4a3ab48e7a1797add0e522397 0746ddb4a3ab48e7a1797add0e522397] Successfully bumped revision number for resource 427e8186-cf72-47b8-b93e-0e7e18e66a6e (type: ports) to 2
2026-06-09 18:16:58.354 9 INFO neutron.db.ovn_revision_numbers_db [None req-ead032db-139c-424f-be43-6fd0fb30c52c 425f30fd9bfa4a59aba8521d612b35de 767207df6ea3494b827025c83e59fe5a - - default default] Successfully bumped revision number for resource c8c23f3f-8afc-4792-81a1-acb1cc7f3dae (type: security_group_rules) to 0
2026-06-09 18:16:58.387 9 INFO neutron.wsgi [None req-ead032db-139c-424f-be43-6fd0fb30c52c 425f30fd9bfa4a59aba8521d612b35de 767207df6ea3494b827025c83e59fe5a - - default default] 10.0.0.231 "GET /v2.0/security-groups?tenant_id=62990e92c42242d085958c6ff3e02b5e&name=default HTTP/1.1" status: 200 len: 3120 time: 0.2375045
2026-06-09 18:16:58.395 10 INFO neutron.wsgi [req-69e36f8a-384b-47b6-94fa-c3aa2ee15b0d req-d2b45233-8452-4f50-a33d-fcc5d8298444 b6010b07c75146c09d8fc3ee3b0b64ec 1ccd198a5b87496f98e9c72a2a22738a - - 0746ddb4a3ab48e7a1797add0e522397 0746ddb4a3ab48e7a1797add0e522397] 199.204.45.235 "GET /v2.0/networks?id=b821fcf8-cfbc-4319-85e7-9e91c2ee3a33 HTTP/1.1" status: 200 len: 973 time: 0.0694325
2026-06-09 18:16:58.438 10 INFO neutron.wsgi [req-69e36f8a-384b-47b6-94fa-c3aa2ee15b0d req-3224a480-9664-41f6-a5ae-d4c6c5d59de6 b6010b07c75146c09d8fc3ee3b0b64ec 1ccd198a5b87496f98e9c72a2a22738a - - 0746ddb4a3ab48e7a1797add0e522397 0746ddb4a3ab48e7a1797add0e522397] 199.204.45.235 "GET /v2.0/floatingips?fixed_ip_address=10.100.0.8&port_id=da385881-34ff-4679-a395-19bd5c779671 HTTP/1.1" status: 200 len: 217 time: 0.0351903
2026-06-09 18:16:58.494 10 INFO neutron.wsgi [req-69e36f8a-384b-47b6-94fa-c3aa2ee15b0d req-50d51f6d-d6a9-4c64-a5c4-7f2f439ac283 b6010b07c75146c09d8fc3ee3b0b64ec 1ccd198a5b87496f98e9c72a2a22738a - - 0746ddb4a3ab48e7a1797add0e522397 0746ddb4a3ab48e7a1797add0e522397] 199.204.45.235 "GET /v2.0/subnets?id=9afb82fe-d1c7-4a89-94f3-83298dafc910 HTTP/1.1" status: 200 len: 868 time: 0.0509400
2026-06-09 18:16:58.554 10 INFO neutron.wsgi [req-69e36f8a-384b-47b6-94fa-c3aa2ee15b0d req-0a8e1fbd-0d2c-4631-8658-7e626a2e7ae3 b6010b07c75146c09d8fc3ee3b0b64ec 1ccd198a5b87496f98e9c72a2a22738a - - 0746ddb4a3ab48e7a1797add0e522397 0746ddb4a3ab48e7a1797add0e522397] 199.204.45.235 "GET /v2.0/ports?network_id=b821fcf8-cfbc-4319-85e7-9e91c2ee3a33&device_owner=network%3Adhcp HTTP/1.1" status: 200 len: 210 time: 0.0554919
2026-06-09 18:16:58.900 10 INFO neutron.wsgi [req-69e36f8a-384b-47b6-94fa-c3aa2ee15b0d req-85464fbc-2919-460c-8613-a72cdbd566bd b6010b07c75146c09d8fc3ee3b0b64ec 1ccd198a5b87496f98e9c72a2a22738a - - 0746ddb4a3ab48e7a1797add0e522397 0746ddb4a3ab48e7a1797add0e522397] 199.204.45.235 "GET /v2.0/networks/b821fcf8-cfbc-4319-85e7-9e91c2ee3a33?fields=segments HTTP/1.1" status: 200 len: 212 time: 0.3383117 /var/lib/openstack/lib/python3.10/site-packages/pycadf/identifier.py:71: UserWarning: Invalid uuid: neutron. To ensure interoperability, identifiers should be a valid uuid. warnings.warn(('Invalid uuid: %s. To ensure interoperability, '
2026-06-09 18:16:58.969 10 INFO neutron.db.ovn_revision_numbers_db [req-b78bf46f-3a0a-4eed-952f-4418461fa31d req-6b8eab73-ad2b-4ee2-9013-37addfb93b6f b6010b07c75146c09d8fc3ee3b0b64ec 1ccd198a5b87496f98e9c72a2a22738a - - 0746ddb4a3ab48e7a1797add0e522397 0746ddb4a3ab48e7a1797add0e522397] Successfully bumped revision number for resource 427e8186-cf72-47b8-b93e-0e7e18e66a6e (type: ports) to 2
2026-06-09 18:16:58.990 10 INFO neutron.wsgi [req-69e36f8a-384b-47b6-94fa-c3aa2ee15b0d req-d0ff2fc2-b3b2-46e7-8706-b4fe838a5e27 b6010b07c75146c09d8fc3ee3b0b64ec 1ccd198a5b87496f98e9c72a2a22738a - - 0746ddb4a3ab48e7a1797add0e522397 0746ddb4a3ab48e7a1797add0e522397] 199.204.45.235 "GET /v2.0/networks/b821fcf8-cfbc-4319-85e7-9e91c2ee3a33?fields=provider%3Aphysical_network&fields=provider%3Anetwork_type HTTP/1.1" status: 200 len: 277 time: 0.0822201
2026-06-09 18:16:59.000 10 INFO neutron.wsgi [req-b78bf46f-3a0a-4eed-952f-4418461fa31d req-6b8eab73-ad2b-4ee2-9013-37addfb93b6f b6010b07c75146c09d8fc3ee3b0b64ec 1ccd198a5b87496f98e9c72a2a22738a - - 0746ddb4a3ab48e7a1797add0e522397 0746ddb4a3ab48e7a1797add0e522397] 199.204.45.235 "PUT /v2.0/ports/427e8186-cf72-47b8-b93e-0e7e18e66a6e HTTP/1.1" status: 200 len: 1380 time: 1.3328662
2026-06-09 18:16:59.074 10 INFO neutron.wsgi [req-b78bf46f-3a0a-4eed-952f-4418461fa31d req-13bf58d8-4e27-4186-a6db-c863f859ae65 b6010b07c75146c09d8fc3ee3b0b64ec 1ccd198a5b87496f98e9c72a2a22738a - - 0746ddb4a3ab48e7a1797add0e522397 0746ddb4a3ab48e7a1797add0e522397] 199.204.45.235 "GET /v2.0/ports?tenant_id=68628d9905a54d24b8e3a7cef0f789bb&device_id=849f677f-635b-4a5a-b898-f06825640a13 HTTP/1.1" status: 200 len: 1411 time: 0.0414996
2026-06-09 18:16:59.115 10 INFO neutron.wsgi [req-b78bf46f-3a0a-4eed-952f-4418461fa31d req-e48ac7c0-c610-47a6-a15e-f14597c15947 b6010b07c75146c09d8fc3ee3b0b64ec 1ccd198a5b87496f98e9c72a2a22738a - - 0746ddb4a3ab48e7a1797add0e522397 0746ddb4a3ab48e7a1797add0e522397] 199.204.45.235 "GET /v2.0/floatingips?fixed_ip_address=10.100.0.13&port_id=427e8186-cf72-47b8-b93e-0e7e18e66a6e HTTP/1.1" status: 200 len: 217 time: 0.0325146
2026-06-09 18:16:59.118 9 INFO neutron.wsgi [req-fbd8b343-b8ec-43f9-9c2c-c40abb364fb2 req-f4d76354-e847-450a-b722-4e82f7f0e217 8fb180fd6ca94a4480c4f9dd6b3eb0c7 ee20d3b9c9644914859b20603b63a1ae - - default default] 10.0.0.180 "GET /v2.0/ports?device_id=1c3995ec-e48f-4849-a327-1c306909b8d6 HTTP/1.1" status: 200 len: 1168 time: 0.0407979
2026-06-09 18:16:59.122 10 INFO neutron.wsgi [None req-f9be2284-8494-4a54-a632-8ec5c13012a1 425f30fd9bfa4a59aba8521d612b35de 767207df6ea3494b827025c83e59fe5a - - default default] 10.0.0.231 "DELETE /v2.0/security-groups/7e3a2c80-bb2c-4e98-8077-80dc1d08fc7b HTTP/1.1" status: 204 len: 168 time: 0.7187381
2026-06-09 18:16:59.171 10 INFO neutron.wsgi [req-aa1719dc-9dfd-4ae0-a902-33b36da97ae2 req-a2e6a8da-1ad9-476a-8eed-27c75de98fa2 fdd91e51b4f044558b4762d70b1afeb2 68628d9905a54d24b8e3a7cef0f789bb - - default default] 10.0.0.180 "GET /v2.0/ports?device_id=849f677f-635b-4a5a-b898-f06825640a13 HTTP/1.1" status: 200 len: 1172 time: 0.0553064
2026-06-09 18:16:59.172 9 INFO neutron.wsgi [req-fbd8b343-b8ec-43f9-9c2c-c40abb364fb2 req-8450332c-6239-4223-910d-027186ed0504 8fb180fd6ca94a4480c4f9dd6b3eb0c7 ee20d3b9c9644914859b20603b63a1ae - - default default] 10.0.0.180 "GET /v2.0/security-groups?id=b872f34a-62d4-42e6-919c-a584f961e61f&fields=id&fields=name HTTP/1.1" status: 200 len: 312 time: 0.0455918
2026-06-09 18:16:59.174 10 INFO neutron.wsgi [req-b78bf46f-3a0a-4eed-952f-4418461fa31d req-a12f93d0-3ee2-41d9-b88e-c3d147e95953 b6010b07c75146c09d8fc3ee3b0b64ec 1ccd198a5b87496f98e9c72a2a22738a - - 0746ddb4a3ab48e7a1797add0e522397 0746ddb4a3ab48e7a1797add0e522397] 199.204.45.235 "GET /v2.0/subnets?id=84e3217f-4fb8-41a8-bc22-c44c3294efc3 HTTP/1.1" status: 200 len: 869 time: 0.0508368
2026-06-09 18:16:59.209 10 INFO neutron.wsgi [req-b78bf46f-3a0a-4eed-952f-4418461fa31d req-a5cf6dcd-e59a-46ed-b64b-116597d04510 b6010b07c75146c09d8fc3ee3b0b64ec 1ccd198a5b87496f98e9c72a2a22738a - - 0746ddb4a3ab48e7a1797add0e522397 0746ddb4a3ab48e7a1797add0e522397] 199.204.45.235 "GET /v2.0/ports?network_id=50a03bd5-1dec-48eb-a500-2b1f92368d7a&device_owner=network%3Adhcp HTTP/1.1" status: 200 len: 210 time: 0.0287189
2026-06-09 18:16:59.259 10 INFO neutron.wsgi [req-aa1719dc-9dfd-4ae0-a902-33b36da97ae2 req-5bbddc7b-c782-4741-83af-9a1f608ef749 fdd91e51b4f044558b4762d70b1afeb2 68628d9905a54d24b8e3a7cef0f789bb - - default default] 10.0.0.180 "GET /v2.0/security-groups?id=fc65d6c3-57ec-469c-bf0a-ae4c9184c521&fields=id&fields=name HTTP/1.1" status: 200 len: 313 time: 0.0770290
2026-06-09 18:16:59.280 10 INFO neutron.wsgi [req-b78bf46f-3a0a-4eed-952f-4418461fa31d req-2e89b035-1cac-4e70-b601-2fe9177964a2 b6010b07c75146c09d8fc3ee3b0b64ec 1ccd198a5b87496f98e9c72a2a22738a - - 0746ddb4a3ab48e7a1797add0e522397 0746ddb4a3ab48e7a1797add0e522397] 199.204.45.235 "GET /v2.0/networks/50a03bd5-1dec-48eb-a500-2b1f92368d7a?fields=segments HTTP/1.1" status: 200 len: 212 time: 0.0629466
2026-06-09 18:16:59.337 10 INFO neutron.wsgi [req-b78bf46f-3a0a-4eed-952f-4418461fa31d req-fc72c34f-5c44-49e8-8ae7-98860762fdad b6010b07c75146c09d8fc3ee3b0b64ec 1ccd198a5b87496f98e9c72a2a22738a - - 0746ddb4a3ab48e7a1797add0e522397 0746ddb4a3ab48e7a1797add0e522397] 199.204.45.235 "GET /v2.0/networks/50a03bd5-1dec-48eb-a500-2b1f92368d7a?fields=provider%3Aphysical_network&fields=provider%3Anetwork_type HTTP/1.1" status: 200 len: 277 time: 0.0526307
2026-06-09 18:16:59.600 9 INFO neutron.wsgi [req-500e6f96-c266-413e-b034-ec005868a576 req-3ff4043d-6b33-4763-b46e-7e43e841a42c ea94fc8dc24f41b5a49398008de4030e 979ee1346fef41159dc51719746af256 - - default default] 10.0.0.180 "GET /v2.0/networks?id=5de3e8e2-8fef-4dd8-89dd-421a8f230672 HTTP/1.1" status: 200 len: 872 time: 0.0928519
2026-06-09 18:16:59.621 9 INFO neutron.wsgi [req-500e6f96-c266-413e-b034-ec005868a576 req-ec4c712b-dbe9-4ab5-b056-2ddaca6613f9 ea94fc8dc24f41b5a49398008de4030e 979ee1346fef41159dc51719746af256 - - default default] 10.0.0.180 "GET /v2.0/quotas/979ee1346fef41159dc51719746af256 HTTP/1.1" status: 200 len: 491 time: 0.0151324
2026-06-09 18:16:59.737 9 INFO neutron.wsgi [req-500e6f96-c266-413e-b034-ec005868a576 req-b62cee15-7f54-4575-8b3b-33f091972e83 ea94fc8dc24f41b5a49398008de4030e 979ee1346fef41159dc51719746af256 - - default default] 10.0.0.180 "GET /v2.0/ports?tenant_id=979ee1346fef41159dc51719746af256&fields=id HTTP/1.1" status: 200 len: 302 time: 0.1070962
2026-06-09 18:16:59.810 9 INFO neutron.wsgi [req-500e6f96-c266-413e-b034-ec005868a576 req-c5de420f-335d-4168-8fe8-11faa89617dc b6010b07c75146c09d8fc3ee3b0b64ec 1ccd198a5b87496f98e9c72a2a22738a - - 0746ddb4a3ab48e7a1797add0e522397 0746ddb4a3ab48e7a1797add0e522397] 10.0.0.180 "GET /v2.0/networks/5de3e8e2-8fef-4dd8-89dd-421a8f230672?fields=segments HTTP/1.1" status: 200 len: 212 time: 0.0674605
2026-06-09 18:16:59.852 10 INFO neutron.notifiers.nova [-] Nova event matching ['req-98e86325-8bc6-49e0-9716-742f92951012'] response: {'name': 'network-changed', 'server_uuid': '849f677f-635b-4a5a-b898-f06825640a13', 'tag': '427e8186-cf72-47b8-b93e-0e7e18e66a6e', 'status': 'completed', 'code': 200}
2026-06-09 18:16:59.884 9 INFO neutron.wsgi [req-500e6f96-c266-413e-b034-ec005868a576 req-8509287f-dac1-40b2-9376-687eac598afd b6010b07c75146c09d8fc3ee3b0b64ec 1ccd198a5b87496f98e9c72a2a22738a - - 0746ddb4a3ab48e7a1797add0e522397 0746ddb4a3ab48e7a1797add0e522397] 10.0.0.180 "GET /v2.0/networks/5de3e8e2-8fef-4dd8-89dd-421a8f230672?fields=provider%3Aphysical_network&fields=provider%3Anetwork_type HTTP/1.1" status: 200 len: 277 time: 0.0643218
2026-06-09 18:16:59.931 10 INFO neutron.wsgi [req-48a57456-b245-42b7-915a-718700cd5464 req-c594e4f8-bf35-4a20-a23b-06cd169bc141 b6010b07c75146c09d8fc3ee3b0b64ec 1ccd198a5b87496f98e9c72a2a22738a - - 0746ddb4a3ab48e7a1797add0e522397 0746ddb4a3ab48e7a1797add0e522397] 199.204.45.235 "GET /v2.0/ports?tenant_id=68628d9905a54d24b8e3a7cef0f789bb&device_id=849f677f-635b-4a5a-b898-f06825640a13 HTTP/1.1" status: 200 len: 1411 time: 0.0479636
2026-06-09 18:17:00.005 10 INFO neutron.wsgi [req-48a57456-b245-42b7-915a-718700cd5464 req-b3538ad5-dbf2-401b-88e3-637be8cd9bf3 b6010b07c75146c09d8fc3ee3b0b64ec 1ccd198a5b87496f98e9c72a2a22738a - - 0746ddb4a3ab48e7a1797add0e522397 0746ddb4a3ab48e7a1797add0e522397] 199.204.45.235 "GET /v2.0/networks?id=50a03bd5-1dec-48eb-a500-2b1f92368d7a HTTP/1.1" status: 200 len: 974 time: 0.0672896
2026-06-09 18:17:00.044 10 INFO neutron.wsgi [req-48a57456-b245-42b7-915a-718700cd5464 req-0b9324c4-12bf-4897-99cf-b981ab0258aa b6010b07c75146c09d8fc3ee3b0b64ec 1ccd198a5b87496f98e9c72a2a22738a - - 0746ddb4a3ab48e7a1797add0e522397 0746ddb4a3ab48e7a1797add0e522397] 199.204.45.235 "GET /v2.0/floatingips?fixed_ip_address=10.100.0.13&port_id=427e8186-cf72-47b8-b93e-0e7e18e66a6e HTTP/1.1" status: 200 len: 217 time: 0.0309055
2026-06-09 18:17:00.057 10 INFO neutron.wsgi [req-1d52f8c8-1400-4519-8c61-cf9f3e4c1b70 req-6b795e98-7228-443a-a1d5-30c9a98ef3db ea94fc8dc24f41b5a49398008de4030e 979ee1346fef41159dc51719746af256 - - default default] 10.0.0.180 "GET /v2.0/ports?device_id=7b32a36e-6153-4f65-a835-54f2958eec6b HTTP/1.1" status: 200 len: 210 time: 0.0358808
2026-06-09 18:17:00.083 10 INFO neutron.wsgi [req-48a57456-b245-42b7-915a-718700cd5464 req-cf2e9272-f7c9-4429-a5fb-5885f6f9229f b6010b07c75146c09d8fc3ee3b0b64ec 1ccd198a5b87496f98e9c72a2a22738a - - 0746ddb4a3ab48e7a1797add0e522397 0746ddb4a3ab48e7a1797add0e522397] 199.204.45.235 "GET /v2.0/subnets?id=84e3217f-4fb8-41a8-bc22-c44c3294efc3 HTTP/1.1" status: 200 len: 869 time: 0.0295486
2026-06-09 18:17:00.107 10 INFO neutron.wsgi [req-48a57456-b245-42b7-915a-718700cd5464 req-47225c13-407d-4f13-9f37-0fbc86914fc4 b6010b07c75146c09d8fc3ee3b0b64ec 1ccd198a5b87496f98e9c72a2a22738a - - 0746ddb4a3ab48e7a1797add0e522397 0746ddb4a3ab48e7a1797add0e522397] 199.204.45.235 "GET /v2.0/ports?network_id=50a03bd5-1dec-48eb-a500-2b1f92368d7a&device_owner=network%3Adhcp HTTP/1.1" status: 200 len: 210 time: 0.0181413
2026-06-09 18:17:00.176 10 INFO neutron.wsgi [req-48a57456-b245-42b7-915a-718700cd5464 req-edde8e95-7f0c-4224-9c6f-3c6ecc7e7548 b6010b07c75146c09d8fc3ee3b0b64ec 1ccd198a5b87496f98e9c72a2a22738a - - 0746ddb4a3ab48e7a1797add0e522397 0746ddb4a3ab48e7a1797add0e522397] 199.204.45.235 "GET /v2.0/networks/50a03bd5-1dec-48eb-a500-2b1f92368d7a?fields=segments HTTP/1.1" status: 200 len: 212 time: 0.0623825
2026-06-09 18:17:00.248 10 INFO neutron.wsgi [req-48a57456-b245-42b7-915a-718700cd5464 req-c6bbf11c-03b2-4e75-b760-c5e7876c6160 b6010b07c75146c09d8fc3ee3b0b64ec 1ccd198a5b87496f98e9c72a2a22738a - - 0746ddb4a3ab48e7a1797add0e522397 0746ddb4a3ab48e7a1797add0e522397] 199.204.45.235 "GET /v2.0/networks/50a03bd5-1dec-48eb-a500-2b1f92368d7a?fields=provider%3Aphysical_network&fields=provider%3Anetwork_type HTTP/1.1" status: 200 len: 277 time: 0.0647714
2026-06-09 18:17:00.277 9 INFO neutron.wsgi [req-bd017a67-d7e9-44f7-a488-ffb3f455d140 req-3be818aa-20ce-45fb-8cfd-9699f40b9ffc 8fb180fd6ca94a4480c4f9dd6b3eb0c7 ee20d3b9c9644914859b20603b63a1ae - - default default] 10.0.0.180 "GET /v2.0/ports?device_id=1c3995ec-e48f-4849-a327-1c306909b8d6 HTTP/1.1" status: 200 len: 1168 time: 0.0413630
2026-06-09 18:17:00.327 9 INFO neutron.wsgi [req-bd017a67-d7e9-44f7-a488-ffb3f455d140 req-c0e2f3d3-93ea-48d3-bb6b-89e6a37a7a7b 8fb180fd6ca94a4480c4f9dd6b3eb0c7 ee20d3b9c9644914859b20603b63a1ae - - default default] 10.0.0.180 "GET /v2.0/security-groups?id=b872f34a-62d4-42e6-919c-a584f961e61f&fields=id&fields=name HTTP/1.1" status: 200 len: 312 time: 0.0400212
2026-06-09 18:17:00.430 10 INFO neutron.wsgi [req-f84f9261-ac28-41c3-a3fc-fdd7cadd9290 req-b7be3a52-7266-4d55-ad37-1b8edbdb5257 fdd91e51b4f044558b4762d70b1afeb2 68628d9905a54d24b8e3a7cef0f789bb - - default default] 10.0.0.180 "GET /v2.0/ports?device_id=849f677f-635b-4a5a-b898-f06825640a13 HTTP/1.1" status: 200 len: 1172 time: 0.1046224
2026-06-09 18:17:00.475 10 INFO neutron.wsgi [req-f84f9261-ac28-41c3-a3fc-fdd7cadd9290 req-0b1eefac-7d59-4277-9000-8c48e84219ec fdd91e51b4f044558b4762d70b1afeb2 68628d9905a54d24b8e3a7cef0f789bb - - default default] 10.0.0.180 "GET /v2.0/security-groups?id=fc65d6c3-57ec-469c-bf0a-ae4c9184c521&fields=id&fields=name HTTP/1.1" status: 200 len: 313 time: 0.0348320
2026-06-09 18:17:00.762 10 INFO neutron.wsgi [req-500e6f96-c266-413e-b034-ec005868a576 req-10918412-44fb-434f-ba87-1901cf6bd0e8 ea94fc8dc24f41b5a49398008de4030e 979ee1346fef41159dc51719746af256 - - default default] 199.204.45.235 "GET /v2.0/networks?id=5de3e8e2-8fef-4dd8-89dd-421a8f230672 HTTP/1.1" status: 200 len: 872 time: 0.1034613
2026-06-09 18:17:00.773 10 WARNING neutron_lib.context [req-500e6f96-c266-413e-b034-ec005868a576 req-198bd78b-ae2a-47fd-8250-fc2388444351 ea94fc8dc24f41b5a49398008de4030e 979ee1346fef41159dc51719746af256 - - default default] Method 'is_advsvc' is deprecated since 2023.2 release (neutron-lib 3.8.0) and will be removed once support for the old RBAC API policies will be removed from Neutron. Please use method 'is_service_role' instead.
2026-06-09 18:17:01.108 10 WARNING neutron.scheduler.dhcp_agent_scheduler [req-500e6f96-c266-413e-b034-ec005868a576 req-198bd78b-ae2a-47fd-8250-fc2388444351 ea94fc8dc24f41b5a49398008de4030e 979ee1346fef41159dc51719746af256 - - default default] No more DHCP agents
2026-06-09 18:17:01.111 10 WARNING neutron.api.rpc.agentnotifiers.dhcp_rpc_agent_api [req-500e6f96-c266-413e-b034-ec005868a576 req-198bd78b-ae2a-47fd-8250-fc2388444351 ea94fc8dc24f41b5a49398008de4030e 979ee1346fef41159dc51719746af256 - - default default] Unable to schedule network 5de3e8e2-8fef-4dd8-89dd-421a8f230672: no agents available; will retry on subsequent port and subnet creation events.
2026-06-09 18:17:01.156 9 INFO neutron.wsgi [req-6d35d1d7-c6e0-4340-85c0-9e86dd420abc req-7dee2c6d-b394-4b70-a64d-9ebf8dc68dfc ea94fc8dc24f41b5a49398008de4030e 979ee1346fef41159dc51719746af256 - - default default] 10.0.0.180 "GET /v2.0/ports?device_id=7b32a36e-6153-4f65-a835-54f2958eec6b HTTP/1.1" status: 200 len: 1156 time: 0.0384486
2026-06-09 18:17:01.200 9 INFO neutron.wsgi [req-6d35d1d7-c6e0-4340-85c0-9e86dd420abc req-f944cbbf-ef3d-47cd-9a0b-c0f0c00cb1ef ea94fc8dc24f41b5a49398008de4030e 979ee1346fef41159dc51719746af256 - - default default] 10.0.0.180 "GET /v2.0/security-groups?id=39caa4cf-bfc9-41f9-b9be-91b290ced116&fields=id&fields=name HTTP/1.1" status: 200 len: 286 time: 0.0384917
2026-06-09 18:17:01.276 10 INFO neutron.db.ovn_revision_numbers_db [req-500e6f96-c266-413e-b034-ec005868a576 req-198bd78b-ae2a-47fd-8250-fc2388444351 ea94fc8dc24f41b5a49398008de4030e 979ee1346fef41159dc51719746af256 - - default default] Successfully bumped revision number for resource d15452fb-6c28-4937-b7c3-f7761d3e047a (type: ports) to 1
2026-06-09 18:17:01.300 10 INFO neutron.wsgi [req-500e6f96-c266-413e-b034-ec005868a576 req-198bd78b-ae2a-47fd-8250-fc2388444351 ea94fc8dc24f41b5a49398008de4030e 979ee1346fef41159dc51719746af256 - - default default] 199.204.45.235 "POST /v2.0/ports HTTP/1.1" status: 201 len: 1158 time: 0.5329077 /var/lib/openstack/lib/python3.10/site-packages/pycadf/identifier.py:71: UserWarning: Invalid uuid: neutron. To ensure interoperability, identifiers should be a valid uuid. warnings.warn(('Invalid uuid: %s. To ensure interoperability, '
2026-06-09 18:17:01.459 10 WARNING neutron.plugins.ml2.drivers.ovn.mech_driver.ovsdb.ovn_client [None req-6530a85a-f2e7-4203-8f07-50e8939a02bd - - - - - -] No hosting information found for port fddf1766-2eff-4ca2-88ca-752eb98832f0: RuntimeError: No hosting information found for port fddf1766-2eff-4ca2-88ca-752eb98832f0
2026-06-09 18:17:01.459 10 INFO neutron.plugins.ml2.drivers.ovn.mech_driver.mech_driver [None req-6530a85a-f2e7-4203-8f07-50e8939a02bd - - - - - -] OVN reports status up for port: da385881-34ff-4679-a395-19bd5c779671
2026-06-09 18:17:01.509 10 INFO neutron.plugins.ml2.plugin [None req-6530a85a-f2e7-4203-8f07-50e8939a02bd - - - - - -] Attempt 1 to provision port da385881-34ff-4679-a395-19bd5c779671
2026-06-09 18:17:01.558 10 INFO neutron.wsgi [req-4fa385d6-2fa8-4d3f-8f44-d0bc11cfd0a3 req-da4bcfbe-746a-41e0-b62f-778ae911cb03 8fb180fd6ca94a4480c4f9dd6b3eb0c7 ee20d3b9c9644914859b20603b63a1ae - - default default] 10.0.0.180 "GET /v2.0/ports?device_id=1c3995ec-e48f-4849-a327-1c306909b8d6 HTTP/1.1" status: 200 len: 1168 time: 0.1509733
2026-06-09 18:17:01.614 9 INFO neutron.wsgi [req-51db1d11-ca3b-46c5-a462-4ee10ea84915 req-fd90833f-428f-4266-b087-2e4c63c6faa1 fdd91e51b4f044558b4762d70b1afeb2 68628d9905a54d24b8e3a7cef0f789bb - - default default] 10.0.0.180 "GET /v2.0/ports?device_id=849f677f-635b-4a5a-b898-f06825640a13 HTTP/1.1" status: 200 len: 1172 time: 0.0812435
2026-06-09 18:17:01.630 10 INFO neutron.wsgi [req-4fa385d6-2fa8-4d3f-8f44-d0bc11cfd0a3 req-da06e29d-85ea-4497-85bd-104e44adbe13 8fb180fd6ca94a4480c4f9dd6b3eb0c7 ee20d3b9c9644914859b20603b63a1ae - - default default] 10.0.0.180 "GET /v2.0/security-groups?id=b872f34a-62d4-42e6-919c-a584f961e61f&fields=id&fields=name HTTP/1.1" status: 200 len: 312 time: 0.0643904
2026-06-09 18:17:01.671 9 INFO neutron.wsgi [req-51db1d11-ca3b-46c5-a462-4ee10ea84915 req-adaaca28-ceae-49c3-bbcf-72ccc920383b fdd91e51b4f044558b4762d70b1afeb2 68628d9905a54d24b8e3a7cef0f789bb - - default default] 10.0.0.180 "GET /v2.0/security-groups?id=fc65d6c3-57ec-469c-bf0a-ae4c9184c521&fields=id&fields=name HTTP/1.1" status: 200 len: 313 time: 0.0489235
2026-06-09 18:17:01.679 9 WARNING neutron.plugins.ml2.drivers.ovn.mech_driver.ovsdb.ovn_client [None req-cb48ca33-fb75-4d63-b67f-a484b467142a - - - - - -] No hosting information found for port 969d30ef-a6d5-42a9-a7f1-cbc04835ac5d: RuntimeError: No hosting information found for port 969d30ef-a6d5-42a9-a7f1-cbc04835ac5d
2026-06-09 18:17:01.680 9 INFO neutron.plugins.ml2.drivers.ovn.mech_driver.mech_driver [None req-cb48ca33-fb75-4d63-b67f-a484b467142a - - - - - -] OVN reports status up for port: a368b8c3-20b3-45df-97f6-b04360c9649c
2026-06-09 18:17:01.689 9 INFO neutron.plugins.ml2.plugin [None req-cb48ca33-fb75-4d63-b67f-a484b467142a - - - - - -] Attempt 1 to provision port a368b8c3-20b3-45df-97f6-b04360c9649c
