May 06 04:20:59.941988 np0000172168 devstack@neutron-api.service[103164]: DEBUG neutron.api.extensions [None req-beb2c095-77bb-4c29-b4ef-ba0104131af3 None None] Ext name="Neutron Service Flavors" alias="flavors" description="Flavor specification for Neutron advanced services." updated="2015-09-17T10:00:00-00:00" {{(pid=103164) _check_extension /opt/stack/neutron/neutron/api/extensions.py:415}}
May 06 04:20:59.942162 np0000172168 devstack@neutron-api.service[103164]: INFO neutron.api.extensions [None req-beb2c095-77bb-4c29-b4ef-ba0104131af3 None None] Loaded extension: flavors
May 06 04:20:59.942192 np0000172168 devstack@neutron-api.service[103165]: INFO neutron.quota [None req-36955674-6aab-4792-a63d-7ab07ef396fd None None] Loaded quota_driver: .
May 06 04:20:59.942274 np0000172168 devstack@neutron-api.service[103164]: DEBUG neutron.api.extensions [None req-beb2c095-77bb-4c29-b4ef-ba0104131af3 None None] Loading extension file: floating_ip_port_forwarding.py {{(pid=103164) _load_all_extensions_from_path /opt/stack/neutron/neutron/api/extensions.py:449}}
May 06 04:20:59.942327 np0000172168 devstack@neutron-api.service[103165]: INFO neutron.plugins.ml2.plugin [None req-36955674-6aab-4792-a63d-7ab07ef396fd None None] Modular L2 Plugin initialization complete
May 06 04:20:59.942468 np0000172168 devstack@neutron-api.service[103165]: DEBUG neutron.manager [None req-36955674-6aab-4792-a63d-7ab07ef396fd None None] Loading services supported by the core plugin {{(pid=103165) _load_services_from_core_plugin /opt/stack/neutron/neutron/manager.py:170}}
May 06 04:20:59.942598 np0000172168 devstack@neutron-api.service[103165]: INFO neutron.plugins.ml2.managers [None req-36955674-6aab-4792-a63d-7ab07ef396fd None None] Got port-security extension from driver 'port_security'
May 06 04:20:59.942627 np0000172168 devstack@neutron-api.service[103164]: DEBUG neutron.api.extensions [None req-beb2c095-77bb-4c29-b4ef-ba0104131af3 None None] Ext name="Floating IP Port Forwarding" alias="floating-ip-port-forwarding" description="Allow port forwarding from floating IP port to an internal port" updated="2018-01-19T10:00:00-00:00" {{(pid=103164) _check_extension /opt/stack/neutron/neutron/api/extensions.py:415}}
May 06 04:20:59.942765 np0000172168 devstack@neutron-api.service[103164]: INFO neutron.api.extensions [None req-beb2c095-77bb-4c29-b4ef-ba0104131af3 None None] Extension floating-ip-port-forwarding not supported by any of loaded plugins
May 06 04:20:59.942856 np0000172168 devstack@neutron-api.service[103164]: DEBUG neutron.api.extensions [None req-beb2c095-77bb-4c29-b4ef-ba0104131af3 None None] Loading extension file: floatingip_pools.py {{(pid=103164) _load_all_extensions_from_path /opt/stack/neutron/neutron/api/extensions.py:449}}
May 06 04:20:59.942888 np0000172168 devstack@neutron-api.service[103165]: DEBUG neutron.manager [None req-36955674-6aab-4792-a63d-7ab07ef396fd None None] Loading service plugins: ['ovn-router', 'auto_allocate', 'tag', 'timestamp', 'network_ip_availability', 'flavors', 'revisions'] {{(pid=103165) _load_service_plugins /opt/stack/neutron/neutron/manager.py:195}}
May 06 04:20:59.942949 np0000172168 devstack@neutron-api.service[103165]: INFO neutron.manager [None req-36955674-6aab-4792-a63d-7ab07ef396fd None None] Loading Plugin: ovn-router
May 06 04:20:59.943117 np0000172168 devstack@neutron-api.service[103164]: DEBUG neutron.api.extensions [None req-beb2c095-77bb-4c29-b4ef-ba0104131af3 None None] Ext name="Floating IP Pools Extension" alias="floatingip-pools" description="Provides a floating IP pools API." updated="2018-03-21T10:00:00-00:00" {{(pid=103164) _check_extension /opt/stack/neutron/neutron/api/extensions.py:415}}
May 06 04:20:59.943308 np0000172168 devstack@neutron-api.service[103164]: INFO neutron.api.extensions [None req-beb2c095-77bb-4c29-b4ef-ba0104131af3 None None] Loaded extension: floatingip-pools
May 06 04:20:59.943398 np0000172168 devstack@neutron-api.service[103164]: DEBUG neutron.api.extensions [None req-beb2c095-77bb-4c29-b4ef-ba0104131af3 None None] Loading extension file: ip_allocation.py {{(pid=103164) _load_all_extensions_from_path /opt/stack/neutron/neutron/api/extensions.py:449}}
May 06 04:20:59.943627 np0000172168 devstack@neutron-api.service[103164]: DEBUG neutron.api.extensions [None req-beb2c095-77bb-4c29-b4ef-ba0104131af3 None None] Ext name="IP Allocation" alias="ip_allocation" description="IP allocation extension." updated="2016-06-10T23:00:00-00:00" {{(pid=103164) _check_extension /opt/stack/neutron/neutron/api/extensions.py:415}}
May 06 04:20:59.943794 np0000172168 devstack@neutron-api.service[103164]: INFO neutron.api.extensions [None req-beb2c095-77bb-4c29-b4ef-ba0104131af3 None None] Extension ip_allocation not supported by any of loaded plugins
May 06 04:20:59.943892 np0000172168 devstack@neutron-api.service[103164]: DEBUG neutron.api.extensions [None req-beb2c095-77bb-4c29-b4ef-ba0104131af3 None None] Loading extension file: ip_substring_port_filtering.py {{(pid=103164) _load_all_extensions_from_path /opt/stack/neutron/neutron/api/extensions.py:449}}
May 06 04:20:59.944104 np0000172168 devstack@neutron-api.service[103164]: DEBUG neutron.api.extensions [None req-beb2c095-77bb-4c29-b4ef-ba0104131af3 None None] Ext name="IP address substring filtering" alias="ip-substring-filtering" description="Provides IP address substring filtering when listing ports" updated="2017-11-28T09:00:00-00:00" {{(pid=103164) _check_extension /opt/stack/neutron/neutron/api/extensions.py:415}}
May 06 04:20:59.944324 np0000172168 devstack@neutron-api.service[103164]: INFO neutron.api.extensions [None req-beb2c095-77bb-4c29-b4ef-ba0104131af3 None None] Extension ip-substring-filtering not supported by any of loaded plugins
May 06 04:20:59.944404 np0000172168 devstack@neutron-api.service[103164]: DEBUG neutron.api.extensions [None req-beb2c095-77bb-4c29-b4ef-ba0104131af3 None None] Loading extension file: l2_adjacency.py {{(pid=103164) _load_all_extensions_from_path /opt/stack/neutron/neutron/api/extensions.py:449}}
May 06 04:20:59.944629 np0000172168 devstack@neutron-api.service[103164]: DEBUG neutron.api.extensions [None req-beb2c095-77bb-4c29-b4ef-ba0104131af3 None None] Ext name="L2 Adjacency" alias="l2_adjacency" description="Display L2 Adjacency for Neutron Networks." updated="2016-04-12T16:00:00-00:00" {{(pid=103164) _check_extension /opt/stack/neutron/neutron/api/extensions.py:415}}
May 06 04:20:59.944794 np0000172168 devstack@neutron-api.service[103164]: INFO neutron.api.extensions [None req-beb2c095-77bb-4c29-b4ef-ba0104131af3 None None] Extension l2_adjacency not supported by any of loaded plugins
May 06 04:20:59.944882 np0000172168 devstack@neutron-api.service[103164]: DEBUG neutron.api.extensions [None req-beb2c095-77bb-4c29-b4ef-ba0104131af3 None None] Loading extension file: l3.py {{(pid=103164) _load_all_extensions_from_path /opt/stack/neutron/neutron/api/extensions.py:449}}
May 06 04:20:59.945333 np0000172168 devstack@neutron-api.service[103164]: DEBUG neutron.api.extensions [None req-beb2c095-77bb-4c29-b4ef-ba0104131af3 None None] Ext name="Neutron L3 Router" alias="router" description="Router abstraction for basic L3 forwarding between L2 Neutron networks and access to external networks via a NAT gateway." updated="2012-07-20T10:00:00-00:00" {{(pid=103164) _check_extension /opt/stack/neutron/neutron/api/extensions.py:415}}
May 06 04:20:59.945513 np0000172168 devstack@neutron-api.service[103164]: INFO neutron.api.extensions [None req-beb2c095-77bb-4c29-b4ef-ba0104131af3 None None] Loaded extension: router
May 06 04:20:59.945603 np0000172168 devstack@neutron-api.service[103164]: DEBUG neutron.api.extensions [None req-beb2c095-77bb-4c29-b4ef-ba0104131af3 None None] Loading extension file: l3_conntrack_helper.py {{(pid=103164) _load_all_extensions_from_path /opt/stack/neutron/neutron/api/extensions.py:449}}
May 06 04:20:59.946230 np0000172168 devstack@neutron-api.service[103164]: DEBUG neutron.api.extensions [None req-beb2c095-77bb-4c29-b4ef-ba0104131af3 None None] Ext name="L3 Conntrack helper" alias="l3-conntrack-helper" description="Allow adding CT target rules for conntrack helper" updated="2019-04-04T10:00:00-00:00" {{(pid=103164) _check_extension /opt/stack/neutron/neutron/api/extensions.py:415}}
May 06 04:20:59.946422 np0000172168 devstack@neutron-api.service[103164]: INFO neutron.api.extensions [None req-beb2c095-77bb-4c29-b4ef-ba0104131af3 None None] Extension l3-conntrack-helper not supported by any of loaded plugins
May 06 04:20:59.946483 np0000172168 devstack@neutron-api.service[103164]: DEBUG neutron.api.extensions [None req-beb2c095-77bb-4c29-b4ef-ba0104131af3 None None] Loading extension file: l3_enable_default_route_bfd.py {{(pid=103164) _load_all_extensions_from_path /opt/stack/neutron/neutron/api/extensions.py:449}}
May 06 04:20:59.946737 np0000172168 devstack@neutron-api.service[103164]: DEBUG neutron.api.extensions [None req-beb2c095-77bb-4c29-b4ef-ba0104131af3 None None] Ext name="Enable Default Route BFD" alias="enable-default-route-bfd" description="Enables configurable BFD behavior for default routes" updated="2023-02-27T00:00:00-00:00" {{(pid=103164) _check_extension /opt/stack/neutron/neutron/api/extensions.py:415}}
May 06 04:20:59.946938 np0000172168 devstack@neutron-api.service[103164]: INFO neutron.api.extensions [None req-beb2c095-77bb-4c29-b4ef-ba0104131af3 None None] Loaded extension: enable-default-route-bfd
May 06 04:20:59.946969 np0000172168 devstack@neutron-api.service[103163]: INFO neutron.plugins.ml2.drivers.type_vlan [None req-edadd870-7119-4491-8914-cf6831d4a753 None None] VlanTypeDriver initialization complete
May 06 04:20:59.947298 np0000172168 devstack@neutron-api.service[103164]: DEBUG neutron.api.extensions [None req-beb2c095-77bb-4c29-b4ef-ba0104131af3 None None] Loading extension file: l3_enable_default_route_ecmp.py {{(pid=103164) _load_all_extensions_from_path /opt/stack/neutron/neutron/api/extensions.py:449}}
May 06 04:20:59.947429 np0000172168 devstack@neutron-api.service[103163]: INFO neutron.plugins.ml2.managers [None req-edadd870-7119-4491-8914-cf6831d4a753 None None] Initializing extension driver 'port_security'
May 06 04:20:59.947459 np0000172168 devstack@neutron-api.service[103164]: DEBUG neutron.api.extensions [None req-beb2c095-77bb-4c29-b4ef-ba0104131af3 None None] Ext name="Enable Default Route ECMP" alias="enable-default-route-ecmp" description="Enables configurable ECMP behavior for default routes" updated="2023-02-27T00:00:00-00:00" {{(pid=103164) _check_extension /opt/stack/neutron/neutron/api/extensions.py:415}}
May 06 04:20:59.947496 np0000172168 devstack@neutron-api.service[103163]: INFO neutron.plugins.ml2.extensions.port_security [None req-edadd870-7119-4491-8914-cf6831d4a753 None None] PortSecurityExtensionDriver initialization complete
May 06 04:20:59.947496 np0000172168 devstack@neutron-api.service[103163]: INFO neutron.plugins.ml2.managers [None req-edadd870-7119-4491-8914-cf6831d4a753 None None] Initializing extension driver 'qos'
May 06 04:20:59.947572 np0000172168 devstack@neutron-api.service[103164]: INFO neutron.api.extensions [None req-beb2c095-77bb-4c29-b4ef-ba0104131af3 None None] Loaded extension: enable-default-route-ecmp
May 06 04:20:59.947600 np0000172168 devstack@neutron-api.service[103163]: DEBUG neutron.plugins.ml2.extensions.qos [None req-edadd870-7119-4491-8914-cf6831d4a753 None None] QosExtensionDriver initialization complete {{(pid=103163) initialize /opt/stack/neutron/neutron/plugins/ml2/extensions/qos.py:31}}
May 06 04:20:59.947634 np0000172168 devstack@neutron-api.service[103164]: DEBUG neutron.api.extensions [None req-beb2c095-77bb-4c29-b4ef-ba0104131af3 None None] Loading extension file: l3_ext_gw_mode.py {{(pid=103164) _load_all_extensions_from_path /opt/stack/neutron/neutron/api/extensions.py:449}}
May 06 04:20:59.947697 np0000172168 devstack@neutron-api.service[103163]: INFO neutron.plugins.ml2.managers [None req-edadd870-7119-4491-8914-cf6831d4a753 None None] Initializing mechanism driver 'ovn'
May 06 04:20:59.947697 np0000172168 devstack@neutron-api.service[103163]: INFO neutron.plugins.ml2.drivers.ovn.mech_driver.mech_driver [None req-edadd870-7119-4491-8914-cf6831d4a753 None None] Starting OVNMechanismDriver
May 06 04:20:59.947779 np0000172168 devstack@neutron-api.service[103164]: DEBUG neutron.api.extensions [None req-beb2c095-77bb-4c29-b4ef-ba0104131af3 None None] Ext name="Neutron L3 Configurable external gateway mode" alias="ext-gw-mode" description="Extension of the router abstraction for specifying whether SNAT should occur on the external gateway" updated="2013-03-28T10:00:00-00:00" {{(pid=103164) _check_extension /opt/stack/neutron/neutron/api/extensions.py:415}}
May 06 04:20:59.948627 np0000172168 devstack@neutron-api.service[103164]: INFO neutron.api.extensions [None req-beb2c095-77bb-4c29-b4ef-ba0104131af3 None None] Loaded extension: ext-gw-mode
May 06 04:20:59.948627 np0000172168 devstack@neutron-api.service[103164]: DEBUG neutron.api.extensions [None req-beb2c095-77bb-4c29-b4ef-ba0104131af3 None None] Loading extension file: l3_ext_ha_mode.py {{(pid=103164) _load_all_extensions_from_path /opt/stack/neutron/neutron/api/extensions.py:449}}
May 06 04:20:59.948627 np0000172168 devstack@neutron-api.service[103164]: DEBUG neutron.api.extensions [None req-beb2c095-77bb-4c29-b4ef-ba0104131af3 None None] Ext name="HA Router extension" alias="l3-ha" description="Adds HA capability to routers." updated="2014-04-26T00:00:00-00:00" {{(pid=103164) _check_extension /opt/stack/neutron/neutron/api/extensions.py:415}}
May 06 04:20:59.948627 np0000172168 devstack@neutron-api.service[103164]: INFO neutron.api.extensions [None req-beb2c095-77bb-4c29-b4ef-ba0104131af3 None None] Loaded extension: l3-ha
May 06 04:20:59.948627 np0000172168 devstack@neutron-api.service[103164]: DEBUG neutron.api.extensions [None req-beb2c095-77bb-4c29-b4ef-ba0104131af3 None None] Loading extension file: l3_ext_ndp_proxy.py {{(pid=103164) _load_all_extensions_from_path /opt/stack/neutron/neutron/api/extensions.py:449}}
May 06 04:20:59.949077 np0000172168 devstack@neutron-api.service[103164]: DEBUG neutron.api.extensions [None req-beb2c095-77bb-4c29-b4ef-ba0104131af3 None None] Ext name="Router support to enable NDP proxy" alias="l3-ext-ndp-proxy" description="Router extension to enable ndp proxy" updated="2020-08-25T00:00:00-00:00" {{(pid=103164) _check_extension /opt/stack/neutron/neutron/api/extensions.py:415}}
May 06 04:20:59.949077 np0000172168 devstack@neutron-api.service[103164]: INFO neutron.api.extensions [None req-beb2c095-77bb-4c29-b4ef-ba0104131af3 None None] Extension l3-ext-ndp-proxy not supported by any of loaded plugins
May 06 04:20:59.949077 np0000172168 devstack@neutron-api.service[103164]: DEBUG neutron.api.extensions [None req-beb2c095-77bb-4c29-b4ef-ba0104131af3 None None] Loading extension file: l3_extra_gws.py {{(pid=103164) _load_all_extensions_from_path /opt/stack/neutron/neutron/api/extensions.py:449}}
May 06 04:20:59.949302 np0000172168 devstack@neutron-api.service[103164]: DEBUG neutron.api.extensions [None req-beb2c095-77bb-4c29-b4ef-ba0104131af3 None None] Ext name="Neutron L3 External Gateway Multihoming" alias="external-gateway-multihoming" description="Allow multiple external gateway ports per router" updated="2023-01-18T00:00:00-00:00" {{(pid=103164) _check_extension /opt/stack/neutron/neutron/api/extensions.py:415}}
May 06 04:20:59.949302 np0000172168 devstack@neutron-api.service[103164]: INFO neutron.api.extensions [None req-beb2c095-77bb-4c29-b4ef-ba0104131af3 None None] Loaded extension: external-gateway-multihoming
May 06 04:20:59.949386 np0000172168 devstack@neutron-api.service[103164]: DEBUG neutron.api.extensions [None req-beb2c095-77bb-4c29-b4ef-ba0104131af3 None None] Loading extension file: l3_flavors.py {{(pid=103164) _load_all_extensions_from_path /opt/stack/neutron/neutron/api/extensions.py:449}}
May 06 04:20:59.949655 np0000172168 devstack@neutron-api.service[103164]: DEBUG neutron.api.extensions [None req-beb2c095-77bb-4c29-b4ef-ba0104131af3 None None] Ext name="Router Flavor Extension" alias="l3-flavors" description="Flavor support for routers." updated="2016-05-17T00:00:00-00:00" {{(pid=103164) _check_extension /opt/stack/neutron/neutron/api/extensions.py:415}}
May 06 04:20:59.949758 np0000172168 devstack@neutron-api.service[103163]: DEBUG neutron_lib.callbacks.manager [None req-edadd870-7119-4491-8914-cf6831d4a753 None None] Subscribe: > process before_spawn 55550000, False {{(pid=103163) subscribe /opt/stack/data/venv/lib/python3.12/site-packages/neutron_lib/callbacks/manager.py:52}}
May 06 04:20:59.949822 np0000172168 devstack@neutron-api.service[103164]: INFO neutron.api.extensions [None req-beb2c095-77bb-4c29-b4ef-ba0104131af3 None None] Loaded extension: l3-flavors
May 06 04:20:59.949907 np0000172168 devstack@neutron-api.service[103163]: DEBUG neutron_lib.callbacks.manager [None req-edadd870-7119-4491-8914-cf6831d4a753 None None] Subscribe: > process after_init 55550000, True {{(pid=103163) subscribe /opt/stack/data/venv/lib/python3.12/site-packages/neutron_lib/callbacks/manager.py:52}}
May 06 04:20:59.949941 np0000172168 devstack@neutron-api.service[103164]: DEBUG neutron.api.extensions [None req-beb2c095-77bb-4c29-b4ef-ba0104131af3 None None] Loading extension file: l3_ndp_proxy.py {{(pid=103164) _load_all_extensions_from_path /opt/stack/neutron/neutron/api/extensions.py:449}}
May 06 04:20:59.949976 np0000172168 devstack@neutron-api.service[103163]: DEBUG neutron_lib.callbacks.manager [None req-edadd870-7119-4491-8914-cf6831d4a753 None None] Subscribe: > segment after_create 55550000, False {{(pid=103163) subscribe /opt/stack/data/venv/lib/python3.12/site-packages/neutron_lib/callbacks/manager.py:52}}
May 06 04:20:59.950097 np0000172168 devstack@neutron-api.service[103163]: DEBUG neutron_lib.callbacks.manager [None req-edadd870-7119-4491-8914-cf6831d4a753 None None] Subscribe: > segment after_create 55550000, False {{(pid=103163) subscribe /opt/stack/data/venv/lib/python3.12/site-packages/neutron_lib/callbacks/manager.py:52}}
May 06 04:20:59.950223 np0000172168 devstack@neutron-api.service[103164]: DEBUG neutron.api.extensions [None req-beb2c095-77bb-4c29-b4ef-ba0104131af3 None None] Ext name="name" alias="l3-ndp-proxy" description="description" updated="2021-06-29T10:00:00-00:00" {{(pid=103164) _check_extension /opt/stack/neutron/neutron/api/extensions.py:415}}
May 06 04:20:59.950255 np0000172168 devstack@neutron-api.service[103163]: DEBUG neutron_lib.callbacks.manager [None req-edadd870-7119-4491-8914-cf6831d4a753 None None] Subscribe: > segment after_delete 55550000, False {{(pid=103163) subscribe /opt/stack/data/venv/lib/python3.12/site-packages/neutron_lib/callbacks/manager.py:52}}
May 06 04:20:59.950331 np0000172168 devstack@neutron-api.service[103163]: DEBUG neutron_lib.callbacks.manager [None req-edadd870-7119-4491-8914-cf6831d4a753 None None] Subscribe: > allowed_address_pair before_create 55550000, False {{(pid=103163) subscribe /opt/stack/data/venv/lib/python3.12/site-packages/neutron_lib/callbacks/manager.py:52}}
May 06 04:20:59.950385 np0000172168 devstack@neutron-api.service[103164]: INFO neutron.api.extensions [None req-beb2c095-77bb-4c29-b4ef-ba0104131af3 None None] Extension l3-ndp-proxy not supported by any of loaded plugins
May 06 04:20:59.950450 np0000172168 devstack@neutron-api.service[103164]: DEBUG neutron.api.extensions [None req-beb2c095-77bb-4c29-b4ef-ba0104131af3 None None] Loading extension file: l3_port_ip_change_not_allowed.py {{(pid=103164) _load_all_extensions_from_path /opt/stack/neutron/neutron/api/extensions.py:449}}
May 06 04:20:59.950478 np0000172168 devstack@neutron-api.service[103163]: DEBUG neutron_lib.callbacks.manager [None req-edadd870-7119-4491-8914-cf6831d4a753 None None] Subscribe: > security_group precommit_create 55550000, False {{(pid=103163) subscribe /opt/stack/data/venv/lib/python3.12/site-packages/neutron_lib/callbacks/manager.py:52}}
May 06 04:20:59.950555 np0000172168 devstack@neutron-api.service[103163]: DEBUG neutron_lib.callbacks.manager [None req-edadd870-7119-4491-8914-cf6831d4a753 None None] Subscribe: > security_group after_update 55550000, False {{(pid=103163) subscribe /opt/stack/data/venv/lib/python3.12/site-packages/neutron_lib/callbacks/manager.py:52}}
May 06 04:20:59.950634 np0000172168 devstack@neutron-api.service[103163]: DEBUG neutron_lib.callbacks.manager [None req-edadd870-7119-4491-8914-cf6831d4a753 None None] Subscribe: > security_group after_create 55550000, False {{(pid=103163) subscribe /opt/stack/data/venv/lib/python3.12/site-packages/neutron_lib/callbacks/manager.py:52}}
May 06 04:20:59.950667 np0000172168 devstack@neutron-api.service[103164]: DEBUG neutron.api.extensions [None req-beb2c095-77bb-4c29-b4ef-ba0104131af3 None None] Ext name="Prevent L3 router ports IP address change extension" alias="l3-port-ip-change-not-allowed" description="Prevent change of IP address for some L3 router ports" updated="2018-10-09T10:00:00-00:00" {{(pid=103164) _check_extension /opt/stack/neutron/neutron/api/extensions.py:415}}
May 06 04:20:59.950743 np0000172168 devstack@neutron-api.service[103163]: DEBUG neutron_lib.callbacks.manager [None req-edadd870-7119-4491-8914-cf6831d4a753 None None] Subscribe: > security_group precommit_delete 55550000, False {{(pid=103163) subscribe /opt/stack/data/venv/lib/python3.12/site-packages/neutron_lib/callbacks/manager.py:52}}
May 06 04:20:59.950812 np0000172168 devstack@neutron-api.service[103164]: INFO neutron.api.extensions [None req-beb2c095-77bb-4c29-b4ef-ba0104131af3 None None] Extension l3-port-ip-change-not-allowed not supported by any of loaded plugins
May 06 04:20:59.950846 np0000172168 devstack@neutron-api.service[103163]: DEBUG neutron_lib.callbacks.manager [None req-edadd870-7119-4491-8914-cf6831d4a753 None None] Subscribe: > security_group after_delete 55550000, False {{(pid=103163) subscribe /opt/stack/data/venv/lib/python3.12/site-packages/neutron_lib/callbacks/manager.py:52}}
May 06 04:20:59.950895 np0000172168 devstack@neutron-api.service[103164]: DEBUG neutron.api.extensions [None req-beb2c095-77bb-4c29-b4ef-ba0104131af3 None None] Loading extension file: l3agentscheduler.py {{(pid=103164) _load_all_extensions_from_path /opt/stack/neutron/neutron/api/extensions.py:449}}
May 06 04:20:59.950961 np0000172168 devstack@neutron-api.service[103163]: DEBUG neutron_lib.callbacks.manager [None req-edadd870-7119-4491-8914-cf6831d4a753 None None] Subscribe: > security_group_rule precommit_create 55550000, False {{(pid=103163) subscribe /opt/stack/data/venv/lib/python3.12/site-packages/neutron_lib/callbacks/manager.py:52}}
May 06 04:20:59.951026 np0000172168 devstack@neutron-api.service[103163]: DEBUG neutron_lib.callbacks.manager [None req-edadd870-7119-4491-8914-cf6831d4a753 None None] Subscribe: > security_group_rule after_create 55550000, False {{(pid=103163) subscribe /opt/stack/data/venv/lib/python3.12/site-packages/neutron_lib/callbacks/manager.py:52}}
May 06 04:20:59.951137 np0000172168 devstack@neutron-api.service[103163]: DEBUG neutron_lib.callbacks.manager [None req-edadd870-7119-4491-8914-cf6831d4a753 None None] Subscribe: > security_group_rule before_delete 55550000, False {{(pid=103163) subscribe /opt/stack/data/venv/lib/python3.12/site-packages/neutron_lib/callbacks/manager.py:52}}
May 06 04:20:59.951279 np0000172168 devstack@neutron-api.service[103163]: DEBUG neutron_lib.callbacks.manager [None req-edadd870-7119-4491-8914-cf6831d4a753 None None] Subscribe: > address_group after_create 55550000, False {{(pid=103163) subscribe /opt/stack/data/venv/lib/python3.12/site-packages/neutron_lib/callbacks/manager.py:52}}
May 06 04:20:59.951389 np0000172168 devstack@neutron-api.service[103163]: DEBUG neutron_lib.callbacks.manager [None req-edadd870-7119-4491-8914-cf6831d4a753 None None] Subscribe: > address_group after_update 55550000, False {{(pid=103163) subscribe /opt/stack/data/venv/lib/python3.12/site-packages/neutron_lib/callbacks/manager.py:52}}
May 06 04:20:59.951526 np0000172168 devstack@neutron-api.service[103163]: DEBUG neutron_lib.callbacks.manager [None req-edadd870-7119-4491-8914-cf6831d4a753 None None] Subscribe: > address_group after_delete 55550000, False {{(pid=103163) subscribe /opt/stack/data/venv/lib/python3.12/site-packages/neutron_lib/callbacks/manager.py:52}}
May 06 04:20:59.951556 np0000172168 devstack@neutron-api.service[103164]: DEBUG neutron.api.extensions [None req-beb2c095-77bb-4c29-b4ef-ba0104131af3 None None] Ext name="L3 Agent Scheduler" alias="l3_agent_scheduler" description="Schedule routers among l3 agents" updated="2013-02-07T10:00:00-00:00" {{(pid=103164) _check_extension /opt/stack/neutron/neutron/api/extensions.py:415}}
May 06 04:20:59.951676 np0000172168 devstack@neutron-api.service[103164]: INFO neutron.api.extensions [None req-beb2c095-77bb-4c29-b4ef-ba0104131af3 None None] Extension l3_agent_scheduler not supported by any of loaded plugins
May 06 04:20:59.951707 np0000172168 devstack@neutron-api.service[103163]: DEBUG neutron_lib.callbacks.manager [None req-edadd870-7119-4491-8914-cf6831d4a753 None None] Subscribe: > qos_plugin after_init 55550000, False {{(pid=103163) subscribe /opt/stack/data/venv/lib/python3.12/site-packages/neutron_lib/callbacks/manager.py:52}}
May 06 04:20:59.951774 np0000172168 devstack@neutron-api.service[103164]: DEBUG neutron.api.extensions [None req-beb2c095-77bb-4c29-b4ef-ba0104131af3 None None] Loading extension file: local_ip.py {{(pid=103164) _load_all_extensions_from_path /opt/stack/neutron/neutron/api/extensions.py:449}}
May 06 04:20:59.951879 np0000172168 devstack@neutron-api.service[103163]: DEBUG neutron_lib.callbacks.manager [None req-edadd870-7119-4491-8914-cf6831d4a753 None None] Subscribe: > trunk_plugin after_init 55550000, False {{(pid=103163) subscribe /opt/stack/data/venv/lib/python3.12/site-packages/neutron_lib/callbacks/manager.py:52}}
May 06 04:20:59.952098 np0000172168 devstack@neutron-api.service[103164]: DEBUG neutron.api.extensions [None req-beb2c095-77bb-4c29-b4ef-ba0104131af3 None None] Ext name="Local IP" alias="local_ip" description="Support Node Local Virtual IP" updated="2021-07-26T10:00:00-00:00" {{(pid=103164) _check_extension /opt/stack/neutron/neutron/api/extensions.py:415}}
May 06 04:20:59.952224 np0000172168 devstack@neutron-api.service[103163]: DEBUG neutron_lib.callbacks.manager [None req-edadd870-7119-4491-8914-cf6831d4a753 None None] Subscribe: > logging-plugin after_init 55550000, False {{(pid=103163) subscribe /opt/stack/data/venv/lib/python3.12/site-packages/neutron_lib/callbacks/manager.py:52}}
May 06 04:20:59.952313 np0000172168 devstack@neutron-api.service[103164]: INFO neutron.api.extensions [None req-beb2c095-77bb-4c29-b4ef-ba0104131af3 None None] Extension local_ip not supported by any of loaded plugins
May 06 04:20:59.952394 np0000172168 devstack@neutron-api.service[103164]: DEBUG neutron.api.extensions [None req-beb2c095-77bb-4c29-b4ef-ba0104131af3 None None] Loading extension file: logging.py {{(pid=103164) _load_all_extensions_from_path /opt/stack/neutron/neutron/api/extensions.py:449}}
May 06 04:20:59.952709 np0000172168 devstack@neutron-api.service[103164]: DEBUG neutron.api.extensions [None req-beb2c095-77bb-4c29-b4ef-ba0104131af3 None None] Ext name="Logging API Extension" alias="logging" description="Provides a logging API for resources such as security group and firewall." updated="2017-01-01T10:00:00-00:00" {{(pid=103164) _check_extension /opt/stack/neutron/neutron/api/extensions.py:415}}
May 06 04:20:59.952746 np0000172168 devstack@neutron-api.service[103163]: INFO neutron.services.logapi.drivers.ovn.driver [None req-edadd870-7119-4491-8914-cf6831d4a753 None None] OVN logging driver registered
May 06 04:20:59.952862 np0000172168 devstack@neutron-api.service[103165]: DEBUG neutron_lib.callbacks.manager [None req-36955674-6aab-4792-a63d-7ab07ef396fd None None] Subscribe: > router before_delete 55550000, False {{(pid=103165) subscribe /opt/stack/data/venv/lib/python3.12/site-packages/neutron_lib/callbacks/manager.py:52}}
May 06 04:20:59.952896 np0000172168 devstack@neutron-api.service[103164]: INFO neutron.api.extensions [None req-beb2c095-77bb-4c29-b4ef-ba0104131af3 None None] Extension logging not supported by any of loaded plugins
May 06 04:20:59.952951 np0000172168 devstack@neutron-api.service[103164]: DEBUG neutron.api.extensions [None req-beb2c095-77bb-4c29-b4ef-ba0104131af3 None None] Loading extension file: metering.py {{(pid=103164) _load_all_extensions_from_path /opt/stack/neutron/neutron/api/extensions.py:449}}
May 06 04:20:59.953012 np0000172168 devstack@neutron-api.service[103165]: DEBUG neutron_lib.callbacks.manager [None req-36955674-6aab-4792-a63d-7ab07ef396fd None None] Subscribe: port after_update 55550000, False {{(pid=103165) subscribe /opt/stack/data/venv/lib/python3.12/site-packages/neutron_lib/callbacks/manager.py:52}}
May 06 04:20:59.953131 np0000172168 devstack@neutron-api.service[103165]: DEBUG neutron_lib.callbacks.manager [None req-36955674-6aab-4792-a63d-7ab07ef396fd None None] Subscribe: port after_delete 55550000, False {{(pid=103165) subscribe /opt/stack/data/venv/lib/python3.12/site-packages/neutron_lib/callbacks/manager.py:52}}
May 06 04:20:59.953261 np0000172168 devstack@neutron-api.service[103165]: DEBUG neutron_lib.callbacks.manager [None req-36955674-6aab-4792-a63d-7ab07ef396fd None None] Subscribe: subnet after_update 55550000, False {{(pid=103165) subscribe /opt/stack/data/venv/lib/python3.12/site-packages/neutron_lib/callbacks/manager.py:52}}
May 06 04:20:59.953395 np0000172168 devstack@neutron-api.service[103165]: DEBUG neutron_lib.callbacks.manager [None req-36955674-6aab-4792-a63d-7ab07ef396fd None None] Subscribe: subnetpool_address_scope after_update 55550000, False {{(pid=103165) subscribe /opt/stack/data/venv/lib/python3.12/site-packages/neutron_lib/callbacks/manager.py:52}}
May 06 04:20:59.953427 np0000172168 devstack@neutron-api.service[103164]: DEBUG neutron.api.extensions [None req-beb2c095-77bb-4c29-b4ef-ba0104131af3 None None] Ext name="Neutron Metering" alias="metering" description="Neutron Metering extension." updated="2013-06-12T10:00:00-00:00" {{(pid=103164) _check_extension /opt/stack/neutron/neutron/api/extensions.py:415}}
May 06 04:20:59.953514 np0000172168 devstack@neutron-api.service[103165]: DEBUG neutron_lib.callbacks.manager [None req-36955674-6aab-4792-a63d-7ab07ef396fd None None] Subscribe: port before_update 55550000, False {{(pid=103165) subscribe /opt/stack/data/venv/lib/python3.12/site-packages/neutron_lib/callbacks/manager.py:52}}
May 06 04:20:59.953599 np0000172168 devstack@neutron-api.service[103164]: INFO neutron.api.extensions [None req-beb2c095-77bb-4c29-b4ef-ba0104131af3 None None] Extension metering not supported by any of loaded plugins
May 06 04:20:59.953645 np0000172168 devstack@neutron-api.service[103165]: DEBUG neutron_lib.callbacks.manager [None req-36955674-6aab-4792-a63d-7ab07ef396fd None None] Subscribe: port after_update 55550000, False {{(pid=103165) subscribe /opt/stack/data/venv/lib/python3.12/site-packages/neutron_lib/callbacks/manager.py:52}}
May 06 04:20:59.953686 np0000172168 devstack@neutron-api.service[103164]: DEBUG neutron.api.extensions [None req-beb2c095-77bb-4c29-b4ef-ba0104131af3 None None] Loading extension file: metering_source_and_destination_fields.py {{(pid=103164) _load_all_extensions_from_path /opt/stack/neutron/neutron/api/extensions.py:449}}
May 06 04:20:59.953729 np0000172168 devstack@neutron-api.service[103165]: DEBUG neutron_lib.callbacks.manager [None req-36955674-6aab-4792-a63d-7ab07ef396fd None None] Subscribe: > port precommit_delete 55550000, False {{(pid=103165) subscribe /opt/stack/data/venv/lib/python3.12/site-packages/neutron_lib/callbacks/manager.py:52}}
May 06 04:20:59.953811 np0000172168 devstack@neutron-api.service[103165]: DEBUG neutron_lib.callbacks.manager [None req-36955674-6aab-4792-a63d-7ab07ef396fd None None] Subscribe: port before_update 55550000, False {{(pid=103165) subscribe /opt/stack/data/venv/lib/python3.12/site-packages/neutron_lib/callbacks/manager.py:52}}
May 06 04:20:59.953932 np0000172168 devstack@neutron-api.service[103165]: DEBUG neutron_lib.callbacks.manager [None req-36955674-6aab-4792-a63d-7ab07ef396fd None None] Subscribe: port before_delete 55550000, False {{(pid=103165) subscribe /opt/stack/data/venv/lib/python3.12/site-packages/neutron_lib/callbacks/manager.py:52}}
May 06 04:20:59.953963 np0000172168 devstack@neutron-api.service[103164]: DEBUG neutron.api.extensions [None req-beb2c095-77bb-4c29-b4ef-ba0104131af3 None None] Ext name="Neutron Metering with source and destination filtering" alias="metering_source_and_destination_fields" description="Neutron Metering extension that enables the use of source and destination IP prefixes to create metering label rules." updated="2020-08-21T08:12:00-00:00" {{(pid=103164) _check_extension /opt/stack/neutron/neutron/api/extensions.py:415}}
May 06 04:20:59.954028 np0000172168 devstack@neutron-api.service[103165]: DEBUG neutron_lib.callbacks.manager [None req-36955674-6aab-4792-a63d-7ab07ef396fd None None] Subscribe: > router precommit_create 55550000, False {{(pid=103165) subscribe /opt/stack/data/venv/lib/python3.12/site-packages/neutron_lib/callbacks/manager.py:52}}
May 06 04:20:59.954102 np0000172168 devstack@neutron-api.service[103164]: INFO neutron.api.extensions [None req-beb2c095-77bb-4c29-b4ef-ba0104131af3 None None] Extension metering_source_and_destination_fields not supported by any of loaded plugins
May 06 04:20:59.954132 np0000172168 devstack@neutron-api.service[103165]: DEBUG neutron_lib.callbacks.manager [None req-36955674-6aab-4792-a63d-7ab07ef396fd None None] Subscribe: > router precommit_create 55550000, False {{(pid=103165) subscribe /opt/stack/data/venv/lib/python3.12/site-packages/neutron_lib/callbacks/manager.py:52}}
May 06 04:20:59.954185 np0000172168 devstack@neutron-api.service[103164]: DEBUG neutron.api.extensions [None req-beb2c095-77bb-4c29-b4ef-ba0104131af3 None None] Loading extension file: multiprovidernet.py {{(pid=103164) _load_all_extensions_from_path /opt/stack/neutron/neutron/api/extensions.py:449}}
May 06 04:20:59.954256 np0000172168 devstack@neutron-api.service[103165]: DEBUG neutron_lib.callbacks.manager [None req-36955674-6aab-4792-a63d-7ab07ef396fd None None] Subscribe: > router precommit_update 55550000, False {{(pid=103165) subscribe /opt/stack/data/venv/lib/python3.12/site-packages/neutron_lib/callbacks/manager.py:52}}
May 06 04:20:59.954376 np0000172168 devstack@neutron-api.service[103165]: DEBUG neutron_lib.callbacks.manager [None req-36955674-6aab-4792-a63d-7ab07ef396fd None None] Subscribe: subnet after_update 55550000, False {{(pid=103165) subscribe /opt/stack/data/venv/lib/python3.12/site-packages/neutron_lib/callbacks/manager.py:52}}
May 06 04:20:59.954448 np0000172168 devstack@neutron-api.service[103164]: DEBUG neutron.api.extensions [None req-beb2c095-77bb-4c29-b4ef-ba0104131af3 None None] Ext name="Multi Provider Network" alias="multi-provider" description="Expose mapping of virtual networks to multiple physical networks" updated="2013-06-27T10:00:00-00:00" {{(pid=103164) _check_extension /opt/stack/neutron/neutron/api/extensions.py:415}}
May 06 04:20:59.954597 np0000172168 devstack@neutron-api.service[103164]: INFO neutron.api.extensions [None req-beb2c095-77bb-4c29-b4ef-ba0104131af3 None None] Loaded extension: multi-provider
May 06 04:20:59.954711 np0000172168 devstack@neutron-api.service[103164]: DEBUG neutron.api.extensions [None req-beb2c095-77bb-4c29-b4ef-ba0104131af3 None None] Loading extension file: netmtu.py {{(pid=103164) _load_all_extensions_from_path /opt/stack/neutron/neutron/api/extensions.py:449}}
May 06 04:20:59.954809 np0000172168 devstack@neutron-api.service[103163]: DEBUG neutron.plugins.ml2.plugin [None req-edadd870-7119-4491-8914-cf6831d4a753 None None] neutron.plugins.ml2.plugin.Ml2Plugin method _start_rpc_notifiers called with arguments () {} {{(pid=103163) wrapper /opt/stack/data/venv/lib/python3.12/site-packages/oslo_log/helpers.py:77}}
May 06 04:20:59.954911 np0000172168 devstack@neutron-api.service[103164]: DEBUG neutron.api.extensions [None req-beb2c095-77bb-4c29-b4ef-ba0104131af3 None None] Ext name="Network MTU" alias="net-mtu" description="Provides MTU attribute for a network resource." updated="2015-03-25T10:00:00-00:00" {{(pid=103164) _check_extension /opt/stack/neutron/neutron/api/extensions.py:415}}
May 06 04:20:59.955091 np0000172168 devstack@neutron-api.service[103164]: INFO neutron.api.extensions [None req-beb2c095-77bb-4c29-b4ef-ba0104131af3 None None] Loaded extension: net-mtu
May 06 04:20:59.955144 np0000172168 devstack@neutron-api.service[103165]: DEBUG neutron.quota.resource_registry [None req-36955674-6aab-4792-a63d-7ab07ef396fd None None] Tracking information for resource: router configured {{(pid=103165) set_tracked_resource /opt/stack/neutron/neutron/quota/resource_registry.py:203}}
May 06 04:20:59.955177 np0000172168 devstack@neutron-api.service[103164]: DEBUG neutron.api.extensions [None req-beb2c095-77bb-4c29-b4ef-ba0104131af3 None None] Loading extension file: netmtu_writable.py {{(pid=103164) _load_all_extensions_from_path /opt/stack/neutron/neutron/api/extensions.py:449}}
May 06 04:20:59.955236 np0000172168 devstack@neutron-api.service[103163]: DEBUG neutron_lib.callbacks.manager [None req-edadd870-7119-4491-8914-cf6831d4a753 None None] Subscribe: > port after_create 55550000, False {{(pid=103163) subscribe /opt/stack/data/venv/lib/python3.12/site-packages/neutron_lib/callbacks/manager.py:52}}
May 06 04:20:59.955324 np0000172168 devstack@neutron-api.service[103165]: DEBUG neutron.quota.resource_registry [None req-36955674-6aab-4792-a63d-7ab07ef396fd None None] Tracking information for resource: floatingip configured {{(pid=103165) set_tracked_resource /opt/stack/neutron/neutron/quota/resource_registry.py:203}}
May 06 04:20:59.955398 np0000172168 devstack@neutron-api.service[103164]: DEBUG neutron.api.extensions [None req-beb2c095-77bb-4c29-b4ef-ba0104131af3 None None] Ext name="Network MTU (writable)" alias="net-mtu-writable" description="Provides a writable MTU attribute for a network resource." updated="2017-07-12T00:00:00-00:00" {{(pid=103164) _check_extension /opt/stack/neutron/neutron/api/extensions.py:415}}
May 06 04:20:59.955433 np0000172168 devstack@neutron-api.service[103165]: INFO neutron.services.ovn_l3.plugin [None req-36955674-6aab-4792-a63d-7ab07ef396fd None None] Starting OVNL3RouterPlugin
May 06 04:20:59.955458 np0000172168 devstack@neutron-api.service[103163]: DEBUG neutron_lib.callbacks.manager [None req-edadd870-7119-4491-8914-cf6831d4a753 None None] Subscribe: > port after_update 55550000, False {{(pid=103163) subscribe /opt/stack/data/venv/lib/python3.12/site-packages/neutron_lib/callbacks/manager.py:52}}
May 06 04:20:59.955562 np0000172168 devstack@neutron-api.service[103164]: INFO neutron.api.extensions [None req-beb2c095-77bb-4c29-b4ef-ba0104131af3 None None] Loaded extension: net-mtu-writable
May 06 04:20:59.955597 np0000172168 devstack@neutron-api.service[103163]: DEBUG neutron_lib.callbacks.manager [None req-edadd870-7119-4491-8914-cf6831d4a753 None None] Subscribe: > port after_delete 55550000, False {{(pid=103163) subscribe /opt/stack/data/venv/lib/python3.12/site-packages/neutron_lib/callbacks/manager.py:52}}
May 06 04:20:59.955655 np0000172168 devstack@neutron-api.service[103164]: DEBUG neutron.api.extensions [None req-beb2c095-77bb-4c29-b4ef-ba0104131af3 None None] Loading extension file: network_availability_zone.py {{(pid=103164) _load_all_extensions_from_path /opt/stack/neutron/neutron/api/extensions.py:449}}
May 06 04:20:59.955714 np0000172168 devstack@neutron-api.service[103165]: DEBUG neutron_lib.callbacks.manager [None req-36955674-6aab-4792-a63d-7ab07ef396fd None None] Subscribe: > port_forwarding_plugin after_init 55550000, False {{(pid=103165) subscribe /opt/stack/data/venv/lib/python3.12/site-packages/neutron_lib/callbacks/manager.py:52}}
May 06 04:20:59.955773 np0000172168 devstack@neutron-api.service[103163]: DEBUG neutron_lib.callbacks.manager [None req-edadd870-7119-4491-8914-cf6831d4a753 None None] Subscribe: > subnet after_create 55550000, False {{(pid=103163) subscribe /opt/stack/data/venv/lib/python3.12/site-packages/neutron_lib/callbacks/manager.py:52}}
May 06 04:20:59.955845 np0000172168 devstack@neutron-api.service[103163]: DEBUG neutron_lib.callbacks.manager [None req-edadd870-7119-4491-8914-cf6831d4a753 None None] Subscribe: > subnet after_update 55550000, False {{(pid=103163) subscribe /opt/stack/data/venv/lib/python3.12/site-packages/neutron_lib/callbacks/manager.py:52}}
May 06 04:20:59.955936 np0000172168 devstack@neutron-api.service[103164]: DEBUG neutron.api.extensions [None req-beb2c095-77bb-4c29-b4ef-ba0104131af3 None None] Ext name="Network Availability Zone" alias="network_availability_zone" description="Availability zone support for network." updated="2015-01-01T10:00:00-00:00" {{(pid=103164) _check_extension /opt/stack/neutron/neutron/api/extensions.py:415}}
May 06 04:20:59.955964 np0000172168 devstack@neutron-api.service[103165]: DEBUG neutron_lib.callbacks.manager [None req-36955674-6aab-4792-a63d-7ab07ef396fd None None] Subscribe: > router before_create 55550100, False {{(pid=103165) subscribe /opt/stack/data/venv/lib/python3.12/site-packages/neutron_lib/callbacks/manager.py:52}}
May 06 04:20:59.955993 np0000172168 devstack@neutron-api.service[103163]: DEBUG neutron_lib.callbacks.manager [None req-edadd870-7119-4491-8914-cf6831d4a753 None None] Subscribe: > subnet after_delete 55550000, False {{(pid=103163) subscribe /opt/stack/data/venv/lib/python3.12/site-packages/neutron_lib/callbacks/manager.py:52}}
May 06 04:20:59.956022 np0000172168 devstack@neutron-api.service[103165]: DEBUG neutron_lib.callbacks.manager [None req-36955674-6aab-4792-a63d-7ab07ef396fd None None] Subscribe: > router precommit_delete 55550100, False {{(pid=103165) subscribe /opt/stack/data/venv/lib/python3.12/site-packages/neutron_lib/callbacks/manager.py:52}}
May 06 04:20:59.956086 np0000172168 devstack@neutron-api.service[103164]: INFO neutron.api.extensions [None req-beb2c095-77bb-4c29-b4ef-ba0104131af3 None None] Loaded extension: network_availability_zone
May 06 04:20:59.956116 np0000172168 devstack@neutron-api.service[103163]: DEBUG neutron_lib.callbacks.manager [None req-edadd870-7119-4491-8914-cf6831d4a753 None None] Subscribe: > network after_create 55550000, False {{(pid=103163) subscribe /opt/stack/data/venv/lib/python3.12/site-packages/neutron_lib/callbacks/manager.py:52}}
May 06 04:20:59.956280 np0000172168 devstack@neutron-api.service[103165]: DEBUG neutron_lib.callbacks.manager [None req-36955674-6aab-4792-a63d-7ab07ef396fd None None] Subscribe: > router precommit_create 55550100, False {{(pid=103165) subscribe /opt/stack/data/venv/lib/python3.12/site-packages/neutron_lib/callbacks/manager.py:52}}
May 06 04:20:59.956317 np0000172168 devstack@neutron-api.service[103164]: DEBUG neutron.api.extensions [None req-beb2c095-77bb-4c29-b4ef-ba0104131af3 None None] Loading extension file: network_ha.py {{(pid=103164) _load_all_extensions_from_path /opt/stack/neutron/neutron/api/extensions.py:449}}
May 06 04:20:59.956349 np0000172168 devstack@neutron-api.service[103165]: DEBUG neutron_lib.callbacks.manager [None req-36955674-6aab-4792-a63d-7ab07ef396fd None None] Subscribe: > router precommit_update 55550100, False {{(pid=103165) subscribe /opt/stack/data/venv/lib/python3.12/site-packages/neutron_lib/callbacks/manager.py:52}}
May 06 04:20:59.956452 np0000172168 devstack@neutron-api.service[103163]: DEBUG neutron_lib.callbacks.manager [None req-edadd870-7119-4491-8914-cf6831d4a753 None None] Subscribe: > network after_update 55550000, False {{(pid=103163) subscribe /opt/stack/data/venv/lib/python3.12/site-packages/neutron_lib/callbacks/manager.py:52}}
May 06 04:20:59.956490 np0000172168 devstack@neutron-api.service[103164]: DEBUG neutron.api.extensions [None req-beb2c095-77bb-4c29-b4ef-ba0104131af3 None None] Ext name="Network HA creation flag" alias="network_ha" description="Network high availability creation flag." updated="2023-04-27T10:00:00-00:00" {{(pid=103164) _check_extension /opt/stack/neutron/neutron/api/extensions.py:415}}
May 06 04:20:59.956595 np0000172168 devstack@neutron-api.service[103163]: DEBUG neutron_lib.callbacks.manager [None req-edadd870-7119-4491-8914-cf6831d4a753 None None] Subscribe: > network after_delete 55550000, False {{(pid=103163) subscribe /opt/stack/data/venv/lib/python3.12/site-packages/neutron_lib/callbacks/manager.py:52}}
May 06 04:20:59.956595 np0000172168 devstack@neutron-api.service[103163]: DEBUG neutron_lib.callbacks.manager [None req-edadd870-7119-4491-8914-cf6831d4a753 None None] Subscribe: > security_group after_create 55550000, False {{(pid=103163) subscribe /opt/stack/data/venv/lib/python3.12/site-packages/neutron_lib/callbacks/manager.py:52}}
May 06 04:20:59.956694 np0000172168 devstack@neutron-api.service[103164]: INFO neutron.api.extensions [None req-beb2c095-77bb-4c29-b4ef-ba0104131af3 None None] Extension network_ha not supported by any of loaded plugins
May 06 04:20:59.956694 np0000172168 devstack@neutron-api.service[103164]: DEBUG neutron.api.extensions [None req-beb2c095-77bb-4c29-b4ef-ba0104131af3 None None] Loading extension file: network_ip_availability.py {{(pid=103164) _load_all_extensions_from_path /opt/stack/neutron/neutron/api/extensions.py:449}}
May 06 04:20:59.956777 np0000172168 devstack@neutron-api.service[103163]: DEBUG neutron_lib.callbacks.manager [None req-edadd870-7119-4491-8914-cf6831d4a753 None None] Subscribe: > security_group after_update 55550000, False {{(pid=103163) subscribe /opt/stack/data/venv/lib/python3.12/site-packages/neutron_lib/callbacks/manager.py:52}}
May 06 04:20:59.956918 np0000172168 devstack@neutron-api.service[103164]: DEBUG neutron.api.extensions [None req-beb2c095-77bb-4c29-b4ef-ba0104131af3 None None] Ext name="Network IP Availability" alias="network-ip-availability" description="Provides IP availability data for each network and subnet." updated="2015-09-24T00:00:00-00:00" {{(pid=103164) _check_extension /opt/stack/neutron/neutron/api/extensions.py:415}}
May 06 04:20:59.956972 np0000172168 devstack@neutron-api.service[103163]: DEBUG neutron_lib.callbacks.manager [None req-edadd870-7119-4491-8914-cf6831d4a753 None None] Subscribe: > security_group after_delete 55550000, False {{(pid=103163) subscribe /opt/stack/data/venv/lib/python3.12/site-packages/neutron_lib/callbacks/manager.py:52}}
May 06 04:20:59.957075 np0000172168 devstack@neutron-api.service[103163]: DEBUG neutron_lib.callbacks.manager [None req-edadd870-7119-4491-8914-cf6831d4a753 None None] Subscribe: > security_group_rule after_create 55550000, False {{(pid=103163) subscribe /opt/stack/data/venv/lib/python3.12/site-packages/neutron_lib/callbacks/manager.py:52}}
May 06 04:20:59.957127 np0000172168 devstack@neutron-api.service[103164]: INFO neutron.api.extensions [None req-beb2c095-77bb-4c29-b4ef-ba0104131af3 None None] Loaded extension: network-ip-availability
May 06 04:20:59.957167 np0000172168 devstack@neutron-api.service[103164]: DEBUG neutron.api.extensions [None req-beb2c095-77bb-4c29-b4ef-ba0104131af3 None None] Loading extension file: network_ip_availability_details.py {{(pid=103164) _load_all_extensions_from_path /opt/stack/neutron/neutron/api/extensions.py:449}}
May 06 04:20:59.957221 np0000172168 devstack@neutron-api.service[103163]: DEBUG neutron_lib.callbacks.manager [None req-edadd870-7119-4491-8914-cf6831d4a753 None None] Subscribe: > security_group_rule after_update 55550000, False {{(pid=103163) subscribe /opt/stack/data/venv/lib/python3.12/site-packages/neutron_lib/callbacks/manager.py:52}}
May 06 04:20:59.957373 np0000172168 devstack@neutron-api.service[103163]: DEBUG neutron_lib.callbacks.manager [None req-edadd870-7119-4491-8914-cf6831d4a753 None None] Subscribe: > security_group_rule after_delete 55550000, False {{(pid=103163) subscribe /opt/stack/data/venv/lib/python3.12/site-packages/neutron_lib/callbacks/manager.py:52}}
May 06 04:20:59.957420 np0000172168 devstack@neutron-api.service[103164]: DEBUG neutron.api.extensions [None req-beb2c095-77bb-4c29-b4ef-ba0104131af3 None None] Ext name="Network IP Availability Details Extension" alias="network-ip-availability-details" description="Add ip_availability_details attribute to network-ip-availabilities resource." updated="2025-10-31T00:00:00-00:00" {{(pid=103164) _check_extension /opt/stack/neutron/neutron/api/extensions.py:415}}
May 06 04:20:59.957512 np0000172168 devstack@neutron-api.service[103163]: DEBUG neutron_lib.callbacks.manager [None req-edadd870-7119-4491-8914-cf6831d4a753 None None] Subscribe: > address_group after_create 55550000, False {{(pid=103163) subscribe /opt/stack/data/venv/lib/python3.12/site-packages/neutron_lib/callbacks/manager.py:52}}
May 06 04:20:59.957592 np0000172168 devstack@neutron-api.service[103164]: INFO neutron.api.extensions [None req-beb2c095-77bb-4c29-b4ef-ba0104131af3 None None] Loaded extension: network-ip-availability-details
May 06 04:20:59.957675 np0000172168 devstack@neutron-api.service[103163]: DEBUG neutron_lib.callbacks.manager [None req-edadd870-7119-4491-8914-cf6831d4a753 None None] Subscribe: > address_group after_update 55550000, False {{(pid=103163) subscribe /opt/stack/data/venv/lib/python3.12/site-packages/neutron_lib/callbacks/manager.py:52}}
May 06 04:20:59.957753 np0000172168 devstack@neutron-api.service[103164]: DEBUG neutron.api.extensions [None req-beb2c095-77bb-4c29-b4ef-ba0104131af3 None None] Loading extension file: network_segment_range.py {{(pid=103164) _load_all_extensions_from_path /opt/stack/neutron/neutron/api/extensions.py:449}}
