May 06 04:21:01.375828 np0000172168 neutron-periodic-workers[104968]: DEBUG cotyledon.oslo_config_glue [-] database.backend = sqlalchemy {{(pid=104968) log_opt_values /opt/stack/data/venv/lib/python3.12/site-packages/oslo_config/cfg.py:3006}}
May 06 04:21:01.375828 np0000172168 neutron-periodic-workers[104968]: DEBUG cotyledon.oslo_config_glue [-] database.connection = **** {{(pid=104968) log_opt_values /opt/stack/data/venv/lib/python3.12/site-packages/oslo_config/cfg.py:3006}}
May 06 04:21:01.375828 np0000172168 neutron-periodic-workers[104968]: DEBUG cotyledon.oslo_config_glue [-] database.connection_debug = 0 {{(pid=104968) log_opt_values /opt/stack/data/venv/lib/python3.12/site-packages/oslo_config/cfg.py:3006}}
May 06 04:21:01.375828 np0000172168 neutron-periodic-workers[104968]: DEBUG cotyledon.oslo_config_glue [-] database.connection_parameters = {{(pid=104968) log_opt_values /opt/stack/data/venv/lib/python3.12/site-packages/oslo_config/cfg.py:3006}}
May 06 04:21:01.375828 np0000172168 neutron-periodic-workers[104968]: DEBUG cotyledon.oslo_config_glue [-] database.connection_recycle_time = 3600 {{(pid=104968) log_opt_values /opt/stack/data/venv/lib/python3.12/site-packages/oslo_config/cfg.py:3006}}
May 06 04:21:01.375828 np0000172168 neutron-periodic-workers[104968]: DEBUG cotyledon.oslo_config_glue [-] database.connection_trace = False {{(pid=104968) log_opt_values /opt/stack/data/venv/lib/python3.12/site-packages/oslo_config/cfg.py:3006}}
May 06 04:21:01.375828 np0000172168 neutron-periodic-workers[104968]: DEBUG cotyledon.oslo_config_glue [-] database.db_inc_retry_interval = True {{(pid=104968) log_opt_values /opt/stack/data/venv/lib/python3.12/site-packages/oslo_config/cfg.py:3006}}
May 06 04:21:01.376064 np0000172168 neutron-periodic-workers[104968]: DEBUG cotyledon.oslo_config_glue [-] database.db_max_retries = 20 {{(pid=104968) log_opt_values /opt/stack/data/venv/lib/python3.12/site-packages/oslo_config/cfg.py:3006}}
May 06 04:21:01.376064 np0000172168 neutron-periodic-workers[104968]: DEBUG cotyledon.oslo_config_glue [-] database.db_max_retry_interval = 10 {{(pid=104968) log_opt_values /opt/stack/data/venv/lib/python3.12/site-packages/oslo_config/cfg.py:3006}}
May 06 04:21:01.376064 np0000172168 neutron-periodic-workers[104968]: DEBUG cotyledon.oslo_config_glue [-] database.db_retry_interval = 1 {{(pid=104968) log_opt_values /opt/stack/data/venv/lib/python3.12/site-packages/oslo_config/cfg.py:3006}}
May 06 04:21:01.376064 np0000172168 neutron-periodic-workers[104968]: DEBUG cotyledon.oslo_config_glue [-] database.max_overflow = 50 {{(pid=104968) log_opt_values /opt/stack/data/venv/lib/python3.12/site-packages/oslo_config/cfg.py:3006}}
May 06 04:21:01.376064 np0000172168 neutron-periodic-workers[104968]: DEBUG cotyledon.oslo_config_glue [-] database.max_pool_size = 5 {{(pid=104968) log_opt_values /opt/stack/data/venv/lib/python3.12/site-packages/oslo_config/cfg.py:3006}}
May 06 04:21:01.376064 np0000172168 neutron-periodic-workers[104968]: DEBUG cotyledon.oslo_config_glue [-] database.max_retries = 10 {{(pid=104968) log_opt_values /opt/stack/data/venv/lib/python3.12/site-packages/oslo_config/cfg.py:3006}}
May 06 04:21:01.376732 np0000172168 neutron-periodic-workers[104968]: DEBUG cotyledon.oslo_config_glue [-] database.mysql_sql_mode = TRADITIONAL {{(pid=104968) log_opt_values /opt/stack/data/venv/lib/python3.12/site-packages/oslo_config/cfg.py:3006}}
May 06 04:21:01.376732 np0000172168 neutron-periodic-workers[104968]: DEBUG cotyledon.oslo_config_glue [-] database.mysql_wsrep_sync_wait = None {{(pid=104968) log_opt_values /opt/stack/data/venv/lib/python3.12/site-packages/oslo_config/cfg.py:3006}}
May 06 04:21:01.376732 np0000172168 neutron-periodic-workers[104968]: DEBUG cotyledon.oslo_config_glue [-] database.pool_timeout = None {{(pid=104968) log_opt_values /opt/stack/data/venv/lib/python3.12/site-packages/oslo_config/cfg.py:3006}}
May 06 04:21:01.376732 np0000172168 neutron-periodic-workers[104968]: DEBUG cotyledon.oslo_config_glue [-] database.retry_interval = 10 {{(pid=104968) log_opt_values /opt/stack/data/venv/lib/python3.12/site-packages/oslo_config/cfg.py:3006}}
May 06 04:21:01.376732 np0000172168 neutron-periodic-workers[104968]: DEBUG cotyledon.oslo_config_glue [-] database.slave_connection = **** {{(pid=104968) log_opt_values /opt/stack/data/venv/lib/python3.12/site-packages/oslo_config/cfg.py:3006}}
May 06 04:21:01.376732 np0000172168 neutron-periodic-workers[104968]: DEBUG cotyledon.oslo_config_glue [-] database.sqlite_synchronous = True {{(pid=104968) log_opt_values /opt/stack/data/venv/lib/python3.12/site-packages/oslo_config/cfg.py:3006}}
May 06 04:21:01.376732 np0000172168 neutron-periodic-workers[104968]: DEBUG cotyledon.oslo_config_glue [-] database.synchronous_reader = True {{(pid=104968) log_opt_values /opt/stack/data/venv/lib/python3.12/site-packages/oslo_config/cfg.py:3006}}
May 06 04:21:01.376732 np0000172168 neutron-periodic-workers[104968]: DEBUG cotyledon.oslo_config_glue [-] database.use_db_reconnect = False {{(pid=104968) log_opt_values /opt/stack/data/venv/lib/python3.12/site-packages/oslo_config/cfg.py:3006}}
May 06 04:21:01.376732 np0000172168 neutron-periodic-workers[104968]: DEBUG cotyledon.oslo_config_glue [-] ovn.bfd_min_rx = 1000 {{(pid=104968) log_opt_values /opt/stack/data/venv/lib/python3.12/site-packages/oslo_config/cfg.py:3006}}
May 06 04:21:01.376993 np0000172168 neutron-periodic-workers[104968]: DEBUG cotyledon.oslo_config_glue [-] ovn.bfd_min_tx = 100 {{(pid=104968) log_opt_values /opt/stack/data/venv/lib/python3.12/site-packages/oslo_config/cfg.py:3006}}
May 06 04:21:01.376993 np0000172168 neutron-periodic-workers[104968]: DEBUG cotyledon.oslo_config_glue [-] ovn.bfd_mult = 3 {{(pid=104968) log_opt_values /opt/stack/data/venv/lib/python3.12/site-packages/oslo_config/cfg.py:3006}}
May 06 04:21:01.376993 np0000172168 neutron-periodic-workers[104968]: DEBUG cotyledon.oslo_config_glue [-] ovn.broadcast_arps_to_all_routers = True {{(pid=104968) log_opt_values /opt/stack/data/venv/lib/python3.12/site-packages/oslo_config/cfg.py:3006}}
May 06 04:21:01.376993 np0000172168 neutron-periodic-workers[104968]: DEBUG cotyledon.oslo_config_glue [-] ovn.dhcp_default_lease_time = 43200 {{(pid=104968) log_opt_values /opt/stack/data/venv/lib/python3.12/site-packages/oslo_config/cfg.py:3006}}
May 06 04:21:01.376993 np0000172168 neutron-periodic-workers[104968]: DEBUG cotyledon.oslo_config_glue [-] ovn.disable_ovn_dhcp_for_baremetal_ports = False {{(pid=104968) log_opt_values /opt/stack/data/venv/lib/python3.12/site-packages/oslo_config/cfg.py:3006}}
May 06 04:21:01.376993 np0000172168 neutron-periodic-workers[104968]: DEBUG cotyledon.oslo_config_glue [-] ovn.dns_records_ovn_owned = False {{(pid=104968) log_opt_values /opt/stack/data/venv/lib/python3.12/site-packages/oslo_config/cfg.py:3006}}
May 06 04:21:01.376993 np0000172168 neutron-periodic-workers[104968]: DEBUG cotyledon.oslo_config_glue [-] ovn.dns_servers = [] {{(pid=104968) log_opt_values /opt/stack/data/venv/lib/python3.12/site-packages/oslo_config/cfg.py:3006}}
May 06 04:21:01.376993 np0000172168 neutron-periodic-workers[104968]: DEBUG cotyledon.oslo_config_glue [-] ovn.enable_distributed_floating_ip = False {{(pid=104968) log_opt_values /opt/stack/data/venv/lib/python3.12/site-packages/oslo_config/cfg.py:3006}}
May 06 04:21:01.376993 np0000172168 neutron-periodic-workers[104968]: DEBUG cotyledon.oslo_config_glue [-] ovn.fdb_age_threshold = 300 {{(pid=104968) log_opt_values /opt/stack/data/venv/lib/python3.12/site-packages/oslo_config/cfg.py:3006}}
May 06 04:21:01.377265 np0000172168 neutron-periodic-workers[104968]: DEBUG cotyledon.oslo_config_glue [-] ovn.ha_failover_strategy = normal {{(pid=104968) log_opt_values /opt/stack/data/venv/lib/python3.12/site-packages/oslo_config/cfg.py:3006}}
May 06 04:21:01.377265 np0000172168 neutron-periodic-workers[104968]: DEBUG cotyledon.oslo_config_glue [-] ovn.live_migration_activation_strategy = rarp {{(pid=104968) log_opt_values /opt/stack/data/venv/lib/python3.12/site-packages/oslo_config/cfg.py:3006}}
May 06 04:21:01.377265 np0000172168 neutron-periodic-workers[104968]: DEBUG cotyledon.oslo_config_glue [-] ovn.localnet_learn_fdb = False {{(pid=104968) log_opt_values /opt/stack/data/venv/lib/python3.12/site-packages/oslo_config/cfg.py:3006}}
May 06 04:21:01.377265 np0000172168 neutron-periodic-workers[104968]: DEBUG cotyledon.oslo_config_glue [-] ovn.mac_binding_age_threshold = 300 {{(pid=104968) log_opt_values /opt/stack/data/venv/lib/python3.12/site-packages/oslo_config/cfg.py:3006}}
May 06 04:21:01.377265 np0000172168 neutron-periodic-workers[104968]: DEBUG cotyledon.oslo_config_glue [-] ovn.neutron_sync_mode = log {{(pid=104968) log_opt_values /opt/stack/data/venv/lib/python3.12/site-packages/oslo_config/cfg.py:3006}}
May 06 04:21:01.377265 np0000172168 neutron-periodic-workers[104968]: DEBUG cotyledon.oslo_config_glue [-] ovn.ovn_dhcp4_global_options = {} {{(pid=104968) log_opt_values /opt/stack/data/venv/lib/python3.12/site-packages/oslo_config/cfg.py:3006}}
May 06 04:21:01.377265 np0000172168 neutron-periodic-workers[104968]: DEBUG cotyledon.oslo_config_glue [-] ovn.ovn_dhcp6_global_options = {} {{(pid=104968) log_opt_values /opt/stack/data/venv/lib/python3.12/site-packages/oslo_config/cfg.py:3006}}
May 06 04:21:01.377265 np0000172168 neutron-periodic-workers[104968]: DEBUG cotyledon.oslo_config_glue [-] ovn.ovn_l3_scheduler = leastloaded {{(pid=104968) log_opt_values /opt/stack/data/venv/lib/python3.12/site-packages/oslo_config/cfg.py:3006}}
May 06 04:21:01.377498 np0000172168 neutron-periodic-workers[104968]: DEBUG cotyledon.oslo_config_glue [-] ovn.ovn_metadata_enabled = True {{(pid=104968) log_opt_values /opt/stack/data/venv/lib/python3.12/site-packages/oslo_config/cfg.py:3006}}
May 06 04:21:01.377498 np0000172168 neutron-periodic-workers[104968]: DEBUG cotyledon.oslo_config_glue [-] ovn.ovn_nb_ca_cert = /opt/stack/data/CA/int-ca/ca-chain.pem {{(pid=104968) log_opt_values /opt/stack/data/venv/lib/python3.12/site-packages/oslo_config/cfg.py:3006}}
May 06 04:21:01.377498 np0000172168 neutron-periodic-workers[104968]: DEBUG cotyledon.oslo_config_glue [-] ovn.ovn_nb_certificate = /opt/stack/data/CA/int-ca/devstack-cert.crt {{(pid=104968) log_opt_values /opt/stack/data/venv/lib/python3.12/site-packages/oslo_config/cfg.py:3006}}
May 06 04:21:01.377498 np0000172168 neutron-periodic-workers[104968]: DEBUG cotyledon.oslo_config_glue [-] ovn.ovn_nb_connection = ['ssl:199.204.45.227:6641'] {{(pid=104968) log_opt_values /opt/stack/data/venv/lib/python3.12/site-packages/oslo_config/cfg.py:3006}}
May 06 04:21:01.377498 np0000172168 neutron-periodic-workers[104968]: DEBUG cotyledon.oslo_config_glue [-] ovn.ovn_nb_private_key = /opt/stack/data/CA/int-ca/private/devstack-cert.key {{(pid=104968) log_opt_values /opt/stack/data/venv/lib/python3.12/site-packages/oslo_config/cfg.py:3006}}
May 06 04:21:01.377498 np0000172168 neutron-periodic-workers[104968]: DEBUG cotyledon.oslo_config_glue [-] ovn.ovn_router_indirect_snat = False {{(pid=104968) log_opt_values /opt/stack/data/venv/lib/python3.12/site-packages/oslo_config/cfg.py:3006}}
May 06 04:21:01.377655 np0000172168 neutron-periodic-workers[104968]: DEBUG cotyledon.oslo_config_glue [-] ovn.ovn_sb_ca_cert = /opt/stack/data/CA/int-ca/ca-chain.pem {{(pid=104968) log_opt_values /opt/stack/data/venv/lib/python3.12/site-packages/oslo_config/cfg.py:3006}}
May 06 04:21:01.377655 np0000172168 neutron-periodic-workers[104968]: DEBUG cotyledon.oslo_config_glue [-] ovn.ovn_sb_certificate = /opt/stack/data/CA/int-ca/devstack-cert.crt {{(pid=104968) log_opt_values /opt/stack/data/venv/lib/python3.12/site-packages/oslo_config/cfg.py:3006}}
May 06 04:21:01.377655 np0000172168 neutron-periodic-workers[104968]: DEBUG cotyledon.oslo_config_glue [-] ovn.ovn_sb_connection = ['ssl:199.204.45.227:6642'] {{(pid=104968) log_opt_values /opt/stack/data/venv/lib/python3.12/site-packages/oslo_config/cfg.py:3006}}
May 06 04:21:01.377743 np0000172168 neutron-periodic-workers[104968]: DEBUG cotyledon.oslo_config_glue [-] ovn.ovn_sb_private_key = /opt/stack/data/CA/int-ca/private/devstack-cert.key {{(pid=104968) log_opt_values /opt/stack/data/venv/lib/python3.12/site-packages/oslo_config/cfg.py:3006}}
May 06 04:21:01.377743 np0000172168 neutron-periodic-workers[104968]: DEBUG cotyledon.oslo_config_glue [-] ovn.ovs_create_tap = False {{(pid=104968) log_opt_values /opt/stack/data/venv/lib/python3.12/site-packages/oslo_config/cfg.py:3006}}
May 06 04:21:01.377743 np0000172168 neutron-periodic-workers[104968]: DEBUG cotyledon.oslo_config_glue [-] ovn.ovsdb_connection_timeout = 180 {{(pid=104968) log_opt_values /opt/stack/data/venv/lib/python3.12/site-packages/oslo_config/cfg.py:3006}}
May 06 04:21:01.377823 np0000172168 neutron-periodic-workers[104968]: DEBUG cotyledon.oslo_config_glue [-] ovn.ovsdb_log_level = INFO {{(pid=104968) log_opt_values /opt/stack/data/venv/lib/python3.12/site-packages/oslo_config/cfg.py:3006}}
May 06 04:21:01.377857 np0000172168 neutron-periodic-workers[104968]: DEBUG cotyledon.oslo_config_glue [-] ovn.ovsdb_probe_interval = 60000 {{(pid=104968) log_opt_values /opt/stack/data/venv/lib/python3.12/site-packages/oslo_config/cfg.py:3006}}
May 06 04:21:01.377889 np0000172168 neutron-periodic-workers[104968]: DEBUG cotyledon.oslo_config_glue [-] ovn.ovsdb_retry_max_interval = 180 {{(pid=104968) log_opt_values /opt/stack/data/venv/lib/python3.12/site-packages/oslo_config/cfg.py:3006}}
May 06 04:21:01.377919 np0000172168 neutron-periodic-workers[104968]: DEBUG cotyledon.oslo_config_glue [-] ovn.stateless_nat_enabled = False {{(pid=104968) log_opt_values /opt/stack/data/venv/lib/python3.12/site-packages/oslo_config/cfg.py:3006}}
May 06 04:21:01.377983 np0000172168 neutron-periodic-workers[104968]: DEBUG cotyledon.oslo_config_glue [-] ovn.vhost_sock_dir = /var/run/openvswitch {{(pid=104968) log_opt_values /opt/stack/data/venv/lib/python3.12/site-packages/oslo_config/cfg.py:3006}}
May 06 04:21:01.378024 np0000172168 neutron-periodic-workers[104968]: DEBUG cotyledon.oslo_config_glue [-] OVS.bridge_mac_table_size = 50000 {{(pid=104968) log_opt_values /opt/stack/data/venv/lib/python3.12/site-packages/oslo_config/cfg.py:3006}}
May 06 04:21:01.378092 np0000172168 neutron-periodic-workers[104968]: DEBUG cotyledon.oslo_config_glue [-] OVS.igmp_flood = False {{(pid=104968) log_opt_values /opt/stack/data/venv/lib/python3.12/site-packages/oslo_config/cfg.py:3006}}
May 06 04:21:01.378126 np0000172168 neutron-periodic-workers[104968]: DEBUG cotyledon.oslo_config_glue [-] OVS.igmp_flood_reports = True {{(pid=104968) log_opt_values /opt/stack/data/venv/lib/python3.12/site-packages/oslo_config/cfg.py:3006}}
May 06 04:21:01.378182 np0000172168 neutron-periodic-workers[104968]: DEBUG cotyledon.oslo_config_glue [-] OVS.igmp_flood_unregistered = False {{(pid=104968) log_opt_values /opt/stack/data/venv/lib/python3.12/site-packages/oslo_config/cfg.py:3006}}
May 06 04:21:01.378230 np0000172168 neutron-periodic-workers[104968]: DEBUG cotyledon.oslo_config_glue [-] OVS.igmp_snooping_enable = False {{(pid=104968) log_opt_values /opt/stack/data/venv/lib/python3.12/site-packages/oslo_config/cfg.py:3006}}
May 06 04:21:01.378284 np0000172168 neutron-periodic-workers[104968]: DEBUG cotyledon.oslo_config_glue [-] OVS.ovsdb_timeout = 10 {{(pid=104968) log_opt_values /opt/stack/data/venv/lib/python3.12/site-packages/oslo_config/cfg.py:3006}}
May 06 04:21:01.378343 np0000172168 neutron-periodic-workers[104968]: DEBUG cotyledon.oslo_config_glue [-] ovn_nb_global.fdb_removal_limit = 0 {{(pid=104968) log_opt_values /opt/stack/data/venv/lib/python3.12/site-packages/oslo_config/cfg.py:3006}}
May 06 04:21:01.378395 np0000172168 neutron-periodic-workers[104968]: DEBUG cotyledon.oslo_config_glue [-] ovn_nb_global.ignore_lsp_down = False {{(pid=104968) log_opt_values /opt/stack/data/venv/lib/python3.12/site-packages/oslo_config/cfg.py:3006}}
May 06 04:21:01.378448 np0000172168 neutron-periodic-workers[104968]: DEBUG cotyledon.oslo_config_glue [-] ovn_nb_global.mac_binding_removal_limit = 0 {{(pid=104968) log_opt_values /opt/stack/data/venv/lib/python3.12/site-packages/oslo_config/cfg.py:3006}}
May 06 04:21:01.378487 np0000172168 neutron-periodic-workers[104968]: DEBUG cotyledon.oslo_config_glue [-] ******************************************************************************** {{(pid=104968) log_opt_values /opt/stack/data/venv/lib/python3.12/site-packages/oslo_config/cfg.py:3013}}
May 06 04:21:01.378679 np0000172168 neutron-periodic-workers[104968]: DEBUG cotyledon._service_worker [-] Run service ServiceWrapper(0) [104968] {{(pid=104968) wait_forever /opt/stack/data/venv/lib/python3.12/site-packages/cotyledon/_service_worker.py:218}}
May 06 04:21:11.017123 np0000172168 neutron-periodic-workers[104148]: DEBUG dbcounter [-] [104148] Writing DB stats neutron:SELECT=4 {{(pid=104148) stat_writer /opt/stack/data/venv/lib/python3.12/site-packages/dbcounter.py:115}}
May 06 04:21:48.373259 np0000172168 neutron-periodic-workers[104957]: DEBUG oslo_db.sqlalchemy.engines [None req-21801fd1-ceaa-4e22-b169-cc66755e5fb3 None None] Parent process 104148 forked (104957) with an open database connection, which is being discarded and recreated. {{(pid=104957) checkout /opt/stack/data/venv/lib/python3.12/site-packages/oslo_db/sqlalchemy/engines.py:402}}
May 06 04:21:48.382290 np0000172168 neutron-periodic-workers[104957]: DEBUG dbcounter [-] [104957] Writer thread running {{(pid=104957) stat_writer /opt/stack/data/venv/lib/python3.12/site-packages/dbcounter.py:102}}
May 06 04:21:48.387790 np0000172168 neutron-periodic-workers[104957]: DEBUG neutron.db.agents_db [None req-21801fd1-ceaa-4e22-b169-cc66755e5fb3 None None] Agent healthcheck: found 0 active agents {{(pid=104957) agent_health_check /opt/stack/neutron/neutron/db/agents_db.py:317}}
May 06 04:21:48.388067 np0000172168 neutron-periodic-workers[104957]: DEBUG oslo.service.backend._threading.loopingcall [None req-21801fd1-ceaa-4e22-b169-cc66755e5fb3 None None] Fixed interval looping call 'neutron.plugins.ml2.plugin.AgentDbMixin.agent_health_check' sleeping for 36.98 seconds {{(pid=104957) _run_loop /opt/stack/data/venv/lib/python3.12/site-packages/oslo_service/backend/_threading/loopingcall.py:125}}
May 06 04:21:52.363842 np0000172168 neutron-periodic-workers[104945]: DEBUG dbcounter [-] [104945] Writer thread running {{(pid=104945) stat_writer /opt/stack/data/venv/lib/python3.12/site-packages/dbcounter.py:102}}
May 06 04:21:52.376074 np0000172168 neutron-periodic-workers[104945]: DEBUG oslo.service.backend._threading.loopingcall [None req-98305b49-ccd8-42a0-b0c4-1d52512bae3c None None] Fixed interval looping call 'neutron.plugins.ml2.plugin.DhcpAgentSchedulerDbMixin.remove_networks_from_down_agents' sleeping for 36.97 seconds {{(pid=104945) _run_loop /opt/stack/data/venv/lib/python3.12/site-packages/oslo_service/backend/_threading/loopingcall.py:125}}
May 06 04:21:58.383159 np0000172168 neutron-periodic-workers[104957]: DEBUG dbcounter [-] [104957] Writing DB stats neutron:SELECT=1 {{(pid=104957) stat_writer /opt/stack/data/venv/lib/python3.12/site-packages/dbcounter.py:115}}
May 06 04:22:02.375295 np0000172168 neutron-periodic-workers[104945]: DEBUG dbcounter [-] [104945] Writing DB stats neutron:SELECT=3 {{(pid=104945) stat_writer /opt/stack/data/venv/lib/python3.12/site-packages/dbcounter.py:115}}
May 06 04:22:25.374411 np0000172168 neutron-periodic-workers[104957]: DEBUG neutron.db.agents_db [None req-21801fd1-ceaa-4e22-b169-cc66755e5fb3 None None] Agent healthcheck: found 0 active agents {{(pid=104957) agent_health_check /opt/stack/neutron/neutron/db/agents_db.py:317}}
May 06 04:22:25.375305 np0000172168 neutron-periodic-workers[104957]: DEBUG oslo.service.backend._threading.loopingcall [None req-21801fd1-ceaa-4e22-b169-cc66755e5fb3 None None] Fixed interval looping call 'neutron.plugins.ml2.plugin.AgentDbMixin.agent_health_check' sleeping for 36.99 seconds {{(pid=104957) _run_loop /opt/stack/data/venv/lib/python3.12/site-packages/oslo_service/backend/_threading/loopingcall.py:125}}
May 06 04:22:29.359601 np0000172168 neutron-periodic-workers[104945]: DEBUG oslo.service.backend._threading.loopingcall [None req-98305b49-ccd8-42a0-b0c4-1d52512bae3c None None] Fixed interval looping call 'neutron.plugins.ml2.plugin.DhcpAgentSchedulerDbMixin.remove_networks_from_down_agents' sleeping for 36.99 seconds {{(pid=104945) _run_loop /opt/stack/data/venv/lib/python3.12/site-packages/oslo_service/backend/_threading/loopingcall.py:125}}
May 06 04:22:35.372688 np0000172168 neutron-periodic-workers[104957]: DEBUG dbcounter [-] [104957] Writing DB stats neutron:SELECT=1 {{(pid=104957) stat_writer /opt/stack/data/venv/lib/python3.12/site-packages/dbcounter.py:115}}
May 06 04:22:39.359018 np0000172168 neutron-periodic-workers[104945]: DEBUG dbcounter [-] [104945] Writing DB stats neutron:SELECT=3 {{(pid=104945) stat_writer /opt/stack/data/venv/lib/python3.12/site-packages/dbcounter.py:115}}
May 06 04:23:01.408976 np0000172168 neutron-periodic-workers[104968]: DEBUG dbcounter [-] [104968] Writer thread running {{(pid=104968) stat_writer /opt/stack/data/venv/lib/python3.12/site-packages/dbcounter.py:102}}
May 06 04:23:01.411424 np0000172168 neutron-periodic-workers[104968]: DEBUG oslo.service.backend._threading.loopingcall [None req-e6df7984-3890-42d4-87d1-3eb20437b73e None None] Fixed interval looping call 'neutron.db.quota.driver_nolock.DbQuotaNoLockDriver._remove_expired_reservations' sleeping for 119.98 seconds {{(pid=104968) _run_loop /opt/stack/data/venv/lib/python3.12/site-packages/oslo_service/backend/_threading/loopingcall.py:125}}
May 06 04:23:02.378724 np0000172168 neutron-periodic-workers[104957]: DEBUG neutron.db.agents_db [None req-21801fd1-ceaa-4e22-b169-cc66755e5fb3 None None] Agent healthcheck: found 0 active agents {{(pid=104957) agent_health_check /opt/stack/neutron/neutron/db/agents_db.py:317}}
May 06 04:23:02.378724 np0000172168 neutron-periodic-workers[104957]: DEBUG oslo.service.backend._threading.loopingcall [None req-21801fd1-ceaa-4e22-b169-cc66755e5fb3 None None] Fixed interval looping call 'neutron.plugins.ml2.plugin.AgentDbMixin.agent_health_check' sleeping for 36.99 seconds {{(pid=104957) _run_loop /opt/stack/data/venv/lib/python3.12/site-packages/oslo_service/backend/_threading/loopingcall.py:125}}
May 06 04:23:06.357516 np0000172168 neutron-periodic-workers[104945]: DEBUG oslo.service.backend._threading.loopingcall [None req-98305b49-ccd8-42a0-b0c4-1d52512bae3c None None] Fixed interval looping call 'neutron.plugins.ml2.plugin.DhcpAgentSchedulerDbMixin.remove_networks_from_down_agents' sleeping for 36.99 seconds {{(pid=104945) _run_loop /opt/stack/data/venv/lib/python3.12/site-packages/oslo_service/backend/_threading/loopingcall.py:125}}
May 06 04:23:11.583134 np0000172168 neutron-periodic-workers[104968]: DEBUG dbcounter [-] [104968] Writing DB stats neutron:DELETE=1 {{(pid=104968) stat_writer /opt/stack/data/venv/lib/python3.12/site-packages/dbcounter.py:115}}
May 06 04:23:12.368619 np0000172168 neutron-periodic-workers[104957]: DEBUG dbcounter [-] [104957] Writing DB stats neutron:SELECT=1 {{(pid=104957) stat_writer /opt/stack/data/venv/lib/python3.12/site-packages/dbcounter.py:115}}
May 06 04:23:16.358678 np0000172168 neutron-periodic-workers[104945]: DEBUG dbcounter [-] [104945] Writing DB stats neutron:SELECT=3 {{(pid=104945) stat_writer /opt/stack/data/venv/lib/python3.12/site-packages/dbcounter.py:115}}
May 06 04:23:39.375352 np0000172168 neutron-periodic-workers[104957]: DEBUG neutron.db.agents_db [None req-21801fd1-ceaa-4e22-b169-cc66755e5fb3 None None] Agent healthcheck: found 0 active agents {{(pid=104957) agent_health_check /opt/stack/neutron/neutron/db/agents_db.py:317}}
May 06 04:23:39.375352 np0000172168 neutron-periodic-workers[104957]: DEBUG oslo.service.backend._threading.loopingcall [None req-21801fd1-ceaa-4e22-b169-cc66755e5fb3 None None] Fixed interval looping call 'neutron.plugins.ml2.plugin.AgentDbMixin.agent_health_check' sleeping for 36.99 seconds {{(pid=104957) _run_loop /opt/stack/data/venv/lib/python3.12/site-packages/oslo_service/backend/_threading/loopingcall.py:125}}
May 06 04:23:43.356470 np0000172168 neutron-periodic-workers[104945]: DEBUG oslo.service.backend._threading.loopingcall [None req-98305b49-ccd8-42a0-b0c4-1d52512bae3c None None] Fixed interval looping call 'neutron.plugins.ml2.plugin.DhcpAgentSchedulerDbMixin.remove_networks_from_down_agents' sleeping for 36.99 seconds {{(pid=104945) _run_loop /opt/stack/data/venv/lib/python3.12/site-packages/oslo_service/backend/_threading/loopingcall.py:125}}
May 06 04:23:49.372999 np0000172168 neutron-periodic-workers[104957]: DEBUG dbcounter [-] [104957] Writing DB stats neutron:SELECT=1 {{(pid=104957) stat_writer /opt/stack/data/venv/lib/python3.12/site-packages/dbcounter.py:115}}
May 06 04:23:53.355184 np0000172168 neutron-periodic-workers[104945]: DEBUG dbcounter [-] [104945] Writing DB stats neutron:SELECT=3 {{(pid=104945) stat_writer /opt/stack/data/venv/lib/python3.12/site-packages/dbcounter.py:115}}
May 06 04:24:16.373928 np0000172168 neutron-periodic-workers[104957]: DEBUG neutron.db.agents_db [None req-21801fd1-ceaa-4e22-b169-cc66755e5fb3 None None] Agent healthcheck: found 0 active agents {{(pid=104957) agent_health_check /opt/stack/neutron/neutron/db/agents_db.py:317}}
May 06 04:24:16.375057 np0000172168 neutron-periodic-workers[104957]: DEBUG oslo.service.backend._threading.loopingcall [None req-21801fd1-ceaa-4e22-b169-cc66755e5fb3 None None] Fixed interval looping call 'neutron.plugins.ml2.plugin.AgentDbMixin.agent_health_check' sleeping for 36.99 seconds {{(pid=104957) _run_loop /opt/stack/data/venv/lib/python3.12/site-packages/oslo_service/backend/_threading/loopingcall.py:125}}
May 06 04:24:20.359403 np0000172168 neutron-periodic-workers[104945]: DEBUG oslo.service.backend._threading.loopingcall [None req-98305b49-ccd8-42a0-b0c4-1d52512bae3c None None] Fixed interval looping call 'neutron.plugins.ml2.plugin.DhcpAgentSchedulerDbMixin.remove_networks_from_down_agents' sleeping for 36.99 seconds {{(pid=104945) _run_loop /opt/stack/data/venv/lib/python3.12/site-packages/oslo_service/backend/_threading/loopingcall.py:125}}
May 06 04:24:26.371743 np0000172168 neutron-periodic-workers[104957]: DEBUG dbcounter [-] [104957] Writing DB stats neutron:SELECT=1 {{(pid=104957) stat_writer /opt/stack/data/venv/lib/python3.12/site-packages/dbcounter.py:115}}
May 06 04:24:30.358538 np0000172168 neutron-periodic-workers[104945]: DEBUG dbcounter [-] [104945] Writing DB stats neutron:SELECT=3 {{(pid=104945) stat_writer /opt/stack/data/venv/lib/python3.12/site-packages/dbcounter.py:115}}
May 06 04:24:53.372965 np0000172168 neutron-periodic-workers[104957]: DEBUG neutron.db.agents_db [None req-21801fd1-ceaa-4e22-b169-cc66755e5fb3 None None] Agent healthcheck: found 0 active agents {{(pid=104957) agent_health_check /opt/stack/neutron/neutron/db/agents_db.py:317}}
May 06 04:24:53.372965 np0000172168 neutron-periodic-workers[104957]: DEBUG oslo.service.backend._threading.loopingcall [None req-21801fd1-ceaa-4e22-b169-cc66755e5fb3 None None] Fixed interval looping call 'neutron.plugins.ml2.plugin.AgentDbMixin.agent_health_check' sleeping for 36.99 seconds {{(pid=104957) _run_loop /opt/stack/data/venv/lib/python3.12/site-packages/oslo_service/backend/_threading/loopingcall.py:125}}
May 06 04:24:57.359688 np0000172168 neutron-periodic-workers[104945]: DEBUG oslo.service.backend._threading.loopingcall [None req-98305b49-ccd8-42a0-b0c4-1d52512bae3c None None] Fixed interval looping call 'neutron.plugins.ml2.plugin.DhcpAgentSchedulerDbMixin.remove_networks_from_down_agents' sleeping for 36.99 seconds {{(pid=104945) _run_loop /opt/stack/data/venv/lib/python3.12/site-packages/oslo_service/backend/_threading/loopingcall.py:125}}
May 06 04:25:01.398766 np0000172168 neutron-periodic-workers[104968]: DEBUG oslo.service.backend._threading.loopingcall [None req-e6df7984-3890-42d4-87d1-3eb20437b73e None None] Fixed interval looping call 'neutron.db.quota.driver_nolock.DbQuotaNoLockDriver._remove_expired_reservations' sleeping for 119.99 seconds {{(pid=104968) _run_loop /opt/stack/data/venv/lib/python3.12/site-packages/oslo_service/backend/_threading/loopingcall.py:125}}
May 06 04:25:03.370110 np0000172168 neutron-periodic-workers[104957]: DEBUG dbcounter [-] [104957] Writing DB stats neutron:SELECT=1 {{(pid=104957) stat_writer /opt/stack/data/venv/lib/python3.12/site-packages/dbcounter.py:115}}
May 06 04:25:07.358579 np0000172168 neutron-periodic-workers[104945]: DEBUG dbcounter [-] [104945] Writing DB stats neutron:SELECT=3 {{(pid=104945) stat_writer /opt/stack/data/venv/lib/python3.12/site-packages/dbcounter.py:115}}
May 06 04:25:11.397421 np0000172168 neutron-periodic-workers[104968]: DEBUG dbcounter [-] [104968] Writing DB stats neutron:DELETE=1 {{(pid=104968) stat_writer /opt/stack/data/venv/lib/python3.12/site-packages/dbcounter.py:115}}
May 06 04:25:30.365983 np0000172168 neutron-periodic-workers[104957]: DEBUG neutron.db.agents_db [None req-21801fd1-ceaa-4e22-b169-cc66755e5fb3 None None] Agent healthcheck: found 0 active agents {{(pid=104957) agent_health_check /opt/stack/neutron/neutron/db/agents_db.py:317}}
May 06 04:25:30.366500 np0000172168 neutron-periodic-workers[104957]: DEBUG oslo.service.backend._threading.loopingcall [None req-21801fd1-ceaa-4e22-b169-cc66755e5fb3 None None] Fixed interval looping call 'neutron.plugins.ml2.plugin.AgentDbMixin.agent_health_check' sleeping for 37.00 seconds {{(pid=104957) _run_loop /opt/stack/data/venv/lib/python3.12/site-packages/oslo_service/backend/_threading/loopingcall.py:125}}
May 06 04:25:34.361227 np0000172168 neutron-periodic-workers[104945]: DEBUG oslo.service.backend._threading.loopingcall [None req-98305b49-ccd8-42a0-b0c4-1d52512bae3c None None] Fixed interval looping call 'neutron.plugins.ml2.plugin.DhcpAgentSchedulerDbMixin.remove_networks_from_down_agents' sleeping for 36.99 seconds {{(pid=104945) _run_loop /opt/stack/data/venv/lib/python3.12/site-packages/oslo_service/backend/_threading/loopingcall.py:125}}
May 06 04:25:35.357761 np0000172168 neutron-periodic-workers[104937]: DEBUG dbcounter [-] [104937] Writer thread running {{(pid=104937) stat_writer /opt/stack/data/venv/lib/python3.12/site-packages/dbcounter.py:102}}
May 06 04:25:35.375391 np0000172168 neutron-periodic-workers[104937]: DEBUG oslo.service.backend._threading.loopingcall [None req-ec34cae7-8f52-4c8d-ba9e-778119e423d5 None None] Fixed interval looping call 'neutron.services.ovn_l3.plugin.L3_NAT_dbonly_mixin._clean_garbage' sleeping for 299.95 seconds {{(pid=104937) _run_loop /opt/stack/data/venv/lib/python3.12/site-packages/oslo_service/backend/_threading/loopingcall.py:125}}
May 06 04:25:40.364767 np0000172168 neutron-periodic-workers[104957]: DEBUG dbcounter [-] [104957] Writing DB stats neutron:SELECT=1 {{(pid=104957) stat_writer /opt/stack/data/venv/lib/python3.12/site-packages/dbcounter.py:115}}
May 06 04:25:44.359731 np0000172168 neutron-periodic-workers[104945]: DEBUG dbcounter [-] [104945] Writing DB stats neutron:SELECT=3 {{(pid=104945) stat_writer /opt/stack/data/venv/lib/python3.12/site-packages/dbcounter.py:115}}
May 06 04:25:45.358565 np0000172168 neutron-periodic-workers[104937]: DEBUG dbcounter [-] [104937] Writing DB stats neutron:SELECT=1 {{(pid=104937) stat_writer /opt/stack/data/venv/lib/python3.12/site-packages/dbcounter.py:115}}
May 06 04:26:07.372956 np0000172168 neutron-periodic-workers[104957]: DEBUG neutron.db.agents_db [None req-21801fd1-ceaa-4e22-b169-cc66755e5fb3 None None] Agent healthcheck: found 0 active agents {{(pid=104957) agent_health_check /opt/stack/neutron/neutron/db/agents_db.py:317}}
May 06 04:26:07.372956 np0000172168 neutron-periodic-workers[104957]: DEBUG oslo.service.backend._threading.loopingcall [None req-21801fd1-ceaa-4e22-b169-cc66755e5fb3 None None] Fixed interval looping call 'neutron.plugins.ml2.plugin.AgentDbMixin.agent_health_check' sleeping for 36.99 seconds {{(pid=104957) _run_loop /opt/stack/data/venv/lib/python3.12/site-packages/oslo_service/backend/_threading/loopingcall.py:125}}
May 06 04:26:11.362353 np0000172168 neutron-periodic-workers[104945]: DEBUG oslo.service.backend._threading.loopingcall [None req-98305b49-ccd8-42a0-b0c4-1d52512bae3c None None] Fixed interval looping call 'neutron.plugins.ml2.plugin.DhcpAgentSchedulerDbMixin.remove_networks_from_down_agents' sleeping for 36.99 seconds {{(pid=104945) _run_loop /opt/stack/data/venv/lib/python3.12/site-packages/oslo_service/backend/_threading/loopingcall.py:125}}
May 06 04:26:17.371095 np0000172168 neutron-periodic-workers[104957]: DEBUG dbcounter [-] [104957] Writing DB stats neutron:SELECT=1 {{(pid=104957) stat_writer /opt/stack/data/venv/lib/python3.12/site-packages/dbcounter.py:115}}
May 06 04:26:21.360732 np0000172168 neutron-periodic-workers[104945]: DEBUG dbcounter [-] [104945] Writing DB stats neutron:SELECT=3 {{(pid=104945) stat_writer /opt/stack/data/venv/lib/python3.12/site-packages/dbcounter.py:115}}
May 06 04:26:44.369722 np0000172168 neutron-periodic-workers[104957]: DEBUG neutron.db.agents_db [None req-21801fd1-ceaa-4e22-b169-cc66755e5fb3 None None] Agent healthcheck: found 0 active agents {{(pid=104957) agent_health_check /opt/stack/neutron/neutron/db/agents_db.py:317}}
May 06 04:26:44.370511 np0000172168 neutron-periodic-workers[104957]: DEBUG oslo.service.backend._threading.loopingcall [None req-21801fd1-ceaa-4e22-b169-cc66755e5fb3 None None] Fixed interval looping call 'neutron.plugins.ml2.plugin.AgentDbMixin.agent_health_check' sleeping for 36.99 seconds {{(pid=104957) _run_loop /opt/stack/data/venv/lib/python3.12/site-packages/oslo_service/backend/_threading/loopingcall.py:125}}
May 06 04:26:48.364561 np0000172168 neutron-periodic-workers[104945]: DEBUG oslo.service.backend._threading.loopingcall [None req-98305b49-ccd8-42a0-b0c4-1d52512bae3c None None] Fixed interval looping call 'neutron.plugins.ml2.plugin.DhcpAgentSchedulerDbMixin.remove_networks_from_down_agents' sleeping for 36.99 seconds {{(pid=104945) _run_loop /opt/stack/data/venv/lib/python3.12/site-packages/oslo_service/backend/_threading/loopingcall.py:125}}
May 06 04:26:54.367263 np0000172168 neutron-periodic-workers[104957]: DEBUG dbcounter [-] [104957] Writing DB stats neutron:SELECT=1 {{(pid=104957) stat_writer /opt/stack/data/venv/lib/python3.12/site-packages/dbcounter.py:115}}
May 06 04:26:58.363016 np0000172168 neutron-periodic-workers[104945]: DEBUG dbcounter [-] [104945] Writing DB stats neutron:SELECT=3 {{(pid=104945) stat_writer /opt/stack/data/venv/lib/python3.12/site-packages/dbcounter.py:115}}
May 06 04:27:01.393326 np0000172168 neutron-periodic-workers[104968]: DEBUG oslo.service.backend._threading.loopingcall [None req-e6df7984-3890-42d4-87d1-3eb20437b73e None None] Fixed interval looping call 'neutron.db.quota.driver_nolock.DbQuotaNoLockDriver._remove_expired_reservations' sleeping for 120.00 seconds {{(pid=104968) _run_loop /opt/stack/data/venv/lib/python3.12/site-packages/oslo_service/backend/_threading/loopingcall.py:125}}
May 06 04:27:11.392927 np0000172168 neutron-periodic-workers[104968]: DEBUG dbcounter [-] [104968] Writing DB stats neutron:DELETE=1 {{(pid=104968) stat_writer /opt/stack/data/venv/lib/python3.12/site-packages/dbcounter.py:115}}
May 06 04:27:21.367382 np0000172168 neutron-periodic-workers[104957]: DEBUG neutron.db.agents_db [None req-21801fd1-ceaa-4e22-b169-cc66755e5fb3 None None] Agent healthcheck: found 0 active agents {{(pid=104957) agent_health_check /opt/stack/neutron/neutron/db/agents_db.py:317}}
May 06 04:27:21.368309 np0000172168 neutron-periodic-workers[104957]: DEBUG oslo.service.backend._threading.loopingcall [None req-21801fd1-ceaa-4e22-b169-cc66755e5fb3 None None] Fixed interval looping call 'neutron.plugins.ml2.plugin.AgentDbMixin.agent_health_check' sleeping for 36.99 seconds {{(pid=104957) _run_loop /opt/stack/data/venv/lib/python3.12/site-packages/oslo_service/backend/_threading/loopingcall.py:125}}
May 06 04:27:25.363681 np0000172168 neutron-periodic-workers[104945]: DEBUG oslo.service.backend._threading.loopingcall [None req-98305b49-ccd8-42a0-b0c4-1d52512bae3c None None] Fixed interval looping call 'neutron.plugins.ml2.plugin.DhcpAgentSchedulerDbMixin.remove_networks_from_down_agents' sleeping for 36.99 seconds {{(pid=104945) _run_loop /opt/stack/data/venv/lib/python3.12/site-packages/oslo_service/backend/_threading/loopingcall.py:125}}
May 06 04:27:31.365433 np0000172168 neutron-periodic-workers[104957]: DEBUG dbcounter [-] [104957] Writing DB stats neutron:SELECT=1 {{(pid=104957) stat_writer /opt/stack/data/venv/lib/python3.12/site-packages/dbcounter.py:115}}
May 06 04:27:35.362775 np0000172168 neutron-periodic-workers[104945]: DEBUG dbcounter [-] [104945] Writing DB stats neutron:SELECT=3 {{(pid=104945) stat_writer /opt/stack/data/venv/lib/python3.12/site-packages/dbcounter.py:115}}
May 06 04:27:58.362270 np0000172168 neutron-periodic-workers[104957]: DEBUG neutron.db.agents_db [None req-21801fd1-ceaa-4e22-b169-cc66755e5fb3 None None] Agent healthcheck: found 0 active agents {{(pid=104957) agent_health_check /opt/stack/neutron/neutron/db/agents_db.py:317}}
May 06 04:27:58.362753 np0000172168 neutron-periodic-workers[104957]: DEBUG oslo.service.backend._threading.loopingcall [None req-21801fd1-ceaa-4e22-b169-cc66755e5fb3 None None] Fixed interval looping call 'neutron.plugins.ml2.plugin.AgentDbMixin.agent_health_check' sleeping for 37.00 seconds {{(pid=104957) _run_loop /opt/stack/data/venv/lib/python3.12/site-packages/oslo_service/backend/_threading/loopingcall.py:125}}
May 06 04:28:02.365751 np0000172168 neutron-periodic-workers[104945]: DEBUG oslo.service.backend._threading.loopingcall [None req-98305b49-ccd8-42a0-b0c4-1d52512bae3c None None] Fixed interval looping call 'neutron.plugins.ml2.plugin.DhcpAgentSchedulerDbMixin.remove_networks_from_down_agents' sleeping for 36.99 seconds {{(pid=104945) _run_loop /opt/stack/data/venv/lib/python3.12/site-packages/oslo_service/backend/_threading/loopingcall.py:125}}
May 06 04:28:08.360677 np0000172168 neutron-periodic-workers[104957]: DEBUG dbcounter [-] [104957] Writing DB stats neutron:SELECT=1 {{(pid=104957) stat_writer /opt/stack/data/venv/lib/python3.12/site-packages/dbcounter.py:115}}
May 06 04:28:12.364960 np0000172168 neutron-periodic-workers[104945]: DEBUG dbcounter [-] [104945] Writing DB stats neutron:SELECT=3 {{(pid=104945) stat_writer /opt/stack/data/venv/lib/python3.12/site-packages/dbcounter.py:115}}
May 06 04:28:35.368331 np0000172168 neutron-periodic-workers[104957]: DEBUG neutron.db.agents_db [None req-21801fd1-ceaa-4e22-b169-cc66755e5fb3 None None] Agent healthcheck: found 0 active agents {{(pid=104957) agent_health_check /opt/stack/neutron/neutron/db/agents_db.py:317}}
May 06 04:28:35.369040 np0000172168 neutron-periodic-workers[104957]: DEBUG oslo.service.backend._threading.loopingcall [None req-21801fd1-ceaa-4e22-b169-cc66755e5fb3 None None] Fixed interval looping call 'neutron.plugins.ml2.plugin.AgentDbMixin.agent_health_check' sleeping for 36.99 seconds {{(pid=104957) _run_loop /opt/stack/data/venv/lib/python3.12/site-packages/oslo_service/backend/_threading/loopingcall.py:125}}
May 06 04:28:39.366828 np0000172168 neutron-periodic-workers[104945]: DEBUG oslo.service.backend._threading.loopingcall [None req-98305b49-ccd8-42a0-b0c4-1d52512bae3c None None] Fixed interval looping call 'neutron.plugins.ml2.plugin.DhcpAgentSchedulerDbMixin.remove_networks_from_down_agents' sleeping for 36.99 seconds {{(pid=104945) _run_loop /opt/stack/data/venv/lib/python3.12/site-packages/oslo_service/backend/_threading/loopingcall.py:125}}
May 06 04:28:45.366867 np0000172168 neutron-periodic-workers[104957]: DEBUG dbcounter [-] [104957] Writing DB stats neutron:SELECT=1 {{(pid=104957) stat_writer /opt/stack/data/venv/lib/python3.12/site-packages/dbcounter.py:115}}
May 06 04:28:49.365183 np0000172168 neutron-periodic-workers[104945]: DEBUG dbcounter [-] [104945] Writing DB stats neutron:SELECT=3 {{(pid=104945) stat_writer /opt/stack/data/venv/lib/python3.12/site-packages/dbcounter.py:115}}
May 06 04:29:01.398937 np0000172168 neutron-periodic-workers[104968]: DEBUG oslo.service.backend._threading.loopingcall [None req-e6df7984-3890-42d4-87d1-3eb20437b73e None None] Fixed interval looping call 'neutron.db.quota.driver_nolock.DbQuotaNoLockDriver._remove_expired_reservations' sleeping for 119.99 seconds {{(pid=104968) _run_loop /opt/stack/data/venv/lib/python3.12/site-packages/oslo_service/backend/_threading/loopingcall.py:125}}
May 06 04:29:11.398018 np0000172168 neutron-periodic-workers[104968]: DEBUG dbcounter [-] [104968] Writing DB stats neutron:DELETE=1 {{(pid=104968) stat_writer /opt/stack/data/venv/lib/python3.12/site-packages/dbcounter.py:115}}
May 06 04:29:12.364844 np0000172168 neutron-periodic-workers[104957]: DEBUG neutron.db.agents_db [None req-21801fd1-ceaa-4e22-b169-cc66755e5fb3 None None] Agent healthcheck: found 0 active agents {{(pid=104957) agent_health_check /opt/stack/neutron/neutron/db/agents_db.py:317}}
May 06 04:29:12.365563 np0000172168 neutron-periodic-workers[104957]: DEBUG oslo.service.backend._threading.loopingcall [None req-21801fd1-ceaa-4e22-b169-cc66755e5fb3 None None] Fixed interval looping call 'neutron.plugins.ml2.plugin.AgentDbMixin.agent_health_check' sleeping for 36.99 seconds {{(pid=104957) _run_loop /opt/stack/data/venv/lib/python3.12/site-packages/oslo_service/backend/_threading/loopingcall.py:125}}
May 06 04:29:16.364582 np0000172168 neutron-periodic-workers[104945]: DEBUG oslo.service.backend._threading.loopingcall [None req-98305b49-ccd8-42a0-b0c4-1d52512bae3c None None] Fixed interval looping call 'neutron.plugins.ml2.plugin.DhcpAgentSchedulerDbMixin.remove_networks_from_down_agents' sleeping for 36.99 seconds {{(pid=104945) _run_loop /opt/stack/data/venv/lib/python3.12/site-packages/oslo_service/backend/_threading/loopingcall.py:125}}
May 06 04:29:22.362921 np0000172168 neutron-periodic-workers[104957]: DEBUG dbcounter [-] [104957] Writing DB stats neutron:SELECT=1 {{(pid=104957) stat_writer /opt/stack/data/venv/lib/python3.12/site-packages/dbcounter.py:115}}
May 06 04:29:26.363917 np0000172168 neutron-periodic-workers[104945]: DEBUG dbcounter [-] [104945] Writing DB stats neutron:SELECT=3 {{(pid=104945) stat_writer /opt/stack/data/venv/lib/python3.12/site-packages/dbcounter.py:115}}
May 06 04:29:49.366260 np0000172168 neutron-periodic-workers[104957]: DEBUG neutron.db.agents_db [None req-21801fd1-ceaa-4e22-b169-cc66755e5fb3 None None] Agent healthcheck: found 0 active agents {{(pid=104957) agent_health_check /opt/stack/neutron/neutron/db/agents_db.py:317}}
May 06 04:29:49.366260 np0000172168 neutron-periodic-workers[104957]: DEBUG oslo.service.backend._threading.loopingcall [None req-21801fd1-ceaa-4e22-b169-cc66755e5fb3 None None] Fixed interval looping call 'neutron.plugins.ml2.plugin.AgentDbMixin.agent_health_check' sleeping for 36.99 seconds {{(pid=104957) _run_loop /opt/stack/data/venv/lib/python3.12/site-packages/oslo_service/backend/_threading/loopingcall.py:125}}
May 06 04:29:53.364867 np0000172168 neutron-periodic-workers[104945]: DEBUG oslo.service.backend._threading.loopingcall [None req-98305b49-ccd8-42a0-b0c4-1d52512bae3c None None] Fixed interval looping call 'neutron.plugins.ml2.plugin.DhcpAgentSchedulerDbMixin.remove_networks_from_down_agents' sleeping for 36.99 seconds {{(pid=104945) _run_loop /opt/stack/data/venv/lib/python3.12/site-packages/oslo_service/backend/_threading/loopingcall.py:125}}
May 06 04:29:59.364511 np0000172168 neutron-periodic-workers[104957]: DEBUG dbcounter [-] [104957] Writing DB stats neutron:SELECT=1 {{(pid=104957) stat_writer /opt/stack/data/venv/lib/python3.12/site-packages/dbcounter.py:115}}
May 06 04:30:03.365155 np0000172168 neutron-periodic-workers[104945]: DEBUG dbcounter [-] [104945] Writing DB stats neutron:SELECT=3 {{(pid=104945) stat_writer /opt/stack/data/venv/lib/python3.12/site-packages/dbcounter.py:115}}
May 06 04:30:26.360613 np0000172168 neutron-periodic-workers[104957]: DEBUG neutron.db.agents_db [None req-21801fd1-ceaa-4e22-b169-cc66755e5fb3 None None] Agent healthcheck: found 0 active agents {{(pid=104957) agent_health_check /opt/stack/neutron/neutron/db/agents_db.py:317}}
May 06 04:30:26.361487 np0000172168 neutron-periodic-workers[104957]: DEBUG oslo.service.backend._threading.loopingcall [None req-21801fd1-ceaa-4e22-b169-cc66755e5fb3 None None] Fixed interval looping call 'neutron.plugins.ml2.plugin.AgentDbMixin.agent_health_check' sleeping for 36.99 seconds {{(pid=104957) _run_loop /opt/stack/data/venv/lib/python3.12/site-packages/oslo_service/backend/_threading/loopingcall.py:125}}
May 06 04:30:30.365360 np0000172168 neutron-periodic-workers[104945]: DEBUG oslo.service.backend._threading.loopingcall [None req-98305b49-ccd8-42a0-b0c4-1d52512bae3c None None] Fixed interval looping call 'neutron.plugins.ml2.plugin.DhcpAgentSchedulerDbMixin.remove_networks_from_down_agents' sleeping for 36.99 seconds {{(pid=104945) _run_loop /opt/stack/data/venv/lib/python3.12/site-packages/oslo_service/backend/_threading/loopingcall.py:125}}
May 06 04:30:35.337966 np0000172168 neutron-periodic-workers[104937]: DEBUG oslo.service.backend._threading.loopingcall [None req-ec34cae7-8f52-4c8d-ba9e-778119e423d5 None None] Fixed interval looping call 'neutron.services.ovn_l3.plugin.L3_NAT_dbonly_mixin._clean_garbage' sleeping for 299.99 seconds {{(pid=104937) _run_loop /opt/stack/data/venv/lib/python3.12/site-packages/oslo_service/backend/_threading/loopingcall.py:125}}
May 06 04:30:36.358583 np0000172168 neutron-periodic-workers[104957]: DEBUG dbcounter [-] [104957] Writing DB stats neutron:SELECT=1 {{(pid=104957) stat_writer /opt/stack/data/venv/lib/python3.12/site-packages/dbcounter.py:115}}
May 06 04:30:40.363787 np0000172168 neutron-periodic-workers[104945]: DEBUG dbcounter [-] [104945] Writing DB stats neutron:SELECT=3 {{(pid=104945) stat_writer /opt/stack/data/venv/lib/python3.12/site-packages/dbcounter.py:115}}
May 06 04:30:45.328660 np0000172168 neutron-periodic-workers[104937]: DEBUG dbcounter [-] [104937] Writing DB stats neutron:SELECT=1 {{(pid=104937) stat_writer /opt/stack/data/venv/lib/python3.12/site-packages/dbcounter.py:115}}
May 06 04:31:01.395136 np0000172168 neutron-periodic-workers[104968]: DEBUG oslo.service.backend._threading.loopingcall [None req-e6df7984-3890-42d4-87d1-3eb20437b73e None None] Fixed interval looping call 'neutron.db.quota.driver_nolock.DbQuotaNoLockDriver._remove_expired_reservations' sleeping for 119.99 seconds {{(pid=104968) _run_loop /opt/stack/data/venv/lib/python3.12/site-packages/oslo_service/backend/_threading/loopingcall.py:125}}
May 06 04:31:03.357370 np0000172168 neutron-periodic-workers[104957]: DEBUG neutron.db.agents_db [None req-21801fd1-ceaa-4e22-b169-cc66755e5fb3 None None] Agent healthcheck: found 0 active agents {{(pid=104957) agent_health_check /opt/stack/neutron/neutron/db/agents_db.py:317}}
May 06 04:31:03.357370 np0000172168 neutron-periodic-workers[104957]: DEBUG oslo.service.backend._threading.loopingcall [None req-21801fd1-ceaa-4e22-b169-cc66755e5fb3 None None] Fixed interval looping call 'neutron.plugins.ml2.plugin.AgentDbMixin.agent_health_check' sleeping for 36.99 seconds {{(pid=104957) _run_loop /opt/stack/data/venv/lib/python3.12/site-packages/oslo_service/backend/_threading/loopingcall.py:125}}
May 06 04:31:07.364553 np0000172168 neutron-periodic-workers[104945]: DEBUG oslo.service.backend._threading.loopingcall [None req-98305b49-ccd8-42a0-b0c4-1d52512bae3c None None] Fixed interval looping call 'neutron.plugins.ml2.plugin.DhcpAgentSchedulerDbMixin.remove_networks_from_down_agents' sleeping for 36.99 seconds {{(pid=104945) _run_loop /opt/stack/data/venv/lib/python3.12/site-packages/oslo_service/backend/_threading/loopingcall.py:125}}
May 06 04:31:11.393488 np0000172168 neutron-periodic-workers[104968]: DEBUG dbcounter [-] [104968] Writing DB stats neutron:DELETE=1 {{(pid=104968) stat_writer /opt/stack/data/venv/lib/python3.12/site-packages/dbcounter.py:115}}
May 06 04:31:13.355715 np0000172168 neutron-periodic-workers[104957]: DEBUG dbcounter [-] [104957] Writing DB stats neutron:SELECT=1 {{(pid=104957) stat_writer /opt/stack/data/venv/lib/python3.12/site-packages/dbcounter.py:115}}
May 06 04:31:17.363413 np0000172168 neutron-periodic-workers[104945]: DEBUG dbcounter [-] [104945] Writing DB stats neutron:SELECT=3 {{(pid=104945) stat_writer /opt/stack/data/venv/lib/python3.12/site-packages/dbcounter.py:115}}
May 06 04:31:40.351355 np0000172168 neutron-periodic-workers[104957]: DEBUG neutron.db.agents_db [None req-21801fd1-ceaa-4e22-b169-cc66755e5fb3 None None] Agent healthcheck: found 0 active agents {{(pid=104957) agent_health_check /opt/stack/neutron/neutron/db/agents_db.py:317}}
May 06 04:31:40.352119 np0000172168 neutron-periodic-workers[104957]: DEBUG oslo.service.backend._threading.loopingcall [None req-21801fd1-ceaa-4e22-b169-cc66755e5fb3 None None] Fixed interval looping call 'neutron.plugins.ml2.plugin.AgentDbMixin.agent_health_check' sleeping for 37.00 seconds {{(pid=104957) _run_loop /opt/stack/data/venv/lib/python3.12/site-packages/oslo_service/backend/_threading/loopingcall.py:125}}
May 06 04:31:44.368189 np0000172168 neutron-periodic-workers[104945]: DEBUG oslo.service.backend._threading.loopingcall [None req-98305b49-ccd8-42a0-b0c4-1d52512bae3c None None] Fixed interval looping call 'neutron.plugins.ml2.plugin.DhcpAgentSchedulerDbMixin.remove_networks_from_down_agents' sleeping for 36.99 seconds {{(pid=104945) _run_loop /opt/stack/data/venv/lib/python3.12/site-packages/oslo_service/backend/_threading/loopingcall.py:125}}
