2026-06-09 18:21:30.241 9 INFO neutron.wsgi [None req-bc96c71c-e692-4357-bcd9-1963fd99f2f4 c208bc2e7cd24685936cbcb54518d479 7ff36d0d1f80468d916bb1c141236195 - - default default] 10.0.0.138 "DELETE /v2.0/security-groups/33e5d0bb-9106-4072-906e-c9c7be9a70cf HTTP/1.1" status: 204 len: 168 time: 0.3237565
2026-06-09 18:21:30.267 9 WARNING neutron.scheduler.dhcp_agent_scheduler [req-4de5cb82-41f1-4514-a39e-2fa427ebc10c req-02372035-f545-45f3-9446-2341a101ebe6 0e230a199ba244dba31dce4348020871 7dd9e289c1594f6f9e44f184a1f1c0ff - - default default] No more DHCP agents
2026-06-09 18:21:30.268 9 WARNING neutron.api.rpc.agentnotifiers.dhcp_rpc_agent_api [req-4de5cb82-41f1-4514-a39e-2fa427ebc10c req-02372035-f545-45f3-9446-2341a101ebe6 0e230a199ba244dba31dce4348020871 7dd9e289c1594f6f9e44f184a1f1c0ff - - default default] Unable to schedule network ed0b2da6-48f3-4b7f-b942-e480d70e58ad: no agents available; will retry on subsequent port and subnet creation events.
2026-06-09 18:21:30.432 9 INFO neutron.db.ovn_revision_numbers_db [req-4de5cb82-41f1-4514-a39e-2fa427ebc10c req-02372035-f545-45f3-9446-2341a101ebe6 0e230a199ba244dba31dce4348020871 7dd9e289c1594f6f9e44f184a1f1c0ff - - default default] Successfully bumped revision number for resource 3b45f624-ce94-4c88-9891-236971b68c71 (type: ports) to 1
2026-06-09 18:21:30.462 9 INFO neutron.wsgi [req-4de5cb82-41f1-4514-a39e-2fa427ebc10c req-02372035-f545-45f3-9446-2341a101ebe6 0e230a199ba244dba31dce4348020871 7dd9e289c1594f6f9e44f184a1f1c0ff - - default default] 199.204.45.157 "POST /v2.0/ports HTTP/1.1" status: 201 len: 1158 time: 0.5776603 /var/lib/openstack/lib/python3.10/site-packages/pycadf/identifier.py:71: UserWarning: Invalid uuid: neutron. To ensure interoperability, identifiers should be a valid uuid. warnings.warn(('Invalid uuid: %s. To ensure interoperability, '
2026-06-09 18:21:30.868 10 INFO neutron.wsgi [None req-34fb07a3-056b-41d1-a382-9460a98d0d55 c208bc2e7cd24685936cbcb54518d479 7ff36d0d1f80468d916bb1c141236195 - - default default] 10.0.0.138 "GET /v2.0/security-groups?tenant_id=2b3c6db319654c0e9ebcb7cc05fe204f&name=default HTTP/1.1" status: 200 len: 2996 time: 0.1402450
2026-06-09 18:21:30.903 9 INFO neutron.db.ovn_revision_numbers_db [req-4de5cb82-41f1-4514-a39e-2fa427ebc10c req-461a6fc6-996e-452c-bd9c-fc52a31ec2e2 b47c0b7c98b846df9890bab7498fd0aa ad6a4df0ef014444880e444ee34f74bf - - 2b4bb9ba05f143faa2b548f35197875c 2b4bb9ba05f143faa2b548f35197875c] Successfully bumped revision number for resource 3b45f624-ce94-4c88-9891-236971b68c71 (type: ports) to 2
2026-06-09 18:21:31.009 10 INFO neutron.db.ovn_revision_numbers_db [None req-4494961a-dde6-47ae-9a4e-d1845e95cb75 c208bc2e7cd24685936cbcb54518d479 7ff36d0d1f80468d916bb1c141236195 - - default default] Successfully bumped revision number for resource 254731f3-b0de-412e-88f2-b8bdcac3b8ba (type: security_groups) to 1
2026-06-09 18:21:31.060 10 INFO neutron.db.ovn_revision_numbers_db [None req-4494961a-dde6-47ae-9a4e-d1845e95cb75 c208bc2e7cd24685936cbcb54518d479 7ff36d0d1f80468d916bb1c141236195 - - default default] Successfully bumped revision number for resource 37518d26-7fdc-49db-aaaa-5368c7d0e749 (type: security_group_rules) to 0
2026-06-09 18:21:31.101 10 INFO neutron.db.ovn_revision_numbers_db [None req-4494961a-dde6-47ae-9a4e-d1845e95cb75 c208bc2e7cd24685936cbcb54518d479 7ff36d0d1f80468d916bb1c141236195 - - default default] Successfully bumped revision number for resource 74133a91-a3b8-4c41-a3db-89f70711fd67 (type: security_group_rules) to 0
2026-06-09 18:21:31.129 9 INFO neutron.db.ovn_revision_numbers_db [req-4de5cb82-41f1-4514-a39e-2fa427ebc10c req-461a6fc6-996e-452c-bd9c-fc52a31ec2e2 b47c0b7c98b846df9890bab7498fd0aa ad6a4df0ef014444880e444ee34f74bf - - 2b4bb9ba05f143faa2b548f35197875c 2b4bb9ba05f143faa2b548f35197875c] Successfully bumped revision number for resource 3b45f624-ce94-4c88-9891-236971b68c71 (type: ports) to 2
2026-06-09 18:21:31.137 10 INFO neutron.db.ovn_revision_numbers_db [None req-4494961a-dde6-47ae-9a4e-d1845e95cb75 c208bc2e7cd24685936cbcb54518d479 7ff36d0d1f80468d916bb1c141236195 - - default default] Successfully bumped revision number for resource a7758918-8a59-4301-92ea-8c63125190ac (type: security_group_rules) to 0
2026-06-09 18:21:31.150 9 INFO neutron.wsgi [req-4de5cb82-41f1-4514-a39e-2fa427ebc10c req-461a6fc6-996e-452c-bd9c-fc52a31ec2e2 b47c0b7c98b846df9890bab7498fd0aa ad6a4df0ef014444880e444ee34f74bf - - 2b4bb9ba05f143faa2b548f35197875c 2b4bb9ba05f143faa2b548f35197875c] 199.204.45.157 "PUT /v2.0/ports/3b45f624-ce94-4c88-9891-236971b68c71 HTTP/1.1" status: 200 len: 1376 time: 0.6798098 /var/lib/openstack/lib/python3.10/site-packages/pycadf/identifier.py:71: UserWarning: Invalid uuid: neutron. To ensure interoperability, identifiers should be a valid uuid. warnings.warn(('Invalid uuid: %s. To ensure interoperability, '
2026-06-09 18:21:31.183 9 INFO neutron.notifiers.nova [-] Nova event matching ['req-f31834b1-3ccd-43d2-a4c0-4de13cfa7942'] response: {'name': 'network-changed', 'server_uuid': '26d0875c-49c3-4da7-aca4-9d3442aa6752', 'tag': '3b45f624-ce94-4c88-9891-236971b68c71', 'status': 'completed', 'code': 200}
2026-06-09 18:21:31.186 10 INFO neutron.db.ovn_revision_numbers_db [None req-4494961a-dde6-47ae-9a4e-d1845e95cb75 c208bc2e7cd24685936cbcb54518d479 7ff36d0d1f80468d916bb1c141236195 - - default default] Successfully bumped revision number for resource d374f8fb-66da-4228-a2ff-dedcef44ce46 (type: security_group_rules) to 0
2026-06-09 18:21:31.213 10 INFO neutron.wsgi [None req-4494961a-dde6-47ae-9a4e-d1845e95cb75 c208bc2e7cd24685936cbcb54518d479 7ff36d0d1f80468d916bb1c141236195 - - default default] 10.0.0.138 "GET /v2.0/security-groups?tenant_id=776733be9bb042a58b76efde6346e7d7&name=default HTTP/1.1" status: 200 len: 2996 time: 0.4132321
2026-06-09 18:21:31.217 10 INFO neutron.wsgi [None req-010c6ff1-e862-46a9-b29c-841bd3a9a5f8 c208bc2e7cd24685936cbcb54518d479 7ff36d0d1f80468d916bb1c141236195 - - default default] 10.0.0.138 "DELETE /v2.0/security-groups/05cd3694-8912-4d29-a4a8-6f1a6809d6e6 HTTP/1.1" status: 204 len: 168 time: 0.3444321
2026-06-09 18:21:31.219 9 INFO neutron.wsgi [req-d69e7eee-e82a-4c4a-b226-191b0d3fb4d2 req-8a45f431-2d9b-4e48-9ec6-678cfef64569 0e230a199ba244dba31dce4348020871 7dd9e289c1594f6f9e44f184a1f1c0ff - - default default] 10.0.0.194 "GET /v2.0/ports?device_id=26d0875c-49c3-4da7-aca4-9d3442aa6752 HTTP/1.1" status: 200 len: 1168 time: 0.0482850
2026-06-09 18:21:31.255 9 INFO neutron.wsgi [req-8dfa8928-4dca-4e61-809f-0c9fe0a15a44 req-add3b877-7b23-4a15-a43d-0ec15867286c b47c0b7c98b846df9890bab7498fd0aa ad6a4df0ef014444880e444ee34f74bf - - 2b4bb9ba05f143faa2b548f35197875c 2b4bb9ba05f143faa2b548f35197875c] 199.204.45.157 "GET /v2.0/ports?tenant_id=7dd9e289c1594f6f9e44f184a1f1c0ff&device_id=26d0875c-49c3-4da7-aca4-9d3442aa6752 HTTP/1.1" status: 200 len: 1407 time: 0.0512676
2026-06-09 18:21:31.290 9 INFO neutron.wsgi [req-d69e7eee-e82a-4c4a-b226-191b0d3fb4d2 req-be142144-efa0-41ae-a3dd-0135a55bbcaa 0e230a199ba244dba31dce4348020871 7dd9e289c1594f6f9e44f184a1f1c0ff - - default default] 10.0.0.194 "GET /v2.0/security-groups?id=1c306ccc-a36d-4404-9d3b-51e0c5157615&fields=id&fields=name HTTP/1.1" status: 200 len: 312 time: 0.0632317
2026-06-09 18:21:31.364 9 INFO neutron.wsgi [req-8dfa8928-4dca-4e61-809f-0c9fe0a15a44 req-ad14c528-01cf-45c7-b2ab-651ebdd1d792 b47c0b7c98b846df9890bab7498fd0aa ad6a4df0ef014444880e444ee34f74bf - - 2b4bb9ba05f143faa2b548f35197875c 2b4bb9ba05f143faa2b548f35197875c] 199.204.45.157 "GET /v2.0/networks?tenant_id=7dd9e289c1594f6f9e44f184a1f1c0ff&shared=False HTTP/1.1" status: 200 len: 973 time: 0.1016555
2026-06-09 18:21:31.414 10 INFO neutron.wsgi [None req-ac715de9-9255-40e0-8fd8-d228f73c8433 c208bc2e7cd24685936cbcb54518d479 7ff36d0d1f80468d916bb1c141236195 - - default default] 10.0.0.138 "DELETE /v2.0/security-groups/254731f3-b0de-412e-88f2-b8bdcac3b8ba HTTP/1.1" status: 204 len: 168 time: 0.1947200
2026-06-09 18:21:31.467 9 INFO neutron.wsgi [req-8dfa8928-4dca-4e61-809f-0c9fe0a15a44 req-2c3c4179-5f58-46b6-8084-630ea8c68ab3 b47c0b7c98b846df9890bab7498fd0aa ad6a4df0ef014444880e444ee34f74bf - - 2b4bb9ba05f143faa2b548f35197875c 2b4bb9ba05f143faa2b548f35197875c] 199.204.45.157 "GET /v2.0/networks?shared=True HTTP/1.1" status: 200 len: 952 time: 0.0969365
2026-06-09 18:21:31.543 9 INFO neutron.wsgi [req-4de5cb82-41f1-4514-a39e-2fa427ebc10c req-c7f06844-79c7-4989-9e7c-a9d35be3d80d b47c0b7c98b846df9890bab7498fd0aa ad6a4df0ef014444880e444ee34f74bf - - 2b4bb9ba05f143faa2b548f35197875c 2b4bb9ba05f143faa2b548f35197875c] 199.204.45.157 "GET /v2.0/ports?tenant_id=7dd9e289c1594f6f9e44f184a1f1c0ff&device_id=26d0875c-49c3-4da7-aca4-9d3442aa6752 HTTP/1.1" status: 200 len: 1407 time: 0.0433362
2026-06-09 18:21:31.579 9 INFO neutron.wsgi [req-4de5cb82-41f1-4514-a39e-2fa427ebc10c req-61726ddf-05c6-451f-a1fe-72c143f6c273 b47c0b7c98b846df9890bab7498fd0aa ad6a4df0ef014444880e444ee34f74bf - - 2b4bb9ba05f143faa2b548f35197875c 2b4bb9ba05f143faa2b548f35197875c] 199.204.45.157 "GET /v2.0/floatingips?fixed_ip_address=10.100.0.4&port_id=3b45f624-ce94-4c88-9891-236971b68c71 HTTP/1.1" status: 200 len: 217 time: 0.0267327
2026-06-09 18:21:31.630 9 INFO neutron.wsgi [req-4de5cb82-41f1-4514-a39e-2fa427ebc10c req-f4fb6054-3bb9-475e-b86b-3d1e97f28b5a b47c0b7c98b846df9890bab7498fd0aa ad6a4df0ef014444880e444ee34f74bf - - 2b4bb9ba05f143faa2b548f35197875c 2b4bb9ba05f143faa2b548f35197875c] 199.204.45.157 "GET /v2.0/subnets?id=c43843c1-5cf9-4f4d-b463-6b01f097e6e0 HTTP/1.1" status: 200 len: 868 time: 0.0438855
2026-06-09 18:21:31.662 9 INFO neutron.wsgi [req-4de5cb82-41f1-4514-a39e-2fa427ebc10c req-e4aaf495-0c4e-4368-9655-5dcaf339d88e b47c0b7c98b846df9890bab7498fd0aa ad6a4df0ef014444880e444ee34f74bf - - 2b4bb9ba05f143faa2b548f35197875c 2b4bb9ba05f143faa2b548f35197875c] 199.204.45.157 "GET /v2.0/ports?network_id=ed0b2da6-48f3-4b7f-b942-e480d70e58ad&device_owner=network%3Adhcp HTTP/1.1" status: 200 len: 210 time: 0.0227332
2026-06-09 18:21:31.734 9 INFO neutron.wsgi [req-4de5cb82-41f1-4514-a39e-2fa427ebc10c req-8910843c-2163-44c7-ba4b-c4f3252d2499 b47c0b7c98b846df9890bab7498fd0aa ad6a4df0ef014444880e444ee34f74bf - - 2b4bb9ba05f143faa2b548f35197875c 2b4bb9ba05f143faa2b548f35197875c] 199.204.45.157 "GET /v2.0/networks/ed0b2da6-48f3-4b7f-b942-e480d70e58ad?fields=segments HTTP/1.1" status: 200 len: 212 time: 0.0635073
2026-06-09 18:21:31.796 9 INFO neutron.wsgi [req-4de5cb82-41f1-4514-a39e-2fa427ebc10c req-a53e959d-0e17-499c-98c2-40ef6bbe3f9d b47c0b7c98b846df9890bab7498fd0aa ad6a4df0ef014444880e444ee34f74bf - - 2b4bb9ba05f143faa2b548f35197875c 2b4bb9ba05f143faa2b548f35197875c] 199.204.45.157 "GET /v2.0/networks/ed0b2da6-48f3-4b7f-b942-e480d70e58ad?fields=provider%3Aphysical_network&fields=provider%3Anetwork_type HTTP/1.1" status: 200 len: 277 time: 0.0541260
2026-06-09 18:21:32.034 10 INFO neutron.plugins.ml2.drivers.ovn.mech_driver.mech_driver [None req-24070eea-561b-43c1-a7b8-522b40924b28 - - - - - -] OVN reports status up for port: 3b45f624-ce94-4c88-9891-236971b68c71
2026-06-09 18:21:32.061 9 WARNING neutron.plugins.ml2.drivers.ovn.mech_driver.ovsdb.ovn_client [None req-0ac23db8-f893-4d1f-a7c3-6591ff039c01 - - - - - -] No hosting information found for port 840fecfd-b60d-4429-9ea4-d4137986fd00: RuntimeError: No hosting information found for port 840fecfd-b60d-4429-9ea4-d4137986fd00
2026-06-09 18:21:32.062 9 INFO neutron.plugins.ml2.drivers.ovn.mech_driver.mech_driver [None req-0ac23db8-f893-4d1f-a7c3-6591ff039c01 - - - - - -] OVN reports status down for port: 668c04da-2acd-4c20-a009-b3afa34411ee
2026-06-09 18:21:32.062 10 INFO neutron.plugins.ml2.plugin [None req-24070eea-561b-43c1-a7b8-522b40924b28 - - - - - -] Attempt 1 to provision port 3b45f624-ce94-4c88-9891-236971b68c71
2026-06-09 18:21:32.240 10 INFO neutron.notifiers.nova [-] Nova event matching ['req-ab0c2e77-bbd2-41f0-9cf0-4c727ff06c03'] response: {'server_uuid': '26d0875c-49c3-4da7-aca4-9d3442aa6752', 'name': 'network-vif-plugged', 'status': 'completed', 'tag': '3b45f624-ce94-4c88-9891-236971b68c71', 'code': 200}
2026-06-09 18:21:32.352 10 INFO neutron.wsgi [None req-262a598c-71ee-4961-82ca-4f886aea1011 f1d9ad25fd2e464abe7b43c77aba0206 682862a9e4cc49a7bf254b807aa42b80 - - default default] 10.0.0.138 "GET /v2.0/extensions HTTP/1.1" status: 200 len: 16975 time: 0.2519531
2026-06-09 18:21:32.364 9 INFO neutron.wsgi [None req-9bad53fd-967a-48cb-84a6-85ee3e6b600a f1d9ad25fd2e464abe7b43c77aba0206 682862a9e4cc49a7bf254b807aa42b80 - - default default] 10.0.0.138 "GET /v2.0/extensions/address-group HTTP/1.1" status: 200 len: 353 time: 0.0076358
2026-06-09 18:21:32.375 10 INFO neutron.wsgi [None req-9b0398cb-ce9f-4cbe-afcb-f663a6e11e03 f1d9ad25fd2e464abe7b43c77aba0206 682862a9e4cc49a7bf254b807aa42b80 - - default default] 10.0.0.138 "GET /v2.0/extensions/address-scope HTTP/1.1" status: 200 len: 357 time: 0.0049343
2026-06-09 18:21:32.389 10 INFO neutron.wsgi [None req-394f3d30-205c-409b-bcc4-9db2649fa839 f1d9ad25fd2e464abe7b43c77aba0206 682862a9e4cc49a7bf254b807aa42b80 - - default default] 10.0.0.138 "GET /v2.0/extensions/agent HTTP/1.1" status: 200 len: 347 time: 0.0054333
2026-06-09 18:21:32.399 10 INFO neutron.wsgi [None req-a04d6f67-0a38-4a31-80de-001db4ea78e1 f1d9ad25fd2e464abe7b43c77aba0206 682862a9e4cc49a7bf254b807aa42b80 - - default default] 10.0.0.138 "GET /v2.0/extensions/allowed-address-pairs HTTP/1.1" status: 200 len: 378 time: 0.0040181
2026-06-09 18:21:32.414 9 INFO neutron.wsgi [None req-0dcd4149-67c6-4d21-9fce-bf1448c76497 f1d9ad25fd2e464abe7b43c77aba0206 682862a9e4cc49a7bf254b807aa42b80 - - default default] 10.0.0.138 "GET /v2.0/extensions/auto-allocated-topology HTTP/1.1" status: 200 len: 394 time: 0.0060570
2026-06-09 18:21:32.421 9 INFO neutron.wsgi [req-df85070a-6dd0-4858-a0aa-a5ea4a3705d2 req-5d3b6fce-d5de-4526-97b8-5c5e836dac8c 0e230a199ba244dba31dce4348020871 7dd9e289c1594f6f9e44f184a1f1c0ff - - default default] 10.0.0.194 "GET /v2.0/ports?device_id=26d0875c-49c3-4da7-aca4-9d3442aa6752 HTTP/1.1" status: 200 len: 1170 time: 0.0560577
2026-06-09 18:21:32.421 10 INFO neutron.wsgi [None req-3f1ae248-26ee-43ae-8100-3233dd126dcb f1d9ad25fd2e464abe7b43c77aba0206 682862a9e4cc49a7bf254b807aa42b80 - - default default] 10.0.0.138 "GET /v2.0/extensions/availability_zone HTTP/1.1" status: 200 len: 372 time: 0.0041106
2026-06-09 18:21:32.431 9 INFO neutron.wsgi [None req-83669c2a-a795-47b3-ace3-440d82ef9a9c f1d9ad25fd2e464abe7b43c77aba0206 682862a9e4cc49a7bf254b807aa42b80 - - default default] 10.0.0.138 "GET /v2.0/extensions/default-subnetpools HTTP/1.1" status: 200 len: 405 time: 0.0060313
2026-06-09 18:21:32.443 10 INFO neutron.wsgi [None req-cf98a740-3fcc-46a7-8f00-7a9ee6406cb8 f1d9ad25fd2e464abe7b43c77aba0206 682862a9e4cc49a7bf254b807aa42b80 - - default default] 10.0.0.138 "GET /v2.0/extensions/dhcp_agent_scheduler HTTP/1.1" status: 200 len: 381 time: 0.0066898
2026-06-09 18:21:32.452 9 INFO neutron.wsgi [None req-0814135a-c9cc-4614-940b-30ca9e96d786 f1d9ad25fd2e464abe7b43c77aba0206 682862a9e4cc49a7bf254b807aa42b80 - - default default] 10.0.0.138 "GET /v2.0/extensions/dns-integration HTTP/1.1" status: 200 len: 366 time: 0.0053399
2026-06-09 18:21:32.462 9 INFO neutron.wsgi [None req-96f717aa-a41e-4775-9fd7-6c92a47dc82c f1d9ad25fd2e464abe7b43c77aba0206 682862a9e4cc49a7bf254b807aa42b80 - - default default] 10.0.0.138 "GET /v2.0/extensions/dns-domain-ports HTTP/1.1" status: 200 len: 399 time: 0.0054586
2026-06-09 18:21:32.471 10 INFO neutron.wsgi [None req-6adb2222-a374-486e-ad42-d780bac0afec f1d9ad25fd2e464abe7b43c77aba0206 682862a9e4cc49a7bf254b807aa42b80 - - default default] 10.0.0.138 "GET /v2.0/extensions/dns-integration-domain-keywords HTTP/1.1" status: 200 len: 477 time: 0.0037434
2026-06-09 18:21:32.479 9 INFO neutron.wsgi [None req-ade545db-38c6-41d0-9411-ad10d14099e2 f1d9ad25fd2e464abe7b43c77aba0206 682862a9e4cc49a7bf254b807aa42b80 - - default default] 10.0.0.138 "GET /v2.0/extensions/empty-string-filtering HTTP/1.1" status: 200 len: 413 time: 0.0043437
2026-06-09 18:21:32.481 9 INFO neutron.wsgi [req-df85070a-6dd0-4858-a0aa-a5ea4a3705d2 req-e3e73007-b0e8-4855-81f3-7b97a7a328c8 0e230a199ba244dba31dce4348020871 7dd9e289c1594f6f9e44f184a1f1c0ff - - default default] 10.0.0.194 "GET /v2.0/security-groups?id=1c306ccc-a36d-4404-9d3b-51e0c5157615&fields=id&fields=name HTTP/1.1" status: 200 len: 312 time: 0.0494099
2026-06-09 18:21:32.487 9 INFO neutron.wsgi [None req-d4fc78c6-f57c-44d7-866f-6c957d7f9b67 f1d9ad25fd2e464abe7b43c77aba0206 682862a9e4cc49a7bf254b807aa42b80 - - default default] 10.0.0.138 "GET /v2.0/extensions/external-net HTTP/1.1" status: 200 len: 394 time: 0.0045891
2026-06-09 18:21:32.493 9 INFO neutron.wsgi [None req-329fb5de-e171-4afa-9dd6-ed28fcc80554 f1d9ad25fd2e464abe7b43c77aba0206 682862a9e4cc49a7bf254b807aa42b80 - - default default] 10.0.0.138 "GET /v2.0/extensions/extra_dhcp_opt HTTP/1.1" status: 200 len: 498 time: 0.0030928
2026-06-09 18:21:32.504 9 INFO neutron.wsgi [None req-ab295dba-aac9-4ca8-bb47-df939d830314 f1d9ad25fd2e464abe7b43c77aba0206 682862a9e4cc49a7bf254b807aa42b80 - - default default] 10.0.0.138 "GET /v2.0/extensions/extraroute HTTP/1.1" status: 200 len: 375 time: 0.0071573
2026-06-09 18:21:32.511 9 INFO neutron.wsgi [None req-5d39da9a-f5bf-4034-8619-4e2e4f082b42 f1d9ad25fd2e464abe7b43c77aba0206 682862a9e4cc49a7bf254b807aa42b80 - - default default] 10.0.0.138 "GET /v2.0/extensions/filter-validation HTTP/1.1" status: 200 len: 392 time: 0.0031753
2026-06-09 18:21:32.519 9 INFO neutron.wsgi [None req-e4a83c7d-be35-49a6-a941-a30baf922770 f1d9ad25fd2e464abe7b43c77aba0206 682862a9e4cc49a7bf254b807aa42b80 - - default default] 10.0.0.138 "GET /v2.0/extensions/floating-ip-port-forwarding-detail HTTP/1.1" status: 200 len: 465 time: 0.0043464
2026-06-09 18:21:32.525 9 INFO neutron.wsgi [None req-3fe9bd8c-140a-45a5-b4dc-49e01c9f270d f1d9ad25fd2e464abe7b43c77aba0206 682862a9e4cc49a7bf254b807aa42b80 - - default default] 10.0.0.138 "GET /v2.0/extensions/fip-port-details HTTP/1.1" status: 200 len: 406 time: 0.0033774
2026-06-09 18:21:32.526 10 INFO neutron.db.ovn_revision_numbers_db [None req-24070eea-561b-43c1-a7b8-522b40924b28 - - - - - -] Successfully bumped revision number for resource 3b45f624-ce94-4c88-9891-236971b68c71 (type: ports) to 4
2026-06-09 18:21:32.535 9 INFO neutron.wsgi [None req-cf0026ff-237c-463b-9dfa-37753975b0cb f1d9ad25fd2e464abe7b43c77aba0206 682862a9e4cc49a7bf254b807aa42b80 - - default default] 10.0.0.138 "GET /v2.0/extensions/flavors HTTP/1.1" status: 200 len: 387 time: 0.0061834
2026-06-09 18:21:32.545 9 INFO neutron.wsgi [None req-d2bc9426-880f-4106-862d-25e6bf17cf30 f1d9ad25fd2e464abe7b43c77aba0206 682862a9e4cc49a7bf254b807aa42b80 - - default default] 10.0.0.138 "GET /v2.0/extensions/floatingip-pools HTTP/1.1" status: 200 len: 382 time: 0.0054972
2026-06-09 18:21:32.554 9 INFO neutron.wsgi [None req-a3722684-6362-4473-b13b-d5ee629f6f32 f1d9ad25fd2e464abe7b43c77aba0206 682862a9e4cc49a7bf254b807aa42b80 - - default default] 10.0.0.138 "GET /v2.0/extensions/ip_allocation HTTP/1.1" status: 200 len: 356 time: 0.0055847
2026-06-09 18:21:32.563 9 INFO neutron.wsgi [None req-c0052ff3-8694-4dce-8578-71593c5ad62e f1d9ad25fd2e464abe7b43c77aba0206 682862a9e4cc49a7bf254b807aa42b80 - - default default] 10.0.0.138 "GET /v2.0/extensions/l2_adjacency HTTP/1.1" status: 200 len: 372 time: 0.0051930
2026-06-09 18:21:32.570 9 INFO neutron.wsgi [None req-1ab4a889-ac43-4f07-9020-95181730375b f1d9ad25fd2e464abe7b43c77aba0206 682862a9e4cc49a7bf254b807aa42b80 - - default default] 10.0.0.138 "GET /v2.0/extensions/router HTTP/1.1" status: 200 len: 450 time: 0.0047045
2026-06-09 18:21:32.581 9 INFO neutron.wsgi [None req-dc18b4b5-97ff-4b56-8573-db533bdae0eb f1d9ad25fd2e464abe7b43c77aba0206 682862a9e4cc49a7bf254b807aa42b80 - - default default] 10.0.0.138 "GET /v2.0/extensions/ext-gw-mode HTTP/1.1" status: 200 len: 462 time: 0.0050313
2026-06-09 18:21:32.591 9 INFO neutron.wsgi [None req-dafa8060-859d-44e8-88f2-ee71cbc4c1a3 f1d9ad25fd2e464abe7b43c77aba0206 682862a9e4cc49a7bf254b807aa42b80 - - default default] 10.0.0.138 "GET /v2.0/extensions/logging HTTP/1.1" status: 200 len: 407 time: 0.0052421
2026-06-09 18:21:32.607 9 INFO neutron.wsgi [None req-9ddadf4b-d687-4c8b-959a-b79ce5549858 f1d9ad25fd2e464abe7b43c77aba0206 682862a9e4cc49a7bf254b807aa42b80 - - default default] 10.0.0.138 "GET /v2.0/extensions/multi-provider HTTP/1.1" status: 200 len: 406 time: 0.0074325
2026-06-09 18:21:32.617 9 INFO neutron.wsgi [None req-44a5f769-092b-4778-a26d-b48c9b3b9e21 f1d9ad25fd2e464abe7b43c77aba0206 682862a9e4cc49a7bf254b807aa42b80 - - default default] 10.0.0.138 "GET /v2.0/extensions/net-mtu HTTP/1.1" status: 200 len: 370 time: 0.0049531
2026-06-09 18:21:32.625 9 INFO neutron.wsgi [None req-cf64459c-3393-4f74-a426-a795faa72674 f1d9ad25fd2e464abe7b43c77aba0206 682862a9e4cc49a7bf254b807aa42b80 - - default default] 10.0.0.138 "GET /v2.0/extensions/net-mtu-writable HTTP/1.1" status: 200 len: 401 time: 0.0044255
2026-06-09 18:21:32.635 9 INFO neutron.wsgi [None req-41c124c9-8453-4275-8c69-e320c74b2726 f1d9ad25fd2e464abe7b43c77aba0206 682862a9e4cc49a7bf254b807aa42b80 - - default default] 10.0.0.138 "GET /v2.0/extensions/network_availability_zone HTTP/1.1" status: 200 len: 394 time: 0.0052390
2026-06-09 18:21:32.644 9 INFO neutron.wsgi [None req-384b3271-46bb-41b0-84f2-439d6e4ff7bd f1d9ad25fd2e464abe7b43c77aba0206 682862a9e4cc49a7bf254b807aa42b80 - - default default] 10.0.0.138 "GET /v2.0/extensions/network-ip-availability HTTP/1.1" status: 200 len: 410 time: 0.0048056
2026-06-09 18:21:32.654 9 INFO neutron.wsgi [None req-60e11228-cf2c-4a6f-b535-6726a1129cd3 f1d9ad25fd2e464abe7b43c77aba0206 682862a9e4cc49a7bf254b807aa42b80 - - default default] 10.0.0.138 "GET /v2.0/extensions/pagination HTTP/1.1" status: 200 len: 386 time: 0.0057361
2026-06-09 18:21:32.663 9 INFO neutron.wsgi [None req-cfaf7a09-0a3b-4ea4-9672-434512ddf717 f1d9ad25fd2e464abe7b43c77aba0206 682862a9e4cc49a7bf254b807aa42b80 - - default default] 10.0.0.138 "GET /v2.0/extensions/port-device-profile HTTP/1.1" status: 200 len: 383 time: 0.0062201
2026-06-09 18:21:32.672 9 INFO neutron.wsgi [None req-12bdf0c5-e189-4fb4-9ee9-bd60ae3d5ea7 f1d9ad25fd2e464abe7b43c77aba0206 682862a9e4cc49a7bf254b807aa42b80 - - default default] 10.0.0.138 "GET /v2.0/extensions/port-mac-address-regenerate HTTP/1.1" status: 200 len: 403 time: 0.0051296
2026-06-09 18:21:32.678 9 INFO neutron.wsgi [None req-2842b9b6-d24a-4b3a-bc95-98ca675363cf f1d9ad25fd2e464abe7b43c77aba0206 682862a9e4cc49a7bf254b807aa42b80 - - default default] 10.0.0.138 "GET /v2.0/extensions/port-numa-affinity-policy HTTP/1.1" status: 200 len: 392 time: 0.0031924
2026-06-09 18:21:32.692 9 INFO neutron.wsgi [None req-334f8275-8177-4e4a-b7f5-1b4077664fbb f1d9ad25fd2e464abe7b43c77aba0206 682862a9e4cc49a7bf254b807aa42b80 - - default default] 10.0.0.138 "GET /v2.0/extensions/port-resource-request HTTP/1.1" status: 200 len: 379 time: 0.0043571 /var/lib/openstack/lib/python3.10/site-packages/pycadf/identifier.py:71: UserWarning: Invalid uuid: neutron. To ensure interoperability, identifiers should be a valid uuid. warnings.warn(('Invalid uuid: %s. To ensure interoperability, '
2026-06-09 18:21:32.702 10 INFO neutron.wsgi [None req-eec1687a-b394-473d-8302-b68206ebfae5 f1d9ad25fd2e464abe7b43c77aba0206 682862a9e4cc49a7bf254b807aa42b80 - - default default] 10.0.0.138 "GET /v2.0/extensions/port-resource-request-groups HTTP/1.1" status: 200 len: 465 time: 0.0064731
2026-06-09 18:21:32.717 10 INFO neutron.wsgi [None req-83f955f6-1728-41a0-b22e-e78c5774beed f1d9ad25fd2e464abe7b43c77aba0206 682862a9e4cc49a7bf254b807aa42b80 - - default default] 10.0.0.138 "GET /v2.0/extensions/binding HTTP/1.1" status: 200 len: 387 time: 0.0107560
2026-06-09 18:21:32.728 10 INFO neutron.wsgi [None req-0de9559c-a04e-40b3-bea6-8a356c4df76c f1d9ad25fd2e464abe7b43c77aba0206 682862a9e4cc49a7bf254b807aa42b80 - - default default] 10.0.0.138 "GET /v2.0/extensions/binding-extended HTTP/1.1" status: 200 len: 406 time: 0.0070343
2026-06-09 18:21:32.739 10 INFO neutron.wsgi [None req-90e7e126-7bde-4b84-acfa-3defac09801f f1d9ad25fd2e464abe7b43c77aba0206 682862a9e4cc49a7bf254b807aa42b80 - - default default] 10.0.0.138 "GET /v2.0/extensions/port-security HTTP/1.1" status: 200 len: 354 time: 0.0079801
2026-06-09 18:21:32.746 10 INFO neutron.wsgi [None req-dc1bb99f-7eee-4ba6-b1da-3b3152eb5898 f1d9ad25fd2e464abe7b43c77aba0206 682862a9e4cc49a7bf254b807aa42b80 - - default default] 10.0.0.138 "GET /v2.0/extensions/project-id HTTP/1.1" status: 200 len: 398 time: 0.0035992
2026-06-09 18:21:32.756 9 INFO neutron.wsgi [None req-23111de2-be2d-4444-9575-e40fb4a94634 f1d9ad25fd2e464abe7b43c77aba0206 682862a9e4cc49a7bf254b807aa42b80 - - default default] 10.0.0.138 "GET /v2.0/extensions/provider HTTP/1.1" status: 200 len: 385 time: 0.0066066
2026-06-09 18:21:32.764 9 INFO neutron.wsgi [None req-d8f08edb-0592-48ec-9b48-7abc8c7d4ab7 f1d9ad25fd2e464abe7b43c77aba0206 682862a9e4cc49a7bf254b807aa42b80 - - default default] 10.0.0.138 "GET /v2.0/extensions/qos HTTP/1.1" status: 200 len: 360 time: 0.0052645
2026-06-09 18:21:32.772 9 INFO neutron.wsgi [None req-78170b52-8b7b-4951-b1ac-0bd517b12bac f1d9ad25fd2e464abe7b43c77aba0206 682862a9e4cc49a7bf254b807aa42b80 - - default default] 10.0.0.138 "GET /v2.0/extensions/qos-bw-limit-direction HTTP/1.1" status: 200 len: 452 time: 0.0042138
2026-06-09 18:21:32.779 9 INFO neutron.wsgi [None req-eb8de14c-db81-4214-b205-05519592edf8 f1d9ad25fd2e464abe7b43c77aba0206 682862a9e4cc49a7bf254b807aa42b80 - - default default] 10.0.0.138 "GET /v2.0/extensions/qos-bw-minimum-ingress HTTP/1.1" status: 200 len: 445 time: 0.0043731
2026-06-09 18:21:32.787 9 INFO neutron.wsgi [None req-bc3a27ff-3d88-49e1-99f0-5126650037db f1d9ad25fd2e464abe7b43c77aba0206 682862a9e4cc49a7bf254b807aa42b80 - - default default] 10.0.0.138 "GET /v2.0/extensions/qos-default HTTP/1.1" status: 200 len: 377 time: 0.0044370
2026-06-09 18:21:32.795 9 INFO neutron.wsgi [None req-47b6ea2b-67c2-4983-8c7b-932787c4760f f1d9ad25fd2e464abe7b43c77aba0206 682862a9e4cc49a7bf254b807aa42b80 - - default default] 10.0.0.138 "GET /v2.0/extensions/qos-fip HTTP/1.1" status: 200 len: 372 time: 0.0046074
2026-06-09 18:21:32.803 9 INFO neutron.wsgi [None req-f46e1dcc-09a5-4ecd-b743-cf41cfec1a38 f1d9ad25fd2e464abe7b43c77aba0206 682862a9e4cc49a7bf254b807aa42b80 - - default default] 10.0.0.138 "GET /v2.0/extensions/qos-gateway-ip HTTP/1.1" status: 200 len: 391 time: 0.0044336
2026-06-09 18:21:32.811 9 INFO neutron.wsgi [None req-44f23b8f-b601-440c-821d-cfa90b7d18d4 f1d9ad25fd2e464abe7b43c77aba0206 682862a9e4cc49a7bf254b807aa42b80 - - default default] 10.0.0.138 "GET /v2.0/extensions/qos-port-network-policy HTTP/1.1" status: 200 len: 403 time: 0.0044065
2026-06-09 18:21:32.819 9 INFO neutron.wsgi [None req-010751ef-6e78-428c-a6bf-5691de77c775 f1d9ad25fd2e464abe7b43c77aba0206 682862a9e4cc49a7bf254b807aa42b80 - - default default] 10.0.0.138 "GET /v2.0/extensions/qos-pps-minimum HTTP/1.1" status: 200 len: 397 time: 0.0046344
2026-06-09 18:21:32.833 9 INFO neutron.wsgi [None req-abf3877b-4258-4062-b458-3e87e9859080 f1d9ad25fd2e464abe7b43c77aba0206 682862a9e4cc49a7bf254b807aa42b80 - - default default] 10.0.0.138 "GET /v2.0/extensions/qos-pps-minimum-rule-alias HTTP/1.1" status: 200 len: 471 time: 0.0071881
2026-06-09 18:21:32.840 9 INFO neutron.wsgi [None req-f321b511-5da6-4430-9b48-dded2744d772 f1d9ad25fd2e464abe7b43c77aba0206 682862a9e4cc49a7bf254b807aa42b80 - - default default] 10.0.0.138 "GET /v2.0/extensions/qos-pps HTTP/1.1" status: 200 len: 389 time: 0.0035985
2026-06-09 18:21:32.849 9 INFO neutron.wsgi [None req-7d731ba0-cdda-40e6-96c9-980bcabd2eee f1d9ad25fd2e464abe7b43c77aba0206 682862a9e4cc49a7bf254b807aa42b80 - - default default] 10.0.0.138 "GET /v2.0/extensions/qos-rule-type-details HTTP/1.1" status: 200 len: 423 time: 0.0055692
2026-06-09 18:21:32.862 10 INFO neutron.wsgi [None req-885cb9b0-e7b2-4a54-8a90-0a1b88fac662 f1d9ad25fd2e464abe7b43c77aba0206 682862a9e4cc49a7bf254b807aa42b80 - - default default] 10.0.0.138 "GET /v2.0/extensions/qos-rule-type-filter HTTP/1.1" status: 200 len: 567 time: 0.0070391
2026-06-09 18:21:32.871 10 INFO neutron.wsgi [None req-684fb5be-88c7-4eea-9765-ba85c82ac6c4 f1d9ad25fd2e464abe7b43c77aba0206 682862a9e4cc49a7bf254b807aa42b80 - - default default] 10.0.0.138 "GET /v2.0/extensions/qos-rules-alias HTTP/1.1" status: 200 len: 448 time: 0.0044069
2026-06-09 18:21:32.878 10 INFO neutron.wsgi [None req-fd8fa14f-b744-4e23-88df-b799076f1e89 f1d9ad25fd2e464abe7b43c77aba0206 682862a9e4cc49a7bf254b807aa42b80 - - default default] 10.0.0.138 "GET /v2.0/extensions/quota-check-limit HTTP/1.1" status: 200 len: 420 time: 0.0041373
2026-06-09 18:21:32.884 10 INFO neutron.wsgi [None req-5106f849-f1a3-4018-a30f-b4b967fa6d56 f1d9ad25fd2e464abe7b43c77aba0206 682862a9e4cc49a7bf254b807aa42b80 - - default default] 10.0.0.138 "GET /v2.0/extensions/quotas HTTP/1.1" status: 200 len: 386 time: 0.0031130
2026-06-09 18:21:32.892 10 INFO neutron.wsgi [None req-21825208-4199-4e99-863e-f4aa2352b381 f1d9ad25fd2e464abe7b43c77aba0206 682862a9e4cc49a7bf254b807aa42b80 - - default default] 10.0.0.138 "GET /v2.0/extensions/quota_details HTTP/1.1" status: 200 len: 407 time: 0.0044367
2026-06-09 18:21:32.902 10 INFO neutron.wsgi [None req-cfaa22fe-ee9c-4291-ac5c-94ef28343a18 f1d9ad25fd2e464abe7b43c77aba0206 682862a9e4cc49a7bf254b807aa42b80 - - default default] 10.0.0.138 "GET /v2.0/extensions/rbac-policies HTTP/1.1" status: 200 len: 417 time: 0.0043516
2026-06-09 18:21:32.911 9 INFO neutron.wsgi [None req-3429eaf1-8107-4640-9af5-1e868e7360ac f1d9ad25fd2e464abe7b43c77aba0206 682862a9e4cc49a7bf254b807aa42b80 - - default default] 10.0.0.138 "GET /v2.0/extensions/rbac-address-scope HTTP/1.1" status: 200 len: 384 time: 0.0045626
2026-06-09 18:21:32.922 9 INFO neutron.wsgi [None req-e8d0791a-4aee-4957-816e-ad3433e562e8 f1d9ad25fd2e464abe7b43c77aba0206 682862a9e4cc49a7bf254b807aa42b80 - - default default] 10.0.0.138 "GET /v2.0/extensions/rbac-security-groups HTTP/1.1" status: 200 len: 404 time: 0.0068464
2026-06-09 18:21:32.936 10 INFO neutron.wsgi [None req-7815a92c-2ef1-4ccc-86ed-db94f08f6333 f1d9ad25fd2e464abe7b43c77aba0206 682862a9e4cc49a7bf254b807aa42b80 - - default default] 10.0.0.138 "GET /v2.0/extensions/revision-if-match HTTP/1.1" status: 200 len: 441 time: 0.0087204
2026-06-09 18:21:32.947 9 INFO neutron.wsgi [None req-6f629f49-8aa8-4ea0-884d-84975fd06924 f1d9ad25fd2e464abe7b43c77aba0206 682862a9e4cc49a7bf254b807aa42b80 - - default default] 10.0.0.138 "GET /v2.0/extensions/standard-attr-revisions HTTP/1.1" status: 200 len: 423 time: 0.0054586
2026-06-09 18:21:32.958 10 INFO neutron.wsgi [None req-42315ad8-25fa-41e8-8707-5ff53983ee22 f1d9ad25fd2e464abe7b43c77aba0206 682862a9e4cc49a7bf254b807aa42b80 - - default default] 10.0.0.138 "GET /v2.0/extensions/router_availability_zone HTTP/1.1" status: 200 len: 391 time: 0.0074348
2026-06-09 18:21:32.966 10 INFO neutron.wsgi [None req-12b21243-ca05-4943-89d3-58cf01286786 f1d9ad25fd2e464abe7b43c77aba0206 682862a9e4cc49a7bf254b807aa42b80 - - default default] 10.0.0.138 "GET /v2.0/extensions/security-groups-default-rules HTTP/1.1" status: 200 len: 456 time: 0.0037451
2026-06-09 18:21:32.987 10 INFO neutron.wsgi [None req-d935453b-5b11-4d1e-864a-c72a7d6e1e77 f1d9ad25fd2e464abe7b43c77aba0206 682862a9e4cc49a7bf254b807aa42b80 - - default default] 10.0.0.138 "GET /v2.0/extensions/security-groups-normalized-cidr HTTP/1.1" status: 200 len: 445 time: 0.0059605
2026-06-09 18:21:32.994 10 INFO neutron.wsgi [None req-24489119-802b-464b-943b-2d6a7ddbb45a f1d9ad25fd2e464abe7b43c77aba0206 682862a9e4cc49a7bf254b807aa42b80 - - default default] 10.0.0.138 "GET /v2.0/extensions/security-groups-remote-address-group HTTP/1.1" status: 200 len: 448 time: 0.0040088
2026-06-09 18:21:33.003 10 INFO neutron.wsgi [None req-0b627d01-dfcf-4168-87f2-6820b0a60cf9 f1d9ad25fd2e464abe7b43c77aba0206 682862a9e4cc49a7bf254b807aa42b80 - - default default] 10.0.0.138 "GET /v2.0/extensions/security-groups-shared-filtering HTTP/1.1" status: 200 len: 435 time: 0.0050352
2026-06-09 18:21:33.011 10 INFO neutron.wsgi [None req-a007ad47-2991-49c2-b1ef-1310ba0229a8 f1d9ad25fd2e464abe7b43c77aba0206 682862a9e4cc49a7bf254b807aa42b80 - - default default] 10.0.0.138 "GET /v2.0/extensions/security-group HTTP/1.1" status: 200 len: 364 time: 0.0051231
2026-06-09 18:21:33.021 10 INFO neutron.wsgi [None req-fb339881-85a2-4b85-8f7b-3e04a8a58140 f1d9ad25fd2e464abe7b43c77aba0206 682862a9e4cc49a7bf254b807aa42b80 - - default default] 10.0.0.138 "GET /v2.0/extensions/segment HTTP/1.1" status: 200 len: 339 time: 0.0060959
2026-06-09 18:21:33.030 10 INFO neutron.wsgi [None req-4c6d342d-ddda-4dc9-b4dc-c771114392c3 f1d9ad25fd2e464abe7b43c77aba0206 682862a9e4cc49a7bf254b807aa42b80 - - default default] 10.0.0.138 "GET /v2.0/extensions/segments-peer-subnet-host-routes HTTP/1.1" status: 200 len: 427 time: 0.0060630
2026-06-09 18:21:33.038 10 INFO neutron.wsgi [None req-089055cf-6477-44c6-824d-c66e85468915 f1d9ad25fd2e464abe7b43c77aba0206 682862a9e4cc49a7bf254b807aa42b80 - - default default] 10.0.0.138 "GET /v2.0/extensions/service-type HTTP/1.1" status: 200 len: 415 time: 0.0045829
2026-06-09 18:21:33.044 10 INFO neutron.wsgi [None req-0cee850d-d60d-41a3-bcc5-d8a4db8b14bf f1d9ad25fd2e464abe7b43c77aba0206 682862a9e4cc49a7bf254b807aa42b80 - - default default] 10.0.0.138 "GET /v2.0/extensions/sorting HTTP/1.1" status: 200 len: 377 time: 0.0035908
2026-06-09 18:21:33.052 10 INFO neutron.wsgi [None req-7810adf3-2900-4c4a-b4c5-8f12a12c5185 f1d9ad25fd2e464abe7b43c77aba0206 682862a9e4cc49a7bf254b807aa42b80 - - default default] 10.0.0.138 "GET /v2.0/extensions/standard-attr-segment HTTP/1.1" status: 200 len: 406 time: 0.0048468
2026-06-09 18:21:33.061 10 INFO neutron.wsgi [None req-4029538b-0eb9-411b-b4d3-c749177369d3 f1d9ad25fd2e464abe7b43c77aba0206 682862a9e4cc49a7bf254b807aa42b80 - - default default] 10.0.0.138 "GET /v2.0/extensions/standard-attr-description HTTP/1.1" status: 200 len: 408 time: 0.0056763
2026-06-09 18:21:33.067 10 INFO neutron.wsgi [None req-e9c06dc3-17bd-44a3-bce9-5821a64a7cfc f1d9ad25fd2e464abe7b43c77aba0206 682862a9e4cc49a7bf254b807aa42b80 - - default default] 10.0.0.138 "GET /v2.0/extensions/stateful-security-group HTTP/1.1" status: 200 len: 402 time: 0.0033855
2026-06-09 18:21:33.076 10 INFO neutron.wsgi [None req-f24f4b14-7a04-4f6d-b076-804bd6d01607 f1d9ad25fd2e464abe7b43c77aba0206 682862a9e4cc49a7bf254b807aa42b80 - - default default] 10.0.0.138 "GET /v2.0/extensions/subnet-dns-publish-fixed-ip HTTP/1.1" status: 200 len: 421 time: 0.0056298
2026-06-09 18:21:33.082 10 INFO neutron.wsgi [None req-aa9c24d9-c4ba-4d51-8478-91bafdbbfbc6 f1d9ad25fd2e464abe7b43c77aba0206 682862a9e4cc49a7bf254b807aa42b80 - - default default] 10.0.0.138 "GET /v2.0/extensions/subnet-segmentid-writable HTTP/1.1" status: 200 len: 421 time: 0.0037696
2026-06-09 18:21:33.091 10 INFO neutron.wsgi [None req-a5e12629-0774-42a2-8d84-70af2682932a f1d9ad25fd2e464abe7b43c77aba0206 682862a9e4cc49a7bf254b807aa42b80 - - default default] 10.0.0.138 "GET /v2.0/extensions/subnet-service-types HTTP/1.1" status: 200 len: 400 time: 0.0051568
2026-06-09 18:21:33.098 10 INFO neutron.wsgi [None req-a77c284f-920c-4cc6-bb51-7fd6442e4963 f1d9ad25fd2e464abe7b43c77aba0206 682862a9e4cc49a7bf254b807aa42b80 - - default default] 10.0.0.138 "GET /v2.0/extensions/subnet_allocation HTTP/1.1" status: 200 len: 388 time: 0.0047846
2026-06-09 18:21:33.106 10 INFO neutron.wsgi [None req-c63db890-7c37-4e2b-923e-c3830aad30bc f1d9ad25fd2e464abe7b43c77aba0206 682862a9e4cc49a7bf254b807aa42b80 - - default default] 10.0.0.138 "GET /v2.0/extensions/subnetpool-prefix-ops HTTP/1.1" status: 200 len: 418 time: 0.0047600
2026-06-09 18:21:33.115 10 INFO neutron.wsgi [None req-1f7bdc5b-d589-46ab-8fad-2f15b5ce0231 f1d9ad25fd2e464abe7b43c77aba0206 682862a9e4cc49a7bf254b807aa42b80 - - default default] 10.0.0.138 "GET /v2.0/extensions/standard-attr-tag HTTP/1.1" status: 200 len: 537 time: 0.0047402
2026-06-09 18:21:33.124 10 INFO neutron.wsgi [None req-7fb8c0ae-06d4-4880-8e4b-ebf8b6c865cf f1d9ad25fd2e464abe7b43c77aba0206 682862a9e4cc49a7bf254b807aa42b80 - - default default] 10.0.0.138 "GET /v2.0/extensions/standard-attr-timestamp HTTP/1.1" status: 200 len: 449 time: 0.0048289
2026-06-09 18:21:33.134 9 INFO neutron.wsgi [None req-f0de0bca-4572-4adb-a486-ea845661f6ba f1d9ad25fd2e464abe7b43c77aba0206 682862a9e4cc49a7bf254b807aa42b80 - - default default] 10.0.0.138 "GET /v2.0/extensions/trunk HTTP/1.1" status: 200 len: 358 time: 0.0061541
2026-06-09 18:21:33.144 9 INFO neutron.wsgi [None req-c28496bd-3991-478c-b878-c20fcf086f5e f1d9ad25fd2e464abe7b43c77aba0206 682862a9e4cc49a7bf254b807aa42b80 - - default default] 10.0.0.138 "GET /v2.0/extensions/trunk-details HTTP/1.1" status: 200 len: 362 time: 0.0051174
2026-06-09 18:21:33.479 9 WARNING neutron_lib.context [None req-1285b307-92ef-45cd-b1da-9d0a68b4ea33 0cb254daf81848a7a4938f84f28e434b 567511e664694f6caa34db8d070d0935 - - default default] Method 'is_advsvc' is deprecated since 2023.2 release (neutron-lib 3.8.0) and will be removed once support for the old RBAC API policies will be removed from Neutron. Please use method 'is_service_role' instead.
2026-06-09 18:21:33.562 10 WARNING neutron_lib.context [None req-e08be117-14c1-47ae-8d4c-52b35b40f520 5a1414a51885406e96dfc619a2eb712c cab04b2b6bec4a4f84ce254b48c2929e - - default default] Method 'is_advsvc' is deprecated since 2023.2 release (neutron-lib 3.8.0) and will be removed once support for the old RBAC API policies will be removed from Neutron. Please use method 'is_service_role' instead.
2026-06-09 18:21:33.562 10 WARNING neutron_lib.context [None req-e08be117-14c1-47ae-8d4c-52b35b40f520 5a1414a51885406e96dfc619a2eb712c cab04b2b6bec4a4f84ce254b48c2929e - - default default] Method 'is_advsvc' is deprecated since 2023.2 release (neutron-lib 3.8.0) and will be removed once support for the old RBAC API policies will be removed from Neutron. Please use method 'is_service_role' instead.
2026-06-09 18:21:33.603 9 INFO neutron.wsgi [req-cc7e9018-1154-44e8-83e9-8b4cbf22e186 req-9df51459-18f7-4ed1-821b-515de7e7e235 0e230a199ba244dba31dce4348020871 7dd9e289c1594f6f9e44f184a1f1c0ff - - default default] 10.0.0.194 "GET /v2.0/ports?device_id=26d0875c-49c3-4da7-aca4-9d3442aa6752 HTTP/1.1" status: 200 len: 1170 time: 0.0500033
2026-06-09 18:21:33.648 9 INFO neutron.wsgi [req-cc7e9018-1154-44e8-83e9-8b4cbf22e186 req-fd7bdcd2-668c-486f-93cd-94282ec191c4 0e230a199ba244dba31dce4348020871 7dd9e289c1594f6f9e44f184a1f1c0ff - - default default] 10.0.0.194 "GET /v2.0/security-groups?id=1c306ccc-a36d-4404-9d3b-51e0c5157615&fields=id&fields=name HTTP/1.1" status: 200 len: 312 time: 0.0369830
2026-06-09 18:21:33.702 9 INFO neutron.db.ovn_revision_numbers_db [None req-1285b307-92ef-45cd-b1da-9d0a68b4ea33 0cb254daf81848a7a4938f84f28e434b 567511e664694f6caa34db8d070d0935 - - default default] Successfully bumped revision number for resource 18ccc4c8-e271-47e6-8faf-4b091e57e807 (type: security_groups) to 1
2026-06-09 18:21:33.731 10 INFO neutron.db.ovn_revision_numbers_db [None req-e08be117-14c1-47ae-8d4c-52b35b40f520 5a1414a51885406e96dfc619a2eb712c cab04b2b6bec4a4f84ce254b48c2929e - - default default] Successfully bumped revision number for resource 14180ab1-9e88-4ed9-ad34-ee9a112ddf15 (type: security_groups) to 1
2026-06-09 18:21:33.731 9 INFO neutron.db.ovn_revision_numbers_db [None req-1285b307-92ef-45cd-b1da-9d0a68b4ea33 0cb254daf81848a7a4938f84f28e434b 567511e664694f6caa34db8d070d0935 - - default default] Successfully bumped revision number for resource 200185db-ca20-40e1-8d13-007885b75364 (type: security_group_rules) to 0
2026-06-09 18:21:33.762 10 INFO neutron.db.ovn_revision_numbers_db [None req-e08be117-14c1-47ae-8d4c-52b35b40f520 5a1414a51885406e96dfc619a2eb712c cab04b2b6bec4a4f84ce254b48c2929e - - default default] Successfully bumped revision number for resource 10c4f40f-929b-4efa-811c-a7c3de22a38c (type: security_group_rules) to 0
2026-06-09 18:21:33.763 9 INFO neutron.db.ovn_revision_numbers_db [None req-1285b307-92ef-45cd-b1da-9d0a68b4ea33 0cb254daf81848a7a4938f84f28e434b 567511e664694f6caa34db8d070d0935 - - default default] Successfully bumped revision number for resource 3d3e6dd8-3c66-4255-a85a-93113ebe89ad (type: security_group_rules) to 0
2026-06-09 18:21:33.784 10 INFO neutron.db.ovn_revision_numbers_db [None req-e08be117-14c1-47ae-8d4c-52b35b40f520 5a1414a51885406e96dfc619a2eb712c cab04b2b6bec4a4f84ce254b48c2929e - - default default] Successfully bumped revision number for resource 7c822ae4-a7b0-4587-becb-20900662b5c5 (type: security_group_rules) to 0
2026-06-09 18:21:33.796 9 INFO neutron.db.ovn_revision_numbers_db [None req-1285b307-92ef-45cd-b1da-9d0a68b4ea33 0cb254daf81848a7a4938f84f28e434b 567511e664694f6caa34db8d070d0935 - - default default] Successfully bumped revision number for resource 90ad20a2-90c9-4c2b-960f-059344b25dc1 (type: security_group_rules) to 0
2026-06-09 18:21:33.812 9 INFO neutron.wsgi [req-c2929005-1070-49dc-b544-213bebd784a7 req-b32c982a-e161-45b9-9eda-75fa5d214be9 0e230a199ba244dba31dce4348020871 7dd9e289c1594f6f9e44f184a1f1c0ff - - default default] 10.0.0.194 "GET /v2.0/ports?device_id=26d0875c-49c3-4da7-aca4-9d3442aa6752 HTTP/1.1" status: 200 len: 1170 time: 0.0876350
2026-06-09 18:21:33.828 10 INFO neutron.db.ovn_revision_numbers_db [None req-e08be117-14c1-47ae-8d4c-52b35b40f520 5a1414a51885406e96dfc619a2eb712c cab04b2b6bec4a4f84ce254b48c2929e - - default default] Successfully bumped revision number for resource ac3d6fb0-e474-4263-b7ae-635def728aff (type: security_group_rules) to 0
2026-06-09 18:21:33.858 9 INFO neutron.db.ovn_revision_numbers_db [None req-1285b307-92ef-45cd-b1da-9d0a68b4ea33 0cb254daf81848a7a4938f84f28e434b 567511e664694f6caa34db8d070d0935 - - default default] Successfully bumped revision number for resource ea694665-5947-4e2f-9683-be3e04a5d145 (type: security_group_rules) to 0
2026-06-09 18:21:33.883 10 INFO neutron.db.ovn_revision_numbers_db [None req-e08be117-14c1-47ae-8d4c-52b35b40f520 5a1414a51885406e96dfc619a2eb712c cab04b2b6bec4a4f84ce254b48c2929e - - default default] Successfully bumped revision number for resource b6dc8087-afa0-41c8-84a4-82cd3bd79315 (type: security_group_rules) to 0
2026-06-09 18:21:33.934 10 INFO neutron.db.ovn_revision_numbers_db [None req-cc327e74-9a1f-4226-933c-9eed4c17059d c208bc2e7cd24685936cbcb54518d479 7ff36d0d1f80468d916bb1c141236195 - - default default] Successfully bumped revision number for resource 123b923c-2476-4304-981d-fa1ac301807e (type: security_groups) to 1
2026-06-09 18:21:33.976 10 INFO neutron.db.segments_db [None req-e08be117-14c1-47ae-8d4c-52b35b40f520 5a1414a51885406e96dfc619a2eb712c cab04b2b6bec4a4f84ce254b48c2929e - - default default] Added segment a1a2f15f-2a74-4ec1-91be-d02edc4282b3 of type geneve for network 8758567b-28c4-4f68-b58e-d2f49b2a0be2
2026-06-09 18:21:34.016 9 INFO neutron.db.ovn_revision_numbers_db [None req-1285b307-92ef-45cd-b1da-9d0a68b4ea33 0cb254daf81848a7a4938f84f28e434b 567511e664694f6caa34db8d070d0935 - - default default] Successfully bumped revision number for resource ce990e1e-6b63-4b06-b2d6-2ad1e6e5dd66 (type: security_groups) to 1
2026-06-09 18:21:34.057 9 INFO neutron.db.ovn_revision_numbers_db [None req-1285b307-92ef-45cd-b1da-9d0a68b4ea33 0cb254daf81848a7a4938f84f28e434b 567511e664694f6caa34db8d070d0935 - - default default] Successfully bumped revision number for resource 4fc9d195-b537-490f-8bd5-bbc0aff7f527 (type: security_group_rules) to 0
2026-06-09 18:21:34.092 9 INFO neutron.db.ovn_revision_numbers_db [None req-1285b307-92ef-45cd-b1da-9d0a68b4ea33 0cb254daf81848a7a4938f84f28e434b 567511e664694f6caa34db8d070d0935 - - default default] Successfully bumped revision number for resource f4211810-ceff-4205-aaea-a94fc3685d5b (type: security_group_rules) to 0
2026-06-09 18:21:34.123 9 INFO neutron.wsgi [None req-1285b307-92ef-45cd-b1da-9d0a68b4ea33 0cb254daf81848a7a4938f84f28e434b 567511e664694f6caa34db8d070d0935 - - default default] 10.0.0.138 "POST /v2.0/security-groups HTTP/1.1" status: 201 len: 1761 time: 0.9211614
2026-06-09 18:21:34.172 9 INFO neutron.wsgi [None req-1c297bfc-2aa2-409e-9448-104140f0533f 0cb254daf81848a7a4938f84f28e434b 567511e664694f6caa34db8d070d0935 - - default default] 10.0.0.138 "GET /v2.0/security-groups HTTP/1.1" status: 200 len: 4539 time: 0.0361931
2026-06-09 18:21:34.195 10 INFO neutron.db.ovn_revision_numbers_db [None req-cc327e74-9a1f-4226-933c-9eed4c17059d c208bc2e7cd24685936cbcb54518d479 7ff36d0d1f80468d916bb1c141236195 - - default default] Successfully bumped revision number for resource 2dc4ca02-abea-4a6a-bf48-1d81fae776a7 (type: security_group_rules) to 0
2026-06-09 18:21:34.251 10 INFO neutron.db.ovn_revision_numbers_db [None req-cc327e74-9a1f-4226-933c-9eed4c17059d c208bc2e7cd24685936cbcb54518d479 7ff36d0d1f80468d916bb1c141236195 - - default default] Successfully bumped revision number for resource 8eaf3c4b-11a7-4c8e-be78-dadd18a4546d (type: security_group_rules) to 0
2026-06-09 18:21:34.274 10 INFO neutron.notifiers.nova [-] Nova event matching ['req-08c163c7-e62b-4dbf-bf09-8420ade0fd88'] response: {'server_uuid': '26d0875c-49c3-4da7-aca4-9d3442aa6752', 'name': 'network-vif-plugged', 'status': 'completed', 'tag': '3b45f624-ce94-4c88-9891-236971b68c71', 'code': 200}
2026-06-09 18:21:34.277 9 INFO neutron.db.ovn_revision_numbers_db [None req-25701363-ff9a-4a79-a19b-3494672197d9 0cb254daf81848a7a4938f84f28e434b 567511e664694f6caa34db8d070d0935 - - default default] Successfully bumped revision number for resource ce990e1e-6b63-4b06-b2d6-2ad1e6e5dd66 (type: security_groups) to 2
2026-06-09 18:21:34.283 9 INFO neutron.wsgi [None req-25701363-ff9a-4a79-a19b-3494672197d9 0cb254daf81848a7a4938f84f28e434b 567511e664694f6caa34db8d070d0935 - - default default] 10.0.0.138 "PUT /v2.0/security-groups/ce990e1e-6b63-4b06-b2d6-2ad1e6e5dd66 HTTP/1.1" status: 200 len: 1794 time: 0.1053276
2026-06-09 18:21:34.304 10 INFO neutron.db.ovn_revision_numbers_db [None req-cc327e74-9a1f-4226-933c-9eed4c17059d c208bc2e7cd24685936cbcb54518d479 7ff36d0d1f80468d916bb1c141236195 - - default default] Successfully bumped revision number for resource a25b0fb5-552c-42a1-879c-efb9e26d47c3 (type: security_group_rules) to 0
2026-06-09 18:21:34.309 10 INFO neutron.db.l3_db [None req-2201d587-9dc0-4447-80fd-28ef5912b8ac 0e230a199ba244dba31dce4348020871 7dd9e289c1594f6f9e44f184a1f1c0ff - - default default] Floating IP 5a46ff2d-49d7-46bd-9109-a4276b0fd595 associated. External IP: 10.96.250.216, port: 3b45f624-ce94-4c88-9891-236971b68c71.
2026-06-09 18:21:34.327 9 INFO neutron.wsgi [None req-1a9d41a4-b925-40c1-903e-941e060b584d 0cb254daf81848a7a4938f84f28e434b 567511e664694f6caa34db8d070d0935 - - default default] 10.0.0.138 "GET /v2.0/security-groups/ce990e1e-6b63-4b06-b2d6-2ad1e6e5dd66 HTTP/1.1" status: 200 len: 1794 time: 0.0379941
2026-06-09 18:21:34.328 10 INFO neutron.db.ovn_revision_numbers_db [None req-cc327e74-9a1f-4226-933c-9eed4c17059d c208bc2e7cd24685936cbcb54518d479 7ff36d0d1f80468d916bb1c141236195 - - default default] Successfully bumped revision number for resource bfdfea5e-519c-45e2-a91b-5b3779160bbe (type: security_group_rules) to 0
2026-06-09 18:21:34.357 10 INFO neutron.db.segments_db [None req-e08be117-14c1-47ae-8d4c-52b35b40f520 5a1414a51885406e96dfc619a2eb712c cab04b2b6bec4a4f84ce254b48c2929e - - default default] Added segment 836ef9fe-375c-4688-96cf-3ecc1941c5b1 of type geneve for network 5363fa87-24cb-494e-aee2-18822be0b931
2026-06-09 18:21:34.365 10 INFO neutron.wsgi [None req-cc327e74-9a1f-4226-933c-9eed4c17059d c208bc2e7cd24685936cbcb54518d479 7ff36d0d1f80468d916bb1c141236195 - - default default] 10.0.0.138 "GET /v2.0/security-groups?tenant_id=682862a9e4cc49a7bf254b807aa42b80&name=default HTTP/1.1" status: 200 len: 2996 time: 0.6947048
2026-06-09 18:21:34.497 9 INFO neutron.wsgi [None req-95111418-9aab-498d-ad99-89890ef23b5e 0cb254daf81848a7a4938f84f28e434b 567511e664694f6caa34db8d070d0935 - - default default] 10.0.0.138 "DELETE /v2.0/security-groups/ce990e1e-6b63-4b06-b2d6-2ad1e6e5dd66 HTTP/1.1" status: 204 len: 168 time: 0.1641796
2026-06-09 18:21:34.543 9 INFO neutron.wsgi [None req-b5f4bc4a-8d63-4cee-87ef-b4caee584b41 0cb254daf81848a7a4938f84f28e434b 567511e664694f6caa34db8d070d0935 - - default default] 10.0.0.138 "GET /v2.0/security-groups HTTP/1.1" status: 200 len: 2996 time: 0.0402725
2026-06-09 18:21:34.565 9 INFO neutron.api.v2.resource [None req-b31d454b-41c0-4b56-8ecd-6f9c26afc402 0cb254daf81848a7a4938f84f28e434b 567511e664694f6caa34db8d070d0935 - - default default] delete failed (client error): The resource could not be found.
2026-06-09 18:21:34.566 9 INFO neutron.wsgi [None req-b31d454b-41c0-4b56-8ecd-6f9c26afc402 0cb254daf81848a7a4938f84f28e434b 567511e664694f6caa34db8d070d0935 - - default default] 10.0.0.138 "DELETE /v2.0/security-groups/ce990e1e-6b63-4b06-b2d6-2ad1e6e5dd66 HTTP/1.1" status: 404 len: 347 time: 0.0151169
2026-06-09 18:21:34.581 9 WARNING neutron_lib.context [None req-ef644f56-ac4d-406c-8461-50c240598bfd 0cb254daf81848a7a4938f84f28e434b 567511e664694f6caa34db8d070d0935 - - default default] Method 'is_advsvc' is deprecated since 2023.2 release (neutron-lib 3.8.0) and will be removed once support for the old RBAC API policies will be removed from Neutron. Please use method 'is_service_role' instead.
2026-06-09 18:21:34.590 10 INFO neutron.db.ovn_revision_numbers_db [None req-e08be117-14c1-47ae-8d4c-52b35b40f520 5a1414a51885406e96dfc619a2eb712c cab04b2b6bec4a4f84ce254b48c2929e - - default default] Successfully bumped revision number for resource 8758567b-28c4-4f68-b58e-d2f49b2a0be2 (type: networks) to 1
2026-06-09 18:21:34.638 10 INFO neutron.db.ovn_revision_numbers_db [None req-2201d587-9dc0-4447-80fd-28ef5912b8ac 0e230a199ba244dba31dce4348020871 7dd9e289c1594f6f9e44f184a1f1c0ff - - default default] Successfully bumped revision number for resource 5a46ff2d-49d7-46bd-9109-a4276b0fd595 (type: floatingips) to 1
