2026-06-09 18:21:51.170 9 INFO neutron.wsgi [req-a5d3b443-b04b-4579-af4e-35037508c70b req-6abb1439-55a2-4678-8b0f-61bdeb4b632e b47c0b7c98b846df9890bab7498fd0aa ad6a4df0ef014444880e444ee34f74bf - - 2b4bb9ba05f143faa2b548f35197875c 2b4bb9ba05f143faa2b548f35197875c] 199.204.45.157 "GET /v2.0/ports?tenant_id=7dd9e289c1594f6f9e44f184a1f1c0ff&device_id=26d0875c-49c3-4da7-aca4-9d3442aa6752 HTTP/1.1" status: 200 len: 1409 time: 0.0425591
2026-06-09 18:21:51.198 9 INFO neutron.wsgi [req-a42ca21c-c30b-47ff-b4d9-7a8a21f6395f req-0222033c-75b7-424f-8418-3508a19766f3 0e230a199ba244dba31dce4348020871 7dd9e289c1594f6f9e44f184a1f1c0ff - - default default] 10.0.0.194 "GET /v2.0/security-groups?id=1c306ccc-a36d-4404-9d3b-51e0c5157615&fields=id&fields=name HTTP/1.1" status: 200 len: 312 time: 0.0640883
2026-06-09 18:21:51.394 10 INFO neutron.db.ovn_revision_numbers_db [None req-6e736a75-0b98-4bf7-8950-131391a73a9b 93d68d6f2c394253ba57a7a3a666e13c 348ee5c2d8e943258c32d7ab80f13233 - - default default] Successfully bumped revision number for resource ec2e38e4-c425-4d57-9a8f-92135833ae9c (type: security_groups) to 1
2026-06-09 18:21:51.427 10 INFO neutron.db.ovn_revision_numbers_db [None req-6e736a75-0b98-4bf7-8950-131391a73a9b 93d68d6f2c394253ba57a7a3a666e13c 348ee5c2d8e943258c32d7ab80f13233 - - default default] Successfully bumped revision number for resource 403bad5e-c3f7-47ea-a6a3-55c1da5132d1 (type: security_group_rules) to 0
2026-06-09 18:21:51.447 9 INFO neutron.wsgi [req-a5d3b443-b04b-4579-af4e-35037508c70b req-f1b15cf7-a6d0-45cf-a14f-bd31f491ccde b47c0b7c98b846df9890bab7498fd0aa ad6a4df0ef014444880e444ee34f74bf - - 2b4bb9ba05f143faa2b548f35197875c 2b4bb9ba05f143faa2b548f35197875c] 199.204.45.157 "GET /v2.0/networks?id=ed0b2da6-48f3-4b7f-b942-e480d70e58ad HTTP/1.1" status: 200 len: 973 time: 0.2673807
2026-06-09 18:21:51.475 10 INFO neutron.db.ovn_revision_numbers_db [None req-6e736a75-0b98-4bf7-8950-131391a73a9b 93d68d6f2c394253ba57a7a3a666e13c 348ee5c2d8e943258c32d7ab80f13233 - - default default] Successfully bumped revision number for resource 573a4023-19a8-46ec-9a8c-a317f99f922d (type: security_group_rules) to 0
2026-06-09 18:21:51.506 10 INFO neutron.db.ovn_revision_numbers_db [None req-6e736a75-0b98-4bf7-8950-131391a73a9b 93d68d6f2c394253ba57a7a3a666e13c 348ee5c2d8e943258c32d7ab80f13233 - - default default] Successfully bumped revision number for resource 6497efc4-1fa9-4449-9e6c-6825e96dc2e0 (type: security_group_rules) to 0
2026-06-09 18:21:51.516 9 INFO neutron.wsgi [req-a5d3b443-b04b-4579-af4e-35037508c70b req-cb621b0c-e45d-42a6-8c96-ac74971bef99 b47c0b7c98b846df9890bab7498fd0aa ad6a4df0ef014444880e444ee34f74bf - - 2b4bb9ba05f143faa2b548f35197875c 2b4bb9ba05f143faa2b548f35197875c] 199.204.45.157 "GET /v2.0/floatingips?fixed_ip_address=10.100.0.4&port_id=3b45f624-ce94-4c88-9891-236971b68c71 HTTP/1.1" status: 200 len: 1059 time: 0.0603771
2026-06-09 18:21:51.562 9 INFO neutron.wsgi [req-a5d3b443-b04b-4579-af4e-35037508c70b req-9418ff2c-6bd3-468c-8345-31e7e9de0181 b47c0b7c98b846df9890bab7498fd0aa ad6a4df0ef014444880e444ee34f74bf - - 2b4bb9ba05f143faa2b548f35197875c 2b4bb9ba05f143faa2b548f35197875c] 199.204.45.157 "GET /v2.0/subnets?id=c43843c1-5cf9-4f4d-b463-6b01f097e6e0 HTTP/1.1" status: 200 len: 868 time: 0.0400405
2026-06-09 18:21:51.563 10 INFO neutron.db.ovn_revision_numbers_db [None req-6e736a75-0b98-4bf7-8950-131391a73a9b 93d68d6f2c394253ba57a7a3a666e13c 348ee5c2d8e943258c32d7ab80f13233 - - default default] Successfully bumped revision number for resource 7a73d576-2168-4098-9320-d9809cee2927 (type: security_group_rules) to 0
2026-06-09 18:21:51.597 9 INFO neutron.wsgi [req-a5d3b443-b04b-4579-af4e-35037508c70b req-5125f432-1bfb-4452-8f3e-0f97e3841449 b47c0b7c98b846df9890bab7498fd0aa ad6a4df0ef014444880e444ee34f74bf - - 2b4bb9ba05f143faa2b548f35197875c 2b4bb9ba05f143faa2b548f35197875c] 199.204.45.157 "GET /v2.0/ports?network_id=ed0b2da6-48f3-4b7f-b942-e480d70e58ad&device_owner=network%3Adhcp HTTP/1.1" status: 200 len: 210 time: 0.0268872
2026-06-09 18:21:51.638 10 INFO neutron.db.segments_db [None req-6e736a75-0b98-4bf7-8950-131391a73a9b 93d68d6f2c394253ba57a7a3a666e13c 348ee5c2d8e943258c32d7ab80f13233 - - default default] Added segment 4a869c38-66fe-47fd-bc11-63e44295bf2a of type geneve for network 7fbf4a5e-6f75-4204-8a20-f3a3a94c729e
2026-06-09 18:21:51.643 10 INFO neutron.db.ovn_revision_numbers_db [None req-1fa8af70-2495-462c-8876-b5ae7c2da44b a3f1ffb807704c699a93a79451b5b51d 768d586794154f77a1f12f934b672e66 - - default default] Successfully bumped revision number for resource 99d0b8e6-7b66-412c-a05f-ad9aab4836e6 (type: ports) to 2
2026-06-09 18:21:51.670 9 INFO neutron.wsgi [req-a5d3b443-b04b-4579-af4e-35037508c70b req-293b3cd0-dc8a-48e1-aadb-b801182b6cd2 b47c0b7c98b846df9890bab7498fd0aa ad6a4df0ef014444880e444ee34f74bf - - 2b4bb9ba05f143faa2b548f35197875c 2b4bb9ba05f143faa2b548f35197875c] 199.204.45.157 "GET /v2.0/networks/ed0b2da6-48f3-4b7f-b942-e480d70e58ad?fields=segments HTTP/1.1" status: 200 len: 212 time: 0.0674889
2026-06-09 18:21:51.703 10 INFO neutron.db.ovn_revision_numbers_db [None req-1fa8af70-2495-462c-8876-b5ae7c2da44b a3f1ffb807704c699a93a79451b5b51d 768d586794154f77a1f12f934b672e66 - - default default] Successfully bumped revision number for resource 17b72f77-8d8b-4b6a-a0e6-ce62fc832f18 (type: subnets) to 0
2026-06-09 18:21:51.724 10 INFO neutron.wsgi [None req-1fa8af70-2495-462c-8876-b5ae7c2da44b a3f1ffb807704c699a93a79451b5b51d 768d586794154f77a1f12f934b672e66 - - default default] 10.0.0.138 "POST /v2.0/subnets HTTP/1.1" status: 201 len: 801 time: 1.0421822
2026-06-09 18:21:51.734 10 WARNING neutron_lib.context [None req-e2b5d6e0-cfe0-4638-889f-a5e83a942197 a3f1ffb807704c699a93a79451b5b51d 768d586794154f77a1f12f934b672e66 - - default default] Method 'is_advsvc' is deprecated since 2023.2 release (neutron-lib 3.8.0) and will be removed once support for the old RBAC API policies will be removed from Neutron. Please use method 'is_service_role' instead.
2026-06-09 18:21:51.749 9 INFO neutron.wsgi [req-a5d3b443-b04b-4579-af4e-35037508c70b req-f0c1bc49-2353-40d8-adbd-b6037b5ebbf1 b47c0b7c98b846df9890bab7498fd0aa ad6a4df0ef014444880e444ee34f74bf - - 2b4bb9ba05f143faa2b548f35197875c 2b4bb9ba05f143faa2b548f35197875c] 199.204.45.157 "GET /v2.0/networks/ed0b2da6-48f3-4b7f-b942-e480d70e58ad?fields=provider%3Aphysical_network&fields=provider%3Anetwork_type HTTP/1.1" status: 200 len: 277 time: 0.0719373
2026-06-09 18:21:51.824 10 INFO neutron.db.ovn_revision_numbers_db [None req-6e736a75-0b98-4bf7-8950-131391a73a9b 93d68d6f2c394253ba57a7a3a666e13c 348ee5c2d8e943258c32d7ab80f13233 - - default default] Successfully bumped revision number for resource 7fbf4a5e-6f75-4204-8a20-f3a3a94c729e (type: networks) to 1
2026-06-09 18:21:51.966 10 INFO neutron.db.ovn_revision_numbers_db [None req-e2b5d6e0-cfe0-4638-889f-a5e83a942197 a3f1ffb807704c699a93a79451b5b51d 768d586794154f77a1f12f934b672e66 - - default default] Successfully bumped revision number for resource 61376fc1-0e1b-4461-9be2-3d4e12ac577c (type: routers) to 1
2026-06-09 18:21:51.990 10 INFO neutron.wsgi [None req-e2b5d6e0-cfe0-4638-889f-a5e83a942197 a3f1ffb807704c699a93a79451b5b51d 768d586794154f77a1f12f934b672e66 - - default default] 10.0.0.138 "POST /v2.0/routers HTTP/1.1" status: 201 len: 686 time: 0.2612014
2026-06-09 18:21:52.036 10 INFO neutron.plugins.ml2.drivers.ovn.mech_driver.mech_driver [None req-24070eea-561b-43c1-a7b8-522b40924b28 - - - - - -] OVN reports status down for port: 3b45f624-ce94-4c88-9891-236971b68c71
2026-06-09 18:21:52.093 10 WARNING neutron.scheduler.dhcp_agent_scheduler [None req-6e736a75-0b98-4bf7-8950-131391a73a9b 93d68d6f2c394253ba57a7a3a666e13c 348ee5c2d8e943258c32d7ab80f13233 - - default default] No more DHCP agents
2026-06-09 18:21:52.095 10 WARNING neutron.api.rpc.agentnotifiers.dhcp_rpc_agent_api [None req-6e736a75-0b98-4bf7-8950-131391a73a9b 93d68d6f2c394253ba57a7a3a666e13c 348ee5c2d8e943258c32d7ab80f13233 - - default default] Unable to schedule network 7fbf4a5e-6f75-4204-8a20-f3a3a94c729e: no agents available; will retry on subsequent port and subnet creation events.
2026-06-09 18:21:52.215 10 INFO neutron.db.ovn_revision_numbers_db [None req-6e736a75-0b98-4bf7-8950-131391a73a9b 93d68d6f2c394253ba57a7a3a666e13c 348ee5c2d8e943258c32d7ab80f13233 - - default default] Successfully bumped revision number for resource 63d66a83-4379-4618-91fe-8ed6c6bfce21 (type: ports) to 1
2026-06-09 18:21:52.217 10 INFO neutron.notifiers.nova [-] Nova event matching ['req-1f3295db-cdb8-43e5-b50d-08bc7996d87b'] response: {'server_uuid': '26d0875c-49c3-4da7-aca4-9d3442aa6752', 'name': 'network-vif-unplugged', 'status': 'completed', 'tag': '3b45f624-ce94-4c88-9891-236971b68c71', 'code': 200}
2026-06-09 18:21:52.266 10 INFO neutron.wsgi [None req-6e736a75-0b98-4bf7-8950-131391a73a9b 93d68d6f2c394253ba57a7a3a666e13c 348ee5c2d8e943258c32d7ab80f13233 - - default default] 10.0.0.138 "POST /v2.0/networks HTTP/1.1" status: 201 len: 833 time: 1.4600806
2026-06-09 18:21:52.280 10 WARNING neutron_lib.context [None req-ed74032c-92de-4d10-b39a-e1f146fc83c0 93d68d6f2c394253ba57a7a3a666e13c 348ee5c2d8e943258c32d7ab80f13233 - - default default] Method 'is_advsvc' is deprecated since 2023.2 release (neutron-lib 3.8.0) and will be removed once support for the old RBAC API policies will be removed from Neutron. Please use method 'is_service_role' instead.
2026-06-09 18:21:52.332 9 INFO neutron.wsgi [req-f50c4036-9f26-424f-9814-364de5adb50d req-a7fe573e-47ed-4322-8092-b9f1dc596cac 0e230a199ba244dba31dce4348020871 7dd9e289c1594f6f9e44f184a1f1c0ff - - default default] 10.0.0.194 "GET /v2.0/ports?device_id=26d0875c-49c3-4da7-aca4-9d3442aa6752 HTTP/1.1" status: 200 len: 1168 time: 0.0615559
2026-06-09 18:21:52.419 9 INFO neutron.wsgi [req-f50c4036-9f26-424f-9814-364de5adb50d req-ba3c8b6f-f234-4194-acc8-932e757159ac 0e230a199ba244dba31dce4348020871 7dd9e289c1594f6f9e44f184a1f1c0ff - - default default] 10.0.0.194 "GET /v2.0/security-groups?id=1c306ccc-a36d-4404-9d3b-51e0c5157615&fields=id&fields=name HTTP/1.1" status: 200 len: 312 time: 0.0783942
2026-06-09 18:21:52.438 10 INFO neutron.db.segments_db [None req-ed74032c-92de-4d10-b39a-e1f146fc83c0 93d68d6f2c394253ba57a7a3a666e13c 348ee5c2d8e943258c32d7ab80f13233 - - default default] Added segment 2cd56594-269c-49c1-a170-26c8fedf68de of type geneve for network bf221b12-d457-4c2a-97a0-79cd376efc4b
2026-06-09 18:21:52.479 10 INFO neutron.db.ovn_revision_numbers_db [None req-24070eea-561b-43c1-a7b8-522b40924b28 - - - - - -] Successfully bumped revision number for resource 3b45f624-ce94-4c88-9891-236971b68c71 (type: ports) to 5
2026-06-09 18:21:52.614 9 WARNING neutron.scheduler.dhcp_agent_scheduler [None req-2bce396a-cd69-41f5-b5d4-42385905c9d2 a3f1ffb807704c699a93a79451b5b51d 768d586794154f77a1f12f934b672e66 - - default default] No more DHCP agents
2026-06-09 18:21:52.618 9 WARNING neutron.api.rpc.agentnotifiers.dhcp_rpc_agent_api [None req-2bce396a-cd69-41f5-b5d4-42385905c9d2 a3f1ffb807704c699a93a79451b5b51d 768d586794154f77a1f12f934b672e66 - - default default] Unable to schedule network f4288e6c-770b-4b4e-ab3b-726312131865: no agents available; will retry on subsequent port and subnet creation events.
2026-06-09 18:21:52.630 10 INFO neutron.plugins.ml2.drivers.ovn.mech_driver.mech_driver [None req-24070eea-561b-43c1-a7b8-522b40924b28 - - - - - -] OVN reports status up for port: 3b45f624-ce94-4c88-9891-236971b68c71
2026-06-09 18:21:52.676 10 INFO neutron.plugins.ml2.plugin [None req-24070eea-561b-43c1-a7b8-522b40924b28 - - - - - -] Attempt 1 to provision port 3b45f624-ce94-4c88-9891-236971b68c71
2026-06-09 18:21:52.688 10 INFO neutron.db.ovn_revision_numbers_db [None req-ed74032c-92de-4d10-b39a-e1f146fc83c0 93d68d6f2c394253ba57a7a3a666e13c 348ee5c2d8e943258c32d7ab80f13233 - - default default] Successfully bumped revision number for resource bf221b12-d457-4c2a-97a0-79cd376efc4b (type: networks) to 1
2026-06-09 18:21:52.836 9 INFO neutron.db.ovn_revision_numbers_db [None req-2bce396a-cd69-41f5-b5d4-42385905c9d2 a3f1ffb807704c699a93a79451b5b51d 768d586794154f77a1f12f934b672e66 - - default default] Successfully bumped revision number for resource f38297fb-4b5e-48db-b6d0-21460e7ce814 (type: ports) to 1
2026-06-09 18:21:52.895 10 WARNING neutron.scheduler.dhcp_agent_scheduler [None req-ed74032c-92de-4d10-b39a-e1f146fc83c0 93d68d6f2c394253ba57a7a3a666e13c 348ee5c2d8e943258c32d7ab80f13233 - - default default] No more DHCP agents
2026-06-09 18:21:52.899 10 WARNING neutron.api.rpc.agentnotifiers.dhcp_rpc_agent_api [None req-ed74032c-92de-4d10-b39a-e1f146fc83c0 93d68d6f2c394253ba57a7a3a666e13c 348ee5c2d8e943258c32d7ab80f13233 - - default default] Unable to schedule network bf221b12-d457-4c2a-97a0-79cd376efc4b: no agents available; will retry on subsequent port and subnet creation events.
2026-06-09 18:21:53.005 10 INFO neutron.db.ovn_revision_numbers_db [None req-ed74032c-92de-4d10-b39a-e1f146fc83c0 93d68d6f2c394253ba57a7a3a666e13c 348ee5c2d8e943258c32d7ab80f13233 - - default default] Successfully bumped revision number for resource 0a3d9ad3-a3cd-445e-93d2-60b8df8b59e9 (type: ports) to 1
2026-06-09 18:21:53.031 10 INFO neutron.wsgi [None req-ed74032c-92de-4d10-b39a-e1f146fc83c0 93d68d6f2c394253ba57a7a3a666e13c 348ee5c2d8e943258c32d7ab80f13233 - - default default] 10.0.0.138 "POST /v2.0/networks HTTP/1.1" status: 201 len: 833 time: 0.7567453
2026-06-09 18:21:53.034 10 INFO neutron.db.ovn_revision_numbers_db [None req-24070eea-561b-43c1-a7b8-522b40924b28 - - - - - -] Successfully bumped revision number for resource 3b45f624-ce94-4c88-9891-236971b68c71 (type: ports) to 6 /var/lib/openstack/lib/python3.10/site-packages/pycadf/identifier.py:71: UserWarning: Invalid uuid: neutron. To ensure interoperability, identifiers should be a valid uuid. warnings.warn(('Invalid uuid: %s. To ensure interoperability, '
2026-06-09 18:21:53.041 10 WARNING neutron_lib.context [None req-9cb3a0a9-377b-4cae-b2a9-98cba1d48f03 93d68d6f2c394253ba57a7a3a666e13c 348ee5c2d8e943258c32d7ab80f13233 - - default default] Method 'is_advsvc' is deprecated since 2023.2 release (neutron-lib 3.8.0) and will be removed once support for the old RBAC API policies will be removed from Neutron. Please use method 'is_service_role' instead.
2026-06-09 18:21:53.235 9 INFO neutron.plugins.ml2.drivers.ovn.mech_driver.mech_driver [None req-0ac23db8-f893-4d1f-a7c3-6591ff039c01 - - - - - -] OVN reports status up for port: f38297fb-4b5e-48db-b6d0-21460e7ce814
2026-06-09 18:21:53.246 9 INFO neutron.plugins.ml2.plugin [None req-0ac23db8-f893-4d1f-a7c3-6591ff039c01 - - - - - -] Attempt 1 to provision port f38297fb-4b5e-48db-b6d0-21460e7ce814
2026-06-09 18:21:53.276 9 INFO neutron.db.ovn_revision_numbers_db [None req-2bce396a-cd69-41f5-b5d4-42385905c9d2 a3f1ffb807704c699a93a79451b5b51d 768d586794154f77a1f12f934b672e66 - - default default] Successfully bumped revision number for resource f38297fb-4b5e-48db-b6d0-21460e7ce814 (type: router_ports) to 1
2026-06-09 18:21:53.308 10 WARNING neutron.scheduler.dhcp_agent_scheduler [None req-9cb3a0a9-377b-4cae-b2a9-98cba1d48f03 93d68d6f2c394253ba57a7a3a666e13c 348ee5c2d8e943258c32d7ab80f13233 - - default default] No more DHCP agents
2026-06-09 18:21:53.310 10 WARNING neutron.api.rpc.agentnotifiers.dhcp_rpc_agent_api [None req-9cb3a0a9-377b-4cae-b2a9-98cba1d48f03 93d68d6f2c394253ba57a7a3a666e13c 348ee5c2d8e943258c32d7ab80f13233 - - default default] Unable to schedule network 7fbf4a5e-6f75-4204-8a20-f3a3a94c729e: no agents available; will retry on subsequent port and subnet creation events.
2026-06-09 18:21:53.365 10 INFO neutron.db.ovn_revision_numbers_db [None req-9cb3a0a9-377b-4cae-b2a9-98cba1d48f03 93d68d6f2c394253ba57a7a3a666e13c 348ee5c2d8e943258c32d7ab80f13233 - - default default] Successfully bumped revision number for resource 5b246984-ff10-47fe-b156-5f9927a83fe8 (type: subnets) to 0
2026-06-09 18:21:53.403 10 INFO neutron.wsgi [None req-9cb3a0a9-377b-4cae-b2a9-98cba1d48f03 93d68d6f2c394253ba57a7a3a666e13c 348ee5c2d8e943258c32d7ab80f13233 - - default default] 10.0.0.138 "POST /v2.0/subnets HTTP/1.1" status: 201 len: 821 time: 0.3666594 /var/lib/openstack/lib/python3.10/site-packages/pycadf/identifier.py:71: UserWarning: Invalid uuid: neutron. To ensure interoperability, identifiers should be a valid uuid. warnings.warn(('Invalid uuid: %s. To ensure interoperability, '
2026-06-09 18:21:53.414 10 WARNING neutron_lib.context [None req-9cd8b6e4-262f-4519-a00b-30e2da39c043 93d68d6f2c394253ba57a7a3a666e13c 348ee5c2d8e943258c32d7ab80f13233 - - default default] Method 'is_advsvc' is deprecated since 2023.2 release (neutron-lib 3.8.0) and will be removed once support for the old RBAC API policies will be removed from Neutron. Please use method 'is_service_role' instead.
2026-06-09 18:21:53.457 9 INFO neutron.db.ovn_revision_numbers_db [None req-2bce396a-cd69-41f5-b5d4-42385905c9d2 a3f1ffb807704c699a93a79451b5b51d 768d586794154f77a1f12f934b672e66 - - default default] Successfully bumped revision number for resource f38297fb-4b5e-48db-b6d0-21460e7ce814 (type: ports) to 1
2026-06-09 18:21:53.555 9 INFO neutron.wsgi [req-36dbf8cc-7d76-46e4-ac51-720fc2df5845 req-b0f28f90-b3a3-4891-9c79-821f3f6466a4 0e230a199ba244dba31dce4348020871 7dd9e289c1594f6f9e44f184a1f1c0ff - - default default] 10.0.0.194 "GET /v2.0/ports?device_id=26d0875c-49c3-4da7-aca4-9d3442aa6752 HTTP/1.1" status: 200 len: 1170 time: 0.0537634
2026-06-09 18:21:53.565 9 WARNING neutron.scheduler.dhcp_agent_scheduler [None req-2bce396a-cd69-41f5-b5d4-42385905c9d2 a3f1ffb807704c699a93a79451b5b51d 768d586794154f77a1f12f934b672e66 - - default default] No more DHCP agents
2026-06-09 18:21:53.573 9 WARNING neutron.api.rpc.agentnotifiers.dhcp_rpc_agent_api [None req-2bce396a-cd69-41f5-b5d4-42385905c9d2 a3f1ffb807704c699a93a79451b5b51d 768d586794154f77a1f12f934b672e66 - - default default] Unable to schedule network f4288e6c-770b-4b4e-ab3b-726312131865: no agents available; will retry on subsequent port and subnet creation events.
2026-06-09 18:21:53.640 9 INFO neutron.db.ovn_revision_numbers_db [None req-0ac23db8-f893-4d1f-a7c3-6591ff039c01 - - - - - -] Successfully bumped revision number for resource f38297fb-4b5e-48db-b6d0-21460e7ce814 (type: ports) to 2
2026-06-09 18:21:53.660 9 INFO neutron.wsgi [req-36dbf8cc-7d76-46e4-ac51-720fc2df5845 req-c776449f-eca2-422f-94cf-64ad27ae39c2 0e230a199ba244dba31dce4348020871 7dd9e289c1594f6f9e44f184a1f1c0ff - - default default] 10.0.0.194 "GET /v2.0/security-groups?id=1c306ccc-a36d-4404-9d3b-51e0c5157615&fields=id&fields=name HTTP/1.1" status: 200 len: 312 time: 0.0969400
2026-06-09 18:21:53.667 10 WARNING neutron.scheduler.dhcp_agent_scheduler [None req-9cd8b6e4-262f-4519-a00b-30e2da39c043 93d68d6f2c394253ba57a7a3a666e13c 348ee5c2d8e943258c32d7ab80f13233 - - default default] No more DHCP agents
2026-06-09 18:21:53.671 10 WARNING neutron.api.rpc.agentnotifiers.dhcp_rpc_agent_api [None req-9cd8b6e4-262f-4519-a00b-30e2da39c043 93d68d6f2c394253ba57a7a3a666e13c 348ee5c2d8e943258c32d7ab80f13233 - - default default] Unable to schedule network bf221b12-d457-4c2a-97a0-79cd376efc4b: no agents available; will retry on subsequent port and subnet creation events.
2026-06-09 18:21:53.713 10 INFO neutron.db.ovn_revision_numbers_db [None req-9cd8b6e4-262f-4519-a00b-30e2da39c043 93d68d6f2c394253ba57a7a3a666e13c 348ee5c2d8e943258c32d7ab80f13233 - - default default] Successfully bumped revision number for resource e9541535-fa09-4e68-b8be-5a3b0285101d (type: subnets) to 0
2026-06-09 18:21:53.779 10 INFO neutron.wsgi [None req-9cd8b6e4-262f-4519-a00b-30e2da39c043 93d68d6f2c394253ba57a7a3a666e13c 348ee5c2d8e943258c32d7ab80f13233 - - default default] 10.0.0.138 "POST /v2.0/subnets HTTP/1.1" status: 201 len: 830 time: 0.3707552
2026-06-09 18:21:53.788 10 WARNING neutron_lib.context [None req-2e0f087e-221b-4772-a13f-a4745cc81c6a 93d68d6f2c394253ba57a7a3a666e13c 348ee5c2d8e943258c32d7ab80f13233 - - default default] Method 'is_advsvc' is deprecated since 2023.2 release (neutron-lib 3.8.0) and will be removed once support for the old RBAC API policies will be removed from Neutron. Please use method 'is_service_role' instead.
2026-06-09 18:21:53.860 9 INFO neutron.db.ovn_revision_numbers_db [None req-0ac23db8-f893-4d1f-a7c3-6591ff039c01 - - - - - -] Successfully bumped revision number for resource f38297fb-4b5e-48db-b6d0-21460e7ce814 (type: router_ports) to 2
2026-06-09 18:21:53.862 9 INFO neutron.db.ovn_revision_numbers_db [None req-2bce396a-cd69-41f5-b5d4-42385905c9d2 a3f1ffb807704c699a93a79451b5b51d 768d586794154f77a1f12f934b672e66 - - default default] Successfully bumped revision number for resource f38297fb-4b5e-48db-b6d0-21460e7ce814 (type: router_ports) to 2
2026-06-09 18:21:53.864 9 INFO neutron.wsgi [None req-2bce396a-cd69-41f5-b5d4-42385905c9d2 a3f1ffb807704c699a93a79451b5b51d 768d586794154f77a1f12f934b672e66 - - default default] 10.0.0.138 "PUT /v2.0/routers/61376fc1-0e1b-4461-9be2-3d4e12ac577c/add_router_interface HTTP/1.1" status: 200 len: 503 time: 1.8685515
2026-06-09 18:21:53.918 10 INFO neutron.wsgi [None req-289b6f7e-2e9d-4ef6-8773-9f690b28f1a8 a3f1ffb807704c699a93a79451b5b51d 768d586794154f77a1f12f934b672e66 - - default default] 10.0.0.138 "GET /v2.0/ports/f38297fb-4b5e-48db-b6d0-21460e7ce814 HTTP/1.1" status: 200 len: 1137 time: 0.0490019
2026-06-09 18:21:54.011 10 INFO neutron.db.ovn_revision_numbers_db [None req-2e0f087e-221b-4772-a13f-a4745cc81c6a 93d68d6f2c394253ba57a7a3a666e13c 348ee5c2d8e943258c32d7ab80f13233 - - default default] Successfully bumped revision number for resource fd33797b-0920-4e30-9688-d591311f0d47 (type: routers) to 1
2026-06-09 18:21:54.038 10 INFO neutron.wsgi [None req-2e0f087e-221b-4772-a13f-a4745cc81c6a 93d68d6f2c394253ba57a7a3a666e13c 348ee5c2d8e943258c32d7ab80f13233 - - default default] 10.0.0.138 "POST /v2.0/routers HTTP/1.1" status: 201 len: 691 time: 0.2541125
2026-06-09 18:21:54.272 10 INFO neutron.notifiers.nova [-] Nova event matching ['req-714b2273-0c52-4cf9-a6fd-61182739e1e1'] response: {'server_uuid': '26d0875c-49c3-4da7-aca4-9d3442aa6752', 'name': 'network-vif-plugged', 'status': 'completed', 'tag': '3b45f624-ce94-4c88-9891-236971b68c71', 'code': 200}
2026-06-09 18:21:54.272 10 INFO neutron.notifiers.nova [-] Nova event matching ['req-714b2273-0c52-4cf9-a6fd-61182739e1e1'] response: {'server_uuid': '26d0875c-49c3-4da7-aca4-9d3442aa6752', 'name': 'network-vif-plugged', 'status': 'completed', 'tag': '3b45f624-ce94-4c88-9891-236971b68c71', 'code': 200}
2026-06-09 18:21:54.272 10 INFO neutron.notifiers.nova [-] Nova event matching ['req-714b2273-0c52-4cf9-a6fd-61182739e1e1'] response: {'server_uuid': '26d0875c-49c3-4da7-aca4-9d3442aa6752', 'name': 'network-vif-plugged', 'status': 'completed', 'tag': '3b45f624-ce94-4c88-9891-236971b68c71', 'code': 200}
2026-06-09 18:21:54.777 9 INFO neutron.wsgi [req-7339b007-d839-4b98-aaaf-65048d1faf05 req-81f62152-140d-43f4-b634-46f2546bad13 0e230a199ba244dba31dce4348020871 7dd9e289c1594f6f9e44f184a1f1c0ff - - default default] 10.0.0.194 "GET /v2.0/ports?device_id=26d0875c-49c3-4da7-aca4-9d3442aa6752 HTTP/1.1" status: 200 len: 1170 time: 0.0369065
2026-06-09 18:21:54.835 9 INFO neutron.wsgi [req-7339b007-d839-4b98-aaaf-65048d1faf05 req-7c98be81-845e-40aa-ab95-c0fa092d53bd 0e230a199ba244dba31dce4348020871 7dd9e289c1594f6f9e44f184a1f1c0ff - - default default] 10.0.0.194 "GET /v2.0/security-groups?id=1c306ccc-a36d-4404-9d3b-51e0c5157615&fields=id&fields=name HTTP/1.1" status: 200 len: 312 time: 0.0494719
2026-06-09 18:21:54.848 9 WARNING neutron.scheduler.dhcp_agent_scheduler [None req-71f7a016-b423-414c-b143-6f51f4614d32 a3f1ffb807704c699a93a79451b5b51d 768d586794154f77a1f12f934b672e66 - - default default] No more DHCP agents
2026-06-09 18:21:54.854 9 WARNING neutron.api.rpc.agentnotifiers.dhcp_rpc_agent_api [None req-71f7a016-b423-414c-b143-6f51f4614d32 a3f1ffb807704c699a93a79451b5b51d 768d586794154f77a1f12f934b672e66 - - default default] Unable to schedule network aad621b8-4e27-43ac-b7d5-aa8dea823d37: no agents available; will retry on subsequent port and subnet creation events.
2026-06-09 18:21:54.858 10 WARNING neutron.scheduler.dhcp_agent_scheduler [None req-a1163b13-bcff-49d4-aaad-965e461d9b78 93d68d6f2c394253ba57a7a3a666e13c 348ee5c2d8e943258c32d7ab80f13233 - - default default] No more DHCP agents
2026-06-09 18:21:54.864 10 WARNING neutron.api.rpc.agentnotifiers.dhcp_rpc_agent_api [None req-a1163b13-bcff-49d4-aaad-965e461d9b78 93d68d6f2c394253ba57a7a3a666e13c 348ee5c2d8e943258c32d7ab80f13233 - - default default] Unable to schedule network 7fbf4a5e-6f75-4204-8a20-f3a3a94c729e: no agents available; will retry on subsequent port and subnet creation events.
2026-06-09 18:21:55.003 10 INFO neutron.db.ovn_revision_numbers_db [None req-a1163b13-bcff-49d4-aaad-965e461d9b78 93d68d6f2c394253ba57a7a3a666e13c 348ee5c2d8e943258c32d7ab80f13233 - - default default] Successfully bumped revision number for resource ace22366-a9d2-4cd0-93fe-8f0791487d39 (type: ports) to 1
2026-06-09 18:21:55.069 9 INFO neutron.db.ovn_revision_numbers_db [None req-71f7a016-b423-414c-b143-6f51f4614d32 a3f1ffb807704c699a93a79451b5b51d 768d586794154f77a1f12f934b672e66 - - default default] Successfully bumped revision number for resource 759c6a5e-6a45-4729-b890-7fef8f34441d (type: ports) to 1
2026-06-09 18:21:55.385 10 INFO neutron.plugins.ml2.drivers.ovn.mech_driver.mech_driver [None req-24070eea-561b-43c1-a7b8-522b40924b28 - - - - - -] OVN reports status up for port: ace22366-a9d2-4cd0-93fe-8f0791487d39
2026-06-09 18:21:55.401 10 INFO neutron.plugins.ml2.plugin [None req-24070eea-561b-43c1-a7b8-522b40924b28 - - - - - -] Attempt 1 to provision port ace22366-a9d2-4cd0-93fe-8f0791487d39
2026-06-09 18:21:55.476 10 INFO neutron.db.ovn_revision_numbers_db [None req-a1163b13-bcff-49d4-aaad-965e461d9b78 93d68d6f2c394253ba57a7a3a666e13c 348ee5c2d8e943258c32d7ab80f13233 - - default default] Successfully bumped revision number for resource ace22366-a9d2-4cd0-93fe-8f0791487d39 (type: router_ports) to 1
2026-06-09 18:21:55.596 10 INFO neutron.db.ovn_revision_numbers_db [None req-a1163b13-bcff-49d4-aaad-965e461d9b78 93d68d6f2c394253ba57a7a3a666e13c 348ee5c2d8e943258c32d7ab80f13233 - - default default] Successfully bumped revision number for resource ace22366-a9d2-4cd0-93fe-8f0791487d39 (type: ports) to 1
2026-06-09 18:21:55.710 10 WARNING neutron.scheduler.dhcp_agent_scheduler [None req-a1163b13-bcff-49d4-aaad-965e461d9b78 93d68d6f2c394253ba57a7a3a666e13c 348ee5c2d8e943258c32d7ab80f13233 - - default default] No more DHCP agents
2026-06-09 18:21:55.715 10 WARNING neutron.api.rpc.agentnotifiers.dhcp_rpc_agent_api [None req-a1163b13-bcff-49d4-aaad-965e461d9b78 93d68d6f2c394253ba57a7a3a666e13c 348ee5c2d8e943258c32d7ab80f13233 - - default default] Unable to schedule network 7fbf4a5e-6f75-4204-8a20-f3a3a94c729e: no agents available; will retry on subsequent port and subnet creation events.
2026-06-09 18:21:56.107 9 INFO neutron.db.ovn_revision_numbers_db [None req-71f7a016-b423-414c-b143-6f51f4614d32 a3f1ffb807704c699a93a79451b5b51d 768d586794154f77a1f12f934b672e66 - - default default] Successfully bumped revision number for resource 759c6a5e-6a45-4729-b890-7fef8f34441d (type: router_ports) to 1
2026-06-09 18:21:56.229 10 INFO neutron.db.ovn_revision_numbers_db [None req-24070eea-561b-43c1-a7b8-522b40924b28 - - - - - -] Successfully bumped revision number for resource ace22366-a9d2-4cd0-93fe-8f0791487d39 (type: ports) to 2
2026-06-09 18:21:56.231 10 INFO neutron.db.ovn_revision_numbers_db [None req-a1163b13-bcff-49d4-aaad-965e461d9b78 93d68d6f2c394253ba57a7a3a666e13c 348ee5c2d8e943258c32d7ab80f13233 - - default default] Successfully bumped revision number for resource ace22366-a9d2-4cd0-93fe-8f0791487d39 (type: router_ports) to 2
2026-06-09 18:21:56.234 10 INFO neutron.wsgi [None req-a1163b13-bcff-49d4-aaad-965e461d9b78 93d68d6f2c394253ba57a7a3a666e13c 348ee5c2d8e943258c32d7ab80f13233 - - default default] 10.0.0.138 "PUT /v2.0/routers/fd33797b-0920-4e30-9688-d591311f0d47/add_router_interface HTTP/1.1" status: 200 len: 503 time: 2.1907969
2026-06-09 18:21:56.282 9 INFO neutron.db.ovn_revision_numbers_db [None req-71f7a016-b423-414c-b143-6f51f4614d32 a3f1ffb807704c699a93a79451b5b51d 768d586794154f77a1f12f934b672e66 - - default default] Successfully bumped revision number for resource 759c6a5e-6a45-4729-b890-7fef8f34441d (type: ports) to 1
2026-06-09 18:21:56.296 10 INFO neutron.wsgi [None req-6e652ca8-3a2b-4a78-86cc-9fb4001c9727 93d68d6f2c394253ba57a7a3a666e13c 348ee5c2d8e943258c32d7ab80f13233 - - default default] 10.0.0.138 "GET /v2.0/ports/ace22366-a9d2-4cd0-93fe-8f0791487d39 HTTP/1.1" status: 200 len: 1141 time: 0.0545869
2026-06-09 18:21:56.408 9 WARNING neutron.scheduler.dhcp_agent_scheduler [None req-71f7a016-b423-414c-b143-6f51f4614d32 a3f1ffb807704c699a93a79451b5b51d 768d586794154f77a1f12f934b672e66 - - default default] No more DHCP agents
2026-06-09 18:21:56.410 9 WARNING neutron.api.rpc.agentnotifiers.dhcp_rpc_agent_api [None req-71f7a016-b423-414c-b143-6f51f4614d32 a3f1ffb807704c699a93a79451b5b51d 768d586794154f77a1f12f934b672e66 - - default default] Unable to schedule network aad621b8-4e27-43ac-b7d5-aa8dea823d37: no agents available; will retry on subsequent port and subnet creation events.
2026-06-09 18:21:56.601 9 INFO neutron.db.ovn_revision_numbers_db [None req-71f7a016-b423-414c-b143-6f51f4614d32 a3f1ffb807704c699a93a79451b5b51d 768d586794154f77a1f12f934b672e66 - - default default] Successfully bumped revision number for resource 759c6a5e-6a45-4729-b890-7fef8f34441d (type: router_ports) to 1
2026-06-09 18:21:56.604 9 INFO neutron.wsgi [None req-71f7a016-b423-414c-b143-6f51f4614d32 a3f1ffb807704c699a93a79451b5b51d 768d586794154f77a1f12f934b672e66 - - default default] 10.0.0.138 "PUT /v2.0/routers/61376fc1-0e1b-4461-9be2-3d4e12ac577c/add_router_interface HTTP/1.1" status: 200 len: 503 time: 2.6809769
2026-06-09 18:21:56.713 10 INFO neutron.wsgi [None req-29fe61d6-1ef3-4b35-ba8c-fbedb18666e2 a3f1ffb807704c699a93a79451b5b51d 768d586794154f77a1f12f934b672e66 - - default default] 10.0.0.138 "GET /v2.0/ports/759c6a5e-6a45-4729-b890-7fef8f34441d HTTP/1.1" status: 200 len: 1135 time: 0.1027811
2026-06-09 18:21:56.766 10 INFO neutron.wsgi [None req-ce0abd71-7bf3-4d52-a0d7-c846fb357e0d a3f1ffb807704c699a93a79451b5b51d 768d586794154f77a1f12f934b672e66 - - default default] 10.0.0.138 "GET /v2.0/ports/759c6a5e-6a45-4729-b890-7fef8f34441d HTTP/1.1" status: 200 len: 1135 time: 0.0495532
2026-06-09 18:21:57.062 9 WARNING neutron.scheduler.dhcp_agent_scheduler [None req-6ac215f5-ad99-464e-b096-d627e3116024 93d68d6f2c394253ba57a7a3a666e13c 348ee5c2d8e943258c32d7ab80f13233 - - default default] No more DHCP agents
2026-06-09 18:21:57.064 9 WARNING neutron.api.rpc.agentnotifiers.dhcp_rpc_agent_api [None req-6ac215f5-ad99-464e-b096-d627e3116024 93d68d6f2c394253ba57a7a3a666e13c 348ee5c2d8e943258c32d7ab80f13233 - - default default] Unable to schedule network bf221b12-d457-4c2a-97a0-79cd376efc4b: no agents available; will retry on subsequent port and subnet creation events.
2026-06-09 18:21:57.259 9 INFO neutron.db.ovn_revision_numbers_db [None req-6ac215f5-ad99-464e-b096-d627e3116024 93d68d6f2c394253ba57a7a3a666e13c 348ee5c2d8e943258c32d7ab80f13233 - - default default] Successfully bumped revision number for resource bd20f53d-a5ab-4601-a1e5-422ddd8a5870 (type: ports) to 1
2026-06-09 18:21:57.823 10 INFO neutron.wsgi [None req-341908b4-0184-4e44-9340-06c884a805ad a3f1ffb807704c699a93a79451b5b51d 768d586794154f77a1f12f934b672e66 - - default default] 10.0.0.138 "GET /v2.0/ports/759c6a5e-6a45-4729-b890-7fef8f34441d HTTP/1.1" status: 200 len: 1135 time: 0.0505595
2026-06-09 18:21:57.930 9 INFO neutron.db.ovn_revision_numbers_db [None req-6ac215f5-ad99-464e-b096-d627e3116024 93d68d6f2c394253ba57a7a3a666e13c 348ee5c2d8e943258c32d7ab80f13233 - - default default] Successfully bumped revision number for resource bd20f53d-a5ab-4601-a1e5-422ddd8a5870 (type: router_ports) to 1
2026-06-09 18:21:58.047 9 INFO neutron.db.ovn_revision_numbers_db [None req-6ac215f5-ad99-464e-b096-d627e3116024 93d68d6f2c394253ba57a7a3a666e13c 348ee5c2d8e943258c32d7ab80f13233 - - default default] Successfully bumped revision number for resource bd20f53d-a5ab-4601-a1e5-422ddd8a5870 (type: ports) to 1
2026-06-09 18:21:58.124 9 WARNING neutron.scheduler.dhcp_agent_scheduler [None req-6ac215f5-ad99-464e-b096-d627e3116024 93d68d6f2c394253ba57a7a3a666e13c 348ee5c2d8e943258c32d7ab80f13233 - - default default] No more DHCP agents
2026-06-09 18:21:58.125 9 WARNING neutron.api.rpc.agentnotifiers.dhcp_rpc_agent_api [None req-6ac215f5-ad99-464e-b096-d627e3116024 93d68d6f2c394253ba57a7a3a666e13c 348ee5c2d8e943258c32d7ab80f13233 - - default default] Unable to schedule network bf221b12-d457-4c2a-97a0-79cd376efc4b: no agents available; will retry on subsequent port and subnet creation events.
2026-06-09 18:21:58.446 9 INFO neutron.db.ovn_revision_numbers_db [None req-6ac215f5-ad99-464e-b096-d627e3116024 93d68d6f2c394253ba57a7a3a666e13c 348ee5c2d8e943258c32d7ab80f13233 - - default default] Successfully bumped revision number for resource bd20f53d-a5ab-4601-a1e5-422ddd8a5870 (type: router_ports) to 1
2026-06-09 18:21:58.448 9 INFO neutron.wsgi [None req-6ac215f5-ad99-464e-b096-d627e3116024 93d68d6f2c394253ba57a7a3a666e13c 348ee5c2d8e943258c32d7ab80f13233 - - default default] 10.0.0.138 "PUT /v2.0/routers/fd33797b-0920-4e30-9688-d591311f0d47/add_router_interface HTTP/1.1" status: 200 len: 503 time: 2.1465702
2026-06-09 18:21:58.520 9 INFO neutron.wsgi [None req-e2dca58a-1d54-4c41-82b5-26fbc126a0a0 93d68d6f2c394253ba57a7a3a666e13c 348ee5c2d8e943258c32d7ab80f13233 - - default default] 10.0.0.138 "GET /v2.0/ports/bd20f53d-a5ab-4601-a1e5-422ddd8a5870 HTTP/1.1" status: 200 len: 1147 time: 0.0678959
2026-06-09 18:21:58.553 9 INFO neutron.wsgi [None req-d3a57eff-3352-428f-b0e8-3d0195055900 93d68d6f2c394253ba57a7a3a666e13c 348ee5c2d8e943258c32d7ab80f13233 - - default default] 10.0.0.138 "GET /v2.0/ports/bd20f53d-a5ab-4601-a1e5-422ddd8a5870 HTTP/1.1" status: 200 len: 1147 time: 0.0281742
2026-06-09 18:21:58.799 9 INFO neutron.wsgi [None req-d160f11d-5bc7-4ea6-9b0e-f166fb5dbc0a c208bc2e7cd24685936cbcb54518d479 7ff36d0d1f80468d916bb1c141236195 - - default default] 10.0.0.80 "GET /v2.0/agents HTTP/1.1" status: 200 len: 997 time: 0.1221311
2026-06-09 18:21:58.867 10 INFO neutron.wsgi [None req-e962d01c-653f-483e-9ed6-657e9797ea8b a3f1ffb807704c699a93a79451b5b51d 768d586794154f77a1f12f934b672e66 - - default default] 10.0.0.138 "GET /v2.0/ports/759c6a5e-6a45-4729-b890-7fef8f34441d HTTP/1.1" status: 200 len: 1135 time: 0.0356910
2026-06-09 18:21:58.868 9 INFO neutron.wsgi [None req-41f5ca33-b6f5-41f9-9b59-daadf90212c6 c208bc2e7cd24685936cbcb54518d479 7ff36d0d1f80468d916bb1c141236195 - - default default] 10.0.0.80 "GET /v2.0/subnets HTTP/1.1" status: 200 len: 4582 time: 0.0647736
2026-06-09 18:21:58.887 9 INFO neutron.wsgi [None req-cfe7f2ba-4642-4fc2-ad17-e2176484af14 c208bc2e7cd24685936cbcb54518d479 7ff36d0d1f80468d916bb1c141236195 - - default default] 10.0.0.80 "GET /v2.0/subnetpools HTTP/1.1" status: 200 len: 193 time: 0.0153356
2026-06-09 18:21:58.942 9 INFO neutron.wsgi [None req-bc2321f3-0f3a-4e9b-bafc-5e43bdd00b28 c208bc2e7cd24685936cbcb54518d479 7ff36d0d1f80468d916bb1c141236195 - - default default] 10.0.0.80 "GET /v2.0/subnets HTTP/1.1" status: 200 len: 4582 time: 0.0549550
2026-06-09 18:21:59.005 9 INFO neutron.wsgi [None req-b59addfc-f9b7-4de2-9127-1779f8b3bdaf c208bc2e7cd24685936cbcb54518d479 7ff36d0d1f80468d916bb1c141236195 - - default default] 10.0.0.80 "GET /v2.0/floatingips HTTP/1.1" status: 200 len: 1035 time: 0.0603657
2026-06-09 18:21:59.111 9 WARNING neutron.plugins.ml2.drivers.ovn.mech_driver.ovsdb.ovn_client [None req-0ac23db8-f893-4d1f-a7c3-6591ff039c01 - - - - - -] No hosting information found for port f38297fb-4b5e-48db-b6d0-21460e7ce814: RuntimeError: No hosting information found for port f38297fb-4b5e-48db-b6d0-21460e7ce814
2026-06-09 18:21:59.112 9 INFO neutron.plugins.ml2.drivers.ovn.mech_driver.mech_driver [None req-0ac23db8-f893-4d1f-a7c3-6591ff039c01 - - - - - -] OVN reports status up for port: 759c6a5e-6a45-4729-b890-7fef8f34441d
2026-06-09 18:21:59.128 9 INFO neutron.plugins.ml2.plugin [None req-0ac23db8-f893-4d1f-a7c3-6591ff039c01 - - - - - -] Attempt 1 to provision port 759c6a5e-6a45-4729-b890-7fef8f34441d
2026-06-09 18:21:59.143 9 INFO neutron.wsgi [None req-011bbfe5-937a-4078-a4d3-f8d6538d51b8 c208bc2e7cd24685936cbcb54518d479 7ff36d0d1f80468d916bb1c141236195 - - default default] 10.0.0.80 "GET /v2.0/networks HTTP/1.1" status: 200 len: 6087 time: 0.1372378
2026-06-09 18:21:59.223 9 INFO neutron.wsgi [None req-c6c3c5a2-51bf-4092-80b9-e15609d6bbdd c208bc2e7cd24685936cbcb54518d479 7ff36d0d1f80468d916bb1c141236195 - - default default] 10.0.0.80 "GET /v2.0/security-groups HTTP/1.1" status: 200 len: 27880 time: 0.0704105
2026-06-09 18:21:59.252 9 INFO neutron.wsgi [None req-84f9363d-2d8e-4497-8a6d-9b5382b5eb3c c208bc2e7cd24685936cbcb54518d479 7ff36d0d1f80468d916bb1c141236195 - - default default] 10.0.0.80 "GET /v2.0/network-ip-availabilities HTTP/1.1" status: 200 len: 3488 time: 0.0226216
2026-06-09 18:21:59.349 9 INFO neutron.wsgi [None req-a999c5e6-3f7f-4e29-b43b-123d2a405cb7 c208bc2e7cd24685936cbcb54518d479 7ff36d0d1f80468d916bb1c141236195 - - default default] 10.0.0.80 "GET /v2.0/ports HTTP/1.1" status: 200 len: 18851 time: 0.0946283
2026-06-09 18:21:59.480 9 INFO neutron.wsgi [None req-8dfeb0ed-4ecd-43f1-8607-0a596bbafeda c208bc2e7cd24685936cbcb54518d479 7ff36d0d1f80468d916bb1c141236195 - - default default] 10.0.0.80 "GET /v2.0/routers HTTP/1.1" status: 200 len: 1833 time: 0.1206703
2026-06-09 18:21:59.500 9 INFO neutron.wsgi [None req-aca5c648-66c4-44bc-97d4-bab841075fe0 c208bc2e7cd24685936cbcb54518d479 7ff36d0d1f80468d916bb1c141236195 - - default default] 10.0.0.80 "GET /v2.0/agents?binary=ovn-controller HTTP/1.1" status: 200 len: 591 time: 0.0185084
2026-06-09 18:21:59.586 9 INFO neutron.db.ovn_revision_numbers_db [None req-0ac23db8-f893-4d1f-a7c3-6591ff039c01 - - - - - -] Successfully bumped revision number for resource 759c6a5e-6a45-4729-b890-7fef8f34441d (type: ports) to 2
2026-06-09 18:21:59.643 10 INFO neutron.wsgi [None req-45546d21-6097-4cb6-9dc9-3430b1b6eec2 93d68d6f2c394253ba57a7a3a666e13c 348ee5c2d8e943258c32d7ab80f13233 - - default default] 10.0.0.138 "GET /v2.0/ports/bd20f53d-a5ab-4601-a1e5-422ddd8a5870 HTTP/1.1" status: 200 len: 1147 time: 0.0844748
2026-06-09 18:21:59.667 9 INFO neutron.db.ovn_revision_numbers_db [None req-0ac23db8-f893-4d1f-a7c3-6591ff039c01 - - - - - -] Successfully bumped revision number for resource 759c6a5e-6a45-4729-b890-7fef8f34441d (type: router_ports) to 2
2026-06-09 18:21:59.916 10 INFO neutron.wsgi [None req-4284a477-838a-472b-924d-4494d2b4de2f a3f1ffb807704c699a93a79451b5b51d 768d586794154f77a1f12f934b672e66 - - default default] 10.0.0.138 "GET /v2.0/ports/759c6a5e-6a45-4729-b890-7fef8f34441d HTTP/1.1" status: 200 len: 1137 time: 0.0424895
2026-06-09 18:22:00.661 10 INFO neutron.wsgi [None req-2e211bad-393b-4239-aef5-16e8ff84f41e a3f1ffb807704c699a93a79451b5b51d 768d586794154f77a1f12f934b672e66 - - default default] 10.0.0.138 "PUT /v2.0/routers/61376fc1-0e1b-4461-9be2-3d4e12ac577c/remove_router_interface HTTP/1.1" status: 200 len: 503 time: 0.7402968 /var/lib/openstack/lib/python3.10/site-packages/pycadf/identifier.py:71: UserWarning: Invalid uuid: neutron. To ensure interoperability, identifiers should be a valid uuid. warnings.warn(('Invalid uuid: %s. To ensure interoperability, '
2026-06-09 18:22:00.710 9 INFO neutron.wsgi [None req-26985c61-50f2-435c-a103-971266fa44e3 93d68d6f2c394253ba57a7a3a666e13c 348ee5c2d8e943258c32d7ab80f13233 - - default default] 10.0.0.138 "GET /v2.0/ports/bd20f53d-a5ab-4601-a1e5-422ddd8a5870 HTTP/1.1" status: 200 len: 1147 time: 0.0631948
2026-06-09 18:22:00.803 10 INFO neutron.wsgi [None req-7248e424-aace-4a00-bd81-33630f807014 a3f1ffb807704c699a93a79451b5b51d 768d586794154f77a1f12f934b672e66 - - default default] 10.0.0.138 "GET /v2.0/ports/f38297fb-4b5e-48db-b6d0-21460e7ce814 HTTP/1.1" status: 200 len: 1137 time: 0.1344817
2026-06-09 18:22:01.325 10 WARNING neutron.plugins.ml2.drivers.ovn.mech_driver.ovsdb.ovn_client [None req-24070eea-561b-43c1-a7b8-522b40924b28 - - - - - -] No hosting information found for port ace22366-a9d2-4cd0-93fe-8f0791487d39: RuntimeError: No hosting information found for port ace22366-a9d2-4cd0-93fe-8f0791487d39
2026-06-09 18:22:01.752 10 INFO neutron.wsgi [None req-20278a31-6d1c-4792-abc7-3030da2ea4d6 93d68d6f2c394253ba57a7a3a666e13c 348ee5c2d8e943258c32d7ab80f13233 - - default default] 10.0.0.138 "GET /v2.0/ports/bd20f53d-a5ab-4601-a1e5-422ddd8a5870 HTTP/1.1" status: 200 len: 1147 time: 0.0362318
2026-06-09 18:22:01.836 9 INFO neutron.wsgi [None req-c573827a-b5e1-468e-969c-3003d3f2f31d a3f1ffb807704c699a93a79451b5b51d 768d586794154f77a1f12f934b672e66 - - default default] 10.0.0.138 "PUT /v2.0/routers/61376fc1-0e1b-4461-9be2-3d4e12ac577c/remove_router_interface HTTP/1.1" status: 200 len: 503 time: 1.0270333
2026-06-09 18:22:01.880 10 INFO neutron.wsgi [None req-36fa0cf8-1a89-49df-9d80-74ef98629637 a3f1ffb807704c699a93a79451b5b51d 768d586794154f77a1f12f934b672e66 - - default default] 10.0.0.138 "GET /v2.0/ports?device_id=61376fc1-0e1b-4461-9be2-3d4e12ac577c HTTP/1.1" status: 200 len: 205 time: 0.0390663 /var/lib/openstack/lib/python3.10/site-packages/pycadf/identifier.py:71: UserWarning: Invalid uuid: neutron. To ensure interoperability, identifiers should be a valid uuid. warnings.warn(('Invalid uuid: %s. To ensure interoperability, '
2026-06-09 18:22:02.417 10 INFO neutron.wsgi [None req-623449ae-61f0-4add-b965-19d619f717b6 a3f1ffb807704c699a93a79451b5b51d 768d586794154f77a1f12f934b672e66 - - default default] 10.0.0.138 "DELETE /v2.0/routers/61376fc1-0e1b-4461-9be2-3d4e12ac577c HTTP/1.1" status: 204 len: 168 time: 0.5282998
2026-06-09 18:22:02.525 9 INFO neutron.db.ovn_revision_numbers_db [None req-70a64b9f-0bd9-41d3-8ccf-ac144e68a347 c208bc2e7cd24685936cbcb54518d479 7ff36d0d1f80468d916bb1c141236195 - - default default] Successfully bumped revision number for resource 7b3737af-baec-4f16-a824-459bee5b44f3 (type: security_groups) to 1
2026-06-09 18:22:02.640 9 INFO neutron.db.ovn_revision_numbers_db [None req-70a64b9f-0bd9-41d3-8ccf-ac144e68a347 c208bc2e7cd24685936cbcb54518d479 7ff36d0d1f80468d916bb1c141236195 - - default default] Successfully bumped revision number for resource 0d5b7470-8e19-4ca9-984b-a0e4d6eec640 (type: security_group_rules) to 0
2026-06-09 18:22:02.667 9 INFO neutron.db.ovn_revision_numbers_db [None req-70a64b9f-0bd9-41d3-8ccf-ac144e68a347 c208bc2e7cd24685936cbcb54518d479 7ff36d0d1f80468d916bb1c141236195 - - default default] Successfully bumped revision number for resource 22f818fd-2f26-4cb3-b3c1-22a1adc592c7 (type: security_group_rules) to 0
2026-06-09 18:22:02.692 10 INFO neutron.wsgi [None req-2970a582-d513-4a80-bb8f-b867cded1f4b a3f1ffb807704c699a93a79451b5b51d 768d586794154f77a1f12f934b672e66 - - default default] 10.0.0.138 "DELETE /v2.0/subnets/17b72f77-8d8b-4b6a-a0e6-ce62fc832f18 HTTP/1.1" status: 204 len: 168 time: 0.2682862
2026-06-09 18:22:02.723 9 INFO neutron.db.ovn_revision_numbers_db [None req-70a64b9f-0bd9-41d3-8ccf-ac144e68a347 c208bc2e7cd24685936cbcb54518d479 7ff36d0d1f80468d916bb1c141236195 - - default default] Successfully bumped revision number for resource 91d4f163-0d43-45d6-8059-5fed95cff5f6 (type: security_group_rules) to 0
2026-06-09 18:22:02.743 9 INFO neutron.db.ovn_revision_numbers_db [None req-70a64b9f-0bd9-41d3-8ccf-ac144e68a347 c208bc2e7cd24685936cbcb54518d479 7ff36d0d1f80468d916bb1c141236195 - - default default] Successfully bumped revision number for resource e22fb208-fed1-4d0e-bdf6-07c1e2260f79 (type: security_group_rules) to 0
2026-06-09 18:22:02.785 9 INFO neutron.wsgi [None req-70a64b9f-0bd9-41d3-8ccf-ac144e68a347 c208bc2e7cd24685936cbcb54518d479 7ff36d0d1f80468d916bb1c141236195 - - default default] 10.0.0.138 "GET /v2.0/security-groups?tenant_id=459bd649db054602849bcfb2736ee80e&name=default HTTP/1.1" status: 200 len: 2996 time: 0.5232055
2026-06-09 18:22:02.803 9 INFO neutron.wsgi [None req-a10012d6-979d-4ae5-bb8e-759a62b9b8c2 93d68d6f2c394253ba57a7a3a666e13c 348ee5c2d8e943258c32d7ab80f13233 - - default default] 10.0.0.138 "GET /v2.0/ports/bd20f53d-a5ab-4601-a1e5-422ddd8a5870 HTTP/1.1" status: 200 len: 1147 time: 0.0450437
2026-06-09 18:22:02.973 10 INFO neutron.wsgi [None req-9e04320c-5000-4730-a6fa-216f5a59571a a3f1ffb807704c699a93a79451b5b51d 768d586794154f77a1f12f934b672e66 - - default default] 10.0.0.138 "DELETE /v2.0/subnets/c370928e-4275-4931-8c31-e95ed0df5edc HTTP/1.1" status: 204 len: 168 time: 0.2703848
2026-06-09 18:22:03.006 9 INFO neutron.wsgi [None req-26e69df7-58fc-46e3-b842-d4499ba75c6c c208bc2e7cd24685936cbcb54518d479 7ff36d0d1f80468d916bb1c141236195 - - default default] 10.0.0.138 "DELETE /v2.0/security-groups/7b3737af-baec-4f16-a824-459bee5b44f3 HTTP/1.1" status: 204 len: 168 time: 0.2160187
2026-06-09 18:22:03.356 10 INFO neutron.services.segments.plugin [-] Segment ab799768-d5d9-492a-a55e-cc6a09e40d2b resource provider aggregate not found
2026-06-09 18:22:03.361 10 INFO neutron.services.segments.plugin [-] Segment ab799768-d5d9-492a-a55e-cc6a09e40d2b resource provider aggregate not found
2026-06-09 18:22:03.373 10 INFO neutron.services.segments.plugin [-] Segment ab799768-d5d9-492a-a55e-cc6a09e40d2b resource provider not found; error: Placement Client Error (4xx): {"errors": [{"status": 404, "title": "Not Found", "detail": "The resource could not be found.\n\n No resource provider with uuid ab799768-d5d9-492a-a55e-cc6a09e40d2b found for delete ", "request_id": "req-91cff04e-b432-4de8-bdce-e6d52619fbec"}]}
2026-06-09 18:22:03.376 10 INFO neutron.services.segments.plugin [-] Segment ab799768-d5d9-492a-a55e-cc6a09e40d2b resource provider not found; error: Placement Client Error (4xx): {"errors": [{"status": 404, "title": "Not Found", "detail": "The resource could not be found.\n\n No resource provider with uuid ab799768-d5d9-492a-a55e-cc6a09e40d2b found for delete ", "request_id": "req-056e808b-7e5b-4736-a92e-a8942e6f4b81"}]}
2026-06-09 18:22:03.406 10 INFO neutron.wsgi [None req-408d4521-d2ab-4508-8825-e69fdd4e7ce6 a3f1ffb807704c699a93a79451b5b51d 768d586794154f77a1f12f934b672e66 - - default default] 10.0.0.138 "DELETE /v2.0/networks/aad621b8-4e27-43ac-b7d5-aa8dea823d37 HTTP/1.1" status: 204 len: 168 time: 0.4289789
2026-06-09 18:22:03.796 9 INFO neutron.services.segments.plugin [-] Segment 831599e2-52da-435c-bf7a-734e56fcc8d3 resource provider aggregate not found
2026-06-09 18:22:03.801 9 INFO neutron.services.segments.plugin [-] Segment 831599e2-52da-435c-bf7a-734e56fcc8d3 resource provider aggregate not found
2026-06-09 18:22:03.834 9 INFO neutron.services.segments.plugin [-] Segment 831599e2-52da-435c-bf7a-734e56fcc8d3 resource provider not found; error: Placement Client Error (4xx): {"errors": [{"status": 404, "title": "Not Found", "detail": "The resource could not be found.\n\n No resource provider with uuid 831599e2-52da-435c-bf7a-734e56fcc8d3 found for delete ", "request_id": "req-e6e87f37-027a-4edf-8e3d-02328616c1ec"}]}
2026-06-09 18:22:03.835 9 INFO neutron.services.segments.plugin [-] Segment 831599e2-52da-435c-bf7a-734e56fcc8d3 resource provider not found; error: Placement Client Error (4xx): {"errors": [{"status": 404, "title": "Not Found", "detail": "The resource could not be found.\n\n No resource provider with uuid 831599e2-52da-435c-bf7a-734e56fcc8d3 found for delete ", "request_id": "req-4494e027-c134-4ff0-b09e-9dd7e6e35199"}]}
2026-06-09 18:22:03.852 10 INFO neutron.wsgi [None req-a33aa057-605f-4c20-afef-83d255682036 93d68d6f2c394253ba57a7a3a666e13c 348ee5c2d8e943258c32d7ab80f13233 - - default default] 10.0.0.138 "GET /v2.0/ports/bd20f53d-a5ab-4601-a1e5-422ddd8a5870 HTTP/1.1" status: 200 len: 1147 time: 0.0425663
2026-06-09 18:22:03.874 9 INFO neutron.wsgi [None req-739647ef-a533-4e6c-b34e-9039a4779195 a3f1ffb807704c699a93a79451b5b51d 768d586794154f77a1f12f934b672e66 - - default default] 10.0.0.138 "DELETE /v2.0/networks/f4288e6c-770b-4b4e-ab3b-726312131865 HTTP/1.1" status: 204 len: 168 time: 0.4617627
2026-06-09 18:22:03.887 10 WARNING neutron_lib.context [None req-844cfc47-27e9-4b60-b5de-3404df5138af a3f1ffb807704c699a93a79451b5b51d 768d586794154f77a1f12f934b672e66 - - default default] Method 'is_advsvc' is deprecated since 2023.2 release (neutron-lib 3.8.0) and will be removed once support for the old RBAC API policies will be removed from Neutron. Please use method 'is_service_role' instead.
2026-06-09 18:22:03.964 10 INFO neutron.db.segments_db [None req-844cfc47-27e9-4b60-b5de-3404df5138af a3f1ffb807704c699a93a79451b5b51d 768d586794154f77a1f12f934b672e66 - - default default] Added segment 3fa921b6-cfb6-48d1-b241-fe629ddbd8b1 of type geneve for network cfe1dfbc-f6b8-426f-bd2e-1e1c2f41e246
2026-06-09 18:22:04.127 10 INFO neutron.db.ovn_revision_numbers_db [None req-844cfc47-27e9-4b60-b5de-3404df5138af a3f1ffb807704c699a93a79451b5b51d 768d586794154f77a1f12f934b672e66 - - default default] Successfully bumped revision number for resource cfe1dfbc-f6b8-426f-bd2e-1e1c2f41e246 (type: networks) to 1
2026-06-09 18:22:04.311 10 WARNING neutron.scheduler.dhcp_agent_scheduler [None req-844cfc47-27e9-4b60-b5de-3404df5138af a3f1ffb807704c699a93a79451b5b51d 768d586794154f77a1f12f934b672e66 - - default default] No more DHCP agents
2026-06-09 18:22:04.320 10 WARNING neutron.api.rpc.agentnotifiers.dhcp_rpc_agent_api [None req-844cfc47-27e9-4b60-b5de-3404df5138af a3f1ffb807704c699a93a79451b5b51d 768d586794154f77a1f12f934b672e66 - - default default] Unable to schedule network cfe1dfbc-f6b8-426f-bd2e-1e1c2f41e246: no agents available; will retry on subsequent port and subnet creation events.
