2026-06-09 18:24:38.377 10 WARNING neutron_lib.context [None req-ad8678cd-c49d-40dc-a1bc-0cf7b2756aa6 0d0ecef6f09245caa8f424bde52d7c27 abafbf6ae0eb474caf0726b58a5098b3 - - default default] Method 'is_advsvc' is deprecated since 2023.2 release (neutron-lib 3.8.0) and will be removed once support for the old RBAC API policies will be removed from Neutron. Please use method 'is_service_role' instead.
2026-06-09 18:24:38.943 10 WARNING neutron.scheduler.dhcp_agent_scheduler [None req-ad8678cd-c49d-40dc-a1bc-0cf7b2756aa6 0d0ecef6f09245caa8f424bde52d7c27 abafbf6ae0eb474caf0726b58a5098b3 - - default default] No more DHCP agents
2026-06-09 18:24:38.945 10 WARNING neutron.api.rpc.agentnotifiers.dhcp_rpc_agent_api [None req-ad8678cd-c49d-40dc-a1bc-0cf7b2756aa6 0d0ecef6f09245caa8f424bde52d7c27 abafbf6ae0eb474caf0726b58a5098b3 - - default default] Unable to schedule network 84b399a5-4a6f-41f5-aa88-eab5f3dde944: no agents available; will retry on subsequent port and subnet creation events.
2026-06-09 18:24:39.260 10 INFO neutron.db.ovn_revision_numbers_db [None req-ad8678cd-c49d-40dc-a1bc-0cf7b2756aa6 0d0ecef6f09245caa8f424bde52d7c27 abafbf6ae0eb474caf0726b58a5098b3 - - default default] Successfully bumped revision number for resource 21a7d17e-f47e-4568-b125-457d893047ea (type: floatingips) to 0
2026-06-09 18:24:39.275 10 INFO neutron.wsgi [None req-ad8678cd-c49d-40dc-a1bc-0cf7b2756aa6 0d0ecef6f09245caa8f424bde52d7c27 abafbf6ae0eb474caf0726b58a5098b3 - - default default] 10.0.0.138 "POST /v2.0/floatingips HTTP/1.1" status: 201 len: 751 time: 0.9049625
2026-06-09 18:24:39.328 10 INFO neutron.wsgi [None req-fe8ad347-52df-4fc9-b2d7-92d58e19365c 0d0ecef6f09245caa8f424bde52d7c27 abafbf6ae0eb474caf0726b58a5098b3 - - default default] 10.0.0.138 "PUT /v2.0/floatingips/fb4d6209-3ac5-490f-a732-388d0106f862/tags HTTP/1.1" status: 200 len: 210 time: 0.0458386
2026-06-09 18:24:39.379 10 INFO neutron.wsgi [None req-1cd7d602-b740-478d-92f2-61ddd15ebc33 0d0ecef6f09245caa8f424bde52d7c27 abafbf6ae0eb474caf0726b58a5098b3 - - default default] 10.0.0.138 "PUT /v2.0/floatingips/99440cb7-3108-4e73-af2a-d43a83680f5c/tags HTTP/1.1" status: 200 len: 218 time: 0.0443981
2026-06-09 18:24:39.431 10 INFO neutron.wsgi [None req-11434f9d-788b-4ab0-a39d-018dd6bc57d1 0d0ecef6f09245caa8f424bde52d7c27 abafbf6ae0eb474caf0726b58a5098b3 - - default default] 10.0.0.138 "PUT /v2.0/floatingips/74b60ba3-965d-482f-94b1-df47be49b136/tags HTTP/1.1" status: 200 len: 227 time: 0.0469975
2026-06-09 18:24:39.477 10 INFO neutron.wsgi [None req-f6c0bcb9-9c04-4145-9641-08a1164218c8 0d0ecef6f09245caa8f424bde52d7c27 abafbf6ae0eb474caf0726b58a5098b3 - - default default] 10.0.0.138 "PUT /v2.0/floatingips/2179f551-2e8f-47b1-aec8-76a0fe7ee8fc/tags HTTP/1.1" status: 200 len: 212 time: 0.0416751
2026-06-09 18:24:39.550 10 INFO neutron.wsgi [None req-13aa4256-66b2-48aa-8d49-09f0e2dc4c3c 0d0ecef6f09245caa8f424bde52d7c27 abafbf6ae0eb474caf0726b58a5098b3 - - default default] 10.0.0.138 "GET /v2.0/floatingips?tags=red HTTP/1.1" status: 200 len: 1866 time: 0.0678937
2026-06-09 18:24:39.605 10 INFO neutron.wsgi [None req-5e26e5e0-154a-4ef8-8605-6bdc487fe5f9 0d0ecef6f09245caa8f424bde52d7c27 abafbf6ae0eb474caf0726b58a5098b3 - - default default] 10.0.0.138 "GET /v2.0/floatingips?tags=red%2Cblue HTTP/1.1" status: 200 len: 1323 time: 0.0490510
2026-06-09 18:24:39.655 10 INFO neutron.wsgi [None req-9dfaee6c-a968-47a1-abc6-9e46236ddf5d 0d0ecef6f09245caa8f424bde52d7c27 abafbf6ae0eb474caf0726b58a5098b3 - - default default] 10.0.0.138 "GET /v2.0/floatingips?tags-any=blue HTTP/1.1" status: 200 len: 1323 time: 0.0446661
2026-06-09 18:24:39.700 10 INFO neutron.wsgi [None req-bc33b358-5d2e-415c-94c8-6ab9c3ca1eb1 0d0ecef6f09245caa8f424bde52d7c27 abafbf6ae0eb474caf0726b58a5098b3 - - default default] 10.0.0.138 "GET /v2.0/floatingips?tags-any=red%2Cblue HTTP/1.1" status: 200 len: 1866 time: 0.0388663
2026-06-09 18:24:39.747 10 INFO neutron.wsgi [None req-18bb0a80-13dc-478a-afed-6bfe69643d82 0d0ecef6f09245caa8f424bde52d7c27 abafbf6ae0eb474caf0726b58a5098b3 - - default default] 10.0.0.138 "GET /v2.0/floatingips?not-tags=red HTTP/1.1" status: 200 len: 1295 time: 0.0431478
2026-06-09 18:24:39.791 10 INFO neutron.wsgi [None req-78770b30-7dfa-4781-b8b7-7aa252056925 0d0ecef6f09245caa8f424bde52d7c27 abafbf6ae0eb474caf0726b58a5098b3 - - default default] 10.0.0.138 "GET /v2.0/floatingips?not-tags=red%2Cblue HTTP/1.1" status: 200 len: 1838 time: 0.0388832
2026-06-09 18:24:39.837 10 INFO neutron.wsgi [None req-5e359e2f-dfcd-463d-85af-b8fed7ffe98b 0d0ecef6f09245caa8f424bde52d7c27 abafbf6ae0eb474caf0726b58a5098b3 - - default default] 10.0.0.138 "GET /v2.0/floatingips?not-tags-any=blue HTTP/1.1" status: 200 len: 1838 time: 0.0423696
2026-06-09 18:24:39.869 10 INFO neutron.wsgi [None req-923ada1e-ef80-4033-bd5d-a70a6805589a 0d0ecef6f09245caa8f424bde52d7c27 abafbf6ae0eb474caf0726b58a5098b3 - - default default] 10.0.0.138 "GET /v2.0/floatingips?not-tags-any=red%2Cblue HTTP/1.1" status: 200 len: 1295 time: 0.0264907
2026-06-09 18:24:40.128 9 WARNING neutron_lib.context [None req-3cbe95e6-2264-4284-85fa-4c4e2a4bb901 9f9e23343f2e439b885468465b729bfd 8e95d59aab624cffa0592a6e9ce3f271 - - default default] Method 'is_advsvc' is deprecated since 2023.2 release (neutron-lib 3.8.0) and will be removed once support for the old RBAC API policies will be removed from Neutron. Please use method 'is_service_role' instead.
2026-06-09 18:24:40.172 10 INFO neutron.wsgi [None req-d041603f-f192-48d2-a395-cc07807bbfd0 0d0ecef6f09245caa8f424bde52d7c27 abafbf6ae0eb474caf0726b58a5098b3 - - default default] 10.0.0.138 "DELETE /v2.0/floatingips/fb4d6209-3ac5-490f-a732-388d0106f862 HTTP/1.1" status: 204 len: 168 time: 0.2990663
2026-06-09 18:24:40.186 9 INFO neutron.wsgi [None req-3cbe95e6-2264-4284-85fa-4c4e2a4bb901 9f9e23343f2e439b885468465b729bfd 8e95d59aab624cffa0592a6e9ce3f271 - - default default] 10.0.0.138 "POST /v2.0/subnetpools HTTP/1.1" status: 201 len: 715 time: 0.2863450
2026-06-09 18:24:40.234 9 INFO neutron.wsgi [None req-de0626a3-d531-405e-97e4-20943782ce31 9f9e23343f2e439b885468465b729bfd 8e95d59aab624cffa0592a6e9ce3f271 - - default default] 10.0.0.138 "PUT /v2.0/subnetpools/ec5243e6-cf96-47fa-8a99-a2490b6b3a73/tags HTTP/1.1" status: 200 len: 218 time: 0.0397127
2026-06-09 18:24:40.279 10 INFO neutron.wsgi [None req-6a96c2ce-07f9-4eb4-8f69-eee2229314ad 9f9e23343f2e439b885468465b729bfd 8e95d59aab624cffa0592a6e9ce3f271 - - default default] 10.0.0.138 "GET /v2.0/subnetpools/ec5243e6-cf96-47fa-8a99-a2490b6b3a73/tags HTTP/1.1" status: 200 len: 218 time: 0.0403264
2026-06-09 18:24:40.321 9 INFO neutron.wsgi [None req-ce9e69e2-f530-4b36-91a0-184b8f562848 9f9e23343f2e439b885468465b729bfd 8e95d59aab624cffa0592a6e9ce3f271 - - default default] 10.0.0.138 "PUT /v2.0/subnetpools/ec5243e6-cf96-47fa-8a99-a2490b6b3a73/tags/green HTTP/1.1" status: 201 len: 201 time: 0.0349135
2026-06-09 18:24:40.347 9 INFO neutron.wsgi [None req-b974c3a9-d79c-4a20-90e9-89b90f0018ea 9f9e23343f2e439b885468465b729bfd 8e95d59aab624cffa0592a6e9ce3f271 - - default default] 10.0.0.138 "GET /v2.0/subnetpools/ec5243e6-cf96-47fa-8a99-a2490b6b3a73/tags HTTP/1.1" status: 200 len: 227 time: 0.0227661
2026-06-09 18:24:40.374 9 INFO neutron.wsgi [None req-2a29cc21-5ad0-45e7-b294-7ab451b8d01b 9f9e23343f2e439b885468465b729bfd 8e95d59aab624cffa0592a6e9ce3f271 - - default default] 10.0.0.138 "PUT /v2.0/subnetpools/ec5243e6-cf96-47fa-8a99-a2490b6b3a73/tags/red HTTP/1.1" status: 201 len: 201 time: 0.0234528
2026-06-09 18:24:40.402 9 INFO neutron.wsgi [None req-558db2c7-b3a1-404d-8867-d9a79245772b 9f9e23343f2e439b885468465b729bfd 8e95d59aab624cffa0592a6e9ce3f271 - - default default] 10.0.0.138 "GET /v2.0/subnetpools/ec5243e6-cf96-47fa-8a99-a2490b6b3a73/tags HTTP/1.1" status: 200 len: 227 time: 0.0233619
2026-06-09 18:24:40.441 9 INFO neutron.wsgi [None req-7519c5ef-5482-41a2-82f6-d82291ff9e7e 9f9e23343f2e439b885468465b729bfd 8e95d59aab624cffa0592a6e9ce3f271 - - default default] 10.0.0.138 "PUT /v2.0/subnetpools/ec5243e6-cf96-47fa-8a99-a2490b6b3a73/tags/black.or.white HTTP/1.1" status: 201 len: 201 time: 0.0343702
2026-06-09 18:24:40.467 9 INFO neutron.wsgi [None req-db41bf6c-8c24-4a71-b2e5-0c6e608b4882 9f9e23343f2e439b885468465b729bfd 8e95d59aab624cffa0592a6e9ce3f271 - - default default] 10.0.0.138 "GET /v2.0/subnetpools/ec5243e6-cf96-47fa-8a99-a2490b6b3a73/tags HTTP/1.1" status: 200 len: 245 time: 0.0217714
2026-06-09 18:24:40.507 10 INFO neutron.wsgi [None req-e4466015-5f6b-4dba-b662-ef4e8b54b5a8 0d0ecef6f09245caa8f424bde52d7c27 abafbf6ae0eb474caf0726b58a5098b3 - - default default] 10.0.0.138 "DELETE /v2.0/floatingips/99440cb7-3108-4e73-af2a-d43a83680f5c HTTP/1.1" status: 204 len: 168 time: 0.3267627
2026-06-09 18:24:40.512 9 INFO neutron.wsgi [None req-f601dc3a-c0a7-41fa-a9f0-b95ec65f1f29 9f9e23343f2e439b885468465b729bfd 8e95d59aab624cffa0592a6e9ce3f271 - - default default] 10.0.0.138 "PUT /v2.0/subnetpools/ec5243e6-cf96-47fa-8a99-a2490b6b3a73/tags HTTP/1.1" status: 200 len: 230 time: 0.0389779
2026-06-09 18:24:40.537 9 INFO neutron.wsgi [None req-114b2ffb-6bc7-4717-b6ef-379d930b7144 9f9e23343f2e439b885468465b729bfd 8e95d59aab624cffa0592a6e9ce3f271 - - default default] 10.0.0.138 "GET /v2.0/subnetpools/ec5243e6-cf96-47fa-8a99-a2490b6b3a73/tags HTTP/1.1" status: 200 len: 230 time: 0.0206025
2026-06-09 18:24:40.565 9 INFO neutron.wsgi [None req-37d141fe-1fa0-41a6-abe0-b7672baceae0 9f9e23343f2e439b885468465b729bfd 8e95d59aab624cffa0592a6e9ce3f271 - - default default] 10.0.0.138 "GET /v2.0/subnetpools/ec5243e6-cf96-47fa-8a99-a2490b6b3a73/tags/red HTTP/1.1" status: 204 len: 168 time: 0.0216377
2026-06-09 18:24:40.606 10 INFO neutron.api.v2.resource [None req-0bb2b927-fa8a-417a-916f-8ba41b45c1b5 9f9e23343f2e439b885468465b729bfd 8e95d59aab624cffa0592a6e9ce3f271 - - default default] show failed (client error): The resource could not be found.
2026-06-09 18:24:40.608 10 INFO neutron.wsgi [None req-0bb2b927-fa8a-417a-916f-8ba41b45c1b5 9f9e23343f2e439b885468465b729bfd 8e95d59aab624cffa0592a6e9ce3f271 - - default default] 10.0.0.138 "GET /v2.0/subnetpools/ec5243e6-cf96-47fa-8a99-a2490b6b3a73/tags/green HTTP/1.1" status: 404 len: 299 time: 0.0380723
2026-06-09 18:24:40.675 10 INFO neutron.wsgi [None req-cfc3c0b3-64c1-4a73-b15f-6bada0a25bd3 9f9e23343f2e439b885468465b729bfd 8e95d59aab624cffa0592a6e9ce3f271 - - default default] 10.0.0.138 "DELETE /v2.0/subnetpools/ec5243e6-cf96-47fa-8a99-a2490b6b3a73/tags/red HTTP/1.1" status: 204 len: 168 time: 0.0579309
2026-06-09 18:24:40.707 9 INFO neutron.wsgi [None req-e3fbb069-33eb-4f36-933c-e098f318a7db 9f9e23343f2e439b885468465b729bfd 8e95d59aab624cffa0592a6e9ce3f271 - - default default] 10.0.0.138 "GET /v2.0/subnetpools/ec5243e6-cf96-47fa-8a99-a2490b6b3a73/tags HTTP/1.1" status: 200 len: 223 time: 0.0265737
2026-06-09 18:24:40.736 9 INFO neutron.api.v2.resource [None req-0eea8401-098e-4548-b2f5-94262f9edf1c 9f9e23343f2e439b885468465b729bfd 8e95d59aab624cffa0592a6e9ce3f271 - - default default] delete failed (client error): The resource could not be found.
2026-06-09 18:24:40.737 9 INFO neutron.wsgi [None req-0eea8401-098e-4548-b2f5-94262f9edf1c 9f9e23343f2e439b885468465b729bfd 8e95d59aab624cffa0592a6e9ce3f271 - - default default] 10.0.0.138 "DELETE /v2.0/subnetpools/ec5243e6-cf96-47fa-8a99-a2490b6b3a73/tags/green HTTP/1.1" status: 404 len: 299 time: 0.0267680
2026-06-09 18:24:40.777 9 INFO neutron.wsgi [None req-47932b2d-ba91-4dc4-a1ee-fa3c69beecdc 9f9e23343f2e439b885468465b729bfd 8e95d59aab624cffa0592a6e9ce3f271 - - default default] 10.0.0.138 "DELETE /v2.0/subnetpools/ec5243e6-cf96-47fa-8a99-a2490b6b3a73/tags HTTP/1.1" status: 204 len: 168 time: 0.0355062
2026-06-09 18:24:40.816 10 INFO neutron.wsgi [None req-9e77fd9b-dfd2-465d-b1b6-30223e55cc3b 9f9e23343f2e439b885468465b729bfd 8e95d59aab624cffa0592a6e9ce3f271 - - default default] 10.0.0.138 "GET /v2.0/subnetpools/ec5243e6-cf96-47fa-8a99-a2490b6b3a73/tags HTTP/1.1" status: 200 len: 205 time: 0.0328879
2026-06-09 18:24:40.877 9 INFO neutron.wsgi [None req-dfd0c8ae-320b-4f50-88dd-1c3fc7553253 9f9e23343f2e439b885468465b729bfd 8e95d59aab624cffa0592a6e9ce3f271 - - default default] 10.0.0.138 "DELETE /v2.0/subnetpools/ec5243e6-cf96-47fa-8a99-a2490b6b3a73 HTTP/1.1" status: 204 len: 168 time: 0.0524664
2026-06-09 18:24:40.884 10 INFO neutron.wsgi [None req-5d874fbe-32a0-4e64-9651-053df049deb2 0d0ecef6f09245caa8f424bde52d7c27 abafbf6ae0eb474caf0726b58a5098b3 - - default default] 10.0.0.138 "DELETE /v2.0/floatingips/74b60ba3-965d-482f-94b1-df47be49b136 HTTP/1.1" status: 204 len: 168 time: 0.3698194
2026-06-09 18:24:41.226 10 INFO neutron.wsgi [None req-3f4ebd32-fe21-4a23-a3e5-b86d2906e9ac 0d0ecef6f09245caa8f424bde52d7c27 abafbf6ae0eb474caf0726b58a5098b3 - - default default] 10.0.0.138 "DELETE /v2.0/floatingips/2179f551-2e8f-47b1-aec8-76a0fe7ee8fc HTTP/1.1" status: 204 len: 168 time: 0.3377626
2026-06-09 18:24:41.553 10 INFO neutron.wsgi [None req-d90f21ee-0840-41cb-ba81-e7a3ecc388d6 0d0ecef6f09245caa8f424bde52d7c27 abafbf6ae0eb474caf0726b58a5098b3 - - default default] 10.0.0.138 "DELETE /v2.0/floatingips/21a7d17e-f47e-4568-b125-457d893047ea HTTP/1.1" status: 204 len: 168 time: 0.3175778
2026-06-09 18:24:41.916 10 INFO neutron.db.ovn_revision_numbers_db [None req-a4ef99ee-0632-41ad-96e9-1ce9329bdfc6 c208bc2e7cd24685936cbcb54518d479 7ff36d0d1f80468d916bb1c141236195 - - default default] Successfully bumped revision number for resource f0a4b4cd-8d5c-41b8-a5d3-3c192cdb022c (type: security_groups) to 1
2026-06-09 18:24:41.928 10 INFO neutron.db.ovn_revision_numbers_db [None req-a4ef99ee-0632-41ad-96e9-1ce9329bdfc6 c208bc2e7cd24685936cbcb54518d479 7ff36d0d1f80468d916bb1c141236195 - - default default] Successfully bumped revision number for resource 0cc34fd0-8c57-4253-9b49-a32dcf49c60d (type: security_group_rules) to 0
2026-06-09 18:24:41.945 10 INFO neutron.db.ovn_revision_numbers_db [None req-a4ef99ee-0632-41ad-96e9-1ce9329bdfc6 c208bc2e7cd24685936cbcb54518d479 7ff36d0d1f80468d916bb1c141236195 - - default default] Successfully bumped revision number for resource 853eb144-20d0-45fd-b6ab-c130565ad257 (type: security_group_rules) to 0
2026-06-09 18:24:41.970 10 INFO neutron.db.ovn_revision_numbers_db [None req-a4ef99ee-0632-41ad-96e9-1ce9329bdfc6 c208bc2e7cd24685936cbcb54518d479 7ff36d0d1f80468d916bb1c141236195 - - default default] Successfully bumped revision number for resource 9745de39-7e8f-4318-9431-ed429452352f (type: security_group_rules) to 0
2026-06-09 18:24:41.994 10 INFO neutron.db.ovn_revision_numbers_db [None req-a4ef99ee-0632-41ad-96e9-1ce9329bdfc6 c208bc2e7cd24685936cbcb54518d479 7ff36d0d1f80468d916bb1c141236195 - - default default] Successfully bumped revision number for resource d40e77f7-26f1-4f20-a7ab-50c81cf45976 (type: security_group_rules) to 0
2026-06-09 18:24:42.026 10 INFO neutron.wsgi [None req-a4ef99ee-0632-41ad-96e9-1ce9329bdfc6 c208bc2e7cd24685936cbcb54518d479 7ff36d0d1f80468d916bb1c141236195 - - default default] 10.0.0.138 "GET /v2.0/security-groups?tenant_id=695cce21ff364561897b151578309d0e&name=default HTTP/1.1" status: 200 len: 2996 time: 0.4522097
2026-06-09 18:24:42.232 10 INFO neutron.wsgi [None req-2ef2a5b6-9f5e-42d6-9432-a3076358b5b5 c208bc2e7cd24685936cbcb54518d479 7ff36d0d1f80468d916bb1c141236195 - - default default] 10.0.0.138 "DELETE /v2.0/security-groups/f0a4b4cd-8d5c-41b8-a5d3-3c192cdb022c HTTP/1.1" status: 204 len: 168 time: 0.2019129
2026-06-09 18:24:42.501 10 INFO neutron.db.ovn_revision_numbers_db [None req-1bdf109f-fcad-4129-b998-163be9f78af8 c208bc2e7cd24685936cbcb54518d479 7ff36d0d1f80468d916bb1c141236195 - - default default] Successfully bumped revision number for resource 462b7801-aec5-43b1-a996-7980ef5122de (type: security_groups) to 1
2026-06-09 18:24:42.516 10 INFO neutron.db.ovn_revision_numbers_db [None req-1bdf109f-fcad-4129-b998-163be9f78af8 c208bc2e7cd24685936cbcb54518d479 7ff36d0d1f80468d916bb1c141236195 - - default default] Successfully bumped revision number for resource 33f865ed-3cb6-42d8-ac13-237397107381 (type: security_group_rules) to 0
2026-06-09 18:24:42.532 10 INFO neutron.db.ovn_revision_numbers_db [None req-1bdf109f-fcad-4129-b998-163be9f78af8 c208bc2e7cd24685936cbcb54518d479 7ff36d0d1f80468d916bb1c141236195 - - default default] Successfully bumped revision number for resource 6c03192c-59c0-45a1-8660-9c2822883de6 (type: security_group_rules) to 0
2026-06-09 18:24:42.550 10 INFO neutron.db.ovn_revision_numbers_db [None req-1bdf109f-fcad-4129-b998-163be9f78af8 c208bc2e7cd24685936cbcb54518d479 7ff36d0d1f80468d916bb1c141236195 - - default default] Successfully bumped revision number for resource 7df38689-85f9-4820-9168-a668ce2a1116 (type: security_group_rules) to 0
2026-06-09 18:24:42.567 10 INFO neutron.db.ovn_revision_numbers_db [None req-1bdf109f-fcad-4129-b998-163be9f78af8 c208bc2e7cd24685936cbcb54518d479 7ff36d0d1f80468d916bb1c141236195 - - default default] Successfully bumped revision number for resource ba6685b2-a0f7-4ab1-98f4-49c39c3a3dbe (type: security_group_rules) to 0
2026-06-09 18:24:42.599 10 INFO neutron.wsgi [None req-1bdf109f-fcad-4129-b998-163be9f78af8 c208bc2e7cd24685936cbcb54518d479 7ff36d0d1f80468d916bb1c141236195 - - default default] 10.0.0.138 "GET /v2.0/security-groups?tenant_id=8e95d59aab624cffa0592a6e9ce3f271&name=default HTTP/1.1" status: 200 len: 2996 time: 0.2057137
2026-06-09 18:24:42.837 10 INFO neutron.db.ovn_revision_numbers_db [None req-1ca68774-5800-4655-a6b9-4301bc0d0632 c208bc2e7cd24685936cbcb54518d479 7ff36d0d1f80468d916bb1c141236195 - - default default] Successfully bumped revision number for resource 52a9d23d-cd36-42b5-90df-822919c5503f (type: security_groups) to 1
2026-06-09 18:24:42.851 10 INFO neutron.db.ovn_revision_numbers_db [None req-1ca68774-5800-4655-a6b9-4301bc0d0632 c208bc2e7cd24685936cbcb54518d479 7ff36d0d1f80468d916bb1c141236195 - - default default] Successfully bumped revision number for resource 56e5c85a-2f15-47d5-98f7-748363a1baeb (type: security_group_rules) to 0
2026-06-09 18:24:42.868 10 INFO neutron.wsgi [None req-95b5351a-9480-4813-81b4-d52027281ecf c208bc2e7cd24685936cbcb54518d479 7ff36d0d1f80468d916bb1c141236195 - - default default] 10.0.0.138 "DELETE /v2.0/security-groups/462b7801-aec5-43b1-a996-7980ef5122de HTTP/1.1" status: 204 len: 168 time: 0.2620385
2026-06-09 18:24:42.887 10 INFO neutron.db.ovn_revision_numbers_db [None req-1ca68774-5800-4655-a6b9-4301bc0d0632 c208bc2e7cd24685936cbcb54518d479 7ff36d0d1f80468d916bb1c141236195 - - default default] Successfully bumped revision number for resource 6b852044-b1ed-46e2-b51b-0f5376dcf575 (type: security_group_rules) to 0
2026-06-09 18:24:42.904 10 INFO neutron.db.ovn_revision_numbers_db [None req-1ca68774-5800-4655-a6b9-4301bc0d0632 c208bc2e7cd24685936cbcb54518d479 7ff36d0d1f80468d916bb1c141236195 - - default default] Successfully bumped revision number for resource 92e8c2a4-7f98-472e-a561-2c7fe25a8516 (type: security_group_rules) to 0
2026-06-09 18:24:42.919 10 INFO neutron.db.ovn_revision_numbers_db [None req-1ca68774-5800-4655-a6b9-4301bc0d0632 c208bc2e7cd24685936cbcb54518d479 7ff36d0d1f80468d916bb1c141236195 - - default default] Successfully bumped revision number for resource db664afa-98bc-4402-97d0-d96ede0ee7e9 (type: security_group_rules) to 0
2026-06-09 18:24:42.946 10 INFO neutron.wsgi [None req-1ca68774-5800-4655-a6b9-4301bc0d0632 c208bc2e7cd24685936cbcb54518d479 7ff36d0d1f80468d916bb1c141236195 - - default default] 10.0.0.138 "GET /v2.0/security-groups?tenant_id=505ec499d9a7458e993a7ce3061617c5&name=default HTTP/1.1" status: 200 len: 2996 time: 0.4981008
2026-06-09 18:24:43.164 10 INFO neutron.wsgi [None req-a887fa3f-91e9-4bcb-8b84-fec1ecebe457 c208bc2e7cd24685936cbcb54518d479 7ff36d0d1f80468d916bb1c141236195 - - default default] 10.0.0.138 "DELETE /v2.0/security-groups/52a9d23d-cd36-42b5-90df-822919c5503f HTTP/1.1" status: 204 len: 168 time: 0.2106779
2026-06-09 18:24:43.453 10 INFO neutron.db.ovn_revision_numbers_db [None req-42ee3101-7677-4396-b830-1f0635331d3e c208bc2e7cd24685936cbcb54518d479 7ff36d0d1f80468d916bb1c141236195 - - default default] Successfully bumped revision number for resource 7c27d2a0-7638-4e51-9164-0057dc820681 (type: security_groups) to 1
2026-06-09 18:24:43.466 10 INFO neutron.db.ovn_revision_numbers_db [None req-42ee3101-7677-4396-b830-1f0635331d3e c208bc2e7cd24685936cbcb54518d479 7ff36d0d1f80468d916bb1c141236195 - - default default] Successfully bumped revision number for resource 3a5bdbc0-5274-4134-8f10-57f2fdcf4ee4 (type: security_group_rules) to 0
2026-06-09 18:24:43.478 10 INFO neutron.db.ovn_revision_numbers_db [None req-42ee3101-7677-4396-b830-1f0635331d3e c208bc2e7cd24685936cbcb54518d479 7ff36d0d1f80468d916bb1c141236195 - - default default] Successfully bumped revision number for resource 7d42a09e-203b-42cc-ac83-e82f5194573a (type: security_group_rules) to 0
2026-06-09 18:24:43.489 10 INFO neutron.db.ovn_revision_numbers_db [None req-42ee3101-7677-4396-b830-1f0635331d3e c208bc2e7cd24685936cbcb54518d479 7ff36d0d1f80468d916bb1c141236195 - - default default] Successfully bumped revision number for resource 7e63967e-828b-490c-acc9-80859654c75d (type: security_group_rules) to 0
2026-06-09 18:24:43.502 10 INFO neutron.db.ovn_revision_numbers_db [None req-42ee3101-7677-4396-b830-1f0635331d3e c208bc2e7cd24685936cbcb54518d479 7ff36d0d1f80468d916bb1c141236195 - - default default] Successfully bumped revision number for resource 9800c120-a2f8-4020-8c3e-2870f0827ddf (type: security_group_rules) to 0
2026-06-09 18:24:43.523 10 INFO neutron.wsgi [None req-42ee3101-7677-4396-b830-1f0635331d3e c208bc2e7cd24685936cbcb54518d479 7ff36d0d1f80468d916bb1c141236195 - - default default] 10.0.0.138 "GET /v2.0/security-groups?tenant_id=abafbf6ae0eb474caf0726b58a5098b3&name=default HTTP/1.1" status: 200 len: 2996 time: 0.1718829
2026-06-09 18:24:43.762 10 INFO neutron.wsgi [None req-1920590b-dcc6-46ac-a5a8-bb0954337a17 c208bc2e7cd24685936cbcb54518d479 7ff36d0d1f80468d916bb1c141236195 - - default default] 10.0.0.138 "DELETE /v2.0/security-groups/7c27d2a0-7638-4e51-9164-0057dc820681 HTTP/1.1" status: 204 len: 168 time: 0.2348232
2026-06-09 18:24:44.033 9 INFO neutron.db.ovn_revision_numbers_db [None req-1db5001e-c725-4727-856c-04a99e0c8982 c208bc2e7cd24685936cbcb54518d479 7ff36d0d1f80468d916bb1c141236195 - - default default] Successfully bumped revision number for resource ccc49698-479f-4dff-a3fd-284d5c5313eb (type: security_groups) to 1
2026-06-09 18:24:44.058 9 INFO neutron.db.ovn_revision_numbers_db [None req-1db5001e-c725-4727-856c-04a99e0c8982 c208bc2e7cd24685936cbcb54518d479 7ff36d0d1f80468d916bb1c141236195 - - default default] Successfully bumped revision number for resource 3edf38ea-97eb-4f59-92d7-bbc26478ddad (type: security_group_rules) to 0
2026-06-09 18:24:44.077 9 INFO neutron.db.ovn_revision_numbers_db [None req-1db5001e-c725-4727-856c-04a99e0c8982 c208bc2e7cd24685936cbcb54518d479 7ff36d0d1f80468d916bb1c141236195 - - default default] Successfully bumped revision number for resource 54c5c2ec-ae9c-445f-9449-ce8b264e0392 (type: security_group_rules) to 0
2026-06-09 18:24:44.091 9 INFO neutron.db.ovn_revision_numbers_db [None req-1db5001e-c725-4727-856c-04a99e0c8982 c208bc2e7cd24685936cbcb54518d479 7ff36d0d1f80468d916bb1c141236195 - - default default] Successfully bumped revision number for resource 5944b76b-0b23-4ffb-b1fc-77fcec67bcc5 (type: security_group_rules) to 0
2026-06-09 18:24:44.104 9 INFO neutron.db.ovn_revision_numbers_db [None req-1db5001e-c725-4727-856c-04a99e0c8982 c208bc2e7cd24685936cbcb54518d479 7ff36d0d1f80468d916bb1c141236195 - - default default] Successfully bumped revision number for resource bebd1928-10b2-407c-adeb-2c2a3d6f3c84 (type: security_group_rules) to 0
2026-06-09 18:24:44.129 9 INFO neutron.wsgi [None req-1db5001e-c725-4727-856c-04a99e0c8982 c208bc2e7cd24685936cbcb54518d479 7ff36d0d1f80468d916bb1c141236195 - - default default] 10.0.0.138 "GET /v2.0/security-groups?tenant_id=7df44e39ae5c4637834278ba2622f92c&name=default HTTP/1.1" status: 200 len: 2996 time: 0.2706075
2026-06-09 18:24:44.385 9 INFO neutron.wsgi [None req-7aa0b09c-ac6d-4bae-8298-32d01250c829 c208bc2e7cd24685936cbcb54518d479 7ff36d0d1f80468d916bb1c141236195 - - default default] 10.0.0.138 "DELETE /v2.0/security-groups/ccc49698-479f-4dff-a3fd-284d5c5313eb HTTP/1.1" status: 204 len: 168 time: 0.2506590
2026-06-09 18:24:46.525 9 WARNING neutron_lib.context [None req-2e7f7b04-4af8-4b0f-b806-e0f1ada7ecc7 30158f391da74a7392660a802d33d2f7 5204070e90944c68b8bdf30115f37a65 - - default default] Method 'is_advsvc' is deprecated since 2023.2 release (neutron-lib 3.8.0) and will be removed once support for the old RBAC API policies will be removed from Neutron. Please use method 'is_service_role' instead.
2026-06-09 18:24:46.669 9 INFO neutron.db.ovn_revision_numbers_db [None req-2e7f7b04-4af8-4b0f-b806-e0f1ada7ecc7 30158f391da74a7392660a802d33d2f7 5204070e90944c68b8bdf30115f37a65 - - default default] Successfully bumped revision number for resource 00e52bfe-496e-4bd1-ac96-d7282ac6c347 (type: security_groups) to 1
2026-06-09 18:24:46.690 9 INFO neutron.db.ovn_revision_numbers_db [None req-2e7f7b04-4af8-4b0f-b806-e0f1ada7ecc7 30158f391da74a7392660a802d33d2f7 5204070e90944c68b8bdf30115f37a65 - - default default] Successfully bumped revision number for resource 0071b3c3-4618-413b-94d6-d38573fd90b3 (type: security_group_rules) to 0
2026-06-09 18:24:46.707 9 INFO neutron.db.ovn_revision_numbers_db [None req-2e7f7b04-4af8-4b0f-b806-e0f1ada7ecc7 30158f391da74a7392660a802d33d2f7 5204070e90944c68b8bdf30115f37a65 - - default default] Successfully bumped revision number for resource 2d7d325c-0354-44dc-83a2-3000479c3f3e (type: security_group_rules) to 0
2026-06-09 18:24:46.722 9 INFO neutron.db.ovn_revision_numbers_db [None req-2e7f7b04-4af8-4b0f-b806-e0f1ada7ecc7 30158f391da74a7392660a802d33d2f7 5204070e90944c68b8bdf30115f37a65 - - default default] Successfully bumped revision number for resource 4d17b27b-d81b-41b3-9b44-b74488316d1b (type: security_group_rules) to 0
2026-06-09 18:24:46.745 9 INFO neutron.db.ovn_revision_numbers_db [None req-2e7f7b04-4af8-4b0f-b806-e0f1ada7ecc7 30158f391da74a7392660a802d33d2f7 5204070e90944c68b8bdf30115f37a65 - - default default] Successfully bumped revision number for resource 99f48fe9-0475-47f7-8a5b-246d71a7cc0f (type: security_group_rules) to 0
2026-06-09 18:24:46.799 9 INFO neutron.db.segments_db [None req-2e7f7b04-4af8-4b0f-b806-e0f1ada7ecc7 30158f391da74a7392660a802d33d2f7 5204070e90944c68b8bdf30115f37a65 - - default default] Added segment a89485a3-d141-4aa5-afe4-2ff74993569e of type geneve for network 76da5a05-cea5-4ced-bbec-059820b81415
2026-06-09 18:24:46.947 9 INFO neutron.db.ovn_revision_numbers_db [None req-2e7f7b04-4af8-4b0f-b806-e0f1ada7ecc7 30158f391da74a7392660a802d33d2f7 5204070e90944c68b8bdf30115f37a65 - - default default] Successfully bumped revision number for resource 76da5a05-cea5-4ced-bbec-059820b81415 (type: networks) to 1
2026-06-09 18:24:47.141 9 WARNING neutron.scheduler.dhcp_agent_scheduler [None req-2e7f7b04-4af8-4b0f-b806-e0f1ada7ecc7 30158f391da74a7392660a802d33d2f7 5204070e90944c68b8bdf30115f37a65 - - default default] No more DHCP agents
2026-06-09 18:24:47.143 9 WARNING neutron.api.rpc.agentnotifiers.dhcp_rpc_agent_api [None req-2e7f7b04-4af8-4b0f-b806-e0f1ada7ecc7 30158f391da74a7392660a802d33d2f7 5204070e90944c68b8bdf30115f37a65 - - default default] Unable to schedule network 76da5a05-cea5-4ced-bbec-059820b81415: no agents available; will retry on subsequent port and subnet creation events.
2026-06-09 18:24:47.225 9 INFO neutron.db.ovn_revision_numbers_db [None req-2e7f7b04-4af8-4b0f-b806-e0f1ada7ecc7 30158f391da74a7392660a802d33d2f7 5204070e90944c68b8bdf30115f37a65 - - default default] Successfully bumped revision number for resource 0327a1a3-435b-4fac-9133-3f959424f5b7 (type: ports) to 1
2026-06-09 18:24:47.247 9 INFO neutron.wsgi [None req-2e7f7b04-4af8-4b0f-b806-e0f1ada7ecc7 30158f391da74a7392660a802d33d2f7 5204070e90944c68b8bdf30115f37a65 - - default default] 10.0.0.138 "POST /v2.0/networks HTTP/1.1" status: 201 len: 830 time: 0.9483173
2026-06-09 18:24:47.257 9 WARNING neutron_lib.context [None req-e7af4f87-3adc-4881-b4f4-52942eec7226 30158f391da74a7392660a802d33d2f7 5204070e90944c68b8bdf30115f37a65 - - default default] Method 'is_advsvc' is deprecated since 2023.2 release (neutron-lib 3.8.0) and will be removed once support for the old RBAC API policies will be removed from Neutron. Please use method 'is_service_role' instead.
2026-06-09 18:24:47.484 9 WARNING neutron.scheduler.dhcp_agent_scheduler [None req-e7af4f87-3adc-4881-b4f4-52942eec7226 30158f391da74a7392660a802d33d2f7 5204070e90944c68b8bdf30115f37a65 - - default default] No more DHCP agents
2026-06-09 18:24:47.487 9 WARNING neutron.api.rpc.agentnotifiers.dhcp_rpc_agent_api [None req-e7af4f87-3adc-4881-b4f4-52942eec7226 30158f391da74a7392660a802d33d2f7 5204070e90944c68b8bdf30115f37a65 - - default default] Unable to schedule network 76da5a05-cea5-4ced-bbec-059820b81415: no agents available; will retry on subsequent port and subnet creation events.
2026-06-09 18:24:48.021 9 INFO neutron.db.ovn_revision_numbers_db [None req-e7af4f87-3adc-4881-b4f4-52942eec7226 30158f391da74a7392660a802d33d2f7 5204070e90944c68b8bdf30115f37a65 - - default default] Successfully bumped revision number for resource 0327a1a3-435b-4fac-9133-3f959424f5b7 (type: ports) to 2
2026-06-09 18:24:48.053 9 INFO neutron.db.ovn_revision_numbers_db [None req-e7af4f87-3adc-4881-b4f4-52942eec7226 30158f391da74a7392660a802d33d2f7 5204070e90944c68b8bdf30115f37a65 - - default default] Successfully bumped revision number for resource bc4bec0c-6ab2-4b46-b86d-96cdadd1c4fa (type: subnets) to 0
2026-06-09 18:24:48.071 9 INFO neutron.wsgi [None req-e7af4f87-3adc-4881-b4f4-52942eec7226 30158f391da74a7392660a802d33d2f7 5204070e90944c68b8bdf30115f37a65 - - default default] 10.0.0.138 "POST /v2.0/subnets HTTP/1.1" status: 201 len: 801 time: 0.8179784
2026-06-09 18:24:48.140 9 INFO neutron.wsgi [None req-7c7761db-47aa-4790-90ca-1edcb34af6ea 30158f391da74a7392660a802d33d2f7 5204070e90944c68b8bdf30115f37a65 - - default default] 10.0.0.138 "PUT /v2.0/subnets/bc4bec0c-6ab2-4b46-b86d-96cdadd1c4fa/tags HTTP/1.1" status: 200 len: 218 time: 0.0631061
2026-06-09 18:24:48.184 9 INFO neutron.wsgi [None req-d6930414-0d97-4eeb-ba87-3b6a9ccab72e 30158f391da74a7392660a802d33d2f7 5204070e90944c68b8bdf30115f37a65 - - default default] 10.0.0.138 "GET /v2.0/subnets/bc4bec0c-6ab2-4b46-b86d-96cdadd1c4fa/tags HTTP/1.1" status: 200 len: 218 time: 0.0392201
2026-06-09 18:24:48.240 9 INFO neutron.wsgi [None req-97a83009-fe17-4ca1-93ea-d37a1170582b 30158f391da74a7392660a802d33d2f7 5204070e90944c68b8bdf30115f37a65 - - default default] 10.0.0.138 "PUT /v2.0/subnets/bc4bec0c-6ab2-4b46-b86d-96cdadd1c4fa/tags/green HTTP/1.1" status: 201 len: 201 time: 0.0517328
2026-06-09 18:24:48.289 9 INFO neutron.wsgi [None req-55467d0b-d12a-4911-8a82-1cf9b1acc827 30158f391da74a7392660a802d33d2f7 5204070e90944c68b8bdf30115f37a65 - - default default] 10.0.0.138 "GET /v2.0/subnets/bc4bec0c-6ab2-4b46-b86d-96cdadd1c4fa/tags HTTP/1.1" status: 200 len: 227 time: 0.0444036
2026-06-09 18:24:48.332 9 INFO neutron.wsgi [None req-a2763a69-7965-4d61-aa54-71d2b14410ef 30158f391da74a7392660a802d33d2f7 5204070e90944c68b8bdf30115f37a65 - - default default] 10.0.0.138 "PUT /v2.0/subnets/bc4bec0c-6ab2-4b46-b86d-96cdadd1c4fa/tags/red HTTP/1.1" status: 201 len: 201 time: 0.0375502
2026-06-09 18:24:48.376 9 INFO neutron.wsgi [None req-130457ab-83a9-484b-8872-de02e270642b 30158f391da74a7392660a802d33d2f7 5204070e90944c68b8bdf30115f37a65 - - default default] 10.0.0.138 "GET /v2.0/subnets/bc4bec0c-6ab2-4b46-b86d-96cdadd1c4fa/tags HTTP/1.1" status: 200 len: 227 time: 0.0396876
2026-06-09 18:24:48.444 9 INFO neutron.wsgi [None req-80929956-000a-4ec1-8906-398f7854e482 30158f391da74a7392660a802d33d2f7 5204070e90944c68b8bdf30115f37a65 - - default default] 10.0.0.138 "PUT /v2.0/subnets/bc4bec0c-6ab2-4b46-b86d-96cdadd1c4fa/tags/black.or.white HTTP/1.1" status: 201 len: 201 time: 0.0627322
2026-06-09 18:24:48.491 9 INFO neutron.wsgi [None req-20cf3107-e4dc-48c2-87ba-6f92acdfb996 30158f391da74a7392660a802d33d2f7 5204070e90944c68b8bdf30115f37a65 - - default default] 10.0.0.138 "GET /v2.0/subnets/bc4bec0c-6ab2-4b46-b86d-96cdadd1c4fa/tags HTTP/1.1" status: 200 len: 245 time: 0.0422223
2026-06-09 18:24:48.559 9 INFO neutron.wsgi [None req-313377ce-c9ea-48e9-83e9-fa760b70c223 30158f391da74a7392660a802d33d2f7 5204070e90944c68b8bdf30115f37a65 - - default default] 10.0.0.138 "PUT /v2.0/subnets/bc4bec0c-6ab2-4b46-b86d-96cdadd1c4fa/tags HTTP/1.1" status: 200 len: 230 time: 0.0637212
2026-06-09 18:24:48.613 9 INFO neutron.wsgi [None req-a2fd80d6-7e6c-4849-8dee-441616666c47 30158f391da74a7392660a802d33d2f7 5204070e90944c68b8bdf30115f37a65 - - default default] 10.0.0.138 "GET /v2.0/subnets/bc4bec0c-6ab2-4b46-b86d-96cdadd1c4fa/tags HTTP/1.1" status: 200 len: 230 time: 0.0494959
2026-06-09 18:24:48.669 9 INFO neutron.wsgi [None req-4d27a331-c11a-4db3-8bf9-8317ea324a83 30158f391da74a7392660a802d33d2f7 5204070e90944c68b8bdf30115f37a65 - - default default] 10.0.0.138 "GET /v2.0/subnets/bc4bec0c-6ab2-4b46-b86d-96cdadd1c4fa/tags/red HTTP/1.1" status: 204 len: 168 time: 0.0509372
2026-06-09 18:24:48.751 9 INFO neutron.api.v2.resource [None req-f50c34fe-4d7d-4404-8716-93a7dd1db3a4 30158f391da74a7392660a802d33d2f7 5204070e90944c68b8bdf30115f37a65 - - default default] show failed (client error): The resource could not be found.
2026-06-09 18:24:48.753 9 INFO neutron.wsgi [None req-f50c34fe-4d7d-4404-8716-93a7dd1db3a4 30158f391da74a7392660a802d33d2f7 5204070e90944c68b8bdf30115f37a65 - - default default] 10.0.0.138 "GET /v2.0/subnets/bc4bec0c-6ab2-4b46-b86d-96cdadd1c4fa/tags/green HTTP/1.1" status: 404 len: 299 time: 0.0761118
2026-06-09 18:24:48.840 9 INFO neutron.wsgi [None req-1949710d-fe62-46ba-a6a1-a6a456ac423f 30158f391da74a7392660a802d33d2f7 5204070e90944c68b8bdf30115f37a65 - - default default] 10.0.0.138 "DELETE /v2.0/subnets/bc4bec0c-6ab2-4b46-b86d-96cdadd1c4fa/tags/red HTTP/1.1" status: 204 len: 168 time: 0.0805023
2026-06-09 18:24:48.881 9 INFO neutron.wsgi [None req-71a00324-fc41-47d3-82a8-d913a23d73c4 30158f391da74a7392660a802d33d2f7 5204070e90944c68b8bdf30115f37a65 - - default default] 10.0.0.138 "GET /v2.0/subnets/bc4bec0c-6ab2-4b46-b86d-96cdadd1c4fa/tags HTTP/1.1" status: 200 len: 223 time: 0.0367668
2026-06-09 18:24:48.935 9 INFO neutron.api.v2.resource [None req-f8c53024-509c-40b6-8f43-6f01738f606d 30158f391da74a7392660a802d33d2f7 5204070e90944c68b8bdf30115f37a65 - - default default] delete failed (client error): The resource could not be found.
2026-06-09 18:24:48.937 9 INFO neutron.wsgi [None req-f8c53024-509c-40b6-8f43-6f01738f606d 30158f391da74a7392660a802d33d2f7 5204070e90944c68b8bdf30115f37a65 - - default default] 10.0.0.138 "DELETE /v2.0/subnets/bc4bec0c-6ab2-4b46-b86d-96cdadd1c4fa/tags/green HTTP/1.1" status: 404 len: 299 time: 0.0503211
2026-06-09 18:24:48.946 10 WARNING neutron_lib.context [None req-efcc6918-05aa-41ed-ad4f-9dfba87d7f3c 45a36d22dd304b0bb56aa98bbd332a8b 0baf281aa50d42819492e2b451bb3365 - - default default] Method 'is_advsvc' is deprecated since 2023.2 release (neutron-lib 3.8.0) and will be removed once support for the old RBAC API policies will be removed from Neutron. Please use method 'is_service_role' instead.
2026-06-09 18:24:48.990 9 INFO neutron.wsgi [None req-45eac61e-2416-433b-a68d-9b673ace6dc8 30158f391da74a7392660a802d33d2f7 5204070e90944c68b8bdf30115f37a65 - - default default] 10.0.0.138 "DELETE /v2.0/subnets/bc4bec0c-6ab2-4b46-b86d-96cdadd1c4fa/tags HTTP/1.1" status: 204 len: 168 time: 0.0485325
2026-06-09 18:24:49.041 9 INFO neutron.wsgi [None req-2e2d1a49-9801-434f-a3c3-96af1f5202a2 30158f391da74a7392660a802d33d2f7 5204070e90944c68b8bdf30115f37a65 - - default default] 10.0.0.138 "GET /v2.0/subnets/bc4bec0c-6ab2-4b46-b86d-96cdadd1c4fa/tags HTTP/1.1" status: 200 len: 205 time: 0.0458665
2026-06-09 18:24:49.079 10 INFO neutron.db.ovn_revision_numbers_db [None req-efcc6918-05aa-41ed-ad4f-9dfba87d7f3c 45a36d22dd304b0bb56aa98bbd332a8b 0baf281aa50d42819492e2b451bb3365 - - default default] Successfully bumped revision number for resource 213ac4fc-39cb-41fc-883b-5a1b5117cb9f (type: security_groups) to 1
2026-06-09 18:24:49.094 10 INFO neutron.db.ovn_revision_numbers_db [None req-efcc6918-05aa-41ed-ad4f-9dfba87d7f3c 45a36d22dd304b0bb56aa98bbd332a8b 0baf281aa50d42819492e2b451bb3365 - - default default] Successfully bumped revision number for resource 58307b31-38d3-4223-bf27-1dcdb1e9d45f (type: security_group_rules) to 0
2026-06-09 18:24:49.107 10 INFO neutron.db.ovn_revision_numbers_db [None req-efcc6918-05aa-41ed-ad4f-9dfba87d7f3c 45a36d22dd304b0bb56aa98bbd332a8b 0baf281aa50d42819492e2b451bb3365 - - default default] Successfully bumped revision number for resource 61e2b6e0-7fcd-4157-b2b3-2258cea739aa (type: security_group_rules) to 0
2026-06-09 18:24:49.121 10 INFO neutron.db.ovn_revision_numbers_db [None req-efcc6918-05aa-41ed-ad4f-9dfba87d7f3c 45a36d22dd304b0bb56aa98bbd332a8b 0baf281aa50d42819492e2b451bb3365 - - default default] Successfully bumped revision number for resource 75c0e807-8fbc-4cc3-a9de-d79280961c18 (type: security_group_rules) to 0
2026-06-09 18:24:49.136 10 INFO neutron.db.ovn_revision_numbers_db [None req-efcc6918-05aa-41ed-ad4f-9dfba87d7f3c 45a36d22dd304b0bb56aa98bbd332a8b 0baf281aa50d42819492e2b451bb3365 - - default default] Successfully bumped revision number for resource bdcc5716-d385-4eb9-95d7-e2e0da0def2a (type: security_group_rules) to 0
2026-06-09 18:24:49.194 10 INFO neutron.db.segments_db [None req-efcc6918-05aa-41ed-ad4f-9dfba87d7f3c 45a36d22dd304b0bb56aa98bbd332a8b 0baf281aa50d42819492e2b451bb3365 - - default default] Added segment bdf84d0a-1b19-437a-aa00-4437b3e26047 of type geneve for network 99d6e1c6-4b80-440f-a607-03eaa119dce4
2026-06-09 18:24:49.200 10 INFO neutron.wsgi [None req-d887575a-1f59-4e64-8e40-06e274ea2570 c208bc2e7cd24685936cbcb54518d479 7ff36d0d1f80468d916bb1c141236195 - - default default] 199.204.45.157 "GET /v2.0/extensions/security-group HTTP/1.1" status: 200 len: 369 time: 0.0046558
2026-06-09 18:24:49.207 10 INFO neutron.wsgi [None req-f8cf93e9-29fe-435c-87d8-36d905ff67a4 c208bc2e7cd24685936cbcb54518d479 7ff36d0d1f80468d916bb1c141236195 - - default default] 199.204.45.157 "GET /v2.0/extensions/dns-integration HTTP/1.1" status: 200 len: 371 time: 0.0041497
2026-06-09 18:24:49.218 10 INFO neutron.wsgi [None req-9ec9fbcd-9797-4c8a-b1d2-1d845a6ca40f c208bc2e7cd24685936cbcb54518d479 7ff36d0d1f80468d916bb1c141236195 - - default default] 199.204.45.157 "GET /v2.0/extensions/qos HTTP/1.1" status: 200 len: 365 time: 0.0042303
2026-06-09 18:24:49.230 10 INFO neutron.wsgi [None req-1df851e1-6fbd-412f-bfce-9328000617f3 c208bc2e7cd24685936cbcb54518d479 7ff36d0d1f80468d916bb1c141236195 - - default default] 199.204.45.157 "GET /v2.0/extensions/allowed-address-pairs HTTP/1.1" status: 200 len: 383 time: 0.0060537
2026-06-09 18:24:49.260 9 INFO neutron.wsgi [None req-aaa3c690-e4f7-4005-aa77-abde5bff2aba 30158f391da74a7392660a802d33d2f7 5204070e90944c68b8bdf30115f37a65 - - default default] 10.0.0.138 "DELETE /v2.0/subnets/bc4bec0c-6ab2-4b46-b86d-96cdadd1c4fa HTTP/1.1" status: 204 len: 168 time: 0.2127290
2026-06-09 18:24:49.292 10 INFO neutron.wsgi [None req-fac6fcf5-fbd0-4f5c-8552-901be8ff058c c208bc2e7cd24685936cbcb54518d479 7ff36d0d1f80468d916bb1c141236195 - - default default] 199.204.45.157 "GET /v2.0/subnets/ffcf02e7-6530-483d-ab23-57b0fc916672 HTTP/1.1" status: 200 len: 851 time: 0.0568202
2026-06-09 18:24:49.362 10 INFO neutron.wsgi [None req-db07cb5a-0d29-49e9-8d36-4c088461be02 c208bc2e7cd24685936cbcb54518d479 7ff36d0d1f80468d916bb1c141236195 - - default default] 199.204.45.157 "GET /v2.0/ports?device_id=f227e230-45f4-4005-b002-6da77ef2254e HTTP/1.1" status: 200 len: 1417 time: 0.0582905
2026-06-09 18:24:49.395 10 INFO neutron.db.ovn_revision_numbers_db [None req-efcc6918-05aa-41ed-ad4f-9dfba87d7f3c 45a36d22dd304b0bb56aa98bbd332a8b 0baf281aa50d42819492e2b451bb3365 - - default default] Successfully bumped revision number for resource 99d6e1c6-4b80-440f-a607-03eaa119dce4 (type: networks) to 1
2026-06-09 18:24:49.610 9 INFO neutron.services.segments.plugin [-] Segment a89485a3-d141-4aa5-afe4-2ff74993569e resource provider aggregate not found
2026-06-09 18:24:49.626 9 INFO neutron.services.segments.plugin [-] Segment a89485a3-d141-4aa5-afe4-2ff74993569e resource provider not found; error: Placement Client Error (4xx): {"errors": [{"status": 404, "title": "Not Found", "detail": "The resource could not be found.\n\n No resource provider with uuid a89485a3-d141-4aa5-afe4-2ff74993569e found for delete ", "request_id": "req-a9aa63ce-c05a-4042-9016-add5ed11e5d9"}]}
2026-06-09 18:24:49.627 9 INFO neutron.services.segments.plugin [-] Segment a89485a3-d141-4aa5-afe4-2ff74993569e resource provider aggregate not found
2026-06-09 18:24:49.635 10 WARNING neutron.scheduler.dhcp_agent_scheduler [None req-efcc6918-05aa-41ed-ad4f-9dfba87d7f3c 45a36d22dd304b0bb56aa98bbd332a8b 0baf281aa50d42819492e2b451bb3365 - - default default] No more DHCP agents
2026-06-09 18:24:49.640 10 WARNING neutron.api.rpc.agentnotifiers.dhcp_rpc_agent_api [None req-efcc6918-05aa-41ed-ad4f-9dfba87d7f3c 45a36d22dd304b0bb56aa98bbd332a8b 0baf281aa50d42819492e2b451bb3365 - - default default] Unable to schedule network 99d6e1c6-4b80-440f-a607-03eaa119dce4: no agents available; will retry on subsequent port and subnet creation events.
2026-06-09 18:24:49.648 9 INFO neutron.services.segments.plugin [-] Segment a89485a3-d141-4aa5-afe4-2ff74993569e resource provider not found; error: Placement Client Error (4xx): {"errors": [{"status": 404, "title": "Not Found", "detail": "The resource could not be found.\n\n No resource provider with uuid a89485a3-d141-4aa5-afe4-2ff74993569e found for delete ", "request_id": "req-78923268-cb6a-4a6a-9cdc-d129b9a08e24"}]}
2026-06-09 18:24:49.673 9 INFO neutron.wsgi [None req-2467beb8-a56b-49e5-b33e-7a242cddbf75 30158f391da74a7392660a802d33d2f7 5204070e90944c68b8bdf30115f37a65 - - default default] 10.0.0.138 "DELETE /v2.0/networks/76da5a05-cea5-4ced-bbec-059820b81415 HTTP/1.1" status: 204 len: 168 time: 0.4085796
2026-06-09 18:24:50.034 10 INFO neutron.db.ovn_revision_numbers_db [None req-efcc6918-05aa-41ed-ad4f-9dfba87d7f3c 45a36d22dd304b0bb56aa98bbd332a8b 0baf281aa50d42819492e2b451bb3365 - - default default] Successfully bumped revision number for resource 13078dc0-4565-46a6-a497-a57b9093c507 (type: ports) to 1
2026-06-09 18:24:50.070 10 INFO neutron.wsgi [None req-efcc6918-05aa-41ed-ad4f-9dfba87d7f3c 45a36d22dd304b0bb56aa98bbd332a8b 0baf281aa50d42819492e2b451bb3365 - - default default] 10.0.0.138 "POST /v2.0/networks HTTP/1.1" status: 201 len: 830 time: 1.3019266
2026-06-09 18:24:50.072 10 WARNING neutron.scheduler.dhcp_agent_scheduler [None req-1cfaf6f3-27ab-45e6-a935-b455091ba3f7 c208bc2e7cd24685936cbcb54518d479 7ff36d0d1f80468d916bb1c141236195 - - default default] No more DHCP agents
2026-06-09 18:24:50.075 10 WARNING neutron.api.rpc.agentnotifiers.dhcp_rpc_agent_api [None req-1cfaf6f3-27ab-45e6-a935-b455091ba3f7 c208bc2e7cd24685936cbcb54518d479 7ff36d0d1f80468d916bb1c141236195 - - default default] Unable to schedule network 70c19761-73c1-4466-a15e-90b1a56a3831: no agents available; will retry on subsequent port and subnet creation events. /var/lib/openstack/lib/python3.10/site-packages/pycadf/identifier.py:71: UserWarning: Invalid uuid: neutron. To ensure interoperability, identifiers should be a valid uuid. warnings.warn(('Invalid uuid: %s. To ensure interoperability, '
2026-06-09 18:24:50.081 10 WARNING neutron_lib.context [None req-e94ca8b6-f8aa-496a-a4e6-b7ed0d73d605 45a36d22dd304b0bb56aa98bbd332a8b 0baf281aa50d42819492e2b451bb3365 - - default default] Method 'is_advsvc' is deprecated since 2023.2 release (neutron-lib 3.8.0) and will be removed once support for the old RBAC API policies will be removed from Neutron. Please use method 'is_service_role' instead.
2026-06-09 18:24:50.185 10 INFO neutron.db.segments_db [None req-e94ca8b6-f8aa-496a-a4e6-b7ed0d73d605 45a36d22dd304b0bb56aa98bbd332a8b 0baf281aa50d42819492e2b451bb3365 - - default default] Added segment 48126a22-3b61-4d38-838a-6f399275f0e0 of type geneve for network dd32b637-8eb2-4240-a4d0-117463bc2fca
2026-06-09 18:24:50.246 9 INFO neutron.wsgi [-] 10.0.0.71 "GET / HTTP/1.1" status: 200 len: 247 time: 0.0034497
2026-06-09 18:24:50.254 9 INFO neutron.wsgi [-] 10.0.0.71 "GET / HTTP/1.1" status: 200 len: 247 time: 0.0064654
2026-06-09 18:24:50.287 10 INFO neutron.db.ovn_revision_numbers_db [None req-1cfaf6f3-27ab-45e6-a935-b455091ba3f7 c208bc2e7cd24685936cbcb54518d479 7ff36d0d1f80468d916bb1c141236195 - - default default] Successfully bumped revision number for resource a3a8f988-c9d2-45ce-8bd1-b3cfaffc74e6 (type: ports) to 1
2026-06-09 18:24:50.334 10 INFO neutron.wsgi [None req-1cfaf6f3-27ab-45e6-a935-b455091ba3f7 c208bc2e7cd24685936cbcb54518d479 7ff36d0d1f80468d916bb1c141236195 - - default default] 199.204.45.157 "POST /v2.0/ports HTTP/1.1" status: 201 len: 1298 time: 0.9596667
2026-06-09 18:24:50.357 10 INFO neutron.db.ovn_revision_numbers_db [None req-e94ca8b6-f8aa-496a-a4e6-b7ed0d73d605 45a36d22dd304b0bb56aa98bbd332a8b 0baf281aa50d42819492e2b451bb3365 - - default default] Successfully bumped revision number for resource dd32b637-8eb2-4240-a4d0-117463bc2fca (type: networks) to 1
2026-06-09 18:24:50.437 9 INFO neutron.wsgi [req-a327046e-1a86-49b5-a628-6e18ca816213 req-cbeb3999-ef4b-4d9b-ac72-b3bfc7af6921 c208bc2e7cd24685936cbcb54518d479 7ff36d0d1f80468d916bb1c141236195 - - default default] 10.0.0.194 "GET /v2.0/ports/a3a8f988-c9d2-45ce-8bd1-b3cfaffc74e6 HTTP/1.1" status: 200 len: 1293 time: 0.0376215
2026-06-09 18:24:50.452 9 INFO neutron.wsgi [req-a327046e-1a86-49b5-a628-6e18ca816213 req-83447742-b77e-4a73-93e7-9e024b587cd2 c208bc2e7cd24685936cbcb54518d479 7ff36d0d1f80468d916bb1c141236195 - - default default] 10.0.0.194 "GET /v2.0/extensions HTTP/1.1" status: 200 len: 16980 time: 0.0074534
2026-06-09 18:24:50.556 10 WARNING neutron.scheduler.dhcp_agent_scheduler [None req-e94ca8b6-f8aa-496a-a4e6-b7ed0d73d605 45a36d22dd304b0bb56aa98bbd332a8b 0baf281aa50d42819492e2b451bb3365 - - default default] No more DHCP agents
2026-06-09 18:24:50.562 10 WARNING neutron.api.rpc.agentnotifiers.dhcp_rpc_agent_api [None req-e94ca8b6-f8aa-496a-a4e6-b7ed0d73d605 45a36d22dd304b0bb56aa98bbd332a8b 0baf281aa50d42819492e2b451bb3365 - - default default] Unable to schedule network dd32b637-8eb2-4240-a4d0-117463bc2fca: no agents available; will retry on subsequent port and subnet creation events.
2026-06-09 18:24:50.576 9 INFO neutron.wsgi [req-a327046e-1a86-49b5-a628-6e18ca816213 req-385737bc-3ca4-4989-a528-6c7c9a705967 b47c0b7c98b846df9890bab7498fd0aa ad6a4df0ef014444880e444ee34f74bf - - 2b4bb9ba05f143faa2b548f35197875c 2b4bb9ba05f143faa2b548f35197875c] 199.204.45.157 "GET /v2.0/ports/a3a8f988-c9d2-45ce-8bd1-b3cfaffc74e6?fields=binding%3Avnic_type&fields=binding%3Aprofile&fields=network_id&fields=resource_request&fields=numa_affinity_policy&fields=device_profile HTTP/1.1" status: 200 len: 335 time: 0.0350893
2026-06-09 18:24:50.648 10 INFO neutron.db.ovn_revision_numbers_db [None req-387d0c4d-9821-4849-adf9-dfdd30feefd3 c208bc2e7cd24685936cbcb54518d479 7ff36d0d1f80468d916bb1c141236195 - - default default] Successfully bumped revision number for resource 94784dde-3178-4989-9f73-b968f4f941dc (type: security_groups) to 1
2026-06-09 18:24:50.665 10 INFO neutron.db.ovn_revision_numbers_db [None req-387d0c4d-9821-4849-adf9-dfdd30feefd3 c208bc2e7cd24685936cbcb54518d479 7ff36d0d1f80468d916bb1c141236195 - - default default] Successfully bumped revision number for resource 070546b2-aff1-4362-83fc-b7ad2b4cd658 (type: security_group_rules) to 0
2026-06-09 18:24:50.669 10 INFO neutron.db.ovn_revision_numbers_db [None req-e94ca8b6-f8aa-496a-a4e6-b7ed0d73d605 45a36d22dd304b0bb56aa98bbd332a8b 0baf281aa50d42819492e2b451bb3365 - - default default] Successfully bumped revision number for resource 98315795-ca51-4653-b599-76af0793488c (type: ports) to 1
2026-06-09 18:24:50.683 10 INFO neutron.db.ovn_revision_numbers_db [None req-387d0c4d-9821-4849-adf9-dfdd30feefd3 c208bc2e7cd24685936cbcb54518d479 7ff36d0d1f80468d916bb1c141236195 - - default default] Successfully bumped revision number for resource 2fb5f08b-d6d6-4c69-8ed7-b6ecdb0df4c8 (type: security_group_rules) to 0
2026-06-09 18:24:50.700 10 INFO neutron.wsgi [None req-e94ca8b6-f8aa-496a-a4e6-b7ed0d73d605 45a36d22dd304b0bb56aa98bbd332a8b 0baf281aa50d42819492e2b451bb3365 - - default default] 10.0.0.138 "POST /v2.0/networks HTTP/1.1" status: 201 len: 830 time: 0.6251385
2026-06-09 18:24:50.712 10 WARNING neutron_lib.context [None req-04c70bd2-3a85-4a5a-b197-3a8e8931d161 45a36d22dd304b0bb56aa98bbd332a8b 0baf281aa50d42819492e2b451bb3365 - - default default] Method 'is_advsvc' is deprecated since 2023.2 release (neutron-lib 3.8.0) and will be removed once support for the old RBAC API policies will be removed from Neutron. Please use method 'is_service_role' instead.
2026-06-09 18:24:50.725 10 INFO neutron.db.ovn_revision_numbers_db [None req-387d0c4d-9821-4849-adf9-dfdd30feefd3 c208bc2e7cd24685936cbcb54518d479 7ff36d0d1f80468d916bb1c141236195 - - default default] Successfully bumped revision number for resource 94fa6ff0-d6e0-4128-b4e3-1c127dd2279b (type: security_group_rules) to 0
2026-06-09 18:24:50.756 10 INFO neutron.db.ovn_revision_numbers_db [None req-387d0c4d-9821-4849-adf9-dfdd30feefd3 c208bc2e7cd24685936cbcb54518d479 7ff36d0d1f80468d916bb1c141236195 - - default default] Successfully bumped revision number for resource f363f164-9647-4173-b966-9438b35a7087 (type: security_group_rules) to 0
2026-06-09 18:24:50.790 10 INFO neutron.wsgi [None req-387d0c4d-9821-4849-adf9-dfdd30feefd3 c208bc2e7cd24685936cbcb54518d479 7ff36d0d1f80468d916bb1c141236195 - - default default] 10.0.0.138 "GET /v2.0/security-groups?tenant_id=00b3e96f8907436b9003847d045c7341&name=default HTTP/1.1" status: 200 len: 2996 time: 0.4285870
