2026-06-09 18:21:41.654 10 INFO neutron.wsgi [None req-4b0dbeb6-2331-41cf-a700-fc0aa3be3b7e bf3668f55d93470db7be1147c3e8ad66 d3b4e0faecce43ee8de33f777cc7c96f - - default default] 10.0.0.138 "DELETE /v2.0/ports/0fa68941-d6a1-4cff-bcf2-57ce5de70edf HTTP/1.1" status: 204 len: 168 time: 0.3178596
2026-06-09 18:21:41.899 9 INFO neutron.wsgi [None req-97b3794a-c5b7-4fc7-ac7d-96746d1b7f33 bf3668f55d93470db7be1147c3e8ad66 d3b4e0faecce43ee8de33f777cc7c96f - - default default] 10.0.0.138 "DELETE /v2.0/ports/239b2335-53a4-4359-952c-291bd2182aa6 HTTP/1.1" status: 204 len: 168 time: 0.2356808
2026-06-09 18:21:41.949 10 INFO neutron.wsgi [None req-ce4def01-51b8-4515-9018-5a8dcf018690 bf3668f55d93470db7be1147c3e8ad66 d3b4e0faecce43ee8de33f777cc7c96f - - default default] 10.0.0.138 "GET /v2.0/ports HTTP/1.1" status: 200 len: 1718 time: 0.0459485
2026-06-09 18:21:41.965 9 WARNING neutron_lib.context [None req-1415785e-9921-40db-bde9-c2f412a53a57 bf3668f55d93470db7be1147c3e8ad66 d3b4e0faecce43ee8de33f777cc7c96f - - default default] Method 'is_advsvc' is deprecated since 2023.2 release (neutron-lib 3.8.0) and will be removed once support for the old RBAC API policies will be removed from Neutron. Please use method 'is_service_role' instead.
2026-06-09 18:21:41.997 10 WARNING neutron.scheduler.dhcp_agent_scheduler [None req-69a4e54a-e4b0-4079-98d6-8112ca1c22d9 5a1414a51885406e96dfc619a2eb712c cab04b2b6bec4a4f84ce254b48c2929e - - default default] No more DHCP agents
2026-06-09 18:21:41.999 10 WARNING neutron.api.rpc.agentnotifiers.dhcp_rpc_agent_api [None req-69a4e54a-e4b0-4079-98d6-8112ca1c22d9 5a1414a51885406e96dfc619a2eb712c cab04b2b6bec4a4f84ce254b48c2929e - - default default] Unable to schedule network ebe9959a-a9db-4b5d-9b10-580764abd1d0: no agents available; will retry on subsequent port and subnet creation events.
2026-06-09 18:21:42.041 10 INFO neutron.db.ovn_revision_numbers_db [None req-69a4e54a-e4b0-4079-98d6-8112ca1c22d9 5a1414a51885406e96dfc619a2eb712c cab04b2b6bec4a4f84ce254b48c2929e - - default default] Successfully bumped revision number for resource 0e93be8b-f722-48ab-9cde-42b52d2a29f5 (type: subnets) to 0
2026-06-09 18:21:42.067 9 INFO neutron.db.segments_db [None req-1415785e-9921-40db-bde9-c2f412a53a57 bf3668f55d93470db7be1147c3e8ad66 d3b4e0faecce43ee8de33f777cc7c96f - - default default] Added segment b05fc34c-2317-4651-a612-93c57ea34cf0 of type geneve for network 33661fc0-8f97-4f41-8d6d-8635aad977fb
2026-06-09 18:21:42.076 10 WARNING neutron.scheduler.dhcp_agent_scheduler [None req-69a4e54a-e4b0-4079-98d6-8112ca1c22d9 5a1414a51885406e96dfc619a2eb712c cab04b2b6bec4a4f84ce254b48c2929e - - default default] No more DHCP agents
2026-06-09 18:21:42.077 10 WARNING neutron.api.rpc.agentnotifiers.dhcp_rpc_agent_api [None req-69a4e54a-e4b0-4079-98d6-8112ca1c22d9 5a1414a51885406e96dfc619a2eb712c cab04b2b6bec4a4f84ce254b48c2929e - - default default] Unable to schedule network da0338cf-6294-4a15-a77f-8c79121ef3e6: no agents available; will retry on subsequent port and subnet creation events.
2026-06-09 18:21:42.248 9 INFO neutron.db.ovn_revision_numbers_db [None req-1415785e-9921-40db-bde9-c2f412a53a57 bf3668f55d93470db7be1147c3e8ad66 d3b4e0faecce43ee8de33f777cc7c96f - - default default] Successfully bumped revision number for resource 33661fc0-8f97-4f41-8d6d-8635aad977fb (type: networks) to 1
2026-06-09 18:21:42.440 10 INFO neutron.db.ovn_revision_numbers_db [None req-69a4e54a-e4b0-4079-98d6-8112ca1c22d9 5a1414a51885406e96dfc619a2eb712c cab04b2b6bec4a4f84ce254b48c2929e - - default default] Successfully bumped revision number for resource 59f16e00-8a50-43cd-91be-71b9d863deaa (type: subnets) to 0
2026-06-09 18:21:42.459 10 INFO neutron.wsgi [None req-69a4e54a-e4b0-4079-98d6-8112ca1c22d9 5a1414a51885406e96dfc619a2eb712c cab04b2b6bec4a4f84ce254b48c2929e - - default default] 10.0.0.138 "POST /v2.0/subnets HTTP/1.1" status: 201 len: 1475 time: 0.9582388
2026-06-09 18:21:42.463 9 WARNING neutron.scheduler.dhcp_agent_scheduler [None req-1415785e-9921-40db-bde9-c2f412a53a57 bf3668f55d93470db7be1147c3e8ad66 d3b4e0faecce43ee8de33f777cc7c96f - - default default] No more DHCP agents
2026-06-09 18:21:42.470 9 WARNING neutron.api.rpc.agentnotifiers.dhcp_rpc_agent_api [None req-1415785e-9921-40db-bde9-c2f412a53a57 bf3668f55d93470db7be1147c3e8ad66 d3b4e0faecce43ee8de33f777cc7c96f - - default default] Unable to schedule network 33661fc0-8f97-4f41-8d6d-8635aad977fb: no agents available; will retry on subsequent port and subnet creation events.
2026-06-09 18:21:42.530 10 INFO neutron.wsgi [None req-62876411-5170-40a7-80b3-f8760b7ee1de 5a1414a51885406e96dfc619a2eb712c cab04b2b6bec4a4f84ce254b48c2929e - - default default] 10.0.0.138 "GET /v2.0/subnets HTTP/1.1" status: 200 len: 2083 time: 0.0659900
2026-06-09 18:21:42.579 9 INFO neutron.db.ovn_revision_numbers_db [None req-1415785e-9921-40db-bde9-c2f412a53a57 bf3668f55d93470db7be1147c3e8ad66 d3b4e0faecce43ee8de33f777cc7c96f - - default default] Successfully bumped revision number for resource cdd01936-047b-4795-afae-c156eb881ffb (type: ports) to 1
2026-06-09 18:21:42.590 9 INFO neutron.db.ovn_revision_numbers_db [None req-91714dbd-17a1-4119-87f6-816898e294cc c208bc2e7cd24685936cbcb54518d479 7ff36d0d1f80468d916bb1c141236195 - - default default] Successfully bumped revision number for resource 3e67d070-a2b0-4545-8766-d59040a66dc0 (type: security_groups) to 1
2026-06-09 18:21:42.604 9 INFO neutron.wsgi [None req-1415785e-9921-40db-bde9-c2f412a53a57 bf3668f55d93470db7be1147c3e8ad66 d3b4e0faecce43ee8de33f777cc7c96f - - default default] 10.0.0.138 "POST /v2.0/networks HTTP/1.1" status: 201 len: 849 time: 0.6458948
2026-06-09 18:21:42.607 9 INFO neutron.db.ovn_revision_numbers_db [None req-91714dbd-17a1-4119-87f6-816898e294cc c208bc2e7cd24685936cbcb54518d479 7ff36d0d1f80468d916bb1c141236195 - - default default] Successfully bumped revision number for resource 40acd7d1-0fe9-4a3e-aa94-4a8f0ebcbaf9 (type: security_group_rules) to 0
2026-06-09 18:21:42.613 9 WARNING neutron_lib.context [None req-2bc172d7-894c-44b8-887c-71edf12abf34 bf3668f55d93470db7be1147c3e8ad66 d3b4e0faecce43ee8de33f777cc7c96f - - default default] Method 'is_advsvc' is deprecated since 2023.2 release (neutron-lib 3.8.0) and will be removed once support for the old RBAC API policies will be removed from Neutron. Please use method 'is_service_role' instead.
2026-06-09 18:21:42.636 9 INFO neutron.db.ovn_revision_numbers_db [None req-91714dbd-17a1-4119-87f6-816898e294cc c208bc2e7cd24685936cbcb54518d479 7ff36d0d1f80468d916bb1c141236195 - - default default] Successfully bumped revision number for resource 9a533e77-0530-4971-bf78-846d866c43aa (type: security_group_rules) to 0
2026-06-09 18:21:42.655 9 INFO neutron.db.ovn_revision_numbers_db [None req-91714dbd-17a1-4119-87f6-816898e294cc c208bc2e7cd24685936cbcb54518d479 7ff36d0d1f80468d916bb1c141236195 - - default default] Successfully bumped revision number for resource c3588d0e-80ad-406f-a495-d31c687aa922 (type: security_group_rules) to 0
2026-06-09 18:21:42.673 9 INFO neutron.db.ovn_revision_numbers_db [None req-91714dbd-17a1-4119-87f6-816898e294cc c208bc2e7cd24685936cbcb54518d479 7ff36d0d1f80468d916bb1c141236195 - - default default] Successfully bumped revision number for resource e7e6ea27-dc8c-45d2-848a-a611dfe5374c (type: security_group_rules) to 0
2026-06-09 18:21:42.695 9 INFO neutron.wsgi [None req-91714dbd-17a1-4119-87f6-816898e294cc c208bc2e7cd24685936cbcb54518d479 7ff36d0d1f80468d916bb1c141236195 - - default default] 10.0.0.138 "GET /v2.0/security-groups?tenant_id=0c3d5cb145914f92afc5ee8a55a277e6&name=default HTTP/1.1" status: 200 len: 2996 time: 0.4774313
2026-06-09 18:21:42.713 9 INFO neutron.db.segments_db [None req-2bc172d7-894c-44b8-887c-71edf12abf34 bf3668f55d93470db7be1147c3e8ad66 d3b4e0faecce43ee8de33f777cc7c96f - - default default] Added segment 3360efa8-d1f2-4c99-a352-9552e56b6b20 of type geneve for network f014d236-bee0-42da-bfb2-5d159ef1aa7c
2026-06-09 18:21:42.759 10 INFO neutron.wsgi [None req-fdfb1f70-80bc-421c-afe8-eb4f83a66c38 5a1414a51885406e96dfc619a2eb712c cab04b2b6bec4a4f84ce254b48c2929e - - default default] 10.0.0.138 "DELETE /v2.0/subnets/0e93be8b-f722-48ab-9cde-42b52d2a29f5 HTTP/1.1" status: 204 len: 168 time: 0.2184610
2026-06-09 18:21:42.942 9 INFO neutron.db.ovn_revision_numbers_db [None req-2bc172d7-894c-44b8-887c-71edf12abf34 bf3668f55d93470db7be1147c3e8ad66 d3b4e0faecce43ee8de33f777cc7c96f - - default default] Successfully bumped revision number for resource f014d236-bee0-42da-bfb2-5d159ef1aa7c (type: networks) to 1
2026-06-09 18:21:43.044 9 INFO neutron.wsgi [None req-b3db393d-2f7e-4fb9-8831-fdd1d8783bef 5a1414a51885406e96dfc619a2eb712c cab04b2b6bec4a4f84ce254b48c2929e - - default default] 10.0.0.138 "DELETE /v2.0/subnets/59f16e00-8a50-43cd-91be-71b9d863deaa HTTP/1.1" status: 204 len: 168 time: 0.2814510
2026-06-09 18:21:43.073 9 INFO neutron.wsgi [None req-75b33fc3-9565-4ba5-9ef5-3e47a9c38756 c208bc2e7cd24685936cbcb54518d479 7ff36d0d1f80468d916bb1c141236195 - - default default] 10.0.0.138 "DELETE /v2.0/security-groups/3e67d070-a2b0-4545-8766-d59040a66dc0 HTTP/1.1" status: 204 len: 168 time: 0.3741710
2026-06-09 18:21:43.098 10 INFO neutron.wsgi [None req-83385d32-c171-4e99-ad89-d0fd2c6a4417 5a1414a51885406e96dfc619a2eb712c cab04b2b6bec4a4f84ce254b48c2929e - - default default] 10.0.0.138 "GET /v2.0/subnets HTTP/1.1" status: 200 len: 820 time: 0.0477600
2026-06-09 18:21:43.187 9 WARNING neutron.scheduler.dhcp_agent_scheduler [None req-2bc172d7-894c-44b8-887c-71edf12abf34 bf3668f55d93470db7be1147c3e8ad66 d3b4e0faecce43ee8de33f777cc7c96f - - default default] No more DHCP agents
2026-06-09 18:21:43.191 9 WARNING neutron.api.rpc.agentnotifiers.dhcp_rpc_agent_api [None req-2bc172d7-894c-44b8-887c-71edf12abf34 bf3668f55d93470db7be1147c3e8ad66 d3b4e0faecce43ee8de33f777cc7c96f - - default default] Unable to schedule network f014d236-bee0-42da-bfb2-5d159ef1aa7c: no agents available; will retry on subsequent port and subnet creation events.
2026-06-09 18:21:43.315 10 INFO neutron.db.ovn_revision_numbers_db [None req-654f0eab-3924-4db9-8237-3fbdc0ec3c60 c208bc2e7cd24685936cbcb54518d479 7ff36d0d1f80468d916bb1c141236195 - - default default] Successfully bumped revision number for resource 0d5ed7ba-ffb0-4565-a111-e6f7dc5ff36c (type: security_groups) to 1
2026-06-09 18:21:43.328 10 INFO neutron.db.ovn_revision_numbers_db [None req-654f0eab-3924-4db9-8237-3fbdc0ec3c60 c208bc2e7cd24685936cbcb54518d479 7ff36d0d1f80468d916bb1c141236195 - - default default] Successfully bumped revision number for resource 057afdf0-5086-44fa-ae2b-79d190a9f851 (type: security_group_rules) to 0
2026-06-09 18:21:43.331 9 INFO neutron.db.ovn_revision_numbers_db [None req-2bc172d7-894c-44b8-887c-71edf12abf34 bf3668f55d93470db7be1147c3e8ad66 d3b4e0faecce43ee8de33f777cc7c96f - - default default] Successfully bumped revision number for resource 347b0721-d16c-4c84-a61a-b09852f796b6 (type: ports) to 1
2026-06-09 18:21:43.344 10 INFO neutron.db.ovn_revision_numbers_db [None req-654f0eab-3924-4db9-8237-3fbdc0ec3c60 c208bc2e7cd24685936cbcb54518d479 7ff36d0d1f80468d916bb1c141236195 - - default default] Successfully bumped revision number for resource 37146771-871a-4cd0-b65e-e5a5e06feb0f (type: security_group_rules) to 0
2026-06-09 18:21:43.357 9 INFO neutron.wsgi [None req-2bc172d7-894c-44b8-887c-71edf12abf34 bf3668f55d93470db7be1147c3e8ad66 d3b4e0faecce43ee8de33f777cc7c96f - - default default] 10.0.0.138 "POST /v2.0/networks HTTP/1.1" status: 201 len: 849 time: 0.7486601
2026-06-09 18:21:43.364 10 INFO neutron.db.ovn_revision_numbers_db [None req-654f0eab-3924-4db9-8237-3fbdc0ec3c60 c208bc2e7cd24685936cbcb54518d479 7ff36d0d1f80468d916bb1c141236195 - - default default] Successfully bumped revision number for resource ba0ac787-c71a-42b2-83ef-d0b2fba76376 (type: security_group_rules) to 0
2026-06-09 18:21:43.381 10 INFO neutron.db.ovn_revision_numbers_db [None req-654f0eab-3924-4db9-8237-3fbdc0ec3c60 c208bc2e7cd24685936cbcb54518d479 7ff36d0d1f80468d916bb1c141236195 - - default default] Successfully bumped revision number for resource d3932b62-f5ee-461c-9235-3a06d6a130d2 (type: security_group_rules) to 0
2026-06-09 18:21:43.394 9 WARNING neutron_lib.context [None req-0d002aa4-b637-4ee3-8ba2-8478dbd04265 bf3668f55d93470db7be1147c3e8ad66 d3b4e0faecce43ee8de33f777cc7c96f - - default default] Method 'is_advsvc' is deprecated since 2023.2 release (neutron-lib 3.8.0) and will be removed once support for the old RBAC API policies will be removed from Neutron. Please use method 'is_service_role' instead.
2026-06-09 18:21:43.406 10 INFO neutron.wsgi [None req-654f0eab-3924-4db9-8237-3fbdc0ec3c60 c208bc2e7cd24685936cbcb54518d479 7ff36d0d1f80468d916bb1c141236195 - - default default] 10.0.0.138 "GET /v2.0/security-groups?tenant_id=4d4edd7ca0024915ba02c842c09220b0&name=default HTTP/1.1" status: 200 len: 2996 time: 0.2238650
2026-06-09 18:21:43.454 9 WARNING neutron_lib.context [None req-0d002aa4-b637-4ee3-8ba2-8478dbd04265 bf3668f55d93470db7be1147c3e8ad66 d3b4e0faecce43ee8de33f777cc7c96f - - default default] Method 'is_advsvc' is deprecated since 2023.2 release (neutron-lib 3.8.0) and will be removed once support for the old RBAC API policies will be removed from Neutron. Please use method 'is_service_role' instead.
2026-06-09 18:21:43.573 9 INFO neutron.services.segments.plugin [-] Segment 9cd20bf5-570a-43bb-8473-c60dd25cca5f resource provider aggregate not found
2026-06-09 18:21:43.588 9 INFO neutron.services.segments.plugin [-] Segment 9cd20bf5-570a-43bb-8473-c60dd25cca5f resource provider aggregate not found
2026-06-09 18:21:43.611 9 INFO neutron.services.segments.plugin [-] Segment 9cd20bf5-570a-43bb-8473-c60dd25cca5f resource provider not found; error: Placement Client Error (4xx): {"errors": [{"status": 404, "title": "Not Found", "detail": "The resource could not be found.\n\n No resource provider with uuid 9cd20bf5-570a-43bb-8473-c60dd25cca5f found for delete ", "request_id": "req-e82f4ea0-5b38-49ae-a382-671e8e27adf0"}]}
2026-06-09 18:21:43.612 10 INFO neutron.wsgi [None req-e6a9b383-55d4-4d73-9524-7c6cda9f9228 c208bc2e7cd24685936cbcb54518d479 7ff36d0d1f80468d916bb1c141236195 - - default default] 10.0.0.138 "DELETE /v2.0/security-groups/0d5ed7ba-ffb0-4565-a111-e6f7dc5ff36c HTTP/1.1" status: 204 len: 168 time: 0.2003305
2026-06-09 18:21:43.615 9 INFO neutron.services.segments.plugin [-] Segment 9cd20bf5-570a-43bb-8473-c60dd25cca5f resource provider not found; error: Placement Client Error (4xx): {"errors": [{"status": 404, "title": "Not Found", "detail": "The resource could not be found.\n\n No resource provider with uuid 9cd20bf5-570a-43bb-8473-c60dd25cca5f found for delete ", "request_id": "req-5e8fb37b-47f3-4a5a-9774-8560335d4651"}]}
2026-06-09 18:21:43.661 9 INFO neutron.wsgi [None req-1fd4b40b-0564-449d-84a2-9771fcf55188 5a1414a51885406e96dfc619a2eb712c cab04b2b6bec4a4f84ce254b48c2929e - - default default] 10.0.0.138 "DELETE /v2.0/networks/da0338cf-6294-4a15-a77f-8c79121ef3e6 HTTP/1.1" status: 204 len: 168 time: 0.5569878
2026-06-09 18:21:43.927 9 WARNING neutron.scheduler.dhcp_agent_scheduler [None req-0d002aa4-b637-4ee3-8ba2-8478dbd04265 bf3668f55d93470db7be1147c3e8ad66 d3b4e0faecce43ee8de33f777cc7c96f - - default default] No more DHCP agents
2026-06-09 18:21:43.929 9 WARNING neutron.api.rpc.agentnotifiers.dhcp_rpc_agent_api [None req-0d002aa4-b637-4ee3-8ba2-8478dbd04265 bf3668f55d93470db7be1147c3e8ad66 d3b4e0faecce43ee8de33f777cc7c96f - - default default] Unable to schedule network 33661fc0-8f97-4f41-8d6d-8635aad977fb: no agents available; will retry on subsequent port and subnet creation events.
2026-06-09 18:21:44.022 10 INFO neutron.services.segments.plugin [-] Segment 16144a12-fdae-4e9f-81ef-69f87e8a53c7 resource provider aggregate not found
2026-06-09 18:21:44.027 10 INFO neutron.services.segments.plugin [-] Segment 16144a12-fdae-4e9f-81ef-69f87e8a53c7 resource provider aggregate not found
2026-06-09 18:21:44.046 10 INFO neutron.services.segments.plugin [-] Segment 16144a12-fdae-4e9f-81ef-69f87e8a53c7 resource provider not found; error: Placement Client Error (4xx): {"errors": [{"status": 404, "title": "Not Found", "detail": "The resource could not be found.\n\n No resource provider with uuid 16144a12-fdae-4e9f-81ef-69f87e8a53c7 found for delete ", "request_id": "req-737f13e9-baf0-41ec-9056-2e030240528e"}]}
2026-06-09 18:21:44.054 10 INFO neutron.services.segments.plugin [-] Segment 16144a12-fdae-4e9f-81ef-69f87e8a53c7 resource provider not found; error: Placement Client Error (4xx): {"errors": [{"status": 404, "title": "Not Found", "detail": "The resource could not be found.\n\n No resource provider with uuid 16144a12-fdae-4e9f-81ef-69f87e8a53c7 found for delete ", "request_id": "req-0639d78d-52ec-4284-95c3-2d25fda10f94"}]}
2026-06-09 18:21:44.081 10 INFO neutron.wsgi [None req-f2784dd6-a868-4f90-a608-ca2721de0e55 5a1414a51885406e96dfc619a2eb712c cab04b2b6bec4a4f84ce254b48c2929e - - default default] 10.0.0.138 "DELETE /v2.0/networks/ebe9959a-a9db-4b5d-9b10-580764abd1d0 HTTP/1.1" status: 204 len: 168 time: 0.4146008
2026-06-09 18:21:44.708 9 INFO neutron.db.ovn_revision_numbers_db [None req-0d002aa4-b637-4ee3-8ba2-8478dbd04265 bf3668f55d93470db7be1147c3e8ad66 d3b4e0faecce43ee8de33f777cc7c96f - - default default] Successfully bumped revision number for resource cdd01936-047b-4795-afae-c156eb881ffb (type: ports) to 2
2026-06-09 18:21:44.733 9 INFO neutron.wsgi [None req-34c2e97a-bd54-4225-b695-34520fb9a5d5 5a1414a51885406e96dfc619a2eb712c cab04b2b6bec4a4f84ce254b48c2929e - - default default] 10.0.0.138 "DELETE /v2.0/networks/a27037ec-7792-4a67-8164-f46278dc891c HTTP/1.1" status: 204 len: 168 time: 0.6460469
2026-06-09 18:21:44.757 9 INFO neutron.db.ovn_revision_numbers_db [None req-0d002aa4-b637-4ee3-8ba2-8478dbd04265 bf3668f55d93470db7be1147c3e8ad66 d3b4e0faecce43ee8de33f777cc7c96f - - default default] Successfully bumped revision number for resource c25d5754-2397-4d88-9e68-78611a03ea80 (type: subnets) to 0
2026-06-09 18:21:44.778 9 WARNING neutron.scheduler.dhcp_agent_scheduler [None req-0d002aa4-b637-4ee3-8ba2-8478dbd04265 bf3668f55d93470db7be1147c3e8ad66 d3b4e0faecce43ee8de33f777cc7c96f - - default default] No more DHCP agents
2026-06-09 18:21:44.781 9 WARNING neutron.api.rpc.agentnotifiers.dhcp_rpc_agent_api [None req-0d002aa4-b637-4ee3-8ba2-8478dbd04265 bf3668f55d93470db7be1147c3e8ad66 d3b4e0faecce43ee8de33f777cc7c96f - - default default] Unable to schedule network f014d236-bee0-42da-bfb2-5d159ef1aa7c: no agents available; will retry on subsequent port and subnet creation events.
2026-06-09 18:21:45.098 10 INFO neutron.wsgi [None req-af7c709d-986e-4729-981a-3dfe70d9f644 5a1414a51885406e96dfc619a2eb712c cab04b2b6bec4a4f84ce254b48c2929e - - default default] 10.0.0.138 "DELETE /v2.0/networks/2bc20270-79b6-46fe-9557-330ffcdfea6b HTTP/1.1" status: 204 len: 168 time: 0.3574357
2026-06-09 18:21:45.282 9 INFO neutron.db.ovn_revision_numbers_db [None req-0d002aa4-b637-4ee3-8ba2-8478dbd04265 bf3668f55d93470db7be1147c3e8ad66 d3b4e0faecce43ee8de33f777cc7c96f - - default default] Successfully bumped revision number for resource 347b0721-d16c-4c84-a61a-b09852f796b6 (type: ports) to 2
2026-06-09 18:21:45.316 9 INFO neutron.db.ovn_revision_numbers_db [None req-0d002aa4-b637-4ee3-8ba2-8478dbd04265 bf3668f55d93470db7be1147c3e8ad66 d3b4e0faecce43ee8de33f777cc7c96f - - default default] Successfully bumped revision number for resource 4dc7535b-4471-4efa-b4a7-1018cd5d650b (type: subnets) to 0
2026-06-09 18:21:45.332 9 INFO neutron.wsgi [None req-0d002aa4-b637-4ee3-8ba2-8478dbd04265 bf3668f55d93470db7be1147c3e8ad66 d3b4e0faecce43ee8de33f777cc7c96f - - default default] 10.0.0.138 "POST /v2.0/subnets HTTP/1.1" status: 201 len: 1426 time: 1.9423075
2026-06-09 18:21:45.378 9 INFO neutron.wsgi [None req-aa790958-bd40-4f61-bbef-6c7ef008b5f8 bf3668f55d93470db7be1147c3e8ad66 d3b4e0faecce43ee8de33f777cc7c96f - - default default] 10.0.0.138 "GET /v2.0/subnets HTTP/1.1" status: 200 len: 2034 time: 0.0411134
2026-06-09 18:21:45.586 9 INFO neutron.wsgi [None req-8e94ac45-722e-4260-9d25-4223a6c5efd9 bf3668f55d93470db7be1147c3e8ad66 d3b4e0faecce43ee8de33f777cc7c96f - - default default] 10.0.0.138 "DELETE /v2.0/subnets/c25d5754-2397-4d88-9e68-78611a03ea80 HTTP/1.1" status: 204 len: 168 time: 0.2027471
2026-06-09 18:21:45.646 9 INFO neutron.services.segments.plugin [-] Segment 76648cc2-a80a-4e45-a7b5-69858b8c3106 resource provider aggregate not found
2026-06-09 18:21:45.655 9 INFO neutron.services.segments.plugin [-] Segment 76648cc2-a80a-4e45-a7b5-69858b8c3106 resource provider aggregate not found
2026-06-09 18:21:45.667 9 INFO neutron.services.segments.plugin [-] Segment 76648cc2-a80a-4e45-a7b5-69858b8c3106 resource provider not found; error: Placement Client Error (4xx): {"errors": [{"status": 404, "title": "Not Found", "detail": "The resource could not be found.\n\n No resource provider with uuid 76648cc2-a80a-4e45-a7b5-69858b8c3106 found for delete ", "request_id": "req-e8a713a9-a4b4-4e40-a4cd-6d889c77180e"}]}
2026-06-09 18:21:45.671 9 INFO neutron.services.segments.plugin [-] Segment 76648cc2-a80a-4e45-a7b5-69858b8c3106 resource provider not found; error: Placement Client Error (4xx): {"errors": [{"status": 404, "title": "Not Found", "detail": "The resource could not be found.\n\n No resource provider with uuid 76648cc2-a80a-4e45-a7b5-69858b8c3106 found for delete ", "request_id": "req-fa3b0ec5-e0a4-4669-8120-683c3a423cd8"}]}
2026-06-09 18:21:45.818 10 INFO neutron.wsgi [None req-02f9ffcf-ae36-4576-8ffc-8fa2124a1c3f c208bc2e7cd24685936cbcb54518d479 7ff36d0d1f80468d916bb1c141236195 - - default default] 10.0.0.138 "GET /v2.0/security-groups?tenant_id=cab04b2b6bec4a4f84ce254b48c2929e&name=default HTTP/1.1" status: 200 len: 2996 time: 0.2051699
2026-06-09 18:21:45.843 9 INFO neutron.wsgi [None req-e8a311e8-0dd4-4a4a-b669-5ea111b28d8b bf3668f55d93470db7be1147c3e8ad66 d3b4e0faecce43ee8de33f777cc7c96f - - default default] 10.0.0.138 "DELETE /v2.0/subnets/4dc7535b-4471-4efa-b4a7-1018cd5d650b HTTP/1.1" status: 204 len: 168 time: 0.2523472
2026-06-09 18:21:45.883 9 INFO neutron.wsgi [None req-6dc002bc-dfbf-4a30-91ce-422e57141fa7 bf3668f55d93470db7be1147c3e8ad66 d3b4e0faecce43ee8de33f777cc7c96f - - default default] 10.0.0.138 "GET /v2.0/subnets HTTP/1.1" status: 200 len: 820 time: 0.0324628
2026-06-09 18:21:46.021 10 INFO neutron.wsgi [None req-150643d8-7832-4b97-a5c0-1ee10781042c c208bc2e7cd24685936cbcb54518d479 7ff36d0d1f80468d916bb1c141236195 - - default default] 10.0.0.138 "DELETE /v2.0/security-groups/14180ab1-9e88-4ed9-ad34-ee9a112ddf15 HTTP/1.1" status: 204 len: 168 time: 0.1980090
2026-06-09 18:21:46.065 10 INFO neutron.services.segments.plugin [-] Segment dab6d4ff-2a9e-40c8-ada5-37fa6532a360 resource provider aggregate not found
2026-06-09 18:21:46.075 10 INFO neutron.services.segments.plugin [-] Segment dab6d4ff-2a9e-40c8-ada5-37fa6532a360 resource provider aggregate not found
2026-06-09 18:21:46.083 10 INFO neutron.services.segments.plugin [-] Segment dab6d4ff-2a9e-40c8-ada5-37fa6532a360 resource provider not found; error: Placement Client Error (4xx): {"errors": [{"status": 404, "title": "Not Found", "detail": "The resource could not be found.\n\n No resource provider with uuid dab6d4ff-2a9e-40c8-ada5-37fa6532a360 found for delete ", "request_id": "req-9cf61976-b112-40f2-87ea-ad98a18759cc"}]}
2026-06-09 18:21:46.092 10 INFO neutron.services.segments.plugin [-] Segment dab6d4ff-2a9e-40c8-ada5-37fa6532a360 resource provider not found; error: Placement Client Error (4xx): {"errors": [{"status": 404, "title": "Not Found", "detail": "The resource could not be found.\n\n No resource provider with uuid dab6d4ff-2a9e-40c8-ada5-37fa6532a360 found for delete ", "request_id": "req-58ca1ce6-9c8f-43ba-99cf-d6ce42d4ac7f"}]}
2026-06-09 18:21:46.149 10 INFO neutron.wsgi [req-078fa868-10c8-4667-87a3-e5efd3246acd req-d2e625ef-e09c-466a-bd52-9c46ccca9e82 b47c0b7c98b846df9890bab7498fd0aa ad6a4df0ef014444880e444ee34f74bf - - 2b4bb9ba05f143faa2b548f35197875c 2b4bb9ba05f143faa2b548f35197875c] 10.0.0.167 "GET /v2.0/ports?device_id=26d0875c-49c3-4da7-aca4-9d3442aa6752 HTTP/1.1" status: 200 len: 1409 time: 0.0622182
2026-06-09 18:21:46.203 10 INFO neutron.wsgi [req-078fa868-10c8-4667-87a3-e5efd3246acd req-76116eee-d37e-41ca-9ef7-b33fec07ac7c b47c0b7c98b846df9890bab7498fd0aa ad6a4df0ef014444880e444ee34f74bf - - 2b4bb9ba05f143faa2b548f35197875c 2b4bb9ba05f143faa2b548f35197875c] 10.0.0.167 "GET /v2.0/security-groups?id=1c306ccc-a36d-4404-9d3b-51e0c5157615&fields=id&fields=name HTTP/1.1" status: 200 len: 312 time: 0.0456421
2026-06-09 18:21:46.243 9 INFO neutron.wsgi [None req-0ac7ce50-80fe-4afe-9351-d7f7ab0923f5 bf3668f55d93470db7be1147c3e8ad66 d3b4e0faecce43ee8de33f777cc7c96f - - default default] 10.0.0.138 "DELETE /v2.0/networks/f014d236-bee0-42da-bfb2-5d159ef1aa7c HTTP/1.1" status: 204 len: 168 time: 0.3548927
2026-06-09 18:21:46.689 10 INFO neutron.wsgi [None req-420cadba-3fe2-4167-a33e-5f1d6d72ea11 bf3668f55d93470db7be1147c3e8ad66 d3b4e0faecce43ee8de33f777cc7c96f - - default default] 10.0.0.138 "DELETE /v2.0/networks/33661fc0-8f97-4f41-8d6d-8635aad977fb HTTP/1.1" status: 204 len: 168 time: 0.4417677
2026-06-09 18:21:47.108 10 INFO neutron.wsgi [None req-08679a4d-cf0f-4b72-8a6b-75401db8b654 bf3668f55d93470db7be1147c3e8ad66 d3b4e0faecce43ee8de33f777cc7c96f - - default default] 10.0.0.138 "DELETE /v2.0/networks/89475837-c552-4f92-8b07-9ad654f09ed2 HTTP/1.1" status: 204 len: 168 time: 0.4125102
2026-06-09 18:21:47.685 9 INFO neutron.services.segments.plugin [-] Segment 3360efa8-d1f2-4c99-a352-9552e56b6b20 resource provider aggregate not found
2026-06-09 18:21:47.697 9 INFO neutron.services.segments.plugin [-] Segment 3360efa8-d1f2-4c99-a352-9552e56b6b20 resource provider aggregate not found
2026-06-09 18:21:47.710 9 INFO neutron.services.segments.plugin [-] Segment 3360efa8-d1f2-4c99-a352-9552e56b6b20 resource provider not found; error: Placement Client Error (4xx): {"errors": [{"status": 404, "title": "Not Found", "detail": "The resource could not be found.\n\n No resource provider with uuid 3360efa8-d1f2-4c99-a352-9552e56b6b20 found for delete ", "request_id": "req-2ad01da2-d7c1-4bfc-8e9f-e5fa271b445a"}]}
2026-06-09 18:21:47.719 9 INFO neutron.services.segments.plugin [-] Segment 3360efa8-d1f2-4c99-a352-9552e56b6b20 resource provider not found; error: Placement Client Error (4xx): {"errors": [{"status": 404, "title": "Not Found", "detail": "The resource could not be found.\n\n No resource provider with uuid 3360efa8-d1f2-4c99-a352-9552e56b6b20 found for delete ", "request_id": "req-f5c996bf-1696-45f8-a0c0-0cd72575e4f2"}]}
2026-06-09 18:21:47.731 9 INFO neutron.services.segments.plugin [-] Segment 82dce196-e417-4865-bacb-72290421a1d4 resource provider aggregate not found
2026-06-09 18:21:47.742 9 INFO neutron.wsgi [None req-4aa471f8-64bc-4558-8d8c-8c11c19ad5af bf3668f55d93470db7be1147c3e8ad66 d3b4e0faecce43ee8de33f777cc7c96f - - default default] 10.0.0.138 "DELETE /v2.0/networks/417378ff-febb-4e12-81f0-9b97f8fe761d HTTP/1.1" status: 204 len: 168 time: 0.6281989
2026-06-09 18:21:47.743 9 INFO neutron.services.segments.plugin [-] Segment 82dce196-e417-4865-bacb-72290421a1d4 resource provider aggregate not found
2026-06-09 18:21:47.750 9 INFO neutron.services.segments.plugin [-] Segment 82dce196-e417-4865-bacb-72290421a1d4 resource provider not found; error: Placement Client Error (4xx): {"errors": [{"status": 404, "title": "Not Found", "detail": "The resource could not be found.\n\n No resource provider with uuid 82dce196-e417-4865-bacb-72290421a1d4 found for delete ", "request_id": "req-c9be0e72-35c9-47d1-aae8-92f035dce685"}]}
2026-06-09 18:21:47.760 9 INFO neutron.services.segments.plugin [-] Segment 82dce196-e417-4865-bacb-72290421a1d4 resource provider not found; error: Placement Client Error (4xx): {"errors": [{"status": 404, "title": "Not Found", "detail": "The resource could not be found.\n\n No resource provider with uuid 82dce196-e417-4865-bacb-72290421a1d4 found for delete ", "request_id": "req-bd2c3fb7-3f7e-40ec-bf4e-da28982b79de"}]}
2026-06-09 18:21:48.104 10 INFO neutron.services.segments.plugin [-] Segment b05fc34c-2317-4651-a612-93c57ea34cf0 resource provider aggregate not found
2026-06-09 18:21:48.111 10 INFO neutron.services.segments.plugin [-] Segment b05fc34c-2317-4651-a612-93c57ea34cf0 resource provider aggregate not found
2026-06-09 18:21:48.120 10 INFO neutron.services.segments.plugin [-] Segment b05fc34c-2317-4651-a612-93c57ea34cf0 resource provider not found; error: Placement Client Error (4xx): {"errors": [{"status": 404, "title": "Not Found", "detail": "The resource could not be found.\n\n No resource provider with uuid b05fc34c-2317-4651-a612-93c57ea34cf0 found for delete ", "request_id": "req-243f96f8-67dc-4f84-a400-345fe243c20d"}]}
2026-06-09 18:21:48.129 10 INFO neutron.services.segments.plugin [-] Segment b05fc34c-2317-4651-a612-93c57ea34cf0 resource provider not found; error: Placement Client Error (4xx): {"errors": [{"status": 404, "title": "Not Found", "detail": "The resource could not be found.\n\n No resource provider with uuid b05fc34c-2317-4651-a612-93c57ea34cf0 found for delete ", "request_id": "req-7e05b06b-d563-4163-9bc7-a7e0ef63c1cf"}]}
2026-06-09 18:21:48.139 10 INFO neutron.services.segments.plugin [-] Segment ce4dbf2b-4ad8-44a6-82ab-68e9f9b77327 resource provider aggregate not found
2026-06-09 18:21:48.147 10 INFO neutron.services.segments.plugin [-] Segment ce4dbf2b-4ad8-44a6-82ab-68e9f9b77327 resource provider aggregate not found
2026-06-09 18:21:48.154 10 INFO neutron.services.segments.plugin [-] Segment ce4dbf2b-4ad8-44a6-82ab-68e9f9b77327 resource provider not found; error: Placement Client Error (4xx): {"errors": [{"status": 404, "title": "Not Found", "detail": "The resource could not be found.\n\n No resource provider with uuid ce4dbf2b-4ad8-44a6-82ab-68e9f9b77327 found for delete ", "request_id": "req-da6d0df5-8e99-431b-8032-b18726f55be0"}]}
2026-06-09 18:21:48.167 10 INFO neutron.services.segments.plugin [-] Segment ce4dbf2b-4ad8-44a6-82ab-68e9f9b77327 resource provider not found; error: Placement Client Error (4xx): {"errors": [{"status": 404, "title": "Not Found", "detail": "The resource could not be found.\n\n No resource provider with uuid ce4dbf2b-4ad8-44a6-82ab-68e9f9b77327 found for delete ", "request_id": "req-b382c034-aaa5-43ec-87af-03a03638d65c"}]}
2026-06-09 18:21:48.174 10 WARNING neutron_lib.context [None req-422a7771-72fe-496b-a363-d540b7b8974c a3f1ffb807704c699a93a79451b5b51d 768d586794154f77a1f12f934b672e66 - - default default] Method 'is_advsvc' is deprecated since 2023.2 release (neutron-lib 3.8.0) and will be removed once support for the old RBAC API policies will be removed from Neutron. Please use method 'is_service_role' instead.
2026-06-09 18:21:48.347 10 INFO neutron.db.ovn_revision_numbers_db [None req-422a7771-72fe-496b-a363-d540b7b8974c a3f1ffb807704c699a93a79451b5b51d 768d586794154f77a1f12f934b672e66 - - default default] Successfully bumped revision number for resource 57fdfbfb-695c-4d0a-ba75-40f6770c3aba (type: security_groups) to 1
2026-06-09 18:21:48.361 10 INFO neutron.db.ovn_revision_numbers_db [None req-422a7771-72fe-496b-a363-d540b7b8974c a3f1ffb807704c699a93a79451b5b51d 768d586794154f77a1f12f934b672e66 - - default default] Successfully bumped revision number for resource 3736c39a-0e85-471f-be9d-09f50db35e67 (type: security_group_rules) to 0
2026-06-09 18:21:48.376 10 INFO neutron.db.ovn_revision_numbers_db [None req-422a7771-72fe-496b-a363-d540b7b8974c a3f1ffb807704c699a93a79451b5b51d 768d586794154f77a1f12f934b672e66 - - default default] Successfully bumped revision number for resource 401918f3-aec8-4f77-9ee2-9b83d9b4f612 (type: security_group_rules) to 0
2026-06-09 18:21:48.394 10 INFO neutron.db.ovn_revision_numbers_db [None req-422a7771-72fe-496b-a363-d540b7b8974c a3f1ffb807704c699a93a79451b5b51d 768d586794154f77a1f12f934b672e66 - - default default] Successfully bumped revision number for resource bc0c82fe-62f6-4d7b-9df8-7c9cd78bafec (type: security_group_rules) to 0
2026-06-09 18:21:48.408 10 INFO neutron.db.ovn_revision_numbers_db [None req-422a7771-72fe-496b-a363-d540b7b8974c a3f1ffb807704c699a93a79451b5b51d 768d586794154f77a1f12f934b672e66 - - default default] Successfully bumped revision number for resource d5d815f9-e34d-4433-84ee-6095cbc8fdfa (type: security_group_rules) to 0
2026-06-09 18:21:48.462 10 INFO neutron.db.segments_db [None req-422a7771-72fe-496b-a363-d540b7b8974c a3f1ffb807704c699a93a79451b5b51d 768d586794154f77a1f12f934b672e66 - - default default] Added segment 831599e2-52da-435c-bf7a-734e56fcc8d3 of type geneve for network f4288e6c-770b-4b4e-ab3b-726312131865
2026-06-09 18:21:48.621 10 INFO neutron.db.ovn_revision_numbers_db [None req-422a7771-72fe-496b-a363-d540b7b8974c a3f1ffb807704c699a93a79451b5b51d 768d586794154f77a1f12f934b672e66 - - default default] Successfully bumped revision number for resource f4288e6c-770b-4b4e-ab3b-726312131865 (type: networks) to 1
2026-06-09 18:21:48.694 9 INFO neutron.wsgi [None req-97dd456c-1f08-4bbc-8235-705c6170b35f c208bc2e7cd24685936cbcb54518d479 7ff36d0d1f80468d916bb1c141236195 - - default default] 10.0.0.138 "GET /v2.0/security-groups?tenant_id=d3b4e0faecce43ee8de33f777cc7c96f&name=default HTTP/1.1" status: 200 len: 2996 time: 0.1691008
2026-06-09 18:21:48.840 10 WARNING neutron.scheduler.dhcp_agent_scheduler [None req-422a7771-72fe-496b-a363-d540b7b8974c a3f1ffb807704c699a93a79451b5b51d 768d586794154f77a1f12f934b672e66 - - default default] No more DHCP agents
2026-06-09 18:21:48.842 10 WARNING neutron.api.rpc.agentnotifiers.dhcp_rpc_agent_api [None req-422a7771-72fe-496b-a363-d540b7b8974c a3f1ffb807704c699a93a79451b5b51d 768d586794154f77a1f12f934b672e66 - - default default] Unable to schedule network f4288e6c-770b-4b4e-ab3b-726312131865: no agents available; will retry on subsequent port and subnet creation events.
2026-06-09 18:21:48.924 10 INFO neutron.db.ovn_revision_numbers_db [None req-422a7771-72fe-496b-a363-d540b7b8974c a3f1ffb807704c699a93a79451b5b51d 768d586794154f77a1f12f934b672e66 - - default default] Successfully bumped revision number for resource 2a1ae36a-ef27-447b-a8aa-edceb6809bf7 (type: ports) to 1
2026-06-09 18:21:48.963 10 INFO neutron.wsgi [None req-422a7771-72fe-496b-a363-d540b7b8974c a3f1ffb807704c699a93a79451b5b51d 768d586794154f77a1f12f934b672e66 - - default default] 10.0.0.138 "POST /v2.0/networks HTTP/1.1" status: 201 len: 828 time: 1.0202837
2026-06-09 18:21:48.973 10 INFO neutron.wsgi [None req-c9df6ccb-ee0a-4c54-a658-6f08a30f260d c208bc2e7cd24685936cbcb54518d479 7ff36d0d1f80468d916bb1c141236195 - - default default] 10.0.0.138 "DELETE /v2.0/security-groups/4c89fde4-20b9-412d-ad69-ad8a8c03ec9a HTTP/1.1" status: 204 len: 168 time: 0.2735596
2026-06-09 18:21:48.976 9 WARNING neutron_lib.context [None req-0d6719a0-d4cf-4c83-83f9-afd3469cd940 a3f1ffb807704c699a93a79451b5b51d 768d586794154f77a1f12f934b672e66 - - default default] Method 'is_advsvc' is deprecated since 2023.2 release (neutron-lib 3.8.0) and will be removed once support for the old RBAC API policies will be removed from Neutron. Please use method 'is_service_role' instead.
2026-06-09 18:21:49.069 9 INFO neutron.wsgi [req-fca9111b-5c91-40be-b742-9c0c76ee79ae req-09b21bf5-c6a1-4a88-ae0f-5bb328b55599 b47c0b7c98b846df9890bab7498fd0aa ad6a4df0ef014444880e444ee34f74bf - - 2b4bb9ba05f143faa2b548f35197875c 2b4bb9ba05f143faa2b548f35197875c] 199.204.45.157 "GET /v2.0/ports?device_id=26d0875c-49c3-4da7-aca4-9d3442aa6752&fields=binding%3Ahost_id&fields=binding%3Avif_type HTTP/1.1" status: 200 len: 265 time: 0.0570772
2026-06-09 18:21:49.127 9 INFO neutron.db.segments_db [None req-0d6719a0-d4cf-4c83-83f9-afd3469cd940 a3f1ffb807704c699a93a79451b5b51d 768d586794154f77a1f12f934b672e66 - - default default] Added segment ab799768-d5d9-492a-a55e-cc6a09e40d2b of type geneve for network aad621b8-4e27-43ac-b7d5-aa8dea823d37
2026-06-09 18:21:49.166 9 INFO neutron.wsgi [req-fca9111b-5c91-40be-b742-9c0c76ee79ae req-fdba310d-275a-44d8-afa5-37896215c847 b47c0b7c98b846df9890bab7498fd0aa ad6a4df0ef014444880e444ee34f74bf - - 2b4bb9ba05f143faa2b548f35197875c 2b4bb9ba05f143faa2b548f35197875c] 199.204.45.157 "GET /v2.0/ports?tenant_id=7dd9e289c1594f6f9e44f184a1f1c0ff&device_id=26d0875c-49c3-4da7-aca4-9d3442aa6752 HTTP/1.1" status: 200 len: 1409 time: 0.0530188
2026-06-09 18:21:49.282 9 INFO neutron.wsgi [req-fca9111b-5c91-40be-b742-9c0c76ee79ae req-083e0c9d-2481-4507-95fb-acfa070e90d4 b47c0b7c98b846df9890bab7498fd0aa ad6a4df0ef014444880e444ee34f74bf - - 2b4bb9ba05f143faa2b548f35197875c 2b4bb9ba05f143faa2b548f35197875c] 199.204.45.157 "GET /v2.0/networks?id=ed0b2da6-48f3-4b7f-b942-e480d70e58ad HTTP/1.1" status: 200 len: 973 time: 0.0955441
2026-06-09 18:21:49.335 9 INFO neutron.db.ovn_revision_numbers_db [None req-0d6719a0-d4cf-4c83-83f9-afd3469cd940 a3f1ffb807704c699a93a79451b5b51d 768d586794154f77a1f12f934b672e66 - - default default] Successfully bumped revision number for resource aad621b8-4e27-43ac-b7d5-aa8dea823d37 (type: networks) to 1
2026-06-09 18:21:49.347 9 INFO neutron.wsgi [req-fca9111b-5c91-40be-b742-9c0c76ee79ae req-fd65b0b6-09c1-4f6d-93df-ee191298aba9 b47c0b7c98b846df9890bab7498fd0aa ad6a4df0ef014444880e444ee34f74bf - - 2b4bb9ba05f143faa2b548f35197875c 2b4bb9ba05f143faa2b548f35197875c] 199.204.45.157 "GET /v2.0/floatingips?fixed_ip_address=10.100.0.4&port_id=3b45f624-ce94-4c88-9891-236971b68c71 HTTP/1.1" status: 200 len: 1059 time: 0.0563951
2026-06-09 18:21:49.398 9 INFO neutron.wsgi [req-fca9111b-5c91-40be-b742-9c0c76ee79ae req-6a557de6-9a49-45ef-a769-00f61925fc77 b47c0b7c98b846df9890bab7498fd0aa ad6a4df0ef014444880e444ee34f74bf - - 2b4bb9ba05f143faa2b548f35197875c 2b4bb9ba05f143faa2b548f35197875c] 199.204.45.157 "GET /v2.0/subnets?id=c43843c1-5cf9-4f4d-b463-6b01f097e6e0 HTTP/1.1" status: 200 len: 868 time: 0.0415852
2026-06-09 18:21:49.435 9 INFO neutron.wsgi [req-fca9111b-5c91-40be-b742-9c0c76ee79ae req-ca2ddb96-814d-49da-8199-e9d5ddebc568 b47c0b7c98b846df9890bab7498fd0aa ad6a4df0ef014444880e444ee34f74bf - - 2b4bb9ba05f143faa2b548f35197875c 2b4bb9ba05f143faa2b548f35197875c] 199.204.45.157 "GET /v2.0/ports?network_id=ed0b2da6-48f3-4b7f-b942-e480d70e58ad&device_owner=network%3Adhcp HTTP/1.1" status: 200 len: 210 time: 0.0275464
2026-06-09 18:21:49.546 9 INFO neutron.wsgi [req-fca9111b-5c91-40be-b742-9c0c76ee79ae req-ecb61469-81c1-4d00-9600-f2e50e17a1ad b47c0b7c98b846df9890bab7498fd0aa ad6a4df0ef014444880e444ee34f74bf - - 2b4bb9ba05f143faa2b548f35197875c 2b4bb9ba05f143faa2b548f35197875c] 199.204.45.157 "GET /v2.0/networks/ed0b2da6-48f3-4b7f-b942-e480d70e58ad?fields=segments HTTP/1.1" status: 200 len: 212 time: 0.1009800
2026-06-09 18:21:49.613 9 WARNING neutron.scheduler.dhcp_agent_scheduler [None req-0d6719a0-d4cf-4c83-83f9-afd3469cd940 a3f1ffb807704c699a93a79451b5b51d 768d586794154f77a1f12f934b672e66 - - default default] No more DHCP agents
2026-06-09 18:21:49.619 9 WARNING neutron.api.rpc.agentnotifiers.dhcp_rpc_agent_api [None req-0d6719a0-d4cf-4c83-83f9-afd3469cd940 a3f1ffb807704c699a93a79451b5b51d 768d586794154f77a1f12f934b672e66 - - default default] Unable to schedule network aad621b8-4e27-43ac-b7d5-aa8dea823d37: no agents available; will retry on subsequent port and subnet creation events.
2026-06-09 18:21:49.648 9 INFO neutron.wsgi [req-fca9111b-5c91-40be-b742-9c0c76ee79ae req-56abf339-fd37-48e0-85bf-87e9b168f3e8 b47c0b7c98b846df9890bab7498fd0aa ad6a4df0ef014444880e444ee34f74bf - - 2b4bb9ba05f143faa2b548f35197875c 2b4bb9ba05f143faa2b548f35197875c] 199.204.45.157 "GET /v2.0/networks/ed0b2da6-48f3-4b7f-b942-e480d70e58ad?fields=provider%3Aphysical_network&fields=provider%3Anetwork_type HTTP/1.1" status: 200 len: 277 time: 0.0961213
2026-06-09 18:21:49.717 9 INFO neutron.db.ovn_revision_numbers_db [None req-0d6719a0-d4cf-4c83-83f9-afd3469cd940 a3f1ffb807704c699a93a79451b5b51d 768d586794154f77a1f12f934b672e66 - - default default] Successfully bumped revision number for resource 99d0b8e6-7b66-412c-a05f-ad9aab4836e6 (type: ports) to 1
2026-06-09 18:21:49.729 10 INFO neutron.db.ovn_revision_numbers_db [None req-7504d5dc-4907-4adb-b452-41946a37a97f c208bc2e7cd24685936cbcb54518d479 7ff36d0d1f80468d916bb1c141236195 - - default default] Successfully bumped revision number for resource 956ff40c-953b-445b-80f3-80beff627b86 (type: security_groups) to 1
2026-06-09 18:21:49.738 9 INFO neutron.wsgi [None req-0d6719a0-d4cf-4c83-83f9-afd3469cd940 a3f1ffb807704c699a93a79451b5b51d 768d586794154f77a1f12f934b672e66 - - default default] 10.0.0.138 "POST /v2.0/networks HTTP/1.1" status: 201 len: 828 time: 0.7673378
2026-06-09 18:21:49.745 10 INFO neutron.db.ovn_revision_numbers_db [None req-7504d5dc-4907-4adb-b452-41946a37a97f c208bc2e7cd24685936cbcb54518d479 7ff36d0d1f80468d916bb1c141236195 - - default default] Successfully bumped revision number for resource 03fb1f8c-955e-4f72-9366-15d30d58353a (type: security_group_rules) to 0
2026-06-09 18:21:49.751 10 WARNING neutron_lib.context [None req-109296d5-075a-408c-8cbb-e7ead22d170d a3f1ffb807704c699a93a79451b5b51d 768d586794154f77a1f12f934b672e66 - - default default] Method 'is_advsvc' is deprecated since 2023.2 release (neutron-lib 3.8.0) and will be removed once support for the old RBAC API policies will be removed from Neutron. Please use method 'is_service_role' instead.
2026-06-09 18:21:49.786 10 INFO neutron.db.ovn_revision_numbers_db [None req-7504d5dc-4907-4adb-b452-41946a37a97f c208bc2e7cd24685936cbcb54518d479 7ff36d0d1f80468d916bb1c141236195 - - default default] Successfully bumped revision number for resource 3ae8c17c-285a-4607-a1ae-ac6e333ff047 (type: security_group_rules) to 0
2026-06-09 18:21:49.803 10 INFO neutron.db.ovn_revision_numbers_db [None req-7504d5dc-4907-4adb-b452-41946a37a97f c208bc2e7cd24685936cbcb54518d479 7ff36d0d1f80468d916bb1c141236195 - - default default] Successfully bumped revision number for resource bab10307-2015-4321-869a-e2128068dced (type: security_group_rules) to 0
2026-06-09 18:21:49.820 10 INFO neutron.db.ovn_revision_numbers_db [None req-7504d5dc-4907-4adb-b452-41946a37a97f c208bc2e7cd24685936cbcb54518d479 7ff36d0d1f80468d916bb1c141236195 - - default default] Successfully bumped revision number for resource f3870da1-ec33-4d28-ad27-61b4580cce50 (type: security_group_rules) to 0
2026-06-09 18:21:49.862 10 INFO neutron.wsgi [None req-7504d5dc-4907-4adb-b452-41946a37a97f c208bc2e7cd24685936cbcb54518d479 7ff36d0d1f80468d916bb1c141236195 - - default default] 10.0.0.138 "GET /v2.0/security-groups?tenant_id=ef94cb1018314d8a953ab420a14a0868&name=default HTTP/1.1" status: 200 len: 2996 time: 0.4131594
2026-06-09 18:21:50.027 10 WARNING neutron.scheduler.dhcp_agent_scheduler [None req-109296d5-075a-408c-8cbb-e7ead22d170d a3f1ffb807704c699a93a79451b5b51d 768d586794154f77a1f12f934b672e66 - - default default] No more DHCP agents
2026-06-09 18:21:50.032 10 WARNING neutron.api.rpc.agentnotifiers.dhcp_rpc_agent_api [None req-109296d5-075a-408c-8cbb-e7ead22d170d a3f1ffb807704c699a93a79451b5b51d 768d586794154f77a1f12f934b672e66 - - default default] Unable to schedule network f4288e6c-770b-4b4e-ab3b-726312131865: no agents available; will retry on subsequent port and subnet creation events.
2026-06-09 18:21:50.091 9 INFO neutron.wsgi [None req-c77dfac5-695c-4fd1-bdd3-133277d2daab c208bc2e7cd24685936cbcb54518d479 7ff36d0d1f80468d916bb1c141236195 - - default default] 10.0.0.138 "DELETE /v2.0/security-groups/956ff40c-953b-445b-80f3-80beff627b86 HTTP/1.1" status: 204 len: 168 time: 0.2238820
2026-06-09 18:21:50.245 10 INFO neutron.wsgi [-] 10.0.0.71 "GET / HTTP/1.1" status: 200 len: 247 time: 0.0016787
2026-06-09 18:21:50.247 10 INFO neutron.wsgi [-] 10.0.0.71 "GET / HTTP/1.1" status: 200 len: 247 time: 0.0014920
2026-06-09 18:21:50.324 9 INFO neutron.db.ovn_revision_numbers_db [None req-2960fe64-b416-4120-95a4-c2ea24a9a69c c208bc2e7cd24685936cbcb54518d479 7ff36d0d1f80468d916bb1c141236195 - - default default] Successfully bumped revision number for resource f30eda4c-9288-4760-9168-eb055c7670c2 (type: security_groups) to 1
2026-06-09 18:21:50.339 9 INFO neutron.db.ovn_revision_numbers_db [None req-2960fe64-b416-4120-95a4-c2ea24a9a69c c208bc2e7cd24685936cbcb54518d479 7ff36d0d1f80468d916bb1c141236195 - - default default] Successfully bumped revision number for resource 0b8b5a53-9a71-4bec-9945-f39879e1323d (type: security_group_rules) to 0
2026-06-09 18:21:50.355 9 INFO neutron.db.ovn_revision_numbers_db [None req-2960fe64-b416-4120-95a4-c2ea24a9a69c c208bc2e7cd24685936cbcb54518d479 7ff36d0d1f80468d916bb1c141236195 - - default default] Successfully bumped revision number for resource 48576b24-dca6-43ad-a930-632cd5b386ff (type: security_group_rules) to 0
2026-06-09 18:21:50.369 9 INFO neutron.db.ovn_revision_numbers_db [None req-2960fe64-b416-4120-95a4-c2ea24a9a69c c208bc2e7cd24685936cbcb54518d479 7ff36d0d1f80468d916bb1c141236195 - - default default] Successfully bumped revision number for resource 7426bcd1-e5f1-4856-90ad-15716a21b3a8 (type: security_group_rules) to 0
2026-06-09 18:21:50.384 9 INFO neutron.db.ovn_revision_numbers_db [None req-2960fe64-b416-4120-95a4-c2ea24a9a69c c208bc2e7cd24685936cbcb54518d479 7ff36d0d1f80468d916bb1c141236195 - - default default] Successfully bumped revision number for resource 880ad44f-b9db-4305-8a61-1436ab94f069 (type: security_group_rules) to 0
2026-06-09 18:21:50.412 9 INFO neutron.wsgi [None req-2960fe64-b416-4120-95a4-c2ea24a9a69c c208bc2e7cd24685936cbcb54518d479 7ff36d0d1f80468d916bb1c141236195 - - default default] 10.0.0.138 "GET /v2.0/security-groups?tenant_id=24fb9d8c8d0347ae8fff6ab6624ee0e5&name=default HTTP/1.1" status: 200 len: 2996 time: 0.2059433
2026-06-09 18:21:50.523 9 INFO neutron.wsgi [req-a91fde71-c5bc-4fca-9bbf-0e8e7c8425e3 req-41fc0e4d-8da0-4fb3-8f71-91a92248dbd2 0e230a199ba244dba31dce4348020871 7dd9e289c1594f6f9e44f184a1f1c0ff - - default default] 10.0.0.194 "GET /v2.0/ports?device_id=26d0875c-49c3-4da7-aca4-9d3442aa6752 HTTP/1.1" status: 200 len: 1170 time: 0.0928483
2026-06-09 18:21:50.569 9 INFO neutron.wsgi [req-a91fde71-c5bc-4fca-9bbf-0e8e7c8425e3 req-2d27d046-8385-4ba8-a2be-4faa122c42b0 0e230a199ba244dba31dce4348020871 7dd9e289c1594f6f9e44f184a1f1c0ff - - default default] 10.0.0.194 "GET /v2.0/security-groups?id=1c306ccc-a36d-4404-9d3b-51e0c5157615&fields=id&fields=name HTTP/1.1" status: 200 len: 312 time: 0.0383985
2026-06-09 18:21:50.593 10 INFO neutron.db.ovn_revision_numbers_db [None req-109296d5-075a-408c-8cbb-e7ead22d170d a3f1ffb807704c699a93a79451b5b51d 768d586794154f77a1f12f934b672e66 - - default default] Successfully bumped revision number for resource 2a1ae36a-ef27-447b-a8aa-edceb6809bf7 (type: ports) to 2
2026-06-09 18:21:50.643 10 INFO neutron.db.ovn_revision_numbers_db [None req-109296d5-075a-408c-8cbb-e7ead22d170d a3f1ffb807704c699a93a79451b5b51d 768d586794154f77a1f12f934b672e66 - - default default] Successfully bumped revision number for resource c370928e-4275-4931-8c31-e95ed0df5edc (type: subnets) to 0
2026-06-09 18:21:50.672 9 INFO neutron.wsgi [req-5c394173-2b8f-4e16-a346-b28276a2d36a req-4037b50e-c6e1-4f1e-b9a6-15e3045a30f0 0e230a199ba244dba31dce4348020871 7dd9e289c1594f6f9e44f184a1f1c0ff - - default default] 10.0.0.194 "GET /v2.0/ports?device_id=26d0875c-49c3-4da7-aca4-9d3442aa6752 HTTP/1.1" status: 200 len: 1170 time: 0.0407410
2026-06-09 18:21:50.673 10 INFO neutron.wsgi [None req-109296d5-075a-408c-8cbb-e7ead22d170d a3f1ffb807704c699a93a79451b5b51d 768d586794154f77a1f12f934b672e66 - - default default] 10.0.0.138 "POST /v2.0/subnets HTTP/1.1" status: 201 len: 801 time: 0.9286580
2026-06-09 18:21:50.687 10 WARNING neutron_lib.context [None req-1fa8af70-2495-462c-8876-b5ae7c2da44b a3f1ffb807704c699a93a79451b5b51d 768d586794154f77a1f12f934b672e66 - - default default] Method 'is_advsvc' is deprecated since 2023.2 release (neutron-lib 3.8.0) and will be removed once support for the old RBAC API policies will be removed from Neutron. Please use method 'is_service_role' instead.
2026-06-09 18:21:50.713 9 INFO neutron.wsgi [None req-c69c15ce-3dcd-4296-9fcd-fe2a5b945426 c208bc2e7cd24685936cbcb54518d479 7ff36d0d1f80468d916bb1c141236195 - - default default] 10.0.0.138 "DELETE /v2.0/security-groups/f30eda4c-9288-4760-9168-eb055c7670c2 HTTP/1.1" status: 204 len: 168 time: 0.2968383
2026-06-09 18:21:50.732 9 INFO neutron.wsgi [req-5c394173-2b8f-4e16-a346-b28276a2d36a req-fb4a5f51-df79-4750-8ac8-e91b48f6c406 0e230a199ba244dba31dce4348020871 7dd9e289c1594f6f9e44f184a1f1c0ff - - default default] 10.0.0.194 "GET /v2.0/security-groups?id=1c306ccc-a36d-4404-9d3b-51e0c5157615&fields=id&fields=name HTTP/1.1" status: 200 len: 312 time: 0.0532722
2026-06-09 18:21:50.939 10 WARNING neutron.scheduler.dhcp_agent_scheduler [None req-1fa8af70-2495-462c-8876-b5ae7c2da44b a3f1ffb807704c699a93a79451b5b51d 768d586794154f77a1f12f934b672e66 - - default default] No more DHCP agents
2026-06-09 18:21:50.941 10 WARNING neutron.api.rpc.agentnotifiers.dhcp_rpc_agent_api [None req-1fa8af70-2495-462c-8876-b5ae7c2da44b a3f1ffb807704c699a93a79451b5b51d 768d586794154f77a1f12f934b672e66 - - default default] Unable to schedule network aad621b8-4e27-43ac-b7d5-aa8dea823d37: no agents available; will retry on subsequent port and subnet creation events.
2026-06-09 18:21:51.032 10 WARNING neutron_lib.context [None req-6e736a75-0b98-4bf7-8950-131391a73a9b 93d68d6f2c394253ba57a7a3a666e13c 348ee5c2d8e943258c32d7ab80f13233 - - default default] Method 'is_advsvc' is deprecated since 2023.2 release (neutron-lib 3.8.0) and will be removed once support for the old RBAC API policies will be removed from Neutron. Please use method 'is_service_role' instead.
2026-06-09 18:21:51.127 9 INFO neutron.wsgi [req-a42ca21c-c30b-47ff-b4d9-7a8a21f6395f req-f9cc545a-f8c6-447e-bf31-41aa0db02fea 0e230a199ba244dba31dce4348020871 7dd9e289c1594f6f9e44f184a1f1c0ff - - default default] 10.0.0.194 "GET /v2.0/ports?device_id=26d0875c-49c3-4da7-aca4-9d3442aa6752 HTTP/1.1" status: 200 len: 1170 time: 0.0496848
