2026-06-09 18:25:53.035 10 INFO neutron.wsgi [req-18959b31-58f3-4426-9bb0-b44fa078860d req-9745e7f3-0024-4262-abde-912d253b4e90 b47c0b7c98b846df9890bab7498fd0aa ad6a4df0ef014444880e444ee34f74bf - - 2b4bb9ba05f143faa2b548f35197875c 2b4bb9ba05f143faa2b548f35197875c] 199.204.45.157 "GET /v2.0/networks/74ad3041-50eb-45f8-be5d-c0d424a6a2f1?fields=provider%3Aphysical_network&fields=provider%3Anetwork_type HTTP/1.1" status: 200 len: 277 time: 0.0647957
2026-06-09 18:25:53.063 9 INFO neutron.wsgi [req-d008f0d8-0461-4edf-bc61-71205e7a8b8d req-c4cacfad-e9e1-4ed3-a4b8-57591109b661 b47c0b7c98b846df9890bab7498fd0aa ad6a4df0ef014444880e444ee34f74bf - - 2b4bb9ba05f143faa2b548f35197875c 2b4bb9ba05f143faa2b548f35197875c] 199.204.45.157 "GET /v2.0/ports?device_id=24ddc99d-8f1a-40a1-a565-32db1ab4a5d5&fields=binding%3Ahost_id&fields=binding%3Avif_type HTTP/1.1" status: 200 len: 265 time: 0.0517392
2026-06-09 18:25:53.123 9 INFO neutron.wsgi [req-d008f0d8-0461-4edf-bc61-71205e7a8b8d req-61c7170b-d32c-4667-8f80-c89bb82b47df b47c0b7c98b846df9890bab7498fd0aa ad6a4df0ef014444880e444ee34f74bf - - 2b4bb9ba05f143faa2b548f35197875c 2b4bb9ba05f143faa2b548f35197875c] 199.204.45.157 "GET /v2.0/ports?tenant_id=2a5bad0c8f8e460faa5c31f42ecfc45d&device_id=24ddc99d-8f1a-40a1-a565-32db1ab4a5d5 HTTP/1.1" status: 200 len: 1638 time: 0.0419738
2026-06-09 18:25:53.187 10 INFO neutron.plugins.ml2.drivers.ovn.mech_driver.mech_driver [None req-24070eea-561b-43c1-a7b8-522b40924b28 - - - - - -] OVN reports status down for port: 774e30fb-ee4f-48a1-80f2-07123d186cc4
2026-06-09 18:25:53.219 9 INFO neutron.wsgi [req-d008f0d8-0461-4edf-bc61-71205e7a8b8d req-e46a6785-8184-4992-b2cb-4945691105be b47c0b7c98b846df9890bab7498fd0aa ad6a4df0ef014444880e444ee34f74bf - - 2b4bb9ba05f143faa2b548f35197875c 2b4bb9ba05f143faa2b548f35197875c] 199.204.45.157 "GET /v2.0/networks?id=902f079e-7363-490d-babc-8f4c3046a2b2 HTTP/1.1" status: 200 len: 1002 time: 0.0765131
2026-06-09 18:25:53.257 10 INFO neutron.wsgi [req-142f225e-41ad-4cdb-8f38-8f913ae58de3 req-1f0917b4-5c72-4127-b06c-3280206d76b6 b47c0b7c98b846df9890bab7498fd0aa ad6a4df0ef014444880e444ee34f74bf - - 2b4bb9ba05f143faa2b548f35197875c 2b4bb9ba05f143faa2b548f35197875c] 199.204.45.157 "GET /v2.0/ports/774e30fb-ee4f-48a1-80f2-07123d186cc4 HTTP/1.1" status: 200 len: 1231 time: 0.0401165
2026-06-09 18:25:53.526 9 INFO neutron.wsgi [req-d008f0d8-0461-4edf-bc61-71205e7a8b8d req-e26a6c2b-ce68-4452-bef1-c796f83fe93b b47c0b7c98b846df9890bab7498fd0aa ad6a4df0ef014444880e444ee34f74bf - - 2b4bb9ba05f143faa2b548f35197875c 2b4bb9ba05f143faa2b548f35197875c] 199.204.45.157 "GET /v2.0/floatingips?fixed_ip_address=10.2.2.244&port_id=f1884328-0ee1-45cb-97d8-8bb24d34a12c HTTP/1.1" status: 200 len: 1059 time: 0.3033853
2026-06-09 18:25:53.532 10 INFO neutron.db.ovn_revision_numbers_db [None req-24070eea-561b-43c1-a7b8-522b40924b28 - - - - - -] Successfully bumped revision number for resource 774e30fb-ee4f-48a1-80f2-07123d186cc4 (type: ports) to 7
2026-06-09 18:25:53.557 9 INFO neutron.wsgi [req-d008f0d8-0461-4edf-bc61-71205e7a8b8d req-b9b28cd7-8ee7-48af-88dd-2c46278ee4ef b47c0b7c98b846df9890bab7498fd0aa ad6a4df0ef014444880e444ee34f74bf - - 2b4bb9ba05f143faa2b548f35197875c 2b4bb9ba05f143faa2b548f35197875c] 199.204.45.157 "GET /v2.0/floatingips?fixed_ip_address=fd77%3A1457%3A4cf0%3A26a8%3A%3A28&port_id=f1884328-0ee1-45cb-97d8-8bb24d34a12c HTTP/1.1" status: 200 len: 217 time: 0.0237989
2026-06-09 18:25:53.584 10 INFO neutron.wsgi [req-142f225e-41ad-4cdb-8f38-8f913ae58de3 req-8de23242-9543-4f13-b6b3-b767921160bb c208bc2e7cd24685936cbcb54518d479 7ff36d0d1f80468d916bb1c141236195 - - default default] 199.204.45.157 "DELETE /v2.0/ports/774e30fb-ee4f-48a1-80f2-07123d186cc4 HTTP/1.1" status: 204 len: 173 time: 0.3208556
2026-06-09 18:25:53.626 9 INFO neutron.wsgi [req-d008f0d8-0461-4edf-bc61-71205e7a8b8d req-429896b2-dec7-4ff0-8334-ccb44c402484 b47c0b7c98b846df9890bab7498fd0aa ad6a4df0ef014444880e444ee34f74bf - - 2b4bb9ba05f143faa2b548f35197875c 2b4bb9ba05f143faa2b548f35197875c] 199.204.45.157 "GET /v2.0/subnets?id=32a8f082-0917-4d6a-a3d4-ec71e17d40f6&id=bee49f9c-0fb9-456e-802a-28e99649c623 HTTP/1.1" status: 200 len: 1566 time: 0.0559809
2026-06-09 18:25:53.672 9 INFO neutron.wsgi [req-d008f0d8-0461-4edf-bc61-71205e7a8b8d req-f04efe8b-5eaa-46a3-af5c-8d3461ccd771 b47c0b7c98b846df9890bab7498fd0aa ad6a4df0ef014444880e444ee34f74bf - - 2b4bb9ba05f143faa2b548f35197875c 2b4bb9ba05f143faa2b548f35197875c] 199.204.45.157 "GET /v2.0/ports?network_id=902f079e-7363-490d-babc-8f4c3046a2b2&device_owner=network%3Adhcp HTTP/1.1" status: 200 len: 210 time: 0.0326955
2026-06-09 18:25:53.693 10 INFO neutron.wsgi [req-142f225e-41ad-4cdb-8f38-8f913ae58de3 req-800d568a-604e-40cd-9657-5b490bd62c7a b47c0b7c98b846df9890bab7498fd0aa ad6a4df0ef014444880e444ee34f74bf - - 2b4bb9ba05f143faa2b548f35197875c 2b4bb9ba05f143faa2b548f35197875c] 199.204.45.157 "GET /v2.0/ports?tenant_id=7ff36d0d1f80468d916bb1c141236195&device_id=f227e230-45f4-4005-b002-6da77ef2254e HTTP/1.1" status: 200 len: 2723 time: 0.0499732
2026-06-09 18:25:53.710 9 INFO neutron.wsgi [req-d008f0d8-0461-4edf-bc61-71205e7a8b8d req-6c6fcfe3-ab31-4801-8d9a-f6ec0db33d13 b47c0b7c98b846df9890bab7498fd0aa ad6a4df0ef014444880e444ee34f74bf - - 2b4bb9ba05f143faa2b548f35197875c 2b4bb9ba05f143faa2b548f35197875c] 199.204.45.157 "GET /v2.0/ports?network_id=902f079e-7363-490d-babc-8f4c3046a2b2&device_owner=network%3Adhcp HTTP/1.1" status: 200 len: 210 time: 0.0276711
2026-06-09 18:25:53.760 10 INFO neutron.wsgi [req-142f225e-41ad-4cdb-8f38-8f913ae58de3 req-b75904dc-615c-4fc5-91ea-cc6f24d6bdac b47c0b7c98b846df9890bab7498fd0aa ad6a4df0ef014444880e444ee34f74bf - - 2b4bb9ba05f143faa2b548f35197875c 2b4bb9ba05f143faa2b548f35197875c] 199.204.45.157 "GET /v2.0/networks?id=9b054868-959e-4266-a93e-7a02fa3d2ca9&id=70c19761-73c1-4466-a15e-90b1a56a3831&id=74ad3041-50eb-45f8-be5d-c0d424a6a2f1 HTTP/1.1" status: 200 len: 2518 time: 0.0606239
2026-06-09 18:25:53.790 10 INFO neutron.wsgi [req-142f225e-41ad-4cdb-8f38-8f913ae58de3 req-5d78bd91-84c2-4e38-a1a1-df7e02be265a b47c0b7c98b846df9890bab7498fd0aa ad6a4df0ef014444880e444ee34f74bf - - 2b4bb9ba05f143faa2b548f35197875c 2b4bb9ba05f143faa2b548f35197875c] 199.204.45.157 "GET /v2.0/floatingips?fixed_ip_address=172.24.1.111&port_id=22ff589c-1e51-43f8-acc7-b51315b6cd48 HTTP/1.1" status: 200 len: 217 time: 0.0231576
2026-06-09 18:25:53.796 9 INFO neutron.wsgi [req-d008f0d8-0461-4edf-bc61-71205e7a8b8d req-87324e9d-a2ef-4ac7-89b4-0d49084266c8 b47c0b7c98b846df9890bab7498fd0aa ad6a4df0ef014444880e444ee34f74bf - - 2b4bb9ba05f143faa2b548f35197875c 2b4bb9ba05f143faa2b548f35197875c] 199.204.45.157 "GET /v2.0/networks/902f079e-7363-490d-babc-8f4c3046a2b2?fields=segments HTTP/1.1" status: 200 len: 212 time: 0.0771666
2026-06-09 18:25:53.826 10 INFO neutron.wsgi [req-142f225e-41ad-4cdb-8f38-8f913ae58de3 req-592e622e-2c19-40fd-920a-981d3da649a7 b47c0b7c98b846df9890bab7498fd0aa ad6a4df0ef014444880e444ee34f74bf - - 2b4bb9ba05f143faa2b548f35197875c 2b4bb9ba05f143faa2b548f35197875c] 199.204.45.157 "GET /v2.0/subnets?id=293b505e-fd8f-4d55-8a46-3f374e72b6b8 HTTP/1.1" status: 200 len: 829 time: 0.0301855
2026-06-09 18:25:53.852 10 INFO neutron.wsgi [req-142f225e-41ad-4cdb-8f38-8f913ae58de3 req-270a9441-cc36-4405-992d-7ec92571674d b47c0b7c98b846df9890bab7498fd0aa ad6a4df0ef014444880e444ee34f74bf - - 2b4bb9ba05f143faa2b548f35197875c 2b4bb9ba05f143faa2b548f35197875c] 199.204.45.157 "GET /v2.0/ports?network_id=9b054868-959e-4266-a93e-7a02fa3d2ca9&device_owner=network%3Adhcp HTTP/1.1" status: 200 len: 210 time: 0.0188768
2026-06-09 18:25:53.867 9 INFO neutron.wsgi [req-d008f0d8-0461-4edf-bc61-71205e7a8b8d req-84acc6c5-1cd1-4d4c-b8c6-4e23efd5f1ca b47c0b7c98b846df9890bab7498fd0aa ad6a4df0ef014444880e444ee34f74bf - - 2b4bb9ba05f143faa2b548f35197875c 2b4bb9ba05f143faa2b548f35197875c] 199.204.45.157 "GET /v2.0/networks/902f079e-7363-490d-babc-8f4c3046a2b2?fields=provider%3Aphysical_network&fields=provider%3Anetwork_type HTTP/1.1" status: 200 len: 277 time: 0.0667140
2026-06-09 18:25:53.924 10 INFO neutron.wsgi [req-142f225e-41ad-4cdb-8f38-8f913ae58de3 req-90362ae0-231b-4975-a335-641ec7edc377 b47c0b7c98b846df9890bab7498fd0aa ad6a4df0ef014444880e444ee34f74bf - - 2b4bb9ba05f143faa2b548f35197875c 2b4bb9ba05f143faa2b548f35197875c] 199.204.45.157 "GET /v2.0/networks/9b054868-959e-4266-a93e-7a02fa3d2ca9?fields=segments HTTP/1.1" status: 200 len: 212 time: 0.0627341
2026-06-09 18:25:54.003 10 INFO neutron.wsgi [req-142f225e-41ad-4cdb-8f38-8f913ae58de3 req-fc313f1d-36fa-4b76-ad6d-efb540dd6859 b47c0b7c98b846df9890bab7498fd0aa ad6a4df0ef014444880e444ee34f74bf - - 2b4bb9ba05f143faa2b548f35197875c 2b4bb9ba05f143faa2b548f35197875c] 199.204.45.157 "GET /v2.0/networks/9b054868-959e-4266-a93e-7a02fa3d2ca9?fields=provider%3Aphysical_network&fields=provider%3Anetwork_type HTTP/1.1" status: 200 len: 277 time: 0.0734963
2026-06-09 18:25:54.014 10 INFO neutron.wsgi [None req-12fa3287-fcc3-4900-bbac-1adbb9a74710 c208bc2e7cd24685936cbcb54518d479 7ff36d0d1f80468d916bb1c141236195 - - default default] 199.204.45.157 "GET /v2.0/ports?device_id=f227e230-45f4-4005-b002-6da77ef2254e HTTP/1.1" status: 200 len: 2723 time: 0.0408123
2026-06-09 18:25:54.040 10 INFO neutron.wsgi [req-142f225e-41ad-4cdb-8f38-8f913ae58de3 req-42f2a859-ac41-4a87-92d6-474735442b34 b47c0b7c98b846df9890bab7498fd0aa ad6a4df0ef014444880e444ee34f74bf - - 2b4bb9ba05f143faa2b548f35197875c 2b4bb9ba05f143faa2b548f35197875c] 199.204.45.157 "GET /v2.0/floatingips?fixed_ip_address=10.1.1.39&port_id=a3a8f988-c9d2-45ce-8bd1-b3cfaffc74e6 HTTP/1.1" status: 200 len: 217 time: 0.0256371
2026-06-09 18:25:54.049 10 INFO neutron.pecan_wsgi.hooks.translation [None req-8d44010d-7dd3-431f-a9cd-c74c5d2f1116 c208bc2e7cd24685936cbcb54518d479 7ff36d0d1f80468d916bb1c141236195 - - default default] DELETE failed (client error): The resource could not be found.
2026-06-09 18:25:54.050 10 INFO neutron.wsgi [None req-8d44010d-7dd3-431f-a9cd-c74c5d2f1116 c208bc2e7cd24685936cbcb54518d479 7ff36d0d1f80468d916bb1c141236195 - - default default] 199.204.45.157 "DELETE /v2.0/ports/774e30fb-ee4f-48a1-80f2-07123d186cc4 HTTP/1.1" status: 404 len: 338 time: 0.0155342
2026-06-09 18:25:54.077 10 INFO neutron.wsgi [req-142f225e-41ad-4cdb-8f38-8f913ae58de3 req-65f456b1-90b5-4bc5-9ac6-94817e77b7e3 b47c0b7c98b846df9890bab7498fd0aa ad6a4df0ef014444880e444ee34f74bf - - 2b4bb9ba05f143faa2b548f35197875c 2b4bb9ba05f143faa2b548f35197875c] 199.204.45.157 "GET /v2.0/subnets?id=ffcf02e7-6530-483d-ab23-57b0fc916672 HTTP/1.1" status: 200 len: 854 time: 0.0291917
2026-06-09 18:25:54.105 10 INFO neutron.wsgi [req-142f225e-41ad-4cdb-8f38-8f913ae58de3 req-b97e1149-31ec-492a-b9fb-4d7b61294316 b47c0b7c98b846df9890bab7498fd0aa ad6a4df0ef014444880e444ee34f74bf - - 2b4bb9ba05f143faa2b548f35197875c 2b4bb9ba05f143faa2b548f35197875c] 199.204.45.157 "GET /v2.0/ports?network_id=70c19761-73c1-4466-a15e-90b1a56a3831&device_owner=network%3Adhcp HTTP/1.1" status: 200 len: 210 time: 0.0200734
2026-06-09 18:25:54.163 10 INFO neutron.wsgi [None req-0d477965-1f11-4520-8407-0d6c4bd43cf9 c208bc2e7cd24685936cbcb54518d479 7ff36d0d1f80468d916bb1c141236195 - - default default] 199.204.45.157 "GET /v2.0/extensions/security-group HTTP/1.1" status: 200 len: 369 time: 0.0053992
2026-06-09 18:25:54.174 10 INFO neutron.wsgi [None req-01783e60-f176-4db3-b832-649db546248f c208bc2e7cd24685936cbcb54518d479 7ff36d0d1f80468d916bb1c141236195 - - default default] 199.204.45.157 "GET /v2.0/extensions/dns-integration HTTP/1.1" status: 200 len: 371 time: 0.0051086
2026-06-09 18:25:54.178 10 INFO neutron.wsgi [req-142f225e-41ad-4cdb-8f38-8f913ae58de3 req-ad80585b-7a9a-4ae9-959f-70fc27b1745e b47c0b7c98b846df9890bab7498fd0aa ad6a4df0ef014444880e444ee34f74bf - - 2b4bb9ba05f143faa2b548f35197875c 2b4bb9ba05f143faa2b548f35197875c] 199.204.45.157 "GET /v2.0/networks/70c19761-73c1-4466-a15e-90b1a56a3831?fields=segments HTTP/1.1" status: 200 len: 212 time: 0.0683370
2026-06-09 18:25:54.182 10 INFO neutron.wsgi [None req-cbc9a8a9-9993-46da-a802-e1cdc32973c1 c208bc2e7cd24685936cbcb54518d479 7ff36d0d1f80468d916bb1c141236195 - - default default] 199.204.45.157 "GET /v2.0/extensions/qos HTTP/1.1" status: 200 len: 365 time: 0.0035937
2026-06-09 18:25:54.192 10 INFO neutron.wsgi [None req-eeae68c2-f82d-4bfe-9052-ec95e57da382 c208bc2e7cd24685936cbcb54518d479 7ff36d0d1f80468d916bb1c141236195 - - default default] 199.204.45.157 "GET /v2.0/extensions/allowed-address-pairs HTTP/1.1" status: 200 len: 383 time: 0.0036395
2026-06-09 18:25:54.240 10 INFO neutron.wsgi [None req-d18f2843-7aff-4f02-a642-0177eb2cf423 c208bc2e7cd24685936cbcb54518d479 7ff36d0d1f80468d916bb1c141236195 - - default default] 199.204.45.157 "GET /v2.0/subnets/ffcf02e7-6530-483d-ab23-57b0fc916672 HTTP/1.1" status: 200 len: 851 time: 0.0418320
2026-06-09 18:25:54.264 10 INFO neutron.wsgi [req-142f225e-41ad-4cdb-8f38-8f913ae58de3 req-0429b16a-9987-49c4-a67f-63d775cffb67 b47c0b7c98b846df9890bab7498fd0aa ad6a4df0ef014444880e444ee34f74bf - - 2b4bb9ba05f143faa2b548f35197875c 2b4bb9ba05f143faa2b548f35197875c] 199.204.45.157 "GET /v2.0/networks/70c19761-73c1-4466-a15e-90b1a56a3831?fields=provider%3Aphysical_network&fields=provider%3Anetwork_type HTTP/1.1" status: 200 len: 277 time: 0.0819314
2026-06-09 18:25:54.279 10 INFO neutron.wsgi [None req-18258e10-3aa8-4807-9103-7473fe91fcb1 c208bc2e7cd24685936cbcb54518d479 7ff36d0d1f80468d916bb1c141236195 - - default default] 199.204.45.157 "GET /v2.0/ports/07c25e0d-9d4e-4731-a3d7-27bfa2464d82 HTTP/1.1" status: 200 len: 1336 time: 0.0317249
2026-06-09 18:25:54.319 10 INFO neutron.wsgi [None req-7bd9e6f0-776f-4888-ba97-49b7a60acbd3 c208bc2e7cd24685936cbcb54518d479 7ff36d0d1f80468d916bb1c141236195 - - default default] 199.204.45.157 "GET /v2.0/ports/a3a8f988-c9d2-45ce-8bd1-b3cfaffc74e6 HTTP/1.1" status: 200 len: 1514 time: 0.0311861
2026-06-09 18:25:54.360 10 INFO neutron.wsgi [None req-84827ae5-cf54-4bf6-8af0-e14a5f648f6e c208bc2e7cd24685936cbcb54518d479 7ff36d0d1f80468d916bb1c141236195 - - default default] 199.204.45.157 "GET /v2.0/subnets/ffcf02e7-6530-483d-ab23-57b0fc916672 HTTP/1.1" status: 200 len: 851 time: 0.0334435
2026-06-09 18:25:54.435 10 INFO neutron.wsgi [None req-0a233872-142a-404d-b173-44bf1a2e4675 c208bc2e7cd24685936cbcb54518d479 7ff36d0d1f80468d916bb1c141236195 - - default default] 199.204.45.157 "GET /v2.0/networks/70c19761-73c1-4466-a15e-90b1a56a3831 HTTP/1.1" status: 200 len: 1001 time: 0.0668473
2026-06-09 18:25:54.475 10 INFO neutron.wsgi [None req-773584ec-5ef1-49ae-95aa-1c5776f0d661 c208bc2e7cd24685936cbcb54518d479 7ff36d0d1f80468d916bb1c141236195 - - default default] 199.204.45.157 "GET /v2.0/ports/07c25e0d-9d4e-4731-a3d7-27bfa2464d82 HTTP/1.1" status: 200 len: 1336 time: 0.0326939
2026-06-09 18:25:54.515 10 INFO neutron.wsgi [None req-eabc3b58-12cb-4191-b6d7-ab43f6e319d9 c208bc2e7cd24685936cbcb54518d479 7ff36d0d1f80468d916bb1c141236195 - - default default] 199.204.45.157 "GET /v2.0/subnets/ffcf02e7-6530-483d-ab23-57b0fc916672 HTTP/1.1" status: 200 len: 851 time: 0.0317595
2026-06-09 18:25:54.694 10 INFO neutron.notifiers.nova [-] Nova event matching ['req-52ee3e00-8d3b-4a5a-9dab-2083d11db947'] response: {'server_uuid': 'f227e230-45f4-4005-b002-6da77ef2254e', 'name': 'network-vif-unplugged', 'status': 'completed', 'tag': '774e30fb-ee4f-48a1-80f2-07123d186cc4', 'code': 200}
2026-06-09 18:25:54.694 10 INFO neutron.notifiers.nova [-] Nova event matching ['req-52ee3e00-8d3b-4a5a-9dab-2083d11db947'] response: {'server_uuid': 'f227e230-45f4-4005-b002-6da77ef2254e', 'name': 'network-vif-plugged', 'status': 'completed', 'tag': '774e30fb-ee4f-48a1-80f2-07123d186cc4', 'code': 200}
2026-06-09 18:25:54.694 10 INFO neutron.notifiers.nova [-] Nova event matching ['req-52ee3e00-8d3b-4a5a-9dab-2083d11db947'] response: {'server_uuid': 'f227e230-45f4-4005-b002-6da77ef2254e', 'name': 'network-vif-deleted', 'tag': '774e30fb-ee4f-48a1-80f2-07123d186cc4', 'status': 'completed', 'code': 200}
2026-06-09 18:25:58.666 9 INFO neutron.wsgi [None req-9baadcb3-a6c4-4fc1-9332-0be98b63145a c208bc2e7cd24685936cbcb54518d479 7ff36d0d1f80468d916bb1c141236195 - - default default] 10.0.0.80 "GET /v2.0/agents HTTP/1.1" status: 200 len: 997 time: 0.0912404
2026-06-09 18:25:58.740 9 INFO neutron.wsgi [None req-7cd77469-cd32-40a0-a431-7b24bddecb27 c208bc2e7cd24685936cbcb54518d479 7ff36d0d1f80468d916bb1c141236195 - - default default] 10.0.0.80 "GET /v2.0/floatingips HTTP/1.1" status: 200 len: 2764 time: 0.0719831
2026-06-09 18:25:58.815 9 INFO neutron.wsgi [None req-f79d5fae-09d6-4567-8247-61814d000a9e c208bc2e7cd24685936cbcb54518d479 7ff36d0d1f80468d916bb1c141236195 - - default default] 10.0.0.80 "GET /v2.0/routers HTTP/1.1" status: 200 len: 848 time: 0.0737755
2026-06-09 18:25:58.827 9 INFO neutron.wsgi [None req-e89c0d84-84b0-4d88-b2c8-fa0eea44c33b c208bc2e7cd24685936cbcb54518d479 7ff36d0d1f80468d916bb1c141236195 - - default default] 10.0.0.80 "GET /v2.0/agents?binary=ovn-controller HTTP/1.1" status: 200 len: 591 time: 0.0107543
2026-06-09 18:25:58.840 9 INFO neutron.wsgi [None req-f55be4f9-1a08-4518-b9a0-6ab7cf497af4 c208bc2e7cd24685936cbcb54518d479 7ff36d0d1f80468d916bb1c141236195 - - default default] 10.0.0.80 "GET /v2.0/network-ip-availabilities HTTP/1.1" status: 200 len: 3362 time: 0.0122557
2026-06-09 18:25:58.915 9 INFO neutron.wsgi [None req-e873244e-535c-43f8-8314-01fcde9ce8d3 c208bc2e7cd24685936cbcb54518d479 7ff36d0d1f80468d916bb1c141236195 - - default default] 10.0.0.80 "GET /v2.0/networks HTTP/1.1" status: 200 len: 4719 time: 0.0738831
2026-06-09 18:25:58.971 9 INFO neutron.wsgi [None req-3f2cca92-87e3-4b95-92ed-723d3e9297a8 c208bc2e7cd24685936cbcb54518d479 7ff36d0d1f80468d916bb1c141236195 - - default default] 10.0.0.80 "GET /v2.0/security-groups HTTP/1.1" status: 200 len: 30229 time: 0.0535588
2026-06-09 18:25:59.026 9 INFO neutron.wsgi [None req-da31972b-4901-4f9c-b0b9-a69d56f80420 c208bc2e7cd24685936cbcb54518d479 7ff36d0d1f80468d916bb1c141236195 - - default default] 10.0.0.80 "GET /v2.0/subnets HTTP/1.1" status: 200 len: 5496 time: 0.0450377
2026-06-09 18:25:59.085 9 INFO neutron.wsgi [None req-2f4bbe29-41d3-4d04-8ac6-f691bd7cc272 c208bc2e7cd24685936cbcb54518d479 7ff36d0d1f80468d916bb1c141236195 - - default default] 10.0.0.80 "GET /v2.0/subnets HTTP/1.1" status: 200 len: 5496 time: 0.0563824
2026-06-09 18:25:59.101 9 INFO neutron.wsgi [None req-22b42769-dc20-4b9f-8afe-3afc209e779c c208bc2e7cd24685936cbcb54518d479 7ff36d0d1f80468d916bb1c141236195 - - default default] 10.0.0.80 "GET /v2.0/subnetpools HTTP/1.1" status: 200 len: 193 time: 0.0135946
2026-06-09 18:25:59.196 9 INFO neutron.wsgi [None req-4898653c-d1f9-4499-b779-af9918f8c06c c208bc2e7cd24685936cbcb54518d479 7ff36d0d1f80468d916bb1c141236195 - - default default] 10.0.0.80 "GET /v2.0/ports HTTP/1.1" status: 200 len: 22205 time: 0.0943394
2026-06-09 18:26:03.007 10 INFO neutron.wsgi [None req-ea495dd1-67ab-47f1-8d19-ceb87f7b0d0f c208bc2e7cd24685936cbcb54518d479 7ff36d0d1f80468d916bb1c141236195 - - default default] 199.204.45.157 "GET /v2.0/extensions/security-group HTTP/1.1" status: 200 len: 369 time: 0.0093169
2026-06-09 18:26:03.016 10 INFO neutron.wsgi [None req-abb72d1b-13f2-4bcd-a7d3-e7ce4d22fa96 c208bc2e7cd24685936cbcb54518d479 7ff36d0d1f80468d916bb1c141236195 - - default default] 199.204.45.157 "GET /v2.0/extensions/dns-integration HTTP/1.1" status: 200 len: 371 time: 0.0045421
2026-06-09 18:26:03.025 10 INFO neutron.wsgi [None req-71ffd300-fa52-49a4-9247-6a48621061d5 c208bc2e7cd24685936cbcb54518d479 7ff36d0d1f80468d916bb1c141236195 - - default default] 199.204.45.157 "GET /v2.0/extensions/qos HTTP/1.1" status: 200 len: 365 time: 0.0052311
2026-06-09 18:26:03.034 10 INFO neutron.wsgi [None req-fdc1377c-1a8f-48b6-883c-faba00e37c56 c208bc2e7cd24685936cbcb54518d479 7ff36d0d1f80468d916bb1c141236195 - - default default] 199.204.45.157 "GET /v2.0/extensions/allowed-address-pairs HTTP/1.1" status: 200 len: 383 time: 0.0056603
2026-06-09 18:26:03.051 10 INFO neutron.api.v2.resource [None req-b7c7736b-44c0-49df-b193-eec8a75aa085 c208bc2e7cd24685936cbcb54518d479 7ff36d0d1f80468d916bb1c141236195 - - default default] show failed (client error): The resource could not be found.
2026-06-09 18:26:03.052 10 INFO neutron.wsgi [None req-b7c7736b-44c0-49df-b193-eec8a75aa085 c208bc2e7cd24685936cbcb54518d479 7ff36d0d1f80468d916bb1c141236195 - - default default] 199.204.45.157 "GET /v2.0/security-groups/lb-b7836efa-67ff-41fd-806b-2deb6ebff2a4 HTTP/1.1" status: 404 len: 355 time: 0.0114274
2026-06-09 18:26:03.094 10 INFO neutron.wsgi [None req-f1b0af83-7de4-4702-8fd4-e85f8c6d3829 c208bc2e7cd24685936cbcb54518d479 7ff36d0d1f80468d916bb1c141236195 - - default default] 199.204.45.157 "GET /v2.0/security-groups?name=lb-b7836efa-67ff-41fd-806b-2deb6ebff2a4 HTTP/1.1" status: 200 len: 2939 time: 0.0380335
2026-06-09 18:26:03.131 10 INFO neutron.wsgi [None req-94c2b67c-98f6-4614-8e74-f061e3b1f0b9 c208bc2e7cd24685936cbcb54518d479 7ff36d0d1f80468d916bb1c141236195 - - default default] 199.204.45.157 "GET /v2.0/security-group-rules?security_group_id=8320a244-40c6-4c29-aeda-c8303e31cf24 HTTP/1.1" status: 200 len: 2406 time: 0.0323377
2026-06-09 18:26:03.251 10 INFO neutron.wsgi [None req-460f2446-fa75-4232-b77f-84f3ade3d317 c208bc2e7cd24685936cbcb54518d479 7ff36d0d1f80468d916bb1c141236195 - - default default] 199.204.45.157 "DELETE /v2.0/security-group-rules/b98fde8e-703a-40f6-a33b-8af01bfece0c HTTP/1.1" status: 204 len: 173 time: 0.1069069
2026-06-09 18:26:03.360 10 INFO neutron.wsgi [None req-9719b976-ab92-426a-8654-ef707f50e8aa c208bc2e7cd24685936cbcb54518d479 7ff36d0d1f80468d916bb1c141236195 - - default default] 199.204.45.157 "DELETE /v2.0/security-group-rules/ccc0fb4e-06d7-45ed-aa07-9b8c674cd3e2 HTTP/1.1" status: 204 len: 173 time: 0.1016192
2026-06-09 18:26:05.246 10 INFO neutron.wsgi [-] 10.0.0.71 "GET / HTTP/1.1" status: 200 len: 247 time: 0.0025063
2026-06-09 18:26:05.247 9 INFO neutron.wsgi [-] 10.0.0.71 "GET / HTTP/1.1" status: 200 len: 247 time: 0.0032084
2026-06-09 18:26:07.291 10 INFO neutron.db.l3_db [None req-a7b9a229-56e9-418c-9b36-a49f11ea703a 9e0ef7af7b3543438a6904a471454bbf 2a5bad0c8f8e460faa5c31f42ecfc45d - - default default] Floating IP d6aad368-92a3-444a-ba7f-17b96845b66e disassociated (deleted). External IP: 10.96.250.208, port: 07c25e0d-9d4e-4731-a3d7-27bfa2464d82.
2026-06-09 18:26:07.343 10 INFO neutron.wsgi [None req-a7b9a229-56e9-418c-9b36-a49f11ea703a 9e0ef7af7b3543438a6904a471454bbf 2a5bad0c8f8e460faa5c31f42ecfc45d - - default default] 10.0.0.138 "DELETE /v2.0/floatingips/d6aad368-92a3-444a-ba7f-17b96845b66e HTTP/1.1" status: 204 len: 168 time: 0.4030514
2026-06-09 18:26:07.371 10 INFO neutron.api.v2.resource [None req-56b223bb-64f0-4dde-854b-fa6b176bdf44 9e0ef7af7b3543438a6904a471454bbf 2a5bad0c8f8e460faa5c31f42ecfc45d - - default default] show failed (client error): The resource could not be found.
2026-06-09 18:26:07.373 10 INFO neutron.wsgi [None req-56b223bb-64f0-4dde-854b-fa6b176bdf44 9e0ef7af7b3543438a6904a471454bbf 2a5bad0c8f8e460faa5c31f42ecfc45d - - default default] 10.0.0.138 "GET /v2.0/floatingips/d6aad368-92a3-444a-ba7f-17b96845b66e HTTP/1.1" status: 404 len: 345 time: 0.0238521
2026-06-09 18:26:07.987 10 INFO neutron.wsgi [None req-023959fc-ad9d-4102-8526-267b276dbfba c208bc2e7cd24685936cbcb54518d479 7ff36d0d1f80468d916bb1c141236195 - - default default] 199.204.45.157 "GET /v2.0/extensions/security-group HTTP/1.1" status: 200 len: 369 time: 0.0078499
2026-06-09 18:26:07.997 10 INFO neutron.wsgi [None req-f9d9e155-41aa-42b5-900a-3888f3503d04 c208bc2e7cd24685936cbcb54518d479 7ff36d0d1f80468d916bb1c141236195 - - default default] 199.204.45.157 "GET /v2.0/extensions/dns-integration HTTP/1.1" status: 200 len: 371 time: 0.0040207
2026-06-09 18:26:08.005 10 INFO neutron.wsgi [None req-3c0a9c7a-8c32-45f9-b562-2dbe9a66de9f c208bc2e7cd24685936cbcb54518d479 7ff36d0d1f80468d916bb1c141236195 - - default default] 199.204.45.157 "GET /v2.0/extensions/qos HTTP/1.1" status: 200 len: 365 time: 0.0045748
2026-06-09 18:26:08.014 10 INFO neutron.wsgi [None req-5e691dd0-4220-4dce-947f-1722fdaa6202 c208bc2e7cd24685936cbcb54518d479 7ff36d0d1f80468d916bb1c141236195 - - default default] 199.204.45.157 "GET /v2.0/extensions/allowed-address-pairs HTTP/1.1" status: 200 len: 383 time: 0.0049319
2026-06-09 18:26:08.056 10 INFO neutron.wsgi [None req-9c1609b9-8e2b-48d1-a3c0-c176f58f1752 c208bc2e7cd24685936cbcb54518d479 7ff36d0d1f80468d916bb1c141236195 - - default default] 199.204.45.157 "GET /v2.0/subnets/ffcf02e7-6530-483d-ab23-57b0fc916672 HTTP/1.1" status: 200 len: 851 time: 0.0380154
2026-06-09 18:26:08.103 10 INFO neutron.wsgi [None req-10ce2148-7393-4652-b995-f6e68400b690 c208bc2e7cd24685936cbcb54518d479 7ff36d0d1f80468d916bb1c141236195 - - default default] 199.204.45.157 "GET /v2.0/ports?device_id=f227e230-45f4-4005-b002-6da77ef2254e HTTP/1.1" status: 200 len: 2723 time: 0.0412476
2026-06-09 18:26:08.361 10 INFO neutron.wsgi [None req-9de28b82-20d9-4fb7-9417-9857a7182712 c208bc2e7cd24685936cbcb54518d479 7ff36d0d1f80468d916bb1c141236195 - - default default] 199.204.45.157 "GET /v2.0/ports?device_id=f227e230-45f4-4005-b002-6da77ef2254e HTTP/1.1" status: 200 len: 2723 time: 0.2473114
2026-06-09 18:26:08.460 10 INFO neutron.wsgi [None req-d2c61115-594a-4351-a20d-18e68a7fb75f c208bc2e7cd24685936cbcb54518d479 7ff36d0d1f80468d916bb1c141236195 - - default default] 199.204.45.157 "GET /v2.0/ports?device_id=f227e230-45f4-4005-b002-6da77ef2254e HTTP/1.1" status: 200 len: 2723 time: 0.0402100
2026-06-09 18:26:08.715 10 INFO neutron.plugins.ml2.drivers.ovn.mech_driver.mech_driver [None req-24070eea-561b-43c1-a7b8-522b40924b28 - - - - - -] OVN reports status down for port: 07c25e0d-9d4e-4731-a3d7-27bfa2464d82
2026-06-09 18:26:08.803 10 INFO neutron.wsgi [req-080f2238-2e41-4c44-9be4-0a35c212f1e7 req-3f497eb2-74bc-4be8-bceb-282334508e6d b47c0b7c98b846df9890bab7498fd0aa ad6a4df0ef014444880e444ee34f74bf - - 2b4bb9ba05f143faa2b548f35197875c 2b4bb9ba05f143faa2b548f35197875c] 199.204.45.157 "GET /v2.0/ports/a3a8f988-c9d2-45ce-8bd1-b3cfaffc74e6 HTTP/1.1" status: 200 len: 1514 time: 0.0338085
2026-06-09 18:26:08.870 10 INFO neutron.wsgi [req-080f2238-2e41-4c44-9be4-0a35c212f1e7 req-e7ce8d61-8ce5-42f3-bb9a-f97964dd99c1 c208bc2e7cd24685936cbcb54518d479 7ff36d0d1f80468d916bb1c141236195 - - default default] 199.204.45.157 "GET /v2.0/ports/a3a8f988-c9d2-45ce-8bd1-b3cfaffc74e6?fields=binding%3Aprofile&fields=network_id HTTP/1.1" status: 200 len: 281 time: 0.0561922
2026-06-09 18:26:08.878 10 INFO neutron.plugins.ml2.drivers.ovn.mech_driver.mech_driver [None req-24070eea-561b-43c1-a7b8-522b40924b28 - - - - - -] OVN reports status down for port: a3a8f988-c9d2-45ce-8bd1-b3cfaffc74e6
2026-06-09 18:26:08.909 10 INFO neutron.db.ovn_revision_numbers_db [None req-768d75b9-c32e-4d39-b84a-5700e97dc94d - - - - - -] Successfully bumped revision number for resource 07c25e0d-9d4e-4731-a3d7-27bfa2464d82 (type: ports) to 6
2026-06-09 18:26:08.956 10 INFO neutron.wsgi [req-080f2238-2e41-4c44-9be4-0a35c212f1e7 req-bb852265-09c5-490b-9ac5-a3232ff57de0 c208bc2e7cd24685936cbcb54518d479 7ff36d0d1f80468d916bb1c141236195 - - default default] 199.204.45.157 "GET /v2.0/networks/70c19761-73c1-4466-a15e-90b1a56a3831?fields=dns_domain HTTP/1.1" status: 200 len: 227 time: 0.0802028
2026-06-09 18:26:09.071 10 INFO neutron.notifiers.nova [-] Nova event matching ['req-06e535e5-d11f-44f5-b96c-ff66f59b672f'] response: {'server_uuid': 'f227e230-45f4-4005-b002-6da77ef2254e', 'name': 'network-vif-unplugged', 'status': 'completed', 'tag': 'a3a8f988-c9d2-45ce-8bd1-b3cfaffc74e6', 'code': 200}
2026-06-09 18:26:09.287 10 INFO neutron.db.ovn_revision_numbers_db [None req-24070eea-561b-43c1-a7b8-522b40924b28 - - - - - -] Successfully bumped revision number for resource a3a8f988-c9d2-45ce-8bd1-b3cfaffc74e6 (type: ports) to 7
2026-06-09 18:26:09.433 10 INFO neutron.db.ovn_revision_numbers_db [req-080f2238-2e41-4c44-9be4-0a35c212f1e7 req-1bcc9af4-7ede-44f0-9621-25cb61b5c052 b47c0b7c98b846df9890bab7498fd0aa ad6a4df0ef014444880e444ee34f74bf - - 2b4bb9ba05f143faa2b548f35197875c 2b4bb9ba05f143faa2b548f35197875c] Successfully bumped revision number for resource a3a8f988-c9d2-45ce-8bd1-b3cfaffc74e6 (type: ports) to 8
2026-06-09 18:26:09.449 10 INFO neutron.wsgi [req-080f2238-2e41-4c44-9be4-0a35c212f1e7 req-1bcc9af4-7ede-44f0-9621-25cb61b5c052 b47c0b7c98b846df9890bab7498fd0aa ad6a4df0ef014444880e444ee34f74bf - - 2b4bb9ba05f143faa2b548f35197875c 2b4bb9ba05f143faa2b548f35197875c] 199.204.45.157 "PUT /v2.0/ports/a3a8f988-c9d2-45ce-8bd1-b3cfaffc74e6 HTTP/1.1" status: 200 len: 1346 time: 0.4847109 /var/lib/openstack/lib/python3.10/site-packages/pycadf/identifier.py:71: UserWarning: Invalid uuid: neutron. To ensure interoperability, identifiers should be a valid uuid. warnings.warn(('Invalid uuid: %s. To ensure interoperability, '
2026-06-09 18:26:09.517 10 INFO neutron.wsgi [None req-473bf91d-6c95-4317-9b62-f5e0bae1afb6 c208bc2e7cd24685936cbcb54518d479 7ff36d0d1f80468d916bb1c141236195 - - default default] 199.204.45.157 "GET /v2.0/ports?device_id=f227e230-45f4-4005-b002-6da77ef2254e HTTP/1.1" status: 200 len: 1417 time: 0.0463567
2026-06-09 18:26:09.550 10 INFO neutron.wsgi [req-080f2238-2e41-4c44-9be4-0a35c212f1e7 req-173e7bd2-5fcc-4cc0-bdbe-6753767d6649 b47c0b7c98b846df9890bab7498fd0aa ad6a4df0ef014444880e444ee34f74bf - - 2b4bb9ba05f143faa2b548f35197875c 2b4bb9ba05f143faa2b548f35197875c] 199.204.45.157 "GET /v2.0/ports?tenant_id=7ff36d0d1f80468d916bb1c141236195&device_id=f227e230-45f4-4005-b002-6da77ef2254e HTTP/1.1" status: 200 len: 1417 time: 0.0490274
2026-06-09 18:26:09.642 10 INFO neutron.wsgi [req-080f2238-2e41-4c44-9be4-0a35c212f1e7 req-81dd8d99-f577-4f09-8bb2-ffb068506d82 b47c0b7c98b846df9890bab7498fd0aa ad6a4df0ef014444880e444ee34f74bf - - 2b4bb9ba05f143faa2b548f35197875c 2b4bb9ba05f143faa2b548f35197875c] 199.204.45.157 "GET /v2.0/networks?id=9b054868-959e-4266-a93e-7a02fa3d2ca9&id=70c19761-73c1-4466-a15e-90b1a56a3831 HTTP/1.1" status: 200 len: 1728 time: 0.0832701
2026-06-09 18:26:09.688 10 INFO neutron.wsgi [req-080f2238-2e41-4c44-9be4-0a35c212f1e7 req-5bf74b9e-3ddd-4e30-a583-bc5f5783891a b47c0b7c98b846df9890bab7498fd0aa ad6a4df0ef014444880e444ee34f74bf - - 2b4bb9ba05f143faa2b548f35197875c 2b4bb9ba05f143faa2b548f35197875c] 199.204.45.157 "GET /v2.0/floatingips?fixed_ip_address=172.24.1.111&port_id=22ff589c-1e51-43f8-acc7-b51315b6cd48 HTTP/1.1" status: 200 len: 217 time: 0.0350244
2026-06-09 18:26:09.732 10 INFO neutron.wsgi [req-080f2238-2e41-4c44-9be4-0a35c212f1e7 req-e3b9a8c2-f857-4f6b-9ea0-7ad7799cff81 b47c0b7c98b846df9890bab7498fd0aa ad6a4df0ef014444880e444ee34f74bf - - 2b4bb9ba05f143faa2b548f35197875c 2b4bb9ba05f143faa2b548f35197875c] 199.204.45.157 "GET /v2.0/subnets?id=293b505e-fd8f-4d55-8a46-3f374e72b6b8 HTTP/1.1" status: 200 len: 829 time: 0.0371594
2026-06-09 18:26:09.756 10 INFO neutron.wsgi [req-080f2238-2e41-4c44-9be4-0a35c212f1e7 req-fa1c2e22-f3da-4067-a636-cb1b89532dfb b47c0b7c98b846df9890bab7498fd0aa ad6a4df0ef014444880e444ee34f74bf - - 2b4bb9ba05f143faa2b548f35197875c 2b4bb9ba05f143faa2b548f35197875c] 199.204.45.157 "GET /v2.0/ports?network_id=9b054868-959e-4266-a93e-7a02fa3d2ca9&device_owner=network%3Adhcp HTTP/1.1" status: 200 len: 210 time: 0.0182579
2026-06-09 18:26:09.846 10 INFO neutron.wsgi [req-080f2238-2e41-4c44-9be4-0a35c212f1e7 req-88105a62-3d01-483c-bef2-4ae7dc747f1a b47c0b7c98b846df9890bab7498fd0aa ad6a4df0ef014444880e444ee34f74bf - - 2b4bb9ba05f143faa2b548f35197875c 2b4bb9ba05f143faa2b548f35197875c] 199.204.45.157 "GET /v2.0/networks/9b054868-959e-4266-a93e-7a02fa3d2ca9?fields=segments HTTP/1.1" status: 200 len: 212 time: 0.0796967 /var/lib/openstack/lib/python3.10/site-packages/pycadf/identifier.py:71: UserWarning: Invalid uuid: neutron. To ensure interoperability, identifiers should be a valid uuid. warnings.warn(('Invalid uuid: %s. To ensure interoperability, '
2026-06-09 18:26:09.954 10 INFO neutron.wsgi [req-080f2238-2e41-4c44-9be4-0a35c212f1e7 req-6d6fc9a7-c6c8-47a1-97f0-99839b1b2ad4 b47c0b7c98b846df9890bab7498fd0aa ad6a4df0ef014444880e444ee34f74bf - - 2b4bb9ba05f143faa2b548f35197875c 2b4bb9ba05f143faa2b548f35197875c] 199.204.45.157 "GET /v2.0/networks/9b054868-959e-4266-a93e-7a02fa3d2ca9?fields=provider%3Aphysical_network&fields=provider%3Anetwork_type HTTP/1.1" status: 200 len: 277 time: 0.1018364
2026-06-09 18:26:10.048 10 INFO neutron.db.ovn_revision_numbers_db [None req-5534ac1d-431c-4bc5-b92c-13a09a1e205f c208bc2e7cd24685936cbcb54518d479 7ff36d0d1f80468d916bb1c141236195 - - default default] Successfully bumped revision number for resource a3a8f988-c9d2-45ce-8bd1-b3cfaffc74e6 (type: ports) to 9
2026-06-09 18:26:10.070 10 INFO neutron.wsgi [None req-5534ac1d-431c-4bc5-b92c-13a09a1e205f c208bc2e7cd24685936cbcb54518d479 7ff36d0d1f80468d916bb1c141236195 - - default default] 199.204.45.157 "PUT /v2.0/ports/a3a8f988-c9d2-45ce-8bd1-b3cfaffc74e6 HTTP/1.1" status: 200 len: 1286 time: 0.5435710
2026-06-09 18:26:10.123 10 INFO neutron.wsgi [None req-544b4abf-2482-4dfc-93bd-7977f799a333 c208bc2e7cd24685936cbcb54518d479 7ff36d0d1f80468d916bb1c141236195 - - default default] 199.204.45.157 "GET /v2.0/ports/a3a8f988-c9d2-45ce-8bd1-b3cfaffc74e6 HTTP/1.1" status: 200 len: 1286 time: 0.0369737
2026-06-09 18:26:10.165 10 INFO neutron.db.ovn_revision_numbers_db [None req-768d75b9-c32e-4d39-b84a-5700e97dc94d - - - - - -] Successfully bumped revision number for resource 07c25e0d-9d4e-4731-a3d7-27bfa2464d82 (type: ports) to 8
2026-06-09 18:26:10.447 10 INFO neutron.wsgi [None req-79d9c30b-c803-4c5d-a55f-739000f1b8b6 c208bc2e7cd24685936cbcb54518d479 7ff36d0d1f80468d916bb1c141236195 - - default default] 199.204.45.157 "DELETE /v2.0/ports/a3a8f988-c9d2-45ce-8bd1-b3cfaffc74e6 HTTP/1.1" status: 204 len: 173 time: 0.3156180
2026-06-09 18:26:10.524 10 INFO neutron.wsgi [None req-60e46de0-e4b7-40fc-aca4-81968fa17136 c208bc2e7cd24685936cbcb54518d479 7ff36d0d1f80468d916bb1c141236195 - - default default] 199.204.45.157 "GET /v2.0/extensions/security-group HTTP/1.1" status: 200 len: 369 time: 0.0058529
2026-06-09 18:26:10.531 10 INFO neutron.wsgi [None req-e83d7699-7632-43f7-8f48-5e70bd928a87 c208bc2e7cd24685936cbcb54518d479 7ff36d0d1f80468d916bb1c141236195 - - default default] 199.204.45.157 "GET /v2.0/extensions/dns-integration HTTP/1.1" status: 200 len: 371 time: 0.0038116
2026-06-09 18:26:10.539 10 INFO neutron.wsgi [None req-515d7059-cf28-45ed-80fc-baa076aff036 c208bc2e7cd24685936cbcb54518d479 7ff36d0d1f80468d916bb1c141236195 - - default default] 199.204.45.157 "GET /v2.0/extensions/qos HTTP/1.1" status: 200 len: 365 time: 0.0051408
2026-06-09 18:26:10.550 10 INFO neutron.wsgi [None req-8fb05bea-c6dd-4f28-be7f-967a3a67b31b c208bc2e7cd24685936cbcb54518d479 7ff36d0d1f80468d916bb1c141236195 - - default default] 199.204.45.157 "GET /v2.0/extensions/allowed-address-pairs HTTP/1.1" status: 200 len: 383 time: 0.0053954
2026-06-09 18:26:10.573 10 INFO neutron.pecan_wsgi.hooks.translation [None req-641d0305-25a1-4c81-be73-91ffe5a3d58f c208bc2e7cd24685936cbcb54518d479 7ff36d0d1f80468d916bb1c141236195 - - default default] DELETE failed (client error): The resource could not be found.
2026-06-09 18:26:10.575 10 INFO neutron.wsgi [None req-641d0305-25a1-4c81-be73-91ffe5a3d58f c208bc2e7cd24685936cbcb54518d479 7ff36d0d1f80468d916bb1c141236195 - - default default] 199.204.45.157 "DELETE /v2.0/ports/a3a8f988-c9d2-45ce-8bd1-b3cfaffc74e6 HTTP/1.1" status: 404 len: 338 time: 0.0194089
2026-06-09 18:26:10.617 10 INFO neutron.wsgi [None req-b23173f0-d04f-4de7-b3fd-97034187b47b c208bc2e7cd24685936cbcb54518d479 7ff36d0d1f80468d916bb1c141236195 - - default default] 199.204.45.157 "GET /v2.0/ports/07c25e0d-9d4e-4731-a3d7-27bfa2464d82 HTTP/1.1" status: 200 len: 1328 time: 0.0350313
2026-06-09 18:26:10.636 10 INFO neutron.api.v2.resource [None req-8b09a5a8-c114-4a22-ad4d-2eb5c0b7fced c208bc2e7cd24685936cbcb54518d479 7ff36d0d1f80468d916bb1c141236195 - - default default] show failed (client error): The resource could not be found.
2026-06-09 18:26:10.637 10 INFO neutron.wsgi [None req-8b09a5a8-c114-4a22-ad4d-2eb5c0b7fced c208bc2e7cd24685936cbcb54518d479 7ff36d0d1f80468d916bb1c141236195 - - default default] 199.204.45.157 "GET /v2.0/security-groups/lb-b7836efa-67ff-41fd-806b-2deb6ebff2a4 HTTP/1.1" status: 404 len: 355 time: 0.0116179
2026-06-09 18:26:10.679 10 INFO neutron.wsgi [None req-1e477041-7d28-4efb-b97a-c433872f0de0 c208bc2e7cd24685936cbcb54518d479 7ff36d0d1f80468d916bb1c141236195 - - default default] 199.204.45.157 "GET /v2.0/security-groups?name=lb-b7836efa-67ff-41fd-806b-2deb6ebff2a4 HTTP/1.1" status: 200 len: 1775 time: 0.0380397
2026-06-09 18:26:10.720 10 INFO neutron.wsgi [None req-82b2a80b-5167-486b-ad9a-a1a361cf6470 c208bc2e7cd24685936cbcb54518d479 7ff36d0d1f80468d916bb1c141236195 - - default default] 199.204.45.157 "GET /v2.0/ports/07c25e0d-9d4e-4731-a3d7-27bfa2464d82 HTTP/1.1" status: 200 len: 1328 time: 0.0322540
2026-06-09 18:26:11.104 10 INFO neutron.db.ovn_revision_numbers_db [None req-b5bb9bea-e083-4fc0-828a-970c32420140 c208bc2e7cd24685936cbcb54518d479 7ff36d0d1f80468d916bb1c141236195 - - default default] Successfully bumped revision number for resource 07c25e0d-9d4e-4731-a3d7-27bfa2464d82 (type: ports) to 9
2026-06-09 18:26:11.111 10 INFO neutron.notifiers.nova [-] Nova event matching ['req-9116d218-fe1e-4719-b222-f54caed2043e'] response: {'server_uuid': 'f227e230-45f4-4005-b002-6da77ef2254e', 'name': 'network-vif-plugged', 'status': 'completed', 'tag': 'a3a8f988-c9d2-45ce-8bd1-b3cfaffc74e6', 'code': 200}
2026-06-09 18:26:11.121 10 INFO neutron.wsgi [None req-b5bb9bea-e083-4fc0-828a-970c32420140 c208bc2e7cd24685936cbcb54518d479 7ff36d0d1f80468d916bb1c141236195 - - default default] 199.204.45.157 "PUT /v2.0/ports/07c25e0d-9d4e-4731-a3d7-27bfa2464d82 HTTP/1.1" status: 200 len: 1290 time: 0.3884542
2026-06-09 18:26:11.233 10 INFO neutron.wsgi [None req-ea2f5a52-50cd-4a5a-ad86-5ff7c68cdfd8 c208bc2e7cd24685936cbcb54518d479 7ff36d0d1f80468d916bb1c141236195 - - default default] 199.204.45.157 "DELETE /v2.0/security-groups/8320a244-40c6-4c29-aeda-c8303e31cf24 HTTP/1.1" status: 204 len: 173 time: 0.1031227
2026-06-09 18:26:11.532 10 INFO neutron.wsgi [None req-1f31e2ea-9cb5-4580-bf1d-4dc33472f278 c208bc2e7cd24685936cbcb54518d479 7ff36d0d1f80468d916bb1c141236195 - - default default] 199.204.45.157 "DELETE /v2.0/ports/07c25e0d-9d4e-4731-a3d7-27bfa2464d82 HTTP/1.1" status: 204 len: 173 time: 0.2917316
2026-06-09 18:26:11.871 9 INFO neutron.plugins.ml2.drivers.ovn.mech_driver.mech_driver [None req-0ac23db8-f893-4d1f-a7c3-6591ff039c01 - - - - - -] OVN reports status down for port: 22ff589c-1e51-43f8-acc7-b51315b6cd48
2026-06-09 18:26:12.099 9 INFO neutron.notifiers.nova [-] Nova event matching ['req-3691c35f-4fc1-49c3-9139-e92ea0ebddfa'] response: {'server_uuid': 'f227e230-45f4-4005-b002-6da77ef2254e', 'name': 'network-vif-unplugged', 'status': 'completed', 'tag': '22ff589c-1e51-43f8-acc7-b51315b6cd48', 'code': 200}
2026-06-09 18:26:12.194 10 INFO neutron.wsgi [req-4743c55f-2f80-4525-b9e0-f32c4b58758e req-f23d26b5-4780-4d6f-8436-5f3709fabe1d c208bc2e7cd24685936cbcb54518d479 7ff36d0d1f80468d916bb1c141236195 - - default default] 199.204.45.157 "GET /v2.0/ports?device_id=f227e230-45f4-4005-b002-6da77ef2254e HTTP/1.1" status: 200 len: 1415 time: 0.0486701
2026-06-09 18:26:12.217 9 INFO neutron.db.ovn_revision_numbers_db [None req-0ac23db8-f893-4d1f-a7c3-6591ff039c01 - - - - - -] Successfully bumped revision number for resource 22ff589c-1e51-43f8-acc7-b51315b6cd48 (type: ports) to 5
2026-06-09 18:26:12.466 10 INFO neutron.wsgi [req-4743c55f-2f80-4525-b9e0-f32c4b58758e req-dcc3a5b4-6ae4-4792-ba23-fd7ab540fcf4 c208bc2e7cd24685936cbcb54518d479 7ff36d0d1f80468d916bb1c141236195 - - default default] 199.204.45.157 "DELETE /v2.0/ports/22ff589c-1e51-43f8-acc7-b51315b6cd48 HTTP/1.1" status: 204 len: 173 time: 0.2664917 /var/lib/openstack/lib/python3.10/site-packages/pycadf/identifier.py:71: UserWarning: Invalid uuid: neutron. To ensure interoperability, identifiers should be a valid uuid. warnings.warn(('Invalid uuid: %s. To ensure interoperability, '
2026-06-09 18:26:12.966 9 INFO neutron.db.l3_db [None req-ceb587d1-e924-44bb-bca1-39282c4fea75 9e0ef7af7b3543438a6904a471454bbf 2a5bad0c8f8e460faa5c31f42ecfc45d - - default default] Floating IP 8c40aa41-ba0e-4ce7-a3f6-2f166a1a164e disassociated (deleted). External IP: 10.96.250.218, port: f1884328-0ee1-45cb-97d8-8bb24d34a12c.
2026-06-09 18:26:13.041 9 INFO neutron.wsgi [None req-ceb587d1-e924-44bb-bca1-39282c4fea75 9e0ef7af7b3543438a6904a471454bbf 2a5bad0c8f8e460faa5c31f42ecfc45d - - default default] 10.0.0.138 "DELETE /v2.0/floatingips/8c40aa41-ba0e-4ce7-a3f6-2f166a1a164e HTTP/1.1" status: 204 len: 168 time: 0.4916830 /var/lib/openstack/lib/python3.10/site-packages/pycadf/identifier.py:71: UserWarning: Invalid uuid: neutron. To ensure interoperability, identifiers should be a valid uuid. warnings.warn(('Invalid uuid: %s. To ensure interoperability, '
2026-06-09 18:26:13.069 9 INFO neutron.api.v2.resource [None req-b79fbedf-7163-4e23-a8a7-0aa9e3049f25 9e0ef7af7b3543438a6904a471454bbf 2a5bad0c8f8e460faa5c31f42ecfc45d - - default default] show failed (client error): The resource could not be found.
2026-06-09 18:26:13.070 9 INFO neutron.wsgi [None req-b79fbedf-7163-4e23-a8a7-0aa9e3049f25 9e0ef7af7b3543438a6904a471454bbf 2a5bad0c8f8e460faa5c31f42ecfc45d - - default default] 10.0.0.138 "GET /v2.0/floatingips/8c40aa41-ba0e-4ce7-a3f6-2f166a1a164e HTTP/1.1" status: 404 len: 345 time: 0.0223930
2026-06-09 18:26:13.151 10 INFO neutron.notifiers.nova [-] Nova event matching ['req-4865adfc-654a-4f6a-aee2-11897edcd907'] response: {'server_uuid': 'f227e230-45f4-4005-b002-6da77ef2254e', 'name': 'network-vif-deleted', 'tag': '22ff589c-1e51-43f8-acc7-b51315b6cd48', 'status': 'completed', 'code': 200}
2026-06-09 18:26:13.256 10 INFO neutron.plugins.ml2.drivers.ovn.mech_driver.mech_driver [None req-24070eea-561b-43c1-a7b8-522b40924b28 - - - - - -] OVN reports status down for port: f1884328-0ee1-45cb-97d8-8bb24d34a12c
2026-06-09 18:26:13.297 9 INFO neutron.wsgi [req-14e2d654-f827-4f31-b2c8-d52654471fab req-63e555b0-737a-4102-993f-59e46780a910 9e0ef7af7b3543438a6904a471454bbf 2a5bad0c8f8e460faa5c31f42ecfc45d - - default default] 10.0.0.194 "GET /v2.0/ports?device_id=24ddc99d-8f1a-40a1-a565-32db1ab4a5d5 HTTP/1.1" status: 200 len: 1400 time: 0.0908976
2026-06-09 18:26:13.339 9 INFO neutron.wsgi [req-14e2d654-f827-4f31-b2c8-d52654471fab req-412d2cdf-a043-48bd-81a3-a921506bfc71 9e0ef7af7b3543438a6904a471454bbf 2a5bad0c8f8e460faa5c31f42ecfc45d - - default default] 10.0.0.194 "GET /v2.0/security-groups?id=70a98fee-4465-4781-8c8b-618baf22b3f6&fields=id&fields=name HTTP/1.1" status: 200 len: 311 time: 0.0361378
2026-06-09 18:26:13.567 10 INFO neutron.db.ovn_revision_numbers_db [None req-24070eea-561b-43c1-a7b8-522b40924b28 - - - - - -] Successfully bumped revision number for resource f1884328-0ee1-45cb-97d8-8bb24d34a12c (type: ports) to 5
2026-06-09 18:26:13.646 10 INFO neutron.wsgi [req-b8011d45-62fa-45fb-825e-fda24bcb46ef req-492d3ad1-f828-4d12-9c5b-ab81ceeac322 9e0ef7af7b3543438a6904a471454bbf 2a5bad0c8f8e460faa5c31f42ecfc45d - - default default] 199.204.45.157 "GET /v2.0/ports?device_id=24ddc99d-8f1a-40a1-a565-32db1ab4a5d5 HTTP/1.1" status: 200 len: 1398 time: 0.1187642 /var/lib/openstack/lib/python3.10/site-packages/pycadf/identifier.py:71: UserWarning: Invalid uuid: neutron. To ensure interoperability, identifiers should be a valid uuid. warnings.warn(('Invalid uuid: %s. To ensure interoperability, '
2026-06-09 18:26:14.007 10 INFO neutron.wsgi [req-b8011d45-62fa-45fb-825e-fda24bcb46ef req-20a5f382-1ab2-4df3-9e15-827990e53d1b 9e0ef7af7b3543438a6904a471454bbf 2a5bad0c8f8e460faa5c31f42ecfc45d - - default default] 199.204.45.157 "DELETE /v2.0/ports/f1884328-0ee1-45cb-97d8-8bb24d34a12c HTTP/1.1" status: 204 len: 173 time: 0.3508270
2026-06-09 18:26:14.140 9 INFO neutron.notifiers.nova [-] Nova event matching ['req-e9a764fa-5ec1-4a23-bea1-8b0112766952'] response: {'server_uuid': 'f227e230-45f4-4005-b002-6da77ef2254e', 'name': 'network-vif-plugged', 'status': 'completed', 'tag': '22ff589c-1e51-43f8-acc7-b51315b6cd48', 'code': 200}
2026-06-09 18:26:14.141 9 INFO neutron.notifiers.nova [-] Nova event matching ['req-e9a764fa-5ec1-4a23-bea1-8b0112766952'] response: {'name': 'network-changed', 'server_uuid': '24ddc99d-8f1a-40a1-a565-32db1ab4a5d5', 'tag': 'f1884328-0ee1-45cb-97d8-8bb24d34a12c', 'status': 'completed', 'code': 200}
2026-06-09 18:26:14.180 10 INFO neutron.wsgi [req-5ce62954-5cd1-4d95-a2db-f0560a8c0eda req-b2ae2e04-20cc-4298-8636-6eb70b197e23 b47c0b7c98b846df9890bab7498fd0aa ad6a4df0ef014444880e444ee34f74bf - - 2b4bb9ba05f143faa2b548f35197875c 2b4bb9ba05f143faa2b548f35197875c] 199.204.45.157 "GET /v2.0/ports?tenant_id=2a5bad0c8f8e460faa5c31f42ecfc45d&device_id=24ddc99d-8f1a-40a1-a565-32db1ab4a5d5 HTTP/1.1" status: 200 len: 210 time: 0.0198684
2026-06-09 18:26:14.526 10 INFO neutron.wsgi [req-5ce62954-5cd1-4d95-a2db-f0560a8c0eda req-683db8b0-7537-46bf-8bf6-d3f9604892df b47c0b7c98b846df9890bab7498fd0aa ad6a4df0ef014444880e444ee34f74bf - - 2b4bb9ba05f143faa2b548f35197875c 2b4bb9ba05f143faa2b548f35197875c] 199.204.45.157 "GET /v2.0/networks?tenant_id=2a5bad0c8f8e460faa5c31f42ecfc45d&shared=False HTTP/1.1" status: 200 len: 2584 time: 0.3405714
2026-06-09 18:26:14.631 10 INFO neutron.wsgi [req-5ce62954-5cd1-4d95-a2db-f0560a8c0eda req-819b91ea-15b7-4933-b415-56d820390579 b47c0b7c98b846df9890bab7498fd0aa ad6a4df0ef014444880e444ee34f74bf - - 2b4bb9ba05f143faa2b548f35197875c 2b4bb9ba05f143faa2b548f35197875c] 199.204.45.157 "GET /v2.0/networks?shared=True HTTP/1.1" status: 200 len: 952 time: 0.0952110
2026-06-09 18:26:15.191 10 INFO neutron.notifiers.nova [-] Nova event matching ['req-1a648ca1-2ddf-4130-9907-67f2b55dfc9a'] response: {'server_uuid': '24ddc99d-8f1a-40a1-a565-32db1ab4a5d5', 'name': 'network-vif-unplugged', 'status': 'completed', 'tag': 'f1884328-0ee1-45cb-97d8-8bb24d34a12c', 'code': 200}
2026-06-09 18:26:15.192 10 INFO neutron.notifiers.nova [-] Nova event matching ['req-1a648ca1-2ddf-4130-9907-67f2b55dfc9a'] response: {'server_uuid': '24ddc99d-8f1a-40a1-a565-32db1ab4a5d5', 'name': 'network-vif-plugged', 'status': 'completed', 'tag': 'f1884328-0ee1-45cb-97d8-8bb24d34a12c', 'code': 200}
2026-06-09 18:26:15.192 10 INFO neutron.notifiers.nova [-] Nova event matching ['req-1a648ca1-2ddf-4130-9907-67f2b55dfc9a'] response: {'server_uuid': '24ddc99d-8f1a-40a1-a565-32db1ab4a5d5', 'name': 'network-vif-deleted', 'tag': 'f1884328-0ee1-45cb-97d8-8bb24d34a12c', 'status': 'completed', 'code': 200}
2026-06-09 18:26:18.798 9 INFO neutron.db.l3_db [None req-d2f797af-5697-499b-a66e-7e6d6d8463a3 9e0ef7af7b3543438a6904a471454bbf 2a5bad0c8f8e460faa5c31f42ecfc45d - - default default] Floating IP b26e3081-c1d7-477f-b523-22bdbc5c5568 disassociated (deleted). External IP: 10.96.250.209, port: 426bb309-70eb-42c5-8b0c-d50e87cc964e.
2026-06-09 18:26:18.884 9 INFO neutron.wsgi [None req-d2f797af-5697-499b-a66e-7e6d6d8463a3 9e0ef7af7b3543438a6904a471454bbf 2a5bad0c8f8e460faa5c31f42ecfc45d - - default default] 10.0.0.138 "DELETE /v2.0/floatingips/b26e3081-c1d7-477f-b523-22bdbc5c5568 HTTP/1.1" status: 204 len: 168 time: 0.4867766
2026-06-09 18:26:18.918 9 INFO neutron.notifiers.nova [-] Nova event matching ['req-5d304d65-62d9-4a32-af7c-d088180f875c'] response: {'name': 'network-changed', 'server_uuid': '1e4896e0-3931-4fd1-90b7-1d5f53db76c3', 'tag': '426bb309-70eb-42c5-8b0c-d50e87cc964e', 'status': 'completed', 'code': 200}
2026-06-09 18:26:18.920 10 INFO neutron.api.v2.resource [None req-76cc1e85-4fdc-4fe3-aee0-266d0a2dbd16 9e0ef7af7b3543438a6904a471454bbf 2a5bad0c8f8e460faa5c31f42ecfc45d - - default default] show failed (client error): The resource could not be found.
2026-06-09 18:26:18.921 10 INFO neutron.wsgi [None req-76cc1e85-4fdc-4fe3-aee0-266d0a2dbd16 9e0ef7af7b3543438a6904a471454bbf 2a5bad0c8f8e460faa5c31f42ecfc45d - - default default] 10.0.0.138 "GET /v2.0/floatingips/b26e3081-c1d7-477f-b523-22bdbc5c5568 HTTP/1.1" status: 404 len: 345 time: 0.0314436
2026-06-09 18:26:18.980 10 INFO neutron.wsgi [req-6f7b20c3-57e0-493b-8d84-2d3a3381769e req-8923cedb-bf23-4301-b634-a71a2ed861da b47c0b7c98b846df9890bab7498fd0aa ad6a4df0ef014444880e444ee34f74bf - - 2b4bb9ba05f143faa2b548f35197875c 2b4bb9ba05f143faa2b548f35197875c] 199.204.45.157 "GET /v2.0/ports?tenant_id=2a5bad0c8f8e460faa5c31f42ecfc45d&device_id=1e4896e0-3931-4fd1-90b7-1d5f53db76c3 HTTP/1.1" status: 200 len: 1630 time: 0.0386271
2026-06-09 18:26:19.042 10 INFO neutron.wsgi [req-6f7b20c3-57e0-493b-8d84-2d3a3381769e req-ed3055c4-2441-44f3-a195-773182bb00e2 b47c0b7c98b846df9890bab7498fd0aa ad6a4df0ef014444880e444ee34f74bf - - 2b4bb9ba05f143faa2b548f35197875c 2b4bb9ba05f143faa2b548f35197875c] 199.204.45.157 "GET /v2.0/networks?id=74ad3041-50eb-45f8-be5d-c0d424a6a2f1 HTTP/1.1" status: 200 len: 1003 time: 0.0574763 /var/lib/openstack/lib/python3.10/site-packages/pycadf/identifier.py:71: UserWarning: Invalid uuid: neutron. To ensure interoperability, identifiers should be a valid uuid. warnings.warn(('Invalid uuid: %s. To ensure interoperability, '
2026-06-09 18:26:19.070 10 INFO neutron.wsgi [req-6f7b20c3-57e0-493b-8d84-2d3a3381769e req-43b6acd9-4edf-4177-a913-03e182d32e5e b47c0b7c98b846df9890bab7498fd0aa ad6a4df0ef014444880e444ee34f74bf - - 2b4bb9ba05f143faa2b548f35197875c 2b4bb9ba05f143faa2b548f35197875c] 199.204.45.157 "GET /v2.0/floatingips?fixed_ip_address=10.2.1.75&port_id=426bb309-70eb-42c5-8b0c-d50e87cc964e HTTP/1.1" status: 200 len: 217 time: 0.0228012
2026-06-09 18:26:19.098 10 INFO neutron.wsgi [req-6f7b20c3-57e0-493b-8d84-2d3a3381769e req-7fd5137b-a464-4092-89b1-4dcaf258a7a0 b47c0b7c98b846df9890bab7498fd0aa ad6a4df0ef014444880e444ee34f74bf - - 2b4bb9ba05f143faa2b548f35197875c 2b4bb9ba05f143faa2b548f35197875c] 199.204.45.157 "GET /v2.0/floatingips?fixed_ip_address=fd7b%3Af9f7%3Afff%3A4eca%3A%3A24&port_id=426bb309-70eb-42c5-8b0c-d50e87cc964e HTTP/1.1" status: 200 len: 217 time: 0.0231640
