2026-06-09 18:24:50.831 10 INFO neutron.db.segments_db [None req-04c70bd2-3a85-4a5a-b197-3a8e8931d161 45a36d22dd304b0bb56aa98bbd332a8b 0baf281aa50d42819492e2b451bb3365 - - default default] Added segment 494139d2-ea22-4b95-aacb-187de3d0939e of type geneve for network b2fbc929-103d-497a-b3c0-647596786a92
2026-06-09 18:24:50.958 9 INFO neutron.wsgi [req-a327046e-1a86-49b5-a628-6e18ca816213 req-1b0c0f5c-3324-4d39-ad2a-9c6ecbdb44d4 b47c0b7c98b846df9890bab7498fd0aa ad6a4df0ef014444880e444ee34f74bf - - 2b4bb9ba05f143faa2b548f35197875c 2b4bb9ba05f143faa2b548f35197875c] 199.204.45.157 "GET /v2.0/networks/70c19761-73c1-4466-a15e-90b1a56a3831?fields=segments HTTP/1.1" status: 200 len: 212 time: 0.3742006
2026-06-09 18:24:51.019 10 INFO neutron.db.ovn_revision_numbers_db [None req-04c70bd2-3a85-4a5a-b197-3a8e8931d161 45a36d22dd304b0bb56aa98bbd332a8b 0baf281aa50d42819492e2b451bb3365 - - default default] Successfully bumped revision number for resource b2fbc929-103d-497a-b3c0-647596786a92 (type: networks) to 1
2026-06-09 18:24:51.024 9 INFO neutron.wsgi [req-a327046e-1a86-49b5-a628-6e18ca816213 req-0741ecaf-112b-4d5f-9546-4270b09c5f6f b47c0b7c98b846df9890bab7498fd0aa ad6a4df0ef014444880e444ee34f74bf - - 2b4bb9ba05f143faa2b548f35197875c 2b4bb9ba05f143faa2b548f35197875c] 199.204.45.157 "GET /v2.0/networks/70c19761-73c1-4466-a15e-90b1a56a3831?fields=provider%3Aphysical_network&fields=provider%3Anetwork_type HTTP/1.1" status: 200 len: 277 time: 0.0593975
2026-06-09 18:24:51.083 9 INFO neutron.wsgi [req-a327046e-1a86-49b5-a628-6e18ca816213 req-46e8194b-764c-4fac-ba70-96b436a7a98c b47c0b7c98b846df9890bab7498fd0aa ad6a4df0ef014444880e444ee34f74bf - - 2b4bb9ba05f143faa2b548f35197875c 2b4bb9ba05f143faa2b548f35197875c] 199.204.45.157 "GET /v2.0/ports/a3a8f988-c9d2-45ce-8bd1-b3cfaffc74e6 HTTP/1.1" status: 200 len: 1293 time: 0.0349305
2026-06-09 18:24:51.138 10 INFO neutron.wsgi [None req-ba73f0bf-5cb5-41bd-b3a8-b83fba36d570 c208bc2e7cd24685936cbcb54518d479 7ff36d0d1f80468d916bb1c141236195 - - default default] 10.0.0.138 "DELETE /v2.0/security-groups/94784dde-3178-4989-9f73-b968f4f941dc HTTP/1.1" status: 204 len: 168 time: 0.3427835
2026-06-09 18:24:51.158 9 INFO neutron.wsgi [req-a327046e-1a86-49b5-a628-6e18ca816213 req-b6dc7c35-8fce-4ded-a999-2c2fd8ce2461 c208bc2e7cd24685936cbcb54518d479 7ff36d0d1f80468d916bb1c141236195 - - default default] 199.204.45.157 "GET /v2.0/networks?id=70c19761-73c1-4466-a15e-90b1a56a3831 HTTP/1.1" status: 200 len: 1004 time: 0.0687425
2026-06-09 18:24:51.202 10 WARNING neutron.scheduler.dhcp_agent_scheduler [None req-04c70bd2-3a85-4a5a-b197-3a8e8931d161 45a36d22dd304b0bb56aa98bbd332a8b 0baf281aa50d42819492e2b451bb3365 - - default default] No more DHCP agents
2026-06-09 18:24:51.206 10 WARNING neutron.api.rpc.agentnotifiers.dhcp_rpc_agent_api [None req-04c70bd2-3a85-4a5a-b197-3a8e8931d161 45a36d22dd304b0bb56aa98bbd332a8b 0baf281aa50d42819492e2b451bb3365 - - default default] Unable to schedule network b2fbc929-103d-497a-b3c0-647596786a92: no agents available; will retry on subsequent port and subnet creation events.
2026-06-09 18:24:51.277 9 INFO neutron.wsgi [None req-4e356d98-5625-47ab-b6fe-738aa3ba95b0 c208bc2e7cd24685936cbcb54518d479 7ff36d0d1f80468d916bb1c141236195 - - default default] 10.0.0.138 "GET /v2.0/security-groups?tenant_id=5204070e90944c68b8bdf30115f37a65&name=default HTTP/1.1" status: 200 len: 2996 time: 0.0485971
2026-06-09 18:24:51.300 10 INFO neutron.db.ovn_revision_numbers_db [None req-04c70bd2-3a85-4a5a-b197-3a8e8931d161 45a36d22dd304b0bb56aa98bbd332a8b 0baf281aa50d42819492e2b451bb3365 - - default default] Successfully bumped revision number for resource 61eef1b1-45a6-4589-b6b5-52aa7be5778b (type: ports) to 1
2026-06-09 18:24:51.327 10 INFO neutron.wsgi [None req-04c70bd2-3a85-4a5a-b197-3a8e8931d161 45a36d22dd304b0bb56aa98bbd332a8b 0baf281aa50d42819492e2b451bb3365 - - default default] 10.0.0.138 "POST /v2.0/networks HTTP/1.1" status: 201 len: 830 time: 0.6223056
2026-06-09 18:24:51.338 10 WARNING neutron_lib.context [None req-d83342f7-6366-4cd1-ad0f-a4c89e2deeb4 45a36d22dd304b0bb56aa98bbd332a8b 0baf281aa50d42819492e2b451bb3365 - - default default] Method 'is_advsvc' is deprecated since 2023.2 release (neutron-lib 3.8.0) and will be removed once support for the old RBAC API policies will be removed from Neutron. Please use method 'is_service_role' instead.
2026-06-09 18:24:51.436 10 INFO neutron.db.segments_db [None req-d83342f7-6366-4cd1-ad0f-a4c89e2deeb4 45a36d22dd304b0bb56aa98bbd332a8b 0baf281aa50d42819492e2b451bb3365 - - default default] Added segment 3fd07c3d-fbd0-4406-9d80-32d19843f34c of type geneve for network e9894687-b01d-4dfc-baf2-02d4af723b19
2026-06-09 18:24:51.576 10 INFO neutron.wsgi [None req-937658b9-8b74-4c1a-9d03-7dc8baf64de6 c208bc2e7cd24685936cbcb54518d479 7ff36d0d1f80468d916bb1c141236195 - - default default] 10.0.0.138 "DELETE /v2.0/security-groups/00e52bfe-496e-4bd1-ac96-d7282ac6c347 HTTP/1.1" status: 204 len: 168 time: 0.2941685
2026-06-09 18:24:51.600 9 INFO neutron.db.ovn_revision_numbers_db [req-a327046e-1a86-49b5-a628-6e18ca816213 req-356a3fc4-c160-4e8f-b2f3-ad0857be28db b47c0b7c98b846df9890bab7498fd0aa ad6a4df0ef014444880e444ee34f74bf - - 2b4bb9ba05f143faa2b548f35197875c 2b4bb9ba05f143faa2b548f35197875c] Successfully bumped revision number for resource a3a8f988-c9d2-45ce-8bd1-b3cfaffc74e6 (type: ports) to 2
2026-06-09 18:24:51.611 10 INFO neutron.db.ovn_revision_numbers_db [None req-d83342f7-6366-4cd1-ad0f-a4c89e2deeb4 45a36d22dd304b0bb56aa98bbd332a8b 0baf281aa50d42819492e2b451bb3365 - - default default] Successfully bumped revision number for resource e9894687-b01d-4dfc-baf2-02d4af723b19 (type: networks) to 1
2026-06-09 18:24:51.814 10 WARNING neutron.scheduler.dhcp_agent_scheduler [None req-d83342f7-6366-4cd1-ad0f-a4c89e2deeb4 45a36d22dd304b0bb56aa98bbd332a8b 0baf281aa50d42819492e2b451bb3365 - - default default] No more DHCP agents
2026-06-09 18:24:51.818 10 WARNING neutron.api.rpc.agentnotifiers.dhcp_rpc_agent_api [None req-d83342f7-6366-4cd1-ad0f-a4c89e2deeb4 45a36d22dd304b0bb56aa98bbd332a8b 0baf281aa50d42819492e2b451bb3365 - - default default] Unable to schedule network e9894687-b01d-4dfc-baf2-02d4af723b19: no agents available; will retry on subsequent port and subnet creation events.
2026-06-09 18:24:51.837 9 INFO neutron.db.ovn_revision_numbers_db [req-a327046e-1a86-49b5-a628-6e18ca816213 req-356a3fc4-c160-4e8f-b2f3-ad0857be28db b47c0b7c98b846df9890bab7498fd0aa ad6a4df0ef014444880e444ee34f74bf - - 2b4bb9ba05f143faa2b548f35197875c 2b4bb9ba05f143faa2b548f35197875c] Successfully bumped revision number for resource a3a8f988-c9d2-45ce-8bd1-b3cfaffc74e6 (type: ports) to 2
2026-06-09 18:24:51.867 9 INFO neutron.wsgi [req-a327046e-1a86-49b5-a628-6e18ca816213 req-356a3fc4-c160-4e8f-b2f3-ad0857be28db b47c0b7c98b846df9890bab7498fd0aa ad6a4df0ef014444880e444ee34f74bf - - 2b4bb9ba05f143faa2b548f35197875c 2b4bb9ba05f143faa2b548f35197875c] 199.204.45.157 "PUT /v2.0/ports/a3a8f988-c9d2-45ce-8bd1-b3cfaffc74e6 HTTP/1.1" status: 200 len: 1424 time: 0.7002404
2026-06-09 18:24:51.907 9 INFO neutron.notifiers.nova [-] Nova event matching ['req-af049b75-a0db-4d11-a39d-15485b6f7bef'] response: {'name': 'network-changed', 'server_uuid': 'f227e230-45f4-4005-b002-6da77ef2254e', 'tag': 'a3a8f988-c9d2-45ce-8bd1-b3cfaffc74e6', 'status': 'completed', 'code': 200}
2026-06-09 18:24:51.911 10 INFO neutron.db.ovn_revision_numbers_db [None req-d83342f7-6366-4cd1-ad0f-a4c89e2deeb4 45a36d22dd304b0bb56aa98bbd332a8b 0baf281aa50d42819492e2b451bb3365 - - default default] Successfully bumped revision number for resource 807442b9-8044-4993-ae38-7087210fb0cf (type: ports) to 1 /var/lib/openstack/lib/python3.10/site-packages/pycadf/identifier.py:71: UserWarning: Invalid uuid: neutron. To ensure interoperability, identifiers should be a valid uuid. warnings.warn(('Invalid uuid: %s. To ensure interoperability, '
2026-06-09 18:24:51.930 10 INFO neutron.wsgi [None req-d83342f7-6366-4cd1-ad0f-a4c89e2deeb4 45a36d22dd304b0bb56aa98bbd332a8b 0baf281aa50d42819492e2b451bb3365 - - default default] 10.0.0.138 "POST /v2.0/networks HTTP/1.1" status: 201 len: 831 time: 0.5976644
2026-06-09 18:24:51.940 10 WARNING neutron_lib.context [None req-20187ea3-03ab-4adb-b76d-2a1e0ce9d854 45a36d22dd304b0bb56aa98bbd332a8b 0baf281aa50d42819492e2b451bb3365 - - default default] Method 'is_advsvc' is deprecated since 2023.2 release (neutron-lib 3.8.0) and will be removed once support for the old RBAC API policies will be removed from Neutron. Please use method 'is_service_role' instead.
2026-06-09 18:24:51.958 9 INFO neutron.wsgi [req-a327046e-1a86-49b5-a628-6e18ca816213 req-c8d24fb6-cebc-47ad-b71e-1f245bf4b3ca b47c0b7c98b846df9890bab7498fd0aa ad6a4df0ef014444880e444ee34f74bf - - 2b4bb9ba05f143faa2b548f35197875c 2b4bb9ba05f143faa2b548f35197875c] 199.204.45.157 "GET /v2.0/ports?tenant_id=7ff36d0d1f80468d916bb1c141236195&device_id=f227e230-45f4-4005-b002-6da77ef2254e HTTP/1.1" status: 200 len: 2661 time: 0.0459321
2026-06-09 18:24:51.987 9 INFO neutron.wsgi [req-a327046e-1a86-49b5-a628-6e18ca816213 req-777a5b22-246c-409b-8f0f-57c0f9c52997 b47c0b7c98b846df9890bab7498fd0aa ad6a4df0ef014444880e444ee34f74bf - - 2b4bb9ba05f143faa2b548f35197875c 2b4bb9ba05f143faa2b548f35197875c] 199.204.45.157 "GET /v2.0/floatingips?fixed_ip_address=172.24.1.111&port_id=22ff589c-1e51-43f8-acc7-b51315b6cd48 HTTP/1.1" status: 200 len: 217 time: 0.0247929
2026-06-09 18:24:52.020 9 INFO neutron.wsgi [req-a327046e-1a86-49b5-a628-6e18ca816213 req-e0743e5b-5bfb-40bf-9d31-9b09193a4b95 b47c0b7c98b846df9890bab7498fd0aa ad6a4df0ef014444880e444ee34f74bf - - 2b4bb9ba05f143faa2b548f35197875c 2b4bb9ba05f143faa2b548f35197875c] 199.204.45.157 "GET /v2.0/subnets?id=293b505e-fd8f-4d55-8a46-3f374e72b6b8 HTTP/1.1" status: 200 len: 829 time: 0.0278420
2026-06-09 18:24:52.048 9 INFO neutron.wsgi [req-a327046e-1a86-49b5-a628-6e18ca816213 req-fbb16b8d-51de-4127-aa1c-11f096d6fd3c b47c0b7c98b846df9890bab7498fd0aa ad6a4df0ef014444880e444ee34f74bf - - 2b4bb9ba05f143faa2b548f35197875c 2b4bb9ba05f143faa2b548f35197875c] 199.204.45.157 "GET /v2.0/ports?network_id=9b054868-959e-4266-a93e-7a02fa3d2ca9&device_owner=network%3Adhcp HTTP/1.1" status: 200 len: 210 time: 0.0221663
2026-06-09 18:24:52.074 10 INFO neutron.db.segments_db [None req-20187ea3-03ab-4adb-b76d-2a1e0ce9d854 45a36d22dd304b0bb56aa98bbd332a8b 0baf281aa50d42819492e2b451bb3365 - - default default] Added segment 1106c15a-be8f-4a39-bfd3-9b4ba1a7527a of type geneve for network 75d54688-528e-4f6c-ab15-0dc82e38a1cb
2026-06-09 18:24:52.086 10 INFO neutron.wsgi [req-0ce93d47-f406-4132-a477-eda2545ee8f4 req-dc6dae54-b728-4385-9a30-a588ce270abd b47c0b7c98b846df9890bab7498fd0aa ad6a4df0ef014444880e444ee34f74bf - - 2b4bb9ba05f143faa2b548f35197875c 2b4bb9ba05f143faa2b548f35197875c] 199.204.45.157 "GET /v2.0/ports?device_id=1e4896e0-3931-4fd1-90b7-1d5f53db76c3&fields=binding%3Ahost_id&fields=binding%3Avif_type HTTP/1.1" status: 200 len: 265 time: 0.0411592
2026-06-09 18:24:52.117 9 INFO neutron.wsgi [req-a327046e-1a86-49b5-a628-6e18ca816213 req-27ecdf48-1caf-45e4-9a4c-44a574bc1e2c b47c0b7c98b846df9890bab7498fd0aa ad6a4df0ef014444880e444ee34f74bf - - 2b4bb9ba05f143faa2b548f35197875c 2b4bb9ba05f143faa2b548f35197875c] 199.204.45.157 "GET /v2.0/networks/9b054868-959e-4266-a93e-7a02fa3d2ca9?fields=segments HTTP/1.1" status: 200 len: 212 time: 0.0623136
2026-06-09 18:24:52.183 10 INFO neutron.wsgi [req-0ce93d47-f406-4132-a477-eda2545ee8f4 req-20eaf26e-92e4-4eab-bd02-b505ae76336e b47c0b7c98b846df9890bab7498fd0aa ad6a4df0ef014444880e444ee34f74bf - - 2b4bb9ba05f143faa2b548f35197875c 2b4bb9ba05f143faa2b548f35197875c] 199.204.45.157 "GET /v2.0/ports?tenant_id=2a5bad0c8f8e460faa5c31f42ecfc45d&device_id=1e4896e0-3931-4fd1-90b7-1d5f53db76c3 HTTP/1.1" status: 200 len: 1630 time: 0.0697434
2026-06-09 18:24:52.192 9 INFO neutron.wsgi [req-a327046e-1a86-49b5-a628-6e18ca816213 req-912e50d5-3fb5-4fc5-86fd-315c4d7c6e0d b47c0b7c98b846df9890bab7498fd0aa ad6a4df0ef014444880e444ee34f74bf - - 2b4bb9ba05f143faa2b548f35197875c 2b4bb9ba05f143faa2b548f35197875c] 199.204.45.157 "GET /v2.0/networks/9b054868-959e-4266-a93e-7a02fa3d2ca9?fields=provider%3Aphysical_network&fields=provider%3Anetwork_type HTTP/1.1" status: 200 len: 277 time: 0.0685396
2026-06-09 18:24:52.218 9 INFO neutron.wsgi [req-a327046e-1a86-49b5-a628-6e18ca816213 req-c69f1909-3ecf-4438-ad1a-7465e5d55be3 b47c0b7c98b846df9890bab7498fd0aa ad6a4df0ef014444880e444ee34f74bf - - 2b4bb9ba05f143faa2b548f35197875c 2b4bb9ba05f143faa2b548f35197875c] 199.204.45.157 "GET /v2.0/floatingips?fixed_ip_address=10.1.1.39&port_id=a3a8f988-c9d2-45ce-8bd1-b3cfaffc74e6 HTTP/1.1" status: 200 len: 217 time: 0.0220826
2026-06-09 18:24:52.277 9 INFO neutron.wsgi [req-a327046e-1a86-49b5-a628-6e18ca816213 req-abfb65ac-dff5-451f-86c5-d0f0cbaad00d b47c0b7c98b846df9890bab7498fd0aa ad6a4df0ef014444880e444ee34f74bf - - 2b4bb9ba05f143faa2b548f35197875c 2b4bb9ba05f143faa2b548f35197875c] 199.204.45.157 "GET /v2.0/subnets?id=ffcf02e7-6530-483d-ab23-57b0fc916672 HTTP/1.1" status: 200 len: 854 time: 0.0521574
2026-06-09 18:24:52.302 9 INFO neutron.wsgi [req-a327046e-1a86-49b5-a628-6e18ca816213 req-c1e2bea7-8297-4daa-bfb8-13d12e4f9b67 b47c0b7c98b846df9890bab7498fd0aa ad6a4df0ef014444880e444ee34f74bf - - 2b4bb9ba05f143faa2b548f35197875c 2b4bb9ba05f143faa2b548f35197875c] 199.204.45.157 "GET /v2.0/ports?network_id=70c19761-73c1-4466-a15e-90b1a56a3831&device_owner=network%3Adhcp HTTP/1.1" status: 200 len: 210 time: 0.0184653
2026-06-09 18:24:52.309 10 INFO neutron.wsgi [req-0ce93d47-f406-4132-a477-eda2545ee8f4 req-26dd7ce8-6e94-41a3-80e0-223467dd9a7c b47c0b7c98b846df9890bab7498fd0aa ad6a4df0ef014444880e444ee34f74bf - - 2b4bb9ba05f143faa2b548f35197875c 2b4bb9ba05f143faa2b548f35197875c] 199.204.45.157 "GET /v2.0/networks?id=74ad3041-50eb-45f8-be5d-c0d424a6a2f1 HTTP/1.1" status: 200 len: 1003 time: 0.1076531
2026-06-09 18:24:52.310 10 INFO neutron.db.ovn_revision_numbers_db [None req-20187ea3-03ab-4adb-b76d-2a1e0ce9d854 45a36d22dd304b0bb56aa98bbd332a8b 0baf281aa50d42819492e2b451bb3365 - - default default] Successfully bumped revision number for resource 75d54688-528e-4f6c-ab15-0dc82e38a1cb (type: networks) to 1
2026-06-09 18:24:52.379 9 INFO neutron.wsgi [req-a327046e-1a86-49b5-a628-6e18ca816213 req-082e353f-2203-411b-a818-5fbe4268b5fd b47c0b7c98b846df9890bab7498fd0aa ad6a4df0ef014444880e444ee34f74bf - - 2b4bb9ba05f143faa2b548f35197875c 2b4bb9ba05f143faa2b548f35197875c] 199.204.45.157 "GET /v2.0/networks/70c19761-73c1-4466-a15e-90b1a56a3831?fields=segments HTTP/1.1" status: 200 len: 212 time: 0.0624034
2026-06-09 18:24:52.398 10 INFO neutron.wsgi [req-0ce93d47-f406-4132-a477-eda2545ee8f4 req-f9f55e56-a290-42fb-bdaa-7a8fa83c558a b47c0b7c98b846df9890bab7498fd0aa ad6a4df0ef014444880e444ee34f74bf - - 2b4bb9ba05f143faa2b548f35197875c 2b4bb9ba05f143faa2b548f35197875c] 199.204.45.157 "GET /v2.0/floatingips?fixed_ip_address=10.2.1.75&port_id=426bb309-70eb-42c5-8b0c-d50e87cc964e HTTP/1.1" status: 200 len: 1058 time: 0.0785751
2026-06-09 18:24:52.439 10 INFO neutron.wsgi [req-0ce93d47-f406-4132-a477-eda2545ee8f4 req-60a27b09-cabb-4e84-8796-62c5e1ff87e8 b47c0b7c98b846df9890bab7498fd0aa ad6a4df0ef014444880e444ee34f74bf - - 2b4bb9ba05f143faa2b548f35197875c 2b4bb9ba05f143faa2b548f35197875c] 199.204.45.157 "GET /v2.0/floatingips?fixed_ip_address=fd7b%3Af9f7%3Afff%3A4eca%3A%3A24&port_id=426bb309-70eb-42c5-8b0c-d50e87cc964e HTTP/1.1" status: 200 len: 217 time: 0.0306332
2026-06-09 18:24:52.453 9 INFO neutron.wsgi [req-a327046e-1a86-49b5-a628-6e18ca816213 req-26de215a-e09d-409d-8544-b21a2c1a22c1 b47c0b7c98b846df9890bab7498fd0aa ad6a4df0ef014444880e444ee34f74bf - - 2b4bb9ba05f143faa2b548f35197875c 2b4bb9ba05f143faa2b548f35197875c] 199.204.45.157 "GET /v2.0/networks/70c19761-73c1-4466-a15e-90b1a56a3831?fields=provider%3Aphysical_network&fields=provider%3Anetwork_type HTTP/1.1" status: 200 len: 277 time: 0.0665078
2026-06-09 18:24:52.517 10 INFO neutron.wsgi [req-0ce93d47-f406-4132-a477-eda2545ee8f4 req-84eee295-4c53-4405-a9b2-3cd0206e04a3 b47c0b7c98b846df9890bab7498fd0aa ad6a4df0ef014444880e444ee34f74bf - - 2b4bb9ba05f143faa2b548f35197875c 2b4bb9ba05f143faa2b548f35197875c] 199.204.45.157 "GET /v2.0/subnets?id=0293c7b1-5c7b-4564-94c7-f7f326874542&id=aa7ad69d-e465-4d37-9395-312c8202f3d9 HTTP/1.1" status: 200 len: 1562 time: 0.0581453
2026-06-09 18:24:52.554 9 INFO neutron.wsgi [req-24508206-a9c5-4361-a173-9f68310b38dc req-b5f9101f-2f1f-44f1-b9dd-7af25efc9aff b47c0b7c98b846df9890bab7498fd0aa ad6a4df0ef014444880e444ee34f74bf - - 2b4bb9ba05f143faa2b548f35197875c 2b4bb9ba05f143faa2b548f35197875c] 199.204.45.157 "GET /v2.0/ports?tenant_id=7ff36d0d1f80468d916bb1c141236195&device_id=f227e230-45f4-4005-b002-6da77ef2254e HTTP/1.1" status: 200 len: 2661 time: 0.0503438
2026-06-09 18:24:52.570 10 INFO neutron.wsgi [req-0ce93d47-f406-4132-a477-eda2545ee8f4 req-0c3c2654-9c46-4143-92ab-3ab79b757b39 b47c0b7c98b846df9890bab7498fd0aa ad6a4df0ef014444880e444ee34f74bf - - 2b4bb9ba05f143faa2b548f35197875c 2b4bb9ba05f143faa2b548f35197875c] 199.204.45.157 "GET /v2.0/ports?network_id=74ad3041-50eb-45f8-be5d-c0d424a6a2f1&device_owner=network%3Adhcp HTTP/1.1" status: 200 len: 210 time: 0.0353525
2026-06-09 18:24:52.583 10 INFO neutron.plugins.ml2.drivers.ovn.mech_driver.mech_driver [None req-24070eea-561b-43c1-a7b8-522b40924b28 - - - - - -] OVN reports status up for port: a3a8f988-c9d2-45ce-8bd1-b3cfaffc74e6
2026-06-09 18:24:52.598 10 INFO neutron.plugins.ml2.plugin [None req-24070eea-561b-43c1-a7b8-522b40924b28 - - - - - -] Attempt 1 to provision port a3a8f988-c9d2-45ce-8bd1-b3cfaffc74e6
2026-06-09 18:24:52.633 10 INFO neutron.wsgi [req-0ce93d47-f406-4132-a477-eda2545ee8f4 req-782dc9b7-bc3f-49fd-a647-5e7aa2a66ed6 b47c0b7c98b846df9890bab7498fd0aa ad6a4df0ef014444880e444ee34f74bf - - 2b4bb9ba05f143faa2b548f35197875c 2b4bb9ba05f143faa2b548f35197875c] 199.204.45.157 "GET /v2.0/ports?network_id=74ad3041-50eb-45f8-be5d-c0d424a6a2f1&device_owner=network%3Adhcp HTTP/1.1" status: 200 len: 210 time: 0.0563092
2026-06-09 18:24:52.684 10 WARNING neutron.scheduler.dhcp_agent_scheduler [None req-20187ea3-03ab-4adb-b76d-2a1e0ce9d854 45a36d22dd304b0bb56aa98bbd332a8b 0baf281aa50d42819492e2b451bb3365 - - default default] No more DHCP agents
2026-06-09 18:24:52.697 10 WARNING neutron.api.rpc.agentnotifiers.dhcp_rpc_agent_api [None req-20187ea3-03ab-4adb-b76d-2a1e0ce9d854 45a36d22dd304b0bb56aa98bbd332a8b 0baf281aa50d42819492e2b451bb3365 - - default default] Unable to schedule network 75d54688-528e-4f6c-ab15-0dc82e38a1cb: no agents available; will retry on subsequent port and subnet creation events.
2026-06-09 18:24:52.697 9 INFO neutron.wsgi [req-24508206-a9c5-4361-a173-9f68310b38dc req-34bd7c85-b1a5-4366-86ae-f94ef13be23c b47c0b7c98b846df9890bab7498fd0aa ad6a4df0ef014444880e444ee34f74bf - - 2b4bb9ba05f143faa2b548f35197875c 2b4bb9ba05f143faa2b548f35197875c] 199.204.45.157 "GET /v2.0/networks?id=70c19761-73c1-4466-a15e-90b1a56a3831 HTTP/1.1" status: 200 len: 1004 time: 0.1330419
2026-06-09 18:24:52.733 9 INFO neutron.wsgi [req-24508206-a9c5-4361-a173-9f68310b38dc req-eb7be398-5d1d-4fcf-aa5f-32403bf235a2 b47c0b7c98b846df9890bab7498fd0aa ad6a4df0ef014444880e444ee34f74bf - - 2b4bb9ba05f143faa2b548f35197875c 2b4bb9ba05f143faa2b548f35197875c] 199.204.45.157 "GET /v2.0/floatingips?fixed_ip_address=10.1.1.39&port_id=a3a8f988-c9d2-45ce-8bd1-b3cfaffc74e6 HTTP/1.1" status: 200 len: 217 time: 0.0238905
2026-06-09 18:24:52.767 10 INFO neutron.wsgi [req-0ce93d47-f406-4132-a477-eda2545ee8f4 req-c073cf90-038d-4aed-a28c-101252abb792 b47c0b7c98b846df9890bab7498fd0aa ad6a4df0ef014444880e444ee34f74bf - - 2b4bb9ba05f143faa2b548f35197875c 2b4bb9ba05f143faa2b548f35197875c] 199.204.45.157 "GET /v2.0/networks/74ad3041-50eb-45f8-be5d-c0d424a6a2f1?fields=segments HTTP/1.1" status: 200 len: 212 time: 0.1249423
2026-06-09 18:24:52.793 9 INFO neutron.wsgi [req-24508206-a9c5-4361-a173-9f68310b38dc req-50fa48e1-efd1-4614-9349-1393dac88886 b47c0b7c98b846df9890bab7498fd0aa ad6a4df0ef014444880e444ee34f74bf - - 2b4bb9ba05f143faa2b548f35197875c 2b4bb9ba05f143faa2b548f35197875c] 199.204.45.157 "GET /v2.0/subnets?id=ffcf02e7-6530-483d-ab23-57b0fc916672 HTTP/1.1" status: 200 len: 854 time: 0.0530424
2026-06-09 18:24:52.798 9 INFO neutron.wsgi [req-a327046e-1a86-49b5-a628-6e18ca816213 req-40e6482c-7031-40be-83ed-b221b8570c5a c208bc2e7cd24685936cbcb54518d479 7ff36d0d1f80468d916bb1c141236195 - - default default] 10.0.0.194 "GET /v2.0/ports/a3a8f988-c9d2-45ce-8bd1-b3cfaffc74e6 HTTP/1.1" status: 200 len: 1452 time: 0.0422142
2026-06-09 18:24:52.827 9 INFO neutron.wsgi [req-24508206-a9c5-4361-a173-9f68310b38dc req-59aa669a-320d-4210-8ab9-5a1fc92aa053 b47c0b7c98b846df9890bab7498fd0aa ad6a4df0ef014444880e444ee34f74bf - - 2b4bb9ba05f143faa2b548f35197875c 2b4bb9ba05f143faa2b548f35197875c] 199.204.45.157 "GET /v2.0/ports?network_id=70c19761-73c1-4466-a15e-90b1a56a3831&device_owner=network%3Adhcp HTTP/1.1" status: 200 len: 210 time: 0.0209465
2026-06-09 18:24:52.885 9 INFO neutron.wsgi [req-24508206-a9c5-4361-a173-9f68310b38dc req-7cda519d-e7e9-45d7-87f2-dbfc97dc97c5 b47c0b7c98b846df9890bab7498fd0aa ad6a4df0ef014444880e444ee34f74bf - - 2b4bb9ba05f143faa2b548f35197875c 2b4bb9ba05f143faa2b548f35197875c] 199.204.45.157 "GET /v2.0/networks/70c19761-73c1-4466-a15e-90b1a56a3831?fields=segments HTTP/1.1" status: 200 len: 212 time: 0.0511141
2026-06-09 18:24:52.968 9 INFO neutron.wsgi [req-24508206-a9c5-4361-a173-9f68310b38dc req-5640c84b-5384-42bd-9aa5-57a7fb96e9ea b47c0b7c98b846df9890bab7498fd0aa ad6a4df0ef014444880e444ee34f74bf - - 2b4bb9ba05f143faa2b548f35197875c 2b4bb9ba05f143faa2b548f35197875c] 199.204.45.157 "GET /v2.0/networks/70c19761-73c1-4466-a15e-90b1a56a3831?fields=provider%3Aphysical_network&fields=provider%3Anetwork_type HTTP/1.1" status: 200 len: 277 time: 0.0777194
2026-06-09 18:24:53.072 10 INFO neutron.notifiers.nova [-] Nova event matching ['req-7a7f196b-74e8-4004-8011-25324fba6e36'] response: {'server_uuid': 'f227e230-45f4-4005-b002-6da77ef2254e', 'name': 'network-vif-plugged', 'status': 'completed', 'tag': 'a3a8f988-c9d2-45ce-8bd1-b3cfaffc74e6', 'code': 200}
2026-06-09 18:24:53.082 10 INFO neutron.db.ovn_revision_numbers_db [None req-20187ea3-03ab-4adb-b76d-2a1e0ce9d854 45a36d22dd304b0bb56aa98bbd332a8b 0baf281aa50d42819492e2b451bb3365 - - default default] Successfully bumped revision number for resource a78bc227-f8dd-4b66-80b7-3695761d17e6 (type: ports) to 1
2026-06-09 18:24:53.092 10 INFO neutron.wsgi [req-0ce93d47-f406-4132-a477-eda2545ee8f4 req-712e50e4-e0d7-42fb-8539-f2c5c8a4ea9a b47c0b7c98b846df9890bab7498fd0aa ad6a4df0ef014444880e444ee34f74bf - - 2b4bb9ba05f143faa2b548f35197875c 2b4bb9ba05f143faa2b548f35197875c] 199.204.45.157 "GET /v2.0/networks/74ad3041-50eb-45f8-be5d-c0d424a6a2f1?fields=provider%3Aphysical_network&fields=provider%3Anetwork_type HTTP/1.1" status: 200 len: 277 time: 0.3168302
2026-06-09 18:24:53.137 10 INFO neutron.wsgi [None req-20187ea3-03ab-4adb-b76d-2a1e0ce9d854 45a36d22dd304b0bb56aa98bbd332a8b 0baf281aa50d42819492e2b451bb3365 - - default default] 10.0.0.138 "POST /v2.0/networks HTTP/1.1" status: 201 len: 831 time: 1.2013490
2026-06-09 18:24:53.207 9 INFO neutron.wsgi [None req-8349ba95-b86e-4263-8d28-3a64c7a8dd03 45a36d22dd304b0bb56aa98bbd332a8b 0baf281aa50d42819492e2b451bb3365 - - default default] 10.0.0.138 "PUT /v2.0/networks/99d6e1c6-4b80-440f-a607-03eaa119dce4/tags HTTP/1.1" status: 200 len: 210 time: 0.0657284
2026-06-09 18:24:53.271 9 INFO neutron.wsgi [None req-0f23d9f5-1b12-4885-9c53-8a455a321314 45a36d22dd304b0bb56aa98bbd332a8b 0baf281aa50d42819492e2b451bb3365 - - default default] 10.0.0.138 "PUT /v2.0/networks/dd32b637-8eb2-4240-a4d0-117463bc2fca/tags HTTP/1.1" status: 200 len: 218 time: 0.0572991
2026-06-09 18:24:53.322 10 INFO neutron.db.ovn_revision_numbers_db [None req-24070eea-561b-43c1-a7b8-522b40924b28 - - - - - -] Successfully bumped revision number for resource a3a8f988-c9d2-45ce-8bd1-b3cfaffc74e6 (type: ports) to 4
2026-06-09 18:24:53.330 9 INFO neutron.wsgi [None req-47a34af0-530e-4504-9c54-516679f6b6a6 45a36d22dd304b0bb56aa98bbd332a8b 0baf281aa50d42819492e2b451bb3365 - - default default] 10.0.0.138 "PUT /v2.0/networks/b2fbc929-103d-497a-b3c0-647596786a92/tags HTTP/1.1" status: 200 len: 227 time: 0.0524905
2026-06-09 18:24:53.383 9 INFO neutron.wsgi [None req-65eabef4-93c1-445c-9b53-7e50cc18cecb 45a36d22dd304b0bb56aa98bbd332a8b 0baf281aa50d42819492e2b451bb3365 - - default default] 10.0.0.138 "PUT /v2.0/networks/e9894687-b01d-4dfc-baf2-02d4af723b19/tags HTTP/1.1" status: 200 len: 212 time: 0.0480564
2026-06-09 18:24:53.462 9 INFO neutron.wsgi [None req-45ca22f7-74b5-4adb-9abc-2d1f4b1e3ef7 45a36d22dd304b0bb56aa98bbd332a8b 0baf281aa50d42819492e2b451bb3365 - - default default] 10.0.0.138 "GET /v2.0/networks?tags=red HTTP/1.1" status: 200 len: 2067 time: 0.0708916
2026-06-09 18:24:53.474 10 INFO neutron.db.ovn_revision_numbers_db [None req-db0f509d-5a90-44c8-aa16-14d0b1bfa21d c208bc2e7cd24685936cbcb54518d479 7ff36d0d1f80468d916bb1c141236195 - - default default] Successfully bumped revision number for resource a3a8f988-c9d2-45ce-8bd1-b3cfaffc74e6 (type: ports) to 5
2026-06-09 18:24:53.488 10 INFO neutron.wsgi [None req-db0f509d-5a90-44c8-aa16-14d0b1bfa21d c208bc2e7cd24685936cbcb54518d479 7ff36d0d1f80468d916bb1c141236195 - - default default] 199.204.45.157 "PUT /v2.0/ports/a3a8f988-c9d2-45ce-8bd1-b3cfaffc74e6 HTTP/1.1" status: 200 len: 1486 time: 0.6777418 /var/lib/openstack/lib/python3.10/site-packages/pycadf/identifier.py:71: UserWarning: Invalid uuid: neutron. To ensure interoperability, identifiers should be a valid uuid. warnings.warn(('Invalid uuid: %s. To ensure interoperability, '
2026-06-09 18:24:53.508 10 INFO neutron.api.v2.resource [None req-9e43fc1f-d443-4279-bd5a-9fe91da661c1 c208bc2e7cd24685936cbcb54518d479 7ff36d0d1f80468d916bb1c141236195 - - default default] show failed (client error): The resource could not be found.
2026-06-09 18:24:53.509 10 INFO neutron.wsgi [None req-9e43fc1f-d443-4279-bd5a-9fe91da661c1 c208bc2e7cd24685936cbcb54518d479 7ff36d0d1f80468d916bb1c141236195 - - default default] 199.204.45.157 "GET /v2.0/security-groups/lb-b7836efa-67ff-41fd-806b-2deb6ebff2a4 HTTP/1.1" status: 404 len: 355 time: 0.0125048
2026-06-09 18:24:53.536 9 INFO neutron.wsgi [None req-c9bb9d40-a4f4-4d91-9d26-457b6d66f0c0 45a36d22dd304b0bb56aa98bbd332a8b 0baf281aa50d42819492e2b451bb3365 - - default default] 10.0.0.138 "GET /v2.0/networks?tags=red%2Cblue HTTP/1.1" status: 200 len: 1455 time: 0.0699081
2026-06-09 18:24:53.550 10 INFO neutron.wsgi [None req-bdb1b03f-3be7-45e9-8495-7cc76e085e56 c208bc2e7cd24685936cbcb54518d479 7ff36d0d1f80468d916bb1c141236195 - - default default] 199.204.45.157 "GET /v2.0/security-groups?name=lb-b7836efa-67ff-41fd-806b-2deb6ebff2a4 HTTP/1.1" status: 200 len: 1775 time: 0.0366867
2026-06-09 18:24:53.609 9 INFO neutron.wsgi [None req-0db80e0e-18e9-4787-b8e4-fed1ba11d731 45a36d22dd304b0bb56aa98bbd332a8b 0baf281aa50d42819492e2b451bb3365 - - default default] 10.0.0.138 "GET /v2.0/networks?tags-any=blue HTTP/1.1" status: 200 len: 1455 time: 0.0689061
2026-06-09 18:24:53.682 9 INFO neutron.wsgi [None req-d1626681-5fde-49bd-9bed-350d7d2061ff 45a36d22dd304b0bb56aa98bbd332a8b 0baf281aa50d42819492e2b451bb3365 - - default default] 10.0.0.138 "GET /v2.0/networks?tags-any=red%2Cblue HTTP/1.1" status: 200 len: 2067 time: 0.0677280
2026-06-09 18:24:53.809 9 INFO neutron.wsgi [None req-bf4136d8-6627-4645-80a3-61dfa145722b 45a36d22dd304b0bb56aa98bbd332a8b 0baf281aa50d42819492e2b451bb3365 - - default default] 10.0.0.138 "GET /v2.0/networks?not-tags=red HTTP/1.1" status: 200 len: 2069 time: 0.1196158
2026-06-09 18:24:53.929 9 INFO neutron.wsgi [None req-97ba995b-f21a-4165-86ed-7fe55daac291 45a36d22dd304b0bb56aa98bbd332a8b 0baf281aa50d42819492e2b451bb3365 - - default default] 10.0.0.138 "GET /v2.0/networks?not-tags=red%2Cblue HTTP/1.1" status: 200 len: 2681 time: 0.1167500
2026-06-09 18:24:53.960 10 INFO neutron.db.ovn_revision_numbers_db [None req-96b41fca-f79d-4e53-ab34-2f35c83243a9 c208bc2e7cd24685936cbcb54518d479 7ff36d0d1f80468d916bb1c141236195 - - default default] Successfully bumped revision number for resource a3a8f988-c9d2-45ce-8bd1-b3cfaffc74e6 (type: ports) to 6
2026-06-09 18:24:53.975 10 INFO neutron.wsgi [None req-96b41fca-f79d-4e53-ab34-2f35c83243a9 c208bc2e7cd24685936cbcb54518d479 7ff36d0d1f80468d916bb1c141236195 - - default default] 199.204.45.157 "PUT /v2.0/ports/a3a8f988-c9d2-45ce-8bd1-b3cfaffc74e6 HTTP/1.1" status: 200 len: 1486 time: 0.4205348
2026-06-09 18:24:54.051 9 INFO neutron.wsgi [None req-178e5c68-a0aa-459a-920d-467c60345830 45a36d22dd304b0bb56aa98bbd332a8b 0baf281aa50d42819492e2b451bb3365 - - default default] 10.0.0.138 "GET /v2.0/networks?not-tags-any=blue HTTP/1.1" status: 200 len: 2681 time: 0.1172638
2026-06-09 18:24:54.134 9 INFO neutron.wsgi [None req-5b7b7e6b-9a56-4e6d-883b-9507b61e847a 45a36d22dd304b0bb56aa98bbd332a8b 0baf281aa50d42819492e2b451bb3365 - - default default] 10.0.0.138 "GET /v2.0/networks?not-tags-any=red%2Cblue HTTP/1.1" status: 200 len: 2069 time: 0.0773828 /var/lib/openstack/lib/python3.10/site-packages/pycadf/identifier.py:71: UserWarning: Invalid uuid: neutron. To ensure interoperability, identifiers should be a valid uuid. warnings.warn(('Invalid uuid: %s. To ensure interoperability, '
2026-06-09 18:24:54.225 10 INFO neutron.wsgi [None req-87187e81-1ddf-4bc3-9a5e-c7b3ad03d61a c208bc2e7cd24685936cbcb54518d479 7ff36d0d1f80468d916bb1c141236195 - - default default] 199.204.45.157 "GET /v2.0/extensions/security-group HTTP/1.1" status: 200 len: 369 time: 0.0119915
2026-06-09 18:24:54.249 10 INFO neutron.wsgi [None req-14c5cff7-fc5a-4c6a-8743-a98a3568ac41 c208bc2e7cd24685936cbcb54518d479 7ff36d0d1f80468d916bb1c141236195 - - default default] 199.204.45.157 "GET /v2.0/extensions/dns-integration HTTP/1.1" status: 200 len: 371 time: 0.0148349
2026-06-09 18:24:54.260 10 INFO neutron.wsgi [None req-26d59002-40fe-4444-b0f3-ef2111c5a9dd c208bc2e7cd24685936cbcb54518d479 7ff36d0d1f80468d916bb1c141236195 - - default default] 199.204.45.157 "GET /v2.0/extensions/qos HTTP/1.1" status: 200 len: 365 time: 0.0060999
2026-06-09 18:24:54.272 10 INFO neutron.wsgi [None req-2066bada-1539-41d4-b21f-dc0c0f7729ef c208bc2e7cd24685936cbcb54518d479 7ff36d0d1f80468d916bb1c141236195 - - default default] 199.204.45.157 "GET /v2.0/extensions/allowed-address-pairs HTTP/1.1" status: 200 len: 383 time: 0.0077491
2026-06-09 18:24:54.324 10 INFO neutron.wsgi [None req-b671f6a4-ce2b-414c-8a83-ae1930c49ec0 c208bc2e7cd24685936cbcb54518d479 7ff36d0d1f80468d916bb1c141236195 - - default default] 199.204.45.157 "GET /v2.0/subnets/ffcf02e7-6530-483d-ab23-57b0fc916672 HTTP/1.1" status: 200 len: 851 time: 0.0464592
2026-06-09 18:24:54.370 10 INFO neutron.wsgi [None req-128fbd83-eb06-45d6-993e-a83deb7fbc16 c208bc2e7cd24685936cbcb54518d479 7ff36d0d1f80468d916bb1c141236195 - - default default] 199.204.45.157 "GET /v2.0/ports/07c25e0d-9d4e-4731-a3d7-27bfa2464d82 HTTP/1.1" status: 200 len: 1328 time: 0.0379477
2026-06-09 18:24:54.426 10 INFO neutron.wsgi [None req-99683ce8-b688-432e-b2aa-cfed2e8337b4 c208bc2e7cd24685936cbcb54518d479 7ff36d0d1f80468d916bb1c141236195 - - default default] 199.204.45.157 "GET /v2.0/ports/a3a8f988-c9d2-45ce-8bd1-b3cfaffc74e6 HTTP/1.1" status: 200 len: 1514 time: 0.0463076
2026-06-09 18:24:54.475 10 INFO neutron.wsgi [None req-347d115d-991c-4038-8a06-73ab9807ca39 c208bc2e7cd24685936cbcb54518d479 7ff36d0d1f80468d916bb1c141236195 - - default default] 199.204.45.157 "GET /v2.0/subnets/ffcf02e7-6530-483d-ab23-57b0fc916672 HTTP/1.1" status: 200 len: 851 time: 0.0402114
2026-06-09 18:24:54.553 10 INFO neutron.wsgi [None req-5511a5d4-6b8e-42a4-99c7-681c1b4142b2 c208bc2e7cd24685936cbcb54518d479 7ff36d0d1f80468d916bb1c141236195 - - default default] 199.204.45.157 "GET /v2.0/networks/70c19761-73c1-4466-a15e-90b1a56a3831 HTTP/1.1" status: 200 len: 1001 time: 0.0735745
2026-06-09 18:24:54.591 10 INFO neutron.wsgi [None req-7270051c-5c7e-433c-a5c8-a241cb37404f c208bc2e7cd24685936cbcb54518d479 7ff36d0d1f80468d916bb1c141236195 - - default default] 199.204.45.157 "GET /v2.0/ports/07c25e0d-9d4e-4731-a3d7-27bfa2464d82 HTTP/1.1" status: 200 len: 1328 time: 0.0331085
2026-06-09 18:24:54.630 10 INFO neutron.wsgi [None req-7029c774-16b0-4725-a93b-65e7d53b88cd c208bc2e7cd24685936cbcb54518d479 7ff36d0d1f80468d916bb1c141236195 - - default default] 199.204.45.157 "GET /v2.0/subnets/ffcf02e7-6530-483d-ab23-57b0fc916672 HTTP/1.1" status: 200 len: 851 time: 0.0340996
2026-06-09 18:24:54.756 9 INFO neutron.services.segments.plugin [-] Segment bdf84d0a-1b19-437a-aa00-4437b3e26047 resource provider aggregate not found
2026-06-09 18:24:54.760 9 INFO neutron.services.segments.plugin [-] Segment bdf84d0a-1b19-437a-aa00-4437b3e26047 resource provider aggregate not found
2026-06-09 18:24:54.773 9 INFO neutron.services.segments.plugin [-] Segment bdf84d0a-1b19-437a-aa00-4437b3e26047 resource provider not found; error: Placement Client Error (4xx): {"errors": [{"status": 404, "title": "Not Found", "detail": "The resource could not be found.\n\n No resource provider with uuid bdf84d0a-1b19-437a-aa00-4437b3e26047 found for delete ", "request_id": "req-ce172435-32e7-491c-b53a-7c4e47b70dd1"}]}
2026-06-09 18:24:54.774 9 INFO neutron.services.segments.plugin [-] Segment bdf84d0a-1b19-437a-aa00-4437b3e26047 resource provider not found; error: Placement Client Error (4xx): {"errors": [{"status": 404, "title": "Not Found", "detail": "The resource could not be found.\n\n No resource provider with uuid bdf84d0a-1b19-437a-aa00-4437b3e26047 found for delete ", "request_id": "req-74a76b1e-72d6-48ff-9c24-3a26bfb96976"}]}
2026-06-09 18:24:54.796 9 INFO neutron.wsgi [None req-69a6f104-d5d7-4e38-b5a1-e22242134d1a 45a36d22dd304b0bb56aa98bbd332a8b 0baf281aa50d42819492e2b451bb3365 - - default default] 10.0.0.138 "DELETE /v2.0/networks/99d6e1c6-4b80-440f-a607-03eaa119dce4 HTTP/1.1" status: 204 len: 168 time: 0.6541843
2026-06-09 18:24:55.112 10 INFO neutron.notifiers.nova [-] Nova event matching ['req-116a13ee-8d61-4fc9-83a8-07459ba5cf31'] response: {'server_uuid': 'f227e230-45f4-4005-b002-6da77ef2254e', 'name': 'network-vif-plugged', 'status': 'completed', 'tag': 'a3a8f988-c9d2-45ce-8bd1-b3cfaffc74e6', 'code': 200}
2026-06-09 18:24:55.112 10 INFO neutron.notifiers.nova [-] Nova event matching ['req-116a13ee-8d61-4fc9-83a8-07459ba5cf31'] response: {'name': 'network-changed', 'server_uuid': 'f227e230-45f4-4005-b002-6da77ef2254e', 'tag': 'a3a8f988-c9d2-45ce-8bd1-b3cfaffc74e6', 'status': 'completed', 'code': 200}
2026-06-09 18:24:55.112 10 INFO neutron.notifiers.nova [-] Nova event matching ['req-116a13ee-8d61-4fc9-83a8-07459ba5cf31'] response: {'name': 'network-changed', 'server_uuid': 'f227e230-45f4-4005-b002-6da77ef2254e', 'tag': 'a3a8f988-c9d2-45ce-8bd1-b3cfaffc74e6', 'status': 'completed', 'code': 200}
2026-06-09 18:24:55.190 10 INFO neutron.wsgi [req-bd1be225-cbf3-4977-b1c8-201f9527aac4 req-3a853a11-2c3f-4443-999f-99c4a7ea40ff b47c0b7c98b846df9890bab7498fd0aa ad6a4df0ef014444880e444ee34f74bf - - 2b4bb9ba05f143faa2b548f35197875c 2b4bb9ba05f143faa2b548f35197875c] 199.204.45.157 "GET /v2.0/ports?tenant_id=7ff36d0d1f80468d916bb1c141236195&device_id=f227e230-45f4-4005-b002-6da77ef2254e HTTP/1.1" status: 200 len: 2723 time: 0.0523796
2026-06-09 18:24:55.258 9 INFO neutron.wsgi [None req-368e5552-9118-4677-82df-85404ff3a288 45a36d22dd304b0bb56aa98bbd332a8b 0baf281aa50d42819492e2b451bb3365 - - default default] 10.0.0.138 "DELETE /v2.0/networks/dd32b637-8eb2-4240-a4d0-117463bc2fca HTTP/1.1" status: 204 len: 168 time: 0.4573791
2026-06-09 18:24:55.264 10 INFO neutron.wsgi [req-bd1be225-cbf3-4977-b1c8-201f9527aac4 req-cad65aa0-60e8-467b-9517-2e20e92f4b5d b47c0b7c98b846df9890bab7498fd0aa ad6a4df0ef014444880e444ee34f74bf - - 2b4bb9ba05f143faa2b548f35197875c 2b4bb9ba05f143faa2b548f35197875c] 199.204.45.157 "GET /v2.0/networks?id=70c19761-73c1-4466-a15e-90b1a56a3831 HTTP/1.1" status: 200 len: 1004 time: 0.0667412
2026-06-09 18:24:55.308 10 INFO neutron.wsgi [req-bd1be225-cbf3-4977-b1c8-201f9527aac4 req-381cfad1-5917-4d69-8d37-a17fd876f3b1 b47c0b7c98b846df9890bab7498fd0aa ad6a4df0ef014444880e444ee34f74bf - - 2b4bb9ba05f143faa2b548f35197875c 2b4bb9ba05f143faa2b548f35197875c] 199.204.45.157 "GET /v2.0/floatingips?fixed_ip_address=10.1.1.39&port_id=a3a8f988-c9d2-45ce-8bd1-b3cfaffc74e6 HTTP/1.1" status: 200 len: 217 time: 0.0320113
2026-06-09 18:24:55.330 9 WARNING neutron_lib.context [None req-4b7e82cf-e226-4eae-9c4e-d11b033e0247 8a92be5e9f454a2a9f536d61c3d6d945 0d778409a68b4f5a8bc47364f2c0f479 - - default default] Method 'is_advsvc' is deprecated since 2023.2 release (neutron-lib 3.8.0) and will be removed once support for the old RBAC API policies will be removed from Neutron. Please use method 'is_service_role' instead.
2026-06-09 18:24:55.359 10 INFO neutron.wsgi [req-bd1be225-cbf3-4977-b1c8-201f9527aac4 req-554bd7ba-1f5f-4c2d-8e1f-a48e5192cd18 b47c0b7c98b846df9890bab7498fd0aa ad6a4df0ef014444880e444ee34f74bf - - 2b4bb9ba05f143faa2b548f35197875c 2b4bb9ba05f143faa2b548f35197875c] 199.204.45.157 "GET /v2.0/subnets?id=ffcf02e7-6530-483d-ab23-57b0fc916672 HTTP/1.1" status: 200 len: 854 time: 0.0431609
2026-06-09 18:24:55.402 10 INFO neutron.wsgi [req-bd1be225-cbf3-4977-b1c8-201f9527aac4 req-ca5f9a61-eb0b-452a-9616-72e69424b1c4 b47c0b7c98b846df9890bab7498fd0aa ad6a4df0ef014444880e444ee34f74bf - - 2b4bb9ba05f143faa2b548f35197875c 2b4bb9ba05f143faa2b548f35197875c] 199.204.45.157 "GET /v2.0/ports?network_id=70c19761-73c1-4466-a15e-90b1a56a3831&device_owner=network%3Adhcp HTTP/1.1" status: 200 len: 210 time: 0.0380023
2026-06-09 18:24:55.456 9 INFO neutron.db.ovn_revision_numbers_db [None req-4b7e82cf-e226-4eae-9c4e-d11b033e0247 8a92be5e9f454a2a9f536d61c3d6d945 0d778409a68b4f5a8bc47364f2c0f479 - - default default] Successfully bumped revision number for resource 51b444c8-9619-4207-8069-06836ca535df (type: security_groups) to 1
2026-06-09 18:24:55.471 9 INFO neutron.db.ovn_revision_numbers_db [None req-4b7e82cf-e226-4eae-9c4e-d11b033e0247 8a92be5e9f454a2a9f536d61c3d6d945 0d778409a68b4f5a8bc47364f2c0f479 - - default default] Successfully bumped revision number for resource 3e65ead1-f22b-4c79-a94f-6e67c9208963 (type: security_group_rules) to 0
2026-06-09 18:24:55.482 10 INFO neutron.wsgi [req-bd1be225-cbf3-4977-b1c8-201f9527aac4 req-55fbe016-3c3d-40c6-bc64-00cf8efe9787 b47c0b7c98b846df9890bab7498fd0aa ad6a4df0ef014444880e444ee34f74bf - - 2b4bb9ba05f143faa2b548f35197875c 2b4bb9ba05f143faa2b548f35197875c] 199.204.45.157 "GET /v2.0/networks/70c19761-73c1-4466-a15e-90b1a56a3831?fields=segments HTTP/1.1" status: 200 len: 212 time: 0.0702593
2026-06-09 18:24:55.486 9 INFO neutron.db.ovn_revision_numbers_db [None req-4b7e82cf-e226-4eae-9c4e-d11b033e0247 8a92be5e9f454a2a9f536d61c3d6d945 0d778409a68b4f5a8bc47364f2c0f479 - - default default] Successfully bumped revision number for resource 66bdebaf-4f1e-4731-85e8-dd66e01594f9 (type: security_group_rules) to 0
2026-06-09 18:24:55.501 9 INFO neutron.db.ovn_revision_numbers_db [None req-4b7e82cf-e226-4eae-9c4e-d11b033e0247 8a92be5e9f454a2a9f536d61c3d6d945 0d778409a68b4f5a8bc47364f2c0f479 - - default default] Successfully bumped revision number for resource c6614379-afb3-4398-acdc-ac08d21aa709 (type: security_group_rules) to 0
2026-06-09 18:24:55.518 9 INFO neutron.db.ovn_revision_numbers_db [None req-4b7e82cf-e226-4eae-9c4e-d11b033e0247 8a92be5e9f454a2a9f536d61c3d6d945 0d778409a68b4f5a8bc47364f2c0f479 - - default default] Successfully bumped revision number for resource f54a5130-e028-4996-803f-2313820e9586 (type: security_group_rules) to 0
2026-06-09 18:24:55.580 9 INFO neutron.db.segments_db [None req-4b7e82cf-e226-4eae-9c4e-d11b033e0247 8a92be5e9f454a2a9f536d61c3d6d945 0d778409a68b4f5a8bc47364f2c0f479 - - default default] Added segment 1dc5868d-84b6-428d-9fcf-f0974edd1ad0 of type geneve for network aa72e484-f22e-42fa-8abf-1bf950235385
2026-06-09 18:24:55.584 10 INFO neutron.wsgi [req-bd1be225-cbf3-4977-b1c8-201f9527aac4 req-1b842ca2-205e-46bd-b5b9-dadca3c110bd b47c0b7c98b846df9890bab7498fd0aa ad6a4df0ef014444880e444ee34f74bf - - 2b4bb9ba05f143faa2b548f35197875c 2b4bb9ba05f143faa2b548f35197875c] 199.204.45.157 "GET /v2.0/networks/70c19761-73c1-4466-a15e-90b1a56a3831?fields=provider%3Aphysical_network&fields=provider%3Anetwork_type HTTP/1.1" status: 200 len: 277 time: 0.0879712
2026-06-09 18:24:55.680 10 INFO neutron.wsgi [req-bd1be225-cbf3-4977-b1c8-201f9527aac4 req-c689b4a9-2111-43b2-81e2-073a93574a06 b47c0b7c98b846df9890bab7498fd0aa ad6a4df0ef014444880e444ee34f74bf - - 2b4bb9ba05f143faa2b548f35197875c 2b4bb9ba05f143faa2b548f35197875c] 199.204.45.157 "GET /v2.0/ports?tenant_id=7ff36d0d1f80468d916bb1c141236195&device_id=f227e230-45f4-4005-b002-6da77ef2254e HTTP/1.1" status: 200 len: 2723 time: 0.0454798
2026-06-09 18:24:55.754 9 INFO neutron.db.ovn_revision_numbers_db [None req-4b7e82cf-e226-4eae-9c4e-d11b033e0247 8a92be5e9f454a2a9f536d61c3d6d945 0d778409a68b4f5a8bc47364f2c0f479 - - default default] Successfully bumped revision number for resource aa72e484-f22e-42fa-8abf-1bf950235385 (type: networks) to 1
2026-06-09 18:24:55.784 10 INFO neutron.wsgi [req-bd1be225-cbf3-4977-b1c8-201f9527aac4 req-ab7b67bb-bf63-409a-a82d-7a7c215e8b5b b47c0b7c98b846df9890bab7498fd0aa ad6a4df0ef014444880e444ee34f74bf - - 2b4bb9ba05f143faa2b548f35197875c 2b4bb9ba05f143faa2b548f35197875c] 199.204.45.157 "GET /v2.0/networks?id=70c19761-73c1-4466-a15e-90b1a56a3831 HTTP/1.1" status: 200 len: 1004 time: 0.0890086
2026-06-09 18:24:55.815 10 INFO neutron.wsgi [req-bd1be225-cbf3-4977-b1c8-201f9527aac4 req-e7f32e57-69f3-46de-a7b1-119bd4f37338 b47c0b7c98b846df9890bab7498fd0aa ad6a4df0ef014444880e444ee34f74bf - - 2b4bb9ba05f143faa2b548f35197875c 2b4bb9ba05f143faa2b548f35197875c] 199.204.45.157 "GET /v2.0/floatingips?fixed_ip_address=10.1.1.39&port_id=a3a8f988-c9d2-45ce-8bd1-b3cfaffc74e6 HTTP/1.1" status: 200 len: 217 time: 0.0250919
2026-06-09 18:24:55.851 10 INFO neutron.services.segments.plugin [-] Segment 494139d2-ea22-4b95-aacb-187de3d0939e resource provider aggregate not found
2026-06-09 18:24:55.856 10 INFO neutron.services.segments.plugin [-] Segment 494139d2-ea22-4b95-aacb-187de3d0939e resource provider aggregate not found
2026-06-09 18:24:55.874 10 INFO neutron.services.segments.plugin [-] Segment 494139d2-ea22-4b95-aacb-187de3d0939e resource provider not found; error: Placement Client Error (4xx): {"errors": [{"status": 404, "title": "Not Found", "detail": "The resource could not be found.\n\n No resource provider with uuid 494139d2-ea22-4b95-aacb-187de3d0939e found for delete ", "request_id": "req-9830e24b-61a3-4cba-8295-6df4414eb635"}]}
2026-06-09 18:24:55.874 10 INFO neutron.services.segments.plugin [-] Segment 494139d2-ea22-4b95-aacb-187de3d0939e resource provider not found; error: Placement Client Error (4xx): {"errors": [{"status": 404, "title": "Not Found", "detail": "The resource could not be found.\n\n No resource provider with uuid 494139d2-ea22-4b95-aacb-187de3d0939e found for delete ", "request_id": "req-ec17c802-e9d3-415d-a584-6836b1265b3a"}]}
2026-06-09 18:24:55.889 10 INFO neutron.wsgi [req-bd1be225-cbf3-4977-b1c8-201f9527aac4 req-9aa2f70a-c67e-4e35-9f84-a10242306191 b47c0b7c98b846df9890bab7498fd0aa ad6a4df0ef014444880e444ee34f74bf - - 2b4bb9ba05f143faa2b548f35197875c 2b4bb9ba05f143faa2b548f35197875c] 199.204.45.157 "GET /v2.0/subnets?id=ffcf02e7-6530-483d-ab23-57b0fc916672 HTTP/1.1" status: 200 len: 854 time: 0.0566273
2026-06-09 18:24:55.911 9 WARNING neutron.scheduler.dhcp_agent_scheduler [None req-4b7e82cf-e226-4eae-9c4e-d11b033e0247 8a92be5e9f454a2a9f536d61c3d6d945 0d778409a68b4f5a8bc47364f2c0f479 - - default default] No more DHCP agents
2026-06-09 18:24:55.913 9 WARNING neutron.api.rpc.agentnotifiers.dhcp_rpc_agent_api [None req-4b7e82cf-e226-4eae-9c4e-d11b033e0247 8a92be5e9f454a2a9f536d61c3d6d945 0d778409a68b4f5a8bc47364f2c0f479 - - default default] Unable to schedule network aa72e484-f22e-42fa-8abf-1bf950235385: no agents available; will retry on subsequent port and subnet creation events.
2026-06-09 18:24:55.922 10 INFO neutron.wsgi [None req-b629645c-5c60-4c0f-adab-1d63bbee0ef4 45a36d22dd304b0bb56aa98bbd332a8b 0baf281aa50d42819492e2b451bb3365 - - default default] 10.0.0.138 "DELETE /v2.0/networks/b2fbc929-103d-497a-b3c0-647596786a92 HTTP/1.1" status: 204 len: 168 time: 0.6559825
2026-06-09 18:24:55.924 10 INFO neutron.wsgi [req-bd1be225-cbf3-4977-b1c8-201f9527aac4 req-b685aa96-c729-4047-8306-f44c4bc84424 b47c0b7c98b846df9890bab7498fd0aa ad6a4df0ef014444880e444ee34f74bf - - 2b4bb9ba05f143faa2b548f35197875c 2b4bb9ba05f143faa2b548f35197875c] 199.204.45.157 "GET /v2.0/ports?network_id=70c19761-73c1-4466-a15e-90b1a56a3831&device_owner=network%3Adhcp HTTP/1.1" status: 200 len: 210 time: 0.0274425
2026-06-09 18:24:55.991 9 INFO neutron.db.ovn_revision_numbers_db [None req-4b7e82cf-e226-4eae-9c4e-d11b033e0247 8a92be5e9f454a2a9f536d61c3d6d945 0d778409a68b4f5a8bc47364f2c0f479 - - default default] Successfully bumped revision number for resource a050c1cc-4765-457c-83fc-6ec8b9832029 (type: ports) to 1
2026-06-09 18:24:56.011 9 INFO neutron.wsgi [None req-4b7e82cf-e226-4eae-9c4e-d11b033e0247 8a92be5e9f454a2a9f536d61c3d6d945 0d778409a68b4f5a8bc47364f2c0f479 - - default default] 10.0.0.138 "POST /v2.0/networks HTTP/1.1" status: 201 len: 831 time: 0.8991446
2026-06-09 18:24:56.023 9 WARNING neutron_lib.context [None req-957f988a-d999-49bc-9eac-d1bb68395b64 8a92be5e9f454a2a9f536d61c3d6d945 0d778409a68b4f5a8bc47364f2c0f479 - - default default] Method 'is_advsvc' is deprecated since 2023.2 release (neutron-lib 3.8.0) and will be removed once support for the old RBAC API policies will be removed from Neutron. Please use method 'is_service_role' instead.
2026-06-09 18:24:56.031 10 INFO neutron.wsgi [req-bd1be225-cbf3-4977-b1c8-201f9527aac4 req-1d62a85e-00c1-4cd6-a8c0-f32aeb62b7b8 b47c0b7c98b846df9890bab7498fd0aa ad6a4df0ef014444880e444ee34f74bf - - 2b4bb9ba05f143faa2b548f35197875c 2b4bb9ba05f143faa2b548f35197875c] 199.204.45.157 "GET /v2.0/networks/70c19761-73c1-4466-a15e-90b1a56a3831?fields=segments HTTP/1.1" status: 200 len: 212 time: 0.0994563
2026-06-09 18:24:56.102 9 INFO neutron.db.segments_db [None req-957f988a-d999-49bc-9eac-d1bb68395b64 8a92be5e9f454a2a9f536d61c3d6d945 0d778409a68b4f5a8bc47364f2c0f479 - - default default] Added segment 1c2e076b-1ad8-424e-a71e-4d31306c6bc7 of type geneve for network 848112be-3218-488d-ba76-be8695d066eb
2026-06-09 18:24:56.117 10 INFO neutron.wsgi [req-bd1be225-cbf3-4977-b1c8-201f9527aac4 req-82b9642b-3573-4613-987d-5ca102d003c7 b47c0b7c98b846df9890bab7498fd0aa ad6a4df0ef014444880e444ee34f74bf - - 2b4bb9ba05f143faa2b548f35197875c 2b4bb9ba05f143faa2b548f35197875c] 199.204.45.157 "GET /v2.0/networks/70c19761-73c1-4466-a15e-90b1a56a3831?fields=provider%3Aphysical_network&fields=provider%3Anetwork_type HTTP/1.1" status: 200 len: 277 time: 0.0776470
2026-06-09 18:24:56.257 9 INFO neutron.db.ovn_revision_numbers_db [None req-957f988a-d999-49bc-9eac-d1bb68395b64 8a92be5e9f454a2a9f536d61c3d6d945 0d778409a68b4f5a8bc47364f2c0f479 - - default default] Successfully bumped revision number for resource 848112be-3218-488d-ba76-be8695d066eb (type: networks) to 1
2026-06-09 18:24:56.395 10 INFO neutron.wsgi [None req-ab49f8a5-1029-4c37-8607-aad3fce69519 45a36d22dd304b0bb56aa98bbd332a8b 0baf281aa50d42819492e2b451bb3365 - - default default] 10.0.0.138 "DELETE /v2.0/networks/e9894687-b01d-4dfc-baf2-02d4af723b19 HTTP/1.1" status: 204 len: 168 time: 0.4629796
2026-06-09 18:24:56.464 9 WARNING neutron.scheduler.dhcp_agent_scheduler [None req-957f988a-d999-49bc-9eac-d1bb68395b64 8a92be5e9f454a2a9f536d61c3d6d945 0d778409a68b4f5a8bc47364f2c0f479 - - default default] No more DHCP agents
2026-06-09 18:24:56.467 9 WARNING neutron.api.rpc.agentnotifiers.dhcp_rpc_agent_api [None req-957f988a-d999-49bc-9eac-d1bb68395b64 8a92be5e9f454a2a9f536d61c3d6d945 0d778409a68b4f5a8bc47364f2c0f479 - - default default] Unable to schedule network 848112be-3218-488d-ba76-be8695d066eb: no agents available; will retry on subsequent port and subnet creation events.
2026-06-09 18:24:56.565 9 INFO neutron.db.ovn_revision_numbers_db [None req-957f988a-d999-49bc-9eac-d1bb68395b64 8a92be5e9f454a2a9f536d61c3d6d945 0d778409a68b4f5a8bc47364f2c0f479 - - default default] Successfully bumped revision number for resource 0bffcc33-bc93-4e79-8b92-47d975fef294 (type: ports) to 1
2026-06-09 18:24:56.601 9 INFO neutron.wsgi [None req-957f988a-d999-49bc-9eac-d1bb68395b64 8a92be5e9f454a2a9f536d61c3d6d945 0d778409a68b4f5a8bc47364f2c0f479 - - default default] 10.0.0.138 "POST /v2.0/networks HTTP/1.1" status: 201 len: 829 time: 0.5820470
2026-06-09 18:24:56.688 9 INFO neutron.wsgi [None req-f940711c-c2e7-49cf-97ca-ab517a3dc7b1 8a92be5e9f454a2a9f536d61c3d6d945 0d778409a68b4f5a8bc47364f2c0f479 - - default default] 10.0.0.138 "PUT /v2.0/networks/aa72e484-f22e-42fa-8abf-1bf950235385/tags HTTP/1.1" status: 200 len: 218 time: 0.0815771
2026-06-09 18:24:56.745 10 INFO neutron.wsgi [None req-2bf69d8f-71ce-4af1-b24a-a7b7c6e6de61 8a92be5e9f454a2a9f536d61c3d6d945 0d778409a68b4f5a8bc47364f2c0f479 - - default default] 10.0.0.138 "GET /v2.0/networks/aa72e484-f22e-42fa-8abf-1bf950235385/tags HTTP/1.1" status: 200 len: 218 time: 0.0504456
2026-06-09 18:24:56.801 10 INFO neutron.wsgi [None req-24a97abe-38ba-424a-8c39-ebff20373ea3 8a92be5e9f454a2a9f536d61c3d6d945 0d778409a68b4f5a8bc47364f2c0f479 - - default default] 10.0.0.138 "PUT /v2.0/networks/848112be-3218-488d-ba76-be8695d066eb/tags HTTP/1.1" status: 200 len: 210 time: 0.0511944
2026-06-09 18:24:56.806 9 INFO neutron.services.segments.plugin [-] Segment 48126a22-3b61-4d38-838a-6f399275f0e0 resource provider aggregate not found
2026-06-09 18:24:56.813 9 INFO neutron.services.segments.plugin [-] Segment 48126a22-3b61-4d38-838a-6f399275f0e0 resource provider aggregate not found
