2026-06-09 18:22:29.840 9 INFO neutron.db.ovn_revision_numbers_db [None req-c0c8d305-afce-4f88-9a7d-526256d1f2a9 c208bc2e7cd24685936cbcb54518d479 7ff36d0d1f80468d916bb1c141236195 - - default default] Successfully bumped revision number for resource 5680af6b-191c-4b8f-9df1-ddf58c668b0f (type: security_groups) to 1
2026-06-09 18:22:29.857 9 INFO neutron.db.ovn_revision_numbers_db [None req-c0c8d305-afce-4f88-9a7d-526256d1f2a9 c208bc2e7cd24685936cbcb54518d479 7ff36d0d1f80468d916bb1c141236195 - - default default] Successfully bumped revision number for resource 38837452-5765-4a14-b010-e40b8e171186 (type: security_group_rules) to 0
2026-06-09 18:22:29.872 9 INFO neutron.db.ovn_revision_numbers_db [None req-c0c8d305-afce-4f88-9a7d-526256d1f2a9 c208bc2e7cd24685936cbcb54518d479 7ff36d0d1f80468d916bb1c141236195 - - default default] Successfully bumped revision number for resource 3c2c50d7-14e8-4d77-a752-986e42076806 (type: security_group_rules) to 0
2026-06-09 18:22:29.889 9 INFO neutron.db.ovn_revision_numbers_db [None req-c0c8d305-afce-4f88-9a7d-526256d1f2a9 c208bc2e7cd24685936cbcb54518d479 7ff36d0d1f80468d916bb1c141236195 - - default default] Successfully bumped revision number for resource 4b4969fc-3343-4c57-b878-7797b257a8de (type: security_group_rules) to 0
2026-06-09 18:22:29.906 9 INFO neutron.db.ovn_revision_numbers_db [None req-c0c8d305-afce-4f88-9a7d-526256d1f2a9 c208bc2e7cd24685936cbcb54518d479 7ff36d0d1f80468d916bb1c141236195 - - default default] Successfully bumped revision number for resource 85435a13-36d2-4ef0-9ccf-d9d14023ca6f (type: security_group_rules) to 0
2026-06-09 18:22:29.932 9 INFO neutron.wsgi [None req-c0c8d305-afce-4f88-9a7d-526256d1f2a9 c208bc2e7cd24685936cbcb54518d479 7ff36d0d1f80468d916bb1c141236195 - - default default] 10.0.0.138 "GET /v2.0/security-groups?tenant_id=ed621b38dd1a4da4b378cb4d87a97092&name=default HTTP/1.1" status: 200 len: 2996 time: 0.3236260
2026-06-09 18:22:29.957 10 INFO neutron.wsgi [None req-0cfcf45b-ffc2-423b-b2f5-55efc063c8cc c208bc2e7cd24685936cbcb54518d479 7ff36d0d1f80468d916bb1c141236195 - - default default] 10.0.0.138 "DELETE /v2.0/security-groups/11f94dc2-1ad3-4627-8f2d-6338035b7cd0 HTTP/1.1" status: 204 len: 168 time: 0.2093096
2026-06-09 18:22:29.993 9 INFO neutron.db.ovn_revision_numbers_db [None req-f05bc384-c248-441e-9a82-51816c78f7fa 5f5290330b75434c9cadb7543bbb08ca e1ca7eb400a04552a9c4e83ddf7b8291 - - default default] Successfully bumped revision number for resource f5e088a0-b552-48ad-b73a-b87dc98692e7 (type: security_groups) to 1
2026-06-09 18:22:30.009 9 INFO neutron.db.ovn_revision_numbers_db [None req-f05bc384-c248-441e-9a82-51816c78f7fa 5f5290330b75434c9cadb7543bbb08ca e1ca7eb400a04552a9c4e83ddf7b8291 - - default default] Successfully bumped revision number for resource 41a1593f-6084-4b62-85b7-4c244531402f (type: security_group_rules) to 0
2026-06-09 18:22:30.024 9 INFO neutron.db.ovn_revision_numbers_db [None req-f05bc384-c248-441e-9a82-51816c78f7fa 5f5290330b75434c9cadb7543bbb08ca e1ca7eb400a04552a9c4e83ddf7b8291 - - default default] Successfully bumped revision number for resource 93bf0425-7b70-4825-a976-19ee0dd98ce6 (type: security_group_rules) to 0
2026-06-09 18:22:30.039 9 INFO neutron.db.ovn_revision_numbers_db [None req-f05bc384-c248-441e-9a82-51816c78f7fa 5f5290330b75434c9cadb7543bbb08ca e1ca7eb400a04552a9c4e83ddf7b8291 - - default default] Successfully bumped revision number for resource d0c34ff0-17e7-4c77-8b2b-be53d4759d58 (type: security_group_rules) to 0
2026-06-09 18:22:30.051 9 INFO neutron.db.ovn_revision_numbers_db [None req-f05bc384-c248-441e-9a82-51816c78f7fa 5f5290330b75434c9cadb7543bbb08ca e1ca7eb400a04552a9c4e83ddf7b8291 - - default default] Successfully bumped revision number for resource fb8ba5ac-8cf7-4fbd-a7bb-d6aa51bf00ed (type: security_group_rules) to 0
2026-06-09 18:22:30.142 9 INFO neutron.db.ovn_revision_numbers_db [None req-f05bc384-c248-441e-9a82-51816c78f7fa 5f5290330b75434c9cadb7543bbb08ca e1ca7eb400a04552a9c4e83ddf7b8291 - - default default] Successfully bumped revision number for resource 2da1a4d2-c59b-43b3-9b80-f52892281911 (type: security_groups) to 1
2026-06-09 18:22:30.154 9 INFO neutron.wsgi [None req-a3c47540-8650-485d-a7cc-288e1b3cd18b c208bc2e7cd24685936cbcb54518d479 7ff36d0d1f80468d916bb1c141236195 - - default default] 10.0.0.138 "DELETE /v2.0/security-groups/5680af6b-191c-4b8f-9df1-ddf58c668b0f HTTP/1.1" status: 204 len: 168 time: 0.2148349
2026-06-09 18:22:30.157 9 INFO neutron.db.ovn_revision_numbers_db [None req-f05bc384-c248-441e-9a82-51816c78f7fa 5f5290330b75434c9cadb7543bbb08ca e1ca7eb400a04552a9c4e83ddf7b8291 - - default default] Successfully bumped revision number for resource d4f1ba0a-c4ea-4e2f-8ec1-7164b3dc8eb3 (type: security_group_rules) to 0
2026-06-09 18:22:30.172 9 INFO neutron.db.ovn_revision_numbers_db [None req-f05bc384-c248-441e-9a82-51816c78f7fa 5f5290330b75434c9cadb7543bbb08ca e1ca7eb400a04552a9c4e83ddf7b8291 - - default default] Successfully bumped revision number for resource efd9bca3-e71c-4dc3-87e8-16fb70b2b5f1 (type: security_group_rules) to 0
2026-06-09 18:22:30.199 9 INFO neutron.wsgi [None req-f05bc384-c248-441e-9a82-51816c78f7fa 5f5290330b75434c9cadb7543bbb08ca e1ca7eb400a04552a9c4e83ddf7b8291 - - default default] 10.0.0.138 "POST /v2.0/security-groups HTTP/1.1" status: 201 len: 1760 time: 0.4009192
2026-06-09 18:22:30.256 10 INFO neutron.wsgi [None req-46f43fd6-a9ad-4e18-9fa6-642f6ddcb604 5f5290330b75434c9cadb7543bbb08ca e1ca7eb400a04552a9c4e83ddf7b8291 - - default default] 10.0.0.138 "GET /v2.0/security-groups HTTP/1.1" status: 200 len: 4538 time: 0.0509326
2026-06-09 18:22:30.330 9 INFO neutron.db.ovn_revision_numbers_db [None req-510a2144-7301-4e6b-b14c-03d082abfe52 c208bc2e7cd24685936cbcb54518d479 7ff36d0d1f80468d916bb1c141236195 - - default default] Successfully bumped revision number for resource 5567baa5-9f2c-4d63-8224-9ab169a62ab7 (type: security_groups) to 1
2026-06-09 18:22:30.343 9 INFO neutron.db.ovn_revision_numbers_db [None req-510a2144-7301-4e6b-b14c-03d082abfe52 c208bc2e7cd24685936cbcb54518d479 7ff36d0d1f80468d916bb1c141236195 - - default default] Successfully bumped revision number for resource 01180469-f947-4865-bfa0-144cd53391f8 (type: security_group_rules) to 0
2026-06-09 18:22:30.358 9 INFO neutron.db.ovn_revision_numbers_db [None req-510a2144-7301-4e6b-b14c-03d082abfe52 c208bc2e7cd24685936cbcb54518d479 7ff36d0d1f80468d916bb1c141236195 - - default default] Successfully bumped revision number for resource 1a4e42b6-b2e8-409d-bc17-aa06b29b4f28 (type: security_group_rules) to 0
2026-06-09 18:22:30.361 10 INFO neutron.db.ovn_revision_numbers_db [None req-3566948a-5ced-4619-a0f5-385ff4433acc 5f5290330b75434c9cadb7543bbb08ca e1ca7eb400a04552a9c4e83ddf7b8291 - - default default] Successfully bumped revision number for resource 2da1a4d2-c59b-43b3-9b80-f52892281911 (type: security_groups) to 2
2026-06-09 18:22:30.363 10 INFO neutron.wsgi [None req-3566948a-5ced-4619-a0f5-385ff4433acc 5f5290330b75434c9cadb7543bbb08ca e1ca7eb400a04552a9c4e83ddf7b8291 - - default default] 10.0.0.138 "PUT /v2.0/security-groups/2da1a4d2-c59b-43b3-9b80-f52892281911 HTTP/1.1" status: 200 len: 1793 time: 0.1013348
2026-06-09 18:22:30.375 9 INFO neutron.db.ovn_revision_numbers_db [None req-510a2144-7301-4e6b-b14c-03d082abfe52 c208bc2e7cd24685936cbcb54518d479 7ff36d0d1f80468d916bb1c141236195 - - default default] Successfully bumped revision number for resource 547c1e43-1fef-4336-90a9-16d7e1f6ef97 (type: security_group_rules) to 0
2026-06-09 18:22:30.399 9 INFO neutron.db.ovn_revision_numbers_db [None req-510a2144-7301-4e6b-b14c-03d082abfe52 c208bc2e7cd24685936cbcb54518d479 7ff36d0d1f80468d916bb1c141236195 - - default default] Successfully bumped revision number for resource 8fd0ff38-0ee3-4132-9e16-688726984acf (type: security_group_rules) to 0
2026-06-09 18:22:30.424 9 INFO neutron.wsgi [None req-6032c22c-58ae-4bfd-9f87-96e5aba4da38 5f5290330b75434c9cadb7543bbb08ca e1ca7eb400a04552a9c4e83ddf7b8291 - - default default] 10.0.0.138 "GET /v2.0/security-groups/2da1a4d2-c59b-43b3-9b80-f52892281911 HTTP/1.1" status: 200 len: 1793 time: 0.0558414
2026-06-09 18:22:30.432 9 INFO neutron.wsgi [None req-510a2144-7301-4e6b-b14c-03d082abfe52 c208bc2e7cd24685936cbcb54518d479 7ff36d0d1f80468d916bb1c141236195 - - default default] 10.0.0.138 "GET /v2.0/security-groups?tenant_id=5ec32e3a10e046128bdcb8ba26c39bcc&name=default HTTP/1.1" status: 200 len: 2996 time: 0.2307181
2026-06-09 18:22:30.463 10 INFO neutron.db.ovn_revision_numbers_db [None req-9fadd021-2f46-493f-a313-e7293224475e c208bc2e7cd24685936cbcb54518d479 7ff36d0d1f80468d916bb1c141236195 - - default default] Successfully bumped revision number for resource 9dbc8686-54ca-4610-83d3-510d20cf1a39 (type: security_groups) to 1
2026-06-09 18:22:30.484 10 INFO neutron.db.ovn_revision_numbers_db [None req-9fadd021-2f46-493f-a313-e7293224475e c208bc2e7cd24685936cbcb54518d479 7ff36d0d1f80468d916bb1c141236195 - - default default] Successfully bumped revision number for resource 1cc4d582-cc49-4482-9443-7852d9aa4363 (type: security_group_rules) to 0
2026-06-09 18:22:30.502 10 INFO neutron.db.ovn_revision_numbers_db [None req-9fadd021-2f46-493f-a313-e7293224475e c208bc2e7cd24685936cbcb54518d479 7ff36d0d1f80468d916bb1c141236195 - - default default] Successfully bumped revision number for resource 2eadc0ad-1ced-4b03-84e1-e3da5d208c0d (type: security_group_rules) to 0
2026-06-09 18:22:30.522 10 INFO neutron.db.ovn_revision_numbers_db [None req-9fadd021-2f46-493f-a313-e7293224475e c208bc2e7cd24685936cbcb54518d479 7ff36d0d1f80468d916bb1c141236195 - - default default] Successfully bumped revision number for resource 8e5c3c58-da6e-472b-8bf3-56bea3038b60 (type: security_group_rules) to 0
2026-06-09 18:22:30.556 10 INFO neutron.db.ovn_revision_numbers_db [None req-9fadd021-2f46-493f-a313-e7293224475e c208bc2e7cd24685936cbcb54518d479 7ff36d0d1f80468d916bb1c141236195 - - default default] Successfully bumped revision number for resource d23dafe7-8a79-4b5d-bf6a-b4cbe2ecb0cd (type: security_group_rules) to 0
2026-06-09 18:22:30.578 9 INFO neutron.wsgi [None req-962bc8dc-1b13-4197-9180-5613b7b7eb58 5f5290330b75434c9cadb7543bbb08ca e1ca7eb400a04552a9c4e83ddf7b8291 - - default default] 10.0.0.138 "DELETE /v2.0/security-groups/2da1a4d2-c59b-43b3-9b80-f52892281911 HTTP/1.1" status: 204 len: 168 time: 0.1487856
2026-06-09 18:22:30.585 10 INFO neutron.wsgi [None req-9fadd021-2f46-493f-a313-e7293224475e c208bc2e7cd24685936cbcb54518d479 7ff36d0d1f80468d916bb1c141236195 - - default default] 10.0.0.138 "GET /v2.0/security-groups?tenant_id=5c8053307eb1499db792e550f62472fc&name=default HTTP/1.1" status: 200 len: 2996 time: 0.2634988
2026-06-09 18:22:30.636 9 INFO neutron.wsgi [None req-f11c2d04-6d13-464b-9e3a-1e341eb65998 5f5290330b75434c9cadb7543bbb08ca e1ca7eb400a04552a9c4e83ddf7b8291 - - default default] 10.0.0.138 "GET /v2.0/security-groups HTTP/1.1" status: 200 len: 2996 time: 0.0541153
2026-06-09 18:22:30.662 10 INFO neutron.api.v2.resource [None req-97a06040-3dbc-4282-b448-de38f3921bc4 5f5290330b75434c9cadb7543bbb08ca e1ca7eb400a04552a9c4e83ddf7b8291 - - default default] delete failed (client error): The resource could not be found.
2026-06-09 18:22:30.664 10 INFO neutron.wsgi [None req-97a06040-3dbc-4282-b448-de38f3921bc4 5f5290330b75434c9cadb7543bbb08ca e1ca7eb400a04552a9c4e83ddf7b8291 - - default default] 10.0.0.138 "DELETE /v2.0/security-groups/2da1a4d2-c59b-43b3-9b80-f52892281911 HTTP/1.1" status: 404 len: 347 time: 0.0231121
2026-06-09 18:22:30.679 10 WARNING neutron_lib.context [None req-e121b813-c15d-46e0-b25e-5bf1e3b087e3 5f5290330b75434c9cadb7543bbb08ca e1ca7eb400a04552a9c4e83ddf7b8291 - - default default] Method 'is_advsvc' is deprecated since 2023.2 release (neutron-lib 3.8.0) and will be removed once support for the old RBAC API policies will be removed from Neutron. Please use method 'is_service_role' instead.
2026-06-09 18:22:30.737 10 INFO neutron.wsgi [None req-ea07c939-4e2f-4e9d-9ff4-4c2316407d40 c208bc2e7cd24685936cbcb54518d479 7ff36d0d1f80468d916bb1c141236195 - - default default] 10.0.0.138 "DELETE /v2.0/security-groups/5567baa5-9f2c-4d63-8224-9ab169a62ab7 HTTP/1.1" status: 204 len: 168 time: 0.2941189
2026-06-09 18:22:30.836 10 INFO neutron.db.ovn_revision_numbers_db [None req-e121b813-c15d-46e0-b25e-5bf1e3b087e3 5f5290330b75434c9cadb7543bbb08ca e1ca7eb400a04552a9c4e83ddf7b8291 - - default default] Successfully bumped revision number for resource 65f2955e-a7bb-47de-8fde-7174d632d6b9 (type: security_groups) to 1
2026-06-09 18:22:30.869 10 INFO neutron.db.ovn_revision_numbers_db [None req-e121b813-c15d-46e0-b25e-5bf1e3b087e3 5f5290330b75434c9cadb7543bbb08ca e1ca7eb400a04552a9c4e83ddf7b8291 - - default default] Successfully bumped revision number for resource 2c352325-ed71-473e-a866-8c14cecdf42a (type: security_group_rules) to 0
2026-06-09 18:22:30.888 10 INFO neutron.db.ovn_revision_numbers_db [None req-e121b813-c15d-46e0-b25e-5bf1e3b087e3 5f5290330b75434c9cadb7543bbb08ca e1ca7eb400a04552a9c4e83ddf7b8291 - - default default] Successfully bumped revision number for resource 9a078d79-8f5c-4a06-8d6d-88b59fa0fdb8 (type: security_group_rules) to 0
2026-06-09 18:22:30.924 10 INFO neutron.wsgi [None req-e121b813-c15d-46e0-b25e-5bf1e3b087e3 5f5290330b75434c9cadb7543bbb08ca e1ca7eb400a04552a9c4e83ddf7b8291 - - default default] 10.0.0.138 "POST /v2.0/security-groups HTTP/1.1" status: 201 len: 1761 time: 0.2520783
2026-06-09 18:22:30.949 10 WARNING neutron_lib.context [None req-06c64c19-cd5f-4743-bd17-7694a938359c 5f5290330b75434c9cadb7543bbb08ca e1ca7eb400a04552a9c4e83ddf7b8291 - - default default] Method 'is_advsvc' is deprecated since 2023.2 release (neutron-lib 3.8.0) and will be removed once support for the old RBAC API policies will be removed from Neutron. Please use method 'is_service_role' instead.
2026-06-09 18:22:31.140 9 INFO neutron.wsgi [None req-d93a49ef-755e-41ac-8222-9a69bd350624 c208bc2e7cd24685936cbcb54518d479 7ff36d0d1f80468d916bb1c141236195 - - default default] 10.0.0.138 "DELETE /v2.0/security-groups/9dbc8686-54ca-4610-83d3-510d20cf1a39 HTTP/1.1" status: 204 len: 168 time: 0.5507112
2026-06-09 18:22:31.144 10 INFO neutron.db.ovn_revision_numbers_db [None req-06c64c19-cd5f-4743-bd17-7694a938359c 5f5290330b75434c9cadb7543bbb08ca e1ca7eb400a04552a9c4e83ddf7b8291 - - default default] Successfully bumped revision number for resource aa189f44-6771-4e53-8ab4-177ed06f9ada (type: security_group_rules) to 0
2026-06-09 18:22:31.180 10 INFO neutron.wsgi [None req-06c64c19-cd5f-4743-bd17-7694a938359c 5f5290330b75434c9cadb7543bbb08ca e1ca7eb400a04552a9c4e83ddf7b8291 - - default default] 10.0.0.138 "POST /v2.0/security-group-rules HTTP/1.1" status: 201 len: 768 time: 0.2437685
2026-06-09 18:22:31.218 9 INFO neutron.wsgi [None req-c7f24fd4-9433-4a2c-9280-974084f2161d 5f5290330b75434c9cadb7543bbb08ca e1ca7eb400a04552a9c4e83ddf7b8291 - - default default] 10.0.0.138 "GET /v2.0/security-group-rules/aa189f44-6771-4e53-8ab4-177ed06f9ada HTTP/1.1" status: 200 len: 763 time: 0.0322106
2026-06-09 18:22:31.286 9 INFO neutron.wsgi [None req-ea7c73ae-3309-41b7-a9a7-359db45d7fb1 5f5290330b75434c9cadb7543bbb08ca e1ca7eb400a04552a9c4e83ddf7b8291 - - default default] 10.0.0.138 "GET /v2.0/security-group-rules HTTP/1.1" status: 200 len: 4113 time: 0.0629764
2026-06-09 18:22:31.420 9 INFO neutron.wsgi [None req-fbd1f7c5-587f-4c22-b3de-bb4472586977 5f5290330b75434c9cadb7543bbb08ca e1ca7eb400a04552a9c4e83ddf7b8291 - - default default] 10.0.0.138 "DELETE /v2.0/security-group-rules/aa189f44-6771-4e53-8ab4-177ed06f9ada HTTP/1.1" status: 204 len: 168 time: 0.1282377
2026-06-09 18:22:31.471 9 INFO neutron.wsgi [None req-7d03a1fa-4597-46a2-b561-0bc24438d0ca 5f5290330b75434c9cadb7543bbb08ca e1ca7eb400a04552a9c4e83ddf7b8291 - - default default] 10.0.0.138 "GET /v2.0/security-group-rules HTTP/1.1" status: 200 len: 3567 time: 0.0474763
2026-06-09 18:22:31.479 9 WARNING neutron_lib.context [None req-bdc5d645-6621-4ab4-abc2-cdae65a810be 5f5290330b75434c9cadb7543bbb08ca e1ca7eb400a04552a9c4e83ddf7b8291 - - default default] Method 'is_advsvc' is deprecated since 2023.2 release (neutron-lib 3.8.0) and will be removed once support for the old RBAC API policies will be removed from Neutron. Please use method 'is_service_role' instead.
2026-06-09 18:22:31.598 9 INFO neutron.db.ovn_revision_numbers_db [None req-bdc5d645-6621-4ab4-abc2-cdae65a810be 5f5290330b75434c9cadb7543bbb08ca e1ca7eb400a04552a9c4e83ddf7b8291 - - default default] Successfully bumped revision number for resource cc8506aa-c3f1-4365-b161-816d7f2c1672 (type: security_group_rules) to 0
2026-06-09 18:22:31.627 9 INFO neutron.wsgi [None req-bdc5d645-6621-4ab4-abc2-cdae65a810be 5f5290330b75434c9cadb7543bbb08ca e1ca7eb400a04552a9c4e83ddf7b8291 - - default default] 10.0.0.138 "POST /v2.0/security-group-rules HTTP/1.1" status: 201 len: 768 time: 0.1515908
2026-06-09 18:22:31.660 9 INFO neutron.wsgi [None req-a56a6bed-7cca-4c25-b8dc-602d2707d3b5 5f5290330b75434c9cadb7543bbb08ca e1ca7eb400a04552a9c4e83ddf7b8291 - - default default] 10.0.0.138 "GET /v2.0/security-group-rules/cc8506aa-c3f1-4365-b161-816d7f2c1672 HTTP/1.1" status: 200 len: 763 time: 0.0275161
2026-06-09 18:22:31.719 9 INFO neutron.wsgi [None req-28813d7d-9c53-4232-8882-05518d3204f7 5f5290330b75434c9cadb7543bbb08ca e1ca7eb400a04552a9c4e83ddf7b8291 - - default default] 10.0.0.138 "GET /v2.0/security-group-rules HTTP/1.1" status: 200 len: 4113 time: 0.0537503
2026-06-09 18:22:31.866 10 INFO neutron.wsgi [None req-4786a1b2-c085-4687-b29c-7820ea2c2289 5f5290330b75434c9cadb7543bbb08ca e1ca7eb400a04552a9c4e83ddf7b8291 - - default default] 10.0.0.138 "DELETE /v2.0/security-group-rules/cc8506aa-c3f1-4365-b161-816d7f2c1672 HTTP/1.1" status: 204 len: 168 time: 0.1362240
2026-06-09 18:22:31.921 9 INFO neutron.wsgi [None req-ae78db45-1564-43d7-a435-13f88daeeb54 5f5290330b75434c9cadb7543bbb08ca e1ca7eb400a04552a9c4e83ddf7b8291 - - default default] 10.0.0.138 "GET /v2.0/security-group-rules HTTP/1.1" status: 200 len: 3567 time: 0.0506277
2026-06-09 18:22:31.932 10 WARNING neutron_lib.context [None req-dd69682f-f508-441f-80d8-4f1b32c230cb 5f5290330b75434c9cadb7543bbb08ca e1ca7eb400a04552a9c4e83ddf7b8291 - - default default] Method 'is_advsvc' is deprecated since 2023.2 release (neutron-lib 3.8.0) and will be removed once support for the old RBAC API policies will be removed from Neutron. Please use method 'is_service_role' instead.
2026-06-09 18:22:31.954 10 INFO neutron.db.securitygroups_db [None req-dd69682f-f508-441f-80d8-4f1b32c230cb 5f5290330b75434c9cadb7543bbb08ca e1ca7eb400a04552a9c4e83ddf7b8291 - - default default] Project e1ca7eb400a04552a9c4e83ddf7b8291 added a security group rule with legacy IPv6 ICMP protocol name icmp, ipv6-icmp should be used instead. It was automatically converted.
2026-06-09 18:22:32.098 10 INFO neutron.db.ovn_revision_numbers_db [None req-dd69682f-f508-441f-80d8-4f1b32c230cb 5f5290330b75434c9cadb7543bbb08ca e1ca7eb400a04552a9c4e83ddf7b8291 - - default default] Successfully bumped revision number for resource ffa5f998-e4c6-4aa5-88a9-c5b7db6272c9 (type: security_group_rules) to 0
2026-06-09 18:22:32.122 10 INFO neutron.wsgi [None req-dd69682f-f508-441f-80d8-4f1b32c230cb 5f5290330b75434c9cadb7543bbb08ca e1ca7eb400a04552a9c4e83ddf7b8291 - - default default] 10.0.0.138 "POST /v2.0/security-group-rules HTTP/1.1" status: 201 len: 774 time: 0.1969528
2026-06-09 18:22:32.144 10 INFO neutron.wsgi [None req-3f66baaf-9ead-482c-81b3-52205f01c8d1 5f5290330b75434c9cadb7543bbb08ca e1ca7eb400a04552a9c4e83ddf7b8291 - - default default] 10.0.0.138 "GET /v2.0/security-group-rules/ffa5f998-e4c6-4aa5-88a9-c5b7db6272c9 HTTP/1.1" status: 200 len: 769 time: 0.0163286
2026-06-09 18:22:32.224 10 INFO neutron.wsgi [None req-3675bb8d-a663-49d0-8679-4b35c7095a29 5f5290330b75434c9cadb7543bbb08ca e1ca7eb400a04552a9c4e83ddf7b8291 - - default default] 10.0.0.138 "GET /v2.0/security-group-rules HTTP/1.1" status: 200 len: 4119 time: 0.0748394
2026-06-09 18:22:32.376 10 INFO neutron.wsgi [None req-34513f35-2b89-45d0-973a-3273235b9e45 5f5290330b75434c9cadb7543bbb08ca e1ca7eb400a04552a9c4e83ddf7b8291 - - default default] 10.0.0.138 "DELETE /v2.0/security-group-rules/ffa5f998-e4c6-4aa5-88a9-c5b7db6272c9 HTTP/1.1" status: 204 len: 168 time: 0.1440315
2026-06-09 18:22:32.425 10 INFO neutron.wsgi [None req-ca7e0b7f-0319-40e4-bef8-bac94df6fa5b 5f5290330b75434c9cadb7543bbb08ca e1ca7eb400a04552a9c4e83ddf7b8291 - - default default] 10.0.0.138 "GET /v2.0/security-group-rules HTTP/1.1" status: 200 len: 3567 time: 0.0443404
2026-06-09 18:22:32.436 10 INFO neutron.db.ovn_revision_numbers_db [None req-2f4caf74-5625-4334-a16c-9ac9992272d6 c208bc2e7cd24685936cbcb54518d479 7ff36d0d1f80468d916bb1c141236195 - - default default] Successfully bumped revision number for resource f303d0c1-1e59-4699-a4fc-92bda1279d73 (type: security_groups) to 1
2026-06-09 18:22:32.454 10 INFO neutron.db.ovn_revision_numbers_db [None req-2f4caf74-5625-4334-a16c-9ac9992272d6 c208bc2e7cd24685936cbcb54518d479 7ff36d0d1f80468d916bb1c141236195 - - default default] Successfully bumped revision number for resource 171de39a-108e-4a15-8c42-6533957f03f3 (type: security_group_rules) to 0
2026-06-09 18:22:32.471 10 INFO neutron.db.ovn_revision_numbers_db [None req-2f4caf74-5625-4334-a16c-9ac9992272d6 c208bc2e7cd24685936cbcb54518d479 7ff36d0d1f80468d916bb1c141236195 - - default default] Successfully bumped revision number for resource 42aa4a77-ac99-4acc-a7d6-23da83d640cc (type: security_group_rules) to 0
2026-06-09 18:22:32.488 10 INFO neutron.db.ovn_revision_numbers_db [None req-2f4caf74-5625-4334-a16c-9ac9992272d6 c208bc2e7cd24685936cbcb54518d479 7ff36d0d1f80468d916bb1c141236195 - - default default] Successfully bumped revision number for resource 5cc4a7a3-beaa-433d-8799-8fce9b7e0148 (type: security_group_rules) to 0
2026-06-09 18:22:32.507 10 INFO neutron.db.ovn_revision_numbers_db [None req-2f4caf74-5625-4334-a16c-9ac9992272d6 c208bc2e7cd24685936cbcb54518d479 7ff36d0d1f80468d916bb1c141236195 - - default default] Successfully bumped revision number for resource d080aa1a-ce8e-49a1-956e-97f116d41f39 (type: security_group_rules) to 0
2026-06-09 18:22:32.537 10 INFO neutron.wsgi [None req-2f4caf74-5625-4334-a16c-9ac9992272d6 c208bc2e7cd24685936cbcb54518d479 7ff36d0d1f80468d916bb1c141236195 - - default default] 10.0.0.138 "GET /v2.0/security-groups?tenant_id=864c0552a223483ca426273c8717230f&name=default HTTP/1.1" status: 200 len: 2996 time: 0.5142920
2026-06-09 18:22:32.560 10 INFO neutron.wsgi [None req-9042d9e5-ba28-4f70-9e6c-5f86b59c98a3 5f5290330b75434c9cadb7543bbb08ca e1ca7eb400a04552a9c4e83ddf7b8291 - - default default] 10.0.0.138 "DELETE /v2.0/security-groups/65f2955e-a7bb-47de-8fde-7174d632d6b9 HTTP/1.1" status: 204 len: 168 time: 0.1299188
2026-06-09 18:22:32.606 9 INFO neutron.wsgi [None req-04f282d9-92c4-45ea-b9b4-320a708a6869 5f5290330b75434c9cadb7543bbb08ca e1ca7eb400a04552a9c4e83ddf7b8291 - - default default] 10.0.0.138 "GET /v2.0/security-groups HTTP/1.1" status: 200 len: 2996 time: 0.0409682
2026-06-09 18:22:32.660 9 INFO neutron.wsgi [None req-a305dfd8-df40-4762-9987-8826fc7ec5ec 5f5290330b75434c9cadb7543bbb08ca e1ca7eb400a04552a9c4e83ddf7b8291 - - default default] 10.0.0.138 "GET /v2.0/security-groups HTTP/1.1" status: 200 len: 2996 time: 0.0465853
2026-06-09 18:22:32.760 10 INFO neutron.wsgi [None req-65206f50-8e2b-4fd5-8b94-01345b229ff1 c208bc2e7cd24685936cbcb54518d479 7ff36d0d1f80468d916bb1c141236195 - - default default] 10.0.0.138 "DELETE /v2.0/security-groups/f303d0c1-1e59-4699-a4fc-92bda1279d73 HTTP/1.1" status: 204 len: 168 time: 0.2174182
2026-06-09 18:22:33.383 10 INFO neutron.wsgi [None req-650a63b7-0555-4de1-b5ff-f2e123ae1852 c208bc2e7cd24685936cbcb54518d479 7ff36d0d1f80468d916bb1c141236195 - - default default] 10.0.0.138 "GET /v2.0/security-groups?tenant_id=e1ca7eb400a04552a9c4e83ddf7b8291&name=default HTTP/1.1" status: 200 len: 2996 time: 0.1449225
2026-06-09 18:22:33.583 10 INFO neutron.wsgi [None req-d8224030-ecea-470f-8bb5-c9465f7f9aa5 c208bc2e7cd24685936cbcb54518d479 7ff36d0d1f80468d916bb1c141236195 - - default default] 10.0.0.138 "DELETE /v2.0/security-groups/f5e088a0-b552-48ad-b73a-b87dc98692e7 HTTP/1.1" status: 204 len: 168 time: 0.1945450
2026-06-09 18:22:34.799 9 WARNING neutron_lib.context [None req-2b41b34e-74d6-4cd9-a727-8a58e0b011d8 a6545645275f4bae80905230867817d7 f373e77b5c264795a65ef2df4f00b20f - - default default] Method 'is_advsvc' is deprecated since 2023.2 release (neutron-lib 3.8.0) and will be removed once support for the old RBAC API policies will be removed from Neutron. Please use method 'is_service_role' instead.
2026-06-09 18:22:34.953 9 INFO neutron.db.ovn_revision_numbers_db [None req-2b41b34e-74d6-4cd9-a727-8a58e0b011d8 a6545645275f4bae80905230867817d7 f373e77b5c264795a65ef2df4f00b20f - - default default] Successfully bumped revision number for resource 930db561-c1ce-49f0-b452-1546f14e64de (type: security_groups) to 1
2026-06-09 18:22:34.966 9 INFO neutron.db.ovn_revision_numbers_db [None req-2b41b34e-74d6-4cd9-a727-8a58e0b011d8 a6545645275f4bae80905230867817d7 f373e77b5c264795a65ef2df4f00b20f - - default default] Successfully bumped revision number for resource 38cb9c21-0020-421e-b83f-ae030f4186f2 (type: security_group_rules) to 0
2026-06-09 18:22:34.983 9 INFO neutron.db.ovn_revision_numbers_db [None req-2b41b34e-74d6-4cd9-a727-8a58e0b011d8 a6545645275f4bae80905230867817d7 f373e77b5c264795a65ef2df4f00b20f - - default default] Successfully bumped revision number for resource 490b27c3-79e2-4d4d-bd0a-fc8a35624de3 (type: security_group_rules) to 0
2026-06-09 18:22:35.003 9 INFO neutron.db.ovn_revision_numbers_db [None req-2b41b34e-74d6-4cd9-a727-8a58e0b011d8 a6545645275f4bae80905230867817d7 f373e77b5c264795a65ef2df4f00b20f - - default default] Successfully bumped revision number for resource 4f648819-74dc-45a1-94eb-3d7bd52c06bf (type: security_group_rules) to 0
2026-06-09 18:22:35.015 9 INFO neutron.db.ovn_revision_numbers_db [None req-2b41b34e-74d6-4cd9-a727-8a58e0b011d8 a6545645275f4bae80905230867817d7 f373e77b5c264795a65ef2df4f00b20f - - default default] Successfully bumped revision number for resource 993567ff-c278-4804-a9be-ed3c8b0e7645 (type: security_group_rules) to 0
2026-06-09 18:22:35.063 9 INFO neutron.db.segments_db [None req-2b41b34e-74d6-4cd9-a727-8a58e0b011d8 a6545645275f4bae80905230867817d7 f373e77b5c264795a65ef2df4f00b20f - - default default] Added segment 75621dfa-4bb7-45ac-a86d-c58fb0411e06 of type geneve for network 33f0be05-77ed-4318-b773-fac0a4529dbf
2026-06-09 18:22:35.195 9 INFO neutron.db.ovn_revision_numbers_db [None req-2b41b34e-74d6-4cd9-a727-8a58e0b011d8 a6545645275f4bae80905230867817d7 f373e77b5c264795a65ef2df4f00b20f - - default default] Successfully bumped revision number for resource 33f0be05-77ed-4318-b773-fac0a4529dbf (type: networks) to 1
2026-06-09 18:22:35.245 9 INFO neutron.wsgi [-] 10.0.0.71 "GET / HTTP/1.1" status: 200 len: 247 time: 0.0016007
2026-06-09 18:22:35.246 9 INFO neutron.wsgi [-] 10.0.0.71 "GET / HTTP/1.1" status: 200 len: 247 time: 0.0010858
2026-06-09 18:22:35.413 9 WARNING neutron.scheduler.dhcp_agent_scheduler [None req-2b41b34e-74d6-4cd9-a727-8a58e0b011d8 a6545645275f4bae80905230867817d7 f373e77b5c264795a65ef2df4f00b20f - - default default] No more DHCP agents
2026-06-09 18:22:35.417 9 WARNING neutron.api.rpc.agentnotifiers.dhcp_rpc_agent_api [None req-2b41b34e-74d6-4cd9-a727-8a58e0b011d8 a6545645275f4bae80905230867817d7 f373e77b5c264795a65ef2df4f00b20f - - default default] Unable to schedule network 33f0be05-77ed-4318-b773-fac0a4529dbf: no agents available; will retry on subsequent port and subnet creation events.
2026-06-09 18:22:35.538 9 INFO neutron.db.ovn_revision_numbers_db [None req-2b41b34e-74d6-4cd9-a727-8a58e0b011d8 a6545645275f4bae80905230867817d7 f373e77b5c264795a65ef2df4f00b20f - - default default] Successfully bumped revision number for resource 5e5fd5af-70cd-42b4-a8dd-0941f8ab99f8 (type: ports) to 1
2026-06-09 18:22:35.608 9 INFO neutron.wsgi [None req-2b41b34e-74d6-4cd9-a727-8a58e0b011d8 a6545645275f4bae80905230867817d7 f373e77b5c264795a65ef2df4f00b20f - - default default] 10.0.0.138 "POST /v2.0/networks HTTP/1.1" status: 201 len: 831 time: 1.0916212
2026-06-09 18:22:35.742 9 INFO neutron.wsgi [None req-f607c4b4-0821-4967-bd9b-37f8d7e5d0fd a6545645275f4bae80905230867817d7 f373e77b5c264795a65ef2df4f00b20f - - default default] 10.0.0.138 "PUT /v2.0/networks/33f0be05-77ed-4318-b773-fac0a4529dbf/tags HTTP/1.1" status: 200 len: 218 time: 0.1268044
2026-06-09 18:22:35.787 9 INFO neutron.wsgi [None req-4a2e3b85-f947-495a-bf43-c6a352e7abd2 a6545645275f4bae80905230867817d7 f373e77b5c264795a65ef2df4f00b20f - - default default] 10.0.0.138 "GET /v2.0/networks/33f0be05-77ed-4318-b773-fac0a4529dbf/tags HTTP/1.1" status: 200 len: 218 time: 0.0406661
2026-06-09 18:22:35.897 10 INFO neutron.wsgi [None req-894e2acd-4bca-4d5b-9f33-dc67e87ef202 a6545645275f4bae80905230867817d7 f373e77b5c264795a65ef2df4f00b20f - - default default] 10.0.0.138 "PUT /v2.0/networks/33f0be05-77ed-4318-b773-fac0a4529dbf/tags/green HTTP/1.1" status: 201 len: 201 time: 0.1047463
2026-06-09 18:22:35.945 10 INFO neutron.wsgi [None req-15ae6b63-3004-41ef-8c4e-0b1f28e14e13 a6545645275f4bae80905230867817d7 f373e77b5c264795a65ef2df4f00b20f - - default default] 10.0.0.138 "GET /v2.0/networks/33f0be05-77ed-4318-b773-fac0a4529dbf/tags HTTP/1.1" status: 200 len: 227 time: 0.0436919
2026-06-09 18:22:35.995 10 INFO neutron.wsgi [None req-331b850a-9db8-4ee9-adf5-06efb895ea6c a6545645275f4bae80905230867817d7 f373e77b5c264795a65ef2df4f00b20f - - default default] 10.0.0.138 "PUT /v2.0/networks/33f0be05-77ed-4318-b773-fac0a4529dbf/tags/red HTTP/1.1" status: 201 len: 201 time: 0.0442562
2026-06-09 18:22:36.041 10 INFO neutron.wsgi [None req-c5c39742-b115-42fc-b8d1-2da822499ef2 a6545645275f4bae80905230867817d7 f373e77b5c264795a65ef2df4f00b20f - - default default] 10.0.0.138 "GET /v2.0/networks/33f0be05-77ed-4318-b773-fac0a4529dbf/tags HTTP/1.1" status: 200 len: 227 time: 0.0416455
2026-06-09 18:22:36.138 10 INFO neutron.wsgi [None req-184b27ba-b74a-4e88-af3e-362374273840 a6545645275f4bae80905230867817d7 f373e77b5c264795a65ef2df4f00b20f - - default default] 10.0.0.138 "PUT /v2.0/networks/33f0be05-77ed-4318-b773-fac0a4529dbf/tags/black.or.white HTTP/1.1" status: 201 len: 201 time: 0.0918522
2026-06-09 18:22:36.197 10 INFO neutron.wsgi [None req-fe12ae86-4cd3-4c0f-ac53-d5e27ed02ced a6545645275f4bae80905230867817d7 f373e77b5c264795a65ef2df4f00b20f - - default default] 10.0.0.138 "GET /v2.0/networks/33f0be05-77ed-4318-b773-fac0a4529dbf/tags HTTP/1.1" status: 200 len: 245 time: 0.0545833
2026-06-09 18:22:36.274 10 INFO neutron.wsgi [None req-d8325661-8fbe-4b4d-91b6-f6763fd73715 a6545645275f4bae80905230867817d7 f373e77b5c264795a65ef2df4f00b20f - - default default] 10.0.0.138 "PUT /v2.0/networks/33f0be05-77ed-4318-b773-fac0a4529dbf/tags HTTP/1.1" status: 200 len: 230 time: 0.0698018
2026-06-09 18:22:36.317 10 INFO neutron.wsgi [None req-5ad299a4-c94e-4189-b6cf-f4634f585287 a6545645275f4bae80905230867817d7 f373e77b5c264795a65ef2df4f00b20f - - default default] 10.0.0.138 "GET /v2.0/networks/33f0be05-77ed-4318-b773-fac0a4529dbf/tags HTTP/1.1" status: 200 len: 230 time: 0.0392771
2026-06-09 18:22:36.369 10 INFO neutron.wsgi [None req-b1302e39-be2f-4173-a9e7-8df7a205747d a6545645275f4bae80905230867817d7 f373e77b5c264795a65ef2df4f00b20f - - default default] 10.0.0.138 "GET /v2.0/networks/33f0be05-77ed-4318-b773-fac0a4529dbf/tags/red HTTP/1.1" status: 204 len: 168 time: 0.0481393
2026-06-09 18:22:36.419 10 INFO neutron.api.v2.resource [None req-a80b1517-a585-4e5d-85cb-828e86ad97fe a6545645275f4bae80905230867817d7 f373e77b5c264795a65ef2df4f00b20f - - default default] show failed (client error): The resource could not be found.
2026-06-09 18:22:36.420 10 INFO neutron.wsgi [None req-a80b1517-a585-4e5d-85cb-828e86ad97fe a6545645275f4bae80905230867817d7 f373e77b5c264795a65ef2df4f00b20f - - default default] 10.0.0.138 "GET /v2.0/networks/33f0be05-77ed-4318-b773-fac0a4529dbf/tags/green HTTP/1.1" status: 404 len: 299 time: 0.0475426
2026-06-09 18:22:36.509 10 INFO neutron.wsgi [None req-4b36960e-1efc-4d90-8b54-3a0466fa7b04 a6545645275f4bae80905230867817d7 f373e77b5c264795a65ef2df4f00b20f - - default default] 10.0.0.138 "DELETE /v2.0/networks/33f0be05-77ed-4318-b773-fac0a4529dbf/tags/red HTTP/1.1" status: 204 len: 168 time: 0.0841444
2026-06-09 18:22:36.571 10 INFO neutron.wsgi [None req-1d74d915-5f42-444d-a296-ea39d448dce9 a6545645275f4bae80905230867817d7 f373e77b5c264795a65ef2df4f00b20f - - default default] 10.0.0.138 "GET /v2.0/networks/33f0be05-77ed-4318-b773-fac0a4529dbf/tags HTTP/1.1" status: 200 len: 223 time: 0.0573883
2026-06-09 18:22:36.621 10 INFO neutron.api.v2.resource [None req-0b3e6012-cdb1-4bcd-b4fe-e0691627a18d a6545645275f4bae80905230867817d7 f373e77b5c264795a65ef2df4f00b20f - - default default] delete failed (client error): The resource could not be found.
2026-06-09 18:22:36.624 10 INFO neutron.wsgi [None req-0b3e6012-cdb1-4bcd-b4fe-e0691627a18d a6545645275f4bae80905230867817d7 f373e77b5c264795a65ef2df4f00b20f - - default default] 10.0.0.138 "DELETE /v2.0/networks/33f0be05-77ed-4318-b773-fac0a4529dbf/tags/green HTTP/1.1" status: 404 len: 299 time: 0.0494623
2026-06-09 18:22:36.756 9 INFO neutron.wsgi [None req-25be31fe-265a-4217-b70d-1d357b19a1ee a6545645275f4bae80905230867817d7 f373e77b5c264795a65ef2df4f00b20f - - default default] 10.0.0.138 "DELETE /v2.0/networks/33f0be05-77ed-4318-b773-fac0a4529dbf/tags HTTP/1.1" status: 204 len: 168 time: 0.1232622
2026-06-09 18:22:36.807 9 INFO neutron.wsgi [None req-92604dc3-d86b-4a14-9b1d-3412d9fd9f62 a6545645275f4bae80905230867817d7 f373e77b5c264795a65ef2df4f00b20f - - default default] 10.0.0.138 "GET /v2.0/networks/33f0be05-77ed-4318-b773-fac0a4529dbf/tags HTTP/1.1" status: 200 len: 205 time: 0.0466270
2026-06-09 18:22:37.251 9 INFO neutron.services.segments.plugin [-] Segment 75621dfa-4bb7-45ac-a86d-c58fb0411e06 resource provider aggregate not found
2026-06-09 18:22:37.264 9 INFO neutron.services.segments.plugin [-] Segment 75621dfa-4bb7-45ac-a86d-c58fb0411e06 resource provider aggregate not found
2026-06-09 18:22:37.270 9 INFO neutron.services.segments.plugin [-] Segment 75621dfa-4bb7-45ac-a86d-c58fb0411e06 resource provider not found; error: Placement Client Error (4xx): {"errors": [{"status": 404, "title": "Not Found", "detail": "The resource could not be found.\n\n No resource provider with uuid 75621dfa-4bb7-45ac-a86d-c58fb0411e06 found for delete ", "request_id": "req-5fc58ec3-3c28-4430-8131-5e761ad573a7"}]}
2026-06-09 18:22:37.281 9 INFO neutron.services.segments.plugin [-] Segment 75621dfa-4bb7-45ac-a86d-c58fb0411e06 resource provider not found; error: Placement Client Error (4xx): {"errors": [{"status": 404, "title": "Not Found", "detail": "The resource could not be found.\n\n No resource provider with uuid 75621dfa-4bb7-45ac-a86d-c58fb0411e06 found for delete ", "request_id": "req-37fc5ba1-1214-498d-adba-0c784092d4cd"}]}
2026-06-09 18:22:37.345 9 INFO neutron.wsgi [None req-b3389e24-dad2-49ee-877f-d6967bcdb612 a6545645275f4bae80905230867817d7 f373e77b5c264795a65ef2df4f00b20f - - default default] 10.0.0.138 "DELETE /v2.0/networks/33f0be05-77ed-4318-b773-fac0a4529dbf HTTP/1.1" status: 204 len: 168 time: 0.5321736
2026-06-09 18:22:38.198 10 INFO neutron.db.ovn_revision_numbers_db [None req-8ca21e39-e56d-4dca-b615-7dcfddd901f1 c208bc2e7cd24685936cbcb54518d479 7ff36d0d1f80468d916bb1c141236195 - - default default] Successfully bumped revision number for resource a3cba1f5-5bde-4497-9ff5-46aa76c75d4a (type: security_groups) to 1
2026-06-09 18:22:38.250 10 INFO neutron.db.ovn_revision_numbers_db [None req-8ca21e39-e56d-4dca-b615-7dcfddd901f1 c208bc2e7cd24685936cbcb54518d479 7ff36d0d1f80468d916bb1c141236195 - - default default] Successfully bumped revision number for resource 29b0a7e6-df85-464f-b1fc-3265646ba4a9 (type: security_group_rules) to 0
2026-06-09 18:22:38.306 10 INFO neutron.db.ovn_revision_numbers_db [None req-8ca21e39-e56d-4dca-b615-7dcfddd901f1 c208bc2e7cd24685936cbcb54518d479 7ff36d0d1f80468d916bb1c141236195 - - default default] Successfully bumped revision number for resource 9084af33-9a0d-4b94-a702-e71666d9484d (type: security_group_rules) to 0
2026-06-09 18:22:38.332 10 INFO neutron.db.ovn_revision_numbers_db [None req-8ca21e39-e56d-4dca-b615-7dcfddd901f1 c208bc2e7cd24685936cbcb54518d479 7ff36d0d1f80468d916bb1c141236195 - - default default] Successfully bumped revision number for resource a15ec4df-f9e6-4593-bc96-8d5908ccb42a (type: security_group_rules) to 0
2026-06-09 18:22:38.351 10 INFO neutron.db.ovn_revision_numbers_db [None req-8ca21e39-e56d-4dca-b615-7dcfddd901f1 c208bc2e7cd24685936cbcb54518d479 7ff36d0d1f80468d916bb1c141236195 - - default default] Successfully bumped revision number for resource d05129e7-9c85-43e1-8163-d803545f212b (type: security_group_rules) to 0
2026-06-09 18:22:38.378 10 INFO neutron.wsgi [None req-8ca21e39-e56d-4dca-b615-7dcfddd901f1 c208bc2e7cd24685936cbcb54518d479 7ff36d0d1f80468d916bb1c141236195 - - default default] 10.0.0.138 "GET /v2.0/security-groups?tenant_id=78c707697c3242f7a692571d9a6f00fb&name=default HTTP/1.1" status: 200 len: 2996 time: 0.7570729
2026-06-09 18:22:38.628 10 INFO neutron.wsgi [None req-1b616389-f424-46ef-9a61-df77d74c51e2 c208bc2e7cd24685936cbcb54518d479 7ff36d0d1f80468d916bb1c141236195 - - default default] 10.0.0.138 "DELETE /v2.0/security-groups/a3cba1f5-5bde-4497-9ff5-46aa76c75d4a HTTP/1.1" status: 204 len: 168 time: 0.2444391
2026-06-09 18:22:38.714 10 INFO neutron.wsgi [None req-4af10a89-e04d-42d7-9787-8799fb74b245 c208bc2e7cd24685936cbcb54518d479 7ff36d0d1f80468d916bb1c141236195 - - default default] 10.0.0.138 "GET /v2.0/security-groups?tenant_id=f373e77b5c264795a65ef2df4f00b20f&name=default HTTP/1.1" status: 200 len: 2996 time: 0.1721334
2026-06-09 18:22:38.940 10 INFO neutron.wsgi [None req-b7462aeb-8444-41e8-ae19-d692888e7ce1 c208bc2e7cd24685936cbcb54518d479 7ff36d0d1f80468d916bb1c141236195 - - default default] 10.0.0.138 "DELETE /v2.0/security-groups/930db561-c1ce-49f0-b452-1546f14e64de HTTP/1.1" status: 204 len: 168 time: 0.2202349
2026-06-09 18:22:38.988 9 INFO neutron.db.ovn_revision_numbers_db [None req-c9bfccea-7184-4543-9499-85c5f2e0b030 c208bc2e7cd24685936cbcb54518d479 7ff36d0d1f80468d916bb1c141236195 - - default default] Successfully bumped revision number for resource 83e13109-5b23-4bc7-b3ea-08de6401b7e8 (type: security_groups) to 1
2026-06-09 18:22:39.002 9 INFO neutron.db.ovn_revision_numbers_db [None req-c9bfccea-7184-4543-9499-85c5f2e0b030 c208bc2e7cd24685936cbcb54518d479 7ff36d0d1f80468d916bb1c141236195 - - default default] Successfully bumped revision number for resource 38aadca4-42db-4232-8163-37c3a4af5f4c (type: security_group_rules) to 0
2026-06-09 18:22:39.022 9 INFO neutron.db.ovn_revision_numbers_db [None req-c9bfccea-7184-4543-9499-85c5f2e0b030 c208bc2e7cd24685936cbcb54518d479 7ff36d0d1f80468d916bb1c141236195 - - default default] Successfully bumped revision number for resource a5893c9b-a6dc-479f-9b93-ca61187e0fa0 (type: security_group_rules) to 0
2026-06-09 18:22:39.041 9 INFO neutron.db.ovn_revision_numbers_db [None req-c9bfccea-7184-4543-9499-85c5f2e0b030 c208bc2e7cd24685936cbcb54518d479 7ff36d0d1f80468d916bb1c141236195 - - default default] Successfully bumped revision number for resource b67a0948-a679-4606-9fa8-c1cbccda9d13 (type: security_group_rules) to 0
2026-06-09 18:22:39.061 9 INFO neutron.db.ovn_revision_numbers_db [None req-c9bfccea-7184-4543-9499-85c5f2e0b030 c208bc2e7cd24685936cbcb54518d479 7ff36d0d1f80468d916bb1c141236195 - - default default] Successfully bumped revision number for resource b7948e45-6608-45f9-b0cb-321173bcd31e (type: security_group_rules) to 0
2026-06-09 18:22:39.087 9 INFO neutron.wsgi [None req-c9bfccea-7184-4543-9499-85c5f2e0b030 c208bc2e7cd24685936cbcb54518d479 7ff36d0d1f80468d916bb1c141236195 - - default default] 10.0.0.138 "GET /v2.0/security-groups?tenant_id=8b3a06f7ae094b45a32319045bd163d2&name=default HTTP/1.1" status: 200 len: 2996 time: 0.2318230
2026-06-09 18:22:39.320 10 INFO neutron.db.ovn_revision_numbers_db [None req-5eb86cd0-e3d0-407c-850b-c33d7670af76 c208bc2e7cd24685936cbcb54518d479 7ff36d0d1f80468d916bb1c141236195 - - default default] Successfully bumped revision number for resource b08c254c-8038-4a08-8253-57521ea1b400 (type: security_groups) to 1
2026-06-09 18:22:39.338 10 INFO neutron.db.ovn_revision_numbers_db [None req-5eb86cd0-e3d0-407c-850b-c33d7670af76 c208bc2e7cd24685936cbcb54518d479 7ff36d0d1f80468d916bb1c141236195 - - default default] Successfully bumped revision number for resource 8c6b81d0-bf17-4bdf-a6cb-81c5f57b8d43 (type: security_group_rules) to 0
2026-06-09 18:22:39.358 10 INFO neutron.db.ovn_revision_numbers_db [None req-5eb86cd0-e3d0-407c-850b-c33d7670af76 c208bc2e7cd24685936cbcb54518d479 7ff36d0d1f80468d916bb1c141236195 - - default default] Successfully bumped revision number for resource c7eab8b3-e767-4e3d-9ed3-1483d92af2cd (type: security_group_rules) to 0
2026-06-09 18:22:39.368 9 INFO neutron.wsgi [None req-1c2940af-5e69-4f46-acf6-77ea34991f51 c208bc2e7cd24685936cbcb54518d479 7ff36d0d1f80468d916bb1c141236195 - - default default] 10.0.0.138 "DELETE /v2.0/security-groups/83e13109-5b23-4bc7-b3ea-08de6401b7e8 HTTP/1.1" status: 204 len: 168 time: 0.2746754
2026-06-09 18:22:39.376 10 INFO neutron.db.ovn_revision_numbers_db [None req-5eb86cd0-e3d0-407c-850b-c33d7670af76 c208bc2e7cd24685936cbcb54518d479 7ff36d0d1f80468d916bb1c141236195 - - default default] Successfully bumped revision number for resource cdf69c51-f812-497a-a50d-f8ecf6b8456b (type: security_group_rules) to 0
2026-06-09 18:22:39.384 10 INFO neutron.db.ovn_revision_numbers_db [None req-332e2c21-e931-48c7-b2b4-1ec2ff3c6374 c208bc2e7cd24685936cbcb54518d479 7ff36d0d1f80468d916bb1c141236195 - - default default] Successfully bumped revision number for resource 91cd5fdc-60c2-4884-90dc-0f27a813ca20 (type: security_groups) to 1
2026-06-09 18:22:39.400 10 INFO neutron.db.ovn_revision_numbers_db [None req-5eb86cd0-e3d0-407c-850b-c33d7670af76 c208bc2e7cd24685936cbcb54518d479 7ff36d0d1f80468d916bb1c141236195 - - default default] Successfully bumped revision number for resource de033e4e-9763-453e-88aa-9b3d888c082e (type: security_group_rules) to 0
2026-06-09 18:22:39.419 10 INFO neutron.db.ovn_revision_numbers_db [None req-332e2c21-e931-48c7-b2b4-1ec2ff3c6374 c208bc2e7cd24685936cbcb54518d479 7ff36d0d1f80468d916bb1c141236195 - - default default] Successfully bumped revision number for resource 06e84c50-5a68-453e-b468-0228080deedb (type: security_group_rules) to 0
2026-06-09 18:22:39.423 10 INFO neutron.wsgi [None req-5eb86cd0-e3d0-407c-850b-c33d7670af76 c208bc2e7cd24685936cbcb54518d479 7ff36d0d1f80468d916bb1c141236195 - - default default] 10.0.0.138 "GET /v2.0/security-groups?tenant_id=d1bdfc61f0c841ccb9e39699bbd4798f&name=default HTTP/1.1" status: 200 len: 2996 time: 0.3154597
2026-06-09 18:22:39.463 10 INFO neutron.db.ovn_revision_numbers_db [None req-332e2c21-e931-48c7-b2b4-1ec2ff3c6374 c208bc2e7cd24685936cbcb54518d479 7ff36d0d1f80468d916bb1c141236195 - - default default] Successfully bumped revision number for resource 3dd9f279-c752-43c6-8e9e-fe7efe748ddd (type: security_group_rules) to 0
2026-06-09 18:22:39.487 10 INFO neutron.db.ovn_revision_numbers_db [None req-332e2c21-e931-48c7-b2b4-1ec2ff3c6374 c208bc2e7cd24685936cbcb54518d479 7ff36d0d1f80468d916bb1c141236195 - - default default] Successfully bumped revision number for resource 403c1351-ac84-4e07-9bec-bcbc8c934615 (type: security_group_rules) to 0
2026-06-09 18:22:39.514 10 INFO neutron.db.ovn_revision_numbers_db [None req-332e2c21-e931-48c7-b2b4-1ec2ff3c6374 c208bc2e7cd24685936cbcb54518d479 7ff36d0d1f80468d916bb1c141236195 - - default default] Successfully bumped revision number for resource 5e7f70fb-4733-4f46-b39d-298ba8dcdbc2 (type: security_group_rules) to 0
2026-06-09 18:22:39.547 10 INFO neutron.wsgi [None req-332e2c21-e931-48c7-b2b4-1ec2ff3c6374 c208bc2e7cd24685936cbcb54518d479 7ff36d0d1f80468d916bb1c141236195 - - default default] 10.0.0.138 "GET /v2.0/security-groups?tenant_id=388e83a4d5f546ecb14cee7a4337c250&name=default HTTP/1.1" status: 200 len: 2996 time: 0.4734299
2026-06-09 18:22:39.728 10 INFO neutron.wsgi [None req-fc258c26-6247-4524-998e-982907e67f71 c208bc2e7cd24685936cbcb54518d479 7ff36d0d1f80468d916bb1c141236195 - - default default] 10.0.0.138 "DELETE /v2.0/security-groups/b08c254c-8038-4a08-8253-57521ea1b400 HTTP/1.1" status: 204 len: 168 time: 0.3004880
2026-06-09 18:22:39.846 10 INFO neutron.wsgi [None req-8ac6aa26-a4d6-463f-ba08-084885554441 c208bc2e7cd24685936cbcb54518d479 7ff36d0d1f80468d916bb1c141236195 - - default default] 10.0.0.138 "DELETE /v2.0/security-groups/91cd5fdc-60c2-4884-90dc-0f27a813ca20 HTTP/1.1" status: 204 len: 168 time: 0.2941298
2026-06-09 18:22:40.092 9 INFO neutron.db.ovn_revision_numbers_db [None req-7bf1b0b2-25f8-462f-b800-c27801232714 c208bc2e7cd24685936cbcb54518d479 7ff36d0d1f80468d916bb1c141236195 - - default default] Successfully bumped revision number for resource d06a3e60-4bdf-40db-9f32-6fc84e8a504d (type: security_groups) to 1
2026-06-09 18:22:40.112 9 INFO neutron.db.ovn_revision_numbers_db [None req-7bf1b0b2-25f8-462f-b800-c27801232714 c208bc2e7cd24685936cbcb54518d479 7ff36d0d1f80468d916bb1c141236195 - - default default] Successfully bumped revision number for resource 0e7cd380-b4ee-4f35-9a58-d670df7eba7a (type: security_group_rules) to 0
2026-06-09 18:22:40.132 9 INFO neutron.db.ovn_revision_numbers_db [None req-7bf1b0b2-25f8-462f-b800-c27801232714 c208bc2e7cd24685936cbcb54518d479 7ff36d0d1f80468d916bb1c141236195 - - default default] Successfully bumped revision number for resource b01ad5de-0a91-43a1-905a-0c29dd099015 (type: security_group_rules) to 0
2026-06-09 18:22:40.165 9 INFO neutron.db.ovn_revision_numbers_db [None req-7bf1b0b2-25f8-462f-b800-c27801232714 c208bc2e7cd24685936cbcb54518d479 7ff36d0d1f80468d916bb1c141236195 - - default default] Successfully bumped revision number for resource c745241d-d68b-449b-80e8-284abae8f5df (type: security_group_rules) to 0
2026-06-09 18:22:40.188 9 INFO neutron.db.ovn_revision_numbers_db [None req-7bf1b0b2-25f8-462f-b800-c27801232714 c208bc2e7cd24685936cbcb54518d479 7ff36d0d1f80468d916bb1c141236195 - - default default] Successfully bumped revision number for resource dc5600ca-f695-4cdc-9000-ef074fb5c49e (type: security_group_rules) to 0
2026-06-09 18:22:40.219 9 INFO neutron.wsgi [None req-7bf1b0b2-25f8-462f-b800-c27801232714 c208bc2e7cd24685936cbcb54518d479 7ff36d0d1f80468d916bb1c141236195 - - default default] 10.0.0.138 "GET /v2.0/security-groups?tenant_id=a90d4f3d21c04e18bcb28c0ff16be501&name=default HTTP/1.1" status: 200 len: 2996 time: 0.4941137
2026-06-09 18:22:40.484 9 INFO neutron.wsgi [None req-66c85b18-625b-49f6-b9e1-fdecddaa7c84 c208bc2e7cd24685936cbcb54518d479 7ff36d0d1f80468d916bb1c141236195 - - default default] 10.0.0.138 "DELETE /v2.0/security-groups/d06a3e60-4bdf-40db-9f32-6fc84e8a504d HTTP/1.1" status: 204 len: 168 time: 0.2601678
2026-06-09 18:22:41.955 9 INFO neutron.db.ovn_revision_numbers_db [None req-b7627c84-2758-40e0-a7bc-93f476773da1 c208bc2e7cd24685936cbcb54518d479 7ff36d0d1f80468d916bb1c141236195 - - default default] Successfully bumped revision number for resource c79dd5c3-e375-40d3-b582-6c3d15e468db (type: security_groups) to 1
2026-06-09 18:22:41.969 9 INFO neutron.db.ovn_revision_numbers_db [None req-b7627c84-2758-40e0-a7bc-93f476773da1 c208bc2e7cd24685936cbcb54518d479 7ff36d0d1f80468d916bb1c141236195 - - default default] Successfully bumped revision number for resource 01d351c0-eb0d-403b-a3d9-5e6ecdf41a51 (type: security_group_rules) to 0
2026-06-09 18:22:41.979 15 INFO neutron.plugins.ml2.drivers.ovn.mech_driver.ovsdb.maintenance [None req-2a9ae93a-5a3f-4255-9267-dc2c79b0e699 - - - - - -] Maintenance task: Synchronization finished (took 1.27 seconds)
2026-06-09 18:22:41.987 9 INFO neutron.db.ovn_revision_numbers_db [None req-b7627c84-2758-40e0-a7bc-93f476773da1 c208bc2e7cd24685936cbcb54518d479 7ff36d0d1f80468d916bb1c141236195 - - default default] Successfully bumped revision number for resource 1e189a75-9595-4a79-ad5e-fce6a557ff97 (type: security_group_rules) to 0
2026-06-09 18:22:42.003 9 INFO neutron.db.ovn_revision_numbers_db [None req-b7627c84-2758-40e0-a7bc-93f476773da1 c208bc2e7cd24685936cbcb54518d479 7ff36d0d1f80468d916bb1c141236195 - - default default] Successfully bumped revision number for resource 7efbfddc-f70a-4238-accd-52b2c8359ff6 (type: security_group_rules) to 0
2026-06-09 18:22:42.019 9 INFO neutron.db.ovn_revision_numbers_db [None req-b7627c84-2758-40e0-a7bc-93f476773da1 c208bc2e7cd24685936cbcb54518d479 7ff36d0d1f80468d916bb1c141236195 - - default default] Successfully bumped revision number for resource 9efe006c-e03f-43c0-9612-d83bc41c0bc1 (type: security_group_rules) to 0
2026-06-09 18:22:42.063 9 INFO neutron.wsgi [None req-b7627c84-2758-40e0-a7bc-93f476773da1 c208bc2e7cd24685936cbcb54518d479 7ff36d0d1f80468d916bb1c141236195 - - default default] 10.0.0.138 "GET /v2.0/security-groups?tenant_id=4ee43f1065264e7fba5c38376e79b27c&name=default HTTP/1.1" status: 200 len: 2996 time: 0.3269122
2026-06-09 18:22:42.259 9 INFO neutron.wsgi [None req-923a29af-e6a1-4b46-85dc-f7eabb8d221d c208bc2e7cd24685936cbcb54518d479 7ff36d0d1f80468d916bb1c141236195 - - default default] 10.0.0.138 "DELETE /v2.0/security-groups/c79dd5c3-e375-40d3-b582-6c3d15e468db HTTP/1.1" status: 204 len: 168 time: 0.1920397
2026-06-09 18:22:42.698 10 INFO neutron.db.ovn_revision_numbers_db [None req-923d833a-f4cb-4bbb-b43b-46015fcda2ed c208bc2e7cd24685936cbcb54518d479 7ff36d0d1f80468d916bb1c141236195 - - default default] Successfully bumped revision number for resource 77918278-4efc-43dd-a183-5bbc2f8d9f96 (type: security_groups) to 1
