2026-06-09 18:20:18.069 10 WARNING neutron_lib.context [None req-d5e475f1-2bb5-4bc5-9f55-f4bfeec99551 f6f51c6b1fb04b4fbcb5671e2deffb4a bc055fece0f64791a625e2ade5fef0a6 - - default default] Method 'is_advsvc' is deprecated since 2023.2 release (neutron-lib 3.8.0) and will be removed once support for the old RBAC API policies will be removed from Neutron. Please use method 'is_service_role' instead.
2026-06-09 18:20:18.088 9 INFO neutron.wsgi [req-9c5bf88a-8b8c-4f8a-b281-e529604b943c req-b967ddc7-f242-451e-9161-3d15001dabf3 7f1a23d0ce554507b406bcb7917c2e89 9aabaa2f46a3443191af9998455ee215 - - default default] 10.0.0.194 "GET /v2.0/security-groups/f2cdd631-b047-44e1-8ec2-3dcfb314cbbb HTTP/1.1" status: 200 len: 1822 time: 0.0387058
2026-06-09 18:20:18.106 9 WARNING neutron_lib.context [req-78c989ae-f656-4f32-a27d-62d70e2fd03b req-d4b50f23-585b-4d77-9097-4cfcade5a3bc ddf4046ab775492bbe70ab98a2bd8e28 9fcb45b659db41cc93a2400a030cf048 - - default default] Method 'is_advsvc' is deprecated since 2023.2 release (neutron-lib 3.8.0) and will be removed once support for the old RBAC API policies will be removed from Neutron. Please use method 'is_service_role' instead.
2026-06-09 18:20:18.117 9 WARNING neutron_lib.context [req-9c5bf88a-8b8c-4f8a-b281-e529604b943c req-3bee89b0-e009-4080-9aff-824dbff4c9a1 7f1a23d0ce554507b406bcb7917c2e89 9aabaa2f46a3443191af9998455ee215 - - default default] Method 'is_advsvc' is deprecated since 2023.2 release (neutron-lib 3.8.0) and will be removed once support for the old RBAC API policies will be removed from Neutron. Please use method 'is_service_role' instead.
2026-06-09 18:20:18.260 10 INFO neutron.db.ovn_revision_numbers_db [None req-768d75b9-c32e-4d39-b84a-5700e97dc94d - - - - - -] Successfully bumped revision number for resource 721d3c9f-e3f4-4e7f-841a-abeeeb61a794 (type: router_ports) to 3
2026-06-09 18:20:18.271 10 INFO neutron.db.ovn_revision_numbers_db [None req-d5e475f1-2bb5-4bc5-9f55-f4bfeec99551 f6f51c6b1fb04b4fbcb5671e2deffb4a bc055fece0f64791a625e2ade5fef0a6 - - default default] Successfully bumped revision number for resource eea219f9-d8a0-4cad-888b-2d6449636171 (type: security_group_rules) to 0
2026-06-09 18:20:18.304 10 INFO neutron.wsgi [None req-d5e475f1-2bb5-4bc5-9f55-f4bfeec99551 f6f51c6b1fb04b4fbcb5671e2deffb4a bc055fece0f64791a625e2ade5fef0a6 - - default default] 10.0.0.138 "POST /v2.0/security-group-rules HTTP/1.1" status: 201 len: 769 time: 0.2407000
2026-06-09 18:20:18.317 10 WARNING neutron_lib.context [None req-1ac3880e-d1d4-4bbb-992d-348dfcea3667 f6f51c6b1fb04b4fbcb5671e2deffb4a bc055fece0f64791a625e2ade5fef0a6 - - default default] Method 'is_advsvc' is deprecated since 2023.2 release (neutron-lib 3.8.0) and will be removed once support for the old RBAC API policies will be removed from Neutron. Please use method 'is_service_role' instead.
2026-06-09 18:20:18.322 9 INFO neutron.db.ovn_revision_numbers_db [req-78c989ae-f656-4f32-a27d-62d70e2fd03b req-d4b50f23-585b-4d77-9097-4cfcade5a3bc ddf4046ab775492bbe70ab98a2bd8e28 9fcb45b659db41cc93a2400a030cf048 - - default default] Successfully bumped revision number for resource 434fece5-4fa2-4b9f-8459-0e88f6d2f48d (type: security_groups) to 1
2026-06-09 18:20:18.324 9 WARNING neutron.scheduler.dhcp_agent_scheduler [None req-2d4203e0-57af-40ba-9c4c-5febe98f7226 c208bc2e7cd24685936cbcb54518d479 7ff36d0d1f80468d916bb1c141236195 - - default default] No more DHCP agents
2026-06-09 18:20:18.327 9 WARNING neutron.api.rpc.agentnotifiers.dhcp_rpc_agent_api [None req-2d4203e0-57af-40ba-9c4c-5febe98f7226 c208bc2e7cd24685936cbcb54518d479 7ff36d0d1f80468d916bb1c141236195 - - default default] Unable to schedule network a12679ae-cea2-4be7-96c1-391e9c28ae98: no agents available; will retry on subsequent port and subnet creation events.
2026-06-09 18:20:18.352 9 INFO neutron.db.ovn_revision_numbers_db [req-78c989ae-f656-4f32-a27d-62d70e2fd03b req-d4b50f23-585b-4d77-9097-4cfcade5a3bc ddf4046ab775492bbe70ab98a2bd8e28 9fcb45b659db41cc93a2400a030cf048 - - default default] Successfully bumped revision number for resource 2b558863-3dbc-491c-8713-ed9b16c77f46 (type: security_group_rules) to 0
2026-06-09 18:20:18.359 9 INFO neutron.db.ovn_revision_numbers_db [req-9c5bf88a-8b8c-4f8a-b281-e529604b943c req-3bee89b0-e009-4080-9aff-824dbff4c9a1 7f1a23d0ce554507b406bcb7917c2e89 9aabaa2f46a3443191af9998455ee215 - - default default] Successfully bumped revision number for resource efc2fb8c-fe1e-4f01-ad18-825aba6b826b (type: security_group_rules) to 0
2026-06-09 18:20:18.386 9 INFO neutron.db.ovn_revision_numbers_db [req-78c989ae-f656-4f32-a27d-62d70e2fd03b req-d4b50f23-585b-4d77-9097-4cfcade5a3bc ddf4046ab775492bbe70ab98a2bd8e28 9fcb45b659db41cc93a2400a030cf048 - - default default] Successfully bumped revision number for resource 68a3e5af-b740-425f-8c04-506496f4d349 (type: security_group_rules) to 0
2026-06-09 18:20:18.400 9 INFO neutron.wsgi [req-9c5bf88a-8b8c-4f8a-b281-e529604b943c req-3bee89b0-e009-4080-9aff-824dbff4c9a1 7f1a23d0ce554507b406bcb7917c2e89 9aabaa2f46a3443191af9998455ee215 - - default default] 10.0.0.194 "POST /v2.0/security-group-rules HTTP/1.1" status: 201 len: 786 time: 0.3040006
2026-06-09 18:20:18.413 9 INFO neutron.wsgi [req-78c989ae-f656-4f32-a27d-62d70e2fd03b req-d4b50f23-585b-4d77-9097-4cfcade5a3bc ddf4046ab775492bbe70ab98a2bd8e28 9fcb45b659db41cc93a2400a030cf048 - - default default] 10.0.0.194 "POST /v2.0/security-groups HTTP/1.1" status: 201 len: 1822 time: 0.3203740
2026-06-09 18:20:18.451 9 WARNING neutron_lib.context [req-a11feeb2-aeca-4dae-ac36-018f7e49cd0d req-7d04b724-626a-498c-a2b8-fae23ee9a565 ddf4046ab775492bbe70ab98a2bd8e28 9fcb45b659db41cc93a2400a030cf048 - - default default] Method 'is_advsvc' is deprecated since 2023.2 release (neutron-lib 3.8.0) and will be removed once support for the old RBAC API policies will be removed from Neutron. Please use method 'is_service_role' instead.
2026-06-09 18:20:18.481 10 INFO neutron.db.ovn_revision_numbers_db [None req-768d75b9-c32e-4d39-b84a-5700e97dc94d - - - - - -] Successfully bumped revision number for resource 721d3c9f-e3f4-4e7f-841a-abeeeb61a794 (type: ports) to 2
2026-06-09 18:20:18.483 9 INFO neutron.wsgi [req-d081be96-5483-4a1c-8576-491f670a5e5f req-02bb6c7c-1c02-46d0-8eb7-97184845989d 7f1a23d0ce554507b406bcb7917c2e89 9aabaa2f46a3443191af9998455ee215 - - default default] 10.0.0.194 "GET /v2.0/security-groups/f2cdd631-b047-44e1-8ec2-3dcfb314cbbb HTTP/1.1" status: 200 len: 2415 time: 0.0554395
2026-06-09 18:20:18.498 9 WARNING neutron_lib.context [req-d081be96-5483-4a1c-8576-491f670a5e5f req-e8e9e119-bbca-40d4-b4a4-f7f7ef87abab 7f1a23d0ce554507b406bcb7917c2e89 9aabaa2f46a3443191af9998455ee215 - - default default] Method 'is_advsvc' is deprecated since 2023.2 release (neutron-lib 3.8.0) and will be removed once support for the old RBAC API policies will be removed from Neutron. Please use method 'is_service_role' instead.
2026-06-09 18:20:18.517 9 INFO neutron.db.ovn_revision_numbers_db [None req-2d4203e0-57af-40ba-9c4c-5febe98f7226 c208bc2e7cd24685936cbcb54518d479 7ff36d0d1f80468d916bb1c141236195 - - default default] Successfully bumped revision number for resource 21f0ca7a-adbf-4868-affd-260a06300534 (type: ports) to 1
2026-06-09 18:20:18.653 9 INFO neutron.db.ovn_revision_numbers_db [req-a11feeb2-aeca-4dae-ac36-018f7e49cd0d req-7d04b724-626a-498c-a2b8-fae23ee9a565 ddf4046ab775492bbe70ab98a2bd8e28 9fcb45b659db41cc93a2400a030cf048 - - default default] Successfully bumped revision number for resource 367e9dd3-441d-4125-83c5-1699b72bc53d (type: security_groups) to 1
2026-06-09 18:20:18.681 9 INFO neutron.db.ovn_revision_numbers_db [req-a11feeb2-aeca-4dae-ac36-018f7e49cd0d req-7d04b724-626a-498c-a2b8-fae23ee9a565 ddf4046ab775492bbe70ab98a2bd8e28 9fcb45b659db41cc93a2400a030cf048 - - default default] Successfully bumped revision number for resource 6d845758-d854-4b9f-afad-69f3eb449eb1 (type: security_group_rules) to 0
2026-06-09 18:20:18.699 9 INFO neutron.db.ovn_revision_numbers_db [req-d081be96-5483-4a1c-8576-491f670a5e5f req-e8e9e119-bbca-40d4-b4a4-f7f7ef87abab 7f1a23d0ce554507b406bcb7917c2e89 9aabaa2f46a3443191af9998455ee215 - - default default] Successfully bumped revision number for resource 7cf77eea-654d-4b9a-800a-e8fb0a104fd4 (type: security_group_rules) to 0
2026-06-09 18:20:18.704 9 INFO neutron.db.ovn_revision_numbers_db [req-a11feeb2-aeca-4dae-ac36-018f7e49cd0d req-7d04b724-626a-498c-a2b8-fae23ee9a565 ddf4046ab775492bbe70ab98a2bd8e28 9fcb45b659db41cc93a2400a030cf048 - - default default] Successfully bumped revision number for resource 9516dc2b-27cf-4e07-ae66-cacd8f2b5385 (type: security_group_rules) to 0
2026-06-09 18:20:18.710 10 WARNING neutron.scheduler.dhcp_agent_scheduler [None req-1ac3880e-d1d4-4bbb-992d-348dfcea3667 f6f51c6b1fb04b4fbcb5671e2deffb4a bc055fece0f64791a625e2ade5fef0a6 - - default default] No more DHCP agents
2026-06-09 18:20:18.721 10 WARNING neutron.api.rpc.agentnotifiers.dhcp_rpc_agent_api [None req-1ac3880e-d1d4-4bbb-992d-348dfcea3667 f6f51c6b1fb04b4fbcb5671e2deffb4a bc055fece0f64791a625e2ade5fef0a6 - - default default] Unable to schedule network 84b399a5-4a6f-41f5-aa88-eab5f3dde944: no agents available; will retry on subsequent port and subnet creation events.
2026-06-09 18:20:18.738 9 INFO neutron.wsgi [req-a11feeb2-aeca-4dae-ac36-018f7e49cd0d req-7d04b724-626a-498c-a2b8-fae23ee9a565 ddf4046ab775492bbe70ab98a2bd8e28 9fcb45b659db41cc93a2400a030cf048 - - default default] 10.0.0.194 "POST /v2.0/security-groups HTTP/1.1" status: 201 len: 1823 time: 0.2963960
2026-06-09 18:20:18.743 9 INFO neutron.wsgi [req-d081be96-5483-4a1c-8576-491f670a5e5f req-e8e9e119-bbca-40d4-b4a4-f7f7ef87abab 7f1a23d0ce554507b406bcb7917c2e89 9aabaa2f46a3443191af9998455ee215 - - default default] 10.0.0.194 "POST /v2.0/security-group-rules HTTP/1.1" status: 201 len: 791 time: 0.2521591
2026-06-09 18:20:18.781 9 WARNING neutron_lib.context [req-20804060-941d-4673-8eab-56472c794a5f req-f5cfe7fb-df0e-4765-826a-675a8ba4b72f ddf4046ab775492bbe70ab98a2bd8e28 9fcb45b659db41cc93a2400a030cf048 - - default default] Method 'is_advsvc' is deprecated since 2023.2 release (neutron-lib 3.8.0) and will be removed once support for the old RBAC API policies will be removed from Neutron. Please use method 'is_service_role' instead.
2026-06-09 18:20:18.825 9 INFO neutron.wsgi [req-402a9da6-62b4-4bdd-aa3d-5ccf14c7861c req-cd002cfa-cf12-4711-83ef-9bfa69af8ca6 7f1a23d0ce554507b406bcb7917c2e89 9aabaa2f46a3443191af9998455ee215 - - default default] 10.0.0.194 "GET /v2.0/security-groups/f2cdd631-b047-44e1-8ec2-3dcfb314cbbb HTTP/1.1" status: 200 len: 3013 time: 0.0506101
2026-06-09 18:20:18.886 9 INFO neutron.wsgi [req-5bc885fd-e022-4975-b68a-33642cbd367c req-a142452d-18ea-46fe-9b54-c0cb0b9d35ba 7f1a23d0ce554507b406bcb7917c2e89 9aabaa2f46a3443191af9998455ee215 - - default default] 10.0.0.194 "GET /v2.0/security-group-rules/7cf77eea-654d-4b9a-800a-e8fb0a104fd4 HTTP/1.1" status: 200 len: 783 time: 0.0308414
2026-06-09 18:20:18.950 9 INFO neutron.wsgi [req-5bc885fd-e022-4975-b68a-33642cbd367c req-0194fe8e-791b-45d4-8a3f-694a2393c796 7f1a23d0ce554507b406bcb7917c2e89 9aabaa2f46a3443191af9998455ee215 - - default default] 10.0.0.194 "GET /v2.0/security-groups/f2cdd631-b047-44e1-8ec2-3dcfb314cbbb HTTP/1.1" status: 200 len: 3013 time: 0.0560048
2026-06-09 18:20:18.971 9 INFO neutron.db.ovn_revision_numbers_db [req-20804060-941d-4673-8eab-56472c794a5f req-f5cfe7fb-df0e-4765-826a-675a8ba4b72f ddf4046ab775492bbe70ab98a2bd8e28 9fcb45b659db41cc93a2400a030cf048 - - default default] Successfully bumped revision number for resource f150943f-fbe0-48d2-93e5-26ed604b00e1 (type: security_groups) to 1
2026-06-09 18:20:19.010 9 INFO neutron.db.ovn_revision_numbers_db [req-20804060-941d-4673-8eab-56472c794a5f req-f5cfe7fb-df0e-4765-826a-675a8ba4b72f ddf4046ab775492bbe70ab98a2bd8e28 9fcb45b659db41cc93a2400a030cf048 - - default default] Successfully bumped revision number for resource 70829879-9b19-4f63-86d6-6b706acdfc31 (type: security_group_rules) to 0
2026-06-09 18:20:19.010 10 INFO neutron.db.ovn_revision_numbers_db [None req-768d75b9-c32e-4d39-b84a-5700e97dc94d - - - - - -] Successfully bumped revision number for resource 721d3c9f-e3f4-4e7f-841a-abeeeb61a794 (type: ports) to 4
2026-06-09 18:20:19.043 9 INFO neutron.db.ovn_revision_numbers_db [req-20804060-941d-4673-8eab-56472c794a5f req-f5cfe7fb-df0e-4765-826a-675a8ba4b72f ddf4046ab775492bbe70ab98a2bd8e28 9fcb45b659db41cc93a2400a030cf048 - - default default] Successfully bumped revision number for resource 7f452ceb-1eb6-428b-9669-59d3dcf30397 (type: security_group_rules) to 0
2026-06-09 18:20:19.072 9 INFO neutron.db.ovn_revision_numbers_db [None req-2d4203e0-57af-40ba-9c4c-5febe98f7226 c208bc2e7cd24685936cbcb54518d479 7ff36d0d1f80468d916bb1c141236195 - - default default] Successfully bumped revision number for resource 21f0ca7a-adbf-4868-affd-260a06300534 (type: router_ports) to 1
2026-06-09 18:20:19.077 9 INFO neutron.wsgi [req-20804060-941d-4673-8eab-56472c794a5f req-f5cfe7fb-df0e-4765-826a-675a8ba4b72f ddf4046ab775492bbe70ab98a2bd8e28 9fcb45b659db41cc93a2400a030cf048 - - default default] 10.0.0.194 "POST /v2.0/security-groups HTTP/1.1" status: 201 len: 1821 time: 0.3041389
2026-06-09 18:20:19.239 10 INFO neutron.db.ovn_revision_numbers_db [None req-1ac3880e-d1d4-4bbb-992d-348dfcea3667 f6f51c6b1fb04b4fbcb5671e2deffb4a bc055fece0f64791a625e2ade5fef0a6 - - default default] Successfully bumped revision number for resource d3c4afef-9144-47b8-bbe7-2927e7f29f4b (type: floatingips) to 0
2026-06-09 18:20:19.256 10 INFO neutron.wsgi [None req-1ac3880e-d1d4-4bbb-992d-348dfcea3667 f6f51c6b1fb04b4fbcb5671e2deffb4a bc055fece0f64791a625e2ade5fef0a6 - - default default] 10.0.0.138 "POST /v2.0/floatingips HTTP/1.1" status: 201 len: 751 time: 0.9452860
2026-06-09 18:20:19.274 9 INFO neutron.wsgi [req-2b3b2784-2936-48ba-89ed-e6296eb3cf88 req-648c7e49-ff95-4c65-bdc8-fe9196967f59 ddf4046ab775492bbe70ab98a2bd8e28 9fcb45b659db41cc93a2400a030cf048 - - default default] 10.0.0.194 "GET /v2.0/security-groups?tenant_id=9fcb45b659db41cc93a2400a030cf048 HTTP/1.1" status: 200 len: 7794 time: 0.0721769
2026-06-09 18:20:19.286 10 INFO neutron.db.ovn_revision_numbers_db [None req-768d75b9-c32e-4d39-b84a-5700e97dc94d - - - - - -] Successfully bumped revision number for resource 721d3c9f-e3f4-4e7f-841a-abeeeb61a794 (type: router_ports) to 4
2026-06-09 18:20:19.334 9 INFO neutron.wsgi [req-5bc885fd-e022-4975-b68a-33642cbd367c req-3d5b85b6-ff94-46f4-ba59-8f37b68c7e94 7f1a23d0ce554507b406bcb7917c2e89 9aabaa2f46a3443191af9998455ee215 - - default default] 10.0.0.194 "DELETE /v2.0/security-group-rules/7cf77eea-654d-4b9a-800a-e8fb0a104fd4 HTTP/1.1" status: 204 len: 173 time: 0.3771303
2026-06-09 18:20:19.344 9 INFO neutron.wsgi [req-2b3b2784-2936-48ba-89ed-e6296eb3cf88 req-45feb108-8071-41ae-afe5-7ea4eb110920 ddf4046ab775492bbe70ab98a2bd8e28 9fcb45b659db41cc93a2400a030cf048 - - default default] 10.0.0.194 "GET /v2.0/security-groups/88f7efa6-1f73-42b4-82b7-f0cf94db4087 HTTP/1.1" status: 200 len: 2994 time: 0.0637619
2026-06-09 18:20:19.412 9 INFO neutron.wsgi [req-9fd042af-0e26-4177-aae8-f4a0b064c155 req-2b18460b-b47d-4576-9a69-67c2a6e874e5 7f1a23d0ce554507b406bcb7917c2e89 9aabaa2f46a3443191af9998455ee215 - - default default] 10.0.0.194 "GET /v2.0/security-groups/f2cdd631-b047-44e1-8ec2-3dcfb314cbbb HTTP/1.1" status: 200 len: 2415 time: 0.0472484
2026-06-09 18:20:19.414 9 INFO neutron.wsgi [req-2b3b2784-2936-48ba-89ed-e6296eb3cf88 req-d673ad7c-bd87-4692-8c6b-807a8b363063 ddf4046ab775492bbe70ab98a2bd8e28 9fcb45b659db41cc93a2400a030cf048 - - default default] 10.0.0.194 "GET /v2.0/security-groups/88f7efa6-1f73-42b4-82b7-f0cf94db4087 HTTP/1.1" status: 200 len: 2994 time: 0.0585492
2026-06-09 18:20:19.414 9 INFO neutron.db.ovn_revision_numbers_db [None req-2d4203e0-57af-40ba-9c4c-5febe98f7226 c208bc2e7cd24685936cbcb54518d479 7ff36d0d1f80468d916bb1c141236195 - - default default] Successfully bumped revision number for resource 21f0ca7a-adbf-4868-affd-260a06300534 (type: ports) to 1
2026-06-09 18:20:19.472 10 WARNING neutron.plugins.ml2.drivers.ovn.mech_driver.ovsdb.ovn_client [None req-24070eea-561b-43c1-a7b8-522b40924b28 - - - - - -] No hosting information found for port 41b0f199-5ddc-47e1-96af-233c62258b17: RuntimeError: No hosting information found for port 41b0f199-5ddc-47e1-96af-233c62258b17
2026-06-09 18:20:19.473 10 INFO neutron.plugins.ml2.drivers.ovn.mech_driver.mech_driver [None req-24070eea-561b-43c1-a7b8-522b40924b28 - - - - - -] OVN reports status up for port: 5169d0c2-c2f0-44a4-b1ad-ce1d2b223f3c
2026-06-09 18:20:19.483 10 INFO neutron.plugins.ml2.plugin [None req-24070eea-561b-43c1-a7b8-522b40924b28 - - - - - -] Attempt 1 to provision port 5169d0c2-c2f0-44a4-b1ad-ce1d2b223f3c
2026-06-09 18:20:19.505 9 INFO neutron.wsgi [req-33b9b8b4-90a7-48c6-ad3b-7867fe6fb458 req-6667b7b7-33a7-42ee-bf26-b524a14c710e ddf4046ab775492bbe70ab98a2bd8e28 9fcb45b659db41cc93a2400a030cf048 - - default default] 10.0.0.194 "GET /v2.0/security-groups/434fece5-4fa2-4b9f-8459-0e88f6d2f48d HTTP/1.1" status: 200 len: 1817 time: 0.0625985
2026-06-09 18:20:19.517 9 WARNING neutron.scheduler.dhcp_agent_scheduler [None req-2d4203e0-57af-40ba-9c4c-5febe98f7226 c208bc2e7cd24685936cbcb54518d479 7ff36d0d1f80468d916bb1c141236195 - - default default] No more DHCP agents
2026-06-09 18:20:19.524 9 WARNING neutron.api.rpc.agentnotifiers.dhcp_rpc_agent_api [None req-2d4203e0-57af-40ba-9c4c-5febe98f7226 c208bc2e7cd24685936cbcb54518d479 7ff36d0d1f80468d916bb1c141236195 - - default default] Unable to schedule network a12679ae-cea2-4be7-96c1-391e9c28ae98: no agents available; will retry on subsequent port and subnet creation events.
2026-06-09 18:20:19.568 10 INFO neutron.plugins.ml2.drivers.ovn.mech_driver.mech_driver [None req-24070eea-561b-43c1-a7b8-522b40924b28 - - - - - -] OVN reports status up for port: dec60683-6b1f-4076-90b6-d21092eecce5
2026-06-09 18:20:19.575 10 INFO neutron.plugins.ml2.plugin [None req-24070eea-561b-43c1-a7b8-522b40924b28 - - - - - -] Attempt 1 to provision port dec60683-6b1f-4076-90b6-d21092eecce5
2026-06-09 18:20:19.643 9 INFO neutron.wsgi [req-9fd042af-0e26-4177-aae8-f4a0b064c155 req-b8dea87b-7464-494e-b570-6c8d075c412b 7f1a23d0ce554507b406bcb7917c2e89 9aabaa2f46a3443191af9998455ee215 - - default default] 10.0.0.194 "DELETE /v2.0/security-groups/f2cdd631-b047-44e1-8ec2-3dcfb314cbbb HTTP/1.1" status: 204 len: 173 time: 0.2230368
2026-06-09 18:20:19.713 9 INFO neutron.wsgi [req-33b9b8b4-90a7-48c6-ad3b-7867fe6fb458 req-c92ffbc5-5f9c-44ca-8d36-c06a28ab9f58 ddf4046ab775492bbe70ab98a2bd8e28 9fcb45b659db41cc93a2400a030cf048 - - default default] 10.0.0.194 "DELETE /v2.0/security-groups/434fece5-4fa2-4b9f-8459-0e88f6d2f48d HTTP/1.1" status: 204 len: 173 time: 0.2000890
2026-06-09 18:20:19.717 9 INFO neutron.wsgi [req-78335d5b-3a73-40ee-8d90-2ca03f70ca24 req-b45c0f79-2414-447b-818a-5e9386729a60 7f1a23d0ce554507b406bcb7917c2e89 9aabaa2f46a3443191af9998455ee215 - - default default] 10.0.0.194 "GET /v2.0/security-groups/b15a0c3e-9ca4-44ae-95d2-4205e2cdc5a7 HTTP/1.1" status: 200 len: 2412 time: 0.0493562
2026-06-09 18:20:19.760 9 INFO neutron.api.v2.resource [req-f929662c-5890-4b20-8d8a-c54b9c0e1928 req-423ee202-e55c-4af4-bf66-1391858d9c72 ddf4046ab775492bbe70ab98a2bd8e28 9fcb45b659db41cc93a2400a030cf048 - - default default] show failed (client error): The resource could not be found.
2026-06-09 18:20:19.761 9 INFO neutron.wsgi [req-f929662c-5890-4b20-8d8a-c54b9c0e1928 req-423ee202-e55c-4af4-bf66-1391858d9c72 ddf4046ab775492bbe70ab98a2bd8e28 9fcb45b659db41cc93a2400a030cf048 - - default default] 10.0.0.194 "GET /v2.0/security-groups/434fece5-4fa2-4b9f-8459-0e88f6d2f48d HTTP/1.1" status: 404 len: 352 time: 0.0241013
2026-06-09 18:20:19.861 9 INFO neutron.wsgi [req-276676fb-7dcf-47c7-b94e-fcb15eaf889e req-d64421fe-f52d-41aa-95b3-3e279c3b3f68 ddf4046ab775492bbe70ab98a2bd8e28 9fcb45b659db41cc93a2400a030cf048 - - default default] 10.0.0.194 "GET /v2.0/security-groups/367e9dd3-441d-4125-83c5-1699b72bc53d HTTP/1.1" status: 200 len: 1818 time: 0.0791562
2026-06-09 18:20:19.867 10 INFO neutron.db.ovn_revision_numbers_db [None req-24070eea-561b-43c1-a7b8-522b40924b28 - - - - - -] Successfully bumped revision number for resource dec60683-6b1f-4076-90b6-d21092eecce5 (type: ports) to 2
2026-06-09 18:20:19.946 10 INFO neutron.db.ovn_revision_numbers_db [None req-24070eea-561b-43c1-a7b8-522b40924b28 - - - - - -] Successfully bumped revision number for resource dec60683-6b1f-4076-90b6-d21092eecce5 (type: router_ports) to 2
2026-06-09 18:20:19.948 9 INFO neutron.wsgi [req-78335d5b-3a73-40ee-8d90-2ca03f70ca24 req-4fe622ba-4580-40bc-b580-874099d26e8c 7f1a23d0ce554507b406bcb7917c2e89 9aabaa2f46a3443191af9998455ee215 - - default default] 10.0.0.194 "DELETE /v2.0/security-groups/b15a0c3e-9ca4-44ae-95d2-4205e2cdc5a7 HTTP/1.1" status: 204 len: 173 time: 0.2217805
2026-06-09 18:20:20.054 9 INFO neutron.wsgi [req-276676fb-7dcf-47c7-b94e-fcb15eaf889e req-d8e9a080-d2a9-445e-a8ff-bd55728b1ca7 ddf4046ab775492bbe70ab98a2bd8e28 9fcb45b659db41cc93a2400a030cf048 - - default default] 10.0.0.194 "DELETE /v2.0/security-groups/367e9dd3-441d-4125-83c5-1699b72bc53d HTTP/1.1" status: 204 len: 173 time: 0.1865778
2026-06-09 18:20:20.097 9 INFO neutron.api.v2.resource [req-e89dfdd1-0568-4c34-beae-5c62c4ecb1a1 req-86c493f9-8a8d-4ddf-b503-05e5e0d05c9d ddf4046ab775492bbe70ab98a2bd8e28 9fcb45b659db41cc93a2400a030cf048 - - default default] show failed (client error): The resource could not be found.
2026-06-09 18:20:20.098 9 INFO neutron.wsgi [req-e89dfdd1-0568-4c34-beae-5c62c4ecb1a1 req-86c493f9-8a8d-4ddf-b503-05e5e0d05c9d ddf4046ab775492bbe70ab98a2bd8e28 9fcb45b659db41cc93a2400a030cf048 - - default default] 10.0.0.194 "GET /v2.0/security-groups/367e9dd3-441d-4125-83c5-1699b72bc53d HTTP/1.1" status: 404 len: 352 time: 0.0210953
2026-06-09 18:20:20.170 9 INFO neutron.wsgi [req-262e786f-0b72-44a2-ada0-590b2e5c4632 req-33d359fe-ac9a-4994-afc8-fa783d02ac40 ddf4046ab775492bbe70ab98a2bd8e28 9fcb45b659db41cc93a2400a030cf048 - - default default] 10.0.0.194 "GET /v2.0/security-groups/f150943f-fbe0-48d2-93e5-26ed604b00e1 HTTP/1.1" status: 200 len: 1816 time: 0.0502181
2026-06-09 18:20:20.246 9 INFO neutron.wsgi [-] 10.0.0.71 "GET / HTTP/1.1" status: 200 len: 247 time: 0.0012293
2026-06-09 18:20:20.248 9 INFO neutron.wsgi [-] 10.0.0.71 "GET / HTTP/1.1" status: 200 len: 247 time: 0.0009058
2026-06-09 18:20:20.324 9 INFO neutron.wsgi [req-262e786f-0b72-44a2-ada0-590b2e5c4632 req-e8a64da8-d206-4d8a-87ea-3d8244ae6872 ddf4046ab775492bbe70ab98a2bd8e28 9fcb45b659db41cc93a2400a030cf048 - - default default] 10.0.0.194 "DELETE /v2.0/security-groups/f150943f-fbe0-48d2-93e5-26ed604b00e1 HTTP/1.1" status: 204 len: 173 time: 0.1460688
2026-06-09 18:20:20.366 9 INFO neutron.plugins.ml2.drivers.ovn.mech_driver.mech_driver [None req-0ac23db8-f893-4d1f-a7c3-6591ff039c01 - - - - - -] OVN reports status up for port: 21f0ca7a-adbf-4868-affd-260a06300534
2026-06-09 18:20:20.368 9 INFO neutron.api.v2.resource [req-cb3f26d1-e78a-4132-ba5a-de5df93e9792 req-1c848897-eb60-416e-96e4-e39c17bed53c ddf4046ab775492bbe70ab98a2bd8e28 9fcb45b659db41cc93a2400a030cf048 - - default default] show failed (client error): The resource could not be found.
2026-06-09 18:20:20.369 9 INFO neutron.wsgi [req-cb3f26d1-e78a-4132-ba5a-de5df93e9792 req-1c848897-eb60-416e-96e4-e39c17bed53c ddf4046ab775492bbe70ab98a2bd8e28 9fcb45b659db41cc93a2400a030cf048 - - default default] 10.0.0.194 "GET /v2.0/security-groups/f150943f-fbe0-48d2-93e5-26ed604b00e1 HTTP/1.1" status: 404 len: 352 time: 0.0173233
2026-06-09 18:20:20.380 9 INFO neutron.plugins.ml2.plugin [None req-0ac23db8-f893-4d1f-a7c3-6591ff039c01 - - - - - -] Attempt 1 to provision port 21f0ca7a-adbf-4868-affd-260a06300534
2026-06-09 18:20:20.557 9 INFO neutron.wsgi [req-1250f36e-215d-44b9-81f9-1ae274e4c4fe req-5e2adaa7-d5af-47b1-beb5-cbe62098c887 ddf4046ab775492bbe70ab98a2bd8e28 9fcb45b659db41cc93a2400a030cf048 - - default default] 10.0.0.194 "GET /v2.0/security-groups?tenant_id=9fcb45b659db41cc93a2400a030cf048 HTTP/1.1" status: 200 len: 2997 time: 0.1572278
2026-06-09 18:20:20.586 9 INFO neutron.db.ovn_revision_numbers_db [None req-2d4203e0-57af-40ba-9c4c-5febe98f7226 c208bc2e7cd24685936cbcb54518d479 7ff36d0d1f80468d916bb1c141236195 - - default default] Successfully bumped revision number for resource 21f0ca7a-adbf-4868-affd-260a06300534 (type: router_ports) to 1
2026-06-09 18:20:20.588 9 INFO neutron.wsgi [None req-2d4203e0-57af-40ba-9c4c-5febe98f7226 c208bc2e7cd24685936cbcb54518d479 7ff36d0d1f80468d916bb1c141236195 - - default default] 10.0.0.138 "PUT /v2.0/routers/29b65f05-63cd-448b-b4fa-d7809d397abc/add_router_interface HTTP/1.1" status: 200 len: 503 time: 2.8740306
2026-06-09 18:20:20.611 9 INFO neutron.wsgi [req-1250f36e-215d-44b9-81f9-1ae274e4c4fe req-0ea06785-9361-4022-905f-75971b30cd72 ddf4046ab775492bbe70ab98a2bd8e28 9fcb45b659db41cc93a2400a030cf048 - - default default] 10.0.0.194 "GET /v2.0/security-groups/88f7efa6-1f73-42b4-82b7-f0cf94db4087 HTTP/1.1" status: 200 len: 2994 time: 0.0420823
2026-06-09 18:20:20.707 9 INFO neutron.wsgi [req-1250f36e-215d-44b9-81f9-1ae274e4c4fe req-62d5e56c-d0fa-48d7-9a42-f4c4950b0fd3 ddf4046ab775492bbe70ab98a2bd8e28 9fcb45b659db41cc93a2400a030cf048 - - default default] 10.0.0.194 "GET /v2.0/security-groups/88f7efa6-1f73-42b4-82b7-f0cf94db4087 HTTP/1.1" status: 200 len: 2994 time: 0.0847983
2026-06-09 18:20:20.762 9 INFO neutron.api.v2.resource [req-84dc3131-2dda-4e28-a8dc-5b6aeda193d6 req-f2d4d81d-38d4-4893-a5db-fe4d0e87ba5f ddf4046ab775492bbe70ab98a2bd8e28 9fcb45b659db41cc93a2400a030cf048 - - default default] show failed (client error): The resource could not be found.
2026-06-09 18:20:20.764 9 INFO neutron.wsgi [req-84dc3131-2dda-4e28-a8dc-5b6aeda193d6 req-f2d4d81d-38d4-4893-a5db-fe4d0e87ba5f ddf4046ab775492bbe70ab98a2bd8e28 9fcb45b659db41cc93a2400a030cf048 - - default default] 10.0.0.194 "GET /v2.0/security-groups/f150943f-fbe0-48d2-93e5-26ed604b00e1 HTTP/1.1" status: 404 len: 352 time: 0.0209112
2026-06-09 18:20:20.809 9 INFO neutron.api.v2.resource [req-173e3d66-57a6-4596-a00e-2bd9673fdc1e req-396d3dad-d2fe-4cca-ba93-2197443a9b03 ddf4046ab775492bbe70ab98a2bd8e28 9fcb45b659db41cc93a2400a030cf048 - - default default] show failed (client error): The resource could not be found.
2026-06-09 18:20:20.810 9 INFO neutron.wsgi [req-173e3d66-57a6-4596-a00e-2bd9673fdc1e req-396d3dad-d2fe-4cca-ba93-2197443a9b03 ddf4046ab775492bbe70ab98a2bd8e28 9fcb45b659db41cc93a2400a030cf048 - - default default] 10.0.0.194 "GET /v2.0/security-groups/367e9dd3-441d-4125-83c5-1699b72bc53d HTTP/1.1" status: 404 len: 352 time: 0.0150452
2026-06-09 18:20:20.861 9 INFO neutron.api.v2.resource [req-af69cdcf-dc96-4145-9cdd-a173da999817 req-35d2584f-d1db-4507-a164-e6ae2f7cf5b5 ddf4046ab775492bbe70ab98a2bd8e28 9fcb45b659db41cc93a2400a030cf048 - - default default] show failed (client error): The resource could not be found.
2026-06-09 18:20:20.862 9 INFO neutron.wsgi [req-af69cdcf-dc96-4145-9cdd-a173da999817 req-35d2584f-d1db-4507-a164-e6ae2f7cf5b5 ddf4046ab775492bbe70ab98a2bd8e28 9fcb45b659db41cc93a2400a030cf048 - - default default] 10.0.0.194 "GET /v2.0/security-groups/434fece5-4fa2-4b9f-8459-0e88f6d2f48d HTTP/1.1" status: 404 len: 352 time: 0.0162263
2026-06-09 18:20:20.879 9 INFO neutron.db.ovn_revision_numbers_db [None req-0ac23db8-f893-4d1f-a7c3-6591ff039c01 - - - - - -] Successfully bumped revision number for resource 21f0ca7a-adbf-4868-affd-260a06300534 (type: ports) to 2
2026-06-09 18:20:20.964 9 INFO neutron.db.ovn_revision_numbers_db [None req-0ac23db8-f893-4d1f-a7c3-6591ff039c01 - - - - - -] Successfully bumped revision number for resource 21f0ca7a-adbf-4868-affd-260a06300534 (type: router_ports) to 2
2026-06-09 18:20:21.098 9 WARNING neutron_lib.context [None req-7ba1e45e-0fb2-4ab3-b0d3-19ce2fc97558 12d6b4724b3544a394bffaa3b9b84127 0945280c3b4d407f964bc60083d8a8ea - - default default] Method 'is_advsvc' is deprecated since 2023.2 release (neutron-lib 3.8.0) and will be removed once support for the old RBAC API policies will be removed from Neutron. Please use method 'is_service_role' instead.
2026-06-09 18:20:21.196 9 INFO neutron.db.ovn_revision_numbers_db [None req-7ba1e45e-0fb2-4ab3-b0d3-19ce2fc97558 12d6b4724b3544a394bffaa3b9b84127 0945280c3b4d407f964bc60083d8a8ea - - default default] Successfully bumped revision number for resource eaa74a58-e745-4426-b56c-231a1023e084 (type: security_groups) to 1
2026-06-09 18:20:21.210 9 INFO neutron.db.ovn_revision_numbers_db [None req-7ba1e45e-0fb2-4ab3-b0d3-19ce2fc97558 12d6b4724b3544a394bffaa3b9b84127 0945280c3b4d407f964bc60083d8a8ea - - default default] Successfully bumped revision number for resource 4bc070bd-5134-4426-aa6b-fdc1ebf2fa30 (type: security_group_rules) to 0
2026-06-09 18:20:21.223 9 INFO neutron.db.ovn_revision_numbers_db [None req-7ba1e45e-0fb2-4ab3-b0d3-19ce2fc97558 12d6b4724b3544a394bffaa3b9b84127 0945280c3b4d407f964bc60083d8a8ea - - default default] Successfully bumped revision number for resource f8f59223-198b-4741-92f3-f28d8c29f996 (type: security_group_rules) to 0
2026-06-09 18:20:21.242 9 INFO neutron.wsgi [None req-7ba1e45e-0fb2-4ab3-b0d3-19ce2fc97558 12d6b4724b3544a394bffaa3b9b84127 0945280c3b4d407f964bc60083d8a8ea - - default default] 10.0.0.138 "POST /v2.0/security-groups HTTP/1.1" status: 201 len: 1795 time: 0.1512270
2026-06-09 18:20:21.250 9 WARNING neutron_lib.context [None req-c78e0be7-0924-4f3c-9622-c5ecfd0530dc 12d6b4724b3544a394bffaa3b9b84127 0945280c3b4d407f964bc60083d8a8ea - - default default] Method 'is_advsvc' is deprecated since 2023.2 release (neutron-lib 3.8.0) and will be removed once support for the old RBAC API policies will be removed from Neutron. Please use method 'is_service_role' instead.
2026-06-09 18:20:21.363 9 INFO neutron.db.ovn_revision_numbers_db [None req-c78e0be7-0924-4f3c-9622-c5ecfd0530dc 12d6b4724b3544a394bffaa3b9b84127 0945280c3b4d407f964bc60083d8a8ea - - default default] Successfully bumped revision number for resource 109f7596-7367-4395-8b29-bb2dda8d4e68 (type: security_group_rules) to 0
2026-06-09 18:20:21.387 9 INFO neutron.wsgi [None req-c78e0be7-0924-4f3c-9622-c5ecfd0530dc 12d6b4724b3544a394bffaa3b9b84127 0945280c3b4d407f964bc60083d8a8ea - - default default] 10.0.0.138 "POST /v2.0/security-group-rules HTTP/1.1" status: 201 len: 764 time: 0.1416218
2026-06-09 18:20:21.398 9 WARNING neutron_lib.context [None req-19c2968c-b7ad-4fd7-a73f-9bff0e944672 12d6b4724b3544a394bffaa3b9b84127 0945280c3b4d407f964bc60083d8a8ea - - default default] Method 'is_advsvc' is deprecated since 2023.2 release (neutron-lib 3.8.0) and will be removed once support for the old RBAC API policies will be removed from Neutron. Please use method 'is_service_role' instead.
2026-06-09 18:20:21.509 9 INFO neutron.db.ovn_revision_numbers_db [None req-19c2968c-b7ad-4fd7-a73f-9bff0e944672 12d6b4724b3544a394bffaa3b9b84127 0945280c3b4d407f964bc60083d8a8ea - - default default] Successfully bumped revision number for resource 3cfb8f59-e52d-4e50-be07-8c68d596f384 (type: security_group_rules) to 0
2026-06-09 18:20:21.529 9 INFO neutron.wsgi [None req-19c2968c-b7ad-4fd7-a73f-9bff0e944672 12d6b4724b3544a394bffaa3b9b84127 0945280c3b4d407f964bc60083d8a8ea - - default default] 10.0.0.138 "POST /v2.0/security-group-rules HTTP/1.1" status: 201 len: 769 time: 0.1358008
2026-06-09 18:20:21.539 9 WARNING neutron_lib.context [None req-61a6cbae-1e68-4e74-b040-3f0c86ee4bf7 12d6b4724b3544a394bffaa3b9b84127 0945280c3b4d407f964bc60083d8a8ea - - default default] Method 'is_advsvc' is deprecated since 2023.2 release (neutron-lib 3.8.0) and will be removed once support for the old RBAC API policies will be removed from Neutron. Please use method 'is_service_role' instead.
2026-06-09 18:20:21.646 10 INFO neutron.wsgi [None req-9bef31a5-d9de-4281-a55a-4f895129b411 c208bc2e7cd24685936cbcb54518d479 7ff36d0d1f80468d916bb1c141236195 - - default default] 10.0.0.138 "PUT /v2.0/routers/a6e986b7-448e-4871-a2e6-b2bc584d0f89/remove_router_interface HTTP/1.1" status: 200 len: 503 time: 1.6844413
2026-06-09 18:20:21.949 9 WARNING neutron.scheduler.dhcp_agent_scheduler [None req-61a6cbae-1e68-4e74-b040-3f0c86ee4bf7 12d6b4724b3544a394bffaa3b9b84127 0945280c3b4d407f964bc60083d8a8ea - - default default] No more DHCP agents
2026-06-09 18:20:21.956 9 WARNING neutron.api.rpc.agentnotifiers.dhcp_rpc_agent_api [None req-61a6cbae-1e68-4e74-b040-3f0c86ee4bf7 12d6b4724b3544a394bffaa3b9b84127 0945280c3b4d407f964bc60083d8a8ea - - default default] Unable to schedule network 84b399a5-4a6f-41f5-aa88-eab5f3dde944: no agents available; will retry on subsequent port and subnet creation events.
2026-06-09 18:20:22.344 10 INFO neutron.wsgi [None req-27d29cad-ab0e-42c1-a027-841926dbb175 c208bc2e7cd24685936cbcb54518d479 7ff36d0d1f80468d916bb1c141236195 - - default default] 10.0.0.138 "PUT /v2.0/routers/e08f7613-689b-4ce0-b8aa-6790234a0375/remove_router_interface HTTP/1.1" status: 200 len: 503 time: 1.4705191 /var/lib/openstack/lib/python3.10/site-packages/pycadf/identifier.py:71: UserWarning: Invalid uuid: neutron. To ensure interoperability, identifiers should be a valid uuid. warnings.warn(('Invalid uuid: %s. To ensure interoperability, '
2026-06-09 18:20:22.466 9 INFO neutron.db.ovn_revision_numbers_db [None req-61a6cbae-1e68-4e74-b040-3f0c86ee4bf7 12d6b4724b3544a394bffaa3b9b84127 0945280c3b4d407f964bc60083d8a8ea - - default default] Successfully bumped revision number for resource 2ea191b5-90db-423d-bd3d-0dee8e003458 (type: floatingips) to 0
2026-06-09 18:20:22.487 9 INFO neutron.wsgi [None req-61a6cbae-1e68-4e74-b040-3f0c86ee4bf7 12d6b4724b3544a394bffaa3b9b84127 0945280c3b4d407f964bc60083d8a8ea - - default default] 10.0.0.138 "POST /v2.0/floatingips HTTP/1.1" status: 201 len: 751 time: 0.9533396
2026-06-09 18:20:22.811 9 INFO neutron.wsgi [None req-897edc75-3195-407d-bf1c-475349a196b8 c208bc2e7cd24685936cbcb54518d479 7ff36d0d1f80468d916bb1c141236195 - - default default] 10.0.0.138 "DELETE /v2.0/routers/a6e986b7-448e-4871-a2e6-b2bc584d0f89 HTTP/1.1" status: 204 len: 168 time: 1.1535857
2026-06-09 18:20:22.914 9 INFO neutron.wsgi [req-7666bb11-ebe8-4037-9ffe-951d30472034 req-c5c63b60-65be-48f2-946d-71dd947330af 12d6b4724b3544a394bffaa3b9b84127 0945280c3b4d407f964bc60083d8a8ea - - default default] 10.0.0.194 "GET /v2.0/security-groups?name=tempest-securitygroup--609844100&fields=id&tenant_id=0945280c3b4d407f964bc60083d8a8ea HTTP/1.1" status: 200 len: 267 time: 0.0440950
2026-06-09 18:20:23.046 9 INFO neutron.wsgi [req-7666bb11-ebe8-4037-9ffe-951d30472034 req-c8a2c297-845a-495e-b675-f7a7fa265b1f 12d6b4724b3544a394bffaa3b9b84127 0945280c3b4d407f964bc60083d8a8ea - - default default] 10.0.0.194 "GET /v2.0/networks?id=a12679ae-cea2-4be7-96c1-391e9c28ae98 HTTP/1.1" status: 200 len: 883 time: 0.1238341
2026-06-09 18:20:23.069 9 INFO neutron.wsgi [req-7666bb11-ebe8-4037-9ffe-951d30472034 req-b1dc8f75-3db4-4bd3-9c4b-6774faa33027 12d6b4724b3544a394bffaa3b9b84127 0945280c3b4d407f964bc60083d8a8ea - - default default] 10.0.0.194 "GET /v2.0/quotas/0945280c3b4d407f964bc60083d8a8ea HTTP/1.1" status: 200 len: 386 time: 0.0147495
2026-06-09 18:20:23.073 10 INFO neutron.wsgi [None req-387f0fdc-53f2-434d-99db-7e9df279256d c208bc2e7cd24685936cbcb54518d479 7ff36d0d1f80468d916bb1c141236195 - - default default] 10.0.0.138 "DELETE /v2.0/subnets/aed38b97-869e-41a9-b76b-c2a7a8f46f64 HTTP/1.1" status: 204 len: 168 time: 0.2580128
2026-06-09 18:20:23.173 9 INFO neutron.wsgi [req-7666bb11-ebe8-4037-9ffe-951d30472034 req-1fd26bc6-0c9b-484b-aeab-86b9750bad10 12d6b4724b3544a394bffaa3b9b84127 0945280c3b4d407f964bc60083d8a8ea - - default default] 10.0.0.194 "GET /v2.0/ports?tenant_id=0945280c3b4d407f964bc60083d8a8ea&fields=id HTTP/1.1" status: 200 len: 302 time: 0.0988903
2026-06-09 18:20:23.312 10 INFO neutron.wsgi [None req-975d90d6-77d9-4534-9dde-6025296834cc c208bc2e7cd24685936cbcb54518d479 7ff36d0d1f80468d916bb1c141236195 - - default default] 10.0.0.138 "DELETE /v2.0/routers/e08f7613-689b-4ce0-b8aa-6790234a0375 HTTP/1.1" status: 204 len: 168 time: 0.9613523
2026-06-09 18:20:23.498 9 INFO neutron.wsgi [None req-f80aa331-ce67-4b11-9ccf-b99958b7da83 c208bc2e7cd24685936cbcb54518d479 7ff36d0d1f80468d916bb1c141236195 - - default default] 10.0.0.138 "DELETE /v2.0/subnets/6b59141e-1d46-4ec3-9a62-fc7aeadcbdb6 HTTP/1.1" status: 204 len: 168 time: 0.1818352
2026-06-09 18:20:23.586 10 INFO neutron.wsgi [None req-1e3ae0eb-a417-41cd-8f9c-ad0c31e17e02 c208bc2e7cd24685936cbcb54518d479 7ff36d0d1f80468d916bb1c141236195 - - default default] 10.0.0.138 "DELETE /v2.0/networks/10d77054-6049-452e-9066-1241bb8e0d53 HTTP/1.1" status: 204 len: 168 time: 0.5013227
2026-06-09 18:20:23.600 9 INFO neutron.wsgi [req-7666bb11-ebe8-4037-9ffe-951d30472034 req-70279464-e54a-4e7b-876e-57730b4bebb7 b47c0b7c98b846df9890bab7498fd0aa ad6a4df0ef014444880e444ee34f74bf - - 2b4bb9ba05f143faa2b548f35197875c 2b4bb9ba05f143faa2b548f35197875c] 10.0.0.194 "GET /v2.0/extensions HTTP/1.1" status: 200 len: 16980 time: 0.0576532
2026-06-09 18:20:23.766 10 INFO neutron.wsgi [None req-da5b35b8-933a-4896-854a-0f778f697597 c208bc2e7cd24685936cbcb54518d479 7ff36d0d1f80468d916bb1c141236195 - - default default] 10.0.0.138 "GET /v2.0/security-groups?tenant_id=9aabaa2f46a3443191af9998455ee215&name=default HTTP/1.1" status: 200 len: 2992 time: 0.0335338
2026-06-09 18:20:23.834 9 INFO neutron.wsgi [req-7666bb11-ebe8-4037-9ffe-951d30472034 req-3f761bb5-2666-4c72-983d-4e712a29e61a b47c0b7c98b846df9890bab7498fd0aa ad6a4df0ef014444880e444ee34f74bf - - 2b4bb9ba05f143faa2b548f35197875c 2b4bb9ba05f143faa2b548f35197875c] 10.0.0.194 "GET /v2.0/networks/a12679ae-cea2-4be7-96c1-391e9c28ae98?fields=segments HTTP/1.1" status: 200 len: 212 time: 0.2254078
2026-06-09 18:20:23.932 9 INFO neutron.wsgi [req-7666bb11-ebe8-4037-9ffe-951d30472034 req-04fab89d-0d74-4238-a0a4-88dcde2ec7a7 b47c0b7c98b846df9890bab7498fd0aa ad6a4df0ef014444880e444ee34f74bf - - 2b4bb9ba05f143faa2b548f35197875c 2b4bb9ba05f143faa2b548f35197875c] 10.0.0.194 "GET /v2.0/networks/a12679ae-cea2-4be7-96c1-391e9c28ae98?fields=provider%3Aphysical_network&fields=provider%3Anetwork_type HTTP/1.1" status: 200 len: 277 time: 0.0901489
2026-06-09 18:20:24.005 9 INFO neutron.wsgi [req-efbed383-66a4-4244-a377-4d55ef0a0b68 req-86ec6390-a305-4ef6-bd62-7b2b15742e5f f6f51c6b1fb04b4fbcb5671e2deffb4a bc055fece0f64791a625e2ade5fef0a6 - - default default] 10.0.0.194 "GET /v2.0/security-groups?name=tempest-securitygroup--1806819146&fields=id&tenant_id=bc055fece0f64791a625e2ade5fef0a6 HTTP/1.1" status: 200 len: 267 time: 0.0566688
2026-06-09 18:20:24.011 10 INFO neutron.wsgi [None req-6e760ace-b53b-4921-a3da-2355309589c1 c208bc2e7cd24685936cbcb54518d479 7ff36d0d1f80468d916bb1c141236195 - - default default] 10.0.0.138 "DELETE /v2.0/security-groups/def5582c-6266-4793-82d6-4a866de26efd HTTP/1.1" status: 204 len: 168 time: 0.2399371
2026-06-09 18:20:24.064 10 INFO neutron.services.segments.plugin [-] Segment 6a0c830f-f033-41df-8cd2-c6c9115332b8 resource provider aggregate not found
2026-06-09 18:20:24.078 10 INFO neutron.services.segments.plugin [-] Segment 6a0c830f-f033-41df-8cd2-c6c9115332b8 resource provider not found; error: Placement Client Error (4xx): {"errors": [{"status": 404, "title": "Not Found", "detail": "The resource could not be found.\n\n No resource provider with uuid 6a0c830f-f033-41df-8cd2-c6c9115332b8 found for delete ", "request_id": "req-6dee67ff-355c-4100-91ea-77b1cc97f3ec"}]}
2026-06-09 18:20:24.084 10 INFO neutron.services.segments.plugin [-] Segment 6a0c830f-f033-41df-8cd2-c6c9115332b8 resource provider aggregate not found
2026-06-09 18:20:24.101 10 INFO neutron.services.segments.plugin [-] Segment 6a0c830f-f033-41df-8cd2-c6c9115332b8 resource provider not found; error: Placement Client Error (4xx): {"errors": [{"status": 404, "title": "Not Found", "detail": "The resource could not be found.\n\n No resource provider with uuid 6a0c830f-f033-41df-8cd2-c6c9115332b8 found for delete ", "request_id": "req-942fff44-369e-4020-a3d1-57ba8acf2195"}]}
2026-06-09 18:20:24.122 9 INFO neutron.wsgi [req-efbed383-66a4-4244-a377-4d55ef0a0b68 req-f8dc1ccf-2ba5-4b21-999c-3219bc348a61 f6f51c6b1fb04b4fbcb5671e2deffb4a bc055fece0f64791a625e2ade5fef0a6 - - default default] 10.0.0.194 "GET /v2.0/networks?id=5824c2b0-bdf3-452c-a80b-63fe5affe95d HTTP/1.1" status: 200 len: 878 time: 0.1119714
2026-06-09 18:20:24.144 9 INFO neutron.wsgi [req-efbed383-66a4-4244-a377-4d55ef0a0b68 req-f13e39ee-6baa-426c-a337-cccb44352146 f6f51c6b1fb04b4fbcb5671e2deffb4a bc055fece0f64791a625e2ade5fef0a6 - - default default] 10.0.0.194 "GET /v2.0/quotas/bc055fece0f64791a625e2ade5fef0a6 HTTP/1.1" status: 200 len: 386 time: 0.0148499
2026-06-09 18:20:24.274 9 INFO neutron.wsgi [req-e34b0d1c-4829-4667-b81d-a8fd8921c9f1 req-4be1adab-931d-4162-9579-bc9c51d982ee 12d6b4724b3544a394bffaa3b9b84127 0945280c3b4d407f964bc60083d8a8ea - - default default] 10.0.0.194 "GET /v2.0/ports?device_id=576de22d-671e-4517-aac7-c2e6a04d5eed HTTP/1.1" status: 200 len: 210 time: 0.0481870
2026-06-09 18:20:24.280 9 INFO neutron.wsgi [None req-7217e137-bacb-43a5-a05b-e321357c245c c208bc2e7cd24685936cbcb54518d479 7ff36d0d1f80468d916bb1c141236195 - - default default] 10.0.0.138 "DELETE /v2.0/networks/f758ea92-b1a5-4fd1-929f-6e5d20e3b27c HTTP/1.1" status: 204 len: 168 time: 0.7782044
2026-06-09 18:20:24.306 9 INFO neutron.wsgi [req-efbed383-66a4-4244-a377-4d55ef0a0b68 req-af6c2b0f-aaef-481a-b6f0-440bd5e6d0e7 f6f51c6b1fb04b4fbcb5671e2deffb4a bc055fece0f64791a625e2ade5fef0a6 - - default default] 10.0.0.194 "GET /v2.0/ports?tenant_id=bc055fece0f64791a625e2ade5fef0a6&fields=id HTTP/1.1" status: 200 len: 302 time: 0.1424055
2026-06-09 18:20:24.617 9 INFO neutron.wsgi [None req-fa2f4efc-e57d-452d-83b9-51739d9f8ac6 c208bc2e7cd24685936cbcb54518d479 7ff36d0d1f80468d916bb1c141236195 - - default default] 10.0.0.138 "GET /v2.0/security-groups?tenant_id=9fcb45b659db41cc93a2400a030cf048&name=default HTTP/1.1" status: 200 len: 2992 time: 0.0390530
2026-06-09 18:20:24.752 9 INFO neutron.services.segments.plugin [-] Segment cdb02861-e0b4-4303-9f3b-feb5ea27598d resource provider aggregate not found
2026-06-09 18:20:24.763 9 INFO neutron.services.segments.plugin [-] Segment cdb02861-e0b4-4303-9f3b-feb5ea27598d resource provider aggregate not found
2026-06-09 18:20:24.767 9 INFO neutron.services.segments.plugin [-] Segment cdb02861-e0b4-4303-9f3b-feb5ea27598d resource provider not found; error: Placement Client Error (4xx): {"errors": [{"status": 404, "title": "Not Found", "detail": "The resource could not be found.\n\n No resource provider with uuid cdb02861-e0b4-4303-9f3b-feb5ea27598d found for delete ", "request_id": "req-fe5f6e51-512b-4659-8c89-11a95f805f2f"}]}
2026-06-09 18:20:24.777 9 INFO neutron.services.segments.plugin [-] Segment cdb02861-e0b4-4303-9f3b-feb5ea27598d resource provider not found; error: Placement Client Error (4xx): {"errors": [{"status": 404, "title": "Not Found", "detail": "The resource could not be found.\n\n No resource provider with uuid cdb02861-e0b4-4303-9f3b-feb5ea27598d found for delete ", "request_id": "req-b8b07234-6096-457e-b813-6c306985bf29"}]}
2026-06-09 18:20:24.879 9 INFO neutron.wsgi [req-efbed383-66a4-4244-a377-4d55ef0a0b68 req-74ce3693-5efc-484b-9ce4-23d9ca157795 b47c0b7c98b846df9890bab7498fd0aa ad6a4df0ef014444880e444ee34f74bf - - 2b4bb9ba05f143faa2b548f35197875c 2b4bb9ba05f143faa2b548f35197875c] 10.0.0.194 "GET /v2.0/extensions HTTP/1.1" status: 200 len: 16980 time: 0.0587537
2026-06-09 18:20:24.956 9 INFO neutron.wsgi [req-efbed383-66a4-4244-a377-4d55ef0a0b68 req-5929eff1-63e5-4e06-8618-5db4d26c9812 b47c0b7c98b846df9890bab7498fd0aa ad6a4df0ef014444880e444ee34f74bf - - 2b4bb9ba05f143faa2b548f35197875c 2b4bb9ba05f143faa2b548f35197875c] 10.0.0.194 "GET /v2.0/networks/5824c2b0-bdf3-452c-a80b-63fe5affe95d?fields=segments HTTP/1.1" status: 200 len: 212 time: 0.0712285
2026-06-09 18:20:25.021 9 INFO neutron.wsgi [req-efbed383-66a4-4244-a377-4d55ef0a0b68 req-3cd88f57-7ae8-47dd-b7af-a3a1c3db5655 b47c0b7c98b846df9890bab7498fd0aa ad6a4df0ef014444880e444ee34f74bf - - 2b4bb9ba05f143faa2b548f35197875c 2b4bb9ba05f143faa2b548f35197875c] 10.0.0.194 "GET /v2.0/networks/5824c2b0-bdf3-452c-a80b-63fe5affe95d?fields=provider%3Aphysical_network&fields=provider%3Anetwork_type HTTP/1.1" status: 200 len: 277 time: 0.0551393
2026-06-09 18:20:25.032 10 INFO neutron.wsgi [None req-86c49acc-bee9-4628-b396-1ea9878498ba c208bc2e7cd24685936cbcb54518d479 7ff36d0d1f80468d916bb1c141236195 - - default default] 10.0.0.138 "DELETE /v2.0/security-groups/88f7efa6-1f73-42b4-82b7-f0cf94db4087 HTTP/1.1" status: 204 len: 168 time: 0.4060564
2026-06-09 18:20:25.425 9 INFO neutron.wsgi [req-6889efbb-6750-41c4-b363-bc485186d1d9 req-9cdaf4a9-6b0e-43b2-9cd3-1cccd6f50579 12d6b4724b3544a394bffaa3b9b84127 0945280c3b4d407f964bc60083d8a8ea - - default default] 10.0.0.194 "GET /v2.0/ports?device_id=576de22d-671e-4517-aac7-c2e6a04d5eed HTTP/1.1" status: 200 len: 210 time: 0.0406075
2026-06-09 18:20:25.435 9 INFO neutron.wsgi [req-e5c0f5f7-c375-4197-b324-74b79240f3b2 req-261e85f3-5bd8-4b9e-be57-51c8afa4741b f6f51c6b1fb04b4fbcb5671e2deffb4a bc055fece0f64791a625e2ade5fef0a6 - - default default] 10.0.0.194 "GET /v2.0/ports?device_id=5e0774c3-27e2-4258-b1ae-815fa77aee88 HTTP/1.1" status: 200 len: 210 time: 0.0349593
2026-06-09 18:20:25.457 10 WARNING neutron.plugins.ml2.drivers.ovn.mech_driver.ovsdb.ovn_client [None req-24070eea-561b-43c1-a7b8-522b40924b28 - - - - - -] No hosting information found for port dec60683-6b1f-4076-90b6-d21092eecce5: RuntimeError: No hosting information found for port dec60683-6b1f-4076-90b6-d21092eecce5
2026-06-09 18:20:25.457 10 INFO neutron.plugins.ml2.drivers.ovn.mech_driver.mech_driver [None req-24070eea-561b-43c1-a7b8-522b40924b28 - - - - - -] OVN reports status up for port: 545fbf7b-e62c-44cb-81bc-dab583446836
2026-06-09 18:20:26.050 10 INFO neutron.wsgi [req-7666bb11-ebe8-4037-9ffe-951d30472034 req-f5a028b5-04d9-430f-9f8b-981136a9ba65 12d6b4724b3544a394bffaa3b9b84127 0945280c3b4d407f964bc60083d8a8ea - - default default] 199.204.45.157 "GET /v2.0/networks?id=a12679ae-cea2-4be7-96c1-391e9c28ae98 HTTP/1.1" status: 200 len: 883 time: 0.1982806
2026-06-09 18:20:26.126 10 INFO neutron.wsgi [req-7666bb11-ebe8-4037-9ffe-951d30472034 req-b1877fc5-4165-433d-b479-18f17769b839 12d6b4724b3544a394bffaa3b9b84127 0945280c3b4d407f964bc60083d8a8ea - - default default] 199.204.45.157 "GET /v2.0/security-groups?fields=id&fields=name&tenant_id=0945280c3b4d407f964bc60083d8a8ea HTTP/1.1" status: 200 len: 379 time: 0.0492616
2026-06-09 18:20:26.135 10 WARNING neutron_lib.context [req-7666bb11-ebe8-4037-9ffe-951d30472034 req-603004f3-cf89-4e96-bf67-195030413a63 12d6b4724b3544a394bffaa3b9b84127 0945280c3b4d407f964bc60083d8a8ea - - default default] Method 'is_advsvc' is deprecated since 2023.2 release (neutron-lib 3.8.0) and will be removed once support for the old RBAC API policies will be removed from Neutron. Please use method 'is_service_role' instead.
2026-06-09 18:20:26.309 9 WARNING neutron.plugins.ml2.drivers.ovn.mech_driver.ovsdb.ovn_client [None req-0ac23db8-f893-4d1f-a7c3-6591ff039c01 - - - - - -] No hosting information found for port 21f0ca7a-adbf-4868-affd-260a06300534: RuntimeError: No hosting information found for port 21f0ca7a-adbf-4868-affd-260a06300534
2026-06-09 18:20:26.511 9 INFO neutron.wsgi [req-f0a33103-f67b-4223-9488-a57fe21bac06 req-7a0e8cd2-ebe8-4450-8ebd-b037b53f552c 12d6b4724b3544a394bffaa3b9b84127 0945280c3b4d407f964bc60083d8a8ea - - default default] 10.0.0.194 "GET /v2.0/ports?device_id=576de22d-671e-4517-aac7-c2e6a04d5eed HTTP/1.1" status: 200 len: 210 time: 0.0214434
2026-06-09 18:20:26.606 10 WARNING neutron.scheduler.dhcp_agent_scheduler [req-7666bb11-ebe8-4037-9ffe-951d30472034 req-603004f3-cf89-4e96-bf67-195030413a63 12d6b4724b3544a394bffaa3b9b84127 0945280c3b4d407f964bc60083d8a8ea - - default default] No more DHCP agents
2026-06-09 18:20:26.609 10 WARNING neutron.api.rpc.agentnotifiers.dhcp_rpc_agent_api [req-7666bb11-ebe8-4037-9ffe-951d30472034 req-603004f3-cf89-4e96-bf67-195030413a63 12d6b4724b3544a394bffaa3b9b84127 0945280c3b4d407f964bc60083d8a8ea - - default default] Unable to schedule network a12679ae-cea2-4be7-96c1-391e9c28ae98: no agents available; will retry on subsequent port and subnet creation events.
2026-06-09 18:20:26.646 9 INFO neutron.wsgi [req-88ae8194-e0cf-4365-ac91-acaf47aa08ff req-87665500-98e4-45b9-8ffa-89f65d1c54f3 f6f51c6b1fb04b4fbcb5671e2deffb4a bc055fece0f64791a625e2ade5fef0a6 - - default default] 10.0.0.194 "GET /v2.0/ports?device_id=5e0774c3-27e2-4258-b1ae-815fa77aee88 HTTP/1.1" status: 200 len: 210 time: 0.0662227
2026-06-09 18:20:26.707 9 INFO neutron.wsgi [req-efbed383-66a4-4244-a377-4d55ef0a0b68 req-fc2a0260-1fb7-4f9f-be66-855c7b4a0dc2 f6f51c6b1fb04b4fbcb5671e2deffb4a bc055fece0f64791a625e2ade5fef0a6 - - default default] 199.204.45.157 "GET /v2.0/networks?id=5824c2b0-bdf3-452c-a80b-63fe5affe95d HTTP/1.1" status: 200 len: 878 time: 0.1484106
2026-06-09 18:20:26.795 10 INFO neutron.db.ovn_revision_numbers_db [req-7666bb11-ebe8-4037-9ffe-951d30472034 req-603004f3-cf89-4e96-bf67-195030413a63 12d6b4724b3544a394bffaa3b9b84127 0945280c3b4d407f964bc60083d8a8ea - - default default] Successfully bumped revision number for resource 634b2784-35b8-4c2d-91ff-6c1aabebb603 (type: ports) to 1
2026-06-09 18:20:26.811 9 INFO neutron.wsgi [req-efbed383-66a4-4244-a377-4d55ef0a0b68 req-fec57054-bd04-43dd-87e1-75125a4171c6 f6f51c6b1fb04b4fbcb5671e2deffb4a bc055fece0f64791a625e2ade5fef0a6 - - default default] 199.204.45.157 "GET /v2.0/security-groups?fields=id&fields=name&tenant_id=bc055fece0f64791a625e2ade5fef0a6 HTTP/1.1" status: 200 len: 380 time: 0.0589070
