2026-06-09 18:22:12.336 9 INFO neutron.wsgi [req-527a637d-e658-480e-a133-f556597dd361 req-eadb8abb-d92b-47b3-8e86-02167e98f972 0e230a199ba244dba31dce4348020871 7dd9e289c1594f6f9e44f184a1f1c0ff - - default default] 10.0.0.194 "GET /v2.0/ports?device_id=26d0875c-49c3-4da7-aca4-9d3442aa6752 HTTP/1.1" status: 200 len: 1170 time: 0.0779660
2026-06-09 18:22:12.364 9 INFO neutron.db.ovn_revision_numbers_db [None req-67b62628-ace9-4462-9e2e-367104eb8d05 d6031f8367bf46e38b43814bbf964b23 cadc85745173416baf8981c0a1a721e3 - - default default] Successfully bumped revision number for resource 0940d5d3-fb6f-4966-9728-3cc9aaaae92b (type: networks) to 1
2026-06-09 18:22:12.380 9 INFO neutron.wsgi [req-16c49b55-8a17-4aff-a31f-0872d2502bf2 req-229c4833-e9ab-434f-b699-25002b74cb1e 0e230a199ba244dba31dce4348020871 7dd9e289c1594f6f9e44f184a1f1c0ff - - default default] 199.204.45.157 "DELETE /v2.0/ports/3b45f624-ce94-4c88-9891-236971b68c71 HTTP/1.1" status: 204 len: 173 time: 0.9238994
2026-06-09 18:22:12.406 10 WARNING neutron.scheduler.dhcp_agent_scheduler [None req-065e7de4-cc07-48b7-b1c8-cecd9b09645b 93d68d6f2c394253ba57a7a3a666e13c 348ee5c2d8e943258c32d7ab80f13233 - - default default] No more DHCP agents
2026-06-09 18:22:12.412 10 WARNING neutron.api.rpc.agentnotifiers.dhcp_rpc_agent_api [None req-065e7de4-cc07-48b7-b1c8-cecd9b09645b 93d68d6f2c394253ba57a7a3a666e13c 348ee5c2d8e943258c32d7ab80f13233 - - default default] Unable to schedule network 8c23a368-93e3-4d23-b912-42581a184b13: no agents available; will retry on subsequent port and subnet creation events.
2026-06-09 18:22:12.418 9 INFO neutron.wsgi [req-527a637d-e658-480e-a133-f556597dd361 req-4910a772-4622-417c-a9b4-58618a0de30a 0e230a199ba244dba31dce4348020871 7dd9e289c1594f6f9e44f184a1f1c0ff - - default default] 10.0.0.194 "GET /v2.0/security-groups?id=1c306ccc-a36d-4404-9d3b-51e0c5157615&fields=id&fields=name HTTP/1.1" status: 200 len: 312 time: 0.0771871
2026-06-09 18:22:12.428 9 INFO neutron.notifiers.nova [-] Nova event matching ['req-ed79fc55-41c7-429a-a438-9ec70fbf8733'] response: {'server_uuid': '26d0875c-49c3-4da7-aca4-9d3442aa6752', 'name': 'network-vif-deleted', 'tag': '3b45f624-ce94-4c88-9891-236971b68c71', 'status': 'completed', 'code': 200}
2026-06-09 18:22:12.550 9 WARNING neutron.scheduler.dhcp_agent_scheduler [None req-67b62628-ace9-4462-9e2e-367104eb8d05 d6031f8367bf46e38b43814bbf964b23 cadc85745173416baf8981c0a1a721e3 - - default default] No more DHCP agents
2026-06-09 18:22:12.557 9 WARNING neutron.api.rpc.agentnotifiers.dhcp_rpc_agent_api [None req-67b62628-ace9-4462-9e2e-367104eb8d05 d6031f8367bf46e38b43814bbf964b23 cadc85745173416baf8981c0a1a721e3 - - default default] Unable to schedule network 0940d5d3-fb6f-4966-9728-3cc9aaaae92b: no agents available; will retry on subsequent port and subnet creation events.
2026-06-09 18:22:12.615 10 INFO neutron.db.ovn_revision_numbers_db [None req-065e7de4-cc07-48b7-b1c8-cecd9b09645b 93d68d6f2c394253ba57a7a3a666e13c 348ee5c2d8e943258c32d7ab80f13233 - - default default] Successfully bumped revision number for resource c0eac5af-e2e3-4dfb-a7f4-b817943b940c (type: ports) to 1
2026-06-09 18:22:12.638 9 INFO neutron.db.ovn_revision_numbers_db [None req-67b62628-ace9-4462-9e2e-367104eb8d05 d6031f8367bf46e38b43814bbf964b23 cadc85745173416baf8981c0a1a721e3 - - default default] Successfully bumped revision number for resource ffc15c1e-c492-462e-b55b-c6c3c7b5f2fb (type: ports) to 1
2026-06-09 18:22:12.651 10 INFO neutron.wsgi [None req-065e7de4-cc07-48b7-b1c8-cecd9b09645b 93d68d6f2c394253ba57a7a3a666e13c 348ee5c2d8e943258c32d7ab80f13233 - - default default] 10.0.0.138 "POST /v2.0/ports HTTP/1.1" status: 201 len: 1162 time: 0.8066928
2026-06-09 18:22:12.659 9 INFO neutron.wsgi [None req-67b62628-ace9-4462-9e2e-367104eb8d05 d6031f8367bf46e38b43814bbf964b23 cadc85745173416baf8981c0a1a721e3 - - default default] 10.0.0.138 "POST /v2.0/networks HTTP/1.1" status: 201 len: 830 time: 0.6724453 /var/lib/openstack/lib/python3.10/site-packages/pycadf/identifier.py:71: UserWarning: Invalid uuid: neutron. To ensure interoperability, identifiers should be a valid uuid. warnings.warn(('Invalid uuid: %s. To ensure interoperability, '
2026-06-09 18:22:12.683 10 WARNING neutron_lib.context [None req-985efe92-c28c-4298-80ff-6eed71e56a69 d6031f8367bf46e38b43814bbf964b23 cadc85745173416baf8981c0a1a721e3 - - default default] Method 'is_advsvc' is deprecated since 2023.2 release (neutron-lib 3.8.0) and will be removed once support for the old RBAC API policies will be removed from Neutron. Please use method 'is_service_role' instead.
2026-06-09 18:22:12.776 10 INFO neutron.db.ovn_revision_numbers_db [None req-06c5582b-f891-4e26-aa7a-3d1094cbf506 a3f1ffb807704c699a93a79451b5b51d 768d586794154f77a1f12f934b672e66 - - default default] Successfully bumped revision number for resource a53dec71-1a6b-4847-9810-88fed64835fa (type: ports) to 2
2026-06-09 18:22:12.807 10 ERROR ovsdbapp.backend.ovs_idl.command [None req-24070eea-561b-43c1-a7b8-522b40924b28 - - - - - -] Error executing command (LspGetUpCommand): ovsdbapp.backend.ovs_idl.idlutils.RowNotFound: Cannot find Logical_Switch_Port with name=3b45f624-ce94-4c88-9891-236971b68c71
2026-06-09 18:22:12.807 10 ERROR ovsdbapp.backend.ovs_idl.command
Traceback (most recent call last):
2026-06-09 18:22:12.807 10 ERROR ovsdbapp.backend.ovs_idl.command
File "/var/lib/openstack/lib/python3.10/site-packages/ovsdbapp/backend/ovs_idl/command.py", line 47, in execute
2026-06-09 18:22:12.807 10 ERROR ovsdbapp.backend.ovs_idl.command self.run_idl(None)
2026-06-09 18:22:12.807 10 ERROR ovsdbapp.backend.ovs_idl.command
File "/var/lib/openstack/lib/python3.10/site-packages/ovsdbapp/schema/ovn_northbound/commands.py", line 672, in run_idl
2026-06-09 18:22:12.807 10 ERROR ovsdbapp.backend.ovs_idl.command lsp = self.api.lookup('Logical_Switch_Port', self.port)
2026-06-09 18:22:12.807 10 ERROR ovsdbapp.backend.ovs_idl.command
File "/var/lib/openstack/lib/python3.10/site-packages/ovsdbapp/backend/ovs_idl/__init__.py", line 184, in lookup
2026-06-09 18:22:12.807 10 ERROR ovsdbapp.backend.ovs_idl.command return self._lookup(table, record)
2026-06-09 18:22:12.807 10 ERROR ovsdbapp.backend.ovs_idl.command
File "/var/lib/openstack/lib/python3.10/site-packages/ovsdbapp/backend/ovs_idl/__init__.py", line 235, in _lookup
2026-06-09 18:22:12.807 10 ERROR ovsdbapp.backend.ovs_idl.command row = idlutils.row_by_value(self, rl.table, rl.column, record)
2026-06-09 18:22:12.807 10 ERROR ovsdbapp.backend.ovs_idl.command
File "/var/lib/openstack/lib/python3.10/site-packages/ovsdbapp/backend/ovs_idl/idlutils.py", line 114, in row_by_value
2026-06-09 18:22:12.807 10 ERROR ovsdbapp.backend.ovs_idl.command raise RowNotFound(table=table, col=column, match=match)
2026-06-09 18:22:12.807 10 ERROR ovsdbapp.backend.ovs_idl.command ovsdbapp.backend.ovs_idl.idlutils.RowNotFound: Cannot find Logical_Switch_Port with name=3b45f624-ce94-4c88-9891-236971b68c71
2026-06-09 18:22:12.807 10 ERROR ovsdbapp.backend.ovs_idl.command 
2026-06-09 18:22:12.808 10 ERROR ovsdbapp.event [None req-24070eea-561b-43c1-a7b8-522b40924b28 - - - - - -] Unexpected exception in notify_loop: ovsdbapp.backend.ovs_idl.idlutils.RowNotFound: Cannot find Logical_Switch_Port with name=3b45f624-ce94-4c88-9891-236971b68c71
2026-06-09 18:22:12.808 10 ERROR ovsdbapp.event
Traceback (most recent call last):
2026-06-09 18:22:12.808 10 ERROR ovsdbapp.event
File "/var/lib/openstack/lib/python3.10/site-packages/ovsdbapp/event.py", line 177, in notify_loop
2026-06-09 18:22:12.808 10 ERROR ovsdbapp.event match.run(event, row, updates)
2026-06-09 18:22:12.808 10 ERROR ovsdbapp.event
File "/var/lib/openstack/lib/python3.10/site-packages/neutron/plugins/ml2/drivers/ovn/mech_driver/ovsdb/ovsdb_monitor.py", line 543, in run
2026-06-09 18:22:12.808 10 ERROR ovsdbapp.event self.driver.set_port_status_down(row.name)
2026-06-09 18:22:12.808 10 ERROR ovsdbapp.event
File "/var/lib/openstack/lib/python3.10/site-packages/neutron/plugins/ml2/drivers/ovn/mech_driver/mech_driver.py", line 1241, in set_port_status_down
2026-06-09 18:22:12.808 10 ERROR ovsdbapp.event self._ovn_client.update_lsp_host_info(
2026-06-09 18:22:12.808 10 ERROR ovsdbapp.event
File "/var/lib/openstack/lib/python3.10/site-packages/neutron/plugins/ml2/drivers/ovn/mech_driver/ovsdb/ovn_client.py", line 297, in update_lsp_host_info
2026-06-09 18:22:12.808 10 ERROR ovsdbapp.event port_up = self._nb_idl.lsp_get_up(db_port.id).execute(
2026-06-09 18:22:12.808 10 ERROR ovsdbapp.event
File "/var/lib/openstack/lib/python3.10/site-packages/ovsdbapp/backend/ovs_idl/command.py", line 47, in execute
2026-06-09 18:22:12.808 10 ERROR ovsdbapp.event self.run_idl(None)
2026-06-09 18:22:12.808 10 ERROR ovsdbapp.event
File "/var/lib/openstack/lib/python3.10/site-packages/ovsdbapp/schema/ovn_northbound/commands.py", line 672, in run_idl
2026-06-09 18:22:12.808 10 ERROR ovsdbapp.event lsp = self.api.lookup('Logical_Switch_Port', self.port)
2026-06-09 18:22:12.808 10 ERROR ovsdbapp.event
File "/var/lib/openstack/lib/python3.10/site-packages/ovsdbapp/backend/ovs_idl/__init__.py", line 184, in lookup
2026-06-09 18:22:12.808 10 ERROR ovsdbapp.event return self._lookup(table, record)
2026-06-09 18:22:12.808 10 ERROR ovsdbapp.event
File "/var/lib/openstack/lib/python3.10/site-packages/ovsdbapp/backend/ovs_idl/__init__.py", line 235, in _lookup
2026-06-09 18:22:12.808 10 ERROR ovsdbapp.event row = idlutils.row_by_value(self, rl.table, rl.column, record)
2026-06-09 18:22:12.808 10 ERROR ovsdbapp.event
File "/var/lib/openstack/lib/python3.10/site-packages/ovsdbapp/backend/ovs_idl/idlutils.py", line 114, in row_by_value
2026-06-09 18:22:12.808 10 ERROR ovsdbapp.event raise RowNotFound(table=table, col=column, match=match)
2026-06-09 18:22:12.808 10 ERROR ovsdbapp.event ovsdbapp.backend.ovs_idl.idlutils.RowNotFound: Cannot find Logical_Switch_Port with name=3b45f624-ce94-4c88-9891-236971b68c71
2026-06-09 18:22:12.808 10 ERROR ovsdbapp.event 
2026-06-09 18:22:12.875 10 INFO neutron.notifiers.nova [-] Nova event matching ['req-94477a48-7fea-480b-bd21-73ca6f6e7215'] response: {'server_uuid': '26d0875c-49c3-4da7-aca4-9d3442aa6752', 'name': 'network-vif-plugged', 'status': 'completed', 'tag': '3b45f624-ce94-4c88-9891-236971b68c71', 'code': 200}
2026-06-09 18:22:12.886 10 INFO neutron.db.ovn_revision_numbers_db [None req-06c5582b-f891-4e26-aa7a-3d1094cbf506 a3f1ffb807704c699a93a79451b5b51d 768d586794154f77a1f12f934b672e66 - - default default] Successfully bumped revision number for resource a114bbfa-eecb-4224-8d10-100223efe045 (type: subnets) to 0
2026-06-09 18:22:12.924 10 INFO neutron.wsgi [None req-06c5582b-f891-4e26-aa7a-3d1094cbf506 a3f1ffb807704c699a93a79451b5b51d 768d586794154f77a1f12f934b672e66 - - default default] 10.0.0.138 "POST /v2.0/subnets HTTP/1.1" status: 201 len: 801 time: 1.3773510
2026-06-09 18:22:12.938 9 WARNING neutron_lib.context [None req-65bb2429-6bcc-4e7f-902f-c8ca97cff2fd a3f1ffb807704c699a93a79451b5b51d 768d586794154f77a1f12f934b672e66 - - default default] Method 'is_advsvc' is deprecated since 2023.2 release (neutron-lib 3.8.0) and will be removed once support for the old RBAC API policies will be removed from Neutron. Please use method 'is_service_role' instead.
2026-06-09 18:22:13.087 9 INFO neutron.db.ovn_revision_numbers_db [None req-65bb2429-6bcc-4e7f-902f-c8ca97cff2fd a3f1ffb807704c699a93a79451b5b51d 768d586794154f77a1f12f934b672e66 - - default default] Successfully bumped revision number for resource 08deb96a-46a7-4b25-9eeb-2b49edd27f08 (type: routers) to 1
2026-06-09 18:22:13.102 9 INFO neutron.wsgi [None req-65bb2429-6bcc-4e7f-902f-c8ca97cff2fd a3f1ffb807704c699a93a79451b5b51d 768d586794154f77a1f12f934b672e66 - - default default] 10.0.0.138 "POST /v2.0/routers HTTP/1.1" status: 201 len: 686 time: 0.1719611
2026-06-09 18:22:13.111 10 WARNING neutron.scheduler.dhcp_agent_scheduler [None req-985efe92-c28c-4298-80ff-6eed71e56a69 d6031f8367bf46e38b43814bbf964b23 cadc85745173416baf8981c0a1a721e3 - - default default] No more DHCP agents
2026-06-09 18:22:13.117 10 WARNING neutron.api.rpc.agentnotifiers.dhcp_rpc_agent_api [None req-985efe92-c28c-4298-80ff-6eed71e56a69 d6031f8367bf46e38b43814bbf964b23 cadc85745173416baf8981c0a1a721e3 - - default default] Unable to schedule network 0940d5d3-fb6f-4966-9728-3cc9aaaae92b: no agents available; will retry on subsequent port and subnet creation events.
2026-06-09 18:22:13.385 9 INFO neutron.plugins.ml2.drivers.ovn.mech_driver.mech_driver [None req-0ac23db8-f893-4d1f-a7c3-6591ff039c01 - - - - - -] OVN reports status up for port: c0eac5af-e2e3-4dfb-a7f4-b817943b940c
2026-06-09 18:22:13.398 9 INFO neutron.plugins.ml2.plugin [None req-0ac23db8-f893-4d1f-a7c3-6591ff039c01 - - - - - -] Attempt 1 to provision port c0eac5af-e2e3-4dfb-a7f4-b817943b940c
2026-06-09 18:22:13.406 10 INFO neutron.db.ovn_revision_numbers_db [None req-985efe92-c28c-4298-80ff-6eed71e56a69 d6031f8367bf46e38b43814bbf964b23 cadc85745173416baf8981c0a1a721e3 - - default default] Successfully bumped revision number for resource 6defb5bd-aca9-4476-b410-ce2b124f4fbb (type: ports) to 1
2026-06-09 18:22:13.421 10 INFO neutron.db.ovn_revision_numbers_db [None req-8919ece1-dc79-451c-887b-454ac5e417ea 93d68d6f2c394253ba57a7a3a666e13c 348ee5c2d8e943258c32d7ab80f13233 - - default default] Successfully bumped revision number for resource c0eac5af-e2e3-4dfb-a7f4-b817943b940c (type: router_ports) to 2
2026-06-09 18:22:13.432 10 INFO neutron.wsgi [None req-985efe92-c28c-4298-80ff-6eed71e56a69 d6031f8367bf46e38b43814bbf964b23 cadc85745173416baf8981c0a1a721e3 - - default default] 10.0.0.138 "POST /v2.0/ports HTTP/1.1" status: 201 len: 942 time: 0.7662284
2026-06-09 18:22:13.522 9 INFO neutron.wsgi [None req-1f30deb4-a5b6-4d08-b075-d47e1cbf52cd d6031f8367bf46e38b43814bbf964b23 cadc85745173416baf8981c0a1a721e3 - - default default] 10.0.0.138 "PUT /v2.0/ports/fba77c77-d202-408f-9d2c-2ba1141a26a4/tags HTTP/1.1" status: 200 len: 210 time: 0.0828972 /var/lib/openstack/lib/python3.10/site-packages/pycadf/identifier.py:71: UserWarning: Invalid uuid: neutron. To ensure interoperability, identifiers should be a valid uuid. warnings.warn(('Invalid uuid: %s. To ensure interoperability, '
2026-06-09 18:22:13.573 10 INFO neutron.db.ovn_revision_numbers_db [None req-8919ece1-dc79-451c-887b-454ac5e417ea 93d68d6f2c394253ba57a7a3a666e13c 348ee5c2d8e943258c32d7ab80f13233 - - default default] Successfully bumped revision number for resource c0eac5af-e2e3-4dfb-a7f4-b817943b940c (type: ports) to 2
2026-06-09 18:22:13.578 10 INFO neutron.wsgi [None req-9c064290-3e20-4e68-947c-f6d82db585c0 d6031f8367bf46e38b43814bbf964b23 cadc85745173416baf8981c0a1a721e3 - - default default] 10.0.0.138 "PUT /v2.0/ports/1050811e-0f1c-43a1-9a31-8147eb3c0554/tags HTTP/1.1" status: 200 len: 218 time: 0.0504158
2026-06-09 18:22:13.682 10 INFO neutron.wsgi [None req-5132418b-4894-4225-9af5-de8b30d53022 d6031f8367bf46e38b43814bbf964b23 cadc85745173416baf8981c0a1a721e3 - - default default] 10.0.0.138 "PUT /v2.0/ports/f4a34855-35c2-41c3-8a58-0d28629d66ba/tags HTTP/1.1" status: 200 len: 227 time: 0.0961294
2026-06-09 18:22:13.755 10 INFO neutron.wsgi [None req-3687eddc-bda0-4ba8-9ec4-f4b20bceff26 d6031f8367bf46e38b43814bbf964b23 cadc85745173416baf8981c0a1a721e3 - - default default] 10.0.0.138 "PUT /v2.0/ports/2723220b-dd39-40a1-a89e-c647432d65bb/tags HTTP/1.1" status: 200 len: 212 time: 0.0669539
2026-06-09 18:22:13.835 9 WARNING neutron.scheduler.dhcp_agent_scheduler [None req-802f8cd3-3e8e-45e0-9a0d-06f466ba73c2 a3f1ffb807704c699a93a79451b5b51d 768d586794154f77a1f12f934b672e66 - - default default] No more DHCP agents
2026-06-09 18:22:13.841 9 WARNING neutron.api.rpc.agentnotifiers.dhcp_rpc_agent_api [None req-802f8cd3-3e8e-45e0-9a0d-06f466ba73c2 a3f1ffb807704c699a93a79451b5b51d 768d586794154f77a1f12f934b672e66 - - default default] Unable to schedule network 71d06913-5af6-4caf-9afb-d2fd8c99f847: no agents available; will retry on subsequent port and subnet creation events.
2026-06-09 18:22:13.972 10 INFO neutron.wsgi [None req-97154080-6448-42e0-be36-c4bc45163942 d6031f8367bf46e38b43814bbf964b23 cadc85745173416baf8981c0a1a721e3 - - default default] 10.0.0.138 "GET /v2.0/ports?tags=red HTTP/1.1" status: 200 len: 2448 time: 0.2115955
2026-06-09 18:22:14.015 9 INFO neutron.wsgi [None req-364751ce-1e7f-416f-a0b0-bb3eef626dbe 0e230a199ba244dba31dce4348020871 7dd9e289c1594f6f9e44f184a1f1c0ff - - default default] 10.0.0.138 "DELETE /v2.0/security-groups/1c306ccc-a36d-4404-9d3b-51e0c5157615 HTTP/1.1" status: 204 len: 168 time: 0.5111780
2026-06-09 18:22:14.037 10 INFO neutron.api.v2.resource [None req-ce7f5ddc-1ba0-4793-b0ce-fff397c623a8 0e230a199ba244dba31dce4348020871 7dd9e289c1594f6f9e44f184a1f1c0ff - - default default] show failed (client error): The resource could not be found.
2026-06-09 18:22:14.038 10 INFO neutron.wsgi [None req-ce7f5ddc-1ba0-4793-b0ce-fff397c623a8 0e230a199ba244dba31dce4348020871 7dd9e289c1594f6f9e44f184a1f1c0ff - - default default] 10.0.0.138 "GET /v2.0/security-groups/1c306ccc-a36d-4404-9d3b-51e0c5157615 HTTP/1.1" status: 404 len: 347 time: 0.0159886
2026-06-09 18:22:14.155 9 INFO neutron.db.ovn_revision_numbers_db [None req-802f8cd3-3e8e-45e0-9a0d-06f466ba73c2 a3f1ffb807704c699a93a79451b5b51d 768d586794154f77a1f12f934b672e66 - - default default] Successfully bumped revision number for resource 30546f4a-e602-4d29-8ca9-d057cac8e5d7 (type: ports) to 1
2026-06-09 18:22:14.166 10 INFO neutron.db.ovn_revision_numbers_db [None req-8919ece1-dc79-451c-887b-454ac5e417ea 93d68d6f2c394253ba57a7a3a666e13c 348ee5c2d8e943258c32d7ab80f13233 - - default default] Successfully bumped revision number for resource c0eac5af-e2e3-4dfb-a7f4-b817943b940c (type: router_ports) to 3
2026-06-09 18:22:14.176 9 INFO neutron.db.ovn_revision_numbers_db [None req-0ac23db8-f893-4d1f-a7c3-6591ff039c01 - - - - - -] Successfully bumped revision number for resource c0eac5af-e2e3-4dfb-a7f4-b817943b940c (type: ports) to 3
2026-06-09 18:22:14.195 9 INFO neutron.wsgi [None req-8cbb9fc4-9037-4a5f-b59a-6626e986b88d d6031f8367bf46e38b43814bbf964b23 cadc85745173416baf8981c0a1a721e3 - - default default] 10.0.0.138 "GET /v2.0/ports?tags=red%2Cblue HTTP/1.1" status: 200 len: 1708 time: 0.2143202 /var/lib/openstack/lib/python3.10/site-packages/pycadf/identifier.py:71: UserWarning: Invalid uuid: neutron. To ensure interoperability, identifiers should be a valid uuid. warnings.warn(('Invalid uuid: %s. To ensure interoperability, '
2026-06-09 18:22:14.287 10 INFO neutron.wsgi [None req-54d45fa4-6c68-4c0d-b1fe-ac912b6ad224 d6031f8367bf46e38b43814bbf964b23 cadc85745173416baf8981c0a1a721e3 - - default default] 10.0.0.138 "GET /v2.0/ports?tags-any=blue HTTP/1.1" status: 200 len: 1708 time: 0.0871890 /var/lib/openstack/lib/python3.10/site-packages/pycadf/identifier.py:71: UserWarning: Invalid uuid: neutron. To ensure interoperability, identifiers should be a valid uuid. warnings.warn(('Invalid uuid: %s. To ensure interoperability, '
2026-06-09 18:22:14.348 10 INFO neutron.db.ovn_revision_numbers_db [None req-8919ece1-dc79-451c-887b-454ac5e417ea 93d68d6f2c394253ba57a7a3a666e13c 348ee5c2d8e943258c32d7ab80f13233 - - default default] Successfully bumped revision number for resource c0eac5af-e2e3-4dfb-a7f4-b817943b940c (type: ports) to 3
2026-06-09 18:22:14.405 9 INFO neutron.wsgi [None req-7fdc326a-ab37-4bd9-9d8b-73e41feccf36 d6031f8367bf46e38b43814bbf964b23 cadc85745173416baf8981c0a1a721e3 - - default default] 10.0.0.138 "GET /v2.0/ports?tags-any=red%2Cblue HTTP/1.1" status: 200 len: 2448 time: 0.1118751
2026-06-09 18:22:14.492 10 WARNING neutron.scheduler.dhcp_agent_scheduler [None req-8919ece1-dc79-451c-887b-454ac5e417ea 93d68d6f2c394253ba57a7a3a666e13c 348ee5c2d8e943258c32d7ab80f13233 - - default default] No more DHCP agents
2026-06-09 18:22:14.499 10 WARNING neutron.api.rpc.agentnotifiers.dhcp_rpc_agent_api [None req-8919ece1-dc79-451c-887b-454ac5e417ea 93d68d6f2c394253ba57a7a3a666e13c 348ee5c2d8e943258c32d7ab80f13233 - - default default] Unable to schedule network 8c23a368-93e3-4d23-b912-42581a184b13: no agents available; will retry on subsequent port and subnet creation events.
2026-06-09 18:22:14.589 9 INFO neutron.db.ovn_revision_numbers_db [None req-802f8cd3-3e8e-45e0-9a0d-06f466ba73c2 a3f1ffb807704c699a93a79451b5b51d 768d586794154f77a1f12f934b672e66 - - default default] Successfully bumped revision number for resource 30546f4a-e602-4d29-8ca9-d057cac8e5d7 (type: router_ports) to 1
2026-06-09 18:22:14.646 10 INFO neutron.wsgi [None req-a823f05d-c42e-4274-bb26-0bda88c8de3d d6031f8367bf46e38b43814bbf964b23 cadc85745173416baf8981c0a1a721e3 - - default default] 10.0.0.138 "GET /v2.0/ports?not-tags=red HTTP/1.1" status: 200 len: 5463 time: 0.2325416
2026-06-09 18:22:14.687 10 INFO neutron.wsgi [None req-88983f19-37eb-4648-829e-60ed7cac88d2 0e230a199ba244dba31dce4348020871 7dd9e289c1594f6f9e44f184a1f1c0ff - - default default] 10.0.0.138 "DELETE /v2.0/floatingips/5a46ff2d-49d7-46bd-9109-a4276b0fd595 HTTP/1.1" status: 204 len: 168 time: 0.6448150
2026-06-09 18:22:14.771 9 INFO neutron.db.ovn_revision_numbers_db [None req-802f8cd3-3e8e-45e0-9a0d-06f466ba73c2 a3f1ffb807704c699a93a79451b5b51d 768d586794154f77a1f12f934b672e66 - - default default] Successfully bumped revision number for resource 30546f4a-e602-4d29-8ca9-d057cac8e5d7 (type: ports) to 1
2026-06-09 18:22:14.842 9 WARNING neutron.scheduler.dhcp_agent_scheduler [None req-802f8cd3-3e8e-45e0-9a0d-06f466ba73c2 a3f1ffb807704c699a93a79451b5b51d 768d586794154f77a1f12f934b672e66 - - default default] No more DHCP agents
2026-06-09 18:22:14.844 9 WARNING neutron.api.rpc.agentnotifiers.dhcp_rpc_agent_api [None req-802f8cd3-3e8e-45e0-9a0d-06f466ba73c2 a3f1ffb807704c699a93a79451b5b51d 768d586794154f77a1f12f934b672e66 - - default default] Unable to schedule network 71d06913-5af6-4caf-9afb-d2fd8c99f847: no agents available; will retry on subsequent port and subnet creation events.
2026-06-09 18:22:14.958 10 INFO neutron.wsgi [None req-e1fb1929-2fdb-4109-8b51-d1d6df592504 d6031f8367bf46e38b43814bbf964b23 cadc85745173416baf8981c0a1a721e3 - - default default] 10.0.0.138 "GET /v2.0/ports?not-tags=red%2Cblue HTTP/1.1" status: 200 len: 6203 time: 0.3049290
2026-06-09 18:22:14.991 9 INFO neutron.db.ovn_revision_numbers_db [None req-802f8cd3-3e8e-45e0-9a0d-06f466ba73c2 a3f1ffb807704c699a93a79451b5b51d 768d586794154f77a1f12f934b672e66 - - default default] Successfully bumped revision number for resource 30546f4a-e602-4d29-8ca9-d057cac8e5d7 (type: router_ports) to 1
2026-06-09 18:22:14.993 9 INFO neutron.wsgi [None req-802f8cd3-3e8e-45e0-9a0d-06f466ba73c2 a3f1ffb807704c699a93a79451b5b51d 768d586794154f77a1f12f934b672e66 - - default default] 10.0.0.138 "PUT /v2.0/routers/08deb96a-46a7-4b25-9eeb-2b49edd27f08/add_router_interface HTTP/1.1" status: 200 len: 503 time: 1.8852530
2026-06-09 18:22:15.064 10 INFO neutron.wsgi [None req-a6031d83-9a0f-4f87-865a-a77b29774e56 d6031f8367bf46e38b43814bbf964b23 cadc85745173416baf8981c0a1a721e3 - - default default] 10.0.0.138 "GET /v2.0/ports?not-tags-any=blue HTTP/1.1" status: 200 len: 6203 time: 0.1011426
2026-06-09 18:22:15.065 9 INFO neutron.wsgi [None req-14b18e2a-c7dc-4534-9f4b-5c57f7ec6804 a3f1ffb807704c699a93a79451b5b51d 768d586794154f77a1f12f934b672e66 - - default default] 10.0.0.138 "GET /v2.0/ports/30546f4a-e602-4d29-8ca9-d057cac8e5d7 HTTP/1.1" status: 200 len: 1135 time: 0.0667994
2026-06-09 18:22:15.066 10 INFO neutron.db.ovn_revision_numbers_db [None req-8919ece1-dc79-451c-887b-454ac5e417ea 93d68d6f2c394253ba57a7a3a666e13c 348ee5c2d8e943258c32d7ab80f13233 - - default default] Successfully bumped revision number for resource c0eac5af-e2e3-4dfb-a7f4-b817943b940c (type: router_ports) to 3
2026-06-09 18:22:15.068 10 INFO neutron.wsgi [None req-8919ece1-dc79-451c-887b-454ac5e417ea 93d68d6f2c394253ba57a7a3a666e13c 348ee5c2d8e943258c32d7ab80f13233 - - default default] 10.0.0.138 "PUT /v2.0/routers/f657b772-fabd-484d-937d-d1460a8c4512/add_router_interface HTTP/1.1" status: 200 len: 503 time: 2.4097784
2026-06-09 18:22:15.113 10 INFO neutron.wsgi [None req-bc7e1051-6181-4392-9492-f7e5fd439abb a3f1ffb807704c699a93a79451b5b51d 768d586794154f77a1f12f934b672e66 - - default default] 10.0.0.138 "GET /v2.0/ports/30546f4a-e602-4d29-8ca9-d057cac8e5d7 HTTP/1.1" status: 200 len: 1135 time: 0.0435445
2026-06-09 18:22:15.136 9 INFO neutron.wsgi [None req-391bea6a-57b3-4f79-b745-88fd6f73a8a0 93d68d6f2c394253ba57a7a3a666e13c 348ee5c2d8e943258c32d7ab80f13233 - - default default] 10.0.0.138 "GET /v2.0/ports/c0eac5af-e2e3-4dfb-a7f4-b817943b940c HTTP/1.1" status: 200 len: 1220 time: 0.0610092
2026-06-09 18:22:15.217 9 INFO neutron.wsgi [None req-f3e4974a-665f-4337-93f7-857134a9d7de d6031f8367bf46e38b43814bbf964b23 cadc85745173416baf8981c0a1a721e3 - - default default] 10.0.0.138 "GET /v2.0/ports?not-tags-any=red%2Cblue HTTP/1.1" status: 200 len: 5463 time: 0.1474876
2026-06-09 18:22:15.468 9 INFO neutron.wsgi [None req-495c4416-d00a-496c-8389-0b47ab3bf6ba d6031f8367bf46e38b43814bbf964b23 cadc85745173416baf8981c0a1a721e3 - - default default] 10.0.0.138 "DELETE /v2.0/ports/fba77c77-d202-408f-9d2c-2ba1141a26a4 HTTP/1.1" status: 204 len: 168 time: 0.2454388
2026-06-09 18:22:15.735 9 INFO neutron.wsgi [None req-d1caf086-2eb1-4766-bce0-724ac2868412 d6031f8367bf46e38b43814bbf964b23 cadc85745173416baf8981c0a1a721e3 - - default default] 10.0.0.138 "DELETE /v2.0/ports/1050811e-0f1c-43a1-9a31-8147eb3c0554 HTTP/1.1" status: 204 len: 168 time: 0.2615335
2026-06-09 18:22:15.899 10 INFO neutron.wsgi [None req-867531f5-1460-4c10-b593-391c0a5bc147 93d68d6f2c394253ba57a7a3a666e13c 348ee5c2d8e943258c32d7ab80f13233 - - default default] 10.0.0.138 "PUT /v2.0/routers/f657b772-fabd-484d-937d-d1460a8c4512/remove_router_interface HTTP/1.1" status: 200 len: 503 time: 0.7573066 /var/lib/openstack/lib/python3.10/site-packages/pycadf/identifier.py:71: UserWarning: Invalid uuid: neutron. To ensure interoperability, identifiers should be a valid uuid. warnings.warn(('Invalid uuid: %s. To ensure interoperability, '
2026-06-09 18:22:15.971 10 INFO neutron.api.v2.resource [None req-93ef0c45-4e91-49c7-991f-808fae2818fa 93d68d6f2c394253ba57a7a3a666e13c 348ee5c2d8e943258c32d7ab80f13233 - - default default] remove_router_interface failed (client error): The resource could not be found.
2026-06-09 18:22:15.972 10 INFO neutron.wsgi [None req-93ef0c45-4e91-49c7-991f-808fae2818fa 93d68d6f2c394253ba57a7a3a666e13c 348ee5c2d8e943258c32d7ab80f13233 - - default default] 10.0.0.138 "PUT /v2.0/routers/f657b772-fabd-484d-937d-d1460a8c4512/remove_router_interface HTTP/1.1" status: 404 len: 398 time: 0.0671206
2026-06-09 18:22:15.991 9 INFO neutron.wsgi [None req-2cbae094-7457-4c96-82bf-d7053eaef193 d6031f8367bf46e38b43814bbf964b23 cadc85745173416baf8981c0a1a721e3 - - default default] 10.0.0.138 "DELETE /v2.0/ports/f4a34855-35c2-41c3-8a58-0d28629d66ba HTTP/1.1" status: 204 len: 168 time: 0.2511456
2026-06-09 18:22:16.003 9 INFO neutron.wsgi [None req-3aafb758-6ed1-4afa-aad4-c352fe897edc 93d68d6f2c394253ba57a7a3a666e13c 348ee5c2d8e943258c32d7ab80f13233 - - default default] 10.0.0.138 "GET /v2.0/ports?device_id=f657b772-fabd-484d-937d-d1460a8c4512 HTTP/1.1" status: 200 len: 205 time: 0.0263686
2026-06-09 18:22:16.175 9 INFO neutron.wsgi [None req-5eececff-52de-4df8-9af1-4667eac8e7c3 a3f1ffb807704c699a93a79451b5b51d 768d586794154f77a1f12f934b672e66 - - default default] 10.0.0.138 "GET /v2.0/ports/30546f4a-e602-4d29-8ca9-d057cac8e5d7 HTTP/1.1" status: 200 len: 1135 time: 0.0564048
2026-06-09 18:22:16.258 9 INFO neutron.wsgi [None req-2d37e3d7-61a3-41b5-8a15-bac7dfb974ed 93d68d6f2c394253ba57a7a3a666e13c 348ee5c2d8e943258c32d7ab80f13233 - - default default] 10.0.0.138 "DELETE /v2.0/routers/f657b772-fabd-484d-937d-d1460a8c4512 HTTP/1.1" status: 204 len: 168 time: 0.2515891
2026-06-09 18:22:16.485 10 INFO neutron.wsgi [None req-fa3e4a3b-e651-4edb-8237-240335587d24 c208bc2e7cd24685936cbcb54518d479 7ff36d0d1f80468d916bb1c141236195 - - default default] 10.0.0.138 "PUT /v2.0/routers/b7472041-960b-4841-b893-21189f1bf965/remove_router_interface HTTP/1.1" status: 200 len: 503 time: 1.7859104 /var/lib/openstack/lib/python3.10/site-packages/pycadf/identifier.py:71: UserWarning: Invalid uuid: neutron. To ensure interoperability, identifiers should be a valid uuid. warnings.warn(('Invalid uuid: %s. To ensure interoperability, '
2026-06-09 18:22:16.542 10 INFO neutron.wsgi [None req-ad6cfc4e-4ab4-4d19-875a-ebf5f5595978 d6031f8367bf46e38b43814bbf964b23 cadc85745173416baf8981c0a1a721e3 - - default default] 10.0.0.138 "DELETE /v2.0/ports/2723220b-dd39-40a1-a89e-c647432d65bb HTTP/1.1" status: 204 len: 168 time: 0.5421996
2026-06-09 18:22:16.658 9 INFO neutron.wsgi [None req-5dfee9a0-dda9-424f-8b49-752d8d6d53a3 93d68d6f2c394253ba57a7a3a666e13c 348ee5c2d8e943258c32d7ab80f13233 - - default default] 10.0.0.138 "DELETE /v2.0/subnets/aa3f6a60-8568-415c-b941-7c05953c8738 HTTP/1.1" status: 204 len: 168 time: 0.3965139
2026-06-09 18:22:16.967 10 INFO neutron.wsgi [None req-74de14f5-2cdb-463c-a989-e31bdfc2056b d6031f8367bf46e38b43814bbf964b23 cadc85745173416baf8981c0a1a721e3 - - default default] 10.0.0.138 "DELETE /v2.0/ports/6defb5bd-aca9-4476-b410-ce2b124f4fbb HTTP/1.1" status: 204 len: 168 time: 0.4208713
2026-06-09 18:22:17.194 10 INFO neutron.services.segments.plugin [-] Segment c84cfeea-1e69-43e1-adcd-5067e18f7e8f resource provider aggregate not found
2026-06-09 18:22:17.198 10 INFO neutron.services.segments.plugin [-] Segment c84cfeea-1e69-43e1-adcd-5067e18f7e8f resource provider aggregate not found
2026-06-09 18:22:17.222 10 INFO neutron.services.segments.plugin [-] Segment c84cfeea-1e69-43e1-adcd-5067e18f7e8f resource provider not found; error: Placement Client Error (4xx): {"errors": [{"status": 404, "title": "Not Found", "detail": "The resource could not be found.\n\n No resource provider with uuid c84cfeea-1e69-43e1-adcd-5067e18f7e8f found for delete ", "request_id": "req-5ca9ab9c-8031-4dd4-8bb3-dfebe1e36127"}]}
2026-06-09 18:22:17.228 10 INFO neutron.services.segments.plugin [-] Segment c84cfeea-1e69-43e1-adcd-5067e18f7e8f resource provider not found; error: Placement Client Error (4xx): {"errors": [{"status": 404, "title": "Not Found", "detail": "The resource could not be found.\n\n No resource provider with uuid c84cfeea-1e69-43e1-adcd-5067e18f7e8f found for delete ", "request_id": "req-4ff70dd6-d10a-4506-a4dd-86879f9e1e5a"}]}
2026-06-09 18:22:17.303 10 INFO neutron.wsgi [None req-8af69266-8c43-44e2-8eab-11916627bacd 93d68d6f2c394253ba57a7a3a666e13c 348ee5c2d8e943258c32d7ab80f13233 - - default default] 10.0.0.138 "DELETE /v2.0/networks/8c23a368-93e3-4d23-b912-42581a184b13 HTTP/1.1" status: 204 len: 168 time: 0.6389515
2026-06-09 18:22:17.314 9 WARNING neutron_lib.context [None req-d4513ffc-c09d-492e-b323-dace8b28ea71 93d68d6f2c394253ba57a7a3a666e13c 348ee5c2d8e943258c32d7ab80f13233 - - default default] Method 'is_advsvc' is deprecated since 2023.2 release (neutron-lib 3.8.0) and will be removed once support for the old RBAC API policies will be removed from Neutron. Please use method 'is_service_role' instead.
2026-06-09 18:22:17.318 10 INFO neutron.wsgi [None req-262a88cb-94bf-4a3a-a98a-e1b4fba1c275 a3f1ffb807704c699a93a79451b5b51d 768d586794154f77a1f12f934b672e66 - - default default] 10.0.0.138 "GET /v2.0/ports/30546f4a-e602-4d29-8ca9-d057cac8e5d7 HTTP/1.1" status: 200 len: 1135 time: 0.1342602
2026-06-09 18:22:17.325 9 INFO neutron.services.segments.plugin [-] Segment 35de7306-7fef-4291-ae6b-9d3d97e550c8 resource provider aggregate not found
2026-06-09 18:22:17.329 9 INFO neutron.services.segments.plugin [-] Segment 35de7306-7fef-4291-ae6b-9d3d97e550c8 resource provider aggregate not found
2026-06-09 18:22:17.346 9 INFO neutron.services.segments.plugin [-] Segment 35de7306-7fef-4291-ae6b-9d3d97e550c8 resource provider not found; error: Placement Client Error (4xx): {"errors": [{"status": 404, "title": "Not Found", "detail": "The resource could not be found.\n\n No resource provider with uuid 35de7306-7fef-4291-ae6b-9d3d97e550c8 found for delete ", "request_id": "req-df300373-6d9e-4bcf-95dc-1120ace77790"}]}
2026-06-09 18:22:17.348 9 INFO neutron.services.segments.plugin [-] Segment 35de7306-7fef-4291-ae6b-9d3d97e550c8 resource provider not found; error: Placement Client Error (4xx): {"errors": [{"status": 404, "title": "Not Found", "detail": "The resource could not be found.\n\n No resource provider with uuid 35de7306-7fef-4291-ae6b-9d3d97e550c8 found for delete ", "request_id": "req-29eb61fb-55a9-4dcc-a3c3-1a5c212b5136"}]}
2026-06-09 18:22:17.393 9 INFO neutron.wsgi [None req-94956a88-501d-4c04-8552-ddfb710079a7 d6031f8367bf46e38b43814bbf964b23 cadc85745173416baf8981c0a1a721e3 - - default default] 10.0.0.138 "DELETE /v2.0/networks/caa36e76-89c4-44d4-b9fb-84e39ef3ef9c HTTP/1.1" status: 204 len: 168 time: 0.4206514
2026-06-09 18:22:17.430 9 INFO neutron.db.segments_db [None req-d4513ffc-c09d-492e-b323-dace8b28ea71 93d68d6f2c394253ba57a7a3a666e13c 348ee5c2d8e943258c32d7ab80f13233 - - default default] Added segment 55a69e23-e466-4d63-b86c-f0f936a1f952 of type geneve for network 07cbdce3-7d4d-405c-9834-8db8dc38b22f
2026-06-09 18:22:17.640 9 INFO neutron.db.ovn_revision_numbers_db [None req-d4513ffc-c09d-492e-b323-dace8b28ea71 93d68d6f2c394253ba57a7a3a666e13c 348ee5c2d8e943258c32d7ab80f13233 - - default default] Successfully bumped revision number for resource 07cbdce3-7d4d-405c-9834-8db8dc38b22f (type: networks) to 1
2026-06-09 18:22:17.694 10 INFO neutron.wsgi [None req-3259c0a5-682e-4169-8b74-0690d7235c21 c208bc2e7cd24685936cbcb54518d479 7ff36d0d1f80468d916bb1c141236195 - - default default] 10.0.0.138 "DELETE /v2.0/routers/b7472041-960b-4841-b893-21189f1bf965 HTTP/1.1" status: 204 len: 168 time: 1.2031531
2026-06-09 18:22:17.845 9 WARNING neutron.scheduler.dhcp_agent_scheduler [None req-d4513ffc-c09d-492e-b323-dace8b28ea71 93d68d6f2c394253ba57a7a3a666e13c 348ee5c2d8e943258c32d7ab80f13233 - - default default] No more DHCP agents
2026-06-09 18:22:17.848 9 WARNING neutron.api.rpc.agentnotifiers.dhcp_rpc_agent_api [None req-d4513ffc-c09d-492e-b323-dace8b28ea71 93d68d6f2c394253ba57a7a3a666e13c 348ee5c2d8e943258c32d7ab80f13233 - - default default] Unable to schedule network 07cbdce3-7d4d-405c-9834-8db8dc38b22f: no agents available; will retry on subsequent port and subnet creation events.
2026-06-09 18:22:17.930 9 INFO neutron.db.ovn_revision_numbers_db [None req-d4513ffc-c09d-492e-b323-dace8b28ea71 93d68d6f2c394253ba57a7a3a666e13c 348ee5c2d8e943258c32d7ab80f13233 - - default default] Successfully bumped revision number for resource 3fa94694-24d4-413d-83d9-1a3613230d80 (type: ports) to 1
2026-06-09 18:22:17.952 9 INFO neutron.wsgi [None req-d4513ffc-c09d-492e-b323-dace8b28ea71 93d68d6f2c394253ba57a7a3a666e13c 348ee5c2d8e943258c32d7ab80f13233 - - default default] 10.0.0.138 "POST /v2.0/networks HTTP/1.1" status: 201 len: 833 time: 0.6420207
2026-06-09 18:22:17.961 9 WARNING neutron_lib.context [None req-b581daf4-f3e3-4bc0-a5a4-56400479f47d 93d68d6f2c394253ba57a7a3a666e13c 348ee5c2d8e943258c32d7ab80f13233 - - default default] Method 'is_advsvc' is deprecated since 2023.2 release (neutron-lib 3.8.0) and will be removed once support for the old RBAC API policies will be removed from Neutron. Please use method 'is_service_role' instead.
2026-06-09 18:22:18.135 10 INFO neutron.wsgi [None req-25a3d4e4-866a-4764-aea3-06cb49a72421 c208bc2e7cd24685936cbcb54518d479 7ff36d0d1f80468d916bb1c141236195 - - default default] 10.0.0.138 "DELETE /v2.0/subnets/c43843c1-5cf9-4f4d-b463-6b01f097e6e0 HTTP/1.1" status: 204 len: 168 time: 0.4341204
2026-06-09 18:22:18.140 10 INFO neutron.wsgi [None req-ad59358e-ae9d-43c7-9793-0cf9814cf116 d6031f8367bf46e38b43814bbf964b23 cadc85745173416baf8981c0a1a721e3 - - default default] 10.0.0.138 "DELETE /v2.0/networks/81395c90-2c62-4d94-9d9f-c4bffcc3bb24 HTTP/1.1" status: 204 len: 168 time: 0.7411702
2026-06-09 18:22:18.236 9 WARNING neutron.scheduler.dhcp_agent_scheduler [None req-b581daf4-f3e3-4bc0-a5a4-56400479f47d 93d68d6f2c394253ba57a7a3a666e13c 348ee5c2d8e943258c32d7ab80f13233 - - default default] No more DHCP agents
2026-06-09 18:22:18.245 9 WARNING neutron.api.rpc.agentnotifiers.dhcp_rpc_agent_api [None req-b581daf4-f3e3-4bc0-a5a4-56400479f47d 93d68d6f2c394253ba57a7a3a666e13c 348ee5c2d8e943258c32d7ab80f13233 - - default default] Unable to schedule network 07cbdce3-7d4d-405c-9834-8db8dc38b22f: no agents available; will retry on subsequent port and subnet creation events.
2026-06-09 18:22:18.305 9 INFO neutron.db.ovn_revision_numbers_db [None req-b581daf4-f3e3-4bc0-a5a4-56400479f47d 93d68d6f2c394253ba57a7a3a666e13c 348ee5c2d8e943258c32d7ab80f13233 - - default default] Successfully bumped revision number for resource 6ddaca08-148f-42d2-8a2c-6eec4fd1a1d3 (type: subnets) to 0
2026-06-09 18:22:18.323 9 INFO neutron.wsgi [None req-b581daf4-f3e3-4bc0-a5a4-56400479f47d 93d68d6f2c394253ba57a7a3a666e13c 348ee5c2d8e943258c32d7ab80f13233 - - default default] 10.0.0.138 "POST /v2.0/subnets HTTP/1.1" status: 201 len: 821 time: 0.3666759
2026-06-09 18:22:18.333 9 WARNING neutron_lib.context [None req-c69d9c49-21d7-4904-af83-e89a86218ab1 93d68d6f2c394253ba57a7a3a666e13c 348ee5c2d8e943258c32d7ab80f13233 - - default default] Method 'is_advsvc' is deprecated since 2023.2 release (neutron-lib 3.8.0) and will be removed once support for the old RBAC API policies will be removed from Neutron. Please use method 'is_service_role' instead.
2026-06-09 18:22:18.368 10 INFO neutron.wsgi [None req-e10e345e-07ff-47aa-9937-0b950425dd8d a3f1ffb807704c699a93a79451b5b51d 768d586794154f77a1f12f934b672e66 - - default default] 10.0.0.138 "GET /v2.0/ports/30546f4a-e602-4d29-8ca9-d057cac8e5d7 HTTP/1.1" status: 200 len: 1135 time: 0.0442526
2026-06-09 18:22:18.498 9 INFO neutron.db.ovn_revision_numbers_db [None req-c69d9c49-21d7-4904-af83-e89a86218ab1 93d68d6f2c394253ba57a7a3a666e13c 348ee5c2d8e943258c32d7ab80f13233 - - default default] Successfully bumped revision number for resource 35c9b810-080d-42d1-b0d4-136ee5da0c21 (type: routers) to 1
2026-06-09 18:22:18.517 10 INFO neutron.wsgi [None req-c2067c99-e2e5-48b6-adf3-2d6e94b5d098 d6031f8367bf46e38b43814bbf964b23 cadc85745173416baf8981c0a1a721e3 - - default default] 10.0.0.138 "DELETE /v2.0/networks/aebeb08b-a40e-4ae8-81b1-d4e06c729564 HTTP/1.1" status: 204 len: 168 time: 0.3727758
2026-06-09 18:22:18.523 9 INFO neutron.wsgi [None req-c69d9c49-21d7-4904-af83-e89a86218ab1 93d68d6f2c394253ba57a7a3a666e13c 348ee5c2d8e943258c32d7ab80f13233 - - default default] 10.0.0.138 "POST /v2.0/routers HTTP/1.1" status: 201 len: 690 time: 0.1952965
2026-06-09 18:22:18.717 9 INFO neutron.wsgi [None req-bfed093a-e01a-49bc-ac9a-8921ce6f3156 c208bc2e7cd24685936cbcb54518d479 7ff36d0d1f80468d916bb1c141236195 - - default default] 10.0.0.138 "DELETE /v2.0/networks/ed0b2da6-48f3-4b7f-b942-e480d70e58ad HTTP/1.1" status: 204 len: 168 time: 0.5765193
2026-06-09 18:22:18.931 10 INFO neutron.wsgi [None req-00e8ee7a-d322-411e-9687-02687f4cce99 d6031f8367bf46e38b43814bbf964b23 cadc85745173416baf8981c0a1a721e3 - - default default] 10.0.0.138 "DELETE /v2.0/networks/d72149a8-49c0-4099-9d67-e1981ffbfdad HTTP/1.1" status: 204 len: 168 time: 0.4073713
2026-06-09 18:22:18.965 9 INFO neutron.wsgi [None req-67109e63-80e6-4068-a8d4-3891346309c9 c208bc2e7cd24685936cbcb54518d479 7ff36d0d1f80468d916bb1c141236195 - - default default] 10.0.0.138 "GET /v2.0/security-groups?tenant_id=7dd9e289c1594f6f9e44f184a1f1c0ff&name=default HTTP/1.1" status: 200 len: 2996 time: 0.0838325
2026-06-09 18:22:19.037 9 WARNING neutron.scheduler.dhcp_agent_scheduler [None req-97f1a67f-c9a7-47ac-b270-5ab272bfc2d4 93d68d6f2c394253ba57a7a3a666e13c 348ee5c2d8e943258c32d7ab80f13233 - - default default] No more DHCP agents
2026-06-09 18:22:19.045 9 WARNING neutron.api.rpc.agentnotifiers.dhcp_rpc_agent_api [None req-97f1a67f-c9a7-47ac-b270-5ab272bfc2d4 93d68d6f2c394253ba57a7a3a666e13c 348ee5c2d8e943258c32d7ab80f13233 - - default default] Unable to schedule network 07cbdce3-7d4d-405c-9834-8db8dc38b22f: no agents available; will retry on subsequent port and subnet creation events.
2026-06-09 18:22:19.161 10 INFO neutron.wsgi [None req-55ac3c78-f64d-4ad1-89b7-ffb290549c00 c208bc2e7cd24685936cbcb54518d479 7ff36d0d1f80468d916bb1c141236195 - - default default] 10.0.0.138 "DELETE /v2.0/security-groups/c4c3cfb4-8f9e-43a1-8a32-80f538ac8fc1 HTTP/1.1" status: 204 len: 168 time: 0.1911757
2026-06-09 18:22:19.192 9 INFO neutron.db.ovn_revision_numbers_db [None req-97f1a67f-c9a7-47ac-b270-5ab272bfc2d4 93d68d6f2c394253ba57a7a3a666e13c 348ee5c2d8e943258c32d7ab80f13233 - - default default] Successfully bumped revision number for resource df43d2d0-1a20-4690-93cc-fc22767618cf (type: ports) to 1
2026-06-09 18:22:19.243 10 INFO neutron.services.segments.plugin [-] Segment 2b31ffd5-71e2-4419-82cd-9a2fd5f33e1b resource provider aggregate not found
2026-06-09 18:22:19.251 10 INFO neutron.services.segments.plugin [-] Segment 2b31ffd5-71e2-4419-82cd-9a2fd5f33e1b resource provider aggregate not found
2026-06-09 18:22:19.259 10 INFO neutron.services.segments.plugin [-] Segment 2b31ffd5-71e2-4419-82cd-9a2fd5f33e1b resource provider not found; error: Placement Client Error (4xx): {"errors": [{"status": 404, "title": "Not Found", "detail": "The resource could not be found.\n\n No resource provider with uuid 2b31ffd5-71e2-4419-82cd-9a2fd5f33e1b found for delete ", "request_id": "req-bb9bbe56-ab9f-4db8-8086-c233ae0f2091"}]}
2026-06-09 18:22:19.267 10 INFO neutron.services.segments.plugin [-] Segment 2b31ffd5-71e2-4419-82cd-9a2fd5f33e1b resource provider not found; error: Placement Client Error (4xx): {"errors": [{"status": 404, "title": "Not Found", "detail": "The resource could not be found.\n\n No resource provider with uuid 2b31ffd5-71e2-4419-82cd-9a2fd5f33e1b found for delete ", "request_id": "req-42c1a1e8-185f-45b1-895f-2c67cf786721"}]}
2026-06-09 18:22:19.272 10 INFO neutron.services.segments.plugin [-] Segment 70f228fa-358d-4ab2-bc51-d4fb61343694 resource provider aggregate not found
2026-06-09 18:22:19.286 10 INFO neutron.services.segments.plugin [-] Segment 70f228fa-358d-4ab2-bc51-d4fb61343694 resource provider not found; error: Placement Client Error (4xx): {"errors": [{"status": 404, "title": "Not Found", "detail": "The resource could not be found.\n\n No resource provider with uuid 70f228fa-358d-4ab2-bc51-d4fb61343694 found for delete ", "request_id": "req-f8bcf720-6d7d-4794-8766-4baf35fd7a2a"}]}
2026-06-09 18:22:19.292 10 INFO neutron.services.segments.plugin [-] Segment 70f228fa-358d-4ab2-bc51-d4fb61343694 resource provider aggregate not found
2026-06-09 18:22:19.312 10 INFO neutron.services.segments.plugin [-] Segment 113d1d72-d0f0-4fb9-a6cd-0e5f61425de7 resource provider aggregate not found
2026-06-09 18:22:19.318 10 INFO neutron.services.segments.plugin [-] Segment 70f228fa-358d-4ab2-bc51-d4fb61343694 resource provider not found; error: Placement Client Error (4xx): {"errors": [{"status": 404, "title": "Not Found", "detail": "The resource could not be found.\n\n No resource provider with uuid 70f228fa-358d-4ab2-bc51-d4fb61343694 found for delete ", "request_id": "req-b0153466-b21f-41a3-b9f7-942b9cf43c0d"}]}
2026-06-09 18:22:19.332 10 INFO neutron.services.segments.plugin [-] Segment 113d1d72-d0f0-4fb9-a6cd-0e5f61425de7 resource provider not found; error: Placement Client Error (4xx): {"errors": [{"status": 404, "title": "Not Found", "detail": "The resource could not be found.\n\n No resource provider with uuid 113d1d72-d0f0-4fb9-a6cd-0e5f61425de7 found for delete ", "request_id": "req-5ce83f9f-cb9d-4463-905f-401688166590"}]}
2026-06-09 18:22:19.342 10 INFO neutron.services.segments.plugin [-] Segment 113d1d72-d0f0-4fb9-a6cd-0e5f61425de7 resource provider aggregate not found
2026-06-09 18:22:19.362 10 INFO neutron.services.segments.plugin [-] Segment 113d1d72-d0f0-4fb9-a6cd-0e5f61425de7 resource provider not found; error: Placement Client Error (4xx): {"errors": [{"status": 404, "title": "Not Found", "detail": "The resource could not be found.\n\n No resource provider with uuid 113d1d72-d0f0-4fb9-a6cd-0e5f61425de7 found for delete ", "request_id": "req-084f47af-0cef-4604-b60c-803e00bc130c"}]}
2026-06-09 18:22:19.369 9 INFO neutron.services.segments.plugin [-] Segment 9cc498f1-9a80-459b-a1ee-31f0318eafc4 resource provider aggregate not found
2026-06-09 18:22:19.380 9 INFO neutron.services.segments.plugin [-] Segment 9cc498f1-9a80-459b-a1ee-31f0318eafc4 resource provider aggregate not found
2026-06-09 18:22:19.385 9 INFO neutron.services.segments.plugin [-] Segment 9cc498f1-9a80-459b-a1ee-31f0318eafc4 resource provider not found; error: Placement Client Error (4xx): {"errors": [{"status": 404, "title": "Not Found", "detail": "The resource could not be found.\n\n No resource provider with uuid 9cc498f1-9a80-459b-a1ee-31f0318eafc4 found for delete ", "request_id": "req-703d647c-18c4-4a3d-be5f-8127b0bddbb9"}]}
2026-06-09 18:22:19.409 10 INFO neutron.wsgi [None req-72cbb558-4ef9-43df-a313-522f2116c81a a3f1ffb807704c699a93a79451b5b51d 768d586794154f77a1f12f934b672e66 - - default default] 10.0.0.138 "GET /v2.0/ports/30546f4a-e602-4d29-8ca9-d057cac8e5d7 HTTP/1.1" status: 200 len: 1135 time: 0.0336127
2026-06-09 18:22:19.417 9 INFO neutron.services.segments.plugin [-] Segment 9cc498f1-9a80-459b-a1ee-31f0318eafc4 resource provider not found; error: Placement Client Error (4xx): {"errors": [{"status": 404, "title": "Not Found", "detail": "The resource could not be found.\n\n No resource provider with uuid 9cc498f1-9a80-459b-a1ee-31f0318eafc4 found for delete ", "request_id": "req-42f0e745-60c9-4189-b4a3-9ecb316a67bf"}]}
2026-06-09 18:22:19.511 9 INFO neutron.wsgi [None req-8a6d4ceb-b145-4f36-a7a1-78bb855c11c3 d6031f8367bf46e38b43814bbf964b23 cadc85745173416baf8981c0a1a721e3 - - default default] 10.0.0.138 "DELETE /v2.0/networks/0940d5d3-fb6f-4966-9728-3cc9aaaae92b HTTP/1.1" status: 204 len: 168 time: 0.5730786
2026-06-09 18:22:19.621 10 INFO neutron.plugins.ml2.drivers.ovn.mech_driver.mech_driver [None req-24070eea-561b-43c1-a7b8-522b40924b28 - - - - - -] OVN reports status up for port: df43d2d0-1a20-4690-93cc-fc22767618cf
2026-06-09 18:22:19.633 10 INFO neutron.plugins.ml2.plugin [None req-24070eea-561b-43c1-a7b8-522b40924b28 - - - - - -] Attempt 1 to provision port df43d2d0-1a20-4690-93cc-fc22767618cf
2026-06-09 18:22:19.651 9 INFO neutron.db.ovn_revision_numbers_db [None req-97f1a67f-c9a7-47ac-b270-5ab272bfc2d4 93d68d6f2c394253ba57a7a3a666e13c 348ee5c2d8e943258c32d7ab80f13233 - - default default] Successfully bumped revision number for resource df43d2d0-1a20-4690-93cc-fc22767618cf (type: router_ports) to 1
2026-06-09 18:22:19.788 9 INFO neutron.db.ovn_revision_numbers_db [None req-97f1a67f-c9a7-47ac-b270-5ab272bfc2d4 93d68d6f2c394253ba57a7a3a666e13c 348ee5c2d8e943258c32d7ab80f13233 - - default default] Successfully bumped revision number for resource df43d2d0-1a20-4690-93cc-fc22767618cf (type: ports) to 1
2026-06-09 18:22:19.838 9 WARNING neutron.plugins.ml2.drivers.ovn.mech_driver.ovsdb.ovn_client [None req-0ac23db8-f893-4d1f-a7c3-6591ff039c01 - - - - - -] No port found with ID c0eac5af-e2e3-4dfb-a7f4-b817943b940c: RuntimeError: No port found with ID c0eac5af-e2e3-4dfb-a7f4-b817943b940c
2026-06-09 18:22:19.839 9 INFO neutron.plugins.ml2.drivers.ovn.mech_driver.mech_driver [None req-0ac23db8-f893-4d1f-a7c3-6591ff039c01 - - - - - -] OVN reports status up for port: 30546f4a-e602-4d29-8ca9-d057cac8e5d7
2026-06-09 18:22:19.848 9 INFO neutron.plugins.ml2.plugin [None req-0ac23db8-f893-4d1f-a7c3-6591ff039c01 - - - - - -] Attempt 1 to provision port 30546f4a-e602-4d29-8ca9-d057cac8e5d7
2026-06-09 18:22:19.876 9 WARNING neutron.scheduler.dhcp_agent_scheduler [None req-97f1a67f-c9a7-47ac-b270-5ab272bfc2d4 93d68d6f2c394253ba57a7a3a666e13c 348ee5c2d8e943258c32d7ab80f13233 - - default default] No more DHCP agents
2026-06-09 18:22:19.877 9 WARNING neutron.api.rpc.agentnotifiers.dhcp_rpc_agent_api [None req-97f1a67f-c9a7-47ac-b270-5ab272bfc2d4 93d68d6f2c394253ba57a7a3a666e13c 348ee5c2d8e943258c32d7ab80f13233 - - default default] Unable to schedule network 07cbdce3-7d4d-405c-9834-8db8dc38b22f: no agents available; will retry on subsequent port and subnet creation events.
2026-06-09 18:22:19.935 10 INFO neutron.db.ovn_revision_numbers_db [None req-24070eea-561b-43c1-a7b8-522b40924b28 - - - - - -] Successfully bumped revision number for resource df43d2d0-1a20-4690-93cc-fc22767618cf (type: ports) to 2
2026-06-09 18:22:20.003 10 INFO neutron.db.ovn_revision_numbers_db [None req-24070eea-561b-43c1-a7b8-522b40924b28 - - - - - -] Successfully bumped revision number for resource df43d2d0-1a20-4690-93cc-fc22767618cf (type: router_ports) to 2
2026-06-09 18:22:20.041 9 INFO neutron.db.ovn_revision_numbers_db [None req-97f1a67f-c9a7-47ac-b270-5ab272bfc2d4 93d68d6f2c394253ba57a7a3a666e13c 348ee5c2d8e943258c32d7ab80f13233 - - default default] Successfully bumped revision number for resource df43d2d0-1a20-4690-93cc-fc22767618cf (type: router_ports) to 2
2026-06-09 18:22:20.043 9 INFO neutron.wsgi [None req-97f1a67f-c9a7-47ac-b270-5ab272bfc2d4 93d68d6f2c394253ba57a7a3a666e13c 348ee5c2d8e943258c32d7ab80f13233 - - default default] 10.0.0.138 "PUT /v2.0/routers/35c9b810-080d-42d1-b0d4-136ee5da0c21/add_router_interface HTTP/1.1" status: 200 len: 503 time: 1.5140901
2026-06-09 18:22:20.137 10 INFO neutron.wsgi [None req-a3f63260-e248-440f-8443-a624da7f1bc8 93d68d6f2c394253ba57a7a3a666e13c 348ee5c2d8e943258c32d7ab80f13233 - - default default] 10.0.0.138 "GET /v2.0/ports/df43d2d0-1a20-4690-93cc-fc22767618cf HTTP/1.1" status: 200 len: 1141 time: 0.0876811
2026-06-09 18:22:20.175 9 INFO neutron.db.ovn_revision_numbers_db [None req-0ac23db8-f893-4d1f-a7c3-6591ff039c01 - - - - - -] Successfully bumped revision number for resource 30546f4a-e602-4d29-8ca9-d057cac8e5d7 (type: ports) to 2
