2026-06-09 18:24:23.899 9 INFO neutron.db.ovn_revision_numbers_db [None req-28b4bbd5-1d12-4b08-b322-8f31886bfb2a 4c238c82c5a34200a1a090aab845d665 c298670b704640589b761197cc7273c2 - - default default] Successfully bumped revision number for resource 7b7680f9-d97f-4e06-8bb0-1cddf8c22fa9 (type: ports) to 1
2026-06-09 18:24:23.918 9 INFO neutron.wsgi [None req-28b4bbd5-1d12-4b08-b322-8f31886bfb2a 4c238c82c5a34200a1a090aab845d665 c298670b704640589b761197cc7273c2 - - default default] 10.0.0.138 "POST /v2.0/networks HTTP/1.1" status: 201 len: 929 time: 0.5365791
2026-06-09 18:24:24.040 9 WARNING neutron.scheduler.dhcp_agent_scheduler [None req-584ed25f-659a-441e-a22f-610adccd7b7a 4c238c82c5a34200a1a090aab845d665 c298670b704640589b761197cc7273c2 - - default default] No more DHCP agents
2026-06-09 18:24:24.041 9 WARNING neutron.api.rpc.agentnotifiers.dhcp_rpc_agent_api [None req-584ed25f-659a-441e-a22f-610adccd7b7a 4c238c82c5a34200a1a090aab845d665 c298670b704640589b761197cc7273c2 - - default default] Unable to schedule network 9be1824a-65a3-420d-9d0c-52bea8494661: no agents available; will retry on subsequent port and subnet creation events.
2026-06-09 18:24:24.527 9 INFO neutron.db.ovn_revision_numbers_db [None req-584ed25f-659a-441e-a22f-610adccd7b7a 4c238c82c5a34200a1a090aab845d665 c298670b704640589b761197cc7273c2 - - default default] Successfully bumped revision number for resource 7b7680f9-d97f-4e06-8bb0-1cddf8c22fa9 (type: ports) to 2
2026-06-09 18:24:24.566 9 INFO neutron.db.ovn_revision_numbers_db [None req-584ed25f-659a-441e-a22f-610adccd7b7a 4c238c82c5a34200a1a090aab845d665 c298670b704640589b761197cc7273c2 - - default default] Successfully bumped revision number for resource ce543508-6a99-43aa-9c74-8a1a65323692 (type: subnets) to 0
2026-06-09 18:24:24.583 9 INFO neutron.wsgi [None req-584ed25f-659a-441e-a22f-610adccd7b7a 4c238c82c5a34200a1a090aab845d665 c298670b704640589b761197cc7273c2 - - default default] 10.0.0.138 "POST /v2.0/subnets HTTP/1.1" status: 201 len: 822 time: 0.6604097
2026-06-09 18:24:24.596 9 WARNING neutron.api.v2.base [None req-1964655c-8303-4cfb-887e-eda944adc50c 4c238c82c5a34200a1a090aab845d665 c298670b704640589b761197cc7273c2 - - default default] An exception happened while processing the request body. The exception message is [Invalid input for target_tenant. Reason: '1234123412341234123412341234123412341234123412341234123412341234123412341234123412341234123412341234123412341234123412341234123412341234123412341234123412341234123412341234123412341234123412341234123412341234123412341234123412341234123412341234123412341234123412341234123412341234123412341234123412341234123412341234123412341234123412341234123412341234123412341234123412341234123412341234123412341234' exceeds maximum length of 255.].: webob.exc.HTTPBadRequest: Invalid input for target_tenant. Reason: '1234123412341234123412341234123412341234123412341234123412341234123412341234123412341234123412341234123412341234123412341234123412341234123412341234123412341234123412341234123412341234123412341234123412341234123412341234123412341234123412341234123412341234123412341234123412341234123412341234123412341234123412341234123412341234123412341234123412341234123412341234123412341234123412341234123412341234' exceeds maximum length of 255.
2026-06-09 18:24:24.597 9 INFO neutron.api.v2.resource [None req-1964655c-8303-4cfb-887e-eda944adc50c 4c238c82c5a34200a1a090aab845d665 c298670b704640589b761197cc7273c2 - - default default] create failed (client error): Invalid input for target_tenant. Reason: '1234123412341234123412341234123412341234123412341234123412341234123412341234123412341234123412341234123412341234123412341234123412341234123412341234123412341234123412341234123412341234123412341234123412341234123412341234123412341234123412341234123412341234123412341234123412341234123412341234123412341234123412341234123412341234123412341234123412341234123412341234123412341234123412341234123412341234' exceeds maximum length of 255.
2026-06-09 18:24:24.598 9 INFO neutron.wsgi [None req-1964655c-8303-4cfb-887e-eda944adc50c 4c238c82c5a34200a1a090aab845d665 c298670b704640589b761197cc7273c2 - - default default] 10.0.0.138 "POST /v2.0/rbac-policies HTTP/1.1" status: 400 len: 750 time: 0.0092068
2026-06-09 18:24:25.136 9 INFO neutron.services.segments.plugin [-] Segment 7a35aa3c-3b50-4ec1-95e5-7e0aa643c5bc resource provider aggregate not found
2026-06-09 18:24:25.141 9 INFO neutron.services.segments.plugin [-] Segment 7a35aa3c-3b50-4ec1-95e5-7e0aa643c5bc resource provider aggregate not found
2026-06-09 18:24:25.151 9 INFO neutron.services.segments.plugin [-] Segment 7a35aa3c-3b50-4ec1-95e5-7e0aa643c5bc resource provider not found; error: Placement Client Error (4xx): {"errors": [{"status": 404, "title": "Not Found", "detail": "The resource could not be found.\n\n No resource provider with uuid 7a35aa3c-3b50-4ec1-95e5-7e0aa643c5bc found for delete ", "request_id": "req-838b2931-a956-4f1c-9c47-0cd5f30fb006"}]}
2026-06-09 18:24:25.156 9 INFO neutron.services.segments.plugin [-] Segment 7a35aa3c-3b50-4ec1-95e5-7e0aa643c5bc resource provider not found; error: Placement Client Error (4xx): {"errors": [{"status": 404, "title": "Not Found", "detail": "The resource could not be found.\n\n No resource provider with uuid 7a35aa3c-3b50-4ec1-95e5-7e0aa643c5bc found for delete ", "request_id": "req-a264228d-6081-4d93-8d1b-a910442a8320"}]}
2026-06-09 18:24:25.180 9 INFO neutron.wsgi [None req-a0a25ae6-45b7-4cc0-8318-3d396dd0dc32 4c238c82c5a34200a1a090aab845d665 c298670b704640589b761197cc7273c2 - - default default] 10.0.0.138 "DELETE /v2.0/networks/9be1824a-65a3-420d-9d0c-52bea8494661 HTTP/1.1" status: 204 len: 168 time: 0.5783575
2026-06-09 18:24:25.270 10 INFO neutron.db.segments_db [None req-48151cae-2d45-4299-beb4-3ae418e7daa5 4c238c82c5a34200a1a090aab845d665 c298670b704640589b761197cc7273c2 - - default default] Added segment 1eaae445-c844-42a9-b354-2ece6dd90099 of type geneve for network 0ac4e892-b14b-4f9b-bfcf-96e9511ca927
2026-06-09 18:24:25.414 10 INFO neutron.db.ovn_revision_numbers_db [None req-48151cae-2d45-4299-beb4-3ae418e7daa5 4c238c82c5a34200a1a090aab845d665 c298670b704640589b761197cc7273c2 - - default default] Successfully bumped revision number for resource 0ac4e892-b14b-4f9b-bfcf-96e9511ca927 (type: networks) to 1
2026-06-09 18:24:25.601 10 WARNING neutron.scheduler.dhcp_agent_scheduler [None req-48151cae-2d45-4299-beb4-3ae418e7daa5 4c238c82c5a34200a1a090aab845d665 c298670b704640589b761197cc7273c2 - - default default] No more DHCP agents
2026-06-09 18:24:25.608 10 WARNING neutron.api.rpc.agentnotifiers.dhcp_rpc_agent_api [None req-48151cae-2d45-4299-beb4-3ae418e7daa5 4c238c82c5a34200a1a090aab845d665 c298670b704640589b761197cc7273c2 - - default default] Unable to schedule network 0ac4e892-b14b-4f9b-bfcf-96e9511ca927: no agents available; will retry on subsequent port and subnet creation events.
2026-06-09 18:24:25.625 9 INFO neutron.wsgi [None req-9c0da05b-6ac4-45b8-a93c-cfc0980f4a5e 045e39fd5807426bbad46e0e9d4117d8 b669394a391a47c1abb9bef1f03635fd - - default default] 10.0.0.138 "POST /v2.0/qos/policies HTTP/1.1" status: 201 len: 558 time: 0.2426682
2026-06-09 18:24:25.681 9 INFO neutron.wsgi [None req-276c4082-39f0-4dfd-b58e-3f3fbf234da8 045e39fd5807426bbad46e0e9d4117d8 b669394a391a47c1abb9bef1f03635fd - - default default] 10.0.0.138 "POST /v2.0/qos/policies HTTP/1.1" status: 201 len: 558 time: 0.0474107
2026-06-09 18:24:25.715 10 INFO neutron.db.ovn_revision_numbers_db [None req-48151cae-2d45-4299-beb4-3ae418e7daa5 4c238c82c5a34200a1a090aab845d665 c298670b704640589b761197cc7273c2 - - default default] Successfully bumped revision number for resource 001cdf21-5689-4671-bf21-f955b722261d (type: ports) to 1
2026-06-09 18:24:25.734 9 INFO neutron.wsgi [None req-abafa24d-0745-4da6-b104-b092773bac2f 045e39fd5807426bbad46e0e9d4117d8 b669394a391a47c1abb9bef1f03635fd - - default default] 10.0.0.138 "POST /v2.0/qos/policies HTTP/1.1" status: 201 len: 558 time: 0.0460410
2026-06-09 18:24:25.743 10 INFO neutron.wsgi [None req-48151cae-2d45-4299-beb4-3ae418e7daa5 4c238c82c5a34200a1a090aab845d665 c298670b704640589b761197cc7273c2 - - default default] 10.0.0.138 "POST /v2.0/networks HTTP/1.1" status: 201 len: 928 time: 0.5560417
2026-06-09 18:24:25.792 10 INFO neutron.wsgi [None req-3c37fad9-d080-4144-aa25-ecfc92bb1b9b 045e39fd5807426bbad46e0e9d4117d8 b669394a391a47c1abb9bef1f03635fd - - default default] 10.0.0.138 "POST /v2.0/qos/policies HTTP/1.1" status: 201 len: 558 time: 0.0525291
2026-06-09 18:24:25.847 10 INFO neutron.wsgi [None req-eadf86eb-d8a7-4033-a8b9-e5c77f7daa11 045e39fd5807426bbad46e0e9d4117d8 b669394a391a47c1abb9bef1f03635fd - - default default] 10.0.0.138 "POST /v2.0/qos/policies HTTP/1.1" status: 201 len: 558 time: 0.0479031
2026-06-09 18:24:25.886 9 INFO neutron.wsgi [None req-53c0ef9c-d2af-4a56-9ec3-e79be15a8e38 045e39fd5807426bbad46e0e9d4117d8 b669394a391a47c1abb9bef1f03635fd - - default default] 10.0.0.138 "PUT /v2.0/policies/087d2515-31b5-4a9d-b072-7e9388d3ddca/tags HTTP/1.1" status: 200 len: 210 time: 0.0332911
2026-06-09 18:24:25.893 9 WARNING neutron.scheduler.dhcp_agent_scheduler [None req-58fdeeb6-1f9b-4344-bc9f-a87bccd2e1c9 4c238c82c5a34200a1a090aab845d665 c298670b704640589b761197cc7273c2 - - default default] No more DHCP agents
2026-06-09 18:24:25.895 9 WARNING neutron.api.rpc.agentnotifiers.dhcp_rpc_agent_api [None req-58fdeeb6-1f9b-4344-bc9f-a87bccd2e1c9 4c238c82c5a34200a1a090aab845d665 c298670b704640589b761197cc7273c2 - - default default] Unable to schedule network 0ac4e892-b14b-4f9b-bfcf-96e9511ca927: no agents available; will retry on subsequent port and subnet creation events.
2026-06-09 18:24:25.927 10 INFO neutron.wsgi [None req-4d2b7046-cb19-414b-8a21-a1770925cb4c 045e39fd5807426bbad46e0e9d4117d8 b669394a391a47c1abb9bef1f03635fd - - default default] 10.0.0.138 "PUT /v2.0/policies/a3924232-326a-4729-885d-35507ea6e5f6/tags HTTP/1.1" status: 200 len: 218 time: 0.0328653
2026-06-09 18:24:25.979 10 INFO neutron.wsgi [None req-41f17ad7-a0af-4e83-ae12-cd71897d41fa 045e39fd5807426bbad46e0e9d4117d8 b669394a391a47c1abb9bef1f03635fd - - default default] 10.0.0.138 "PUT /v2.0/policies/46e3e02c-563d-4734-bf24-8c83edcfdc39/tags HTTP/1.1" status: 200 len: 227 time: 0.0431139
2026-06-09 18:24:26.010 10 INFO neutron.wsgi [None req-8b97c07c-7a96-4ac5-9a4f-99498d9757c2 045e39fd5807426bbad46e0e9d4117d8 b669394a391a47c1abb9bef1f03635fd - - default default] 10.0.0.138 "PUT /v2.0/policies/da1fafa3-aefa-4dee-b710-6ed18039605b/tags HTTP/1.1" status: 200 len: 212 time: 0.0252974
2026-06-09 18:24:26.410 9 INFO neutron.db.ovn_revision_numbers_db [None req-58fdeeb6-1f9b-4344-bc9f-a87bccd2e1c9 4c238c82c5a34200a1a090aab845d665 c298670b704640589b761197cc7273c2 - - default default] Successfully bumped revision number for resource 001cdf21-5689-4671-bf21-f955b722261d (type: ports) to 2
2026-06-09 18:24:26.446 9 INFO neutron.db.ovn_revision_numbers_db [None req-58fdeeb6-1f9b-4344-bc9f-a87bccd2e1c9 4c238c82c5a34200a1a090aab845d665 c298670b704640589b761197cc7273c2 - - default default] Successfully bumped revision number for resource 8494e336-9812-4458-9606-a5a743a07609 (type: subnets) to 0
2026-06-09 18:24:26.460 9 INFO neutron.wsgi [None req-58fdeeb6-1f9b-4344-bc9f-a87bccd2e1c9 4c238c82c5a34200a1a090aab845d665 c298670b704640589b761197cc7273c2 - - default default] 10.0.0.138 "POST /v2.0/subnets HTTP/1.1" status: 201 len: 822 time: 0.7118914
2026-06-09 18:24:26.480 10 INFO neutron.wsgi [None req-5978e292-a30a-4f25-b7ce-b8e691ee9940 5acfb58b0eca4d8889ed8d97a31fa7c1 c8d5275187184a08af8831b80155a0e1 - - default default] 10.0.0.138 "GET /v2.0/qos/policies?tags=red HTTP/1.1" status: 200 len: 1296 time: 0.1182225
2026-06-09 18:24:26.545 10 INFO neutron.wsgi [None req-0b64134c-4d8e-41f1-b334-230ff8762dfc 5acfb58b0eca4d8889ed8d97a31fa7c1 c8d5275187184a08af8831b80155a0e1 - - default default] 10.0.0.138 "GET /v2.0/qos/policies?tags=red%2Cblue HTTP/1.1" status: 200 len: 941 time: 0.0602996
2026-06-09 18:24:26.606 10 INFO neutron.wsgi [None req-0b99d3ae-663d-4795-a1be-b9764a16a712 5acfb58b0eca4d8889ed8d97a31fa7c1 c8d5275187184a08af8831b80155a0e1 - - default default] 10.0.0.138 "GET /v2.0/qos/policies?tags-any=blue HTTP/1.1" status: 200 len: 941 time: 0.0556972
2026-06-09 18:24:26.712 10 INFO neutron.wsgi [None req-6770f141-3ed1-43ec-a91c-11ebbe706e16 5acfb58b0eca4d8889ed8d97a31fa7c1 c8d5275187184a08af8831b80155a0e1 - - default default] 10.0.0.138 "GET /v2.0/qos/policies?tags-any=red%2Cblue HTTP/1.1" status: 200 len: 1296 time: 0.1003563
2026-06-09 18:24:26.777 10 INFO neutron.wsgi [None req-f4c3ae3b-f5c6-4f14-a707-ffe9d27ae4b2 5acfb58b0eca4d8889ed8d97a31fa7c1 c8d5275187184a08af8831b80155a0e1 - - default default] 10.0.0.138 "GET /v2.0/qos/policies?not-tags=red HTTP/1.1" status: 200 len: 913 time: 0.0578430
2026-06-09 18:24:26.867 10 INFO neutron.wsgi [None req-c70028c4-6b13-432f-9ec8-1ecbff1ff518 5acfb58b0eca4d8889ed8d97a31fa7c1 c8d5275187184a08af8831b80155a0e1 - - default default] 10.0.0.138 "GET /v2.0/qos/policies?not-tags=red%2Cblue HTTP/1.1" status: 200 len: 1268 time: 0.0835376
2026-06-09 18:24:27.015 9 INFO neutron.wsgi [None req-357162b8-2d48-4b76-8b5f-8f3b1ba96f94 5acfb58b0eca4d8889ed8d97a31fa7c1 c8d5275187184a08af8831b80155a0e1 - - default default] 10.0.0.138 "GET /v2.0/qos/policies?not-tags-any=blue HTTP/1.1" status: 200 len: 1268 time: 0.1428306
2026-06-09 18:24:27.051 9 INFO neutron.wsgi [None req-36fc7468-ccc6-4ddc-bb97-35495ee29366 4c238c82c5a34200a1a090aab845d665 c298670b704640589b761197cc7273c2 - - default default] 10.0.0.138 "POST /v2.0/rbac-policies HTTP/1.1" status: 201 len: 523 time: 0.5851195
2026-06-09 18:24:27.079 10 INFO neutron.wsgi [None req-a3d5032a-b179-4116-a5f5-16e824f2b8a1 5acfb58b0eca4d8889ed8d97a31fa7c1 c8d5275187184a08af8831b80155a0e1 - - default default] 10.0.0.138 "GET /v2.0/qos/policies?not-tags-any=red%2Cblue HTTP/1.1" status: 200 len: 913 time: 0.0592892
2026-06-09 18:24:27.136 9 INFO neutron.wsgi [None req-3a6fe5cc-a6a4-495b-8639-9107c947b395 045e39fd5807426bbad46e0e9d4117d8 b669394a391a47c1abb9bef1f03635fd - - default default] 10.0.0.138 "DELETE /v2.0/qos/policies/087d2515-31b5-4a9d-b072-7e9388d3ddca HTTP/1.1" status: 204 len: 168 time: 0.0522375
2026-06-09 18:24:27.196 9 INFO neutron.wsgi [None req-eeeba4d0-7a60-44c2-be3f-3e8e3f78f99a 045e39fd5807426bbad46e0e9d4117d8 b669394a391a47c1abb9bef1f03635fd - - default default] 10.0.0.138 "DELETE /v2.0/qos/policies/a3924232-326a-4729-885d-35507ea6e5f6 HTTP/1.1" status: 204 len: 168 time: 0.0536230
2026-06-09 18:24:27.250 9 INFO neutron.wsgi [None req-115e3432-cd94-4d5b-8b19-aa904a97c150 045e39fd5807426bbad46e0e9d4117d8 b669394a391a47c1abb9bef1f03635fd - - default default] 10.0.0.138 "DELETE /v2.0/qos/policies/46e3e02c-563d-4734-bf24-8c83edcfdc39 HTTP/1.1" status: 204 len: 168 time: 0.0467172
2026-06-09 18:24:27.315 9 INFO neutron.wsgi [None req-98f4d88e-ab93-4149-813c-588ea46b709e 045e39fd5807426bbad46e0e9d4117d8 b669394a391a47c1abb9bef1f03635fd - - default default] 10.0.0.138 "DELETE /v2.0/qos/policies/da1fafa3-aefa-4dee-b710-6ed18039605b HTTP/1.1" status: 204 len: 168 time: 0.0595412
2026-06-09 18:24:27.369 9 INFO neutron.wsgi [None req-9fb0cab0-2124-4a1a-83ac-7bd33831f7c7 045e39fd5807426bbad46e0e9d4117d8 b669394a391a47c1abb9bef1f03635fd - - default default] 10.0.0.138 "DELETE /v2.0/qos/policies/5810d6af-d742-4e05-aa2f-96eebcd61d8a HTTP/1.1" status: 204 len: 168 time: 0.0476842
2026-06-09 18:24:27.546 9 INFO neutron.wsgi [None req-79660760-c126-414e-8ea3-7924db836eca c98d2c80cef843549b1b5976d8c06449 23f9eb79620c41c9a1d01afa99382406 - - default default] 10.0.0.138 "GET /v2.0/networks/0ac4e892-b14b-4f9b-bfcf-96e9511ca927 HTTP/1.1" status: 200 len: 848 time: 0.1126931
2026-06-09 18:24:28.121 9 INFO neutron.pecan_wsgi.hooks.translation [None req-5703fba6-7b09-4cc6-ba9b-8d0fb052b0ef 88c72ad0b33a4f649caae1a1b644ce53 886fcac91a494dafbef7b6d03c4cef9c - - default default] GET failed (client error): The resource could not be found.
2026-06-09 18:24:28.124 9 INFO neutron.wsgi [None req-5703fba6-7b09-4cc6-ba9b-8d0fb052b0ef 88c72ad0b33a4f649caae1a1b644ce53 886fcac91a494dafbef7b6d03c4cef9c - - default default] 10.0.0.138 "GET /v2.0/networks/0ac4e892-b14b-4f9b-bfcf-96e9511ca927 HTTP/1.1" status: 404 len: 339 time: 0.2242725
2026-06-09 18:24:28.423 10 INFO neutron.db.ovn_revision_numbers_db [None req-f8dc5328-ba1c-4e1a-87c3-d21775ef9b94 c208bc2e7cd24685936cbcb54518d479 7ff36d0d1f80468d916bb1c141236195 - - default default] Successfully bumped revision number for resource 88407eb7-f8d0-4eed-bda5-a8a8dfffb13f (type: security_groups) to 1
2026-06-09 18:24:28.445 10 INFO neutron.db.ovn_revision_numbers_db [None req-f8dc5328-ba1c-4e1a-87c3-d21775ef9b94 c208bc2e7cd24685936cbcb54518d479 7ff36d0d1f80468d916bb1c141236195 - - default default] Successfully bumped revision number for resource 4c136f17-f153-4722-ae2c-5ba887a35ea1 (type: security_group_rules) to 0
2026-06-09 18:24:28.461 10 INFO neutron.db.ovn_revision_numbers_db [None req-f8dc5328-ba1c-4e1a-87c3-d21775ef9b94 c208bc2e7cd24685936cbcb54518d479 7ff36d0d1f80468d916bb1c141236195 - - default default] Successfully bumped revision number for resource 530aaf9d-d3ee-4e06-bf62-b87008143f3f (type: security_group_rules) to 0
2026-06-09 18:24:28.477 10 INFO neutron.db.ovn_revision_numbers_db [None req-f8dc5328-ba1c-4e1a-87c3-d21775ef9b94 c208bc2e7cd24685936cbcb54518d479 7ff36d0d1f80468d916bb1c141236195 - - default default] Successfully bumped revision number for resource 5fd1d3ea-304e-446f-bb86-56e4af9ff72b (type: security_group_rules) to 0
2026-06-09 18:24:28.493 10 INFO neutron.db.ovn_revision_numbers_db [None req-f8dc5328-ba1c-4e1a-87c3-d21775ef9b94 c208bc2e7cd24685936cbcb54518d479 7ff36d0d1f80468d916bb1c141236195 - - default default] Successfully bumped revision number for resource eddee7b3-3d33-4695-a218-979310b5f408 (type: security_group_rules) to 0
2026-06-09 18:24:28.522 10 INFO neutron.wsgi [None req-f8dc5328-ba1c-4e1a-87c3-d21775ef9b94 c208bc2e7cd24685936cbcb54518d479 7ff36d0d1f80468d916bb1c141236195 - - default default] 10.0.0.138 "GET /v2.0/security-groups?tenant_id=18344eb91c444015b3524eadc35efbf3&name=default HTTP/1.1" status: 200 len: 2996 time: 0.2827656
2026-06-09 18:24:28.586 9 INFO neutron.services.segments.plugin [-] Segment 1eaae445-c844-42a9-b354-2ece6dd90099 resource provider aggregate not found
2026-06-09 18:24:28.592 9 INFO neutron.services.segments.plugin [-] Segment 1eaae445-c844-42a9-b354-2ece6dd90099 resource provider aggregate not found
2026-06-09 18:24:28.605 9 INFO neutron.services.segments.plugin [-] Segment 1eaae445-c844-42a9-b354-2ece6dd90099 resource provider not found; error: Placement Client Error (4xx): {"errors": [{"status": 404, "title": "Not Found", "detail": "The resource could not be found.\n\n No resource provider with uuid 1eaae445-c844-42a9-b354-2ece6dd90099 found for delete ", "request_id": "req-95a821c5-aea1-4949-8072-4aaf4547a85d"}]}
2026-06-09 18:24:28.611 9 INFO neutron.services.segments.plugin [-] Segment 1eaae445-c844-42a9-b354-2ece6dd90099 resource provider not found; error: Placement Client Error (4xx): {"errors": [{"status": 404, "title": "Not Found", "detail": "The resource could not be found.\n\n No resource provider with uuid 1eaae445-c844-42a9-b354-2ece6dd90099 found for delete ", "request_id": "req-c833d6d8-3455-4472-935c-a8097bd6ad2f"}]}
2026-06-09 18:24:28.629 9 INFO neutron.wsgi [None req-a18f366f-518e-49b0-ac38-9ca29b98846d 4c238c82c5a34200a1a090aab845d665 c298670b704640589b761197cc7273c2 - - default default] 10.0.0.138 "DELETE /v2.0/networks/0ac4e892-b14b-4f9b-bfcf-96e9511ca927 HTTP/1.1" status: 204 len: 168 time: 0.5005071
2026-06-09 18:24:28.656 9 INFO neutron.pecan_wsgi.hooks.translation [None req-7f69d1a6-bfdd-4099-905d-eff8807adebc 4c238c82c5a34200a1a090aab845d665 c298670b704640589b761197cc7273c2 - - default default] DELETE failed (client error): The resource could not be found.
2026-06-09 18:24:28.658 9 INFO neutron.wsgi [None req-7f69d1a6-bfdd-4099-905d-eff8807adebc 4c238c82c5a34200a1a090aab845d665 c298670b704640589b761197cc7273c2 - - default default] 10.0.0.138 "DELETE /v2.0/subnets/4376c91f-8cba-41fa-b930-d6ab8c7eeb09 HTTP/1.1" status: 404 len: 337 time: 0.0201113
2026-06-09 18:24:28.678 9 INFO neutron.pecan_wsgi.hooks.translation [None req-f7d0ea37-3e3d-48f8-8106-627b322479f5 4c238c82c5a34200a1a090aab845d665 c298670b704640589b761197cc7273c2 - - default default] DELETE failed (client error): The resource could not be found.
2026-06-09 18:24:28.681 9 INFO neutron.wsgi [None req-f7d0ea37-3e3d-48f8-8106-627b322479f5 4c238c82c5a34200a1a090aab845d665 c298670b704640589b761197cc7273c2 - - default default] 10.0.0.138 "DELETE /v2.0/subnets/ce543508-6a99-43aa-9c74-8a1a65323692 HTTP/1.1" status: 404 len: 337 time: 0.0187213
2026-06-09 18:24:28.703 9 INFO neutron.pecan_wsgi.hooks.translation [None req-83ee8a1c-9cda-4b4a-aa13-96aca3961ba9 4c238c82c5a34200a1a090aab845d665 c298670b704640589b761197cc7273c2 - - default default] DELETE failed (client error): The resource could not be found.
2026-06-09 18:24:28.705 9 INFO neutron.wsgi [None req-83ee8a1c-9cda-4b4a-aa13-96aca3961ba9 4c238c82c5a34200a1a090aab845d665 c298670b704640589b761197cc7273c2 - - default default] 10.0.0.138 "DELETE /v2.0/subnets/8494e336-9812-4458-9606-a5a743a07609 HTTP/1.1" status: 404 len: 337 time: 0.0198205
2026-06-09 18:24:28.766 10 INFO neutron.wsgi [None req-17e7382e-e53d-48a4-83d8-f04c00136b10 c208bc2e7cd24685936cbcb54518d479 7ff36d0d1f80468d916bb1c141236195 - - default default] 10.0.0.138 "DELETE /v2.0/security-groups/88407eb7-f8d0-4eed-bda5-a8a8dfffb13f HTTP/1.1" status: 204 len: 168 time: 0.2392383
2026-06-09 18:24:29.048 9 INFO neutron.db.ovn_revision_numbers_db [None req-958d059b-6768-4596-b647-708db7b1a11f c208bc2e7cd24685936cbcb54518d479 7ff36d0d1f80468d916bb1c141236195 - - default default] Successfully bumped revision number for resource ed5e96dd-b5f2-4fa5-8cc1-d5caed6b1c85 (type: security_groups) to 1
2026-06-09 18:24:29.064 9 INFO neutron.db.ovn_revision_numbers_db [None req-958d059b-6768-4596-b647-708db7b1a11f c208bc2e7cd24685936cbcb54518d479 7ff36d0d1f80468d916bb1c141236195 - - default default] Successfully bumped revision number for resource 45ae4bba-f48c-4836-a802-0b889161386e (type: security_group_rules) to 0
2026-06-09 18:24:29.082 9 INFO neutron.db.ovn_revision_numbers_db [None req-958d059b-6768-4596-b647-708db7b1a11f c208bc2e7cd24685936cbcb54518d479 7ff36d0d1f80468d916bb1c141236195 - - default default] Successfully bumped revision number for resource 523ddba6-dc9f-42c7-8040-273c18a8fcfd (type: security_group_rules) to 0
2026-06-09 18:24:29.099 9 INFO neutron.db.ovn_revision_numbers_db [None req-958d059b-6768-4596-b647-708db7b1a11f c208bc2e7cd24685936cbcb54518d479 7ff36d0d1f80468d916bb1c141236195 - - default default] Successfully bumped revision number for resource 6b1d11bc-23b1-4085-9eb4-192615e79db5 (type: security_group_rules) to 0
2026-06-09 18:24:29.120 9 INFO neutron.db.ovn_revision_numbers_db [None req-958d059b-6768-4596-b647-708db7b1a11f c208bc2e7cd24685936cbcb54518d479 7ff36d0d1f80468d916bb1c141236195 - - default default] Successfully bumped revision number for resource 8269cc34-7a1d-4f0e-b422-3b89f916099c (type: security_group_rules) to 0
2026-06-09 18:24:29.156 9 INFO neutron.wsgi [None req-958d059b-6768-4596-b647-708db7b1a11f c208bc2e7cd24685936cbcb54518d479 7ff36d0d1f80468d916bb1c141236195 - - default default] 10.0.0.138 "GET /v2.0/security-groups?tenant_id=b669394a391a47c1abb9bef1f03635fd&name=default HTTP/1.1" status: 200 len: 2996 time: 0.2650158
2026-06-09 18:24:29.429 9 INFO neutron.wsgi [None req-c23880f7-2721-46a6-b0e6-85564dfae27e c208bc2e7cd24685936cbcb54518d479 7ff36d0d1f80468d916bb1c141236195 - - default default] 10.0.0.138 "DELETE /v2.0/security-groups/ed5e96dd-b5f2-4fa5-8cc1-d5caed6b1c85 HTTP/1.1" status: 204 len: 168 time: 0.2671788
2026-06-09 18:24:29.815 9 INFO neutron.db.ovn_revision_numbers_db [None req-1311c482-1efd-476a-bcff-f9df450ee04f c208bc2e7cd24685936cbcb54518d479 7ff36d0d1f80468d916bb1c141236195 - - default default] Successfully bumped revision number for resource c6fc5278-ea4a-4b42-9b98-86b352b1b80b (type: security_groups) to 1
2026-06-09 18:24:29.830 9 INFO neutron.db.ovn_revision_numbers_db [None req-1311c482-1efd-476a-bcff-f9df450ee04f c208bc2e7cd24685936cbcb54518d479 7ff36d0d1f80468d916bb1c141236195 - - default default] Successfully bumped revision number for resource 0565f5c6-b396-47a6-9c4e-b153668cf5d4 (type: security_group_rules) to 0
2026-06-09 18:24:29.843 9 INFO neutron.db.ovn_revision_numbers_db [None req-1311c482-1efd-476a-bcff-f9df450ee04f c208bc2e7cd24685936cbcb54518d479 7ff36d0d1f80468d916bb1c141236195 - - default default] Successfully bumped revision number for resource b8f60abe-415f-46a1-a5a1-b6038173f512 (type: security_group_rules) to 0
2026-06-09 18:24:29.870 9 INFO neutron.db.ovn_revision_numbers_db [None req-1311c482-1efd-476a-bcff-f9df450ee04f c208bc2e7cd24685936cbcb54518d479 7ff36d0d1f80468d916bb1c141236195 - - default default] Successfully bumped revision number for resource ea2d2ab5-1116-4b6e-a212-42c5f388c2a6 (type: security_group_rules) to 0
2026-06-09 18:24:29.904 9 INFO neutron.db.ovn_revision_numbers_db [None req-1311c482-1efd-476a-bcff-f9df450ee04f c208bc2e7cd24685936cbcb54518d479 7ff36d0d1f80468d916bb1c141236195 - - default default] Successfully bumped revision number for resource ee0ee98d-8463-46e1-b7d3-a681c0f21348 (type: security_group_rules) to 0
2026-06-09 18:24:29.932 9 INFO neutron.wsgi [None req-1311c482-1efd-476a-bcff-f9df450ee04f c208bc2e7cd24685936cbcb54518d479 7ff36d0d1f80468d916bb1c141236195 - - default default] 10.0.0.138 "GET /v2.0/security-groups?tenant_id=c8d5275187184a08af8831b80155a0e1&name=default HTTP/1.1" status: 200 len: 2996 time: 0.2504833
2026-06-09 18:24:30.014 9 INFO neutron.db.ovn_revision_numbers_db [None req-5c30a771-7891-4fe8-92a5-77ea2c7a7178 c208bc2e7cd24685936cbcb54518d479 7ff36d0d1f80468d916bb1c141236195 - - default default] Successfully bumped revision number for resource 87172efa-9548-4fe8-9300-10a34c95c1c0 (type: security_groups) to 1
2026-06-09 18:24:30.030 9 INFO neutron.db.ovn_revision_numbers_db [None req-5c30a771-7891-4fe8-92a5-77ea2c7a7178 c208bc2e7cd24685936cbcb54518d479 7ff36d0d1f80468d916bb1c141236195 - - default default] Successfully bumped revision number for resource 49de863a-3c0e-4c3c-9d84-f762c2495add (type: security_group_rules) to 0
2026-06-09 18:24:30.045 9 INFO neutron.db.ovn_revision_numbers_db [None req-5c30a771-7891-4fe8-92a5-77ea2c7a7178 c208bc2e7cd24685936cbcb54518d479 7ff36d0d1f80468d916bb1c141236195 - - default default] Successfully bumped revision number for resource 6c220d4e-ab90-4e4b-9314-0d60ce5a97ae (type: security_group_rules) to 0
2026-06-09 18:24:30.059 9 INFO neutron.db.ovn_revision_numbers_db [None req-5c30a771-7891-4fe8-92a5-77ea2c7a7178 c208bc2e7cd24685936cbcb54518d479 7ff36d0d1f80468d916bb1c141236195 - - default default] Successfully bumped revision number for resource 7a3d2c2b-5f63-44a8-b201-b29ed2e39e31 (type: security_group_rules) to 0
2026-06-09 18:24:30.070 9 INFO neutron.db.ovn_revision_numbers_db [None req-5c30a771-7891-4fe8-92a5-77ea2c7a7178 c208bc2e7cd24685936cbcb54518d479 7ff36d0d1f80468d916bb1c141236195 - - default default] Successfully bumped revision number for resource 9597bdda-57c7-4012-8387-20c53d95d589 (type: security_group_rules) to 0
2026-06-09 18:24:30.103 9 INFO neutron.wsgi [None req-5c30a771-7891-4fe8-92a5-77ea2c7a7178 c208bc2e7cd24685936cbcb54518d479 7ff36d0d1f80468d916bb1c141236195 - - default default] 10.0.0.138 "GET /v2.0/security-groups?tenant_id=886fcac91a494dafbef7b6d03c4cef9c&name=default HTTP/1.1" status: 200 len: 2996 time: 0.5411501
2026-06-09 18:24:30.186 9 INFO neutron.wsgi [None req-93d5cae5-8514-4085-9c52-2cdb545e87b7 c208bc2e7cd24685936cbcb54518d479 7ff36d0d1f80468d916bb1c141236195 - - default default] 10.0.0.138 "DELETE /v2.0/security-groups/c6fc5278-ea4a-4b42-9b98-86b352b1b80b HTTP/1.1" status: 204 len: 168 time: 0.2487049
2026-06-09 18:24:30.324 9 INFO neutron.wsgi [None req-180b32e1-2753-44a4-a9cb-2ffc769786e7 c208bc2e7cd24685936cbcb54518d479 7ff36d0d1f80468d916bb1c141236195 - - default default] 10.0.0.138 "DELETE /v2.0/security-groups/87172efa-9548-4fe8-9300-10a34c95c1c0 HTTP/1.1" status: 204 len: 168 time: 0.2159019
2026-06-09 18:24:30.587 9 INFO neutron.db.ovn_revision_numbers_db [None req-056103fd-044c-452f-a57a-365dbe5b104d c208bc2e7cd24685936cbcb54518d479 7ff36d0d1f80468d916bb1c141236195 - - default default] Successfully bumped revision number for resource b56d4e56-db5a-4765-9847-54fa23ed5f80 (type: security_groups) to 1
2026-06-09 18:24:30.602 9 INFO neutron.db.ovn_revision_numbers_db [None req-056103fd-044c-452f-a57a-365dbe5b104d c208bc2e7cd24685936cbcb54518d479 7ff36d0d1f80468d916bb1c141236195 - - default default] Successfully bumped revision number for resource 019300d9-dd84-4544-856b-1c5781764f05 (type: security_group_rules) to 0
2026-06-09 18:24:30.619 9 INFO neutron.db.ovn_revision_numbers_db [None req-056103fd-044c-452f-a57a-365dbe5b104d c208bc2e7cd24685936cbcb54518d479 7ff36d0d1f80468d916bb1c141236195 - - default default] Successfully bumped revision number for resource dc0aa29a-be63-48cd-9c78-2ebc060f9b9e (type: security_group_rules) to 0
2026-06-09 18:24:30.639 9 INFO neutron.db.ovn_revision_numbers_db [None req-056103fd-044c-452f-a57a-365dbe5b104d c208bc2e7cd24685936cbcb54518d479 7ff36d0d1f80468d916bb1c141236195 - - default default] Successfully bumped revision number for resource df72bcba-3650-4eb6-b087-d865241ebb9c (type: security_group_rules) to 0
2026-06-09 18:24:30.662 9 INFO neutron.db.ovn_revision_numbers_db [None req-056103fd-044c-452f-a57a-365dbe5b104d c208bc2e7cd24685936cbcb54518d479 7ff36d0d1f80468d916bb1c141236195 - - default default] Successfully bumped revision number for resource f6dd2fb8-df76-4ee0-b689-adeeb2e5611c (type: security_group_rules) to 0
2026-06-09 18:24:30.685 9 INFO neutron.wsgi [None req-056103fd-044c-452f-a57a-365dbe5b104d c208bc2e7cd24685936cbcb54518d479 7ff36d0d1f80468d916bb1c141236195 - - default default] 10.0.0.138 "GET /v2.0/security-groups?tenant_id=23f9eb79620c41c9a1d01afa99382406&name=default HTTP/1.1" status: 200 len: 2996 time: 0.2095168
2026-06-09 18:24:30.894 9 INFO neutron.wsgi [None req-005925b5-10bd-422f-a3d1-36dcf6157469 c208bc2e7cd24685936cbcb54518d479 7ff36d0d1f80468d916bb1c141236195 - - default default] 10.0.0.138 "DELETE /v2.0/security-groups/b56d4e56-db5a-4765-9847-54fa23ed5f80 HTTP/1.1" status: 204 len: 168 time: 0.2038946
2026-06-09 18:24:31.029 10 INFO neutron.wsgi [None req-ccf4729c-11a9-413e-a3a6-0015d049eeb3 c208bc2e7cd24685936cbcb54518d479 7ff36d0d1f80468d916bb1c141236195 - - default default] 10.0.0.138 "GET /v2.0/security-groups?tenant_id=c298670b704640589b761197cc7273c2&name=default HTTP/1.1" status: 200 len: 2996 time: 0.0332525
2026-06-09 18:24:31.231 10 INFO neutron.wsgi [None req-67e78ca9-642e-4349-89b1-8f40ded9c787 c208bc2e7cd24685936cbcb54518d479 7ff36d0d1f80468d916bb1c141236195 - - default default] 10.0.0.138 "DELETE /v2.0/security-groups/3bf19cc6-e50a-40c7-9ee3-e4e0fa75ed2d HTTP/1.1" status: 204 len: 168 time: 0.1968617
2026-06-09 18:24:33.817 9 WARNING neutron_lib.context [None req-62d5c0fa-edd6-4b08-a041-e2e705e2ee78 9a76bad1cb3b4f72b03ab931dea57fb4 3f68f9885b16441b8774fa3286274b3c - - default default] Method 'is_advsvc' is deprecated since 2023.2 release (neutron-lib 3.8.0) and will be removed once support for the old RBAC API policies will be removed from Neutron. Please use method 'is_service_role' instead.
2026-06-09 18:24:33.944 9 INFO neutron.db.ovn_revision_numbers_db [None req-62d5c0fa-edd6-4b08-a041-e2e705e2ee78 9a76bad1cb3b4f72b03ab931dea57fb4 3f68f9885b16441b8774fa3286274b3c - - default default] Successfully bumped revision number for resource 3d0a61cf-f669-4c2d-a654-899c6154c0e1 (type: security_groups) to 1
2026-06-09 18:24:33.957 9 INFO neutron.db.ovn_revision_numbers_db [None req-62d5c0fa-edd6-4b08-a041-e2e705e2ee78 9a76bad1cb3b4f72b03ab931dea57fb4 3f68f9885b16441b8774fa3286274b3c - - default default] Successfully bumped revision number for resource 05aa7dcc-2df1-403f-a532-b8f434585fdd (type: security_group_rules) to 0
2026-06-09 18:24:33.974 9 INFO neutron.db.ovn_revision_numbers_db [None req-62d5c0fa-edd6-4b08-a041-e2e705e2ee78 9a76bad1cb3b4f72b03ab931dea57fb4 3f68f9885b16441b8774fa3286274b3c - - default default] Successfully bumped revision number for resource 79576c68-d01f-4ce9-8223-4c84b78c2df3 (type: security_group_rules) to 0
2026-06-09 18:24:33.990 9 INFO neutron.db.ovn_revision_numbers_db [None req-62d5c0fa-edd6-4b08-a041-e2e705e2ee78 9a76bad1cb3b4f72b03ab931dea57fb4 3f68f9885b16441b8774fa3286274b3c - - default default] Successfully bumped revision number for resource c24d7ca8-b5ac-4a2a-86e8-af95f8f68577 (type: security_group_rules) to 0
2026-06-09 18:24:34.006 9 INFO neutron.db.ovn_revision_numbers_db [None req-62d5c0fa-edd6-4b08-a041-e2e705e2ee78 9a76bad1cb3b4f72b03ab931dea57fb4 3f68f9885b16441b8774fa3286274b3c - - default default] Successfully bumped revision number for resource f4585b89-5d12-4740-a33d-3eddd993871c (type: security_group_rules) to 0
2026-06-09 18:24:34.090 9 INFO neutron.db.ovn_revision_numbers_db [None req-62d5c0fa-edd6-4b08-a041-e2e705e2ee78 9a76bad1cb3b4f72b03ab931dea57fb4 3f68f9885b16441b8774fa3286274b3c - - default default] Successfully bumped revision number for resource 6790df05-c026-406d-bdd3-c055c2747c35 (type: security_groups) to 1
2026-06-09 18:24:34.104 9 INFO neutron.db.ovn_revision_numbers_db [None req-62d5c0fa-edd6-4b08-a041-e2e705e2ee78 9a76bad1cb3b4f72b03ab931dea57fb4 3f68f9885b16441b8774fa3286274b3c - - default default] Successfully bumped revision number for resource 2f2d2ac0-6d69-47c5-8e46-5d41a7edce49 (type: security_group_rules) to 0
2026-06-09 18:24:34.118 9 INFO neutron.db.ovn_revision_numbers_db [None req-62d5c0fa-edd6-4b08-a041-e2e705e2ee78 9a76bad1cb3b4f72b03ab931dea57fb4 3f68f9885b16441b8774fa3286274b3c - - default default] Successfully bumped revision number for resource a849444a-6ea8-45b4-a769-a7582b880a2e (type: security_group_rules) to 0
2026-06-09 18:24:34.143 9 INFO neutron.wsgi [None req-62d5c0fa-edd6-4b08-a041-e2e705e2ee78 9a76bad1cb3b4f72b03ab931dea57fb4 3f68f9885b16441b8774fa3286274b3c - - default default] 10.0.0.138 "POST /v2.0/security-groups HTTP/1.1" status: 201 len: 1737 time: 0.6273091
2026-06-09 18:24:34.179 9 INFO neutron.wsgi [None req-fe8b11b1-6871-4bbe-929c-8c2dc3a0e50b 9a76bad1cb3b4f72b03ab931dea57fb4 3f68f9885b16441b8774fa3286274b3c - - default default] 10.0.0.138 "PUT /v2.0/security-groups/6790df05-c026-406d-bdd3-c055c2747c35/tags HTTP/1.1" status: 200 len: 218 time: 0.0309918
2026-06-09 18:24:34.207 9 INFO neutron.wsgi [None req-298b61c6-95ef-41f4-b17a-90e521416a02 9a76bad1cb3b4f72b03ab931dea57fb4 3f68f9885b16441b8774fa3286274b3c - - default default] 10.0.0.138 "GET /v2.0/security-groups/6790df05-c026-406d-bdd3-c055c2747c35/tags HTTP/1.1" status: 200 len: 218 time: 0.0225060
2026-06-09 18:24:34.257 9 INFO neutron.wsgi [None req-ac5df765-0a3c-4347-8213-50a10933ab5b 9a76bad1cb3b4f72b03ab931dea57fb4 3f68f9885b16441b8774fa3286274b3c - - default default] 10.0.0.138 "PUT /v2.0/security-groups/6790df05-c026-406d-bdd3-c055c2747c35/tags/green HTTP/1.1" status: 201 len: 201 time: 0.0462132
2026-06-09 18:24:34.285 10 INFO neutron.wsgi [None req-8a130fa8-317e-47ef-a338-fb469e392acc 9a76bad1cb3b4f72b03ab931dea57fb4 3f68f9885b16441b8774fa3286274b3c - - default default] 10.0.0.138 "GET /v2.0/security-groups/6790df05-c026-406d-bdd3-c055c2747c35/tags HTTP/1.1" status: 200 len: 227 time: 0.0243344
2026-06-09 18:24:34.314 10 INFO neutron.wsgi [None req-71bfb03b-20be-4c50-8a63-81f16d697387 9a76bad1cb3b4f72b03ab931dea57fb4 3f68f9885b16441b8774fa3286274b3c - - default default] 10.0.0.138 "PUT /v2.0/security-groups/6790df05-c026-406d-bdd3-c055c2747c35/tags/red HTTP/1.1" status: 201 len: 201 time: 0.0233140
2026-06-09 18:24:34.342 10 INFO neutron.wsgi [None req-e30ad07b-bbfc-403c-9c5e-504063342074 9a76bad1cb3b4f72b03ab931dea57fb4 3f68f9885b16441b8774fa3286274b3c - - default default] 10.0.0.138 "GET /v2.0/security-groups/6790df05-c026-406d-bdd3-c055c2747c35/tags HTTP/1.1" status: 200 len: 227 time: 0.0226803
2026-06-09 18:24:34.386 10 INFO neutron.wsgi [None req-98daa4af-6e92-46fc-9f2e-88b97c209f95 9a76bad1cb3b4f72b03ab931dea57fb4 3f68f9885b16441b8774fa3286274b3c - - default default] 10.0.0.138 "PUT /v2.0/security-groups/6790df05-c026-406d-bdd3-c055c2747c35/tags/black.or.white HTTP/1.1" status: 201 len: 201 time: 0.0392787
2026-06-09 18:24:34.421 10 INFO neutron.wsgi [None req-016d60dc-d7d9-48de-a46a-4ae351ca2ddf 9a76bad1cb3b4f72b03ab931dea57fb4 3f68f9885b16441b8774fa3286274b3c - - default default] 10.0.0.138 "GET /v2.0/security-groups/6790df05-c026-406d-bdd3-c055c2747c35/tags HTTP/1.1" status: 200 len: 245 time: 0.0241039
2026-06-09 18:24:34.465 10 INFO neutron.wsgi [None req-25dd7cc9-c9b9-48ca-9290-21c4266b96fd 9a76bad1cb3b4f72b03ab931dea57fb4 3f68f9885b16441b8774fa3286274b3c - - default default] 10.0.0.138 "PUT /v2.0/security-groups/6790df05-c026-406d-bdd3-c055c2747c35/tags HTTP/1.1" status: 200 len: 230 time: 0.0391321
2026-06-09 18:24:34.496 10 INFO neutron.wsgi [None req-34b20015-2207-49ca-84fb-c13551ac2072 9a76bad1cb3b4f72b03ab931dea57fb4 3f68f9885b16441b8774fa3286274b3c - - default default] 10.0.0.138 "GET /v2.0/security-groups/6790df05-c026-406d-bdd3-c055c2747c35/tags HTTP/1.1" status: 200 len: 230 time: 0.0271204
2026-06-09 18:24:34.523 10 INFO neutron.wsgi [None req-8d1267a3-8c82-47cf-aeea-fa1719a7c1a5 9a76bad1cb3b4f72b03ab931dea57fb4 3f68f9885b16441b8774fa3286274b3c - - default default] 10.0.0.138 "GET /v2.0/security-groups/6790df05-c026-406d-bdd3-c055c2747c35/tags/red HTTP/1.1" status: 204 len: 168 time: 0.0230608
2026-06-09 18:24:34.548 10 INFO neutron.api.v2.resource [None req-9d8f4728-3932-4ea2-80e8-dd76f179ac38 9a76bad1cb3b4f72b03ab931dea57fb4 3f68f9885b16441b8774fa3286274b3c - - default default] show failed (client error): The resource could not be found.
2026-06-09 18:24:34.549 10 INFO neutron.wsgi [None req-9d8f4728-3932-4ea2-80e8-dd76f179ac38 9a76bad1cb3b4f72b03ab931dea57fb4 3f68f9885b16441b8774fa3286274b3c - - default default] 10.0.0.138 "GET /v2.0/security-groups/6790df05-c026-406d-bdd3-c055c2747c35/tags/green HTTP/1.1" status: 404 len: 299 time: 0.0210023
2026-06-09 18:24:34.626 10 INFO neutron.wsgi [None req-5abe5baa-4b1c-4d53-bd84-55014f4f49c5 9a76bad1cb3b4f72b03ab931dea57fb4 3f68f9885b16441b8774fa3286274b3c - - default default] 10.0.0.138 "DELETE /v2.0/security-groups/6790df05-c026-406d-bdd3-c055c2747c35/tags/red HTTP/1.1" status: 204 len: 168 time: 0.0730634
2026-06-09 18:24:34.669 9 INFO neutron.wsgi [None req-2b475c4a-49e2-4026-8200-1c1552f26f5e 9a76bad1cb3b4f72b03ab931dea57fb4 3f68f9885b16441b8774fa3286274b3c - - default default] 10.0.0.138 "GET /v2.0/security-groups/6790df05-c026-406d-bdd3-c055c2747c35/tags HTTP/1.1" status: 200 len: 223 time: 0.0369811
2026-06-09 18:24:34.707 9 INFO neutron.api.v2.resource [None req-4d08f622-612c-402d-8b27-8e11369bda25 9a76bad1cb3b4f72b03ab931dea57fb4 3f68f9885b16441b8774fa3286274b3c - - default default] delete failed (client error): The resource could not be found.
2026-06-09 18:24:34.709 9 INFO neutron.wsgi [None req-4d08f622-612c-402d-8b27-8e11369bda25 9a76bad1cb3b4f72b03ab931dea57fb4 3f68f9885b16441b8774fa3286274b3c - - default default] 10.0.0.138 "DELETE /v2.0/security-groups/6790df05-c026-406d-bdd3-c055c2747c35/tags/green HTTP/1.1" status: 404 len: 299 time: 0.0339212
2026-06-09 18:24:34.756 9 INFO neutron.wsgi [None req-38a3167a-a018-4a5e-9985-2662c43059d6 9a76bad1cb3b4f72b03ab931dea57fb4 3f68f9885b16441b8774fa3286274b3c - - default default] 10.0.0.138 "DELETE /v2.0/security-groups/6790df05-c026-406d-bdd3-c055c2747c35/tags HTTP/1.1" status: 204 len: 168 time: 0.0409627
2026-06-09 18:24:34.794 10 INFO neutron.wsgi [None req-f35e9c79-1889-4229-a0a1-3848b55a3cc0 9a76bad1cb3b4f72b03ab931dea57fb4 3f68f9885b16441b8774fa3286274b3c - - default default] 10.0.0.138 "GET /v2.0/security-groups/6790df05-c026-406d-bdd3-c055c2747c35/tags HTTP/1.1" status: 200 len: 205 time: 0.0318646
2026-06-09 18:24:34.960 10 INFO neutron.wsgi [None req-f5664475-2ad3-4b5c-8ee0-5b7f241b5b15 9a76bad1cb3b4f72b03ab931dea57fb4 3f68f9885b16441b8774fa3286274b3c - - default default] 10.0.0.138 "DELETE /v2.0/security-groups/6790df05-c026-406d-bdd3-c055c2747c35 HTTP/1.1" status: 204 len: 168 time: 0.1582739
2026-06-09 18:24:35.244 10 INFO neutron.wsgi [-] 10.0.0.71 "GET / HTTP/1.1" status: 200 len: 247 time: 0.0013187
2026-06-09 18:24:35.245 9 INFO neutron.wsgi [-] 10.0.0.71 "GET / HTTP/1.1" status: 200 len: 247 time: 0.0020425
2026-06-09 18:24:35.670 10 WARNING neutron_lib.context [None req-92f61aa4-6648-4404-bb79-f90dd6108c52 0d0ecef6f09245caa8f424bde52d7c27 abafbf6ae0eb474caf0726b58a5098b3 - - default default] Method 'is_advsvc' is deprecated since 2023.2 release (neutron-lib 3.8.0) and will be removed once support for the old RBAC API policies will be removed from Neutron. Please use method 'is_service_role' instead.
2026-06-09 18:24:35.890 9 INFO neutron.db.ovn_revision_numbers_db [None req-d820cd32-8652-4ece-8565-f980e6b8479b c208bc2e7cd24685936cbcb54518d479 7ff36d0d1f80468d916bb1c141236195 - - default default] Successfully bumped revision number for resource 9f48a3cc-669e-451d-abc1-e8051c9ded6d (type: security_groups) to 1
2026-06-09 18:24:35.903 9 INFO neutron.db.ovn_revision_numbers_db [None req-d820cd32-8652-4ece-8565-f980e6b8479b c208bc2e7cd24685936cbcb54518d479 7ff36d0d1f80468d916bb1c141236195 - - default default] Successfully bumped revision number for resource 2d6fabf0-2279-4f9f-9fbf-4cbf91fe854f (type: security_group_rules) to 0
2026-06-09 18:24:35.915 9 INFO neutron.db.ovn_revision_numbers_db [None req-d820cd32-8652-4ece-8565-f980e6b8479b c208bc2e7cd24685936cbcb54518d479 7ff36d0d1f80468d916bb1c141236195 - - default default] Successfully bumped revision number for resource 5e8fc1d4-bfc3-4605-8690-8efe2a3573de (type: security_group_rules) to 0
2026-06-09 18:24:35.927 9 INFO neutron.db.ovn_revision_numbers_db [None req-d820cd32-8652-4ece-8565-f980e6b8479b c208bc2e7cd24685936cbcb54518d479 7ff36d0d1f80468d916bb1c141236195 - - default default] Successfully bumped revision number for resource 8e132240-9a31-4a08-91df-016f5b133146 (type: security_group_rules) to 0
2026-06-09 18:24:35.940 9 INFO neutron.db.ovn_revision_numbers_db [None req-d820cd32-8652-4ece-8565-f980e6b8479b c208bc2e7cd24685936cbcb54518d479 7ff36d0d1f80468d916bb1c141236195 - - default default] Successfully bumped revision number for resource ea57bd26-0b27-42d6-8212-84a4d8bb1221 (type: security_group_rules) to 0
2026-06-09 18:24:35.962 9 INFO neutron.wsgi [None req-d820cd32-8652-4ece-8565-f980e6b8479b c208bc2e7cd24685936cbcb54518d479 7ff36d0d1f80468d916bb1c141236195 - - default default] 10.0.0.138 "GET /v2.0/security-groups?tenant_id=4322fd96ef7e4915bf301d4b96ece037&name=default HTTP/1.1" status: 200 len: 2996 time: 0.2198038
2026-06-09 18:24:35.977 10 WARNING neutron.scheduler.dhcp_agent_scheduler [None req-92f61aa4-6648-4404-bb79-f90dd6108c52 0d0ecef6f09245caa8f424bde52d7c27 abafbf6ae0eb474caf0726b58a5098b3 - - default default] No more DHCP agents
2026-06-09 18:24:35.980 10 WARNING neutron.api.rpc.agentnotifiers.dhcp_rpc_agent_api [None req-92f61aa4-6648-4404-bb79-f90dd6108c52 0d0ecef6f09245caa8f424bde52d7c27 abafbf6ae0eb474caf0726b58a5098b3 - - default default] Unable to schedule network 84b399a5-4a6f-41f5-aa88-eab5f3dde944: no agents available; will retry on subsequent port and subnet creation events.
2026-06-09 18:24:36.156 9 INFO neutron.wsgi [None req-c899c0af-1256-426a-8f97-83d13e365c7e c208bc2e7cd24685936cbcb54518d479 7ff36d0d1f80468d916bb1c141236195 - - default default] 10.0.0.138 "DELETE /v2.0/security-groups/9f48a3cc-669e-451d-abc1-e8051c9ded6d HTTP/1.1" status: 204 len: 168 time: 0.1857865
2026-06-09 18:24:36.284 10 INFO neutron.db.ovn_revision_numbers_db [None req-92f61aa4-6648-4404-bb79-f90dd6108c52 0d0ecef6f09245caa8f424bde52d7c27 abafbf6ae0eb474caf0726b58a5098b3 - - default default] Successfully bumped revision number for resource fb4d6209-3ac5-490f-a732-388d0106f862 (type: floatingips) to 0
2026-06-09 18:24:36.300 9 INFO neutron.wsgi [None req-f88a36bb-0204-4e7b-955e-050f43ff8e90 c208bc2e7cd24685936cbcb54518d479 7ff36d0d1f80468d916bb1c141236195 - - default default] 10.0.0.138 "GET /v2.0/security-groups?tenant_id=3f68f9885b16441b8774fa3286274b3c&name=default HTTP/1.1" status: 200 len: 2996 time: 0.0453813
2026-06-09 18:24:36.311 10 INFO neutron.wsgi [None req-92f61aa4-6648-4404-bb79-f90dd6108c52 0d0ecef6f09245caa8f424bde52d7c27 abafbf6ae0eb474caf0726b58a5098b3 - - default default] 10.0.0.138 "POST /v2.0/floatingips HTTP/1.1" status: 201 len: 751 time: 0.8481643
2026-06-09 18:24:36.327 10 WARNING neutron_lib.context [None req-6f8473a2-b641-4e35-80c0-9b39086d9c65 0d0ecef6f09245caa8f424bde52d7c27 abafbf6ae0eb474caf0726b58a5098b3 - - default default] Method 'is_advsvc' is deprecated since 2023.2 release (neutron-lib 3.8.0) and will be removed once support for the old RBAC API policies will be removed from Neutron. Please use method 'is_service_role' instead.
2026-06-09 18:24:36.491 9 INFO neutron.wsgi [None req-d2b5eb8f-a393-4ba7-b55b-5c910954f249 c208bc2e7cd24685936cbcb54518d479 7ff36d0d1f80468d916bb1c141236195 - - default default] 10.0.0.138 "DELETE /v2.0/security-groups/3d0a61cf-f669-4c2d-a654-899c6154c0e1 HTTP/1.1" status: 204 len: 168 time: 0.1853335
2026-06-09 18:24:36.640 10 WARNING neutron.scheduler.dhcp_agent_scheduler [None req-6f8473a2-b641-4e35-80c0-9b39086d9c65 0d0ecef6f09245caa8f424bde52d7c27 abafbf6ae0eb474caf0726b58a5098b3 - - default default] No more DHCP agents
2026-06-09 18:24:36.641 10 WARNING neutron.api.rpc.agentnotifiers.dhcp_rpc_agent_api [None req-6f8473a2-b641-4e35-80c0-9b39086d9c65 0d0ecef6f09245caa8f424bde52d7c27 abafbf6ae0eb474caf0726b58a5098b3 - - default default] Unable to schedule network 84b399a5-4a6f-41f5-aa88-eab5f3dde944: no agents available; will retry on subsequent port and subnet creation events.
2026-06-09 18:24:36.999 10 INFO neutron.db.ovn_revision_numbers_db [None req-6f8473a2-b641-4e35-80c0-9b39086d9c65 0d0ecef6f09245caa8f424bde52d7c27 abafbf6ae0eb474caf0726b58a5098b3 - - default default] Successfully bumped revision number for resource 99440cb7-3108-4e73-af2a-d43a83680f5c (type: floatingips) to 0
2026-06-09 18:24:37.018 10 INFO neutron.wsgi [None req-6f8473a2-b641-4e35-80c0-9b39086d9c65 0d0ecef6f09245caa8f424bde52d7c27 abafbf6ae0eb474caf0726b58a5098b3 - - default default] 10.0.0.138 "POST /v2.0/floatingips HTTP/1.1" status: 201 len: 751 time: 0.6976364
2026-06-09 18:24:37.028 10 WARNING neutron_lib.context [None req-a2e3d594-0a53-40d8-8c6f-144d731fafbf 0d0ecef6f09245caa8f424bde52d7c27 abafbf6ae0eb474caf0726b58a5098b3 - - default default] Method 'is_advsvc' is deprecated since 2023.2 release (neutron-lib 3.8.0) and will be removed once support for the old RBAC API policies will be removed from Neutron. Please use method 'is_service_role' instead.
2026-06-09 18:24:37.309 10 WARNING neutron.scheduler.dhcp_agent_scheduler [None req-a2e3d594-0a53-40d8-8c6f-144d731fafbf 0d0ecef6f09245caa8f424bde52d7c27 abafbf6ae0eb474caf0726b58a5098b3 - - default default] No more DHCP agents
2026-06-09 18:24:37.312 10 WARNING neutron.api.rpc.agentnotifiers.dhcp_rpc_agent_api [None req-a2e3d594-0a53-40d8-8c6f-144d731fafbf 0d0ecef6f09245caa8f424bde52d7c27 abafbf6ae0eb474caf0726b58a5098b3 - - default default] Unable to schedule network 84b399a5-4a6f-41f5-aa88-eab5f3dde944: no agents available; will retry on subsequent port and subnet creation events.
2026-06-09 18:24:37.677 10 INFO neutron.db.ovn_revision_numbers_db [None req-a2e3d594-0a53-40d8-8c6f-144d731fafbf 0d0ecef6f09245caa8f424bde52d7c27 abafbf6ae0eb474caf0726b58a5098b3 - - default default] Successfully bumped revision number for resource 74b60ba3-965d-482f-94b1-df47be49b136 (type: floatingips) to 0
2026-06-09 18:24:37.697 10 INFO neutron.wsgi [None req-a2e3d594-0a53-40d8-8c6f-144d731fafbf 0d0ecef6f09245caa8f424bde52d7c27 abafbf6ae0eb474caf0726b58a5098b3 - - default default] 10.0.0.138 "POST /v2.0/floatingips HTTP/1.1" status: 201 len: 751 time: 0.6731274
2026-06-09 18:24:37.713 10 WARNING neutron_lib.context [None req-a4b31dac-660b-442c-b82e-31ec7368f792 0d0ecef6f09245caa8f424bde52d7c27 abafbf6ae0eb474caf0726b58a5098b3 - - default default] Method 'is_advsvc' is deprecated since 2023.2 release (neutron-lib 3.8.0) and will be removed once support for the old RBAC API policies will be removed from Neutron. Please use method 'is_service_role' instead.
2026-06-09 18:24:38.037 10 WARNING neutron.scheduler.dhcp_agent_scheduler [None req-a4b31dac-660b-442c-b82e-31ec7368f792 0d0ecef6f09245caa8f424bde52d7c27 abafbf6ae0eb474caf0726b58a5098b3 - - default default] No more DHCP agents
2026-06-09 18:24:38.040 10 WARNING neutron.api.rpc.agentnotifiers.dhcp_rpc_agent_api [None req-a4b31dac-660b-442c-b82e-31ec7368f792 0d0ecef6f09245caa8f424bde52d7c27 abafbf6ae0eb474caf0726b58a5098b3 - - default default] Unable to schedule network 84b399a5-4a6f-41f5-aa88-eab5f3dde944: no agents available; will retry on subsequent port and subnet creation events.
2026-06-09 18:24:38.351 10 INFO neutron.db.ovn_revision_numbers_db [None req-a4b31dac-660b-442c-b82e-31ec7368f792 0d0ecef6f09245caa8f424bde52d7c27 abafbf6ae0eb474caf0726b58a5098b3 - - default default] Successfully bumped revision number for resource 2179f551-2e8f-47b1-aec8-76a0fe7ee8fc (type: floatingips) to 0
2026-06-09 18:24:38.366 10 INFO neutron.wsgi [None req-a4b31dac-660b-442c-b82e-31ec7368f792 0d0ecef6f09245caa8f424bde52d7c27 abafbf6ae0eb474caf0726b58a5098b3 - - default default] 10.0.0.138 "POST /v2.0/floatingips HTTP/1.1" status: 201 len: 751 time: 0.6620471
