2026-06-09 18:24:56.829 9 INFO neutron.services.segments.plugin [-] Segment 48126a22-3b61-4d38-838a-6f399275f0e0 resource provider not found; error: Placement Client Error (4xx): {"errors": [{"status": 404, "title": "Not Found", "detail": "The resource could not be found.\n\n No resource provider with uuid 48126a22-3b61-4d38-838a-6f399275f0e0 found for delete ", "request_id": "req-9769a1c1-b17d-4415-a77b-24af08a826a8"}]}
2026-06-09 18:24:56.833 9 INFO neutron.services.segments.plugin [-] Segment 48126a22-3b61-4d38-838a-6f399275f0e0 resource provider not found; error: Placement Client Error (4xx): {"errors": [{"status": 404, "title": "Not Found", "detail": "The resource could not be found.\n\n No resource provider with uuid 48126a22-3b61-4d38-838a-6f399275f0e0 found for delete ", "request_id": "req-f4ad912e-4b9b-4bd4-a736-06468d519b20"}]}
2026-06-09 18:24:56.843 10 INFO neutron.wsgi [None req-eed317e9-718e-41a5-adc1-6bba9d3eb202 8a92be5e9f454a2a9f536d61c3d6d945 0d778409a68b4f5a8bc47364f2c0f479 - - default default] 10.0.0.138 "GET /v2.0/networks/848112be-3218-488d-ba76-be8695d066eb/tags HTTP/1.1" status: 200 len: 210 time: 0.0380125
2026-06-09 18:24:56.901 10 INFO neutron.wsgi [None req-d11fcdea-aa6a-4076-8443-70ad9fc3ad53 8a92be5e9f454a2a9f536d61c3d6d945 0d778409a68b4f5a8bc47364f2c0f479 - - default default] 10.0.0.138 "PUT /v2.0/networks/848112be-3218-488d-ba76-be8695d066eb/tags HTTP/1.1" status: 200 len: 205 time: 0.0524392
2026-06-09 18:24:56.919 9 INFO neutron.wsgi [None req-c027cc61-b195-4df8-8860-bccabba2c3b4 45a36d22dd304b0bb56aa98bbd332a8b 0baf281aa50d42819492e2b451bb3365 - - default default] 10.0.0.138 "DELETE /v2.0/networks/75d54688-528e-4f6c-ab15-0dc82e38a1cb HTTP/1.1" status: 204 len: 168 time: 0.5184960
2026-06-09 18:24:56.959 9 INFO neutron.wsgi [None req-b4669e13-7889-4706-b937-dbaf7bf80afd 8a92be5e9f454a2a9f536d61c3d6d945 0d778409a68b4f5a8bc47364f2c0f479 - - default default] 10.0.0.138 "GET /v2.0/networks/848112be-3218-488d-ba76-be8695d066eb/tags HTTP/1.1" status: 200 len: 205 time: 0.0543733
2026-06-09 18:24:57.014 9 INFO neutron.wsgi [None req-56a5c526-1689-4d65-913b-10a82c33c5cf 8a92be5e9f454a2a9f536d61c3d6d945 0d778409a68b4f5a8bc47364f2c0f479 - - default default] 10.0.0.138 "GET /v2.0/networks/aa72e484-f22e-42fa-8abf-1bf950235385/tags HTTP/1.1" status: 200 len: 218 time: 0.0503244
2026-06-09 18:24:57.438 9 INFO neutron.wsgi [None req-01e3205e-0aec-4770-a901-8ed867360f4b 8a92be5e9f454a2a9f536d61c3d6d945 0d778409a68b4f5a8bc47364f2c0f479 - - default default] 10.0.0.138 "DELETE /v2.0/networks/aa72e484-f22e-42fa-8abf-1bf950235385 HTTP/1.1" status: 204 len: 168 time: 0.4108829
2026-06-09 18:24:57.682 9 WARNING neutron_lib.context [None req-bc2919cf-588b-45cc-a5e0-6c044a0d0365 9e0ef7af7b3543438a6904a471454bbf 2a5bad0c8f8e460faa5c31f42ecfc45d - - default default] Method 'is_advsvc' is deprecated since 2023.2 release (neutron-lib 3.8.0) and will be removed once support for the old RBAC API policies will be removed from Neutron. Please use method 'is_service_role' instead.
2026-06-09 18:24:57.873 10 INFO neutron.wsgi [None req-d4a9523e-aa6c-420c-86b5-55f9036dba86 8a92be5e9f454a2a9f536d61c3d6d945 0d778409a68b4f5a8bc47364f2c0f479 - - default default] 10.0.0.138 "DELETE /v2.0/networks/848112be-3218-488d-ba76-be8695d066eb HTTP/1.1" status: 204 len: 168 time: 0.4292462
2026-06-09 18:24:57.902 10 INFO neutron.services.segments.plugin [-] Segment 3fd07c3d-fbd0-4406-9d80-32d19843f34c resource provider aggregate not found
2026-06-09 18:24:57.907 10 INFO neutron.services.segments.plugin [-] Segment 3fd07c3d-fbd0-4406-9d80-32d19843f34c resource provider aggregate not found
2026-06-09 18:24:57.916 10 INFO neutron.services.segments.plugin [-] Segment 3fd07c3d-fbd0-4406-9d80-32d19843f34c resource provider not found; error: Placement Client Error (4xx): {"errors": [{"status": 404, "title": "Not Found", "detail": "The resource could not be found.\n\n No resource provider with uuid 3fd07c3d-fbd0-4406-9d80-32d19843f34c found for delete ", "request_id": "req-ea8721e2-8c17-436e-977d-990249ebfbb8"}]}
2026-06-09 18:24:57.923 10 INFO neutron.services.segments.plugin [-] Segment 3fd07c3d-fbd0-4406-9d80-32d19843f34c resource provider not found; error: Placement Client Error (4xx): {"errors": [{"status": 404, "title": "Not Found", "detail": "The resource could not be found.\n\n No resource provider with uuid 3fd07c3d-fbd0-4406-9d80-32d19843f34c found for delete ", "request_id": "req-2d02d63d-6165-4e65-bc20-74c56c49b513"}]}
2026-06-09 18:24:57.929 10 INFO neutron.services.segments.plugin [-] Segment 1c2e076b-1ad8-424e-a71e-4d31306c6bc7 resource provider aggregate not found
2026-06-09 18:24:57.948 10 INFO neutron.services.segments.plugin [-] Segment 1c2e076b-1ad8-424e-a71e-4d31306c6bc7 resource provider not found; error: Placement Client Error (4xx): {"errors": [{"status": 404, "title": "Not Found", "detail": "The resource could not be found.\n\n No resource provider with uuid 1c2e076b-1ad8-424e-a71e-4d31306c6bc7 found for delete ", "request_id": "req-f22817b4-ca58-4f6a-9457-47dc2f2864c1"}]}
2026-06-09 18:24:57.949 10 INFO neutron.services.segments.plugin [-] Segment 1c2e076b-1ad8-424e-a71e-4d31306c6bc7 resource provider aggregate not found
2026-06-09 18:24:57.966 10 INFO neutron.services.segments.plugin [-] Segment 1c2e076b-1ad8-424e-a71e-4d31306c6bc7 resource provider not found; error: Placement Client Error (4xx): {"errors": [{"status": 404, "title": "Not Found", "detail": "The resource could not be found.\n\n No resource provider with uuid 1c2e076b-1ad8-424e-a71e-4d31306c6bc7 found for delete ", "request_id": "req-3a42ad66-85a1-4046-857f-709a9fe1575c"}]}
2026-06-09 18:24:57.990 9 WARNING neutron.scheduler.dhcp_agent_scheduler [None req-bc2919cf-588b-45cc-a5e0-6c044a0d0365 9e0ef7af7b3543438a6904a471454bbf 2a5bad0c8f8e460faa5c31f42ecfc45d - - default default] No more DHCP agents
2026-06-09 18:24:57.992 9 WARNING neutron.api.rpc.agentnotifiers.dhcp_rpc_agent_api [None req-bc2919cf-588b-45cc-a5e0-6c044a0d0365 9e0ef7af7b3543438a6904a471454bbf 2a5bad0c8f8e460faa5c31f42ecfc45d - - default default] Unable to schedule network 84b399a5-4a6f-41f5-aa88-eab5f3dde944: no agents available; will retry on subsequent port and subnet creation events.
2026-06-09 18:24:58.088 10 INFO neutron.db.ovn_revision_numbers_db [None req-b77a1773-af9d-4003-a043-db79320fb4d2 c208bc2e7cd24685936cbcb54518d479 7ff36d0d1f80468d916bb1c141236195 - - default default] Successfully bumped revision number for resource 0dbb2164-9f9b-48e2-9743-3e07732b850a (type: security_groups) to 1
2026-06-09 18:24:58.106 10 INFO neutron.db.ovn_revision_numbers_db [None req-b77a1773-af9d-4003-a043-db79320fb4d2 c208bc2e7cd24685936cbcb54518d479 7ff36d0d1f80468d916bb1c141236195 - - default default] Successfully bumped revision number for resource 284cd278-b763-42f9-ad53-e2e440e0560a (type: security_group_rules) to 0
2026-06-09 18:24:58.120 10 INFO neutron.db.ovn_revision_numbers_db [None req-b77a1773-af9d-4003-a043-db79320fb4d2 c208bc2e7cd24685936cbcb54518d479 7ff36d0d1f80468d916bb1c141236195 - - default default] Successfully bumped revision number for resource 404faa72-0d7b-4bff-85de-e24278b720bd (type: security_group_rules) to 0
2026-06-09 18:24:58.143 10 INFO neutron.db.ovn_revision_numbers_db [None req-b77a1773-af9d-4003-a043-db79320fb4d2 c208bc2e7cd24685936cbcb54518d479 7ff36d0d1f80468d916bb1c141236195 - - default default] Successfully bumped revision number for resource 41d331bf-64ca-4200-9c2c-6fc1dbf9390e (type: security_group_rules) to 0
2026-06-09 18:24:58.160 10 INFO neutron.db.ovn_revision_numbers_db [None req-b77a1773-af9d-4003-a043-db79320fb4d2 c208bc2e7cd24685936cbcb54518d479 7ff36d0d1f80468d916bb1c141236195 - - default default] Successfully bumped revision number for resource d3f30b52-63d7-4cb6-a0c7-d7e77dcce4d8 (type: security_group_rules) to 0
2026-06-09 18:24:58.198 10 INFO neutron.wsgi [None req-b77a1773-af9d-4003-a043-db79320fb4d2 c208bc2e7cd24685936cbcb54518d479 7ff36d0d1f80468d916bb1c141236195 - - default default] 10.0.0.138 "GET /v2.0/security-groups?tenant_id=d4f3611dce5449db848a6137df17beda&name=default HTTP/1.1" status: 200 len: 2996 time: 0.4135835
2026-06-09 18:24:58.381 9 INFO neutron.db.l3_db [None req-bc2919cf-588b-45cc-a5e0-6c044a0d0365 9e0ef7af7b3543438a6904a471454bbf 2a5bad0c8f8e460faa5c31f42ecfc45d - - default default] Floating IP d6aad368-92a3-444a-ba7f-17b96845b66e associated. External IP: 10.96.250.208, port: 07c25e0d-9d4e-4731-a3d7-27bfa2464d82.
2026-06-09 18:24:58.423 10 INFO neutron.wsgi [None req-f64e57bc-7b26-47a9-8d32-3861b6e9678b c208bc2e7cd24685936cbcb54518d479 7ff36d0d1f80468d916bb1c141236195 - - default default] 10.0.0.138 "DELETE /v2.0/security-groups/0dbb2164-9f9b-48e2-9743-3e07732b850a HTTP/1.1" status: 204 len: 168 time: 0.2132683
2026-06-09 18:24:58.628 10 INFO neutron.db.ovn_revision_numbers_db [None req-49854280-15fc-4b76-8bce-9455b02c896b c208bc2e7cd24685936cbcb54518d479 7ff36d0d1f80468d916bb1c141236195 - - default default] Successfully bumped revision number for resource c3309d3b-3db9-4015-9502-7bae17280daf (type: security_groups) to 1
2026-06-09 18:24:58.644 10 INFO neutron.db.ovn_revision_numbers_db [None req-49854280-15fc-4b76-8bce-9455b02c896b c208bc2e7cd24685936cbcb54518d479 7ff36d0d1f80468d916bb1c141236195 - - default default] Successfully bumped revision number for resource 15f8a9c4-dc9d-4891-a5fc-936a40eae736 (type: security_group_rules) to 0
2026-06-09 18:24:58.663 10 INFO neutron.db.ovn_revision_numbers_db [None req-49854280-15fc-4b76-8bce-9455b02c896b c208bc2e7cd24685936cbcb54518d479 7ff36d0d1f80468d916bb1c141236195 - - default default] Successfully bumped revision number for resource c3ad5b39-d831-4709-b2f3-a61bd5bb2942 (type: security_group_rules) to 0
2026-06-09 18:24:58.687 10 INFO neutron.db.ovn_revision_numbers_db [None req-49854280-15fc-4b76-8bce-9455b02c896b c208bc2e7cd24685936cbcb54518d479 7ff36d0d1f80468d916bb1c141236195 - - default default] Successfully bumped revision number for resource e91a8c5a-b9af-4234-b6cd-2534ec32b374 (type: security_group_rules) to 0
2026-06-09 18:24:58.707 10 INFO neutron.db.ovn_revision_numbers_db [None req-49854280-15fc-4b76-8bce-9455b02c896b c208bc2e7cd24685936cbcb54518d479 7ff36d0d1f80468d916bb1c141236195 - - default default] Successfully bumped revision number for resource f0810a31-2c64-4d70-9bf6-f000b40a6c01 (type: security_group_rules) to 0
2026-06-09 18:24:58.744 10 INFO neutron.wsgi [None req-49854280-15fc-4b76-8bce-9455b02c896b c208bc2e7cd24685936cbcb54518d479 7ff36d0d1f80468d916bb1c141236195 - - default default] 10.0.0.138 "GET /v2.0/security-groups?tenant_id=d9fe8ca370654ee68596483630ce81e7&name=default HTTP/1.1" status: 200 len: 2999 time: 0.2341847
2026-06-09 18:24:58.750 10 INFO neutron.db.ovn_revision_numbers_db [None req-42882c79-d395-4d42-a140-d2dc3999a84a c208bc2e7cd24685936cbcb54518d479 7ff36d0d1f80468d916bb1c141236195 - - default default] Successfully bumped revision number for resource c9538e6a-6469-476b-ac82-008db955d883 (type: security_groups) to 1
2026-06-09 18:24:58.775 10 INFO neutron.db.ovn_revision_numbers_db [None req-42882c79-d395-4d42-a140-d2dc3999a84a c208bc2e7cd24685936cbcb54518d479 7ff36d0d1f80468d916bb1c141236195 - - default default] Successfully bumped revision number for resource 9dc755a4-d6cb-4a15-82a8-6cd815965c47 (type: security_group_rules) to 0
2026-06-09 18:24:58.793 10 INFO neutron.db.ovn_revision_numbers_db [None req-42882c79-d395-4d42-a140-d2dc3999a84a c208bc2e7cd24685936cbcb54518d479 7ff36d0d1f80468d916bb1c141236195 - - default default] Successfully bumped revision number for resource ec673b80-703d-4b1c-8849-095478343a17 (type: security_group_rules) to 0
2026-06-09 18:24:58.810 10 INFO neutron.db.ovn_revision_numbers_db [None req-42882c79-d395-4d42-a140-d2dc3999a84a c208bc2e7cd24685936cbcb54518d479 7ff36d0d1f80468d916bb1c141236195 - - default default] Successfully bumped revision number for resource ef02607a-d4b0-4326-9b24-09f82636ee11 (type: security_group_rules) to 0
2026-06-09 18:24:58.828 10 INFO neutron.db.ovn_revision_numbers_db [None req-42882c79-d395-4d42-a140-d2dc3999a84a c208bc2e7cd24685936cbcb54518d479 7ff36d0d1f80468d916bb1c141236195 - - default default] Successfully bumped revision number for resource fd4df2d0-0cc2-48e5-92f1-e5fd5aaa48c4 (type: security_group_rules) to 0
2026-06-09 18:24:58.857 10 INFO neutron.wsgi [None req-42882c79-d395-4d42-a140-d2dc3999a84a c208bc2e7cd24685936cbcb54518d479 7ff36d0d1f80468d916bb1c141236195 - - default default] 10.0.0.138 "GET /v2.0/security-groups?tenant_id=647383bd50ae4924be4e24a8ff3b520f&name=default HTTP/1.1" status: 200 len: 3000 time: 0.3944266
2026-06-09 18:24:58.888 9 INFO neutron.services.segments.plugin [-] Segment 1106c15a-be8f-4a39-bfd3-9b4ba1a7527a resource provider aggregate not found
2026-06-09 18:24:58.898 9 INFO neutron.services.segments.plugin [-] Segment 1106c15a-be8f-4a39-bfd3-9b4ba1a7527a resource provider aggregate not found
2026-06-09 18:24:58.921 9 INFO neutron.services.segments.plugin [-] Segment 1106c15a-be8f-4a39-bfd3-9b4ba1a7527a resource provider not found; error: Placement Client Error (4xx): {"errors": [{"status": 404, "title": "Not Found", "detail": "The resource could not be found.\n\n No resource provider with uuid 1106c15a-be8f-4a39-bfd3-9b4ba1a7527a found for delete ", "request_id": "req-5114b6e4-4fe0-4eb9-8fc3-6a4f9f589a79"}]}
2026-06-09 18:24:58.945 9 INFO neutron.services.segments.plugin [-] Segment 1dc5868d-84b6-428d-9fcf-f0974edd1ad0 resource provider aggregate not found
2026-06-09 18:24:58.958 9 INFO neutron.services.segments.plugin [-] Segment 1106c15a-be8f-4a39-bfd3-9b4ba1a7527a resource provider not found; error: Placement Client Error (4xx): {"errors": [{"status": 404, "title": "Not Found", "detail": "The resource could not be found.\n\n No resource provider with uuid 1106c15a-be8f-4a39-bfd3-9b4ba1a7527a found for delete ", "request_id": "req-6d3ecf6b-6d60-415e-89ee-e4084daaeff9"}]}
2026-06-09 18:24:58.980 9 INFO neutron.services.segments.plugin [-] Segment 1dc5868d-84b6-428d-9fcf-f0974edd1ad0 resource provider not found; error: Placement Client Error (4xx): {"errors": [{"status": 404, "title": "Not Found", "detail": "The resource could not be found.\n\n No resource provider with uuid 1dc5868d-84b6-428d-9fcf-f0974edd1ad0 found for delete ", "request_id": "req-0e848726-dead-475e-93a7-cd9af6d31a53"}]}
2026-06-09 18:24:58.994 9 INFO neutron.wsgi [None req-d2a4c81c-dfc5-448b-a60b-a8a8aafb9027 c208bc2e7cd24685936cbcb54518d479 7ff36d0d1f80468d916bb1c141236195 - - default default] 10.0.0.80 "GET /v2.0/routers HTTP/1.1" status: 200 len: 848 time: 0.2947936 /var/lib/openstack/lib/python3.10/site-packages/pycadf/identifier.py:71: UserWarning: Invalid uuid: neutron. To ensure interoperability, identifiers should be a valid uuid. warnings.warn(('Invalid uuid: %s. To ensure interoperability, '
2026-06-09 18:24:59.011 9 INFO neutron.db.ovn_revision_numbers_db [None req-bc2919cf-588b-45cc-a5e0-6c044a0d0365 9e0ef7af7b3543438a6904a471454bbf 2a5bad0c8f8e460faa5c31f42ecfc45d - - default default] Successfully bumped revision number for resource d6aad368-92a3-444a-ba7f-17b96845b66e (type: floatingips) to 0
2026-06-09 18:24:59.013 9 INFO neutron.services.segments.plugin [-] Segment 1dc5868d-84b6-428d-9fcf-f0974edd1ad0 resource provider aggregate not found
2026-06-09 18:24:59.026 10 INFO neutron.wsgi [None req-c218b0a6-a2a2-4673-b6f7-69e60e41b08c c208bc2e7cd24685936cbcb54518d479 7ff36d0d1f80468d916bb1c141236195 - - default default] 10.0.0.138 "DELETE /v2.0/security-groups/c3309d3b-3db9-4015-9502-7bae17280daf HTTP/1.1" status: 204 len: 168 time: 0.2763786
2026-06-09 18:24:59.041 9 INFO neutron.services.segments.plugin [-] Segment 1dc5868d-84b6-428d-9fcf-f0974edd1ad0 resource provider not found; error: Placement Client Error (4xx): {"errors": [{"status": 404, "title": "Not Found", "detail": "The resource could not be found.\n\n No resource provider with uuid 1dc5868d-84b6-428d-9fcf-f0974edd1ad0 found for delete ", "request_id": "req-4169e9b8-5e0d-48aa-bb43-b52e537838da"}]}
2026-06-09 18:24:59.054 9 INFO neutron.wsgi [None req-e8a12ad4-fffb-4989-8a16-9036cb925ae2 c208bc2e7cd24685936cbcb54518d479 7ff36d0d1f80468d916bb1c141236195 - - default default] 10.0.0.80 "GET /v2.0/agents?binary=ovn-controller HTTP/1.1" status: 200 len: 591 time: 0.0528734
2026-06-09 18:24:59.108 10 INFO neutron.wsgi [None req-52e858ba-ebfe-472f-b212-073f727740ac c208bc2e7cd24685936cbcb54518d479 7ff36d0d1f80468d916bb1c141236195 - - default default] 10.0.0.138 "DELETE /v2.0/security-groups/c9538e6a-6469-476b-ac82-008db955d883 HTTP/1.1" status: 204 len: 168 time: 0.2461903
2026-06-09 18:24:59.129 9 INFO neutron.wsgi [None req-b76aa73d-635a-42ee-8733-5530d88f9ee5 c208bc2e7cd24685936cbcb54518d479 7ff36d0d1f80468d916bb1c141236195 - - default default] 10.0.0.80 "GET /v2.0/subnets HTTP/1.1" status: 200 len: 5496 time: 0.0713382
2026-06-09 18:24:59.149 9 INFO neutron.wsgi [None req-f58c05a7-31ba-418f-9e84-d429877045ff c208bc2e7cd24685936cbcb54518d479 7ff36d0d1f80468d916bb1c141236195 - - default default] 10.0.0.80 "GET /v2.0/subnetpools HTTP/1.1" status: 200 len: 193 time: 0.0180876
2026-06-09 18:24:59.244 9 INFO neutron.wsgi [None req-a9bf8cc7-29fb-4c25-b1ff-9bb4551a7a40 c208bc2e7cd24685936cbcb54518d479 7ff36d0d1f80468d916bb1c141236195 - - default default] 10.0.0.80 "GET /v2.0/floatingips HTTP/1.1" status: 200 len: 2762 time: 0.0930939
2026-06-09 18:24:59.366 9 INFO neutron.wsgi [None req-c02b69c3-77f2-4ed1-ba1c-d698e3d21c0a c208bc2e7cd24685936cbcb54518d479 7ff36d0d1f80468d916bb1c141236195 - - default default] 10.0.0.80 "GET /v2.0/ports HTTP/1.1" status: 200 len: 22197 time: 0.1202261
2026-06-09 18:24:59.377 9 INFO neutron.db.ovn_revision_numbers_db [None req-bc2919cf-588b-45cc-a5e0-6c044a0d0365 9e0ef7af7b3543438a6904a471454bbf 2a5bad0c8f8e460faa5c31f42ecfc45d - - default default] Successfully bumped revision number for resource d6aad368-92a3-444a-ba7f-17b96845b66e (type: floatingips) to 1
2026-06-09 18:24:59.392 10 INFO neutron.wsgi [None req-f011248a-8754-4512-8c55-40883e9571d7 c208bc2e7cd24685936cbcb54518d479 7ff36d0d1f80468d916bb1c141236195 - - default default] 10.0.0.138 "GET /v2.0/security-groups?tenant_id=0baf281aa50d42819492e2b451bb3365&name=default HTTP/1.1" status: 200 len: 2996 time: 0.2623403
2026-06-09 18:24:59.396 10 INFO neutron.wsgi [None req-fd17e1b4-68f6-443a-8577-589856f9a3d0 c208bc2e7cd24685936cbcb54518d479 7ff36d0d1f80468d916bb1c141236195 - - default default] 10.0.0.138 "GET /v2.0/security-groups?tenant_id=0d778409a68b4f5a8bc47364f2c0f479&name=default HTTP/1.1" status: 200 len: 2996 time: 0.0392425
2026-06-09 18:24:59.410 9 INFO neutron.wsgi [None req-f4fdbb4b-9fcd-4423-a51b-fab5e55460e7 c208bc2e7cd24685936cbcb54518d479 7ff36d0d1f80468d916bb1c141236195 - - default default] 10.0.0.80 "GET /v2.0/network-ip-availabilities HTTP/1.1" status: 200 len: 3362 time: 0.0288980
2026-06-09 18:24:59.438 9 INFO neutron.wsgi [None req-bc2919cf-588b-45cc-a5e0-6c044a0d0365 9e0ef7af7b3543438a6904a471454bbf 2a5bad0c8f8e460faa5c31f42ecfc45d - - default default] 10.0.0.138 "POST /v2.0/floatingips HTTP/1.1" status: 201 len: 1097 time: 1.7670975
2026-06-09 18:24:59.455 9 INFO neutron.wsgi [None req-b23f03c1-dc43-4217-bca9-1527f4ccb522 c208bc2e7cd24685936cbcb54518d479 7ff36d0d1f80468d916bb1c141236195 - - default default] 10.0.0.80 "GET /v2.0/subnets HTTP/1.1" status: 200 len: 5496 time: 0.0429788
2026-06-09 18:24:59.544 9 INFO neutron.wsgi [None req-97c9f802-cab4-489b-9eca-7c2b23eaedbe c208bc2e7cd24685936cbcb54518d479 7ff36d0d1f80468d916bb1c141236195 - - default default] 10.0.0.80 "GET /v2.0/networks HTTP/1.1" status: 200 len: 4719 time: 0.0870185
2026-06-09 18:24:59.627 9 INFO neutron.wsgi [None req-adb40fa7-5cd1-4e8f-a0cf-aa2ad4abcb2e c208bc2e7cd24685936cbcb54518d479 7ff36d0d1f80468d916bb1c141236195 - - default default] 10.0.0.80 "GET /v2.0/security-groups HTTP/1.1" status: 200 len: 34625 time: 0.0804501
2026-06-09 18:24:59.641 10 INFO neutron.wsgi [None req-f9af04bb-8f37-4507-9ff2-a5419084a74f c208bc2e7cd24685936cbcb54518d479 7ff36d0d1f80468d916bb1c141236195 - - default default] 10.0.0.138 "DELETE /v2.0/security-groups/51b444c8-9619-4207-8069-06836ca535df HTTP/1.1" status: 204 len: 168 time: 0.2413518
2026-06-09 18:24:59.645 10 INFO neutron.wsgi [None req-b4ae7375-089c-475c-add5-6ba145dd39b5 c208bc2e7cd24685936cbcb54518d479 7ff36d0d1f80468d916bb1c141236195 - - default default] 10.0.0.138 "DELETE /v2.0/security-groups/213ac4fc-39cb-41fc-883b-5a1b5117cb9f HTTP/1.1" status: 204 len: 168 time: 0.2443976
2026-06-09 18:24:59.657 9 INFO neutron.wsgi [None req-af4d2190-6e2a-429e-b7fa-3a7329d7c292 c208bc2e7cd24685936cbcb54518d479 7ff36d0d1f80468d916bb1c141236195 - - default default] 10.0.0.80 "GET /v2.0/agents HTTP/1.1" status: 200 len: 997 time: 0.0196359
2026-06-09 18:25:02.171 10 INFO neutron.wsgi [None req-0eaa91e2-90df-4cab-bcc4-bcaa66c58915 c208bc2e7cd24685936cbcb54518d479 7ff36d0d1f80468d916bb1c141236195 - - default default] 199.204.45.157 "GET /v2.0/extensions/security-group HTTP/1.1" status: 200 len: 369 time: 0.0081601
2026-06-09 18:25:02.186 10 INFO neutron.wsgi [None req-d1ae4759-63c5-47ea-a70d-c70dc7c3a407 c208bc2e7cd24685936cbcb54518d479 7ff36d0d1f80468d916bb1c141236195 - - default default] 199.204.45.157 "GET /v2.0/extensions/dns-integration HTTP/1.1" status: 200 len: 371 time: 0.0048106
2026-06-09 18:25:02.195 10 INFO neutron.wsgi [None req-002bc04b-e070-47c5-8048-25141ac26fce c208bc2e7cd24685936cbcb54518d479 7ff36d0d1f80468d916bb1c141236195 - - default default] 199.204.45.157 "GET /v2.0/extensions/qos HTTP/1.1" status: 200 len: 365 time: 0.0047412
2026-06-09 18:25:02.205 10 INFO neutron.wsgi [None req-f8a1b8ed-3e91-4c0b-bebe-646f07ad2b44 c208bc2e7cd24685936cbcb54518d479 7ff36d0d1f80468d916bb1c141236195 - - default default] 199.204.45.157 "GET /v2.0/extensions/allowed-address-pairs HTTP/1.1" status: 200 len: 383 time: 0.0046866
2026-06-09 18:25:02.216 10 INFO neutron.db.ovn_revision_numbers_db [None req-768d75b9-c32e-4d39-b84a-5700e97dc94d - - - - - -] Successfully bumped revision number for resource 07c25e0d-9d4e-4731-a3d7-27bfa2464d82 (type: ports) to 4
2026-06-09 18:25:02.219 10 INFO neutron.api.v2.resource [None req-a5b694f6-b4f7-4588-9970-a12c3c13f8d6 c208bc2e7cd24685936cbcb54518d479 7ff36d0d1f80468d916bb1c141236195 - - default default] show failed (client error): The resource could not be found.
2026-06-09 18:25:02.220 10 INFO neutron.wsgi [None req-a5b694f6-b4f7-4588-9970-a12c3c13f8d6 c208bc2e7cd24685936cbcb54518d479 7ff36d0d1f80468d916bb1c141236195 - - default default] 199.204.45.157 "GET /v2.0/security-groups/lb-b7836efa-67ff-41fd-806b-2deb6ebff2a4 HTTP/1.1" status: 404 len: 355 time: 0.0105941
2026-06-09 18:25:02.276 10 INFO neutron.wsgi [None req-f1863528-896d-414f-b6ad-83a5b8428063 c208bc2e7cd24685936cbcb54518d479 7ff36d0d1f80468d916bb1c141236195 - - default default] 199.204.45.157 "GET /v2.0/security-groups?name=lb-b7836efa-67ff-41fd-806b-2deb6ebff2a4 HTTP/1.1" status: 200 len: 1775 time: 0.0535641
2026-06-09 18:25:02.322 10 INFO neutron.wsgi [None req-161214f8-1854-4ac8-9b7d-5b8da03af5ab c208bc2e7cd24685936cbcb54518d479 7ff36d0d1f80468d916bb1c141236195 - - default default] 199.204.45.157 "GET /v2.0/security-group-rules?security_group_id=8320a244-40c6-4c29-aeda-c8303e31cf24 HTTP/1.1" status: 200 len: 1318 time: 0.0422649
2026-06-09 18:25:02.455 10 INFO neutron.db.ovn_revision_numbers_db [None req-b6ca9355-1528-4b28-a051-307bd7a3a929 c208bc2e7cd24685936cbcb54518d479 7ff36d0d1f80468d916bb1c141236195 - - default default] Successfully bumped revision number for resource b98fde8e-703a-40f6-a33b-8af01bfece0c (type: security_group_rules) to 0
2026-06-09 18:25:02.486 10 INFO neutron.wsgi [None req-b6ca9355-1528-4b28-a051-307bd7a3a929 c208bc2e7cd24685936cbcb54518d479 7ff36d0d1f80468d916bb1c141236195 - - default default] 199.204.45.157 "POST /v2.0/security-group-rules HTTP/1.1" status: 201 len: 769 time: 0.1555514
2026-06-09 18:25:02.662 10 INFO neutron.db.ovn_revision_numbers_db [None req-df64b83a-aaaf-46a2-a65f-454654668997 c208bc2e7cd24685936cbcb54518d479 7ff36d0d1f80468d916bb1c141236195 - - default default] Successfully bumped revision number for resource ccc0fb4e-06d7-45ed-aa07-9b8c674cd3e2 (type: security_group_rules) to 0
2026-06-09 18:25:02.696 10 INFO neutron.wsgi [None req-df64b83a-aaaf-46a2-a65f-454654668997 c208bc2e7cd24685936cbcb54518d479 7ff36d0d1f80468d916bb1c141236195 - - default default] 199.204.45.157 "POST /v2.0/security-group-rules HTTP/1.1" status: 201 len: 773 time: 0.2026145
2026-06-09 18:25:04.253 10 WARNING neutron_lib.context [None req-d9c8dc40-0c1e-4030-919c-e213485e4a67 06ae0c4ff31c4b9bae2188ce37d07bb8 c345562fd3a24d9283d7b4b51cc7725e - - default default] Method 'is_advsvc' is deprecated since 2023.2 release (neutron-lib 3.8.0) and will be removed once support for the old RBAC API policies will be removed from Neutron. Please use method 'is_service_role' instead.
2026-06-09 18:25:04.302 10 INFO neutron.wsgi [None req-d9c8dc40-0c1e-4030-919c-e213485e4a67 06ae0c4ff31c4b9bae2188ce37d07bb8 c345562fd3a24d9283d7b4b51cc7725e - - default default] 10.0.0.138 "POST /v2.0/subnetpools HTTP/1.1" status: 201 len: 715 time: 0.2304523
2026-06-09 18:25:04.312 10 WARNING neutron_lib.context [None req-1fefa4f2-33fd-47a4-824b-6fc7b6697afb 06ae0c4ff31c4b9bae2188ce37d07bb8 c345562fd3a24d9283d7b4b51cc7725e - - default default] Method 'is_advsvc' is deprecated since 2023.2 release (neutron-lib 3.8.0) and will be removed once support for the old RBAC API policies will be removed from Neutron. Please use method 'is_service_role' instead.
2026-06-09 18:25:04.390 10 INFO neutron.wsgi [None req-1fefa4f2-33fd-47a4-824b-6fc7b6697afb 06ae0c4ff31c4b9bae2188ce37d07bb8 c345562fd3a24d9283d7b4b51cc7725e - - default default] 10.0.0.138 "POST /v2.0/subnetpools HTTP/1.1" status: 201 len: 715 time: 0.0833371
2026-06-09 18:25:04.410 10 WARNING neutron_lib.context [None req-8f2b6854-a34a-4b59-bcd9-27c0fe22ee99 06ae0c4ff31c4b9bae2188ce37d07bb8 c345562fd3a24d9283d7b4b51cc7725e - - default default] Method 'is_advsvc' is deprecated since 2023.2 release (neutron-lib 3.8.0) and will be removed once support for the old RBAC API policies will be removed from Neutron. Please use method 'is_service_role' instead.
2026-06-09 18:25:04.477 10 INFO neutron.wsgi [None req-8f2b6854-a34a-4b59-bcd9-27c0fe22ee99 06ae0c4ff31c4b9bae2188ce37d07bb8 c345562fd3a24d9283d7b4b51cc7725e - - default default] 10.0.0.138 "POST /v2.0/subnetpools HTTP/1.1" status: 201 len: 715 time: 0.0729911
2026-06-09 18:25:04.486 10 WARNING neutron_lib.context [None req-69450742-4175-4e91-b005-63a70b9ff4fc 06ae0c4ff31c4b9bae2188ce37d07bb8 c345562fd3a24d9283d7b4b51cc7725e - - default default] Method 'is_advsvc' is deprecated since 2023.2 release (neutron-lib 3.8.0) and will be removed once support for the old RBAC API policies will be removed from Neutron. Please use method 'is_service_role' instead.
2026-06-09 18:25:04.541 10 INFO neutron.wsgi [None req-69450742-4175-4e91-b005-63a70b9ff4fc 06ae0c4ff31c4b9bae2188ce37d07bb8 c345562fd3a24d9283d7b4b51cc7725e - - default default] 10.0.0.138 "POST /v2.0/subnetpools HTTP/1.1" status: 201 len: 715 time: 0.0601666
2026-06-09 18:25:04.554 9 WARNING neutron_lib.context [None req-4af4df7b-6ca1-47e2-add2-f53cb9d3eb71 06ae0c4ff31c4b9bae2188ce37d07bb8 c345562fd3a24d9283d7b4b51cc7725e - - default default] Method 'is_advsvc' is deprecated since 2023.2 release (neutron-lib 3.8.0) and will be removed once support for the old RBAC API policies will be removed from Neutron. Please use method 'is_service_role' instead.
2026-06-09 18:25:04.615 9 INFO neutron.wsgi [None req-4af4df7b-6ca1-47e2-add2-f53cb9d3eb71 06ae0c4ff31c4b9bae2188ce37d07bb8 c345562fd3a24d9283d7b4b51cc7725e - - default default] 10.0.0.138 "POST /v2.0/subnetpools HTTP/1.1" status: 201 len: 715 time: 0.0666499
2026-06-09 18:25:04.657 10 INFO neutron.wsgi [None req-0b087f69-99a2-4749-8001-22480ca9bd72 06ae0c4ff31c4b9bae2188ce37d07bb8 c345562fd3a24d9283d7b4b51cc7725e - - default default] 10.0.0.138 "PUT /v2.0/subnetpools/9d45a42f-3815-4c31-aede-77040e2248d9/tags HTTP/1.1" status: 200 len: 210 time: 0.0368881
2026-06-09 18:25:04.697 10 INFO neutron.wsgi [None req-1b94d5ff-7a9a-4c06-b1df-b9acd12e805d 06ae0c4ff31c4b9bae2188ce37d07bb8 c345562fd3a24d9283d7b4b51cc7725e - - default default] 10.0.0.138 "PUT /v2.0/subnetpools/9fa525ff-47e2-488f-a44e-84165304329b/tags HTTP/1.1" status: 200 len: 218 time: 0.0362568
2026-06-09 18:25:04.748 10 INFO neutron.wsgi [None req-e795f2e4-d4f2-42bb-8be8-abc75c2662c8 06ae0c4ff31c4b9bae2188ce37d07bb8 c345562fd3a24d9283d7b4b51cc7725e - - default default] 10.0.0.138 "PUT /v2.0/subnetpools/62d31936-6900-45ad-988b-1aa95237c27e/tags HTTP/1.1" status: 200 len: 227 time: 0.0436163
2026-06-09 18:25:04.785 10 INFO neutron.wsgi [None req-96e5dd55-8926-4c88-b463-e031237542a1 06ae0c4ff31c4b9bae2188ce37d07bb8 c345562fd3a24d9283d7b4b51cc7725e - - default default] 10.0.0.138 "PUT /v2.0/subnetpools/0365a2b1-e2a3-49ba-971a-2bded389d927/tags HTTP/1.1" status: 200 len: 212 time: 0.0325356
2026-06-09 18:25:04.824 10 INFO neutron.wsgi [None req-c5970fed-980f-4cd6-82fe-afe16bffde83 06ae0c4ff31c4b9bae2188ce37d07bb8 c345562fd3a24d9283d7b4b51cc7725e - - default default] 10.0.0.138 "GET /v2.0/subnetpools?tags=red HTTP/1.1" status: 200 len: 1758 time: 0.0337884
2026-06-09 18:25:04.874 10 INFO neutron.wsgi [None req-74e1f371-7146-4474-8e6f-c9b16565b146 06ae0c4ff31c4b9bae2188ce37d07bb8 c345562fd3a24d9283d7b4b51cc7725e - - default default] 10.0.0.138 "GET /v2.0/subnetpools?tags=red%2Cblue HTTP/1.1" status: 200 len: 1251 time: 0.0465982
2026-06-09 18:25:04.904 10 INFO neutron.wsgi [None req-13cc8bd6-dec5-4460-a7b9-88412cbd7278 06ae0c4ff31c4b9bae2188ce37d07bb8 c345562fd3a24d9283d7b4b51cc7725e - - default default] 10.0.0.138 "GET /v2.0/subnetpools?tags-any=blue HTTP/1.1" status: 200 len: 1251 time: 0.0220480
2026-06-09 18:25:04.935 10 INFO neutron.wsgi [None req-8a328ccb-5469-4bf7-8cb6-169d7ee1885e 06ae0c4ff31c4b9bae2188ce37d07bb8 c345562fd3a24d9283d7b4b51cc7725e - - default default] 10.0.0.138 "GET /v2.0/subnetpools?tags-any=red%2Cblue HTTP/1.1" status: 200 len: 1758 time: 0.0247099
2026-06-09 18:25:04.968 10 INFO neutron.wsgi [None req-bd706a13-b0fd-4997-95e4-cfcdfe1110b3 06ae0c4ff31c4b9bae2188ce37d07bb8 c345562fd3a24d9283d7b4b51cc7725e - - default default] 10.0.0.138 "GET /v2.0/subnetpools?not-tags=red HTTP/1.1" status: 200 len: 1223 time: 0.0274177
2026-06-09 18:25:05.001 10 INFO neutron.wsgi [None req-d89302ca-5570-468c-a7e5-fe6921caef9e 06ae0c4ff31c4b9bae2188ce37d07bb8 c345562fd3a24d9283d7b4b51cc7725e - - default default] 10.0.0.138 "GET /v2.0/subnetpools?not-tags=red%2Cblue HTTP/1.1" status: 200 len: 1730 time: 0.0277901
2026-06-09 18:25:05.041 10 INFO neutron.wsgi [None req-59d1f356-59fd-4530-9e45-c4a9d0b6bcad 06ae0c4ff31c4b9bae2188ce37d07bb8 c345562fd3a24d9283d7b4b51cc7725e - - default default] 10.0.0.138 "GET /v2.0/subnetpools?not-tags-any=blue HTTP/1.1" status: 200 len: 1730 time: 0.0349417
2026-06-09 18:25:05.068 10 INFO neutron.wsgi [None req-250e1870-1397-42b7-a18a-a18a3784ed79 06ae0c4ff31c4b9bae2188ce37d07bb8 c345562fd3a24d9283d7b4b51cc7725e - - default default] 10.0.0.138 "GET /v2.0/subnetpools?not-tags-any=red%2Cblue HTTP/1.1" status: 200 len: 1223 time: 0.0216539
2026-06-09 18:25:05.130 10 INFO neutron.wsgi [None req-d7f5635f-4872-4115-ab59-3da164419233 06ae0c4ff31c4b9bae2188ce37d07bb8 c345562fd3a24d9283d7b4b51cc7725e - - default default] 10.0.0.138 "DELETE /v2.0/subnetpools/9d45a42f-3815-4c31-aede-77040e2248d9 HTTP/1.1" status: 204 len: 168 time: 0.0548780
2026-06-09 18:25:05.189 10 INFO neutron.wsgi [None req-b2374411-2374-4e9d-a0f6-18cb2b259bb2 06ae0c4ff31c4b9bae2188ce37d07bb8 c345562fd3a24d9283d7b4b51cc7725e - - default default] 10.0.0.138 "DELETE /v2.0/subnetpools/9fa525ff-47e2-488f-a44e-84165304329b HTTP/1.1" status: 204 len: 168 time: 0.0495973
2026-06-09 18:25:05.245 10 INFO neutron.wsgi [-] 10.0.0.71 "GET / HTTP/1.1" status: 200 len: 247 time: 0.0017297
2026-06-09 18:25:05.247 10 INFO neutron.wsgi [-] 10.0.0.71 "GET / HTTP/1.1" status: 200 len: 247 time: 0.0013359
2026-06-09 18:25:05.253 10 INFO neutron.wsgi [None req-5b06058f-fab2-4e43-b1c6-dd8649bd22b1 06ae0c4ff31c4b9bae2188ce37d07bb8 c345562fd3a24d9283d7b4b51cc7725e - - default default] 10.0.0.138 "DELETE /v2.0/subnetpools/62d31936-6900-45ad-988b-1aa95237c27e HTTP/1.1" status: 204 len: 168 time: 0.0550723
2026-06-09 18:25:05.337 10 INFO neutron.wsgi [None req-d9e343de-e631-41b8-93cb-0bf14e2c6f1a 06ae0c4ff31c4b9bae2188ce37d07bb8 c345562fd3a24d9283d7b4b51cc7725e - - default default] 10.0.0.138 "DELETE /v2.0/subnetpools/0365a2b1-e2a3-49ba-971a-2bded389d927 HTTP/1.1" status: 204 len: 168 time: 0.0796545
2026-06-09 18:25:05.407 10 INFO neutron.wsgi [None req-247a4529-67c2-46e7-966a-223172099e1b 06ae0c4ff31c4b9bae2188ce37d07bb8 c345562fd3a24d9283d7b4b51cc7725e - - default default] 10.0.0.138 "DELETE /v2.0/subnetpools/960ec084-e0a6-4af3-9293-701dd0ab9afa HTTP/1.1" status: 204 len: 168 time: 0.0639408
2026-06-09 18:25:06.648 9 INFO neutron.db.ovn_revision_numbers_db [None req-f4d5c4ac-e26b-4e7b-9ac4-bccad0d7e5df c208bc2e7cd24685936cbcb54518d479 7ff36d0d1f80468d916bb1c141236195 - - default default] Successfully bumped revision number for resource d271a0a6-a221-4c61-a13a-9f62a91a0058 (type: security_groups) to 1
2026-06-09 18:25:06.666 9 INFO neutron.db.ovn_revision_numbers_db [None req-f4d5c4ac-e26b-4e7b-9ac4-bccad0d7e5df c208bc2e7cd24685936cbcb54518d479 7ff36d0d1f80468d916bb1c141236195 - - default default] Successfully bumped revision number for resource 32d99707-65e2-4912-93db-60ea866b2758 (type: security_group_rules) to 0
2026-06-09 18:25:06.682 9 INFO neutron.db.ovn_revision_numbers_db [None req-f4d5c4ac-e26b-4e7b-9ac4-bccad0d7e5df c208bc2e7cd24685936cbcb54518d479 7ff36d0d1f80468d916bb1c141236195 - - default default] Successfully bumped revision number for resource 51198afc-6bf2-462d-ba0f-1d1fc77ed251 (type: security_group_rules) to 0
2026-06-09 18:25:06.708 9 INFO neutron.db.ovn_revision_numbers_db [None req-f4d5c4ac-e26b-4e7b-9ac4-bccad0d7e5df c208bc2e7cd24685936cbcb54518d479 7ff36d0d1f80468d916bb1c141236195 - - default default] Successfully bumped revision number for resource b10672dc-f567-45a3-91e8-14a42bd35fd7 (type: security_group_rules) to 0
2026-06-09 18:25:06.725 9 INFO neutron.db.ovn_revision_numbers_db [None req-f4d5c4ac-e26b-4e7b-9ac4-bccad0d7e5df c208bc2e7cd24685936cbcb54518d479 7ff36d0d1f80468d916bb1c141236195 - - default default] Successfully bumped revision number for resource db11ea99-530f-4295-9ea7-c7b5ed5d1580 (type: security_group_rules) to 0
2026-06-09 18:25:06.748 9 INFO neutron.wsgi [None req-f4d5c4ac-e26b-4e7b-9ac4-bccad0d7e5df c208bc2e7cd24685936cbcb54518d479 7ff36d0d1f80468d916bb1c141236195 - - default default] 10.0.0.138 "GET /v2.0/security-groups?tenant_id=c345562fd3a24d9283d7b4b51cc7725e&name=default HTTP/1.1" status: 200 len: 3000 time: 0.4156864
2026-06-09 18:25:06.940 9 INFO neutron.wsgi [None req-c82cc368-670d-40fb-abb5-7df0832cff4c c208bc2e7cd24685936cbcb54518d479 7ff36d0d1f80468d916bb1c141236195 - - default default] 10.0.0.138 "DELETE /v2.0/security-groups/d271a0a6-a221-4c61-a13a-9f62a91a0058 HTTP/1.1" status: 204 len: 168 time: 0.1874681
2026-06-09 18:25:07.179 9 INFO neutron.db.ovn_revision_numbers_db [None req-896b6278-d57e-4b49-a167-81a44771847c c208bc2e7cd24685936cbcb54518d479 7ff36d0d1f80468d916bb1c141236195 - - default default] Successfully bumped revision number for resource 83469205-9058-4e0b-9442-cb4434f4a891 (type: security_groups) to 1
2026-06-09 18:25:07.198 9 INFO neutron.db.ovn_revision_numbers_db [None req-896b6278-d57e-4b49-a167-81a44771847c c208bc2e7cd24685936cbcb54518d479 7ff36d0d1f80468d916bb1c141236195 - - default default] Successfully bumped revision number for resource 2b747e36-e37f-4d89-85fe-ac992c258e17 (type: security_group_rules) to 0
2026-06-09 18:25:07.213 9 INFO neutron.db.ovn_revision_numbers_db [None req-896b6278-d57e-4b49-a167-81a44771847c c208bc2e7cd24685936cbcb54518d479 7ff36d0d1f80468d916bb1c141236195 - - default default] Successfully bumped revision number for resource 7a4a7c47-f126-4f83-8203-f6816dbe5cd3 (type: security_group_rules) to 0
2026-06-09 18:25:07.231 9 INFO neutron.db.ovn_revision_numbers_db [None req-896b6278-d57e-4b49-a167-81a44771847c c208bc2e7cd24685936cbcb54518d479 7ff36d0d1f80468d916bb1c141236195 - - default default] Successfully bumped revision number for resource dacaabd8-00f7-429d-858f-35145718f177 (type: security_group_rules) to 0
2026-06-09 18:25:07.248 9 INFO neutron.db.ovn_revision_numbers_db [None req-896b6278-d57e-4b49-a167-81a44771847c c208bc2e7cd24685936cbcb54518d479 7ff36d0d1f80468d916bb1c141236195 - - default default] Successfully bumped revision number for resource e0801717-588f-41f0-9cdf-02e35c55baa1 (type: security_group_rules) to 0
2026-06-09 18:25:07.272 9 INFO neutron.wsgi [None req-896b6278-d57e-4b49-a167-81a44771847c c208bc2e7cd24685936cbcb54518d479 7ff36d0d1f80468d916bb1c141236195 - - default default] 10.0.0.138 "GET /v2.0/security-groups?tenant_id=f81f249a35a14e09add7cfb645e47585&name=default HTTP/1.1" status: 200 len: 3000 time: 0.2197762
2026-06-09 18:25:07.511 10 INFO neutron.wsgi [None req-30ad263d-7db6-4b8c-8c2f-70b52a26d241 c208bc2e7cd24685936cbcb54518d479 7ff36d0d1f80468d916bb1c141236195 - - default default] 10.0.0.138 "DELETE /v2.0/security-groups/83469205-9058-4e0b-9442-cb4434f4a891 HTTP/1.1" status: 204 len: 168 time: 0.2339852
2026-06-09 18:25:07.803 9 INFO neutron.db.ovn_revision_numbers_db [None req-26028434-f867-4dc1-bdaf-298000616716 c208bc2e7cd24685936cbcb54518d479 7ff36d0d1f80468d916bb1c141236195 - - default default] Successfully bumped revision number for resource b8dad273-80c2-4d96-a031-2e5169940d5a (type: security_groups) to 1
2026-06-09 18:25:07.818 9 INFO neutron.db.ovn_revision_numbers_db [None req-26028434-f867-4dc1-bdaf-298000616716 c208bc2e7cd24685936cbcb54518d479 7ff36d0d1f80468d916bb1c141236195 - - default default] Successfully bumped revision number for resource 289e5eaf-ccb7-4fe6-ab60-42ddf9e0efcf (type: security_group_rules) to 0
2026-06-09 18:25:07.831 9 INFO neutron.db.ovn_revision_numbers_db [None req-26028434-f867-4dc1-bdaf-298000616716 c208bc2e7cd24685936cbcb54518d479 7ff36d0d1f80468d916bb1c141236195 - - default default] Successfully bumped revision number for resource 6b8c4e0e-096d-4000-b527-708531bf002e (type: security_group_rules) to 0
2026-06-09 18:25:07.848 9 INFO neutron.db.ovn_revision_numbers_db [None req-26028434-f867-4dc1-bdaf-298000616716 c208bc2e7cd24685936cbcb54518d479 7ff36d0d1f80468d916bb1c141236195 - - default default] Successfully bumped revision number for resource 9696ba1f-25ef-4b3b-b8c8-c597680e2a07 (type: security_group_rules) to 0
2026-06-09 18:25:07.865 9 INFO neutron.db.ovn_revision_numbers_db [None req-26028434-f867-4dc1-bdaf-298000616716 c208bc2e7cd24685936cbcb54518d479 7ff36d0d1f80468d916bb1c141236195 - - default default] Successfully bumped revision number for resource de582a4a-e48d-4bd7-9428-3850ecfc6dd7 (type: security_group_rules) to 0
2026-06-09 18:25:07.894 9 INFO neutron.wsgi [None req-26028434-f867-4dc1-bdaf-298000616716 c208bc2e7cd24685936cbcb54518d479 7ff36d0d1f80468d916bb1c141236195 - - default default] 10.0.0.138 "GET /v2.0/security-groups?tenant_id=b0a4c5ed2b4441c484d23860cb599f34&name=default HTTP/1.1" status: 200 len: 3000 time: 0.2042584
2026-06-09 18:25:08.107 9 INFO neutron.wsgi [None req-800316db-2e34-4db1-80e7-f9f092dd312d c208bc2e7cd24685936cbcb54518d479 7ff36d0d1f80468d916bb1c141236195 - - default default] 10.0.0.138 "DELETE /v2.0/security-groups/b8dad273-80c2-4d96-a031-2e5169940d5a HTTP/1.1" status: 204 len: 168 time: 0.2079675
2026-06-09 18:25:10.366 9 INFO neutron.wsgi [None req-d13ec373-6f0c-4854-9c22-e01ecb8a0e88 c208bc2e7cd24685936cbcb54518d479 7ff36d0d1f80468d916bb1c141236195 - - default default] 10.0.0.196 "GET /v2.0/extensions/security-group HTTP/1.1" status: 200 len: 369 time: 0.0082817
2026-06-09 18:25:10.376 9 INFO neutron.wsgi [None req-8cb7ab97-ae18-45cf-97c3-3e27236e59ca c208bc2e7cd24685936cbcb54518d479 7ff36d0d1f80468d916bb1c141236195 - - default default] 10.0.0.196 "GET /v2.0/extensions/dns-integration HTTP/1.1" status: 200 len: 371 time: 0.0048463
2026-06-09 18:25:10.385 9 INFO neutron.wsgi [None req-437751ba-632c-43de-9065-afa97d05662f c208bc2e7cd24685936cbcb54518d479 7ff36d0d1f80468d916bb1c141236195 - - default default] 10.0.0.196 "GET /v2.0/extensions/qos HTTP/1.1" status: 200 len: 365 time: 0.0044527
2026-06-09 18:25:10.394 9 INFO neutron.wsgi [None req-63a8af54-52de-40c9-bd47-991a58a25d7f c208bc2e7cd24685936cbcb54518d479 7ff36d0d1f80468d916bb1c141236195 - - default default] 10.0.0.196 "GET /v2.0/extensions/allowed-address-pairs HTTP/1.1" status: 200 len: 383 time: 0.0046771
2026-06-09 18:25:10.779 10 INFO neutron.wsgi [-] 10.0.0.196 "GET / HTTP/1.1" status: 200 len: 284 time: 0.0032277
2026-06-09 18:25:10.836 10 INFO neutron.wsgi [None req-e85c8551-ce49-4948-9548-72bfdffc7d58 9e0ef7af7b3543438a6904a471454bbf 2a5bad0c8f8e460faa5c31f42ecfc45d - - default default] 10.0.0.196 "GET /v2.0/subnets/0293c7b1-5c7b-4564-94c7-f7f326874542 HTTP/1.1" status: 200 len: 830 time: 0.0378795
2026-06-09 18:25:11.356 9 WARNING neutron_lib.context [None req-f36727a6-8709-46d6-909c-034be0f618ec 819c3b93c7b040a9bf5411c5b640902c 0952409d8a2e4c4e984ebedb47502a2c - - default default] Method 'is_advsvc' is deprecated since 2023.2 release (neutron-lib 3.8.0) and will be removed once support for the old RBAC API policies will be removed from Neutron. Please use method 'is_service_role' instead.
2026-06-09 18:25:11.494 9 INFO neutron.db.ovn_revision_numbers_db [None req-f36727a6-8709-46d6-909c-034be0f618ec 819c3b93c7b040a9bf5411c5b640902c 0952409d8a2e4c4e984ebedb47502a2c - - default default] Successfully bumped revision number for resource 7b63aa36-fd37-4341-926a-586b5a4d5773 (type: security_groups) to 1
2026-06-09 18:25:11.518 9 INFO neutron.db.ovn_revision_numbers_db [None req-f36727a6-8709-46d6-909c-034be0f618ec 819c3b93c7b040a9bf5411c5b640902c 0952409d8a2e4c4e984ebedb47502a2c - - default default] Successfully bumped revision number for resource 0a159d33-cc0a-4e9a-877c-8da913345c9b (type: security_group_rules) to 0
2026-06-09 18:25:11.545 9 INFO neutron.db.ovn_revision_numbers_db [None req-f36727a6-8709-46d6-909c-034be0f618ec 819c3b93c7b040a9bf5411c5b640902c 0952409d8a2e4c4e984ebedb47502a2c - - default default] Successfully bumped revision number for resource 522e38cc-719c-42aa-b963-17afcdc3fa84 (type: security_group_rules) to 0
2026-06-09 18:25:11.562 9 INFO neutron.db.ovn_revision_numbers_db [None req-f36727a6-8709-46d6-909c-034be0f618ec 819c3b93c7b040a9bf5411c5b640902c 0952409d8a2e4c4e984ebedb47502a2c - - default default] Successfully bumped revision number for resource 6d2e7e78-bd42-4e4e-96fa-dd1fd70a098e (type: security_group_rules) to 0
2026-06-09 18:25:11.586 9 INFO neutron.db.ovn_revision_numbers_db [None req-f36727a6-8709-46d6-909c-034be0f618ec 819c3b93c7b040a9bf5411c5b640902c 0952409d8a2e4c4e984ebedb47502a2c - - default default] Successfully bumped revision number for resource e6ab6768-4760-4705-9d4d-aee20796c565 (type: security_group_rules) to 0
2026-06-09 18:25:11.668 9 INFO neutron.db.segments_db [None req-f36727a6-8709-46d6-909c-034be0f618ec 819c3b93c7b040a9bf5411c5b640902c 0952409d8a2e4c4e984ebedb47502a2c - - default default] Added segment 3705fd05-2603-4748-b8da-5f75e04e6966 of type geneve for network 67086e3c-c258-4aef-a654-68bb6844835c
2026-06-09 18:25:11.823 9 INFO neutron.db.ovn_revision_numbers_db [None req-f36727a6-8709-46d6-909c-034be0f618ec 819c3b93c7b040a9bf5411c5b640902c 0952409d8a2e4c4e984ebedb47502a2c - - default default] Successfully bumped revision number for resource 67086e3c-c258-4aef-a654-68bb6844835c (type: networks) to 1
2026-06-09 18:25:12.020 9 WARNING neutron.scheduler.dhcp_agent_scheduler [None req-f36727a6-8709-46d6-909c-034be0f618ec 819c3b93c7b040a9bf5411c5b640902c 0952409d8a2e4c4e984ebedb47502a2c - - default default] No more DHCP agents
2026-06-09 18:25:12.024 9 WARNING neutron.api.rpc.agentnotifiers.dhcp_rpc_agent_api [None req-f36727a6-8709-46d6-909c-034be0f618ec 819c3b93c7b040a9bf5411c5b640902c 0952409d8a2e4c4e984ebedb47502a2c - - default default] Unable to schedule network 67086e3c-c258-4aef-a654-68bb6844835c: no agents available; will retry on subsequent port and subnet creation events.
2026-06-09 18:25:12.163 9 INFO neutron.db.ovn_revision_numbers_db [None req-f36727a6-8709-46d6-909c-034be0f618ec 819c3b93c7b040a9bf5411c5b640902c 0952409d8a2e4c4e984ebedb47502a2c - - default default] Successfully bumped revision number for resource 98c6f1c0-d89d-43dc-aaf2-7e79031e0191 (type: ports) to 1
2026-06-09 18:25:12.199 9 INFO neutron.wsgi [None req-f36727a6-8709-46d6-909c-034be0f618ec 819c3b93c7b040a9bf5411c5b640902c 0952409d8a2e4c4e984ebedb47502a2c - - default default] 10.0.0.138 "POST /v2.0/networks HTTP/1.1" status: 201 len: 831 time: 0.9754291
2026-06-09 18:25:12.211 9 WARNING neutron_lib.context [None req-e3917fb0-3f46-408b-b84d-e8ffe061eebe 819c3b93c7b040a9bf5411c5b640902c 0952409d8a2e4c4e984ebedb47502a2c - - default default] Method 'is_advsvc' is deprecated since 2023.2 release (neutron-lib 3.8.0) and will be removed once support for the old RBAC API policies will be removed from Neutron. Please use method 'is_service_role' instead.
2026-06-09 18:25:12.475 9 WARNING neutron.scheduler.dhcp_agent_scheduler [None req-e3917fb0-3f46-408b-b84d-e8ffe061eebe 819c3b93c7b040a9bf5411c5b640902c 0952409d8a2e4c4e984ebedb47502a2c - - default default] No more DHCP agents
2026-06-09 18:25:12.477 9 WARNING neutron.api.rpc.agentnotifiers.dhcp_rpc_agent_api [None req-e3917fb0-3f46-408b-b84d-e8ffe061eebe 819c3b93c7b040a9bf5411c5b640902c 0952409d8a2e4c4e984ebedb47502a2c - - default default] Unable to schedule network 67086e3c-c258-4aef-a654-68bb6844835c: no agents available; will retry on subsequent port and subnet creation events.
2026-06-09 18:25:12.524 10 INFO neutron.wsgi [None req-d18724b9-a689-40db-9bb2-9ff97876e6e5 c208bc2e7cd24685936cbcb54518d479 7ff36d0d1f80468d916bb1c141236195 - - default default] 199.204.45.157 "GET /v2.0/extensions/security-group HTTP/1.1" status: 200 len: 369 time: 0.0597019
2026-06-09 18:25:12.548 10 INFO neutron.wsgi [None req-451f0aea-cc56-49cc-a9e2-777fc40c4abe c208bc2e7cd24685936cbcb54518d479 7ff36d0d1f80468d916bb1c141236195 - - default default] 199.204.45.157 "GET /v2.0/extensions/dns-integration HTTP/1.1" status: 200 len: 371 time: 0.0120933
2026-06-09 18:25:12.559 10 INFO neutron.wsgi [None req-452028b3-3386-45da-b413-f9fdaa17bbb7 c208bc2e7cd24685936cbcb54518d479 7ff36d0d1f80468d916bb1c141236195 - - default default] 199.204.45.157 "GET /v2.0/extensions/qos HTTP/1.1" status: 200 len: 365 time: 0.0042307
2026-06-09 18:25:12.565 9 INFO neutron.db.ovn_revision_numbers_db [None req-e3917fb0-3f46-408b-b84d-e8ffe061eebe 819c3b93c7b040a9bf5411c5b640902c 0952409d8a2e4c4e984ebedb47502a2c - - default default] Successfully bumped revision number for resource 8e154bee-3e3f-4807-8db0-75a78fa5e26e (type: ports) to 1
2026-06-09 18:25:12.567 10 INFO neutron.wsgi [None req-4e6c3e17-e3d4-484a-8132-b5b80447d5d9 c208bc2e7cd24685936cbcb54518d479 7ff36d0d1f80468d916bb1c141236195 - - default default] 199.204.45.157 "GET /v2.0/extensions/allowed-address-pairs HTTP/1.1" status: 200 len: 383 time: 0.0052238
2026-06-09 18:25:12.587 9 INFO neutron.wsgi [None req-e3917fb0-3f46-408b-b84d-e8ffe061eebe 819c3b93c7b040a9bf5411c5b640902c 0952409d8a2e4c4e984ebedb47502a2c - - default default] 10.0.0.138 "POST /v2.0/ports HTTP/1.1" status: 201 len: 942 time: 0.3799229 /var/lib/openstack/lib/python3.10/site-packages/pycadf/identifier.py:71: UserWarning: Invalid uuid: neutron. To ensure interoperability, identifiers should be a valid uuid. warnings.warn(('Invalid uuid: %s. To ensure interoperability, '
2026-06-09 18:25:12.651 9 INFO neutron.wsgi [None req-123d91f2-34ee-47d5-b61d-f1526542bf78 819c3b93c7b040a9bf5411c5b640902c 0952409d8a2e4c4e984ebedb47502a2c - - default default] 10.0.0.138 "PUT /v2.0/ports/8e154bee-3e3f-4807-8db0-75a78fa5e26e/tags HTTP/1.1" status: 200 len: 218 time: 0.0548773
2026-06-09 18:25:12.693 9 INFO neutron.wsgi [None req-4b9e00cc-2386-4146-b198-14a417b7cc4d 819c3b93c7b040a9bf5411c5b640902c 0952409d8a2e4c4e984ebedb47502a2c - - default default] 10.0.0.138 "GET /v2.0/ports/8e154bee-3e3f-4807-8db0-75a78fa5e26e/tags HTTP/1.1" status: 200 len: 218 time: 0.0349376
2026-06-09 18:25:12.729 10 INFO neutron.wsgi [None req-32cac82a-a9c1-4455-aa16-0cd08062846b c208bc2e7cd24685936cbcb54518d479 7ff36d0d1f80468d916bb1c141236195 - - default default] 199.204.45.157 "GET /v2.0/subnets/0293c7b1-5c7b-4564-94c7-f7f326874542 HTTP/1.1" status: 200 len: 848 time: 0.0499773
2026-06-09 18:25:12.753 9 INFO neutron.wsgi [None req-78641d9a-b4a1-47cf-8a78-640362c24f8a 819c3b93c7b040a9bf5411c5b640902c 0952409d8a2e4c4e984ebedb47502a2c - - default default] 10.0.0.138 "PUT /v2.0/ports/8e154bee-3e3f-4807-8db0-75a78fa5e26e/tags/green HTTP/1.1" status: 201 len: 201 time: 0.0539296
2026-06-09 18:25:12.787 10 INFO neutron.wsgi [None req-fa046cab-f532-4967-97ac-5af7d5c0c1c4 c208bc2e7cd24685936cbcb54518d479 7ff36d0d1f80468d916bb1c141236195 - - default default] 199.204.45.157 "GET /v2.0/ports?device_id=f227e230-45f4-4005-b002-6da77ef2254e HTTP/1.1" status: 200 len: 2723 time: 0.0509262
2026-06-09 18:25:12.801 10 INFO neutron.wsgi [None req-e3455515-a942-4a11-8dae-a608e810f8e6 819c3b93c7b040a9bf5411c5b640902c 0952409d8a2e4c4e984ebedb47502a2c - - default default] 10.0.0.138 "GET /v2.0/ports/8e154bee-3e3f-4807-8db0-75a78fa5e26e/tags HTTP/1.1" status: 200 len: 227 time: 0.0432968
2026-06-09 18:25:12.843 10 INFO neutron.wsgi [None req-8855e017-7565-4019-8ebc-95d25272500f 819c3b93c7b040a9bf5411c5b640902c 0952409d8a2e4c4e984ebedb47502a2c - - default default] 10.0.0.138 "PUT /v2.0/ports/8e154bee-3e3f-4807-8db0-75a78fa5e26e/tags/red HTTP/1.1" status: 201 len: 201 time: 0.0351152
