2026-06-09 18:23:41.372 9 INFO neutron.wsgi [req-b3d5f333-5869-4bda-96d8-1a5d9e036457 req-14bfa93e-9ca3-4822-ad48-4ac7609910fc b47c0b7c98b846df9890bab7498fd0aa ad6a4df0ef014444880e444ee34f74bf - - 2b4bb9ba05f143faa2b548f35197875c 2b4bb9ba05f143faa2b548f35197875c] 199.204.45.157 "GET /v2.0/subnets?id=32a8f082-0917-4d6a-a3d4-ec71e17d40f6&id=bee49f9c-0fb9-456e-802a-28e99649c623 HTTP/1.1" status: 200 len: 1566 time: 0.0629816
2026-06-09 18:23:41.408 9 INFO neutron.wsgi [req-b3d5f333-5869-4bda-96d8-1a5d9e036457 req-9225f2b7-7b47-4362-9f0c-739682fdf10f b47c0b7c98b846df9890bab7498fd0aa ad6a4df0ef014444880e444ee34f74bf - - 2b4bb9ba05f143faa2b548f35197875c 2b4bb9ba05f143faa2b548f35197875c] 199.204.45.157 "GET /v2.0/ports?network_id=902f079e-7363-490d-babc-8f4c3046a2b2&device_owner=network%3Adhcp HTTP/1.1" status: 200 len: 210 time: 0.0303571
2026-06-09 18:23:41.429 10 INFO neutron.db.ovn_revision_numbers_db [None req-72603fd0-e7ac-460e-bc28-73315fecee88 c208bc2e7cd24685936cbcb54518d479 7ff36d0d1f80468d916bb1c141236195 - - default default] Successfully bumped revision number for resource 7285791f-f3ed-468e-87a2-a53e7bfb35d1 (type: router_ports) to 1
2026-06-09 18:23:41.432 10 INFO neutron.wsgi [None req-72603fd0-e7ac-460e-bc28-73315fecee88 c208bc2e7cd24685936cbcb54518d479 7ff36d0d1f80468d916bb1c141236195 - - default default] 10.0.0.138 "PUT /v2.0/routers/0a6300f9-0736-4272-ab56-c47055cc0d2e/add_router_interface HTTP/1.1" status: 200 len: 503 time: 2.8632770
2026-06-09 18:23:41.441 9 INFO neutron.wsgi [req-b3d5f333-5869-4bda-96d8-1a5d9e036457 req-50681189-b008-450f-9796-9b0adb9d9881 b47c0b7c98b846df9890bab7498fd0aa ad6a4df0ef014444880e444ee34f74bf - - 2b4bb9ba05f143faa2b548f35197875c 2b4bb9ba05f143faa2b548f35197875c] 199.204.45.157 "GET /v2.0/ports?network_id=902f079e-7363-490d-babc-8f4c3046a2b2&device_owner=network%3Adhcp HTTP/1.1" status: 200 len: 210 time: 0.0197947
2026-06-09 18:23:41.458 9 INFO neutron.db.ovn_revision_numbers_db [None req-0ac23db8-f893-4d1f-a7c3-6591ff039c01 - - - - - -] Successfully bumped revision number for resource 7285791f-f3ed-468e-87a2-a53e7bfb35d1 (type: router_ports) to 2
2026-06-09 18:23:41.550 9 INFO neutron.wsgi [req-b3d5f333-5869-4bda-96d8-1a5d9e036457 req-722cc1dd-d5a6-4d74-80e8-c08786691be3 b47c0b7c98b846df9890bab7498fd0aa ad6a4df0ef014444880e444ee34f74bf - - 2b4bb9ba05f143faa2b548f35197875c 2b4bb9ba05f143faa2b548f35197875c] 199.204.45.157 "GET /v2.0/networks/902f079e-7363-490d-babc-8f4c3046a2b2?fields=segments HTTP/1.1" status: 200 len: 212 time: 0.1000721
2026-06-09 18:23:41.650 9 INFO neutron.wsgi [req-b3d5f333-5869-4bda-96d8-1a5d9e036457 req-d8f4ac4c-e73b-4bf0-ac08-fcfbb9c66d74 b47c0b7c98b846df9890bab7498fd0aa ad6a4df0ef014444880e444ee34f74bf - - 2b4bb9ba05f143faa2b548f35197875c 2b4bb9ba05f143faa2b548f35197875c] 199.204.45.157 "GET /v2.0/networks/902f079e-7363-490d-babc-8f4c3046a2b2?fields=provider%3Aphysical_network&fields=provider%3Anetwork_type HTTP/1.1" status: 200 len: 277 time: 0.0934243
2026-06-09 18:23:42.235 9 WARNING neutron_lib.context [None req-a6034a16-8a30-4e62-8a7c-c5bbe07cc320 ca1c8ba95c924f59b50c6725637cd2a4 4bb7756c95ed490ba98d0da1836573f4 - - default default] Method 'is_advsvc' is deprecated since 2023.2 release (neutron-lib 3.8.0) and will be removed once support for the old RBAC API policies will be removed from Neutron. Please use method 'is_service_role' instead.
2026-06-09 18:23:42.369 9 INFO neutron.db.ovn_revision_numbers_db [None req-a6034a16-8a30-4e62-8a7c-c5bbe07cc320 ca1c8ba95c924f59b50c6725637cd2a4 4bb7756c95ed490ba98d0da1836573f4 - - default default] Successfully bumped revision number for resource 15fc335e-8c70-44b0-ac12-865ac1a54147 (type: security_groups) to 1
2026-06-09 18:23:42.391 9 INFO neutron.db.ovn_revision_numbers_db [None req-a6034a16-8a30-4e62-8a7c-c5bbe07cc320 ca1c8ba95c924f59b50c6725637cd2a4 4bb7756c95ed490ba98d0da1836573f4 - - default default] Successfully bumped revision number for resource 11ce48f2-7c98-403f-a5f0-779312b19832 (type: security_group_rules) to 0
2026-06-09 18:23:42.418 9 INFO neutron.db.ovn_revision_numbers_db [None req-a6034a16-8a30-4e62-8a7c-c5bbe07cc320 ca1c8ba95c924f59b50c6725637cd2a4 4bb7756c95ed490ba98d0da1836573f4 - - default default] Successfully bumped revision number for resource 48305681-f7ca-444a-a546-833a86bda63a (type: security_group_rules) to 0
2026-06-09 18:23:42.440 9 INFO neutron.wsgi [None req-a6034a16-8a30-4e62-8a7c-c5bbe07cc320 ca1c8ba95c924f59b50c6725637cd2a4 4bb7756c95ed490ba98d0da1836573f4 - - default default] 10.0.0.138 "POST /v2.0/security-groups HTTP/1.1" status: 201 len: 1811 time: 0.2116318
2026-06-09 18:23:42.451 10 WARNING neutron_lib.context [None req-95f7caac-f69a-4896-a4a0-51040514e169 ca1c8ba95c924f59b50c6725637cd2a4 4bb7756c95ed490ba98d0da1836573f4 - - default default] Method 'is_advsvc' is deprecated since 2023.2 release (neutron-lib 3.8.0) and will be removed once support for the old RBAC API policies will be removed from Neutron. Please use method 'is_service_role' instead.
2026-06-09 18:23:42.594 10 INFO neutron.db.ovn_revision_numbers_db [None req-95f7caac-f69a-4896-a4a0-51040514e169 ca1c8ba95c924f59b50c6725637cd2a4 4bb7756c95ed490ba98d0da1836573f4 - - default default] Successfully bumped revision number for resource c6d06e51-0963-4a72-b838-635d59c62d29 (type: security_group_rules) to 0
2026-06-09 18:23:42.626 10 INFO neutron.wsgi [None req-95f7caac-f69a-4896-a4a0-51040514e169 ca1c8ba95c924f59b50c6725637cd2a4 4bb7756c95ed490ba98d0da1836573f4 - - default default] 10.0.0.138 "POST /v2.0/security-group-rules HTTP/1.1" status: 201 len: 764 time: 0.1807063
2026-06-09 18:23:42.636 9 WARNING neutron_lib.context [None req-81c4121f-87aa-48e3-af10-9c2568258b87 ca1c8ba95c924f59b50c6725637cd2a4 4bb7756c95ed490ba98d0da1836573f4 - - default default] Method 'is_advsvc' is deprecated since 2023.2 release (neutron-lib 3.8.0) and will be removed once support for the old RBAC API policies will be removed from Neutron. Please use method 'is_service_role' instead.
2026-06-09 18:23:42.771 9 INFO neutron.db.ovn_revision_numbers_db [None req-81c4121f-87aa-48e3-af10-9c2568258b87 ca1c8ba95c924f59b50c6725637cd2a4 4bb7756c95ed490ba98d0da1836573f4 - - default default] Successfully bumped revision number for resource 35779569-ac15-4434-9511-7aaf87b7af65 (type: security_group_rules) to 0
2026-06-09 18:23:42.794 9 INFO neutron.wsgi [None req-81c4121f-87aa-48e3-af10-9c2568258b87 ca1c8ba95c924f59b50c6725637cd2a4 4bb7756c95ed490ba98d0da1836573f4 - - default default] 10.0.0.138 "POST /v2.0/security-group-rules HTTP/1.1" status: 201 len: 763 time: 0.1636798
2026-06-09 18:23:42.805 9 WARNING neutron_lib.context [None req-c84aef17-d3ac-4e11-8ad2-857e1d994631 ca1c8ba95c924f59b50c6725637cd2a4 4bb7756c95ed490ba98d0da1836573f4 - - default default] Method 'is_advsvc' is deprecated since 2023.2 release (neutron-lib 3.8.0) and will be removed once support for the old RBAC API policies will be removed from Neutron. Please use method 'is_service_role' instead.
2026-06-09 18:23:42.908 9 INFO neutron.db.ovn_revision_numbers_db [None req-c84aef17-d3ac-4e11-8ad2-857e1d994631 ca1c8ba95c924f59b50c6725637cd2a4 4bb7756c95ed490ba98d0da1836573f4 - - default default] Successfully bumped revision number for resource 45b022dc-68f4-43aa-9c7b-02a11ad4759d (type: security_group_rules) to 0
2026-06-09 18:23:42.931 9 INFO neutron.wsgi [None req-c84aef17-d3ac-4e11-8ad2-857e1d994631 ca1c8ba95c924f59b50c6725637cd2a4 4bb7756c95ed490ba98d0da1836573f4 - - default default] 10.0.0.138 "POST /v2.0/security-group-rules HTTP/1.1" status: 201 len: 769 time: 0.1311932
2026-06-09 18:23:42.941 9 WARNING neutron_lib.context [None req-1c974758-4c36-4a80-b56c-a036aa9db923 ca1c8ba95c924f59b50c6725637cd2a4 4bb7756c95ed490ba98d0da1836573f4 - - default default] Method 'is_advsvc' is deprecated since 2023.2 release (neutron-lib 3.8.0) and will be removed once support for the old RBAC API policies will be removed from Neutron. Please use method 'is_service_role' instead.
2026-06-09 18:23:43.045 9 INFO neutron.db.ovn_revision_numbers_db [None req-1c974758-4c36-4a80-b56c-a036aa9db923 ca1c8ba95c924f59b50c6725637cd2a4 4bb7756c95ed490ba98d0da1836573f4 - - default default] Successfully bumped revision number for resource 1db38379-6b97-4ae0-912e-5b0df14d0fd0 (type: security_group_rules) to 0
2026-06-09 18:23:43.068 9 INFO neutron.wsgi [None req-1c974758-4c36-4a80-b56c-a036aa9db923 ca1c8ba95c924f59b50c6725637cd2a4 4bb7756c95ed490ba98d0da1836573f4 - - default default] 10.0.0.138 "POST /v2.0/security-group-rules HTTP/1.1" status: 201 len: 768 time: 0.1317456
2026-06-09 18:23:43.076 9 WARNING neutron_lib.context [None req-7a96651f-f19f-4901-84a8-72cd94a660c6 ca1c8ba95c924f59b50c6725637cd2a4 4bb7756c95ed490ba98d0da1836573f4 - - default default] Method 'is_advsvc' is deprecated since 2023.2 release (neutron-lib 3.8.0) and will be removed once support for the old RBAC API policies will be removed from Neutron. Please use method 'is_service_role' instead.
2026-06-09 18:23:43.092 9 INFO neutron.db.securitygroups_db [None req-7a96651f-f19f-4901-84a8-72cd94a660c6 ca1c8ba95c924f59b50c6725637cd2a4 4bb7756c95ed490ba98d0da1836573f4 - - default default] Project 4bb7756c95ed490ba98d0da1836573f4 added a security group rule with legacy IPv6 ICMP protocol name icmp, ipv6-icmp should be used instead. It was automatically converted.
2026-06-09 18:23:43.177 9 INFO neutron.db.ovn_revision_numbers_db [None req-7a96651f-f19f-4901-84a8-72cd94a660c6 ca1c8ba95c924f59b50c6725637cd2a4 4bb7756c95ed490ba98d0da1836573f4 - - default default] Successfully bumped revision number for resource 37004364-f816-486f-9112-61fe4efb8fc6 (type: security_group_rules) to 0
2026-06-09 18:23:43.200 9 INFO neutron.wsgi [None req-7a96651f-f19f-4901-84a8-72cd94a660c6 ca1c8ba95c924f59b50c6725637cd2a4 4bb7756c95ed490ba98d0da1836573f4 - - default default] 10.0.0.138 "POST /v2.0/security-group-rules HTTP/1.1" status: 201 len: 774 time: 0.1280205
2026-06-09 18:23:43.210 9 WARNING neutron_lib.context [None req-297063eb-6d13-4a23-9454-d3e5718f9261 ca1c8ba95c924f59b50c6725637cd2a4 4bb7756c95ed490ba98d0da1836573f4 - - default default] Method 'is_advsvc' is deprecated since 2023.2 release (neutron-lib 3.8.0) and will be removed once support for the old RBAC API policies will be removed from Neutron. Please use method 'is_service_role' instead.
2026-06-09 18:23:43.230 9 INFO neutron.db.securitygroups_db [None req-297063eb-6d13-4a23-9454-d3e5718f9261 ca1c8ba95c924f59b50c6725637cd2a4 4bb7756c95ed490ba98d0da1836573f4 - - default default] Project 4bb7756c95ed490ba98d0da1836573f4 added a security group rule with legacy IPv6 ICMP protocol name icmp, ipv6-icmp should be used instead. It was automatically converted.
2026-06-09 18:23:43.335 9 INFO neutron.db.ovn_revision_numbers_db [None req-297063eb-6d13-4a23-9454-d3e5718f9261 ca1c8ba95c924f59b50c6725637cd2a4 4bb7756c95ed490ba98d0da1836573f4 - - default default] Successfully bumped revision number for resource 2ab8c494-84bc-4119-a7d1-aec1e8c24623 (type: security_group_rules) to 0
2026-06-09 18:23:43.359 9 INFO neutron.wsgi [None req-297063eb-6d13-4a23-9454-d3e5718f9261 ca1c8ba95c924f59b50c6725637cd2a4 4bb7756c95ed490ba98d0da1836573f4 - - default default] 10.0.0.138 "POST /v2.0/security-group-rules HTTP/1.1" status: 201 len: 773 time: 0.1534572
2026-06-09 18:23:43.714 10 INFO neutron.wsgi [None req-70654bb4-e974-4f20-b101-1195905e92e8 181e34adc5514fe3868cb35f21f2e70f d6e1cc150589499db3302a438a0017b0 - - default default] 10.0.0.138 "GET /v2.0/ports?project_id=1161bd318acc4518b300e28908728b40&network_id=2c69f8ea-6f4b-4167-b4c0-545c28c14c6c HTTP/1.1" status: 200 len: 3514 time: 0.0781627
2026-06-09 18:23:43.727 10 WARNING neutron_lib.context [None req-1c428bc4-c523-491b-a0a9-f6dfa87b0f5c ca1c8ba95c924f59b50c6725637cd2a4 4bb7756c95ed490ba98d0da1836573f4 - - default default] Method 'is_advsvc' is deprecated since 2023.2 release (neutron-lib 3.8.0) and will be removed once support for the old RBAC API policies will be removed from Neutron. Please use method 'is_service_role' instead.
2026-06-09 18:23:43.950 9 INFO neutron.wsgi [None req-36463e87-d889-46aa-a40b-21aad8e2814e 181e34adc5514fe3868cb35f21f2e70f d6e1cc150589499db3302a438a0017b0 - - default default] 10.0.0.138 "GET /v2.0/subnets?network_id=84b399a5-4a6f-41f5-aa88-eab5f3dde944 HTTP/1.1" status: 200 len: 838 time: 0.0378482
2026-06-09 18:23:44.037 10 INFO neutron.db.ovn_revision_numbers_db [None req-1c428bc4-c523-491b-a0a9-f6dfa87b0f5c ca1c8ba95c924f59b50c6725637cd2a4 4bb7756c95ed490ba98d0da1836573f4 - - default default] Successfully bumped revision number for resource 7a2662fc-0337-463e-b37d-97b5e8669554 (type: security_groups) to 1
2026-06-09 18:23:44.050 10 INFO neutron.db.ovn_revision_numbers_db [None req-1c428bc4-c523-491b-a0a9-f6dfa87b0f5c ca1c8ba95c924f59b50c6725637cd2a4 4bb7756c95ed490ba98d0da1836573f4 - - default default] Successfully bumped revision number for resource b4ed6db9-0dff-467b-a36b-5220a6bc32a7 (type: security_group_rules) to 0
2026-06-09 18:23:44.063 10 INFO neutron.db.ovn_revision_numbers_db [None req-1c428bc4-c523-491b-a0a9-f6dfa87b0f5c ca1c8ba95c924f59b50c6725637cd2a4 4bb7756c95ed490ba98d0da1836573f4 - - default default] Successfully bumped revision number for resource df216117-46d2-450d-aee1-e2743e2ff9e9 (type: security_group_rules) to 0
2026-06-09 18:23:44.080 10 INFO neutron.wsgi [None req-1c428bc4-c523-491b-a0a9-f6dfa87b0f5c ca1c8ba95c924f59b50c6725637cd2a4 4bb7756c95ed490ba98d0da1836573f4 - - default default] 10.0.0.138 "POST /v2.0/security-groups HTTP/1.1" status: 201 len: 1794 time: 0.3596539
2026-06-09 18:23:44.089 10 WARNING neutron_lib.context [None req-7294eaac-aca0-4e33-94fd-7f4aa93714d1 ca1c8ba95c924f59b50c6725637cd2a4 4bb7756c95ed490ba98d0da1836573f4 - - default default] Method 'is_advsvc' is deprecated since 2023.2 release (neutron-lib 3.8.0) and will be removed once support for the old RBAC API policies will be removed from Neutron. Please use method 'is_service_role' instead.
2026-06-09 18:23:44.213 10 INFO neutron.db.ovn_revision_numbers_db [None req-7294eaac-aca0-4e33-94fd-7f4aa93714d1 ca1c8ba95c924f59b50c6725637cd2a4 4bb7756c95ed490ba98d0da1836573f4 - - default default] Successfully bumped revision number for resource 86b3f5d8-bd9b-4c47-b1f2-5fa6d8b91f39 (type: security_group_rules) to 0
2026-06-09 18:23:44.246 10 INFO neutron.wsgi [None req-7294eaac-aca0-4e33-94fd-7f4aa93714d1 ca1c8ba95c924f59b50c6725637cd2a4 4bb7756c95ed490ba98d0da1836573f4 - - default default] 10.0.0.138 "POST /v2.0/security-group-rules HTTP/1.1" status: 201 len: 764 time: 0.1604948
2026-06-09 18:23:44.260 10 WARNING neutron_lib.context [None req-ebcc55d2-717a-4296-9647-60edd747138a ca1c8ba95c924f59b50c6725637cd2a4 4bb7756c95ed490ba98d0da1836573f4 - - default default] Method 'is_advsvc' is deprecated since 2023.2 release (neutron-lib 3.8.0) and will be removed once support for the old RBAC API policies will be removed from Neutron. Please use method 'is_service_role' instead.
2026-06-09 18:23:44.320 10 INFO neutron.db.l3_db [None req-1b6fde98-fc1b-4e64-8b52-30ad77b7df2c 7f93c6c13fc5489b8d6c736ff3776354 1161bd318acc4518b300e28908728b40 - - default default] Floating IP 6d4e82a1-a0d1-4e4f-b3e8-0602b1fd7a0b disassociated. External IP: 10.96.250.212, port: 7e85fb0f-738c-4706-9333-735afcc12b24.
2026-06-09 18:23:44.384 10 INFO neutron.db.ovn_revision_numbers_db [None req-1b6fde98-fc1b-4e64-8b52-30ad77b7df2c 7f93c6c13fc5489b8d6c736ff3776354 1161bd318acc4518b300e28908728b40 - - default default] Successfully bumped revision number for resource 6d4e82a1-a0d1-4e4f-b3e8-0602b1fd7a0b (type: floatingips) to 2
2026-06-09 18:23:44.451 10 INFO neutron.db.ovn_revision_numbers_db [None req-ebcc55d2-717a-4296-9647-60edd747138a ca1c8ba95c924f59b50c6725637cd2a4 4bb7756c95ed490ba98d0da1836573f4 - - default default] Successfully bumped revision number for resource c4316154-1368-4b1c-aed1-b3741708d32b (type: security_group_rules) to 0
2026-06-09 18:23:44.456 10 INFO neutron.wsgi [None req-1b6fde98-fc1b-4e64-8b52-30ad77b7df2c 7f93c6c13fc5489b8d6c736ff3776354 1161bd318acc4518b300e28908728b40 - - default default] 10.0.0.138 "PUT /v2.0/floatingips/6d4e82a1-a0d1-4e4f-b3e8-0602b1fd7a0b HTTP/1.1" status: 200 len: 748 time: 0.2739677
2026-06-09 18:23:44.479 10 INFO neutron.wsgi [None req-ebcc55d2-717a-4296-9647-60edd747138a ca1c8ba95c924f59b50c6725637cd2a4 4bb7756c95ed490ba98d0da1836573f4 - - default default] 10.0.0.138 "POST /v2.0/security-group-rules HTTP/1.1" status: 201 len: 769 time: 0.2252893 /var/lib/openstack/lib/python3.10/site-packages/pycadf/identifier.py:71: UserWarning: Invalid uuid: neutron. To ensure interoperability, identifiers should be a valid uuid. warnings.warn(('Invalid uuid: %s. To ensure interoperability, '
2026-06-09 18:23:44.488 10 WARNING neutron_lib.context [None req-7ac67597-24ec-4fa7-b9a2-0939ff88992c ca1c8ba95c924f59b50c6725637cd2a4 4bb7756c95ed490ba98d0da1836573f4 - - default default] Method 'is_advsvc' is deprecated since 2023.2 release (neutron-lib 3.8.0) and will be removed once support for the old RBAC API policies will be removed from Neutron. Please use method 'is_service_role' instead.
2026-06-09 18:23:44.493 10 INFO neutron.notifiers.nova [-] Nova event matching ['req-bedb3737-f908-4c41-a2b4-d7af754468ef'] response: {'name': 'network-changed', 'server_uuid': 'a6a36e90-97d1-47e4-8081-9b8b06b8d6b3', 'tag': '7e85fb0f-738c-4706-9333-735afcc12b24', 'status': 'completed', 'code': 200}
2026-06-09 18:23:44.502 9 INFO neutron.wsgi [None req-e77c367f-e050-4c12-aa1c-6c8fa6b1fc40 7f93c6c13fc5489b8d6c736ff3776354 1161bd318acc4518b300e28908728b40 - - default default] 10.0.0.138 "GET /v2.0/floatingips/6d4e82a1-a0d1-4e4f-b3e8-0602b1fd7a0b HTTP/1.1" status: 200 len: 746 time: 0.0416861
2026-06-09 18:23:44.554 9 INFO neutron.wsgi [req-bb4b0118-d612-43db-8265-9054917359de req-036100c5-75c8-410e-88e6-7751f5a53b48 b47c0b7c98b846df9890bab7498fd0aa ad6a4df0ef014444880e444ee34f74bf - - 2b4bb9ba05f143faa2b548f35197875c 2b4bb9ba05f143faa2b548f35197875c] 199.204.45.157 "GET /v2.0/ports?tenant_id=1161bd318acc4518b300e28908728b40&device_id=a6a36e90-97d1-47e4-8081-9b8b06b8d6b3 HTTP/1.1" status: 200 len: 1413 time: 0.0396245
2026-06-09 18:23:44.617 9 INFO neutron.wsgi [req-bb4b0118-d612-43db-8265-9054917359de req-bf2b1445-cefd-4dfd-bb31-fc54f94a882b b47c0b7c98b846df9890bab7498fd0aa ad6a4df0ef014444880e444ee34f74bf - - 2b4bb9ba05f143faa2b548f35197875c 2b4bb9ba05f143faa2b548f35197875c] 199.204.45.157 "GET /v2.0/networks?id=2c69f8ea-6f4b-4167-b4c0-545c28c14c6c HTTP/1.1" status: 200 len: 959 time: 0.0573115
2026-06-09 18:23:44.644 9 INFO neutron.wsgi [req-bb4b0118-d612-43db-8265-9054917359de req-f3a068c2-0799-48ab-91ef-f3f24a895356 b47c0b7c98b846df9890bab7498fd0aa ad6a4df0ef014444880e444ee34f74bf - - 2b4bb9ba05f143faa2b548f35197875c 2b4bb9ba05f143faa2b548f35197875c] 199.204.45.157 "GET /v2.0/floatingips?fixed_ip_address=10.100.0.13&port_id=7e85fb0f-738c-4706-9333-735afcc12b24 HTTP/1.1" status: 200 len: 217 time: 0.0207529
2026-06-09 18:23:44.687 9 INFO neutron.wsgi [req-bb4b0118-d612-43db-8265-9054917359de req-540d7f04-4e60-4150-b158-b15c0045632d b47c0b7c98b846df9890bab7498fd0aa ad6a4df0ef014444880e444ee34f74bf - - 2b4bb9ba05f143faa2b548f35197875c 2b4bb9ba05f143faa2b548f35197875c] 199.204.45.157 "GET /v2.0/subnets?id=2551d06b-d571-4603-a252-8b0f2b8ad52b HTTP/1.1" status: 200 len: 853 time: 0.0350509
2026-06-09 18:23:44.789 10 WARNING neutron.scheduler.dhcp_agent_scheduler [None req-7ac67597-24ec-4fa7-b9a2-0939ff88992c ca1c8ba95c924f59b50c6725637cd2a4 4bb7756c95ed490ba98d0da1836573f4 - - default default] No more DHCP agents
2026-06-09 18:23:44.790 10 WARNING neutron.api.rpc.agentnotifiers.dhcp_rpc_agent_api [None req-7ac67597-24ec-4fa7-b9a2-0939ff88992c ca1c8ba95c924f59b50c6725637cd2a4 4bb7756c95ed490ba98d0da1836573f4 - - default default] Unable to schedule network 84b399a5-4a6f-41f5-aa88-eab5f3dde944: no agents available; will retry on subsequent port and subnet creation events.
2026-06-09 18:23:44.941 9 INFO neutron.wsgi [req-bb4b0118-d612-43db-8265-9054917359de req-4005b09e-4a4d-464a-9d89-ab36bb585199 b47c0b7c98b846df9890bab7498fd0aa ad6a4df0ef014444880e444ee34f74bf - - 2b4bb9ba05f143faa2b548f35197875c 2b4bb9ba05f143faa2b548f35197875c] 199.204.45.157 "GET /v2.0/ports?network_id=2c69f8ea-6f4b-4167-b4c0-545c28c14c6c&device_owner=network%3Adhcp HTTP/1.1" status: 200 len: 210 time: 0.2469461
2026-06-09 18:23:45.010 9 INFO neutron.wsgi [req-bb4b0118-d612-43db-8265-9054917359de req-11a65424-40fc-4fc9-8fcb-faa86c06ac50 b47c0b7c98b846df9890bab7498fd0aa ad6a4df0ef014444880e444ee34f74bf - - 2b4bb9ba05f143faa2b548f35197875c 2b4bb9ba05f143faa2b548f35197875c] 199.204.45.157 "GET /v2.0/networks/2c69f8ea-6f4b-4167-b4c0-545c28c14c6c?fields=segments HTTP/1.1" status: 200 len: 212 time: 0.0588541
2026-06-09 18:23:45.064 9 INFO neutron.wsgi [req-bb4b0118-d612-43db-8265-9054917359de req-b7c2e15e-e380-4116-80c9-ac5a1a256725 b47c0b7c98b846df9890bab7498fd0aa ad6a4df0ef014444880e444ee34f74bf - - 2b4bb9ba05f143faa2b548f35197875c 2b4bb9ba05f143faa2b548f35197875c] 199.204.45.157 "GET /v2.0/networks/2c69f8ea-6f4b-4167-b4c0-545c28c14c6c?fields=provider%3Aphysical_network&fields=provider%3Anetwork_type HTTP/1.1" status: 200 len: 277 time: 0.0484986
2026-06-09 18:23:45.086 10 INFO neutron.db.ovn_revision_numbers_db [None req-7ac67597-24ec-4fa7-b9a2-0939ff88992c ca1c8ba95c924f59b50c6725637cd2a4 4bb7756c95ed490ba98d0da1836573f4 - - default default] Successfully bumped revision number for resource cfa7d8d9-d776-4f87-86da-4dabe988f969 (type: floatingips) to 0
2026-06-09 18:23:45.100 10 INFO neutron.wsgi [None req-7ac67597-24ec-4fa7-b9a2-0939ff88992c ca1c8ba95c924f59b50c6725637cd2a4 4bb7756c95ed490ba98d0da1836573f4 - - default default] 10.0.0.138 "POST /v2.0/floatingips HTTP/1.1" status: 201 len: 751 time: 0.6177535
2026-06-09 18:23:45.211 9 INFO neutron.wsgi [req-307cd54d-7517-406a-84b1-133bebfff367 req-dd485250-0e23-4d18-8c3a-6191e48c7058 ca1c8ba95c924f59b50c6725637cd2a4 4bb7756c95ed490ba98d0da1836573f4 - - default default] 10.0.0.194 "GET /v2.0/security-groups?name=tempest-securitygroup--13341668&fields=id&tenant_id=4bb7756c95ed490ba98d0da1836573f4 HTTP/1.1" status: 200 len: 267 time: 0.0471680
2026-06-09 18:23:45.258 9 INFO neutron.wsgi [req-307cd54d-7517-406a-84b1-133bebfff367 req-a1c0a998-4472-4ad1-a6ab-7e14bfc1604f ca1c8ba95c924f59b50c6725637cd2a4 4bb7756c95ed490ba98d0da1836573f4 - - default default] 10.0.0.194 "GET /v2.0/security-groups?name=tempest-secgroup-smoke-1271307944&fields=id&tenant_id=4bb7756c95ed490ba98d0da1836573f4 HTTP/1.1" status: 200 len: 267 time: 0.0379994
2026-06-09 18:23:45.329 9 INFO neutron.wsgi [req-307cd54d-7517-406a-84b1-133bebfff367 req-3a1d3c31-49ee-4e15-980a-e3df5e1a22ab ca1c8ba95c924f59b50c6725637cd2a4 4bb7756c95ed490ba98d0da1836573f4 - - default default] 10.0.0.194 "GET /v2.0/networks?id=91e1118f-a70f-445a-95af-9e442366560e HTTP/1.1" status: 200 len: 872 time: 0.0651813
2026-06-09 18:23:45.364 9 INFO neutron.wsgi [req-307cd54d-7517-406a-84b1-133bebfff367 req-0b12fed5-4efa-4df2-b9df-ad69ed0e39a5 ca1c8ba95c924f59b50c6725637cd2a4 4bb7756c95ed490ba98d0da1836573f4 - - default default] 10.0.0.194 "GET /v2.0/quotas/4bb7756c95ed490ba98d0da1836573f4 HTTP/1.1" status: 200 len: 386 time: 0.0275893
2026-06-09 18:23:45.462 9 INFO neutron.wsgi [req-307cd54d-7517-406a-84b1-133bebfff367 req-2e634349-8454-475f-b64e-009aa9e5a9cd ca1c8ba95c924f59b50c6725637cd2a4 4bb7756c95ed490ba98d0da1836573f4 - - default default] 10.0.0.194 "GET /v2.0/ports?tenant_id=4bb7756c95ed490ba98d0da1836573f4&fields=id HTTP/1.1" status: 200 len: 302 time: 0.0919819
2026-06-09 18:23:45.541 9 INFO neutron.wsgi [req-307cd54d-7517-406a-84b1-133bebfff367 req-3139185d-cfbc-4b1f-b236-7385a37183a2 b47c0b7c98b846df9890bab7498fd0aa ad6a4df0ef014444880e444ee34f74bf - - 2b4bb9ba05f143faa2b548f35197875c 2b4bb9ba05f143faa2b548f35197875c] 10.0.0.194 "GET /v2.0/networks/91e1118f-a70f-445a-95af-9e442366560e?fields=segments HTTP/1.1" status: 200 len: 212 time: 0.0668344
2026-06-09 18:23:45.578 10 WARNING neutron_lib.context [None req-3e77e756-31ac-40b5-b4ef-f84577fb6c7c 7f93c6c13fc5489b8d6c736ff3776354 1161bd318acc4518b300e28908728b40 - - default default] Method 'is_advsvc' is deprecated since 2023.2 release (neutron-lib 3.8.0) and will be removed once support for the old RBAC API policies will be removed from Neutron. Please use method 'is_service_role' instead.
2026-06-09 18:23:45.618 9 INFO neutron.wsgi [req-307cd54d-7517-406a-84b1-133bebfff367 req-c00002d0-4bb2-4b4e-a328-0567899de2c9 b47c0b7c98b846df9890bab7498fd0aa ad6a4df0ef014444880e444ee34f74bf - - 2b4bb9ba05f143faa2b548f35197875c 2b4bb9ba05f143faa2b548f35197875c] 10.0.0.194 "GET /v2.0/networks/91e1118f-a70f-445a-95af-9e442366560e?fields=provider%3Aphysical_network&fields=provider%3Anetwork_type HTTP/1.1" status: 200 len: 277 time: 0.0693314
2026-06-09 18:23:45.712 10 INFO neutron.db.ovn_revision_numbers_db [None req-3e77e756-31ac-40b5-b4ef-f84577fb6c7c 7f93c6c13fc5489b8d6c736ff3776354 1161bd318acc4518b300e28908728b40 - - default default] Successfully bumped revision number for resource b64b4a33-6b2e-4b0f-8f58-26b427425ac1 (type: security_groups) to 1
2026-06-09 18:23:45.727 10 INFO neutron.db.ovn_revision_numbers_db [None req-3e77e756-31ac-40b5-b4ef-f84577fb6c7c 7f93c6c13fc5489b8d6c736ff3776354 1161bd318acc4518b300e28908728b40 - - default default] Successfully bumped revision number for resource 106be508-2394-4fed-ade1-118f32369d37 (type: security_group_rules) to 0
2026-06-09 18:23:45.748 10 INFO neutron.db.ovn_revision_numbers_db [None req-3e77e756-31ac-40b5-b4ef-f84577fb6c7c 7f93c6c13fc5489b8d6c736ff3776354 1161bd318acc4518b300e28908728b40 - - default default] Successfully bumped revision number for resource e8af1895-f085-4d79-80a1-931f88dc565c (type: security_group_rules) to 0
2026-06-09 18:23:45.780 10 INFO neutron.wsgi [None req-3e77e756-31ac-40b5-b4ef-f84577fb6c7c 7f93c6c13fc5489b8d6c736ff3776354 1161bd318acc4518b300e28908728b40 - - default default] 10.0.0.138 "POST /v2.0/security-groups HTTP/1.1" status: 201 len: 1809 time: 0.2076066
2026-06-09 18:23:45.794 9 WARNING neutron_lib.context [None req-27dd977a-6027-43e7-95d6-4dd088e6a6bd 7f93c6c13fc5489b8d6c736ff3776354 1161bd318acc4518b300e28908728b40 - - default default] Method 'is_advsvc' is deprecated since 2023.2 release (neutron-lib 3.8.0) and will be removed once support for the old RBAC API policies will be removed from Neutron. Please use method 'is_service_role' instead.
2026-06-09 18:23:45.831 9 INFO neutron.wsgi [req-196e8a16-5acb-4370-9f4a-822bfc8e4d9a req-050b961d-f7ff-4c1a-acb3-a27cf9e2c8f5 ca1c8ba95c924f59b50c6725637cd2a4 4bb7756c95ed490ba98d0da1836573f4 - - default default] 10.0.0.194 "GET /v2.0/ports?device_id=6aad1815-ec47-4ba7-aa90-3b0a24e53c28 HTTP/1.1" status: 200 len: 210 time: 0.0189021
2026-06-09 18:23:45.913 9 INFO neutron.db.ovn_revision_numbers_db [None req-27dd977a-6027-43e7-95d6-4dd088e6a6bd 7f93c6c13fc5489b8d6c736ff3776354 1161bd318acc4518b300e28908728b40 - - default default] Successfully bumped revision number for resource 23d97109-a25c-4174-8ed8-297e6fea337d (type: security_group_rules) to 0
2026-06-09 18:23:45.941 9 INFO neutron.wsgi [None req-27dd977a-6027-43e7-95d6-4dd088e6a6bd 7f93c6c13fc5489b8d6c736ff3776354 1161bd318acc4518b300e28908728b40 - - default default] 10.0.0.138 "POST /v2.0/security-group-rules HTTP/1.1" status: 201 len: 764 time: 0.1571815
2026-06-09 18:23:45.952 9 WARNING neutron_lib.context [None req-50e958d4-b937-4492-896d-6b66e9107336 7f93c6c13fc5489b8d6c736ff3776354 1161bd318acc4518b300e28908728b40 - - default default] Method 'is_advsvc' is deprecated since 2023.2 release (neutron-lib 3.8.0) and will be removed once support for the old RBAC API policies will be removed from Neutron. Please use method 'is_service_role' instead.
2026-06-09 18:23:46.056 9 INFO neutron.db.ovn_revision_numbers_db [None req-50e958d4-b937-4492-896d-6b66e9107336 7f93c6c13fc5489b8d6c736ff3776354 1161bd318acc4518b300e28908728b40 - - default default] Successfully bumped revision number for resource 5070e37e-c6e0-4367-a026-e0c051b2bc89 (type: security_group_rules) to 0
2026-06-09 18:23:46.086 9 INFO neutron.wsgi [None req-50e958d4-b937-4492-896d-6b66e9107336 7f93c6c13fc5489b8d6c736ff3776354 1161bd318acc4518b300e28908728b40 - - default default] 10.0.0.138 "POST /v2.0/security-group-rules HTTP/1.1" status: 201 len: 763 time: 0.1392946
2026-06-09 18:23:46.100 9 WARNING neutron_lib.context [None req-7940fe57-c227-4de1-8aa9-4900793f4a6c 7f93c6c13fc5489b8d6c736ff3776354 1161bd318acc4518b300e28908728b40 - - default default] Method 'is_advsvc' is deprecated since 2023.2 release (neutron-lib 3.8.0) and will be removed once support for the old RBAC API policies will be removed from Neutron. Please use method 'is_service_role' instead.
2026-06-09 18:23:46.225 9 INFO neutron.db.ovn_revision_numbers_db [None req-7940fe57-c227-4de1-8aa9-4900793f4a6c 7f93c6c13fc5489b8d6c736ff3776354 1161bd318acc4518b300e28908728b40 - - default default] Successfully bumped revision number for resource 162da82a-06da-455d-a77e-20ea86817a6a (type: security_group_rules) to 0
2026-06-09 18:23:46.252 9 INFO neutron.wsgi [None req-7940fe57-c227-4de1-8aa9-4900793f4a6c 7f93c6c13fc5489b8d6c736ff3776354 1161bd318acc4518b300e28908728b40 - - default default] 10.0.0.138 "POST /v2.0/security-group-rules HTTP/1.1" status: 201 len: 769 time: 0.1600339
2026-06-09 18:23:46.264 10 WARNING neutron_lib.context [None req-40eaa8c6-2b83-47fd-bb39-c0b0c675398e 7f93c6c13fc5489b8d6c736ff3776354 1161bd318acc4518b300e28908728b40 - - default default] Method 'is_advsvc' is deprecated since 2023.2 release (neutron-lib 3.8.0) and will be removed once support for the old RBAC API policies will be removed from Neutron. Please use method 'is_service_role' instead.
2026-06-09 18:23:46.388 10 INFO neutron.db.ovn_revision_numbers_db [None req-40eaa8c6-2b83-47fd-bb39-c0b0c675398e 7f93c6c13fc5489b8d6c736ff3776354 1161bd318acc4518b300e28908728b40 - - default default] Successfully bumped revision number for resource 6002746c-601f-4c27-a750-72d3976ba27c (type: security_group_rules) to 0
2026-06-09 18:23:46.413 10 INFO neutron.wsgi [None req-40eaa8c6-2b83-47fd-bb39-c0b0c675398e 7f93c6c13fc5489b8d6c736ff3776354 1161bd318acc4518b300e28908728b40 - - default default] 10.0.0.138 "POST /v2.0/security-group-rules HTTP/1.1" status: 201 len: 768 time: 0.1551981
2026-06-09 18:23:46.423 10 WARNING neutron_lib.context [None req-8b1df3cf-732b-490c-8d43-03dd6da56f37 7f93c6c13fc5489b8d6c736ff3776354 1161bd318acc4518b300e28908728b40 - - default default] Method 'is_advsvc' is deprecated since 2023.2 release (neutron-lib 3.8.0) and will be removed once support for the old RBAC API policies will be removed from Neutron. Please use method 'is_service_role' instead.
2026-06-09 18:23:46.442 10 INFO neutron.db.securitygroups_db [None req-8b1df3cf-732b-490c-8d43-03dd6da56f37 7f93c6c13fc5489b8d6c736ff3776354 1161bd318acc4518b300e28908728b40 - - default default] Project 1161bd318acc4518b300e28908728b40 added a security group rule with legacy IPv6 ICMP protocol name icmp, ipv6-icmp should be used instead. It was automatically converted.
2026-06-09 18:23:46.527 10 INFO neutron.db.ovn_revision_numbers_db [None req-8b1df3cf-732b-490c-8d43-03dd6da56f37 7f93c6c13fc5489b8d6c736ff3776354 1161bd318acc4518b300e28908728b40 - - default default] Successfully bumped revision number for resource 879de07b-cb98-421c-9f56-acebcd4ca0db (type: security_group_rules) to 0
2026-06-09 18:23:46.549 10 INFO neutron.wsgi [None req-8b1df3cf-732b-490c-8d43-03dd6da56f37 7f93c6c13fc5489b8d6c736ff3776354 1161bd318acc4518b300e28908728b40 - - default default] 10.0.0.138 "POST /v2.0/security-group-rules HTTP/1.1" status: 201 len: 774 time: 0.1317270
2026-06-09 18:23:46.558 10 WARNING neutron_lib.context [None req-7af7cfa2-a4d3-4ddd-b881-72854d52907f 7f93c6c13fc5489b8d6c736ff3776354 1161bd318acc4518b300e28908728b40 - - default default] Method 'is_advsvc' is deprecated since 2023.2 release (neutron-lib 3.8.0) and will be removed once support for the old RBAC API policies will be removed from Neutron. Please use method 'is_service_role' instead.
2026-06-09 18:23:46.574 10 INFO neutron.db.securitygroups_db [None req-7af7cfa2-a4d3-4ddd-b881-72854d52907f 7f93c6c13fc5489b8d6c736ff3776354 1161bd318acc4518b300e28908728b40 - - default default] Project 1161bd318acc4518b300e28908728b40 added a security group rule with legacy IPv6 ICMP protocol name icmp, ipv6-icmp should be used instead. It was automatically converted.
2026-06-09 18:23:46.598 9 INFO neutron.wsgi [req-307cd54d-7517-406a-84b1-133bebfff367 req-fff861c6-4820-4c13-8a2f-191429dbb357 ca1c8ba95c924f59b50c6725637cd2a4 4bb7756c95ed490ba98d0da1836573f4 - - default default] 199.204.45.157 "GET /v2.0/networks?id=91e1118f-a70f-445a-95af-9e442366560e HTTP/1.1" status: 200 len: 872 time: 0.0753484
2026-06-09 18:23:46.645 9 INFO neutron.wsgi [req-307cd54d-7517-406a-84b1-133bebfff367 req-2f9bfd92-907c-4df5-adc8-2314a3bca580 ca1c8ba95c924f59b50c6725637cd2a4 4bb7756c95ed490ba98d0da1836573f4 - - default default] 199.204.45.157 "GET /v2.0/security-groups?fields=id&fields=name&tenant_id=4bb7756c95ed490ba98d0da1836573f4 HTTP/1.1" status: 200 len: 471 time: 0.0415320
2026-06-09 18:23:46.655 9 WARNING neutron_lib.context [req-307cd54d-7517-406a-84b1-133bebfff367 req-f11ce220-9e54-45c6-a51e-94f081afe61d ca1c8ba95c924f59b50c6725637cd2a4 4bb7756c95ed490ba98d0da1836573f4 - - default default] Method 'is_advsvc' is deprecated since 2023.2 release (neutron-lib 3.8.0) and will be removed once support for the old RBAC API policies will be removed from Neutron. Please use method 'is_service_role' instead.
2026-06-09 18:23:46.691 10 INFO neutron.db.ovn_revision_numbers_db [None req-7af7cfa2-a4d3-4ddd-b881-72854d52907f 7f93c6c13fc5489b8d6c736ff3776354 1161bd318acc4518b300e28908728b40 - - default default] Successfully bumped revision number for resource 0bfd9eda-cfc9-4497-960a-d6738f2e0543 (type: security_group_rules) to 0
2026-06-09 18:23:46.715 10 INFO neutron.wsgi [None req-7af7cfa2-a4d3-4ddd-b881-72854d52907f 7f93c6c13fc5489b8d6c736ff3776354 1161bd318acc4518b300e28908728b40 - - default default] 10.0.0.138 "POST /v2.0/security-group-rules HTTP/1.1" status: 201 len: 773 time: 0.1615422
2026-06-09 18:23:46.793 9 WARNING neutron.plugins.ml2.drivers.ovn.mech_driver.ovsdb.ovn_client [None req-0ac23db8-f893-4d1f-a7c3-6591ff039c01 - - - - - -] No hosting information found for port 7285791f-f3ed-468e-87a2-a53e7bfb35d1: RuntimeError: No hosting information found for port 7285791f-f3ed-468e-87a2-a53e7bfb35d1 /var/lib/openstack/lib/python3.10/site-packages/pycadf/identifier.py:71: UserWarning: Invalid uuid: neutron. To ensure interoperability, identifiers should be a valid uuid. warnings.warn(('Invalid uuid: %s. To ensure interoperability, '
2026-06-09 18:23:46.917 9 INFO neutron.wsgi [req-e30cc39d-5c1c-4323-9923-90b8bfb09299 req-c9b77ae6-82aa-42e8-9916-4c23efef999c ca1c8ba95c924f59b50c6725637cd2a4 4bb7756c95ed490ba98d0da1836573f4 - - default default] 10.0.0.194 "GET /v2.0/ports?device_id=6aad1815-ec47-4ba7-aa90-3b0a24e53c28 HTTP/1.1" status: 200 len: 210 time: 0.0289705
2026-06-09 18:23:47.052 9 WARNING neutron.scheduler.dhcp_agent_scheduler [req-307cd54d-7517-406a-84b1-133bebfff367 req-f11ce220-9e54-45c6-a51e-94f081afe61d ca1c8ba95c924f59b50c6725637cd2a4 4bb7756c95ed490ba98d0da1836573f4 - - default default] No more DHCP agents
2026-06-09 18:23:47.055 9 WARNING neutron.api.rpc.agentnotifiers.dhcp_rpc_agent_api [req-307cd54d-7517-406a-84b1-133bebfff367 req-f11ce220-9e54-45c6-a51e-94f081afe61d ca1c8ba95c924f59b50c6725637cd2a4 4bb7756c95ed490ba98d0da1836573f4 - - default default] Unable to schedule network 91e1118f-a70f-445a-95af-9e442366560e: no agents available; will retry on subsequent port and subnet creation events.
2026-06-09 18:23:47.206 9 INFO neutron.db.ovn_revision_numbers_db [req-307cd54d-7517-406a-84b1-133bebfff367 req-f11ce220-9e54-45c6-a51e-94f081afe61d ca1c8ba95c924f59b50c6725637cd2a4 4bb7756c95ed490ba98d0da1836573f4 - - default default] Successfully bumped revision number for resource e4175b09-ca45-4d7d-a1d4-8da21cd3ea1a (type: ports) to 1
2026-06-09 18:23:47.228 9 INFO neutron.wsgi [req-307cd54d-7517-406a-84b1-133bebfff367 req-f11ce220-9e54-45c6-a51e-94f081afe61d ca1c8ba95c924f59b50c6725637cd2a4 4bb7756c95ed490ba98d0da1836573f4 - - default default] 199.204.45.157 "POST /v2.0/ports HTTP/1.1" status: 201 len: 1197 time: 0.5773485 /var/lib/openstack/lib/python3.10/site-packages/pycadf/identifier.py:71: UserWarning: Invalid uuid: neutron. To ensure interoperability, identifiers should be a valid uuid. warnings.warn(('Invalid uuid: %s. To ensure interoperability, '
2026-06-09 18:23:47.243 10 INFO neutron.wsgi [None req-90af7962-db38-407e-9abe-50c4ddec3b86 7f93c6c13fc5489b8d6c736ff3776354 1161bd318acc4518b300e28908728b40 - - default default] 10.0.0.138 "GET /v2.0/networks HTTP/1.1" status: 200 len: 1493 time: 0.1625798
2026-06-09 18:23:47.370 9 INFO neutron.wsgi [req-90193423-de47-4399-bcd8-61797b228bff req-6a1878f8-c611-43d7-8c56-811f3578b4fb 7f93c6c13fc5489b8d6c736ff3776354 1161bd318acc4518b300e28908728b40 - - default default] 10.0.0.194 "GET /v2.0/security-groups?name=tempest-secgroup-smoke-110141978&fields=id&tenant_id=1161bd318acc4518b300e28908728b40 HTTP/1.1" status: 200 len: 267 time: 0.0505724
2026-06-09 18:23:47.469 9 INFO neutron.wsgi [req-90193423-de47-4399-bcd8-61797b228bff req-7d7e8dd4-de58-4e2c-85cf-ecd7b1c76882 7f93c6c13fc5489b8d6c736ff3776354 1161bd318acc4518b300e28908728b40 - - default default] 10.0.0.194 "GET /v2.0/networks?id=2c69f8ea-6f4b-4167-b4c0-545c28c14c6c HTTP/1.1" status: 200 len: 860 time: 0.0909741
2026-06-09 18:23:47.489 9 INFO neutron.wsgi [req-90193423-de47-4399-bcd8-61797b228bff req-1560437e-a58c-4cdb-a127-8141406e9755 7f93c6c13fc5489b8d6c736ff3776354 1161bd318acc4518b300e28908728b40 - - default default] 10.0.0.194 "GET /v2.0/quotas/1161bd318acc4518b300e28908728b40 HTTP/1.1" status: 200 len: 386 time: 0.0112491
2026-06-09 18:23:47.618 9 INFO neutron.wsgi [req-90193423-de47-4399-bcd8-61797b228bff req-aacc8de7-84c6-46d9-a155-dfc227d341f6 7f93c6c13fc5489b8d6c736ff3776354 1161bd318acc4518b300e28908728b40 - - default default] 10.0.0.194 "GET /v2.0/ports?tenant_id=1161bd318acc4518b300e28908728b40&fields=id HTTP/1.1" status: 200 len: 348 time: 0.1212087 /var/lib/openstack/lib/python3.10/site-packages/pycadf/identifier.py:71: UserWarning: Invalid uuid: neutron. To ensure interoperability, identifiers should be a valid uuid. warnings.warn(('Invalid uuid: %s. To ensure interoperability, '
2026-06-09 18:23:47.707 9 INFO neutron.wsgi [req-90193423-de47-4399-bcd8-61797b228bff req-01d7623c-61a5-45b1-b78e-00fd3823bc2e b47c0b7c98b846df9890bab7498fd0aa ad6a4df0ef014444880e444ee34f74bf - - 2b4bb9ba05f143faa2b548f35197875c 2b4bb9ba05f143faa2b548f35197875c] 10.0.0.194 "GET /v2.0/networks/2c69f8ea-6f4b-4167-b4c0-545c28c14c6c?fields=segments HTTP/1.1" status: 200 len: 212 time: 0.0772884
2026-06-09 18:23:47.766 9 INFO neutron.db.ovn_revision_numbers_db [req-307cd54d-7517-406a-84b1-133bebfff367 req-8ba726fe-422f-47fb-9ce3-74748bea323c b47c0b7c98b846df9890bab7498fd0aa ad6a4df0ef014444880e444ee34f74bf - - 2b4bb9ba05f143faa2b548f35197875c 2b4bb9ba05f143faa2b548f35197875c] Successfully bumped revision number for resource e4175b09-ca45-4d7d-a1d4-8da21cd3ea1a (type: ports) to 2
2026-06-09 18:23:47.777 9 INFO neutron.wsgi [req-90193423-de47-4399-bcd8-61797b228bff req-2736cd15-a063-4bbe-a020-4478cb9c64a6 b47c0b7c98b846df9890bab7498fd0aa ad6a4df0ef014444880e444ee34f74bf - - 2b4bb9ba05f143faa2b548f35197875c 2b4bb9ba05f143faa2b548f35197875c] 10.0.0.194 "GET /v2.0/networks/2c69f8ea-6f4b-4167-b4c0-545c28c14c6c?fields=provider%3Aphysical_network&fields=provider%3Anetwork_type HTTP/1.1" status: 200 len: 277 time: 0.0606928 /var/lib/openstack/lib/python3.10/site-packages/pycadf/identifier.py:71: UserWarning: Invalid uuid: neutron. To ensure interoperability, identifiers should be a valid uuid. warnings.warn(('Invalid uuid: %s. To ensure interoperability, '
2026-06-09 18:23:47.923 9 INFO neutron.wsgi [req-fada1265-ffc7-48a9-a7fa-cde43d6038d3 req-53e15139-164f-4b5b-86a3-3177a88c0a11 7f93c6c13fc5489b8d6c736ff3776354 1161bd318acc4518b300e28908728b40 - - default default] 10.0.0.194 "GET /v2.0/ports?device_id=1cc09c3b-b432-4b38-b634-02458f73b697 HTTP/1.1" status: 200 len: 210 time: 0.0216470
2026-06-09 18:23:47.964 9 INFO neutron.db.ovn_revision_numbers_db [req-307cd54d-7517-406a-84b1-133bebfff367 req-8ba726fe-422f-47fb-9ce3-74748bea323c b47c0b7c98b846df9890bab7498fd0aa ad6a4df0ef014444880e444ee34f74bf - - 2b4bb9ba05f143faa2b548f35197875c 2b4bb9ba05f143faa2b548f35197875c] Successfully bumped revision number for resource e4175b09-ca45-4d7d-a1d4-8da21cd3ea1a (type: ports) to 2
2026-06-09 18:23:47.995 9 INFO neutron.wsgi [req-307cd54d-7517-406a-84b1-133bebfff367 req-8ba726fe-422f-47fb-9ce3-74748bea323c b47c0b7c98b846df9890bab7498fd0aa ad6a4df0ef014444880e444ee34f74bf - - 2b4bb9ba05f143faa2b548f35197875c 2b4bb9ba05f143faa2b548f35197875c] 199.204.45.157 "PUT /v2.0/ports/e4175b09-ca45-4d7d-a1d4-8da21cd3ea1a HTTP/1.1" status: 200 len: 1415 time: 0.7606392
2026-06-09 18:23:48.020 9 INFO neutron.wsgi [req-918ecf4d-d804-4f25-808c-ec8b064541a5 req-1abdcf17-b159-4946-a46e-096ac04ca139 ca1c8ba95c924f59b50c6725637cd2a4 4bb7756c95ed490ba98d0da1836573f4 - - default default] 10.0.0.194 "GET /v2.0/ports?device_id=6aad1815-ec47-4ba7-aa90-3b0a24e53c28 HTTP/1.1" status: 200 len: 1208 time: 0.0479612
2026-06-09 18:23:48.021 9 INFO neutron.notifiers.nova [-] Nova event matching ['req-694b8a38-dbcc-4caa-94f3-d4bd9e727047'] response: {'name': 'network-changed', 'server_uuid': '6aad1815-ec47-4ba7-aa90-3b0a24e53c28', 'tag': 'e4175b09-ca45-4d7d-a1d4-8da21cd3ea1a', 'status': 'completed', 'code': 200}
2026-06-09 18:23:48.082 9 INFO neutron.wsgi [req-307cd54d-7517-406a-84b1-133bebfff367 req-d289d548-33cc-49b0-9a7f-577e7a1bc561 b47c0b7c98b846df9890bab7498fd0aa ad6a4df0ef014444880e444ee34f74bf - - 2b4bb9ba05f143faa2b548f35197875c 2b4bb9ba05f143faa2b548f35197875c] 199.204.45.157 "GET /v2.0/ports?tenant_id=4bb7756c95ed490ba98d0da1836573f4&device_id=6aad1815-ec47-4ba7-aa90-3b0a24e53c28 HTTP/1.1" status: 200 len: 1446 time: 0.0531247
2026-06-09 18:23:48.095 9 INFO neutron.wsgi [req-918ecf4d-d804-4f25-808c-ec8b064541a5 req-26a863a9-ac35-43ff-929f-55f7e8a49fe8 ca1c8ba95c924f59b50c6725637cd2a4 4bb7756c95ed490ba98d0da1836573f4 - - default default] 10.0.0.194 "GET /v2.0/security-groups?id=7a2662fc-0337-463e-b37d-97b5e8669554&id=15fc335e-8c70-44b0-ac12-865ac1a54147&fields=id&fields=name HTTP/1.1" status: 200 len: 404 time: 0.0677066
2026-06-09 18:23:48.108 9 INFO neutron.wsgi [req-307cd54d-7517-406a-84b1-133bebfff367 req-f604e99e-5deb-496b-b876-2988105f5c25 b47c0b7c98b846df9890bab7498fd0aa ad6a4df0ef014444880e444ee34f74bf - - 2b4bb9ba05f143faa2b548f35197875c 2b4bb9ba05f143faa2b548f35197875c] 199.204.45.157 "GET /v2.0/floatingips?fixed_ip_address=10.100.0.4&port_id=e4175b09-ca45-4d7d-a1d4-8da21cd3ea1a HTTP/1.1" status: 200 len: 217 time: 0.0211346
2026-06-09 18:23:48.143 9 INFO neutron.wsgi [req-307cd54d-7517-406a-84b1-133bebfff367 req-9e6073ea-3778-4aec-aa23-018ca0379cdc b47c0b7c98b846df9890bab7498fd0aa ad6a4df0ef014444880e444ee34f74bf - - 2b4bb9ba05f143faa2b548f35197875c 2b4bb9ba05f143faa2b548f35197875c] 199.204.45.157 "GET /v2.0/subnets?id=e9c48136-ea98-4bc5-bc21-68bc51c7622b HTTP/1.1" status: 200 len: 866 time: 0.0274048
2026-06-09 18:23:48.166 9 INFO neutron.wsgi [req-307cd54d-7517-406a-84b1-133bebfff367 req-bd304882-53f3-4538-95b5-28ea1d977c55 b47c0b7c98b846df9890bab7498fd0aa ad6a4df0ef014444880e444ee34f74bf - - 2b4bb9ba05f143faa2b548f35197875c 2b4bb9ba05f143faa2b548f35197875c] 199.204.45.157 "GET /v2.0/ports?network_id=91e1118f-a70f-445a-95af-9e442366560e&device_owner=network%3Adhcp HTTP/1.1" status: 200 len: 210 time: 0.0179284
2026-06-09 18:23:48.230 9 INFO neutron.wsgi [req-307cd54d-7517-406a-84b1-133bebfff367 req-a5568603-4b08-4064-84b5-f49fc611b909 b47c0b7c98b846df9890bab7498fd0aa ad6a4df0ef014444880e444ee34f74bf - - 2b4bb9ba05f143faa2b548f35197875c 2b4bb9ba05f143faa2b548f35197875c] 199.204.45.157 "GET /v2.0/networks/91e1118f-a70f-445a-95af-9e442366560e?fields=segments HTTP/1.1" status: 200 len: 212 time: 0.0592604
2026-06-09 18:23:48.288 9 INFO neutron.wsgi [req-307cd54d-7517-406a-84b1-133bebfff367 req-2067fce9-b59e-4a9e-9ce0-bb8848572765 b47c0b7c98b846df9890bab7498fd0aa ad6a4df0ef014444880e444ee34f74bf - - 2b4bb9ba05f143faa2b548f35197875c 2b4bb9ba05f143faa2b548f35197875c] 199.204.45.157 "GET /v2.0/networks/91e1118f-a70f-445a-95af-9e442366560e?fields=provider%3Aphysical_network&fields=provider%3Anetwork_type HTTP/1.1" status: 200 len: 277 time: 0.0465329
2026-06-09 18:23:48.363 9 INFO neutron.wsgi [req-3138e4e5-d251-4900-892b-bffd0568d3c5 req-7c343bf5-02bb-4eaa-b139-56599d437518 b47c0b7c98b846df9890bab7498fd0aa ad6a4df0ef014444880e444ee34f74bf - - 2b4bb9ba05f143faa2b548f35197875c 2b4bb9ba05f143faa2b548f35197875c] 199.204.45.157 "GET /v2.0/ports?tenant_id=4bb7756c95ed490ba98d0da1836573f4&device_id=6aad1815-ec47-4ba7-aa90-3b0a24e53c28 HTTP/1.1" status: 200 len: 1446 time: 0.0373631
2026-06-09 18:23:48.425 9 INFO neutron.wsgi [req-3138e4e5-d251-4900-892b-bffd0568d3c5 req-9c7a3497-bd46-442b-a0ff-b8426faf946d b47c0b7c98b846df9890bab7498fd0aa ad6a4df0ef014444880e444ee34f74bf - - 2b4bb9ba05f143faa2b548f35197875c 2b4bb9ba05f143faa2b548f35197875c] 199.204.45.157 "GET /v2.0/networks?id=91e1118f-a70f-445a-95af-9e442366560e HTTP/1.1" status: 200 len: 971 time: 0.0569351
2026-06-09 18:23:48.456 9 INFO neutron.wsgi [req-3138e4e5-d251-4900-892b-bffd0568d3c5 req-16dd3553-5534-4dde-ae68-e265817430f2 b47c0b7c98b846df9890bab7498fd0aa ad6a4df0ef014444880e444ee34f74bf - - 2b4bb9ba05f143faa2b548f35197875c 2b4bb9ba05f143faa2b548f35197875c] 199.204.45.157 "GET /v2.0/floatingips?fixed_ip_address=10.100.0.4&port_id=e4175b09-ca45-4d7d-a1d4-8da21cd3ea1a HTTP/1.1" status: 200 len: 217 time: 0.0230577
2026-06-09 18:23:48.496 9 INFO neutron.wsgi [req-3138e4e5-d251-4900-892b-bffd0568d3c5 req-3591e2f0-4c65-4089-8399-93294e3bfbce b47c0b7c98b846df9890bab7498fd0aa ad6a4df0ef014444880e444ee34f74bf - - 2b4bb9ba05f143faa2b548f35197875c 2b4bb9ba05f143faa2b548f35197875c] 199.204.45.157 "GET /v2.0/subnets?id=e9c48136-ea98-4bc5-bc21-68bc51c7622b HTTP/1.1" status: 200 len: 866 time: 0.0337417
2026-06-09 18:23:48.499 10 INFO neutron.wsgi [req-ee59db5b-9705-4848-a5ad-a3aae85bf8a6 req-ab5b0b24-bbb2-4a65-8f8b-aeba419267ba b47c0b7c98b846df9890bab7498fd0aa ad6a4df0ef014444880e444ee34f74bf - - 2b4bb9ba05f143faa2b548f35197875c 2b4bb9ba05f143faa2b548f35197875c] 199.204.45.157 "GET /v2.0/ports?device_id=6aad1815-ec47-4ba7-aa90-3b0a24e53c28 HTTP/1.1" status: 200 len: 1446 time: 0.0372231
2026-06-09 18:23:48.526 9 INFO neutron.wsgi [req-3138e4e5-d251-4900-892b-bffd0568d3c5 req-121496cd-cb75-43ab-8e5b-0551f912b9e5 b47c0b7c98b846df9890bab7498fd0aa ad6a4df0ef014444880e444ee34f74bf - - 2b4bb9ba05f143faa2b548f35197875c 2b4bb9ba05f143faa2b548f35197875c] 199.204.45.157 "GET /v2.0/ports?network_id=91e1118f-a70f-445a-95af-9e442366560e&device_owner=network%3Adhcp HTTP/1.1" status: 200 len: 210 time: 0.0200038
2026-06-09 18:23:48.549 10 INFO neutron.wsgi [req-ee59db5b-9705-4848-a5ad-a3aae85bf8a6 req-73c623ce-efb0-4eb9-ace7-a3786bc5f514 b47c0b7c98b846df9890bab7498fd0aa ad6a4df0ef014444880e444ee34f74bf - - 2b4bb9ba05f143faa2b548f35197875c 2b4bb9ba05f143faa2b548f35197875c] 199.204.45.157 "GET /v2.0/security-groups?id=7a2662fc-0337-463e-b37d-97b5e8669554&id=15fc335e-8c70-44b0-ac12-865ac1a54147&fields=id&fields=name HTTP/1.1" status: 200 len: 404 time: 0.0433104
2026-06-09 18:23:48.596 9 INFO neutron.wsgi [req-3138e4e5-d251-4900-892b-bffd0568d3c5 req-041b763f-7517-4d35-bec6-9f83c71d4276 b47c0b7c98b846df9890bab7498fd0aa ad6a4df0ef014444880e444ee34f74bf - - 2b4bb9ba05f143faa2b548f35197875c 2b4bb9ba05f143faa2b548f35197875c] 199.204.45.157 "GET /v2.0/networks/91e1118f-a70f-445a-95af-9e442366560e?fields=segments HTTP/1.1" status: 200 len: 212 time: 0.0640819
2026-06-09 18:23:48.650 9 INFO neutron.plugins.ml2.drivers.ovn.mech_driver.mech_driver [None req-0ac23db8-f893-4d1f-a7c3-6591ff039c01 - - - - - -] OVN reports status up for port: e4175b09-ca45-4d7d-a1d4-8da21cd3ea1a
2026-06-09 18:23:48.669 9 INFO neutron.plugins.ml2.plugin [None req-0ac23db8-f893-4d1f-a7c3-6591ff039c01 - - - - - -] Attempt 1 to provision port e4175b09-ca45-4d7d-a1d4-8da21cd3ea1a
2026-06-09 18:23:48.704 9 INFO neutron.wsgi [req-3138e4e5-d251-4900-892b-bffd0568d3c5 req-37d0bacb-d17b-42e3-86ec-e8934940bb51 b47c0b7c98b846df9890bab7498fd0aa ad6a4df0ef014444880e444ee34f74bf - - 2b4bb9ba05f143faa2b548f35197875c 2b4bb9ba05f143faa2b548f35197875c] 199.204.45.157 "GET /v2.0/networks/91e1118f-a70f-445a-95af-9e442366560e?fields=provider%3Aphysical_network&fields=provider%3Anetwork_type HTTP/1.1" status: 200 len: 277 time: 0.1001759
2026-06-09 18:23:48.785 10 INFO neutron.wsgi [req-90193423-de47-4399-bcd8-61797b228bff req-4546d57f-ef28-49a8-8320-3fb6b135d2b3 7f93c6c13fc5489b8d6c736ff3776354 1161bd318acc4518b300e28908728b40 - - default default] 199.204.45.157 "GET /v2.0/networks?id=2c69f8ea-6f4b-4167-b4c0-545c28c14c6c HTTP/1.1" status: 200 len: 860 time: 0.1350629
2026-06-09 18:23:48.856 10 INFO neutron.wsgi [req-90193423-de47-4399-bcd8-61797b228bff req-0353eedf-f466-4231-a113-17b5ec724214 7f93c6c13fc5489b8d6c736ff3776354 1161bd318acc4518b300e28908728b40 - - default default] 199.204.45.157 "GET /v2.0/security-groups?fields=id&fields=name&tenant_id=1161bd318acc4518b300e28908728b40 HTTP/1.1" status: 200 len: 472 time: 0.0638330
2026-06-09 18:23:48.875 10 WARNING neutron_lib.context [req-90193423-de47-4399-bcd8-61797b228bff req-a2956518-12e1-4ca7-9e5e-9bc2bf18bc45 7f93c6c13fc5489b8d6c736ff3776354 1161bd318acc4518b300e28908728b40 - - default default] Method 'is_advsvc' is deprecated since 2023.2 release (neutron-lib 3.8.0) and will be removed once support for the old RBAC API policies will be removed from Neutron. Please use method 'is_service_role' instead.
