Apr 29 21:42:11.773234 np0000171305 devstack@neutron-api.service[104334]: DEBUG neutron.db.ovn_revision_numbers_db [None req-f61d3464-f2ce-4e67-b8a9-7d48975803ae admin admin] create_initial_revision uuid=cddacf21-2756-453f-a4ed-589f2271020a, type=security_groups, rev=-1 {{(pid=104334) create_initial_revision /opt/stack/neutron/neutron/db/ovn_revision_numbers_db.py:98}}
Apr 29 21:42:11.775293 np0000171305 devstack@neutron-api.service[104334]: DEBUG neutron.db.ovn_revision_numbers_db [None req-f61d3464-f2ce-4e67-b8a9-7d48975803ae admin admin] create_initial_revision uuid=2c458563-4886-4303-81ea-c6a9ffbcc7b5, type=security_group_rules, rev=-1 {{(pid=104334) create_initial_revision /opt/stack/neutron/neutron/db/ovn_revision_numbers_db.py:98}}
Apr 29 21:42:11.776270 np0000171305 devstack@neutron-api.service[104334]: DEBUG neutron.db.ovn_revision_numbers_db [None req-f61d3464-f2ce-4e67-b8a9-7d48975803ae admin admin] create_initial_revision uuid=691226b0-0c09-436f-b5d4-090b0d379f16, type=security_group_rules, rev=-1 {{(pid=104334) create_initial_revision /opt/stack/neutron/neutron/db/ovn_revision_numbers_db.py:98}}
Apr 29 21:42:11.777446 np0000171305 devstack@neutron-api.service[104334]: DEBUG neutron.db.ovn_revision_numbers_db [None req-f61d3464-f2ce-4e67-b8a9-7d48975803ae admin admin] create_initial_revision uuid=6db6f4e9-4ae4-4d41-925b-1560a9fa6e9f, type=security_group_rules, rev=-1 {{(pid=104334) create_initial_revision /opt/stack/neutron/neutron/db/ovn_revision_numbers_db.py:98}}
Apr 29 21:42:11.778483 np0000171305 devstack@neutron-api.service[104334]: DEBUG neutron.db.ovn_revision_numbers_db [None req-f61d3464-f2ce-4e67-b8a9-7d48975803ae admin admin] create_initial_revision uuid=f94a8fd0-1bf3-4b4d-b4bc-8dfb1c56b369, type=security_group_rules, rev=-1 {{(pid=104334) create_initial_revision /opt/stack/neutron/neutron/db/ovn_revision_numbers_db.py:98}}
Apr 29 21:42:11.785692 np0000171305 devstack@neutron-api.service[104334]: DEBUG neutron_lib.callbacks.manager [None req-f61d3464-f2ce-4e67-b8a9-7d48975803ae admin admin] Publish callbacks ['neutron.plugins.ml2.drivers.ovn.mech_driver.mech_driver.OVNMechanismDriver._create_security_group-860073', 'neutron.plugins.ml2.ovo_rpc._ObjectChangeHandler.handle_event-4057743'] for security_group (cddacf21-2756-453f-a4ed-589f2271020a), after_create {{(pid=104334) _notify_loop /opt/stack/data/venv/lib/python3.12/site-packages/neutron_lib/callbacks/manager.py:184}}
Apr 29 21:42:11.788633 np0000171305 devstack@neutron-api.service[104334]: DEBUG ovsdbapp.backend.ovs_idl.transaction [-] Running txn n=1 command(idx=0): PgAddCommand(_result=None, name=pg_cddacf21_2756_453f_a4ed_589f2271020a, may_exist=False, columns={'acls': [], 'external_ids': {'neutron:security_group_id': 'cddacf21-2756-453f-a4ed-589f2271020a'}}) {{(pid=104334) do_commit /opt/stack/data/venv/lib/python3.12/site-packages/ovsdbapp/backend/ovs_idl/transaction.py:89}}
Apr 29 21:42:11.788927 np0000171305 devstack@neutron-api.service[104334]: DEBUG ovsdbapp.backend.ovs_idl.transaction [-] Running txn n=1 command(idx=1): PgAclAddCommand(_result=None, entity=pg_cddacf21_2756_453f_a4ed_589f2271020a, direction=from-lport, priority=1002, match=inport == @pg_cddacf21_2756_453f_a4ed_589f2271020a && ip6, action=allow-related, log=False, may_exist=True, severity=[], name=[], meter=[], external_ids={'neutron:security_group_rule_id': '2c458563-4886-4303-81ea-c6a9ffbcc7b5'}) {{(pid=104334) do_commit /opt/stack/data/venv/lib/python3.12/site-packages/ovsdbapp/backend/ovs_idl/transaction.py:89}}
Apr 29 21:42:11.789810 np0000171305 devstack@neutron-api.service[104334]: DEBUG ovsdbapp.backend.ovs_idl.transaction [-] Running txn n=1 command(idx=2): PgAclAddCommand(_result=None, entity=pg_cddacf21_2756_453f_a4ed_589f2271020a, direction=from-lport, priority=1002, match=inport == @pg_cddacf21_2756_453f_a4ed_589f2271020a && ip4, action=allow-related, log=False, may_exist=True, severity=[], name=[], meter=[], external_ids={'neutron:security_group_rule_id': '691226b0-0c09-436f-b5d4-090b0d379f16'}) {{(pid=104334) do_commit /opt/stack/data/venv/lib/python3.12/site-packages/ovsdbapp/backend/ovs_idl/transaction.py:89}}
Apr 29 21:42:11.790597 np0000171305 devstack@neutron-api.service[104334]: DEBUG ovsdbapp.backend.ovs_idl.transaction [-] Running txn n=1 command(idx=3): PgAclAddCommand(_result=None, entity=pg_cddacf21_2756_453f_a4ed_589f2271020a, direction=to-lport, priority=1002, match=outport == @pg_cddacf21_2756_453f_a4ed_589f2271020a && ip4 && ip4.src == $pg_cddacf21_2756_453f_a4ed_589f2271020a_ip4, action=allow-related, log=False, may_exist=True, severity=[], name=[], meter=[], external_ids={'neutron:security_group_rule_id': '6db6f4e9-4ae4-4d41-925b-1560a9fa6e9f'}) {{(pid=104334) do_commit /opt/stack/data/venv/lib/python3.12/site-packages/ovsdbapp/backend/ovs_idl/transaction.py:89}}
Apr 29 21:42:11.791291 np0000171305 devstack@neutron-api.service[104334]: DEBUG ovsdbapp.backend.ovs_idl.transaction [-] Running txn n=1 command(idx=4): PgAclAddCommand(_result=None, entity=pg_cddacf21_2756_453f_a4ed_589f2271020a, direction=to-lport, priority=1002, match=outport == @pg_cddacf21_2756_453f_a4ed_589f2271020a && ip6 && ip6.src == $pg_cddacf21_2756_453f_a4ed_589f2271020a_ip6, action=allow-related, log=False, may_exist=True, severity=[], name=[], meter=[], external_ids={'neutron:security_group_rule_id': 'f94a8fd0-1bf3-4b4d-b4bc-8dfb1c56b369'}) {{(pid=104334) do_commit /opt/stack/data/venv/lib/python3.12/site-packages/ovsdbapp/backend/ovs_idl/transaction.py:89}}
Apr 29 21:42:11.799115 np0000171305 devstack@neutron-api.service[104334]: DEBUG neutron.plugins.ml2.drivers.ovn.mech_driver.ovsdb.ovsdb_monitor [-] Hash Ring: Node 4780f2ff3a8554399fb5acab829eb7ea (host: np0000171305) handling event "create" for row d9e0cae8-4d67-4bb4-93e0-d22aacadc4b5 (table: ACL) {{(pid=104334) notify /opt/stack/neutron/neutron/plugins/ml2/drivers/ovn/mech_driver/ovsdb/ovsdb_monitor.py:942}}
Apr 29 21:42:11.799369 np0000171305 devstack@neutron-api.service[104334]: DEBUG neutron.plugins.ml2.drivers.ovn.mech_driver.ovsdb.ovsdb_monitor [-] Hash Ring: Node 4780f2ff3a8554399fb5acab829eb7ea (host: np0000171305) handling event "create" for row 7c25b5df-c379-4b3d-b0d9-1caec907f1ce (table: Port_Group) {{(pid=104334) notify /opt/stack/neutron/neutron/plugins/ml2/drivers/ovn/mech_driver/ovsdb/ovsdb_monitor.py:942}}
Apr 29 21:42:11.802491 np0000171305 devstack@neutron-api.service[104331]: DEBUG neutron.plugins.ml2.drivers.ovn.mech_driver.ovsdb.ovsdb_monitor [-] Hash Ring: Node c673711993835fe69b5a61e3dfc6dadd (host: np0000171305) handling event "create" for row 524e53f4-1a2f-45dd-b0da-284dee30a356 (table: ACL) {{(pid=104331) notify /opt/stack/neutron/neutron/plugins/ml2/drivers/ovn/mech_driver/ovsdb/ovsdb_monitor.py:942}}
Apr 29 21:42:11.802837 np0000171305 devstack@neutron-api.service[104333]: DEBUG neutron.plugins.ml2.drivers.ovn.mech_driver.ovsdb.ovsdb_monitor [-] Hash Ring: Node 73005f2a60f55b02b091c8b4584fa9b6 (host: np0000171305) handling event "create" for row bfa904e2-7d14-4fc0-934d-4a069081625d (table: ACL) {{(pid=104333) notify /opt/stack/neutron/neutron/plugins/ml2/drivers/ovn/mech_driver/ovsdb/ovsdb_monitor.py:942}}
Apr 29 21:42:11.803058 np0000171305 devstack@neutron-api.service[104331]: DEBUG neutron.plugins.ml2.drivers.ovn.mech_driver.ovsdb.ovsdb_monitor [-] Hash Ring: Node c673711993835fe69b5a61e3dfc6dadd (host: np0000171305) handling event "create" for row bfa904e2-7d14-4fc0-934d-4a069081625d (table: ACL) {{(pid=104331) notify /opt/stack/neutron/neutron/plugins/ml2/drivers/ovn/mech_driver/ovsdb/ovsdb_monitor.py:942}}
Apr 29 21:42:11.803094 np0000171305 devstack@neutron-api.service[104332]: DEBUG neutron.plugins.ml2.drivers.ovn.mech_driver.ovsdb.ovsdb_monitor [-] Hash Ring: Node 2ba52fc1002c5adc86f1879337b2f745 (host: np0000171305) handling event "create" for row 524e53f4-1a2f-45dd-b0da-284dee30a356 (table: ACL) {{(pid=104332) notify /opt/stack/neutron/neutron/plugins/ml2/drivers/ovn/mech_driver/ovsdb/ovsdb_monitor.py:942}}
Apr 29 21:42:11.803310 np0000171305 devstack@neutron-api.service[104331]: DEBUG neutron.plugins.ml2.drivers.ovn.mech_driver.ovsdb.ovsdb_monitor [-] Hash Ring: Node c673711993835fe69b5a61e3dfc6dadd (host: np0000171305) handling event "create" for row d9e0cae8-4d67-4bb4-93e0-d22aacadc4b5 (table: ACL) {{(pid=104331) notify /opt/stack/neutron/neutron/plugins/ml2/drivers/ovn/mech_driver/ovsdb/ovsdb_monitor.py:942}}
Apr 29 21:42:11.803347 np0000171305 devstack@neutron-api.service[104333]: DEBUG neutron.plugins.ml2.drivers.ovn.mech_driver.ovsdb.ovsdb_monitor [-] Hash Ring: Node 73005f2a60f55b02b091c8b4584fa9b6 (host: np0000171305) handling event "create" for row d9e0cae8-4d67-4bb4-93e0-d22aacadc4b5 (table: ACL) {{(pid=104333) notify /opt/stack/neutron/neutron/plugins/ml2/drivers/ovn/mech_driver/ovsdb/ovsdb_monitor.py:942}}
Apr 29 21:42:11.803398 np0000171305 devstack@neutron-api.service[104331]: DEBUG neutron.plugins.ml2.drivers.ovn.mech_driver.ovsdb.ovsdb_monitor [-] Hash Ring: Node c673711993835fe69b5a61e3dfc6dadd (host: np0000171305) handling event "create" for row faf6870d-5b1b-4a7c-95b2-6fa197fc06ce (table: ACL) {{(pid=104331) notify /opt/stack/neutron/neutron/plugins/ml2/drivers/ovn/mech_driver/ovsdb/ovsdb_monitor.py:942}}
Apr 29 21:42:11.803398 np0000171305 devstack@neutron-api.service[104331]: DEBUG neutron.plugins.ml2.drivers.ovn.mech_driver.ovsdb.ovsdb_monitor [-] Hash Ring: Node c673711993835fe69b5a61e3dfc6dadd (host: np0000171305) handling event "create" for row 7c25b5df-c379-4b3d-b0d9-1caec907f1ce (table: Port_Group) {{(pid=104331) notify /opt/stack/neutron/neutron/plugins/ml2/drivers/ovn/mech_driver/ovsdb/ovsdb_monitor.py:942}}
Apr 29 21:42:11.803463 np0000171305 devstack@neutron-api.service[104333]: DEBUG neutron.plugins.ml2.drivers.ovn.mech_driver.ovsdb.ovsdb_monitor [-] Hash Ring: Node 73005f2a60f55b02b091c8b4584fa9b6 (host: np0000171305) handling event "create" for row faf6870d-5b1b-4a7c-95b2-6fa197fc06ce (table: ACL) {{(pid=104333) notify /opt/stack/neutron/neutron/plugins/ml2/drivers/ovn/mech_driver/ovsdb/ovsdb_monitor.py:942}}
Apr 29 21:42:11.834621 np0000171305 devstack@neutron-api.service[104334]: INFO neutron.db.ovn_revision_numbers_db [None req-f61d3464-f2ce-4e67-b8a9-7d48975803ae admin admin] Successfully bumped revision number for resource cddacf21-2756-453f-a4ed-589f2271020a (type: security_groups) to 1
Apr 29 21:42:11.850488 np0000171305 devstack@neutron-api.service[104334]: INFO neutron.db.ovn_revision_numbers_db [None req-f61d3464-f2ce-4e67-b8a9-7d48975803ae admin admin] Successfully bumped revision number for resource 2c458563-4886-4303-81ea-c6a9ffbcc7b5 (type: security_group_rules) to 0
Apr 29 21:42:11.864243 np0000171305 devstack@neutron-api.service[104334]: INFO neutron.db.ovn_revision_numbers_db [None req-f61d3464-f2ce-4e67-b8a9-7d48975803ae admin admin] Successfully bumped revision number for resource 691226b0-0c09-436f-b5d4-090b0d379f16 (type: security_group_rules) to 0
Apr 29 21:42:11.876114 np0000171305 devstack@neutron-api.service[104334]: INFO neutron.db.ovn_revision_numbers_db [None req-f61d3464-f2ce-4e67-b8a9-7d48975803ae admin admin] Successfully bumped revision number for resource 6db6f4e9-4ae4-4d41-925b-1560a9fa6e9f (type: security_group_rules) to 0
Apr 29 21:42:11.890263 np0000171305 devstack@neutron-api.service[104334]: INFO neutron.db.ovn_revision_numbers_db [None req-f61d3464-f2ce-4e67-b8a9-7d48975803ae admin admin] Successfully bumped revision number for resource f94a8fd0-1bf3-4b4d-b4bc-8dfb1c56b369 (type: security_group_rules) to 0
Apr 29 21:42:11.913806 np0000171305 devstack@neutron-api.service[104334]: DEBUG neutron.api.rpc.handlers.resources_rpc [None req-f61d3464-f2ce-4e67-b8a9-7d48975803ae admin admin] Pushing event updated for resources: {'SecurityGroup': ['ID=cddacf21-2756-453f-a4ed-589f2271020a,revision_number=1']} {{(pid=104334) push /opt/stack/neutron/neutron/api/rpc/handlers/resources_rpc.py:237}}
Apr 29 21:42:11.921620 np0000171305 devstack@neutron-api.service[104334]: DEBUG ovsdbapp.backend.ovs_idl.transaction [-] Running txn n=1 command(idx=0): CheckLivenessCommand(_result=None) {{(pid=104334) do_commit /opt/stack/data/venv/lib/python3.12/site-packages/ovsdbapp/backend/ovs_idl/transaction.py:89}}
Apr 29 21:42:11.925119 np0000171305 devstack@neutron-api.service[104331]: DEBUG neutron.plugins.ml2.drivers.ovn.mech_driver.ovsdb.ovsdb_monitor [-] Hash Ring: Node c673711993835fe69b5a61e3dfc6dadd (host: np0000171305) handling event "update" for row 0f5888f5-c731-4ba9-a193-610adca07418 (table: NB_Global) {{(pid=104331) notify /opt/stack/neutron/neutron/plugins/ml2/drivers/ovn/mech_driver/ovsdb/ovsdb_monitor.py:942}}
Apr 29 21:42:11.925683 np0000171305 devstack@neutron-api.service[104333]: DEBUG neutron.plugins.ml2.drivers.ovn.mech_driver.ovsdb.ovsdb_monitor [-] Hash Ring: Node 73005f2a60f55b02b091c8b4584fa9b6 (host: np0000171305) handling event "update" for row 0f5888f5-c731-4ba9-a193-610adca07418 (table: NB_Global) {{(pid=104333) notify /opt/stack/neutron/neutron/plugins/ml2/drivers/ovn/mech_driver/ovsdb/ovsdb_monitor.py:942}}
Apr 29 21:42:11.926845 np0000171305 devstack@neutron-api.service[104331]: DEBUG neutron.plugins.ml2.drivers.ovn.mech_driver.ovsdb.ovsdb_monitor [-] Hash Ring: Node c673711993835fe69b5a61e3dfc6dadd (host: np0000171305) handling event "update" for row 0f5888f5-c731-4ba9-a193-610adca07418 (table: NB_Global) {{(pid=104331) notify /opt/stack/neutron/neutron/plugins/ml2/drivers/ovn/mech_driver/ovsdb/ovsdb_monitor.py:942}}
Apr 29 21:42:11.930235 np0000171305 devstack@neutron-api.service[104333]: DEBUG neutron.plugins.ml2.drivers.ovn.mech_driver.ovsdb.ovsdb_monitor [-] ChassisAgentWriteEvent : Matched Chassis_Private, update, None None {{(pid=104333) matches /opt/stack/neutron/neutron/plugins/ml2/drivers/ovn/mech_driver/ovsdb/ovsdb_monitor.py:64}}
Apr 29 21:42:11.931283 np0000171305 devstack@neutron-api.service[104331]: DEBUG neutron.plugins.ml2.drivers.ovn.mech_driver.ovsdb.ovsdb_monitor [-] ChassisAgentWriteEvent : Matched Chassis_Private, update, None None {{(pid=104331) matches /opt/stack/neutron/neutron/plugins/ml2/drivers/ovn/mech_driver/ovsdb/ovsdb_monitor.py:64}}
Apr 29 21:42:11.931656 np0000171305 devstack@neutron-api.service[104334]: DEBUG neutron.plugins.ml2.drivers.ovn.mech_driver.ovsdb.ovsdb_monitor [-] ChassisAgentWriteEvent : Matched Chassis_Private, update, None None {{(pid=104334) matches /opt/stack/neutron/neutron/plugins/ml2/drivers/ovn/mech_driver/ovsdb/ovsdb_monitor.py:64}}
Apr 29 21:42:11.932227 np0000171305 devstack@neutron-api.service[104333]: DEBUG neutron.plugins.ml2.drivers.ovn.mech_driver.ovsdb.ovsdb_monitor [-] Hash Ring: Node 73005f2a60f55b02b091c8b4584fa9b6 (host: np0000171305) handling event "update" for row 0f5888f5-c731-4ba9-a193-610adca07418 (table: NB_Global) {{(pid=104333) notify /opt/stack/neutron/neutron/plugins/ml2/drivers/ovn/mech_driver/ovsdb/ovsdb_monitor.py:942}}
Apr 29 21:42:11.932840 np0000171305 devstack@neutron-api.service[104332]: DEBUG neutron.plugins.ml2.drivers.ovn.mech_driver.ovsdb.ovsdb_monitor [-] ChassisAgentWriteEvent : Matched Chassis_Private, update, None None {{(pid=104332) matches /opt/stack/neutron/neutron/plugins/ml2/drivers/ovn/mech_driver/ovsdb/ovsdb_monitor.py:64}}
Apr 29 21:42:11.933222 np0000171305 devstack@neutron-api.service[104331]: DEBUG neutron.plugins.ml2.drivers.ovn.mech_driver.ovsdb.ovsdb_monitor [-] Hash Ring: Node c673711993835fe69b5a61e3dfc6dadd (host: np0000171305) handling event "update" for row 0f5888f5-c731-4ba9-a193-610adca07418 (table: NB_Global) {{(pid=104331) notify /opt/stack/neutron/neutron/plugins/ml2/drivers/ovn/mech_driver/ovsdb/ovsdb_monitor.py:942}}
Apr 29 21:42:11.934055 np0000171305 devstack@neutron-api.service[104333]: DEBUG neutron.plugins.ml2.drivers.ovn.mech_driver.ovsdb.ovsdb_monitor [-] Hash Ring: Node 73005f2a60f55b02b091c8b4584fa9b6 (host: np0000171305) handling event "update" for row 0f5888f5-c731-4ba9-a193-610adca07418 (table: NB_Global) {{(pid=104333) notify /opt/stack/neutron/neutron/plugins/ml2/drivers/ovn/mech_driver/ovsdb/ovsdb_monitor.py:942}}
Apr 29 21:42:11.934836 np0000171305 devstack@neutron-api.service[104331]: DEBUG neutron.plugins.ml2.drivers.ovn.mech_driver.ovsdb.ovsdb_monitor [-] Hash Ring: Node c673711993835fe69b5a61e3dfc6dadd (host: np0000171305) handling event "update" for row 0f5888f5-c731-4ba9-a193-610adca07418 (table: NB_Global) {{(pid=104331) notify /opt/stack/neutron/neutron/plugins/ml2/drivers/ovn/mech_driver/ovsdb/ovsdb_monitor.py:942}}
Apr 29 21:42:11.935090 np0000171305 devstack@neutron-api.service[104333]: DEBUG neutron.plugins.ml2.drivers.ovn.mech_driver.ovsdb.ovsdb_monitor [-] Hash Ring: Node 73005f2a60f55b02b091c8b4584fa9b6 (host: np0000171305) handling event "update" for row 0f5888f5-c731-4ba9-a193-610adca07418 (table: NB_Global) {{(pid=104333) notify /opt/stack/neutron/neutron/plugins/ml2/drivers/ovn/mech_driver/ovsdb/ovsdb_monitor.py:942}}
Apr 29 21:42:11.937227 np0000171305 devstack@neutron-api.service[104333]: DEBUG neutron.plugins.ml2.drivers.ovn.mech_driver.ovsdb.ovsdb_monitor [-] ChassisOVNAgentWriteEvent : Matched Chassis_Private, update, None None {{(pid=104333) matches /opt/stack/neutron/neutron/plugins/ml2/drivers/ovn/mech_driver/ovsdb/ovsdb_monitor.py:64}}
Apr 29 21:42:11.937662 np0000171305 devstack@neutron-api.service[104332]: DEBUG neutron.plugins.ml2.drivers.ovn.mech_driver.ovsdb.ovsdb_monitor [-] ChassisOVNAgentWriteEvent : Matched Chassis_Private, update, None None {{(pid=104332) matches /opt/stack/neutron/neutron/plugins/ml2/drivers/ovn/mech_driver/ovsdb/ovsdb_monitor.py:64}}
Apr 29 21:42:11.938816 np0000171305 devstack@neutron-api.service[104331]: DEBUG neutron.common.ovn.hash_ring_manager [-] Allow caching, nodes 4>=4 {{(pid=104331) _wait_startup_before_caching /opt/stack/neutron/neutron/common/ovn/hash_ring_manager.py:65}}
Apr 29 21:42:11.938893 np0000171305 devstack@neutron-api.service[104334]: DEBUG neutron.api.rpc.callbacks.version_manager [None req-f61d3464-f2ce-4e67-b8a9-7d48975803ae admin admin] Tracked resource versions report:
Apr 29 21:42:11.938893 np0000171305 devstack@neutron-api.service[104334]: pushed versions:
Apr 29 21:42:11.938893 np0000171305 devstack@neutron-api.service[104334]: { 'AddressGroup': {'1.2'},
Apr 29 21:42:11.938893 np0000171305 devstack@neutron-api.service[104334]: 'Agent': {'1.1'},
Apr 29 21:42:11.938893 np0000171305 devstack@neutron-api.service[104334]: 'ConntrackHelper': {'1.0'},
Apr 29 21:42:11.938893 np0000171305 devstack@neutron-api.service[104334]: 'LocalIPAssociation': {'1.0'},
Apr 29 21:42:11.938893 np0000171305 devstack@neutron-api.service[104334]: 'Log': {'1.0'},
Apr 29 21:42:11.938893 np0000171305 devstack@neutron-api.service[104334]: 'NDPProxy': {'1.0'},
Apr 29 21:42:11.938893 np0000171305 devstack@neutron-api.service[104334]: 'Network': {'1.2'},
Apr 29 21:42:11.938893 np0000171305 devstack@neutron-api.service[104334]: 'Port': {'1.10'},
Apr 29 21:42:11.938893 np0000171305 devstack@neutron-api.service[104334]: 'PortForwarding': {'1.3'},
Apr 29 21:42:11.938893 np0000171305 devstack@neutron-api.service[104334]: 'QosPolicy': {'1.10'},
Apr 29 21:42:11.938893 np0000171305 devstack@neutron-api.service[104334]: 'SecurityGroup': {'1.6'},
Apr 29 21:42:11.938893 np0000171305 devstack@neutron-api.service[104334]: 'SecurityGroupRule': {'1.3'},
Apr 29 21:42:11.938893 np0000171305 devstack@neutron-api.service[104334]: 'SubPort': {'1.0'},
Apr 29 21:42:11.938893 np0000171305 devstack@neutron-api.service[104334]: 'Subnet': {'1.2'},
Apr 29 21:42:11.938893 np0000171305 devstack@neutron-api.service[104334]: 'Trunk': {'1.1'}}
Apr 29 21:42:11.938893 np0000171305 devstack@neutron-api.service[104334]: consumer versions:
Apr 29 21:42:11.938893 np0000171305 devstack@neutron-api.service[104334]: {OVN Controller Gateway agent@np0000171305: {}}
Apr 29 21:42:11.938893 np0000171305 devstack@neutron-api.service[104334]: {{(pid=104334) report /opt/stack/neutron/neutron/api/rpc/callbacks/version_manager.py:183}}
Apr 29 21:42:11.939295 np0000171305 devstack@neutron-api.service[104331]: DEBUG neutron.plugins.ml2.drivers.ovn.mech_driver.ovsdb.ovsdb_monitor [-] Hash Ring: Node c673711993835fe69b5a61e3dfc6dadd (host: np0000171305) handling event "update" for row c099bd26-75c2-4aa4-aa6e-fe265ba3dede (table: Chassis_Private) {{(pid=104331) notify /opt/stack/neutron/neutron/plugins/ml2/drivers/ovn/mech_driver/ovsdb/ovsdb_monitor.py:942}}
Apr 29 21:42:11.939593 np0000171305 devstack@neutron-api.service[104331]: DEBUG neutron.plugins.ml2.drivers.ovn.mech_driver.ovsdb.ovsdb_monitor [-] ChassisOVNAgentWriteEvent : Matched Chassis_Private, update, None None {{(pid=104331) matches /opt/stack/neutron/neutron/plugins/ml2/drivers/ovn/mech_driver/ovsdb/ovsdb_monitor.py:64}}
Apr 29 21:42:11.939831 np0000171305 devstack@neutron-api.service[104331]: DEBUG neutron.plugins.ml2.drivers.ovn.mech_driver.ovsdb.ovsdb_monitor [-] Hash Ring: Node c673711993835fe69b5a61e3dfc6dadd (host: np0000171305) handling event "update" for row c099bd26-75c2-4aa4-aa6e-fe265ba3dede (table: Chassis_Private) {{(pid=104331) notify /opt/stack/neutron/neutron/plugins/ml2/drivers/ovn/mech_driver/ovsdb/ovsdb_monitor.py:942}}
Apr 29 21:42:11.945187 np0000171305 devstack@neutron-api.service[104334]: DEBUG neutron.plugins.ml2.drivers.ovn.mech_driver.ovsdb.ovsdb_monitor [-] ChassisOVNAgentWriteEvent : Matched Chassis_Private, update, None None {{(pid=104334) matches /opt/stack/neutron/neutron/plugins/ml2/drivers/ovn/mech_driver/ovsdb/ovsdb_monitor.py:64}}
Apr 29 21:42:12.034348 np0000171305 devstack@neutron-api.service[104334]: DEBUG neutron.plugins.ml2.drivers.helpers [None req-f61d3464-f2ce-4e67-b8a9-7d48975803ae admin admin] geneve segment allocate from pool success with {'geneve_vni': 35385} {{(pid=104334) allocate_partially_specified_segment /opt/stack/neutron/neutron/plugins/ml2/drivers/helpers.py:142}}
Apr 29 21:42:12.050714 np0000171305 devstack@neutron-api.service[104334]: DEBUG neutron_lib.callbacks.manager [None req-f61d3464-f2ce-4e67-b8a9-7d48975803ae admin admin] Publish callbacks ['neutron.services.segments.db._add_segment_host_mapping_for_segment-8281169728726', 'neutron.plugins.ml2.plugin.Ml2Plugin._handle_segment_change-1395141'] for segment (795b42b9-690d-4c65-a5f2-d2b1a0858309), precommit_create {{(pid=104334) _notify_loop /opt/stack/data/venv/lib/python3.12/site-packages/neutron_lib/callbacks/manager.py:184}}
Apr 29 21:42:12.050886 np0000171305 devstack@neutron-api.service[104334]: INFO neutron.db.segments_db [None req-f61d3464-f2ce-4e67-b8a9-7d48975803ae admin admin] Added segment 795b42b9-690d-4c65-a5f2-d2b1a0858309 of type geneve for network c9d1d419-3be4-4259-ad52-85244bc3396e
Apr 29 21:42:12.103010 np0000171305 devstack@neutron-api.service[104334]: DEBUG neutron_lib.callbacks.manager [None req-f61d3464-f2ce-4e67-b8a9-7d48975803ae admin admin] Publish callbacks ['neutron.services.auto_allocate.db._ensure_external_network_default_value_callback-8281168457078'] for network (c9d1d419-3be4-4259-ad52-85244bc3396e), precommit_create {{(pid=104334) _notify_loop /opt/stack/data/venv/lib/python3.12/site-packages/neutron_lib/callbacks/manager.py:184}}
Apr 29 21:42:12.118254 np0000171305 devstack@neutron-api.service[104334]: DEBUG neutron.plugins.ml2.drivers.ovn.mech_driver.mech_driver [None req-f61d3464-f2ce-4e67-b8a9-7d48975803ae admin admin] Validating network segment with type geneve, segmentation ID 35385, physical network None {{(pid=104334) _validate_network_segments /opt/stack/neutron/neutron/plugins/ml2/drivers/ovn/mech_driver/mech_driver.py:641}}
Apr 29 21:42:12.118384 np0000171305 devstack@neutron-api.service[104334]: DEBUG neutron.db.ovn_revision_numbers_db [None req-f61d3464-f2ce-4e67-b8a9-7d48975803ae admin admin] create_initial_revision uuid=c9d1d419-3be4-4259-ad52-85244bc3396e, type=networks, rev=-1 {{(pid=104334) create_initial_revision /opt/stack/neutron/neutron/db/ovn_revision_numbers_db.py:98}}
Apr 29 21:42:12.132808 np0000171305 devstack@neutron-api.service[104334]: DEBUG neutron_lib.callbacks.manager [None req-f61d3464-f2ce-4e67-b8a9-7d48975803ae admin admin] Publish callbacks ['neutron.plugins.ml2.ovo_rpc._ObjectChangeHandler.handle_event-4057738'] for network (c9d1d419-3be4-4259-ad52-85244bc3396e), after_create {{(pid=104334) _notify_loop /opt/stack/data/venv/lib/python3.12/site-packages/neutron_lib/callbacks/manager.py:184}}
Apr 29 21:42:12.180093 np0000171305 devstack@neutron-api.service[104334]: DEBUG neutron.api.rpc.handlers.resources_rpc [None req-f61d3464-f2ce-4e67-b8a9-7d48975803ae admin admin] Pushing event updated for resources: {'Network': ['ID=c9d1d419-3be4-4259-ad52-85244bc3396e,revision_number=1']} {{(pid=104334) push /opt/stack/neutron/neutron/api/rpc/handlers/resources_rpc.py:237}}
Apr 29 21:42:12.187681 np0000171305 devstack@neutron-api.service[104334]: DEBUG ovsdbapp.backend.ovs_idl.transaction [-] Running txn n=1 command(idx=0): AddNetworkCommand(_result=None, network_uuid=c9d1d419-3be4-4259-ad52-85244bc3396e, may_exist=True, columns={'external_ids': {'neutron:network_name': 'private', 'neutron:mtu': '1372', 'neutron:revision_number': '1', 'neutron:availability_zone_hints': '', 'neutron:provnet-network-type': 'geneve'}, 'other_config': {'mcast_snoop': 'false', 'mcast_flood_unregistered': 'false', 'vlan-passthru': 'false'}}) {{(pid=104334) do_commit /opt/stack/data/venv/lib/python3.12/site-packages/ovsdbapp/backend/ovs_idl/transaction.py:89}}
Apr 29 21:42:12.188391 np0000171305 devstack@neutron-api.service[104334]: DEBUG neutron.common.ovn.utils [-] OVS persist_uuid supported=True {{(pid=104334) ovs_persist_uuid_supported /opt/stack/neutron/neutron/common/ovn/utils.py:1537}}
Apr 29 21:42:12.192634 np0000171305 devstack@neutron-api.service[104334]: DEBUG neutron.plugins.ml2.drivers.ovn.mech_driver.ovsdb.ovsdb_monitor [-] Hash Ring: Node 4780f2ff3a8554399fb5acab829eb7ea (host: np0000171305) handling event "create" for row c9d1d419-3be4-4259-ad52-85244bc3396e (table: Logical_Switch) {{(pid=104334) notify /opt/stack/neutron/neutron/plugins/ml2/drivers/ovn/mech_driver/ovsdb/ovsdb_monitor.py:942}}
Apr 29 21:42:12.192831 np0000171305 devstack@neutron-api.service[104331]: DEBUG neutron.plugins.ml2.drivers.ovn.mech_driver.ovsdb.ovsdb_monitor [-] Hash Ring: Node c673711993835fe69b5a61e3dfc6dadd (host: np0000171305) handling event "create" for row c9d1d419-3be4-4259-ad52-85244bc3396e (table: Logical_Switch) {{(pid=104331) notify /opt/stack/neutron/neutron/plugins/ml2/drivers/ovn/mech_driver/ovsdb/ovsdb_monitor.py:942}}
Apr 29 21:42:12.193041 np0000171305 devstack@neutron-api.service[104333]: DEBUG neutron.plugins.ml2.drivers.ovn.mech_driver.ovsdb.ovsdb_monitor [-] Hash Ring: Node 73005f2a60f55b02b091c8b4584fa9b6 (host: np0000171305) handling event "create" for row c9d1d419-3be4-4259-ad52-85244bc3396e (table: Logical_Switch) {{(pid=104333) notify /opt/stack/neutron/neutron/plugins/ml2/drivers/ovn/mech_driver/ovsdb/ovsdb_monitor.py:942}}
Apr 29 21:42:12.199204 np0000171305 devstack@neutron-api.service[104331]: DEBUG neutron.plugins.ml2.drivers.ovn.mech_driver.ovsdb.ovsdb_monitor [-] Hash Ring: Node c673711993835fe69b5a61e3dfc6dadd (host: np0000171305) handling event "create" for row 67e2614c-7980-4fda-8769-983d4afb5590 (table: Datapath_Binding) {{(pid=104331) notify /opt/stack/neutron/neutron/plugins/ml2/drivers/ovn/mech_driver/ovsdb/ovsdb_monitor.py:942}}
Apr 29 21:42:12.225684 np0000171305 devstack@neutron-api.service[104334]: INFO neutron.db.ovn_revision_numbers_db [None req-f61d3464-f2ce-4e67-b8a9-7d48975803ae admin admin] Successfully bumped revision number for resource c9d1d419-3be4-4259-ad52-85244bc3396e (type: networks) to 1
Apr 29 21:42:12.451819 np0000171305 devstack@neutron-api.service[104334]: DEBUG neutron_lib.callbacks.manager [None req-f61d3464-f2ce-4e67-b8a9-7d48975803ae admin admin] Publish callbacks ['neutron.plugins.ml2.plugin.SecurityGroupDbMixin._ensure_default_security_group_handler-1134213'] for port (None), before_create {{(pid=104334) _notify_loop /opt/stack/data/venv/lib/python3.12/site-packages/neutron_lib/callbacks/manager.py:184}}
Apr 29 21:42:12.542610 np0000171305 devstack@neutron-api.service[104334]: DEBUG neutron_lib.callbacks.manager [None req-f61d3464-f2ce-4e67-b8a9-7d48975803ae admin admin] Publish callbacks ['neutron.plugins.ml2.drivers.ovn.mech_driver.mech_driver.OVNMechanismDriver._validate_allowed_address_pairs-859963'] for allowed_address_pair (68385bbb-b5a0-41e4-94a7-f03983876288), before_create {{(pid=104334) _notify_loop /opt/stack/data/venv/lib/python3.12/site-packages/neutron_lib/callbacks/manager.py:184}}
Apr 29 21:42:12.543088 np0000171305 devstack@neutron-api.service[104334]: DEBUG neutron_lib.callbacks.manager [None req-f61d3464-f2ce-4e67-b8a9-7d48975803ae admin admin] Publish callbacks [] for port (68385bbb-b5a0-41e4-94a7-f03983876288), precommit_create {{(pid=104334) _notify_loop /opt/stack/data/venv/lib/python3.12/site-packages/neutron_lib/callbacks/manager.py:184}}
Apr 29 21:42:12.543265 np0000171305 devstack@neutron-api.service[104334]: DEBUG neutron.plugins.ml2.drivers.ovn.mech_driver.mech_driver [None req-f61d3464-f2ce-4e67-b8a9-7d48975803ae admin admin] No provisioning block for port 68385bbb-b5a0-41e4-94a7-f03983876288 since it does not have a host {{(pid=104334) _is_port_provisioning_required /opt/stack/neutron/neutron/plugins/ml2/drivers/ovn/mech_driver/mech_driver.py:894}}
Apr 29 21:42:12.543379 np0000171305 devstack@neutron-api.service[104334]: DEBUG neutron.db.ovn_revision_numbers_db [None req-f61d3464-f2ce-4e67-b8a9-7d48975803ae admin admin] create_initial_revision uuid=68385bbb-b5a0-41e4-94a7-f03983876288, type=ports, rev=-1 {{(pid=104334) create_initial_revision /opt/stack/neutron/neutron/db/ovn_revision_numbers_db.py:98}}
Apr 29 21:42:12.605453 np0000171305 devstack@neutron-api.service[104334]: DEBUG neutron_lib.callbacks.manager [None req-f61d3464-f2ce-4e67-b8a9-7d48975803ae admin admin] Publish callbacks ['neutron.plugins.ml2.ovo_rpc._ObjectChangeHandler.handle_event-4057757'] for port (68385bbb-b5a0-41e4-94a7-f03983876288), after_create {{(pid=104334) _notify_loop /opt/stack/data/venv/lib/python3.12/site-packages/neutron_lib/callbacks/manager.py:184}}
Apr 29 21:42:12.661173 np0000171305 devstack@neutron-api.service[104334]: DEBUG neutron.api.rpc.handlers.resources_rpc [None req-f61d3464-f2ce-4e67-b8a9-7d48975803ae admin admin] Pushing event updated for resources: {'Port': ['ID=68385bbb-b5a0-41e4-94a7-f03983876288,revision_number=1']} {{(pid=104334) push /opt/stack/neutron/neutron/api/rpc/handlers/resources_rpc.py:237}}
Apr 29 21:42:12.704093 np0000171305 devstack@neutron-api.service[104334]: DEBUG ovsdbapp.backend.ovs_idl.transaction [-] Running txn n=1 command(idx=0): AddLSwitchPortCommand(_result=None, lport=68385bbb-b5a0-41e4-94a7-f03983876288, lswitch=neutron-c9d1d419-3be4-4259-ad52-85244bc3396e, may_exist=True, network_uuid=c9d1d419-3be4-4259-ad52-85244bc3396e, columns={'addresses': ['fa:16:3e:f3:b6:d5'], 'external_ids': {'neutron:port_name': '', 'neutron:device_id': 'ovnmeta-c9d1d419-3be4-4259-ad52-85244bc3396e', 'neutron:project_id': '57abd440e8104646831cfbc7ff2c922e', 'neutron:cidrs': '', 'neutron:device_owner': 'network:distributed', 'neutron:subnet_pool_addr_scope4': '', 'neutron:subnet_pool_addr_scope6': '', 'neutron:network_name': 'neutron-c9d1d419-3be4-4259-ad52-85244bc3396e', 'neutron:security_group_ids': '', 'neutron:revision_number': '1', 'neutron:vnic_type': 'normal', 'neutron:port_capabilities': '', 'neutron:mtu': ''}, 'parent_name': [], 'tag': [], 'enabled': True, 'options': {}, 'type': 'localport', 'port_security': [], 'dhcpv4_options': [], 'dhcpv6_options': []}) {{(pid=104334) do_commit /opt/stack/data/venv/lib/python3.12/site-packages/ovsdbapp/backend/ovs_idl/transaction.py:89}}
Apr 29 21:42:12.704980 np0000171305 devstack@neutron-api.service[104334]: DEBUG ovsdbapp.backend.ovs_idl.transaction [-] Running txn n=1 command(idx=1): QoSDelCommand(_result=None, switch=neutron-c9d1d419-3be4-4259-ad52-85244bc3396e, conditions=[('direction', '=', 'to-lport'), ('priority', '=', 2002), ('match', '=', 'outport == "68385bbb-b5a0-41e4-94a7-f03983876288"')], if_exists=True) {{(pid=104334) do_commit /opt/stack/data/venv/lib/python3.12/site-packages/ovsdbapp/backend/ovs_idl/transaction.py:89}}
Apr 29 21:42:12.705261 np0000171305 devstack@neutron-api.service[104334]: DEBUG ovsdbapp.backend.ovs_idl.transaction [-] Running txn n=1 command(idx=2): QoSDelCommand(_result=None, switch=neutron-c9d1d419-3be4-4259-ad52-85244bc3396e, conditions=[('direction', '=', 'from-lport'), ('priority', '=', 2002), ('match', '=', 'inport == "68385bbb-b5a0-41e4-94a7-f03983876288"')], if_exists=True) {{(pid=104334) do_commit /opt/stack/data/venv/lib/python3.12/site-packages/ovsdbapp/backend/ovs_idl/transaction.py:89}}
Apr 29 21:42:12.710836 np0000171305 devstack@neutron-api.service[104334]: DEBUG neutron.plugins.ml2.drivers.ovn.mech_driver.ovsdb.ovsdb_monitor [-] Hash Ring: Node 4780f2ff3a8554399fb5acab829eb7ea (host: np0000171305) handling event "update" for row c9d1d419-3be4-4259-ad52-85244bc3396e (table: Logical_Switch) {{(pid=104334) notify /opt/stack/neutron/neutron/plugins/ml2/drivers/ovn/mech_driver/ovsdb/ovsdb_monitor.py:942}}
Apr 29 21:42:12.711037 np0000171305 devstack@neutron-api.service[104331]: DEBUG neutron.plugins.ml2.drivers.ovn.mech_driver.ovsdb.ovsdb_monitor [-] Hash Ring: Node c673711993835fe69b5a61e3dfc6dadd (host: np0000171305) handling event "update" for row c9d1d419-3be4-4259-ad52-85244bc3396e (table: Logical_Switch) {{(pid=104331) notify /opt/stack/neutron/neutron/plugins/ml2/drivers/ovn/mech_driver/ovsdb/ovsdb_monitor.py:942}}
Apr 29 21:42:12.711228 np0000171305 devstack@neutron-api.service[104334]: DEBUG neutron.plugins.ml2.drivers.ovn.mech_driver.ovsdb.ovsdb_monitor [-] Hash Ring: Node 4780f2ff3a8554399fb5acab829eb7ea (host: np0000171305) handling event "create" for row f2dd94f5-aff3-410a-9bb1-18793a674138 (table: Logical_Switch_Port) {{(pid=104334) notify /opt/stack/neutron/neutron/plugins/ml2/drivers/ovn/mech_driver/ovsdb/ovsdb_monitor.py:942}}
Apr 29 21:42:12.711461 np0000171305 devstack@neutron-api.service[104331]: DEBUG neutron.plugins.ml2.drivers.ovn.mech_driver.ovsdb.ovsdb_monitor [-] Hash Ring: Node c673711993835fe69b5a61e3dfc6dadd (host: np0000171305) handling event "create" for row f2dd94f5-aff3-410a-9bb1-18793a674138 (table: Logical_Switch_Port) {{(pid=104331) notify /opt/stack/neutron/neutron/plugins/ml2/drivers/ovn/mech_driver/ovsdb/ovsdb_monitor.py:942}}
Apr 29 21:42:12.711961 np0000171305 devstack@neutron-api.service[104333]: DEBUG neutron.plugins.ml2.drivers.ovn.mech_driver.ovsdb.ovsdb_monitor [-] Hash Ring: Node 73005f2a60f55b02b091c8b4584fa9b6 (host: np0000171305) handling event "update" for row c9d1d419-3be4-4259-ad52-85244bc3396e (table: Logical_Switch) {{(pid=104333) notify /opt/stack/neutron/neutron/plugins/ml2/drivers/ovn/mech_driver/ovsdb/ovsdb_monitor.py:942}}
Apr 29 21:42:12.711961 np0000171305 devstack@neutron-api.service[104333]: DEBUG neutron.plugins.ml2.drivers.ovn.mech_driver.ovsdb.ovsdb_monitor [-] Hash Ring: Node 73005f2a60f55b02b091c8b4584fa9b6 (host: np0000171305) handling event "create" for row f2dd94f5-aff3-410a-9bb1-18793a674138 (table: Logical_Switch_Port) {{(pid=104333) notify /opt/stack/neutron/neutron/plugins/ml2/drivers/ovn/mech_driver/ovsdb/ovsdb_monitor.py:942}}
Apr 29 21:42:12.712927 np0000171305 devstack@neutron-api.service[104331]: DEBUG ovsdbapp.backend.ovs_idl.event [-] Matched CREATE: LogicalSwitchPortCreateEvent(events=('create',), table='Logical_Switch_Port', conditions=[], old_conditions=None), priority=20 to row=Logical_Switch_Port(uuid=f2dd94f5-aff3-410a-9bb1-18793a674138, addresses=['fa:16:3e:f3:b6:d5'], dhcpv4_options=[], dhcpv6_options=[], dynamic_addresses=[], enabled=True, external_ids={'neutron:cidrs': '', 'neutron:device_id': 'ovnmeta-c9d1d419-3be4-4259-ad52-85244bc3396e', 'neutron:device_owner': 'network:distributed', 'neutron:mtu': '', 'neutron:network_name': 'neutron-c9d1d419-3be4-4259-ad52-85244bc3396e', 'neutron:port_capabilities': '', 'neutron:port_name': '', 'neutron:project_id': '57abd440e8104646831cfbc7ff2c922e', 'neutron:revision_number': '1', 'neutron:security_group_ids': '', 'neutron:subnet_pool_addr_scope4': '', 'neutron:subnet_pool_addr_scope6': '', 'neutron:vnic_type': 'normal'}, ha_chassis_group=[], mirror_rules=[], name='68385bbb-b5a0-41e4-94a7-f03983876288', options={}, parent_name=[], port_security=[], tag=[], tag_request=[], type='localport', up=[]) old= {{(pid=104331) matches /opt/stack/data/venv/lib/python3.12/site-packages/ovsdbapp/backend/ovs_idl/event.py:55}}
Apr 29 21:42:12.714057 np0000171305 devstack@neutron-api.service[104333]: DEBUG ovsdbapp.backend.ovs_idl.event [-] Matched CREATE: LogicalSwitchPortCreateEvent(events=('create',), table='Logical_Switch_Port', conditions=[], old_conditions=None), priority=20 to row=Logical_Switch_Port(uuid=f2dd94f5-aff3-410a-9bb1-18793a674138, addresses=['fa:16:3e:f3:b6:d5'], dhcpv4_options=[], dhcpv6_options=[], dynamic_addresses=[], enabled=True, external_ids={'neutron:cidrs': '', 'neutron:device_id': 'ovnmeta-c9d1d419-3be4-4259-ad52-85244bc3396e', 'neutron:device_owner': 'network:distributed', 'neutron:mtu': '', 'neutron:network_name': 'neutron-c9d1d419-3be4-4259-ad52-85244bc3396e', 'neutron:port_capabilities': '', 'neutron:port_name': '', 'neutron:project_id': '57abd440e8104646831cfbc7ff2c922e', 'neutron:revision_number': '1', 'neutron:security_group_ids': '', 'neutron:subnet_pool_addr_scope4': '', 'neutron:subnet_pool_addr_scope6': '', 'neutron:vnic_type': 'normal'}, ha_chassis_group=[], mirror_rules=[], name='68385bbb-b5a0-41e4-94a7-f03983876288', options={}, parent_name=[], port_security=[], tag=[], tag_request=[], type='localport', up=[]) old= {{(pid=104333) matches /opt/stack/data/venv/lib/python3.12/site-packages/ovsdbapp/backend/ovs_idl/event.py:55}}
Apr 29 21:42:12.714185 np0000171305 devstack@neutron-api.service[104331]: DEBUG neutron.plugins.ml2.drivers.ovn.mech_driver.ovsdb.ovsdb_monitor [-] Hash Ring: Node c673711993835fe69b5a61e3dfc6dadd (host: np0000171305) handling event "update" for row f2dd94f5-aff3-410a-9bb1-18793a674138 (table: Logical_Switch_Port) {{(pid=104331) notify /opt/stack/neutron/neutron/plugins/ml2/drivers/ovn/mech_driver/ovsdb/ovsdb_monitor.py:942}}
Apr 29 21:42:12.714848 np0000171305 devstack@neutron-api.service[104332]: DEBUG neutron.plugins.ml2.drivers.ovn.mech_driver.ovsdb.ovsdb_monitor [-] Hash Ring: Node 2ba52fc1002c5adc86f1879337b2f745 (host: np0000171305) handling event "create" for row f4c983ff-ddda-4fbb-9e0f-37106d1e72cd (table: Port_Binding) {{(pid=104332) notify /opt/stack/neutron/neutron/plugins/ml2/drivers/ovn/mech_driver/ovsdb/ovsdb_monitor.py:942}}
Apr 29 21:42:12.715283 np0000171305 devstack@neutron-api.service[104331]: INFO neutron.plugins.ml2.drivers.ovn.mech_driver.mech_driver [-] OVN reports status down for port: 68385bbb-b5a0-41e4-94a7-f03983876288
Apr 29 21:42:12.715328 np0000171305 devstack@neutron-api.service[104333]: INFO neutron.plugins.ml2.drivers.ovn.mech_driver.mech_driver [-] OVN reports status down for port: 68385bbb-b5a0-41e4-94a7-f03983876288
Apr 29 21:42:12.716186 np0000171305 devstack@neutron-api.service[104333]: DEBUG neutron.plugins.ml2.drivers.ovn.mech_driver.ovsdb.ovsdb_monitor [-] Hash Ring: Node 73005f2a60f55b02b091c8b4584fa9b6 (host: np0000171305) handling event "update" for row f2dd94f5-aff3-410a-9bb1-18793a674138 (table: Logical_Switch_Port) {{(pid=104333) notify /opt/stack/neutron/neutron/plugins/ml2/drivers/ovn/mech_driver/ovsdb/ovsdb_monitor.py:942}}
Apr 29 21:42:12.716797 np0000171305 devstack@neutron-api.service[104331]: DEBUG neutron.plugins.ml2.drivers.ovn.mech_driver.ovsdb.ovsdb_monitor [-] Hash Ring: Node c673711993835fe69b5a61e3dfc6dadd (host: np0000171305) handling event "create" for row f4c983ff-ddda-4fbb-9e0f-37106d1e72cd (table: Port_Binding) {{(pid=104331) notify /opt/stack/neutron/neutron/plugins/ml2/drivers/ovn/mech_driver/ovsdb/ovsdb_monitor.py:942}}
Apr 29 21:42:12.718300 np0000171305 devstack@neutron-api.service[104334]: DEBUG ovsdbapp.backend.ovs_idl.event [-] Matched CREATE: LogicalSwitchPortCreateEvent(events=('create',), table='Logical_Switch_Port', conditions=[], old_conditions=None), priority=20 to row=Logical_Switch_Port(uuid=f2dd94f5-aff3-410a-9bb1-18793a674138, addresses=['fa:16:3e:f3:b6:d5'], dhcpv4_options=[], dhcpv6_options=[], dynamic_addresses=[], enabled=True, external_ids={'neutron:cidrs': '', 'neutron:device_id': 'ovnmeta-c9d1d419-3be4-4259-ad52-85244bc3396e', 'neutron:device_owner': 'network:distributed', 'neutron:mtu': '', 'neutron:network_name': 'neutron-c9d1d419-3be4-4259-ad52-85244bc3396e', 'neutron:port_capabilities': '', 'neutron:port_name': '', 'neutron:project_id': '57abd440e8104646831cfbc7ff2c922e', 'neutron:revision_number': '1', 'neutron:security_group_ids': '', 'neutron:subnet_pool_addr_scope4': '', 'neutron:subnet_pool_addr_scope6': '', 'neutron:vnic_type': 'normal'}, ha_chassis_group=[], mirror_rules=[], name='68385bbb-b5a0-41e4-94a7-f03983876288', options={}, parent_name=[], port_security=[], tag=[], tag_request=[], type='localport', up=[]) old= {{(pid=104334) matches /opt/stack/data/venv/lib/python3.12/site-packages/ovsdbapp/backend/ovs_idl/event.py:55}}
Apr 29 21:42:12.719586 np0000171305 devstack@neutron-api.service[104334]: DEBUG neutron.plugins.ml2.drivers.ovn.mech_driver.ovsdb.ovsdb_monitor [-] Hash Ring: Node 4780f2ff3a8554399fb5acab829eb7ea (host: np0000171305) handling event "update" for row f2dd94f5-aff3-410a-9bb1-18793a674138 (table: Logical_Switch_Port) {{(pid=104334) notify /opt/stack/neutron/neutron/plugins/ml2/drivers/ovn/mech_driver/ovsdb/ovsdb_monitor.py:942}}
Apr 29 21:42:12.721453 np0000171305 devstack@neutron-api.service[104334]: INFO neutron.plugins.ml2.drivers.ovn.mech_driver.mech_driver [-] OVN reports status down for port: 68385bbb-b5a0-41e4-94a7-f03983876288
Apr 29 21:42:12.772466 np0000171305 devstack@neutron-api.service[104331]: DEBUG neutron.db.provisioning_blocks [None req-bda13835-0791-4043-a4e3-ec457bea954a None None] Transition to ACTIVE for port object 68385bbb-b5a0-41e4-94a7-f03983876288 will not be triggered until provisioned by entity L2. {{(pid=104331) add_provisioning_component /opt/stack/neutron/neutron/db/provisioning_blocks.py:74}}
Apr 29 21:42:12.782595 np0000171305 devstack@neutron-api.service[104333]: DEBUG neutron.db.provisioning_blocks [None req-677d3951-5b5f-402b-bb0c-c1cd57581afc None None] Ignored duplicate provisioning block setup for port 68385bbb-b5a0-41e4-94a7-f03983876288 by entity L2. {{(pid=104333) add_provisioning_component /opt/stack/neutron/neutron/db/provisioning_blocks.py:69}}
Apr 29 21:42:12.807947 np0000171305 devstack@neutron-api.service[104331]: DEBUG neutron.plugins.ml2.plugin [None req-bda13835-0791-4043-a4e3-ec457bea954a None None] Current status of the port 68385bbb-b5a0-41e4-94a7-f03983876288 is: DOWN; New status is: DOWN {{(pid=104331) _update_individual_port_db_status /opt/stack/neutron/neutron/plugins/ml2/plugin.py:2464}}
Apr 29 21:42:12.811852 np0000171305 devstack@neutron-api.service[104331]: DEBUG ovsdbapp.backend.ovs_idl.transaction [-] Running txn n=1 command(idx=0): DbRemoveCommand(_result=None, table=Logical_Switch_Port, record=68385bbb-b5a0-41e4-94a7-f03983876288, column=external_ids, values=('neutron:host_id',), keyvalues={}, if_exists=True) {{(pid=104331) do_commit /opt/stack/data/venv/lib/python3.12/site-packages/ovsdbapp/backend/ovs_idl/transaction.py:89}}
Apr 29 21:42:12.815809 np0000171305 devstack@neutron-api.service[104333]: DEBUG neutron.plugins.ml2.plugin [None req-677d3951-5b5f-402b-bb0c-c1cd57581afc None None] Current status of the port 68385bbb-b5a0-41e4-94a7-f03983876288 is: DOWN; New status is: DOWN {{(pid=104333) _update_individual_port_db_status /opt/stack/neutron/neutron/plugins/ml2/plugin.py:2464}}
Apr 29 21:42:12.816481 np0000171305 devstack@neutron-api.service[104333]: INFO neutron.plugins.ml2.drivers.ovn.mech_driver.ovsdb.extensions.qos [None req-677d3951-5b5f-402b-bb0c-c1cd57581afc None None] Starting OVNClientQosExtension
Apr 29 21:42:12.816712 np0000171305 devstack@neutron-api.service[104333]: INFO neutron.plugins.ml2.drivers.ovn.mech_driver.ovsdb.extensions.placement [None req-677d3951-5b5f-402b-bb0c-c1cd57581afc None None] Starting OVNClientPlacementExtension
Apr 29 21:42:12.818678 np0000171305 devstack@neutron-api.service[104333]: DEBUG ovsdbapp.backend.ovs_idl.transaction [-] Running txn n=1 command(idx=0): DbRemoveCommand(_result=None, table=Logical_Switch_Port, record=68385bbb-b5a0-41e4-94a7-f03983876288, column=external_ids, values=('neutron:host_id',), keyvalues={}, if_exists=True) {{(pid=104333) do_commit /opt/stack/data/venv/lib/python3.12/site-packages/ovsdbapp/backend/ovs_idl/transaction.py:89}}
Apr 29 21:42:12.833930 np0000171305 devstack@neutron-api.service[104334]: DEBUG neutron.db.provisioning_blocks [None req-80ee1647-6ace-4c1a-86af-782e369a4763 None None] Ignored duplicate provisioning block setup for port 68385bbb-b5a0-41e4-94a7-f03983876288 by entity L2. {{(pid=104334) add_provisioning_component /opt/stack/neutron/neutron/db/provisioning_blocks.py:69}}
Apr 29 21:42:12.834701 np0000171305 devstack@neutron-api.service[104334]: INFO neutron.db.ovn_revision_numbers_db [None req-f61d3464-f2ce-4e67-b8a9-7d48975803ae admin admin] Successfully bumped revision number for resource 68385bbb-b5a0-41e4-94a7-f03983876288 (type: ports) to 1
Apr 29 21:42:12.886370 np0000171305 devstack@neutron-api.service[104334]: DEBUG neutron.pecan_wsgi.hooks.policy_enforcement [None req-f61d3464-f2ce-4e67-b8a9-7d48975803ae admin admin] Attributes excluded by policy engine: ['standard_attr_id'] {{(pid=104334) _exclude_attributes_by_policy /opt/stack/neutron/neutron/pecan_wsgi/hooks/policy_enforcement.py:256}}
Apr 29 21:42:12.886789 np0000171305 devstack@neutron-api.service[104334]: DEBUG neutron_lib.callbacks.manager [None req-f61d3464-f2ce-4e67-b8a9-7d48975803ae admin admin] Publish callbacks [] for network (None), before_response {{(pid=104334) _notify_loop /opt/stack/data/venv/lib/python3.12/site-packages/neutron_lib/callbacks/manager.py:184}}
Apr 29 21:42:12.908295 np0000171305 devstack@neutron-api.service[104334]: DEBUG neutron.plugins.ml2.plugin [None req-80ee1647-6ace-4c1a-86af-782e369a4763 None None] Current status of the port 68385bbb-b5a0-41e4-94a7-f03983876288 is: DOWN; New status is: DOWN {{(pid=104334) _update_individual_port_db_status /opt/stack/neutron/neutron/plugins/ml2/plugin.py:2464}}
Apr 29 21:42:12.910130 np0000171305 devstack@neutron-api.service[104334]: DEBUG ovsdbapp.backend.ovs_idl.transaction [-] Running txn n=1 command(idx=0): DbRemoveCommand(_result=None, table=Logical_Switch_Port, record=68385bbb-b5a0-41e4-94a7-f03983876288, column=external_ids, values=('neutron:host_id',), keyvalues={}, if_exists=True) {{(pid=104334) do_commit /opt/stack/data/venv/lib/python3.12/site-packages/ovsdbapp/backend/ovs_idl/transaction.py:89}}
Apr 29 21:42:12.913365 np0000171305 devstack@neutron-api.service[104334]: [pid: 104334|app: 0|req: 1/5] 199.204.45.216 () {68 vars in 1357 bytes} [Wed Apr 29 21:42:11 2026] POST /networking/v2.0/networks => generated 681 bytes in 1665 msecs (HTTP/1.1 201) 4 headers in 162 bytes (1 switches on core 0)
Apr 29 21:42:13.445222 np0000171305 devstack@neutron-api.service[104331]: DEBUG neutron.policy [None req-baec464e-0002-481a-b910-e4abe1e7d7a0 admin admin] Loaded default policies from ['neutron'] under neutron.policies entry points {{(pid=104331) register_rules /opt/stack/neutron/neutron/policy.py:65}}
Apr 29 21:42:13.549853 np0000171305 devstack@neutron-api.service[104331]: DEBUG neutron.pecan_wsgi.hooks.policy_enforcement [None req-baec464e-0002-481a-b910-e4abe1e7d7a0 admin admin] Attributes excluded by policy engine: ['standard_attr_id'] {{(pid=104331) _exclude_attributes_by_policy /opt/stack/neutron/neutron/pecan_wsgi/hooks/policy_enforcement.py:256}}
Apr 29 21:42:13.550895 np0000171305 devstack@neutron-api.service[104331]: [pid: 104331|app: 0|req: 3/6] 199.204.45.216 () {64 vars in 1415 bytes} [Wed Apr 29 21:42:13 2026] GET /networking/v2.0/networks/c9d1d419-3be4-4259-ad52-85244bc3396e => generated 662 bytes in 312 msecs (HTTP/1.1 200) 4 headers in 157 bytes (1 switches on core 0)
Apr 29 21:42:13.570665 np0000171305 devstack@neutron-api.service[104333]: DEBUG neutron.api.wsgi [None req-04030d0e-8e13-4fb9-8fe8-826c264a5aa7 admin admin] Missing Content-Type {{(pid=104333) get_content_type /opt/stack/neutron/neutron/api/wsgi.py:80}}
Apr 29 21:42:13.579327 np0000171305 devstack@neutron-api.service[104333]: [pid: 104333|app: 0|req: 2/7] 199.204.45.216 () {64 vars in 1424 bytes} [Wed Apr 29 21:42:13 2026] GET /networking/v2.0/subnetpools/4b49ee4b-19c9-4164-8a89-02d21e11d734 => generated 533 bytes in 13 msecs (HTTP/1.1 200) 4 headers in 157 bytes (1 switches on core 0)
Apr 29 21:42:13.595348 np0000171305 devstack@neutron-api.service[104332]: DEBUG neutron.api.v2.base [None req-4c7519a0-452a-42cc-acd5-72fe464a4ea5 admin admin] Request body: {'subnet': {'network_id': 'c9d1d419-3be4-4259-ad52-85244bc3396e', 'subnetpool_id': '4b49ee4b-19c9-4164-8a89-02d21e11d734', 'ip_version': 4, 'gateway_ip': '10.1.0.1', 'name': 'private-subnet'}} {{(pid=104332) prepare_request_body /opt/stack/neutron/neutron/api/v2/base.py:727}}
Apr 29 21:42:13.613909 np0000171305 devstack@neutron-api.service[104332]: DEBUG neutron.pecan_wsgi.hooks.quota_enforcement [None req-4c7519a0-452a-42cc-acd5-72fe464a4ea5 admin admin] Made reservation on behalf of 57abd440e8104646831cfbc7ff2c922e for: {'subnet': 1} {{(pid=104332) before /opt/stack/neutron/neutron/pecan_wsgi/hooks/quota_enforcement.py:66}}
