Mar 19 07:32:15.624671 np0000159933 devstack@neutron-api.service[102410]: DEBUG ovsdbapp.backend.ovs_idl [None req-80e72a28-2d0b-4dc3-b6e5-73e99a850cac None None] Created schema index Mirror.name {{(pid=102410) autocreate_indices /opt/stack/data/venv/lib/python3.12/site-packages/ovsdbapp/backend/ovs_idl/__init__.py:106}}
Mar 19 07:32:15.624915 np0000159933 devstack@neutron-api.service[102410]: DEBUG ovsdbapp.backend.ovs_idl [None req-80e72a28-2d0b-4dc3-b6e5-73e99a850cac None None] Created schema index Chassis_Template_Var.chassis {{(pid=102410) autocreate_indices /opt/stack/data/venv/lib/python3.12/site-packages/ovsdbapp/backend/ovs_idl/__init__.py:106}}
Mar 19 07:32:15.625177 np0000159933 devstack@neutron-api.service[102410]: DEBUG ovsdbapp.backend.ovs_idl [None req-80e72a28-2d0b-4dc3-b6e5-73e99a850cac None None] Created schema index Logical_Router_Port.name {{(pid=102410) autocreate_indices /opt/stack/data/venv/lib/python3.12/site-packages/ovsdbapp/backend/ovs_idl/__init__.py:106}}
Mar 19 07:32:15.625177 np0000159933 devstack@neutron-api.service[102410]: DEBUG ovsdbapp.backend.ovs_idl [None req-80e72a28-2d0b-4dc3-b6e5-73e99a850cac None None] Created schema index Port_Group.name {{(pid=102410) autocreate_indices /opt/stack/data/venv/lib/python3.12/site-packages/ovsdbapp/backend/ovs_idl/__init__.py:106}}
Mar 19 07:32:15.625373 np0000159933 devstack@neutron-api.service[102410]: DEBUG ovsdbapp.backend.ovs_idl [None req-80e72a28-2d0b-4dc3-b6e5-73e99a850cac None None] Created schema index Logical_Switch_Port.name {{(pid=102410) autocreate_indices /opt/stack/data/venv/lib/python3.12/site-packages/ovsdbapp/backend/ovs_idl/__init__.py:106}}
Mar 19 07:32:15.625547 np0000159933 devstack@neutron-api.service[102407]: DEBUG neutron.common.ovn.hash_ring_manager [None req-96dbe87c-dc9d-4d19-a901-a7667b6f67ac None None] Hash Ring loaded. 4 active nodes. 0 offline nodes {{(pid=102407) _load_hash_ring /opt/stack/neutron/neutron/common/ovn/hash_ring_manager.py:102}}
Mar 19 07:32:15.625797 np0000159933 devstack@neutron-api.service[102407]: DEBUG neutron.plugins.ml2.drivers.ovn.mech_driver.ovsdb.ovsdb_monitor [None req-96dbe87c-dc9d-4d19-a901-a7667b6f67ac None None] Hash Ring: Node fba2a72d198e5439bb9f96fc59a55cc5 (host: np0000159933) handling event "create" for row 432c6da0-af78-4ac9-8391-031f9fb1b6b4 (table: ACL) {{(pid=102407) notify /opt/stack/neutron/neutron/plugins/ml2/drivers/ovn/mech_driver/ovsdb/ovsdb_monitor.py:906}}
Mar 19 07:32:15.626700 np0000159933 devstack@neutron-api.service[102407]: DEBUG neutron.plugins.ml2.drivers.ovn.mech_driver.ovsdb.ovsdb_monitor [None req-96dbe87c-dc9d-4d19-a901-a7667b6f67ac None None] Hash Ring: Node fba2a72d198e5439bb9f96fc59a55cc5 (host: np0000159933) handling event "create" for row 6b584162-c6ca-4014-b227-38bd55563fd8 (table: Connection) {{(pid=102407) notify /opt/stack/neutron/neutron/plugins/ml2/drivers/ovn/mech_driver/ovsdb/ovsdb_monitor.py:906}}
Mar 19 07:32:15.627161 np0000159933 devstack@neutron-api.service[102407]: INFO neutron.plugins.ml2.drivers.ovn.mech_driver.ovsdb.impl_idl_ovn [None req-96dbe87c-dc9d-4d19-a901-a7667b6f67ac None None] Getting OvsdbSbOvnIdl for WorkerService with retry
Mar 19 07:32:15.631627 np0000159933 devstack@neutron-api.service[102410]: INFO ovsdbapp.backend.ovs_idl.vlog [None req-80e72a28-2d0b-4dc3-b6e5-73e99a850cac None None] ssl:162.253.55.43:6641: connecting...
Mar 19 07:32:15.649496 np0000159933 devstack@neutron-api.service[102410]: INFO ovsdbapp.backend.ovs_idl.vlog [None req-80e72a28-2d0b-4dc3-b6e5-73e99a850cac None None] ssl:162.253.55.43:6641: connected
Mar 19 07:32:15.653482 np0000159933 devstack@neutron-api.service[102409]: DEBUG ovsdbapp.backend.ovs_idl [None req-b5a52606-e2fa-4d5f-8b53-f5e6c5325411 None None] Created lookup_table index Chassis.name {{(pid=102409) autocreate_indices /opt/stack/data/venv/lib/python3.12/site-packages/ovsdbapp/backend/ovs_idl/__init__.py:87}}
Mar 19 07:32:15.653846 np0000159933 devstack@neutron-api.service[102409]: DEBUG ovsdbapp.backend.ovs_idl [None req-b5a52606-e2fa-4d5f-8b53-f5e6c5325411 None None] Created lookup_table index Port_Binding.logical_port {{(pid=102409) autocreate_indices /opt/stack/data/venv/lib/python3.12/site-packages/ovsdbapp/backend/ovs_idl/__init__.py:87}}
Mar 19 07:32:15.653846 np0000159933 devstack@neutron-api.service[102409]: DEBUG ovsdbapp.backend.ovs_idl [None req-b5a52606-e2fa-4d5f-8b53-f5e6c5325411 None None] Created schema index Chassis_Private.name {{(pid=102409) autocreate_indices /opt/stack/data/venv/lib/python3.12/site-packages/ovsdbapp/backend/ovs_idl/__init__.py:106}}
Mar 19 07:32:15.653846 np0000159933 devstack@neutron-api.service[102409]: DEBUG ovsdbapp.backend.ovs_idl [None req-b5a52606-e2fa-4d5f-8b53-f5e6c5325411 None None] Created schema index Datapath_Binding.tunnel_key {{(pid=102409) autocreate_indices /opt/stack/data/venv/lib/python3.12/site-packages/ovsdbapp/backend/ovs_idl/__init__.py:106}}
Mar 19 07:32:15.656232 np0000159933 devstack@neutron-api.service[102409]: INFO ovsdbapp.backend.ovs_idl.vlog [None req-b5a52606-e2fa-4d5f-8b53-f5e6c5325411 None None] ssl:162.253.55.43:6642: connecting...
Mar 19 07:32:15.658830 np0000159933 devstack@neutron-api.service[102407]: DEBUG ovsdbapp.backend.ovs_idl [None req-96dbe87c-dc9d-4d19-a901-a7667b6f67ac None None] Created lookup_table index Chassis.name {{(pid=102407) autocreate_indices /opt/stack/data/venv/lib/python3.12/site-packages/ovsdbapp/backend/ovs_idl/__init__.py:87}}
Mar 19 07:32:15.658830 np0000159933 devstack@neutron-api.service[102407]: DEBUG ovsdbapp.backend.ovs_idl [None req-96dbe87c-dc9d-4d19-a901-a7667b6f67ac None None] Created lookup_table index Port_Binding.logical_port {{(pid=102407) autocreate_indices /opt/stack/data/venv/lib/python3.12/site-packages/ovsdbapp/backend/ovs_idl/__init__.py:87}}
Mar 19 07:32:15.658830 np0000159933 devstack@neutron-api.service[102407]: DEBUG ovsdbapp.backend.ovs_idl [None req-96dbe87c-dc9d-4d19-a901-a7667b6f67ac None None] Created schema index Chassis_Private.name {{(pid=102407) autocreate_indices /opt/stack/data/venv/lib/python3.12/site-packages/ovsdbapp/backend/ovs_idl/__init__.py:106}}
Mar 19 07:32:15.659088 np0000159933 devstack@neutron-api.service[102407]: DEBUG ovsdbapp.backend.ovs_idl [None req-96dbe87c-dc9d-4d19-a901-a7667b6f67ac None None] Created schema index Datapath_Binding.tunnel_key {{(pid=102407) autocreate_indices /opt/stack/data/venv/lib/python3.12/site-packages/ovsdbapp/backend/ovs_idl/__init__.py:106}}
Mar 19 07:32:15.661268 np0000159933 devstack@neutron-api.service[102407]: INFO ovsdbapp.backend.ovs_idl.vlog [None req-96dbe87c-dc9d-4d19-a901-a7667b6f67ac None None] ssl:162.253.55.43:6642: connecting...
Mar 19 07:32:15.661440 np0000159933 devstack@neutron-api.service[102409]: INFO ovsdbapp.backend.ovs_idl.vlog [None req-b5a52606-e2fa-4d5f-8b53-f5e6c5325411 None None] ssl:162.253.55.43:6642: connected
Mar 19 07:32:15.669204 np0000159933 devstack@neutron-api.service[102407]: INFO ovsdbapp.backend.ovs_idl.vlog [None req-96dbe87c-dc9d-4d19-a901-a7667b6f67ac None None] ssl:162.253.55.43:6642: connected
Mar 19 07:32:15.691431 np0000159933 devstack@neutron-api.service[102410]: DEBUG neutron.common.ovn.hash_ring_manager [None req-80e72a28-2d0b-4dc3-b6e5-73e99a850cac None None] Allow caching, nodes 4>=4 {{(pid=102410) _wait_startup_before_caching /opt/stack/neutron/neutron/common/ovn/hash_ring_manager.py:65}}
Mar 19 07:32:15.694343 np0000159933 devstack@neutron-api.service[102409]: DEBUG neutron.common.ovn.hash_ring_manager [None req-b5a52606-e2fa-4d5f-8b53-f5e6c5325411 None None] Allow caching, nodes 4>=4 {{(pid=102409) _wait_startup_before_caching /opt/stack/neutron/neutron/common/ovn/hash_ring_manager.py:65}}
Mar 19 07:32:15.696142 np0000159933 devstack@neutron-api.service[102410]: DEBUG neutron.common.ovn.hash_ring_manager [None req-80e72a28-2d0b-4dc3-b6e5-73e99a850cac None None] Hash Ring loaded. 4 active nodes. 0 offline nodes {{(pid=102410) _load_hash_ring /opt/stack/neutron/neutron/common/ovn/hash_ring_manager.py:102}}
Mar 19 07:32:15.696363 np0000159933 devstack@neutron-api.service[102410]: DEBUG neutron.plugins.ml2.drivers.ovn.mech_driver.ovsdb.ovsdb_monitor [None req-80e72a28-2d0b-4dc3-b6e5-73e99a850cac None None] Hash Ring: Node 3effa45c0ffc548b94d4822a1c07b97b (host: np0000159933) handling event "create" for row b9e2c517-1f0f-41b9-8cd2-f2ce04229ca5 (table: ACL) {{(pid=102410) notify /opt/stack/neutron/neutron/plugins/ml2/drivers/ovn/mech_driver/ovsdb/ovsdb_monitor.py:906}}
Mar 19 07:32:15.697488 np0000159933 devstack@neutron-api.service[102410]: INFO neutron.plugins.ml2.drivers.ovn.mech_driver.ovsdb.impl_idl_ovn [None req-80e72a28-2d0b-4dc3-b6e5-73e99a850cac None None] Getting OvsdbSbOvnIdl for WorkerService with retry
Mar 19 07:32:15.697585 np0000159933 devstack@neutron-api.service[102409]: DEBUG neutron.common.ovn.hash_ring_manager [None req-b5a52606-e2fa-4d5f-8b53-f5e6c5325411 None None] Hash Ring loaded. 4 active nodes. 0 offline nodes {{(pid=102409) _load_hash_ring /opt/stack/neutron/neutron/common/ovn/hash_ring_manager.py:102}}
Mar 19 07:32:15.697692 np0000159933 devstack@neutron-api.service[102409]: DEBUG neutron.plugins.ml2.drivers.ovn.mech_driver.ovsdb.ovsdb_monitor [None req-b5a52606-e2fa-4d5f-8b53-f5e6c5325411 None None] Hash Ring: Node 65391b7d3b875b57a0ef05d4f44d0f11 (host: np0000159933) handling event "create" for row db5bd2db-3e0c-4bee-b94f-d712cf758df2 (table: Chassis) {{(pid=102409) notify /opt/stack/neutron/neutron/plugins/ml2/drivers/ovn/mech_driver/ovsdb/ovsdb_monitor.py:906}}
Mar 19 07:32:15.698509 np0000159933 devstack@neutron-api.service[102409]: DEBUG ovsdbapp.backend.ovs_idl.event [None req-b5a52606-e2fa-4d5f-8b53-f5e6c5325411 None None] Matched CREATE: ChassisBandwidthConfigEvent(events=('create', 'update'), table='Chassis', conditions=None, old_conditions=None), priority=20 to row=Chassis(uuid=db5bd2db-3e0c-4bee-b94f-d712cf758df2, encaps=[ecf4b82c-2002-4de9-b569-cacfc823e4c8], external_ids={}, hostname='np0000159933', name='cfa013eb-775c-4716-bdcc-1634251aae15', nb_cfg=0, other_config={'ct-commit-nat-v2': 'true', 'ct-commit-to-zone': 'true', 'ct-next-zone': 'true', 'ct-no-masked-label': 'true', 'ct-state-save': 'true', 'datapath-type': 'system', 'fdb-timestamp': 'true', 'iface-types': 'afxdp,afxdp-nonpmd,bareudp,erspan,geneve,gre,gtpu,internal,ip6erspan,ip6gre,lisp,patch,srv6,stt,system,tap,vxlan', 'is-interconn': 'false', 'ls-dpg-column': 'true', 'mac-binding-timestamp': 'true', 'ovn-bridge-mappings': 'public:br-ex', 'ovn-chassis-mac-mappings': '', 'ovn-cms-options': 'enable-chassis-as-gw', 'ovn-ct-lb-related': 'true', 'ovn-enable-lflow-cache': 'true', 'ovn-limit-lflow-cache': '', 'ovn-memlimit-lflow-cache-kb': '', 'ovn-monitor-all': 'false', 'ovn-trim-limit-lflow-cache': '', 'ovn-trim-timeout-ms': '', 'ovn-trim-wmark-perc-lflow-cache': '', 'port-up-notif': 'true'}, transport_zones=[], vtep_logical_switches=[]) old= {{(pid=102409) matches /opt/stack/data/venv/lib/python3.12/site-packages/ovsdbapp/backend/ovs_idl/event.py:55}}
Mar 19 07:32:15.699017 np0000159933 devstack@neutron-api.service[102409]: DEBUG neutron.plugins.ml2.drivers.ovn.mech_driver.ovsdb.ovsdb_monitor [None req-b5a52606-e2fa-4d5f-8b53-f5e6c5325411 None None] ChassisAgentWriteEvent : Matched Chassis_Private, create, None None {{(pid=102409) matches /opt/stack/neutron/neutron/plugins/ml2/drivers/ovn/mech_driver/ovsdb/ovsdb_monitor.py:64}}
Mar 19 07:32:15.699167 np0000159933 devstack@neutron-api.service[102409]: DEBUG neutron.plugins.ml2.drivers.ovn.mech_driver.ovsdb.ovsdb_monitor [None req-b5a52606-e2fa-4d5f-8b53-f5e6c5325411 None None] ChassisOVNAgentWriteEvent : Matched Chassis_Private, create, None None {{(pid=102409) matches /opt/stack/neutron/neutron/plugins/ml2/drivers/ovn/mech_driver/ovsdb/ovsdb_monitor.py:64}}
Mar 19 07:32:15.699439 np0000159933 devstack@neutron-api.service[102409]: DEBUG neutron.plugins.ml2.drivers.ovn.mech_driver.ovsdb.ovsdb_monitor [None req-b5a52606-e2fa-4d5f-8b53-f5e6c5325411 None None] Hash Ring: Node 65391b7d3b875b57a0ef05d4f44d0f11 (host: np0000159933) handling event "create" for row ecf4b82c-2002-4de9-b569-cacfc823e4c8 (table: Encap) {{(pid=102409) notify /opt/stack/neutron/neutron/plugins/ml2/drivers/ovn/mech_driver/ovsdb/ovsdb_monitor.py:906}}
Mar 19 07:32:15.699800 np0000159933 devstack@neutron-api.service[102407]: DEBUG neutron.common.ovn.hash_ring_manager [None req-96dbe87c-dc9d-4d19-a901-a7667b6f67ac None None] Allow caching, nodes 4>=4 {{(pid=102407) _wait_startup_before_caching /opt/stack/neutron/neutron/common/ovn/hash_ring_manager.py:65}}
Mar 19 07:32:15.701103 np0000159933 devstack@neutron-api.service[102409]: INFO neutron.plugins.ml2.drivers.ovn.mech_driver.mech_driver [None req-b5a52606-e2fa-4d5f-8b53-f5e6c5325411 None None] WorkerService process has finished the post initialization
Mar 19 07:32:15.701494 np0000159933 devstack@neutron-api.service[102409]: INFO neutron.plugins.ml2.drivers.ovn.mech_driver.ovsdb.extensions.qos [-] Starting OVNClientQosExtension
Mar 19 07:32:15.701811 np0000159933 devstack@neutron-api.service[102409]: INFO neutron.plugins.ml2.drivers.ovn.mech_driver.ovsdb.extensions.placement [-] Starting OVNClientPlacementExtension
Mar 19 07:32:15.703911 np0000159933 devstack@neutron-api.service[102407]: DEBUG neutron.common.ovn.hash_ring_manager [None req-96dbe87c-dc9d-4d19-a901-a7667b6f67ac None None] Hash Ring loaded. 4 active nodes. 0 offline nodes {{(pid=102407) _load_hash_ring /opt/stack/neutron/neutron/common/ovn/hash_ring_manager.py:102}}
Mar 19 07:32:15.704034 np0000159933 devstack@neutron-api.service[102409]: WSGI app 0 (mountpoint='') ready in 8 seconds on interpreter 0x7a01336a3668 pid: 102409 (default app)
Mar 19 07:32:15.704102 np0000159933 devstack@neutron-api.service[102407]: DEBUG neutron.plugins.ml2.drivers.ovn.mech_driver.ovsdb.ovsdb_monitor [None req-96dbe87c-dc9d-4d19-a901-a7667b6f67ac None None] ChassisAgentWriteEvent : Matched Chassis_Private, create, None None {{(pid=102407) matches /opt/stack/neutron/neutron/plugins/ml2/drivers/ovn/mech_driver/ovsdb/ovsdb_monitor.py:64}}
Mar 19 07:32:15.704226 np0000159933 devstack@neutron-api.service[102407]: DEBUG neutron.plugins.ml2.drivers.ovn.mech_driver.ovsdb.ovsdb_monitor [None req-96dbe87c-dc9d-4d19-a901-a7667b6f67ac None None] ChassisOVNAgentWriteEvent : Matched Chassis_Private, create, None None {{(pid=102407) matches /opt/stack/neutron/neutron/plugins/ml2/drivers/ovn/mech_driver/ovsdb/ovsdb_monitor.py:64}}
Mar 19 07:32:15.704522 np0000159933 devstack@neutron-api.service[102407]: DEBUG neutron.plugins.ml2.drivers.ovn.mech_driver.ovsdb.ovsdb_monitor [None req-96dbe87c-dc9d-4d19-a901-a7667b6f67ac None None] Hash Ring: Node fba2a72d198e5439bb9f96fc59a55cc5 (host: np0000159933) handling event "create" for row 05e8de7e-8146-4839-843e-5fa6e6b8c362 (table: Chassis_Private) {{(pid=102407) notify /opt/stack/neutron/neutron/plugins/ml2/drivers/ovn/mech_driver/ovsdb/ovsdb_monitor.py:906}}
Mar 19 07:32:15.707041 np0000159933 devstack@neutron-api.service[102407]: INFO neutron.plugins.ml2.drivers.ovn.mech_driver.mech_driver [None req-96dbe87c-dc9d-4d19-a901-a7667b6f67ac None None] WorkerService process has finished the post initialization
Mar 19 07:32:15.708624 np0000159933 devstack@neutron-api.service[102407]: WSGI app 0 (mountpoint='') ready in 8 seconds on interpreter 0x7a01336a3668 pid: 102407 (default app)
Mar 19 07:32:15.731298 np0000159933 devstack@neutron-api.service[102410]: DEBUG ovsdbapp.backend.ovs_idl [None req-80e72a28-2d0b-4dc3-b6e5-73e99a850cac None None] Created lookup_table index Chassis.name {{(pid=102410) autocreate_indices /opt/stack/data/venv/lib/python3.12/site-packages/ovsdbapp/backend/ovs_idl/__init__.py:87}}
Mar 19 07:32:15.731553 np0000159933 devstack@neutron-api.service[102410]: DEBUG ovsdbapp.backend.ovs_idl [None req-80e72a28-2d0b-4dc3-b6e5-73e99a850cac None None] Created lookup_table index Port_Binding.logical_port {{(pid=102410) autocreate_indices /opt/stack/data/venv/lib/python3.12/site-packages/ovsdbapp/backend/ovs_idl/__init__.py:87}}
Mar 19 07:32:15.731553 np0000159933 devstack@neutron-api.service[102410]: DEBUG ovsdbapp.backend.ovs_idl [None req-80e72a28-2d0b-4dc3-b6e5-73e99a850cac None None] Created schema index Chassis_Private.name {{(pid=102410) autocreate_indices /opt/stack/data/venv/lib/python3.12/site-packages/ovsdbapp/backend/ovs_idl/__init__.py:106}}
Mar 19 07:32:15.731737 np0000159933 devstack@neutron-api.service[102410]: DEBUG ovsdbapp.backend.ovs_idl [None req-80e72a28-2d0b-4dc3-b6e5-73e99a850cac None None] Created schema index Datapath_Binding.tunnel_key {{(pid=102410) autocreate_indices /opt/stack/data/venv/lib/python3.12/site-packages/ovsdbapp/backend/ovs_idl/__init__.py:106}}
Mar 19 07:32:15.733976 np0000159933 devstack@neutron-api.service[102410]: INFO ovsdbapp.backend.ovs_idl.vlog [None req-80e72a28-2d0b-4dc3-b6e5-73e99a850cac None None] ssl:162.253.55.43:6642: connecting...
Mar 19 07:32:15.739038 np0000159933 devstack@neutron-api.service[102410]: INFO ovsdbapp.backend.ovs_idl.vlog [None req-80e72a28-2d0b-4dc3-b6e5-73e99a850cac None None] ssl:162.253.55.43:6642: connected
Mar 19 07:32:15.770505 np0000159933 devstack@neutron-api.service[102410]: DEBUG neutron.common.ovn.hash_ring_manager [None req-80e72a28-2d0b-4dc3-b6e5-73e99a850cac None None] Allow caching, nodes 4>=4 {{(pid=102410) _wait_startup_before_caching /opt/stack/neutron/neutron/common/ovn/hash_ring_manager.py:65}}
Mar 19 07:32:15.775085 np0000159933 devstack@neutron-api.service[102410]: DEBUG neutron.common.ovn.hash_ring_manager [None req-80e72a28-2d0b-4dc3-b6e5-73e99a850cac None None] Hash Ring loaded. 4 active nodes. 0 offline nodes {{(pid=102410) _load_hash_ring /opt/stack/neutron/neutron/common/ovn/hash_ring_manager.py:102}}
Mar 19 07:32:15.775327 np0000159933 devstack@neutron-api.service[102410]: DEBUG neutron.plugins.ml2.drivers.ovn.mech_driver.ovsdb.ovsdb_monitor [None req-80e72a28-2d0b-4dc3-b6e5-73e99a850cac None None] ChassisAgentWriteEvent : Matched Chassis_Private, create, None None {{(pid=102410) matches /opt/stack/neutron/neutron/plugins/ml2/drivers/ovn/mech_driver/ovsdb/ovsdb_monitor.py:64}}
Mar 19 07:32:15.775552 np0000159933 devstack@neutron-api.service[102410]: DEBUG neutron.plugins.ml2.drivers.ovn.mech_driver.ovsdb.ovsdb_monitor [None req-80e72a28-2d0b-4dc3-b6e5-73e99a850cac None None] ChassisOVNAgentWriteEvent : Matched Chassis_Private, create, None None {{(pid=102410) matches /opt/stack/neutron/neutron/plugins/ml2/drivers/ovn/mech_driver/ovsdb/ovsdb_monitor.py:64}}
Mar 19 07:32:15.778468 np0000159933 devstack@neutron-api.service[102410]: INFO neutron.plugins.ml2.drivers.ovn.mech_driver.mech_driver [None req-80e72a28-2d0b-4dc3-b6e5-73e99a850cac None None] WorkerService process has finished the post initialization
Mar 19 07:32:15.780210 np0000159933 devstack@neutron-api.service[102410]: WSGI app 0 (mountpoint='') ready in 8 seconds on interpreter 0x7a01336a3668 pid: 102410 (default app)
Mar 19 07:32:16.655412 np0000159933 devstack@neutron-api.service[102407]: DEBUG neutron.plugins.ml2.drivers.ovn.mech_driver.ovsdb.ovsdb_monitor [-] Hash Ring: Node fba2a72d198e5439bb9f96fc59a55cc5 (host: np0000159933) handling event "update" for row 6b584162-c6ca-4014-b227-38bd55563fd8 (table: Connection) {{(pid=102407) notify /opt/stack/neutron/neutron/plugins/ml2/drivers/ovn/mech_driver/ovsdb/ovsdb_monitor.py:906}}
Mar 19 07:32:16.657408 np0000159933 devstack@neutron-api.service[102408]: DEBUG neutron.common.ovn.hash_ring_manager [-] Allow caching, nodes 4>=4 {{(pid=102408) _wait_startup_before_caching /opt/stack/neutron/neutron/common/ovn/hash_ring_manager.py:65}}
Mar 19 07:32:16.657723 np0000159933 devstack@neutron-api.service[102408]: DEBUG neutron.plugins.ml2.drivers.ovn.mech_driver.ovsdb.ovsdb_monitor [-] Hash Ring: Node 2879d5d3fb5553d4ab1021afc84e6625 (host: np0000159933) handling event "update" for row 6b584162-c6ca-4014-b227-38bd55563fd8 (table: Connection) {{(pid=102408) notify /opt/stack/neutron/neutron/plugins/ml2/drivers/ovn/mech_driver/ovsdb/ovsdb_monitor.py:906}}
Mar 19 07:32:19.153169 np0000159933 devstack@neutron-api.service[102408]: DEBUG neutron.plugins.ml2.drivers.ovn.mech_driver.ovsdb.ovsdb_monitor [-] Hash Ring: Node 2879d5d3fb5553d4ab1021afc84e6625 (host: np0000159933) handling event "update" for row 6b584162-c6ca-4014-b227-38bd55563fd8 (table: Connection) {{(pid=102408) notify /opt/stack/neutron/neutron/plugins/ml2/drivers/ovn/mech_driver/ovsdb/ovsdb_monitor.py:906}}
Mar 19 07:32:19.153729 np0000159933 devstack@neutron-api.service[102407]: DEBUG neutron.plugins.ml2.drivers.ovn.mech_driver.ovsdb.ovsdb_monitor [-] Hash Ring: Node fba2a72d198e5439bb9f96fc59a55cc5 (host: np0000159933) handling event "update" for row 6b584162-c6ca-4014-b227-38bd55563fd8 (table: Connection) {{(pid=102407) notify /opt/stack/neutron/neutron/plugins/ml2/drivers/ovn/mech_driver/ovsdb/ovsdb_monitor.py:906}}
Mar 19 07:32:21.899992 np0000159933 devstack@neutron-api.service[102408]: DEBUG neutron.api.wsgi [None req-0f77e1c4-e2fe-4180-a299-efb201628284 admin admin] Missing Content-Type {{(pid=102408) get_content_type /opt/stack/neutron/neutron/api/wsgi.py:85}}
Mar 19 07:32:21.900900 np0000159933 devstack@neutron-api.service[102408]: DEBUG neutron.api.wsgi [None req-0f77e1c4-e2fe-4180-a299-efb201628284 admin admin] https://162.253.55.43/networking/v2.0/extensions returned with HTTP 200 {{(pid=102408) __call__ /opt/stack/neutron/neutron/api/wsgi.py:545}}
Mar 19 07:32:21.900900 np0000159933 devstack@neutron-api.service[102408]: [pid: 102408|app: 0|req: 2/2] 162.253.55.43 () {64 vars in 1316 bytes} [Thu Mar 19 07:32:21 2026] GET /networking/v2.0/extensions => generated 15208 bytes in 276 msecs (HTTP/1.1 200) 4 headers in 159 bytes (1 switches on core 0)
Mar 19 07:32:22.312315 np0000159933 devstack@neutron-api.service[102409]: DEBUG neutron.api.v2.base [None req-9aace7cf-e247-4ee9-9c52-db54241b84f3 admin admin] Request body: {'subnetpool': {'is_default': True, 'shared': True, 'name': 'shared-default-subnetpool-v4', 'prefixes': ['10.1.0.0/20'], 'default_prefixlen': 26}} {{(pid=102409) prepare_request_body /opt/stack/neutron/neutron/api/v2/base.py:729}}
Mar 19 07:32:22.519530 np0000159933 devstack@neutron-api.service[102409]: DEBUG neutron.policy [None req-9aace7cf-e247-4ee9-9c52-db54241b84f3 admin admin] Loaded default policies from ['neutron'] under neutron.policies entry points {{(pid=102409) register_rules /opt/stack/neutron/neutron/policy.py:65}}
Mar 19 07:32:22.682022 np0000159933 devstack@neutron-api.service[102409]: DEBUG neutron_lib.callbacks.manager [None req-9aace7cf-e247-4ee9-9c52-db54241b84f3 admin admin] Publish callbacks ['neutron.objects.securitygroup.RbacNeutronDbObjectMixin.validate_rbac_policy_change-3255442433302', 'neutron.objects.address_group.RbacNeutronDbObjectMixin.validate_rbac_policy_change-3255442411217', 'neutron.objects.network.RbacNeutronDbObjectMixin.validate_rbac_policy_change-3255441758683', 'neutron.objects.qos.policy.RbacNeutronDbObjectMixin.validate_rbac_policy_change-3255441807774', 'neutron.objects.subnetpool.RbacNeutronDbObjectMixin.validate_rbac_policy_change-3255441797540', 'neutron.objects.address_scope.RbacNeutronDbObjectMixin.validate_rbac_policy_change-3255441801149', 'neutron.plugins.ml2.plugin.External_net_db_mixin._process_ext_policy_create-1513961', 'neutron.plugins.ml2.plugin.NeutronDbPluginV2.validate_network_rbac_policy_change-1520717', 'neutron.services.network_ip_availability.plugin.NeutronDbPluginV2.validate_network_rbac_policy_change-7919082', 'neutron.services.network_ip_availability.plugin.NeutronDbPluginV2.validate_network_rbac_policy_change-7609928'] for rbac-policy (None), before_create {{(pid=102409) _notify_loop /opt/stack/data/venv/lib/python3.12/site-packages/neutron_lib/callbacks/manager.py:184}}
Mar 19 07:32:22.738007 np0000159933 devstack@neutron-api.service[102409]: DEBUG neutron_lib.callbacks.manager [None req-9aace7cf-e247-4ee9-9c52-db54241b84f3 admin admin] Publish callbacks [] for subnetpool (None), before_response {{(pid=102409) _notify_loop /opt/stack/data/venv/lib/python3.12/site-packages/neutron_lib/callbacks/manager.py:184}}
Mar 19 07:32:22.738711 np0000159933 devstack@neutron-api.service[102409]: [pid: 102409|app: 0|req: 1/3] 162.253.55.43 () {68 vars in 1360 bytes} [Thu Mar 19 07:32:22 2026] POST /networking/v2.0/subnetpools => generated 533 bytes in 535 msecs (HTTP/1.1 201) 4 headers in 162 bytes (1 switches on core 0)
Mar 19 07:32:23.117315 np0000159933 devstack@neutron-api.service[102407]: DEBUG neutron.api.v2.base [None req-71498d9f-f15f-4c7e-bb88-ebbb743dad52 admin admin] Request body: {'subnetpool': {'is_default': True, 'shared': True, 'name': 'shared-default-subnetpool-v6', 'prefixes': ['fd7c:93b1:1378::/56'], 'default_prefixlen': 64}} {{(pid=102407) prepare_request_body /opt/stack/neutron/neutron/api/v2/base.py:729}}
Mar 19 07:32:23.300331 np0000159933 devstack@neutron-api.service[102407]: DEBUG neutron.policy [None req-71498d9f-f15f-4c7e-bb88-ebbb743dad52 admin admin] Loaded default policies from ['neutron'] under neutron.policies entry points {{(pid=102407) register_rules /opt/stack/neutron/neutron/policy.py:65}}
Mar 19 07:32:23.452564 np0000159933 devstack@neutron-api.service[102407]: DEBUG neutron_lib.callbacks.manager [None req-71498d9f-f15f-4c7e-bb88-ebbb743dad52 admin admin] Publish callbacks ['neutron.objects.securitygroup.RbacNeutronDbObjectMixin.validate_rbac_policy_change-3255442433125', 'neutron.objects.address_group.RbacNeutronDbObjectMixin.validate_rbac_policy_change-3255442411252', 'neutron.objects.network.RbacNeutronDbObjectMixin.validate_rbac_policy_change-3255441759842', 'neutron.objects.qos.policy.RbacNeutronDbObjectMixin.validate_rbac_policy_change-3255441812399', 'neutron.objects.subnetpool.RbacNeutronDbObjectMixin.validate_rbac_policy_change-3255441795015', 'neutron.objects.address_scope.RbacNeutronDbObjectMixin.validate_rbac_policy_change-3255441796325', 'neutron.plugins.ml2.plugin.External_net_db_mixin._process_ext_policy_create-3103231', 'neutron.plugins.ml2.plugin.NeutronDbPluginV2.validate_network_rbac_policy_change-3107247', 'neutron.services.network_ip_availability.plugin.NeutronDbPluginV2.validate_network_rbac_policy_change-7922185', 'neutron.services.network_ip_availability.plugin.NeutronDbPluginV2.validate_network_rbac_policy_change-7785893'] for rbac-policy (None), before_create {{(pid=102407) _notify_loop /opt/stack/data/venv/lib/python3.12/site-packages/neutron_lib/callbacks/manager.py:184}}
Mar 19 07:32:23.501206 np0000159933 devstack@neutron-api.service[102407]: DEBUG neutron_lib.callbacks.manager [None req-71498d9f-f15f-4c7e-bb88-ebbb743dad52 admin admin] Publish callbacks [] for subnetpool (None), before_response {{(pid=102407) _notify_loop /opt/stack/data/venv/lib/python3.12/site-packages/neutron_lib/callbacks/manager.py:184}}
Mar 19 07:32:23.502048 np0000159933 devstack@neutron-api.service[102407]: [pid: 102407|app: 0|req: 1/4] 162.253.55.43 () {68 vars in 1360 bytes} [Thu Mar 19 07:32:23 2026] POST /networking/v2.0/subnetpools => generated 543 bytes in 495 msecs (HTTP/1.1 201) 4 headers in 162 bytes (1 switches on core 0)
Mar 19 07:32:23.930644 np0000159933 devstack@neutron-api.service[102410]: DEBUG neutron.api.v2.base [None req-78e330ff-0d95-4bea-a925-f60201c9ff96 admin admin] Request body: {'network': {'admin_state_up': True, 'name': 'private'}} {{(pid=102410) prepare_request_body /opt/stack/neutron/neutron/api/v2/base.py:729}}
Mar 19 07:32:23.959951 np0000159933 devstack@neutron-api.service[102410]: DEBUG neutron.pecan_wsgi.hooks.quota_enforcement [None req-78e330ff-0d95-4bea-a925-f60201c9ff96 admin admin] Made reservation on behalf of 9ab76cd1128d4415a177338fd9b78179 for: {'network': 1} {{(pid=102410) before /opt/stack/neutron/neutron/pecan_wsgi/hooks/quota_enforcement.py:66}}
Mar 19 07:32:24.203932 np0000159933 devstack@neutron-api.service[102410]: DEBUG neutron.policy [None req-78e330ff-0d95-4bea-a925-f60201c9ff96 admin admin] Loaded default policies from ['neutron'] under neutron.policies entry points {{(pid=102410) register_rules /opt/stack/neutron/neutron/policy.py:65}}
Mar 19 07:32:24.317420 np0000159933 devstack@neutron-api.service[102410]: DEBUG neutron_lib.callbacks.manager [None req-78e330ff-0d95-4bea-a925-f60201c9ff96 admin admin] Publish callbacks ['neutron.plugins.ml2.plugin.SecurityGroupDbMixin._ensure_default_security_group_handler-293792'] for network (None), before_create {{(pid=102410) _notify_loop /opt/stack/data/venv/lib/python3.12/site-packages/neutron_lib/callbacks/manager.py:184}}
Mar 19 07:32:24.338693 np0000159933 devstack@neutron-api.service[102410]: DEBUG neutron_lib.callbacks.manager [None req-78e330ff-0d95-4bea-a925-f60201c9ff96 admin admin] Publish callbacks [] for security_group (None), before_create {{(pid=102410) _notify_loop /opt/stack/data/venv/lib/python3.12/site-packages/neutron_lib/callbacks/manager.py:184}}
Mar 19 07:32:24.450492 np0000159933 devstack@neutron-api.service[102410]: DEBUG neutron_lib.callbacks.manager [None req-78e330ff-0d95-4bea-a925-f60201c9ff96 admin admin] Publish callbacks ['neutron.plugins.ml2.drivers.ovn.mech_driver.mech_driver.OVNMechanismDriver._create_security_group_precommit-844600'] for security_group (8ea20b06-d1a2-4340-bd40-0ae15a7099fc), precommit_create {{(pid=102410) _notify_loop /opt/stack/data/venv/lib/python3.12/site-packages/neutron_lib/callbacks/manager.py:184}}
Mar 19 07:32:24.450492 np0000159933 devstack@neutron-api.service[102410]: DEBUG neutron.db.ovn_revision_numbers_db [None req-78e330ff-0d95-4bea-a925-f60201c9ff96 admin admin] create_initial_revision uuid=8ea20b06-d1a2-4340-bd40-0ae15a7099fc, type=security_groups, rev=-1 {{(pid=102410) create_initial_revision /opt/stack/neutron/neutron/db/ovn_revision_numbers_db.py:98}}
Mar 19 07:32:24.453630 np0000159933 devstack@neutron-api.service[102410]: DEBUG neutron.db.ovn_revision_numbers_db [None req-78e330ff-0d95-4bea-a925-f60201c9ff96 admin admin] create_initial_revision uuid=49808b00-60e8-4ecd-af81-add3b4ce2c5a, type=security_group_rules, rev=-1 {{(pid=102410) create_initial_revision /opt/stack/neutron/neutron/db/ovn_revision_numbers_db.py:98}}
Mar 19 07:32:24.455122 np0000159933 devstack@neutron-api.service[102410]: DEBUG neutron.db.ovn_revision_numbers_db [None req-78e330ff-0d95-4bea-a925-f60201c9ff96 admin admin] create_initial_revision uuid=4cebab29-c113-4b1c-9f5b-62210f6d5525, type=security_group_rules, rev=-1 {{(pid=102410) create_initial_revision /opt/stack/neutron/neutron/db/ovn_revision_numbers_db.py:98}}
Mar 19 07:32:24.456157 np0000159933 devstack@neutron-api.service[102410]: DEBUG neutron.db.ovn_revision_numbers_db [None req-78e330ff-0d95-4bea-a925-f60201c9ff96 admin admin] create_initial_revision uuid=535731af-0221-46af-94c5-2732f5fb890f, type=security_group_rules, rev=-1 {{(pid=102410) create_initial_revision /opt/stack/neutron/neutron/db/ovn_revision_numbers_db.py:98}}
Mar 19 07:32:24.457129 np0000159933 devstack@neutron-api.service[102410]: DEBUG neutron.db.ovn_revision_numbers_db [None req-78e330ff-0d95-4bea-a925-f60201c9ff96 admin admin] create_initial_revision uuid=7bd85622-bf34-4236-a75b-b0054a9da1d6, type=security_group_rules, rev=-1 {{(pid=102410) create_initial_revision /opt/stack/neutron/neutron/db/ovn_revision_numbers_db.py:98}}
Mar 19 07:32:24.467234 np0000159933 devstack@neutron-api.service[102410]: DEBUG neutron_lib.callbacks.manager [None req-78e330ff-0d95-4bea-a925-f60201c9ff96 admin admin] Publish callbacks ['neutron.plugins.ml2.drivers.ovn.mech_driver.mech_driver.OVNMechanismDriver._create_security_group-844590', 'neutron.plugins.ml2.ovo_rpc._ObjectChangeHandler.handle_event-7901893'] for security_group (8ea20b06-d1a2-4340-bd40-0ae15a7099fc), after_create {{(pid=102410) _notify_loop /opt/stack/data/venv/lib/python3.12/site-packages/neutron_lib/callbacks/manager.py:184}}
Mar 19 07:32:24.467426 np0000159933 devstack@neutron-api.service[102410]: INFO neutron.plugins.ml2.drivers.ovn.mech_driver.ovsdb.extensions.qos [None req-78e330ff-0d95-4bea-a925-f60201c9ff96 admin admin] Starting OVNClientQosExtension
Mar 19 07:32:24.467670 np0000159933 devstack@neutron-api.service[102410]: INFO neutron.plugins.ml2.drivers.ovn.mech_driver.ovsdb.extensions.placement [None req-78e330ff-0d95-4bea-a925-f60201c9ff96 admin admin] Starting OVNClientPlacementExtension
Mar 19 07:32:24.469380 np0000159933 devstack@neutron-api.service[102410]: DEBUG ovsdbapp.backend.ovs_idl.transaction [-] Running txn n=1 command(idx=0): PgAddCommand(_result=None, name=pg_8ea20b06_d1a2_4340_bd40_0ae15a7099fc, may_exist=False, columns={'acls': [], 'external_ids': {'neutron:security_group_id': '8ea20b06-d1a2-4340-bd40-0ae15a7099fc'}}) {{(pid=102410) do_commit /opt/stack/data/venv/lib/python3.12/site-packages/ovsdbapp/backend/ovs_idl/transaction.py:89}}
Mar 19 07:32:24.471520 np0000159933 devstack@neutron-api.service[102410]: DEBUG ovsdbapp.backend.ovs_idl.transaction [-] Running txn n=1 command(idx=1): PgAclAddCommand(_result=None, entity=pg_8ea20b06_d1a2_4340_bd40_0ae15a7099fc, direction=from-lport, priority=1002, match=inport == @pg_8ea20b06_d1a2_4340_bd40_0ae15a7099fc && ip6, action=allow-related, log=False, may_exist=True, severity=[], name=[], meter=[], external_ids={'neutron:security_group_rule_id': '49808b00-60e8-4ecd-af81-add3b4ce2c5a'}) {{(pid=102410) do_commit /opt/stack/data/venv/lib/python3.12/site-packages/ovsdbapp/backend/ovs_idl/transaction.py:89}}
Mar 19 07:32:24.472432 np0000159933 devstack@neutron-api.service[102410]: DEBUG ovsdbapp.backend.ovs_idl.transaction [-] Running txn n=1 command(idx=2): PgAclAddCommand(_result=None, entity=pg_8ea20b06_d1a2_4340_bd40_0ae15a7099fc, direction=to-lport, priority=1002, match=outport == @pg_8ea20b06_d1a2_4340_bd40_0ae15a7099fc && ip4 && ip4.src == $pg_8ea20b06_d1a2_4340_bd40_0ae15a7099fc_ip4, action=allow-related, log=False, may_exist=True, severity=[], name=[], meter=[], external_ids={'neutron:security_group_rule_id': '4cebab29-c113-4b1c-9f5b-62210f6d5525'}) {{(pid=102410) do_commit /opt/stack/data/venv/lib/python3.12/site-packages/ovsdbapp/backend/ovs_idl/transaction.py:89}}
Mar 19 07:32:24.473133 np0000159933 devstack@neutron-api.service[102410]: DEBUG ovsdbapp.backend.ovs_idl.transaction [-] Running txn n=1 command(idx=3): PgAclAddCommand(_result=None, entity=pg_8ea20b06_d1a2_4340_bd40_0ae15a7099fc, direction=to-lport, priority=1002, match=outport == @pg_8ea20b06_d1a2_4340_bd40_0ae15a7099fc && ip6 && ip6.src == $pg_8ea20b06_d1a2_4340_bd40_0ae15a7099fc_ip6, action=allow-related, log=False, may_exist=True, severity=[], name=[], meter=[], external_ids={'neutron:security_group_rule_id': '535731af-0221-46af-94c5-2732f5fb890f'}) {{(pid=102410) do_commit /opt/stack/data/venv/lib/python3.12/site-packages/ovsdbapp/backend/ovs_idl/transaction.py:89}}
Mar 19 07:32:24.473705 np0000159933 devstack@neutron-api.service[102410]: DEBUG ovsdbapp.backend.ovs_idl.transaction [-] Running txn n=1 command(idx=4): PgAclAddCommand(_result=None, entity=pg_8ea20b06_d1a2_4340_bd40_0ae15a7099fc, direction=from-lport, priority=1002, match=inport == @pg_8ea20b06_d1a2_4340_bd40_0ae15a7099fc && ip4, action=allow-related, log=False, may_exist=True, severity=[], name=[], meter=[], external_ids={'neutron:security_group_rule_id': '7bd85622-bf34-4236-a75b-b0054a9da1d6'}) {{(pid=102410) do_commit /opt/stack/data/venv/lib/python3.12/site-packages/ovsdbapp/backend/ovs_idl/transaction.py:89}}
Mar 19 07:32:24.482482 np0000159933 devstack@neutron-api.service[102407]: DEBUG neutron.plugins.ml2.drivers.ovn.mech_driver.ovsdb.ovsdb_monitor [-] Hash Ring: Node fba2a72d198e5439bb9f96fc59a55cc5 (host: np0000159933) handling event "create" for row e56ab107-9721-49e6-b42e-29a236506316 (table: ACL) {{(pid=102407) notify /opt/stack/neutron/neutron/plugins/ml2/drivers/ovn/mech_driver/ovsdb/ovsdb_monitor.py:906}}
Mar 19 07:32:24.482902 np0000159933 devstack@neutron-api.service[102408]: DEBUG neutron.plugins.ml2.drivers.ovn.mech_driver.ovsdb.ovsdb_monitor [-] Hash Ring: Node 2879d5d3fb5553d4ab1021afc84e6625 (host: np0000159933) handling event "create" for row 154a8dc2-f7ce-4867-aaa9-b6980b74bbea (table: ACL) {{(pid=102408) notify /opt/stack/neutron/neutron/plugins/ml2/drivers/ovn/mech_driver/ovsdb/ovsdb_monitor.py:906}}
Mar 19 07:32:24.482902 np0000159933 devstack@neutron-api.service[102408]: DEBUG neutron.plugins.ml2.drivers.ovn.mech_driver.ovsdb.ovsdb_monitor [-] Hash Ring: Node 2879d5d3fb5553d4ab1021afc84e6625 (host: np0000159933) handling event "create" for row 5863280f-c670-4476-8715-9af15308bb19 (table: ACL) {{(pid=102408) notify /opt/stack/neutron/neutron/plugins/ml2/drivers/ovn/mech_driver/ovsdb/ovsdb_monitor.py:906}}
Mar 19 07:32:24.483244 np0000159933 devstack@neutron-api.service[102407]: DEBUG neutron.plugins.ml2.drivers.ovn.mech_driver.ovsdb.ovsdb_monitor [-] Hash Ring: Node fba2a72d198e5439bb9f96fc59a55cc5 (host: np0000159933) handling event "create" for row c626b219-1d52-444b-83aa-bdf957981c19 (table: Port_Group) {{(pid=102407) notify /opt/stack/neutron/neutron/plugins/ml2/drivers/ovn/mech_driver/ovsdb/ovsdb_monitor.py:906}}
Mar 19 07:32:24.483295 np0000159933 devstack@neutron-api.service[102408]: DEBUG neutron.plugins.ml2.drivers.ovn.mech_driver.ovsdb.ovsdb_monitor [-] Hash Ring: Node 2879d5d3fb5553d4ab1021afc84e6625 (host: np0000159933) handling event "create" for row 74435171-b87a-4e93-8bba-484786ce3a77 (table: ACL) {{(pid=102408) notify /opt/stack/neutron/neutron/plugins/ml2/drivers/ovn/mech_driver/ovsdb/ovsdb_monitor.py:906}}
Mar 19 07:32:24.483295 np0000159933 devstack@neutron-api.service[102408]: DEBUG neutron.plugins.ml2.drivers.ovn.mech_driver.ovsdb.ovsdb_monitor [-] Hash Ring: Node 2879d5d3fb5553d4ab1021afc84e6625 (host: np0000159933) handling event "create" for row e56ab107-9721-49e6-b42e-29a236506316 (table: ACL) {{(pid=102408) notify /opt/stack/neutron/neutron/plugins/ml2/drivers/ovn/mech_driver/ovsdb/ovsdb_monitor.py:906}}
Mar 19 07:32:24.483415 np0000159933 devstack@neutron-api.service[102408]: DEBUG neutron.plugins.ml2.drivers.ovn.mech_driver.ovsdb.ovsdb_monitor [-] Hash Ring: Node 2879d5d3fb5553d4ab1021afc84e6625 (host: np0000159933) handling event "create" for row c626b219-1d52-444b-83aa-bdf957981c19 (table: Port_Group) {{(pid=102408) notify /opt/stack/neutron/neutron/plugins/ml2/drivers/ovn/mech_driver/ovsdb/ovsdb_monitor.py:906}}
Mar 19 07:32:24.484566 np0000159933 devstack@neutron-api.service[102409]: DEBUG neutron.plugins.ml2.drivers.ovn.mech_driver.ovsdb.ovsdb_monitor [-] Hash Ring: Node 65391b7d3b875b57a0ef05d4f44d0f11 (host: np0000159933) handling event "create" for row 154a8dc2-f7ce-4867-aaa9-b6980b74bbea (table: ACL) {{(pid=102409) notify /opt/stack/neutron/neutron/plugins/ml2/drivers/ovn/mech_driver/ovsdb/ovsdb_monitor.py:906}}
Mar 19 07:32:24.484844 np0000159933 devstack@neutron-api.service[102409]: DEBUG neutron.plugins.ml2.drivers.ovn.mech_driver.ovsdb.ovsdb_monitor [-] Hash Ring: Node 65391b7d3b875b57a0ef05d4f44d0f11 (host: np0000159933) handling event "create" for row 74435171-b87a-4e93-8bba-484786ce3a77 (table: ACL) {{(pid=102409) notify /opt/stack/neutron/neutron/plugins/ml2/drivers/ovn/mech_driver/ovsdb/ovsdb_monitor.py:906}}
Mar 19 07:32:24.519630 np0000159933 devstack@neutron-api.service[102410]: INFO neutron.db.ovn_revision_numbers_db [None req-78e330ff-0d95-4bea-a925-f60201c9ff96 admin admin] Successfully bumped revision number for resource 8ea20b06-d1a2-4340-bd40-0ae15a7099fc (type: security_groups) to 1
Mar 19 07:32:24.541728 np0000159933 devstack@neutron-api.service[102410]: INFO neutron.db.ovn_revision_numbers_db [None req-78e330ff-0d95-4bea-a925-f60201c9ff96 admin admin] Successfully bumped revision number for resource 49808b00-60e8-4ecd-af81-add3b4ce2c5a (type: security_group_rules) to 0
Mar 19 07:32:24.558434 np0000159933 devstack@neutron-api.service[102410]: INFO neutron.db.ovn_revision_numbers_db [None req-78e330ff-0d95-4bea-a925-f60201c9ff96 admin admin] Successfully bumped revision number for resource 4cebab29-c113-4b1c-9f5b-62210f6d5525 (type: security_group_rules) to 0
Mar 19 07:32:24.575061 np0000159933 devstack@neutron-api.service[102410]: INFO neutron.db.ovn_revision_numbers_db [None req-78e330ff-0d95-4bea-a925-f60201c9ff96 admin admin] Successfully bumped revision number for resource 535731af-0221-46af-94c5-2732f5fb890f (type: security_group_rules) to 0
Mar 19 07:32:24.593072 np0000159933 devstack@neutron-api.service[102410]: INFO neutron.db.ovn_revision_numbers_db [None req-78e330ff-0d95-4bea-a925-f60201c9ff96 admin admin] Successfully bumped revision number for resource 7bd85622-bf34-4236-a75b-b0054a9da1d6 (type: security_group_rules) to 0
Mar 19 07:32:24.625175 np0000159933 devstack@neutron-api.service[102410]: DEBUG neutron.api.rpc.handlers.resources_rpc [None req-78e330ff-0d95-4bea-a925-f60201c9ff96 admin admin] Pushing event updated for resources: {'SecurityGroup': ['ID=8ea20b06-d1a2-4340-bd40-0ae15a7099fc,revision_number=1']} {{(pid=102410) push /opt/stack/neutron/neutron/api/rpc/handlers/resources_rpc.py:237}}
Mar 19 07:32:24.635509 np0000159933 devstack@neutron-api.service[102410]: DEBUG ovsdbapp.backend.ovs_idl.transaction [-] Running txn n=1 command(idx=0): CheckLivenessCommand(_result=None) {{(pid=102410) do_commit /opt/stack/data/venv/lib/python3.12/site-packages/ovsdbapp/backend/ovs_idl/transaction.py:89}}
Mar 19 07:32:24.639046 np0000159933 devstack@neutron-api.service[102408]: DEBUG neutron.plugins.ml2.drivers.ovn.mech_driver.ovsdb.ovsdb_monitor [-] Hash Ring: Node 2879d5d3fb5553d4ab1021afc84e6625 (host: np0000159933) handling event "update" for row 31f28816-b862-4431-9534-7f5fa0b419f4 (table: NB_Global) {{(pid=102408) notify /opt/stack/neutron/neutron/plugins/ml2/drivers/ovn/mech_driver/ovsdb/ovsdb_monitor.py:906}}
Mar 19 07:32:24.639712 np0000159933 devstack@neutron-api.service[102408]: DEBUG neutron.plugins.ml2.drivers.ovn.mech_driver.ovsdb.ovsdb_monitor [-] Hash Ring: Node 2879d5d3fb5553d4ab1021afc84e6625 (host: np0000159933) handling event "update" for row 31f28816-b862-4431-9534-7f5fa0b419f4 (table: NB_Global) {{(pid=102408) notify /opt/stack/neutron/neutron/plugins/ml2/drivers/ovn/mech_driver/ovsdb/ovsdb_monitor.py:906}}
Mar 19 07:32:24.641431 np0000159933 devstack@neutron-api.service[102410]: DEBUG neutron.api.rpc.callbacks.version_manager [None req-78e330ff-0d95-4bea-a925-f60201c9ff96 admin admin] Tracked resource versions report:
Mar 19 07:32:24.641431 np0000159933 devstack@neutron-api.service[102410]: pushed versions:
Mar 19 07:32:24.641431 np0000159933 devstack@neutron-api.service[102410]: { 'AddressGroup': {'1.2'},
Mar 19 07:32:24.641431 np0000159933 devstack@neutron-api.service[102410]: 'Agent': {'1.1'},
Mar 19 07:32:24.641431 np0000159933 devstack@neutron-api.service[102410]: 'ConntrackHelper': {'1.0'},
Mar 19 07:32:24.641431 np0000159933 devstack@neutron-api.service[102410]: 'LocalIPAssociation': {'1.0'},
Mar 19 07:32:24.641431 np0000159933 devstack@neutron-api.service[102410]: 'Log': {'1.0'},
Mar 19 07:32:24.641431 np0000159933 devstack@neutron-api.service[102410]: 'NDPProxy': {'1.0'},
Mar 19 07:32:24.641431 np0000159933 devstack@neutron-api.service[102410]: 'Network': {'1.2'},
Mar 19 07:32:24.641431 np0000159933 devstack@neutron-api.service[102410]: 'Port': {'1.10'},
Mar 19 07:32:24.641431 np0000159933 devstack@neutron-api.service[102410]: 'PortForwarding': {'1.3'},
Mar 19 07:32:24.641431 np0000159933 devstack@neutron-api.service[102410]: 'QosPolicy': {'1.10'},
Mar 19 07:32:24.641431 np0000159933 devstack@neutron-api.service[102410]: 'SecurityGroup': {'1.6'},
Mar 19 07:32:24.641431 np0000159933 devstack@neutron-api.service[102410]: 'SecurityGroupRule': {'1.3'},
Mar 19 07:32:24.641431 np0000159933 devstack@neutron-api.service[102410]: 'SubPort': {'1.0'},
Mar 19 07:32:24.641431 np0000159933 devstack@neutron-api.service[102410]: 'Subnet': {'1.2'},
Mar 19 07:32:24.641431 np0000159933 devstack@neutron-api.service[102410]: 'Trunk': {'1.1'}}
Mar 19 07:32:24.641431 np0000159933 devstack@neutron-api.service[102410]: consumer versions:
Mar 19 07:32:24.641431 np0000159933 devstack@neutron-api.service[102410]: {}
Mar 19 07:32:24.641431 np0000159933 devstack@neutron-api.service[102410]: {{(pid=102410) report /opt/stack/neutron/neutron/api/rpc/callbacks/version_manager.py:183}}
Mar 19 07:32:24.643246 np0000159933 devstack@neutron-api.service[102408]: DEBUG neutron.plugins.ml2.drivers.ovn.mech_driver.ovsdb.ovsdb_monitor [-] ChassisAgentWriteEvent : Matched Chassis_Private, update, None None {{(pid=102408) matches /opt/stack/neutron/neutron/plugins/ml2/drivers/ovn/mech_driver/ovsdb/ovsdb_monitor.py:64}}
Mar 19 07:32:24.644216 np0000159933 devstack@neutron-api.service[102409]: DEBUG neutron.plugins.ml2.drivers.ovn.mech_driver.ovsdb.ovsdb_monitor [-] ChassisAgentWriteEvent : Matched Chassis_Private, update, None None {{(pid=102409) matches /opt/stack/neutron/neutron/plugins/ml2/drivers/ovn/mech_driver/ovsdb/ovsdb_monitor.py:64}}
Mar 19 07:32:24.644336 np0000159933 devstack@neutron-api.service[102407]: DEBUG neutron.plugins.ml2.drivers.ovn.mech_driver.ovsdb.ovsdb_monitor [-] ChassisAgentWriteEvent : Matched Chassis_Private, update, None None {{(pid=102407) matches /opt/stack/neutron/neutron/plugins/ml2/drivers/ovn/mech_driver/ovsdb/ovsdb_monitor.py:64}}
Mar 19 07:32:24.644336 np0000159933 devstack@neutron-api.service[102407]: DEBUG neutron.plugins.ml2.drivers.ovn.mech_driver.ovsdb.ovsdb_monitor [-] Hash Ring: Node fba2a72d198e5439bb9f96fc59a55cc5 (host: np0000159933) handling event "update" for row 05e8de7e-8146-4839-843e-5fa6e6b8c362 (table: Chassis_Private) {{(pid=102407) notify /opt/stack/neutron/neutron/plugins/ml2/drivers/ovn/mech_driver/ovsdb/ovsdb_monitor.py:906}}
Mar 19 07:32:24.646288 np0000159933 devstack@neutron-api.service[102408]: DEBUG neutron.plugins.ml2.drivers.ovn.mech_driver.ovsdb.ovsdb_monitor [-] Hash Ring: Node 2879d5d3fb5553d4ab1021afc84e6625 (host: np0000159933) handling event "update" for row 31f28816-b862-4431-9534-7f5fa0b419f4 (table: NB_Global) {{(pid=102408) notify /opt/stack/neutron/neutron/plugins/ml2/drivers/ovn/mech_driver/ovsdb/ovsdb_monitor.py:906}}
Mar 19 07:32:24.647296 np0000159933 devstack@neutron-api.service[102408]: DEBUG neutron.plugins.ml2.drivers.ovn.mech_driver.ovsdb.ovsdb_monitor [-] Hash Ring: Node 2879d5d3fb5553d4ab1021afc84e6625 (host: np0000159933) handling event "update" for row 31f28816-b862-4431-9534-7f5fa0b419f4 (table: NB_Global) {{(pid=102408) notify /opt/stack/neutron/neutron/plugins/ml2/drivers/ovn/mech_driver/ovsdb/ovsdb_monitor.py:906}}
Mar 19 07:32:24.648854 np0000159933 devstack@neutron-api.service[102407]: DEBUG neutron.plugins.ml2.drivers.ovn.mech_driver.ovsdb.ovsdb_monitor [-] ChassisOVNAgentWriteEvent : Matched Chassis_Private, update, None None {{(pid=102407) matches /opt/stack/neutron/neutron/plugins/ml2/drivers/ovn/mech_driver/ovsdb/ovsdb_monitor.py:64}}
Mar 19 07:32:24.648984 np0000159933 devstack@neutron-api.service[102410]: DEBUG neutron.plugins.ml2.drivers.ovn.mech_driver.ovsdb.ovsdb_monitor [-] ChassisAgentWriteEvent : Matched Chassis_Private, update, None None {{(pid=102410) matches /opt/stack/neutron/neutron/plugins/ml2/drivers/ovn/mech_driver/ovsdb/ovsdb_monitor.py:64}}
Mar 19 07:32:24.649308 np0000159933 devstack@neutron-api.service[102409]: DEBUG neutron.plugins.ml2.drivers.ovn.mech_driver.ovsdb.ovsdb_monitor [-] ChassisOVNAgentWriteEvent : Matched Chassis_Private, update, None None {{(pid=102409) matches /opt/stack/neutron/neutron/plugins/ml2/drivers/ovn/mech_driver/ovsdb/ovsdb_monitor.py:64}}
Mar 19 07:32:24.649471 np0000159933 devstack@neutron-api.service[102407]: DEBUG neutron.plugins.ml2.drivers.ovn.mech_driver.ovsdb.ovsdb_monitor [-] Hash Ring: Node fba2a72d198e5439bb9f96fc59a55cc5 (host: np0000159933) handling event "update" for row 05e8de7e-8146-4839-843e-5fa6e6b8c362 (table: Chassis_Private) {{(pid=102407) notify /opt/stack/neutron/neutron/plugins/ml2/drivers/ovn/mech_driver/ovsdb/ovsdb_monitor.py:906}}
Mar 19 07:32:24.649574 np0000159933 devstack@neutron-api.service[102408]: DEBUG neutron.common.ovn.hash_ring_manager [-] Allow caching, nodes 4>=4 {{(pid=102408) _wait_startup_before_caching /opt/stack/neutron/neutron/common/ovn/hash_ring_manager.py:65}}
Mar 19 07:32:24.649810 np0000159933 devstack@neutron-api.service[102408]: DEBUG neutron.plugins.ml2.drivers.ovn.mech_driver.ovsdb.ovsdb_monitor [-] Hash Ring: Node 2879d5d3fb5553d4ab1021afc84e6625 (host: np0000159933) handling event "update" for row 05e8de7e-8146-4839-843e-5fa6e6b8c362 (table: Chassis_Private) {{(pid=102408) notify /opt/stack/neutron/neutron/plugins/ml2/drivers/ovn/mech_driver/ovsdb/ovsdb_monitor.py:906}}
Mar 19 07:32:24.651032 np0000159933 devstack@neutron-api.service[102408]: DEBUG neutron.plugins.ml2.drivers.ovn.mech_driver.ovsdb.ovsdb_monitor [-] ChassisOVNAgentWriteEvent : Matched Chassis_Private, update, None None {{(pid=102408) matches /opt/stack/neutron/neutron/plugins/ml2/drivers/ovn/mech_driver/ovsdb/ovsdb_monitor.py:64}}
Mar 19 07:32:24.651461 np0000159933 devstack@neutron-api.service[102408]: DEBUG neutron.plugins.ml2.drivers.ovn.mech_driver.ovsdb.ovsdb_monitor [-] Hash Ring: Node 2879d5d3fb5553d4ab1021afc84e6625 (host: np0000159933) handling event "update" for row 05e8de7e-8146-4839-843e-5fa6e6b8c362 (table: Chassis_Private) {{(pid=102408) notify /opt/stack/neutron/neutron/plugins/ml2/drivers/ovn/mech_driver/ovsdb/ovsdb_monitor.py:906}}
Mar 19 07:32:24.651715 np0000159933 devstack@neutron-api.service[102410]: DEBUG neutron.plugins.ml2.drivers.ovn.mech_driver.ovsdb.ovsdb_monitor [-] ChassisOVNAgentWriteEvent : Matched Chassis_Private, update, None None {{(pid=102410) matches /opt/stack/neutron/neutron/plugins/ml2/drivers/ovn/mech_driver/ovsdb/ovsdb_monitor.py:64}}
