2026-05-05 22:49:50.265 7 INFO neutron.api.extensions [None req-126c4d50-bbce-4c1b-a075-7186959671fa - - - - - -] Loaded extension: standard-attr-timestamp
2026-05-05 22:49:50.266 8 INFO neutron.api.extensions [None req-57925f00-9828-420c-8ac2-273d5de2881b - - - - - -] Extension qos-fip-network-policy not supported by any of loaded plugins
2026-05-05 22:49:50.266 7 INFO neutron.api.extensions [None req-126c4d50-bbce-4c1b-a075-7186959671fa - - - - - -] Loaded extension: trunk
2026-05-05 22:49:50.266 8 INFO neutron.api.extensions [None req-57925f00-9828-420c-8ac2-273d5de2881b - - - - - -] Loaded extension: qos-gateway-ip
2026-05-05 22:49:50.266 7 INFO neutron.api.extensions [None req-126c4d50-bbce-4c1b-a075-7186959671fa - - - - - -] Loaded extension: trunk-details
2026-05-05 22:49:50.267 8 INFO neutron.api.extensions [None req-57925f00-9828-420c-8ac2-273d5de2881b - - - - - -] Loaded extension: qos-port-network-policy
2026-05-05 22:49:50.267 7 INFO neutron.api.extensions [None req-126c4d50-bbce-4c1b-a075-7186959671fa - - - - - -] Extension uplink-status-propagation not supported by any of loaded plugins
2026-05-05 22:49:50.267 8 INFO neutron.api.extensions [None req-57925f00-9828-420c-8ac2-273d5de2881b - - - - - -] Loaded extension: qos-pps-minimum
2026-05-05 22:49:50.268 7 INFO neutron.api.extensions [None req-126c4d50-bbce-4c1b-a075-7186959671fa - - - - - -] Extension vlan-transparent not supported by any of loaded plugins
2026-05-05 22:49:50.268 8 INFO neutron.api.extensions [None req-57925f00-9828-420c-8ac2-273d5de2881b - - - - - -] Loaded extension: qos-pps-minimum-rule-alias
2026-05-05 22:49:50.269 8 INFO neutron.api.extensions [None req-57925f00-9828-420c-8ac2-273d5de2881b - - - - - -] Loaded extension: qos-pps
2026-05-05 22:49:50.269 8 INFO neutron.api.extensions [None req-57925f00-9828-420c-8ac2-273d5de2881b - - - - - -] Loaded extension: qos-rule-type-details
2026-05-05 22:49:50.269 7 INFO neutron.api.extensions [None req-126c4d50-bbce-4c1b-a075-7186959671fa - - - - - -] Extension vpn-agent-scheduler not supported by any of loaded plugins
2026-05-05 22:49:50.270 8 INFO neutron.api.extensions [None req-57925f00-9828-420c-8ac2-273d5de2881b - - - - - -] Loaded extension: qos-rule-type-filter
2026-05-05 22:49:50.270 7 INFO neutron.api.extensions [None req-126c4d50-bbce-4c1b-a075-7186959671fa - - - - - -] Loaded extension: vpn-endpoint-groups
2026-05-05 22:49:50.270 8 INFO neutron.api.extensions [None req-57925f00-9828-420c-8ac2-273d5de2881b - - - - - -] Loaded extension: qos-rules-alias
2026-05-05 22:49:50.271 7 INFO neutron.api.extensions [None req-126c4d50-bbce-4c1b-a075-7186959671fa - - - - - -] Loaded extension: vpn-flavors
2026-05-05 22:49:50.271 8 INFO neutron.api.extensions [None req-57925f00-9828-420c-8ac2-273d5de2881b - - - - - -] Loaded extension: quota-check-limit
2026-05-05 22:49:50.272 7 INFO neutron.api.extensions [None req-126c4d50-bbce-4c1b-a075-7186959671fa - - - - - -] Loaded extension: vpnaas
2026-05-05 22:49:50.272 8 INFO neutron.api.extensions [None req-57925f00-9828-420c-8ac2-273d5de2881b - - - - - -] Loaded extension: quotas
2026-05-05 22:49:50.273 8 INFO neutron.api.extensions [None req-57925f00-9828-420c-8ac2-273d5de2881b - - - - - -] Loaded extension: quota_details
2026-05-05 22:49:50.274 7 INFO neutron.quota.resource_registry [None req-126c4d50-bbce-4c1b-a075-7186959671fa - - - - - -] Creating instance of TrackedResource for resource:network
2026-05-05 22:49:50.274 7 INFO neutron.quota.resource_registry [None req-126c4d50-bbce-4c1b-a075-7186959671fa - - - - - -] Creating instance of TrackedResource for resource:subnet
2026-05-05 22:49:50.275 7 INFO neutron.quota.resource_registry [None req-126c4d50-bbce-4c1b-a075-7186959671fa - - - - - -] Creating instance of TrackedResource for resource:subnetpool
2026-05-05 22:49:50.275 8 INFO neutron.api.extensions [None req-57925f00-9828-420c-8ac2-273d5de2881b - - - - - -] Loaded extension: rbac-policies
2026-05-05 22:49:50.275 7 INFO neutron.quota.resource_registry [None req-126c4d50-bbce-4c1b-a075-7186959671fa - - - - - -] Creating instance of TrackedResource for resource:port
2026-05-05 22:49:50.275 8 INFO neutron.api.extensions [None req-57925f00-9828-420c-8ac2-273d5de2881b - - - - - -] Loaded extension: rbac-address-group
2026-05-05 22:49:50.276 8 INFO neutron.api.extensions [None req-57925f00-9828-420c-8ac2-273d5de2881b - - - - - -] Loaded extension: rbac-address-scope
2026-05-05 22:49:50.276 8 INFO neutron.api.extensions [None req-57925f00-9828-420c-8ac2-273d5de2881b - - - - - -] Loaded extension: rbac-security-groups
2026-05-05 22:49:50.277 8 INFO neutron.api.extensions [None req-57925f00-9828-420c-8ac2-273d5de2881b - - - - - -] Loaded extension: rbac-subnetpool
2026-05-05 22:49:50.277 8 INFO neutron.api.extensions [None req-57925f00-9828-420c-8ac2-273d5de2881b - - - - - -] Loaded extension: revision-if-match
2026-05-05 22:49:50.278 8 INFO neutron.api.extensions [None req-57925f00-9828-420c-8ac2-273d5de2881b - - - - - -] Loaded extension: standard-attr-revisions
2026-05-05 22:49:50.279 8 INFO neutron.api.extensions [None req-57925f00-9828-420c-8ac2-273d5de2881b - - - - - -] Loaded extension: router_availability_zone
2026-05-05 22:49:50.279 7 INFO neutron.quota.resource_registry [None req-126c4d50-bbce-4c1b-a075-7186959671fa - - - - - -] Creating instance of TrackedResource for resource:router
2026-05-05 22:49:50.279 8 INFO neutron.api.extensions [None req-57925f00-9828-420c-8ac2-273d5de2881b - - - - - -] Extension router-service-type not supported by any of loaded plugins
2026-05-05 22:49:50.279 7 INFO neutron.quota.resource_registry [None req-126c4d50-bbce-4c1b-a075-7186959671fa - - - - - -] Creating instance of TrackedResource for resource:floatingip
2026-05-05 22:49:50.280 8 INFO neutron.api.extensions [None req-57925f00-9828-420c-8ac2-273d5de2881b - - - - - -] Loaded extension: security-groups-default-rules
2026-05-05 22:49:50.281 8 INFO neutron.api.extensions [None req-57925f00-9828-420c-8ac2-273d5de2881b - - - - - -] Loaded extension: security-groups-normalized-cidr
2026-05-05 22:49:50.282 8 INFO neutron.api.extensions [None req-57925f00-9828-420c-8ac2-273d5de2881b - - - - - -] Loaded extension: port-security-groups-filtering
2026-05-05 22:49:50.282 8 INFO neutron.api.extensions [None req-57925f00-9828-420c-8ac2-273d5de2881b - - - - - -] Loaded extension: security-groups-remote-address-group
2026-05-05 22:49:50.283 8 INFO neutron.api.extensions [None req-57925f00-9828-420c-8ac2-273d5de2881b - - - - - -] Loaded extension: security-groups-rules-belongs-to-default-sg
2026-05-05 22:49:50.283 8 INFO neutron.api.extensions [None req-57925f00-9828-420c-8ac2-273d5de2881b - - - - - -] Loaded extension: security-groups-shared-filtering
2026-05-05 22:49:50.285 7 INFO neutron.quota.resource_registry [None req-126c4d50-bbce-4c1b-a075-7186959671fa - - - - - -] Creating instance of CountableResource for resource:rbac_policy
2026-05-05 22:49:50.285 7 INFO neutron.quota.resource_registry [None req-126c4d50-bbce-4c1b-a075-7186959671fa - - - - - -] Creating instance of TrackedResource for resource:security_group
2026-05-05 22:49:50.286 7 INFO neutron.quota.resource_registry [None req-126c4d50-bbce-4c1b-a075-7186959671fa - - - - - -] Creating instance of TrackedResource for resource:security_group_rule
2026-05-05 22:49:50.287 7 INFO neutron.quota.resource_registry [None req-126c4d50-bbce-4c1b-a075-7186959671fa - - - - - -] Creating instance of TrackedResource for resource:subnetpool
2026-05-05 22:49:50.287 7 WARNING neutron.quota.resource_registry [None req-126c4d50-bbce-4c1b-a075-7186959671fa - - - - - -] subnetpool is already registered
2026-05-05 22:49:50.288 7 INFO neutron.quota.resource_registry [None req-126c4d50-bbce-4c1b-a075-7186959671fa - - - - - -] Creating instance of TrackedResource for resource:subnetpool
2026-05-05 22:49:50.288 7 WARNING neutron.quota.resource_registry [None req-126c4d50-bbce-4c1b-a075-7186959671fa - - - - - -] subnetpool is already registered
2026-05-05 22:49:50.289 7 INFO neutron.quota.resource_registry [None req-126c4d50-bbce-4c1b-a075-7186959671fa - - - - - -] Creating instance of CountableResource for resource:trunk
2026-05-05 22:49:50.289 7 INFO neutron.quota.resource_registry [None req-126c4d50-bbce-4c1b-a075-7186959671fa - - - - - -] Creating instance of CountableResource for resource:endpoint_group
2026-05-05 22:49:50.290 7 INFO neutron.quota.resource_registry [None req-126c4d50-bbce-4c1b-a075-7186959671fa - - - - - -] Creating instance of CountableResource for resource:vpnservice
2026-05-05 22:49:50.290 7 INFO neutron.quota.resource_registry [None req-126c4d50-bbce-4c1b-a075-7186959671fa - - - - - -] Creating instance of CountableResource for resource:ipsec_site_connection
2026-05-05 22:49:50.290 8 INFO neutron.api.extensions [None req-57925f00-9828-420c-8ac2-273d5de2881b - - - - - -] Loaded extension: security-group
2026-05-05 22:49:50.291 7 INFO neutron.quota.resource_registry [None req-126c4d50-bbce-4c1b-a075-7186959671fa - - - - - -] Creating instance of CountableResource for resource:ipsecpolicy
2026-05-05 22:49:50.291 7 INFO neutron.quota.resource_registry [None req-126c4d50-bbce-4c1b-a075-7186959671fa - - - - - -] Creating instance of CountableResource for resource:ikepolicy
2026-05-05 22:49:50.291 8 INFO neutron.api.extensions [None req-57925f00-9828-420c-8ac2-273d5de2881b - - - - - -] Loaded extension: segment
2026-05-05 22:49:50.292 8 INFO neutron.api.extensions [None req-57925f00-9828-420c-8ac2-273d5de2881b - - - - - -] Loaded extension: segments-peer-subnet-host-routes
2026-05-05 22:49:50.293 8 INFO neutron.api.extensions [None req-57925f00-9828-420c-8ac2-273d5de2881b - - - - - -] Loaded extension: service-type
2026-05-05 22:49:50.293 8 INFO neutron.api.extensions [None req-57925f00-9828-420c-8ac2-273d5de2881b - - - - - -] Loaded extension: sorting
2026-05-05 22:49:50.294 8 INFO neutron.api.extensions [None req-57925f00-9828-420c-8ac2-273d5de2881b - - - - - -] Loaded extension: standard-attr-segment
2026-05-05 22:49:50.294 8 INFO neutron.api.extensions [None req-57925f00-9828-420c-8ac2-273d5de2881b - - - - - -] Loaded extension: standard-attr-description
2026-05-05 22:49:50.295 8 INFO neutron.api.extensions [None req-57925f00-9828-420c-8ac2-273d5de2881b - - - - - -] Loaded extension: stateful-security-group
2026-05-05 22:49:50.295 8 WARNING neutron.api.extensions [None req-57925f00-9828-420c-8ac2-273d5de2881b - - - - - -] Did not find expected name "Stdattrs_common" in /var/lib/openstack/lib/python3.10/site-packages/neutron/extensions/stdattrs_common.py
2026-05-05 22:49:50.296 8 INFO neutron.api.extensions [None req-57925f00-9828-420c-8ac2-273d5de2881b - - - - - -] Extension subnet-dns-publish-fixed-ip not supported by any of loaded plugins
2026-05-05 22:49:50.296 7 INFO neutron.quota.resource_registry [None req-126c4d50-bbce-4c1b-a075-7186959671fa - - - - - -] Creating instance of TrackedResource for resource:router
2026-05-05 22:49:50.296 7 WARNING neutron.quota.resource_registry [None req-126c4d50-bbce-4c1b-a075-7186959671fa - - - - - -] router is already registered
2026-05-05 22:49:50.296 8 INFO neutron.api.extensions [None req-57925f00-9828-420c-8ac2-273d5de2881b - - - - - -] Loaded extension: subnet_onboard
2026-05-05 22:49:50.297 7 INFO neutron.quota.resource_registry [None req-126c4d50-bbce-4c1b-a075-7186959671fa - - - - - -] Creating instance of TrackedResource for resource:floatingip
2026-05-05 22:49:50.297 7 WARNING neutron.quota.resource_registry [None req-126c4d50-bbce-4c1b-a075-7186959671fa - - - - - -] floatingip is already registered
2026-05-05 22:49:50.297 8 INFO neutron.api.extensions [None req-57925f00-9828-420c-8ac2-273d5de2881b - - - - - -] Loaded extension: subnet-segmentid-writable
2026-05-05 22:49:50.298 8 INFO neutron.api.extensions [None req-57925f00-9828-420c-8ac2-273d5de2881b - - - - - -] Loaded extension: subnet-service-types
2026-05-05 22:49:50.298 8 INFO neutron.api.extensions [None req-57925f00-9828-420c-8ac2-273d5de2881b - - - - - -] Loaded extension: subnet_allocation
2026-05-05 22:49:50.299 8 INFO neutron.api.extensions [None req-57925f00-9828-420c-8ac2-273d5de2881b - - - - - -] Loaded extension: subnetpool-prefix-ops
2026-05-05 22:49:50.300 8 INFO neutron.api.extensions [None req-57925f00-9828-420c-8ac2-273d5de2881b - - - - - -] Extension tag-ports-during-bulk-creation not supported by any of loaded plugins
2026-05-05 22:49:50.301 7 INFO neutron.quota.resource_registry [None req-126c4d50-bbce-4c1b-a075-7186959671fa - - - - - -] Creating instance of CountableResource for resource:rbac_policy
2026-05-05 22:49:50.302 7 WARNING neutron.quota.resource_registry [None req-126c4d50-bbce-4c1b-a075-7186959671fa - - - - - -] rbac_policy is already registered
2026-05-05 22:49:50.302 8 INFO neutron.api.extensions [None req-57925f00-9828-420c-8ac2-273d5de2881b - - - - - -] Loaded extension: standard-attr-tag
2026-05-05 22:49:50.302 7 INFO neutron.quota.resource_registry [None req-126c4d50-bbce-4c1b-a075-7186959671fa - - - - - -] Creating instance of TrackedResource for resource:security_group
2026-05-05 22:49:50.303 7 WARNING neutron.quota.resource_registry [None req-126c4d50-bbce-4c1b-a075-7186959671fa - - - - - -] security_group is already registered
2026-05-05 22:49:50.303 8 INFO neutron.api.extensions [None req-57925f00-9828-420c-8ac2-273d5de2881b - - - - - -] Loaded extension: standard-attr-timestamp
2026-05-05 22:49:50.303 7 INFO neutron.quota.resource_registry [None req-126c4d50-bbce-4c1b-a075-7186959671fa - - - - - -] Creating instance of TrackedResource for resource:security_group_rule
2026-05-05 22:49:50.303 7 WARNING neutron.quota.resource_registry [None req-126c4d50-bbce-4c1b-a075-7186959671fa - - - - - -] security_group_rule is already registered
2026-05-05 22:49:50.304 8 INFO neutron.api.extensions [None req-57925f00-9828-420c-8ac2-273d5de2881b - - - - - -] Loaded extension: trunk
2026-05-05 22:49:50.304 8 INFO neutron.api.extensions [None req-57925f00-9828-420c-8ac2-273d5de2881b - - - - - -] Loaded extension: trunk-details
2026-05-05 22:49:50.304 7 INFO neutron.quota.resource_registry [None req-126c4d50-bbce-4c1b-a075-7186959671fa - - - - - -] Creating instance of TrackedResource for resource:subnetpool
2026-05-05 22:49:50.305 7 WARNING neutron.quota.resource_registry [None req-126c4d50-bbce-4c1b-a075-7186959671fa - - - - - -] subnetpool is already registered
2026-05-05 22:49:50.305 8 INFO neutron.api.extensions [None req-57925f00-9828-420c-8ac2-273d5de2881b - - - - - -] Extension uplink-status-propagation not supported by any of loaded plugins
2026-05-05 22:49:50.305 7 INFO neutron.quota.resource_registry [None req-126c4d50-bbce-4c1b-a075-7186959671fa - - - - - -] Creating instance of TrackedResource for resource:subnetpool
2026-05-05 22:49:50.305 8 INFO neutron.api.extensions [None req-57925f00-9828-420c-8ac2-273d5de2881b - - - - - -] Extension vlan-transparent not supported by any of loaded plugins
2026-05-05 22:49:50.305 7 WARNING neutron.quota.resource_registry [None req-126c4d50-bbce-4c1b-a075-7186959671fa - - - - - -] subnetpool is already registered
2026-05-05 22:49:50.306 7 INFO neutron.quota.resource_registry [None req-126c4d50-bbce-4c1b-a075-7186959671fa - - - - - -] Creating instance of CountableResource for resource:trunk
2026-05-05 22:49:50.306 7 WARNING neutron.quota.resource_registry [None req-126c4d50-bbce-4c1b-a075-7186959671fa - - - - - -] trunk is already registered
2026-05-05 22:49:50.307 7 INFO neutron.quota.resource_registry [None req-126c4d50-bbce-4c1b-a075-7186959671fa - - - - - -] Creating instance of CountableResource for resource:endpoint_group
2026-05-05 22:49:50.307 7 WARNING neutron.quota.resource_registry [None req-126c4d50-bbce-4c1b-a075-7186959671fa - - - - - -] endpoint_group is already registered
2026-05-05 22:49:50.307 8 INFO neutron.api.extensions [None req-57925f00-9828-420c-8ac2-273d5de2881b - - - - - -] Extension vpn-agent-scheduler not supported by any of loaded plugins
2026-05-05 22:49:50.307 7 INFO neutron.quota.resource_registry [None req-126c4d50-bbce-4c1b-a075-7186959671fa - - - - - -] Creating instance of CountableResource for resource:vpnservice
2026-05-05 22:49:50.307 7 WARNING neutron.quota.resource_registry [None req-126c4d50-bbce-4c1b-a075-7186959671fa - - - - - -] vpnservice is already registered
2026-05-05 22:49:50.308 8 INFO neutron.api.extensions [None req-57925f00-9828-420c-8ac2-273d5de2881b - - - - - -] Loaded extension: vpn-endpoint-groups
2026-05-05 22:49:50.308 7 INFO neutron.quota.resource_registry [None req-126c4d50-bbce-4c1b-a075-7186959671fa - - - - - -] Creating instance of CountableResource for resource:ipsec_site_connection
2026-05-05 22:49:50.308 7 WARNING neutron.quota.resource_registry [None req-126c4d50-bbce-4c1b-a075-7186959671fa - - - - - -] ipsec_site_connection is already registered
2026-05-05 22:49:50.308 8 INFO neutron.api.extensions [None req-57925f00-9828-420c-8ac2-273d5de2881b - - - - - -] Loaded extension: vpn-flavors
2026-05-05 22:49:50.309 7 INFO neutron.quota.resource_registry [None req-126c4d50-bbce-4c1b-a075-7186959671fa - - - - - -] Creating instance of CountableResource for resource:ipsecpolicy
2026-05-05 22:49:50.309 7 WARNING neutron.quota.resource_registry [None req-126c4d50-bbce-4c1b-a075-7186959671fa - - - - - -] ipsecpolicy is already registered
2026-05-05 22:49:50.309 7 INFO neutron.quota.resource_registry [None req-126c4d50-bbce-4c1b-a075-7186959671fa - - - - - -] Creating instance of CountableResource for resource:ikepolicy
2026-05-05 22:49:50.309 7 WARNING neutron.quota.resource_registry [None req-126c4d50-bbce-4c1b-a075-7186959671fa - - - - - -] ikepolicy is already registered
2026-05-05 22:49:50.310 8 INFO neutron.api.extensions [None req-57925f00-9828-420c-8ac2-273d5de2881b - - - - - -] Loaded extension: vpnaas
2026-05-05 22:49:50.312 8 INFO neutron.quota.resource_registry [None req-57925f00-9828-420c-8ac2-273d5de2881b - - - - - -] Creating instance of TrackedResource for resource:network
2026-05-05 22:49:50.312 8 INFO neutron.quota.resource_registry [None req-57925f00-9828-420c-8ac2-273d5de2881b - - - - - -] Creating instance of TrackedResource for resource:subnet
2026-05-05 22:49:50.312 8 INFO neutron.quota.resource_registry [None req-57925f00-9828-420c-8ac2-273d5de2881b - - - - - -] Creating instance of TrackedResource for resource:subnetpool
2026-05-05 22:49:50.313 8 INFO neutron.quota.resource_registry [None req-57925f00-9828-420c-8ac2-273d5de2881b - - - - - -] Creating instance of TrackedResource for resource:port
2026-05-05 22:49:50.316 8 INFO neutron.quota.resource_registry [None req-57925f00-9828-420c-8ac2-273d5de2881b - - - - - -] Creating instance of TrackedResource for resource:router
2026-05-05 22:49:50.317 8 INFO neutron.quota.resource_registry [None req-57925f00-9828-420c-8ac2-273d5de2881b - - - - - -] Creating instance of TrackedResource for resource:floatingip
2026-05-05 22:49:50.322 8 INFO neutron.quota.resource_registry [None req-57925f00-9828-420c-8ac2-273d5de2881b - - - - - -] Creating instance of CountableResource for resource:rbac_policy
2026-05-05 22:49:50.323 8 INFO neutron.quota.resource_registry [None req-57925f00-9828-420c-8ac2-273d5de2881b - - - - - -] Creating instance of TrackedResource for resource:security_group
2026-05-05 22:49:50.324 8 INFO neutron.quota.resource_registry [None req-57925f00-9828-420c-8ac2-273d5de2881b - - - - - -] Creating instance of TrackedResource for resource:security_group_rule
2026-05-05 22:49:50.325 8 INFO neutron.quota.resource_registry [None req-57925f00-9828-420c-8ac2-273d5de2881b - - - - - -] Creating instance of TrackedResource for resource:subnetpool
2026-05-05 22:49:50.325 8 WARNING neutron.quota.resource_registry [None req-57925f00-9828-420c-8ac2-273d5de2881b - - - - - -] subnetpool is already registered
2026-05-05 22:49:50.326 8 INFO neutron.quota.resource_registry [None req-57925f00-9828-420c-8ac2-273d5de2881b - - - - - -] Creating instance of TrackedResource for resource:subnetpool
2026-05-05 22:49:50.326 8 WARNING neutron.quota.resource_registry [None req-57925f00-9828-420c-8ac2-273d5de2881b - - - - - -] subnetpool is already registered
2026-05-05 22:49:50.327 8 INFO neutron.quota.resource_registry [None req-57925f00-9828-420c-8ac2-273d5de2881b - - - - - -] Creating instance of CountableResource for resource:trunk
2026-05-05 22:49:50.327 8 INFO neutron.quota.resource_registry [None req-57925f00-9828-420c-8ac2-273d5de2881b - - - - - -] Creating instance of CountableResource for resource:endpoint_group
2026-05-05 22:49:50.328 8 INFO neutron.quota.resource_registry [None req-57925f00-9828-420c-8ac2-273d5de2881b - - - - - -] Creating instance of CountableResource for resource:vpnservice
2026-05-05 22:49:50.328 8 INFO neutron.quota.resource_registry [None req-57925f00-9828-420c-8ac2-273d5de2881b - - - - - -] Creating instance of CountableResource for resource:ipsec_site_connection
2026-05-05 22:49:50.329 8 INFO neutron.quota.resource_registry [None req-57925f00-9828-420c-8ac2-273d5de2881b - - - - - -] Creating instance of CountableResource for resource:ipsecpolicy
2026-05-05 22:49:50.329 8 INFO neutron.quota.resource_registry [None req-57925f00-9828-420c-8ac2-273d5de2881b - - - - - -] Creating instance of CountableResource for resource:ikepolicy
2026-05-05 22:49:50.334 8 INFO neutron.quota.resource_registry [None req-57925f00-9828-420c-8ac2-273d5de2881b - - - - - -] Creating instance of TrackedResource for resource:router
2026-05-05 22:49:50.334 8 WARNING neutron.quota.resource_registry [None req-57925f00-9828-420c-8ac2-273d5de2881b - - - - - -] router is already registered
2026-05-05 22:49:50.335 8 INFO neutron.quota.resource_registry [None req-57925f00-9828-420c-8ac2-273d5de2881b - - - - - -] Creating instance of TrackedResource for resource:floatingip
2026-05-05 22:49:50.335 8 WARNING neutron.quota.resource_registry [None req-57925f00-9828-420c-8ac2-273d5de2881b - - - - - -] floatingip is already registered
2026-05-05 22:49:50.340 8 INFO neutron.quota.resource_registry [None req-57925f00-9828-420c-8ac2-273d5de2881b - - - - - -] Creating instance of CountableResource for resource:rbac_policy
2026-05-05 22:49:50.340 8 WARNING neutron.quota.resource_registry [None req-57925f00-9828-420c-8ac2-273d5de2881b - - - - - -] rbac_policy is already registered
2026-05-05 22:49:50.341 8 INFO neutron.quota.resource_registry [None req-57925f00-9828-420c-8ac2-273d5de2881b - - - - - -] Creating instance of TrackedResource for resource:security_group
2026-05-05 22:49:50.341 8 WARNING neutron.quota.resource_registry [None req-57925f00-9828-420c-8ac2-273d5de2881b - - - - - -] security_group is already registered
2026-05-05 22:49:50.342 8 INFO neutron.quota.resource_registry [None req-57925f00-9828-420c-8ac2-273d5de2881b - - - - - -] Creating instance of TrackedResource for resource:security_group_rule
2026-05-05 22:49:50.342 8 WARNING neutron.quota.resource_registry [None req-57925f00-9828-420c-8ac2-273d5de2881b - - - - - -] security_group_rule is already registered
2026-05-05 22:49:50.343 8 INFO neutron.quota.resource_registry [None req-57925f00-9828-420c-8ac2-273d5de2881b - - - - - -] Creating instance of TrackedResource for resource:subnetpool
2026-05-05 22:49:50.343 8 WARNING neutron.quota.resource_registry [None req-57925f00-9828-420c-8ac2-273d5de2881b - - - - - -] subnetpool is already registered
2026-05-05 22:49:50.344 8 INFO neutron.quota.resource_registry [None req-57925f00-9828-420c-8ac2-273d5de2881b - - - - - -] Creating instance of TrackedResource for resource:subnetpool
2026-05-05 22:49:50.344 8 WARNING neutron.quota.resource_registry [None req-57925f00-9828-420c-8ac2-273d5de2881b - - - - - -] subnetpool is already registered
2026-05-05 22:49:50.345 8 INFO neutron.quota.resource_registry [None req-57925f00-9828-420c-8ac2-273d5de2881b - - - - - -] Creating instance of CountableResource for resource:trunk
2026-05-05 22:49:50.345 8 WARNING neutron.quota.resource_registry [None req-57925f00-9828-420c-8ac2-273d5de2881b - - - - - -] trunk is already registered
2026-05-05 22:49:50.345 8 INFO neutron.quota.resource_registry [None req-57925f00-9828-420c-8ac2-273d5de2881b - - - - - -] Creating instance of CountableResource for resource:endpoint_group
2026-05-05 22:49:50.345 7 WARNING keystonemiddleware._common.config [None req-126c4d50-bbce-4c1b-a075-7186959671fa - - - - - -] The option "audit_map_file" is not known to keystonemiddleware
2026-05-05 22:49:50.346 8 WARNING neutron.quota.resource_registry [None req-57925f00-9828-420c-8ac2-273d5de2881b - - - - - -] endpoint_group is already registered
2026-05-05 22:49:50.346 8 INFO neutron.quota.resource_registry [None req-57925f00-9828-420c-8ac2-273d5de2881b - - - - - -] Creating instance of CountableResource for resource:vpnservice
2026-05-05 22:49:50.346 8 WARNING neutron.quota.resource_registry [None req-57925f00-9828-420c-8ac2-273d5de2881b - - - - - -] vpnservice is already registered
2026-05-05 22:49:50.347 8 INFO neutron.quota.resource_registry [None req-57925f00-9828-420c-8ac2-273d5de2881b - - - - - -] Creating instance of CountableResource for resource:ipsec_site_connection
2026-05-05 22:49:50.347 8 WARNING neutron.quota.resource_registry [None req-57925f00-9828-420c-8ac2-273d5de2881b - - - - - -] ipsec_site_connection is already registered
2026-05-05 22:49:50.347 8 INFO neutron.quota.resource_registry [None req-57925f00-9828-420c-8ac2-273d5de2881b - - - - - -] Creating instance of CountableResource for resource:ipsecpolicy
2026-05-05 22:49:50.348 8 WARNING neutron.quota.resource_registry [None req-57925f00-9828-420c-8ac2-273d5de2881b - - - - - -] ipsecpolicy is already registered
2026-05-05 22:49:50.348 8 INFO neutron.quota.resource_registry [None req-57925f00-9828-420c-8ac2-273d5de2881b - - - - - -] Creating instance of CountableResource for resource:ikepolicy
2026-05-05 22:49:50.348 8 WARNING neutron.quota.resource_registry [None req-57925f00-9828-420c-8ac2-273d5de2881b - - - - - -] ikepolicy is already registered
2026-05-05 22:49:50.352 7 WARNING oslo_config.cfg [None req-126c4d50-bbce-4c1b-a075-7186959671fa - - - - - -] Deprecated: Option "auth_uri" from group "keystone_authtoken" is deprecated. Use option "www_authenticate_uri" from group "keystone_authtoken". WSGI app 0 (mountpoint='') ready in 6 seconds on interpreter 0x558766869120 pid: 7 (default app)
2026-05-05 22:49:50.384 8 WARNING keystonemiddleware._common.config [None req-57925f00-9828-420c-8ac2-273d5de2881b - - - - - -] The option "audit_map_file" is not known to keystonemiddleware
2026-05-05 22:49:50.392 8 WARNING oslo_config.cfg [None req-57925f00-9828-420c-8ac2-273d5de2881b - - - - - -] Deprecated: Option "auth_uri" from group "keystone_authtoken" is deprecated. Use option "www_authenticate_uri" from group "keystone_authtoken". WSGI app 0 (mountpoint='') ready in 6 seconds on interpreter 0x558766869120 pid: 8 (default app) /var/lib/openstack/lib/python3.10/site-packages/pycadf/identifier.py:71: UserWarning: Invalid uuid: unknown. To ensure interoperability, identifiers should be a valid uuid. warnings.warn(('Invalid uuid: %s. To ensure interoperability, '
2026-05-05 22:49:56.559 7 INFO neutron.pecan_wsgi.hooks.translation [None req-05520685-b844-437d-9eab-46897c51f27d b2284a57d81f4af1ab5592abcaa131cf 7b8aed4bab5045e4aca1bdab3613b1a0 - - default default] GET failed (client error): The resource could not be found. [pid: 7|app: 0|req: 3/3] 199.204.45.44 () {44 vars in 923 bytes} [Tue May 5 22:49:55 2026] GET /v2.0/networks/public => generated 108 bytes in 887 msecs (HTTP/1.1 404) 4 headers in 164 bytes (1 switches on core 0) /var/lib/openstack/lib/python3.10/site-packages/pycadf/identifier.py:71: UserWarning: Invalid uuid: unknown. To ensure interoperability, identifiers should be a valid uuid. warnings.warn(('Invalid uuid: %s. To ensure interoperability, ' [pid: 8|app: 0|req: 1/4] 199.204.45.44 () {44 vars in 945 bytes} [Tue May 5 22:49:56 2026] GET /v2.0/networks?name=public => generated 15 bytes in 459 msecs (HTTP/1.1 200) 4 headers in 156 bytes (1 switches on core 0)
2026-05-05 22:49:57.183 7 WARNING oslo_policy.policy [None req-7d9cd8b0-9f86-404c-bd08-5dc271789107 b2284a57d81f4af1ab5592abcaa131cf 7b8aed4bab5045e4aca1bdab3613b1a0 - - default default] Policies ['get_subnets_tags'] reference a rule that is not defined.
2026-05-05 22:49:57.336 7 WARNING neutron.services.revisions.revision_plugin [None req-7d9cd8b0-9f86-404c-bd08-5dc271789107 b2284a57d81f4af1ab5592abcaa131cf 7b8aed4bab5045e4aca1bdab3613b1a0 - - default default] Could not find related network for resource to bump revision.
2026-05-05 22:49:57.365 7 INFO neutron.db.segments_db [None req-7d9cd8b0-9f86-404c-bd08-5dc271789107 b2284a57d81f4af1ab5592abcaa131cf 7b8aed4bab5045e4aca1bdab3613b1a0 - - default default] Added segment eb5fec20-88a9-455f-a9ca-c7f0259cabf8 of type flat for network e5622cd7-47a0-490c-9d82-7bee976e87c2
2026-05-05 22:49:57.424 7 INFO neutron.pecan_wsgi.hooks.translation [None req-7d9cd8b0-9f86-404c-bd08-5dc271789107 b2284a57d81f4af1ab5592abcaa131cf 7b8aed4bab5045e4aca1bdab3613b1a0 - - default default] POST failed (client error): The resource could not be found. [pid: 7|app: 0|req: 4/5] 199.204.45.44 () {48 vars in 963 bytes} [Tue May 5 22:49:57 2026] POST /v2.0/networks => generated 124 bytes in 413 msecs (HTTP/1.1 404) 4 headers in 164 bytes (1 switches on core 0)
2026-05-05 22:50:03.629 8 INFO neutron.pecan_wsgi.hooks.translation [None req-1c374fd4-ea10-4f9e-9eda-a0f9ca32d76c b2284a57d81f4af1ab5592abcaa131cf 7b8aed4bab5045e4aca1bdab3613b1a0 - - default default] GET failed (client error): The resource could not be found. [pid: 8|app: 0|req: 2/6] 199.204.45.44 () {44 vars in 923 bytes} [Tue May 5 22:50:03 2026] GET /v2.0/networks/public => generated 108 bytes in 393 msecs (HTTP/1.1 404) 4 headers in 164 bytes (1 switches on core 0) [pid: 7|app: 0|req: 5/7] 199.204.45.44 () {44 vars in 945 bytes} [Tue May 5 22:50:03 2026] GET /v2.0/networks?name=public => generated 15 bytes in 21 msecs (HTTP/1.1 200) 4 headers in 156 bytes (1 switches on core 0)
2026-05-05 22:50:03.848 8 WARNING oslo_policy.policy [None req-2f662f4a-e523-45b6-ba7b-90f9bf1e3e8c b2284a57d81f4af1ab5592abcaa131cf 7b8aed4bab5045e4aca1bdab3613b1a0 - - default default] Policies ['get_subnets_tags'] reference a rule that is not defined.
2026-05-05 22:50:03.905 8 WARNING neutron.services.revisions.revision_plugin [None req-2f662f4a-e523-45b6-ba7b-90f9bf1e3e8c b2284a57d81f4af1ab5592abcaa131cf 7b8aed4bab5045e4aca1bdab3613b1a0 - - default default] Could not find related network for resource to bump revision.
2026-05-05 22:50:03.929 8 INFO neutron.db.segments_db [None req-2f662f4a-e523-45b6-ba7b-90f9bf1e3e8c b2284a57d81f4af1ab5592abcaa131cf 7b8aed4bab5045e4aca1bdab3613b1a0 - - default default] Added segment 7166820a-81ae-4130-8598-3a24adf69d3e of type flat for network 12250ade-b23c-4272-948e-8e9cf70280aa
2026-05-05 22:50:03.982 8 INFO neutron.pecan_wsgi.hooks.translation [None req-2f662f4a-e523-45b6-ba7b-90f9bf1e3e8c b2284a57d81f4af1ab5592abcaa131cf 7b8aed4bab5045e4aca1bdab3613b1a0 - - default default] POST failed (client error): The resource could not be found. [pid: 8|app: 0|req: 3/8] 199.204.45.44 () {48 vars in 963 bytes} [Tue May 5 22:50:03 2026] POST /v2.0/networks => generated 124 bytes in 340 msecs (HTTP/1.1 404) 4 headers in 164 bytes (1 switches on core 0)
2026-05-05 22:50:09.847 8 INFO neutron.pecan_wsgi.hooks.translation [None req-0c6c653d-239f-4ee6-a4af-a8e44aa949d5 b2284a57d81f4af1ab5592abcaa131cf 7b8aed4bab5045e4aca1bdab3613b1a0 - - default default] GET failed (client error): The resource could not be found. [pid: 8|app: 0|req: 4/10] 199.204.45.44 () {44 vars in 923 bytes} [Tue May 5 22:50:09 2026] GET /v2.0/networks/public => generated 108 bytes in 59 msecs (HTTP/1.1 404) 4 headers in 164 bytes (1 switches on core 0) [pid: 7|app: 0|req: 7/11] 199.204.45.44 () {44 vars in 945 bytes} [Tue May 5 22:50:09 2026] GET /v2.0/networks?name=public => generated 15 bytes in 21 msecs (HTTP/1.1 200) 4 headers in 156 bytes (1 switches on core 0)
2026-05-05 22:50:09.936 8 WARNING neutron.services.revisions.revision_plugin [None req-eb110847-a0d1-40e2-becd-73e6bec50533 b2284a57d81f4af1ab5592abcaa131cf 7b8aed4bab5045e4aca1bdab3613b1a0 - - default default] Could not find related network for resource to bump revision.
2026-05-05 22:50:09.970 8 INFO neutron.db.segments_db [None req-eb110847-a0d1-40e2-becd-73e6bec50533 b2284a57d81f4af1ab5592abcaa131cf 7b8aed4bab5045e4aca1bdab3613b1a0 - - default default] Added segment 841bfabe-1a8c-4a50-9a33-d89f821feb31 of type flat for network 10c440b4-618e-41ec-b0b2-d4366cb186b7
2026-05-05 22:50:10.011 8 INFO neutron.pecan_wsgi.hooks.translation [None req-eb110847-a0d1-40e2-becd-73e6bec50533 b2284a57d81f4af1ab5592abcaa131cf 7b8aed4bab5045e4aca1bdab3613b1a0 - - default default] POST failed (client error): The resource could not be found. [pid: 8|app: 0|req: 5/12] 199.204.45.44 () {48 vars in 963 bytes} [Tue May 5 22:50:09 2026] POST /v2.0/networks => generated 124 bytes in 149 msecs (HTTP/1.1 404) 4 headers in 164 bytes (1 switches on core 0)
2026-05-05 22:50:15.879 7 INFO neutron.pecan_wsgi.hooks.translation [None req-a40c9ec7-15aa-436f-81d8-45d26f567660 b2284a57d81f4af1ab5592abcaa131cf 7b8aed4bab5045e4aca1bdab3613b1a0 - - default default] GET failed (client error): The resource could not be found. [pid: 7|app: 0|req: 8/13] 199.204.45.44 () {44 vars in 923 bytes} [Tue May 5 22:50:15 2026] GET /v2.0/networks/public => generated 108 bytes in 55 msecs (HTTP/1.1 404) 4 headers in 164 bytes (1 switches on core 0) [pid: 8|app: 0|req: 6/14] 199.204.45.44 () {44 vars in 945 bytes} [Tue May 5 22:50:15 2026] GET /v2.0/networks?name=public => generated 15 bytes in 19 msecs (HTTP/1.1 200) 4 headers in 156 bytes (1 switches on core 0)
2026-05-05 22:50:15.980 7 WARNING neutron.services.revisions.revision_plugin [None req-f14d1f06-55cc-4997-9fd6-65a956d82c4d b2284a57d81f4af1ab5592abcaa131cf 7b8aed4bab5045e4aca1bdab3613b1a0 - - default default] Could not find related network for resource to bump revision.
2026-05-05 22:50:16.007 7 INFO neutron.db.segments_db [None req-f14d1f06-55cc-4997-9fd6-65a956d82c4d b2284a57d81f4af1ab5592abcaa131cf 7b8aed4bab5045e4aca1bdab3613b1a0 - - default default] Added segment 2942b433-ad64-40ee-a98e-66a067e116af of type flat for network abedc9b2-2399-4c84-95c2-a09e60daf9bb
2026-05-05 22:50:16.041 7 INFO neutron.pecan_wsgi.hooks.translation [None req-f14d1f06-55cc-4997-9fd6-65a956d82c4d b2284a57d81f4af1ab5592abcaa131cf 7b8aed4bab5045e4aca1bdab3613b1a0 - - default default] POST failed (client error): The resource could not be found. [pid: 7|app: 0|req: 9/15] 199.204.45.44 () {48 vars in 963 bytes} [Tue May 5 22:50:15 2026] POST /v2.0/networks => generated 124 bytes in 145 msecs (HTTP/1.1 404) 4 headers in 164 bytes (1 switches on core 0)
2026-05-05 22:50:21.932 7 INFO neutron.pecan_wsgi.hooks.translation [None req-76c41695-27e5-4a26-a67c-95423c565f54 b2284a57d81f4af1ab5592abcaa131cf 7b8aed4bab5045e4aca1bdab3613b1a0 - - default default] GET failed (client error): The resource could not be found. [pid: 7|app: 0|req: 10/17] 199.204.45.44 () {44 vars in 923 bytes} [Tue May 5 22:50:21 2026] GET /v2.0/networks/public => generated 108 bytes in 69 msecs (HTTP/1.1 404) 4 headers in 164 bytes (1 switches on core 0) [pid: 8|app: 0|req: 8/18] 199.204.45.44 () {44 vars in 945 bytes} [Tue May 5 22:50:21 2026] GET /v2.0/networks?name=public => generated 15 bytes in 18 msecs (HTTP/1.1 200) 4 headers in 156 bytes (1 switches on core 0)
2026-05-05 22:50:22.044 7 WARNING neutron.services.revisions.revision_plugin [None req-8f373676-4448-4b74-b128-1d4fa9bf518e b2284a57d81f4af1ab5592abcaa131cf 7b8aed4bab5045e4aca1bdab3613b1a0 - - default default] Could not find related network for resource to bump revision.
2026-05-05 22:50:22.063 7 INFO neutron.db.segments_db [None req-8f373676-4448-4b74-b128-1d4fa9bf518e b2284a57d81f4af1ab5592abcaa131cf 7b8aed4bab5045e4aca1bdab3613b1a0 - - default default] Added segment f884d55d-5a7c-40c2-9186-1d3049e6d094 of type flat for network 2e2b5300-4b5d-48e3-966b-edf86467db09
2026-05-05 22:50:22.100 7 INFO neutron.pecan_wsgi.hooks.translation [None req-8f373676-4448-4b74-b128-1d4fa9bf518e b2284a57d81f4af1ab5592abcaa131cf 7b8aed4bab5045e4aca1bdab3613b1a0 - - default default] POST failed (client error): The resource could not be found. [pid: 7|app: 0|req: 11/19] 199.204.45.44 () {48 vars in 963 bytes} [Tue May 5 22:50:21 2026] POST /v2.0/networks => generated 124 bytes in 155 msecs (HTTP/1.1 404) 4 headers in 164 bytes (1 switches on core 0)
2026-05-05 22:50:28.016 8 INFO neutron.pecan_wsgi.hooks.translation [None req-089f4a10-6523-4ce2-8447-42400acf8ac5 b2284a57d81f4af1ab5592abcaa131cf 7b8aed4bab5045e4aca1bdab3613b1a0 - - default default] GET failed (client error): The resource could not be found. [pid: 8|app: 0|req: 9/20] 199.204.45.44 () {44 vars in 923 bytes} [Tue May 5 22:50:27 2026] GET /v2.0/networks/public => generated 108 bytes in 58 msecs (HTTP/1.1 404) 4 headers in 164 bytes (1 switches on core 0) [pid: 7|app: 0|req: 12/21] 199.204.45.44 () {44 vars in 945 bytes} [Tue May 5 22:50:28 2026] GET /v2.0/networks?name=public => generated 15 bytes in 22 msecs (HTTP/1.1 200) 4 headers in 156 bytes (1 switches on core 0)
2026-05-05 22:50:28.102 8 WARNING neutron.services.revisions.revision_plugin [None req-d929053f-2c09-42de-93fb-c090753a6edf b2284a57d81f4af1ab5592abcaa131cf 7b8aed4bab5045e4aca1bdab3613b1a0 - - default default] Could not find related network for resource to bump revision.
2026-05-05 22:50:28.126 8 INFO neutron.db.segments_db [None req-d929053f-2c09-42de-93fb-c090753a6edf b2284a57d81f4af1ab5592abcaa131cf 7b8aed4bab5045e4aca1bdab3613b1a0 - - default default] Added segment ed32127e-c006-4343-af52-dc4667d5b881 of type flat for network b95296c9-4279-4312-bed4-8ca61089a23c [pid: 8|app: 0|req: 10/22] 199.204.45.44 () {48 vars in 963 bytes} [Tue May 5 22:50:28 2026] POST /v2.0/networks => generated 706 bytes in 203 msecs (HTTP/1.1 201) 4 headers in 162 bytes (1 switches on core 0)
2026-05-05 22:50:29.451 7 INFO neutron.pecan_wsgi.hooks.translation [None req-b620d3b8-2546-4476-9f52-b27030db0b9a b2284a57d81f4af1ab5592abcaa131cf 7b8aed4bab5045e4aca1bdab3613b1a0 - - default default] GET failed (client error): The resource could not be found. [pid: 7|app: 0|req: 13/23] 199.204.45.44 () {44 vars in 923 bytes} [Tue May 5 22:50:29 2026] GET /v2.0/networks/public => generated 108 bytes in 94 msecs (HTTP/1.1 404) 4 headers in 164 bytes (1 switches on core 0) [pid: 8|app: 0|req: 11/24] 199.204.45.44 () {44 vars in 945 bytes} [Tue May 5 22:50:29 2026] GET /v2.0/networks?name=public => generated 709 bytes in 98 msecs (HTTP/1.1 200) 4 headers in 157 bytes (1 switches on core 0)
2026-05-05 22:50:29.604 7 INFO neutron.pecan_wsgi.hooks.translation [None req-c4906276-0b64-4857-a916-72bc2279ada0 b2284a57d81f4af1ab5592abcaa131cf 7b8aed4bab5045e4aca1bdab3613b1a0 - - default default] GET failed (client error): The resource could not be found. [pid: 7|app: 0|req: 14/25] 199.204.45.44 () {44 vars in 1030 bytes} [Tue May 5 22:50:29 2026] GET /v2.0/subnets/public-subnet?network_id=b95296c9-4279-4312-bed4-8ca61089a23c => generated 113 bytes in 24 msecs (HTTP/1.1 404) 4 headers in 164 bytes (1 switches on core 0) [pid: 8|app: 0|req: 12/26] 199.204.45.44 () {44 vars in 1053 bytes} [Tue May 5 22:50:29 2026] GET /v2.0/subnets?name=public-subnet&network_id=b95296c9-4279-4312-bed4-8ca61089a23c => generated 14 bytes in 32 msecs (HTTP/1.1 200) 4 headers in 156 bytes (1 switches on core 0) [pid: 7|app: 0|req: 15/27] 199.204.45.44 () {48 vars in 961 bytes} [Tue May 5 22:50:29 2026] POST /v2.0/subnets => generated 641 bytes in 403 msecs (HTTP/1.1 201) 4 headers in 162 bytes (1 switches on core 0)
2026-05-05 22:55:01.882 7 ERROR oslo.messaging._drivers.impl_rabbit [-] [7a7d5fb7-0d92-42ef-b88e-1bc77e06cd97] AMQP server on rabbitmq-neutron.openstack.svc.cluster.local:5672 is unreachable: . Trying again in 1 seconds.: amqp.exceptions.RecoverableConnectionError: 
2026-05-05 22:55:01.883 7 ERROR oslo.messaging._drivers.impl_rabbit [-] [020dbbc6-017d-43d6-9489-4333688d59ce] AMQP server on rabbitmq-neutron.openstack.svc.cluster.local:5672 is unreachable: . Trying again in 1 seconds.: amqp.exceptions.RecoverableConnectionError: 
2026-05-05 22:55:01.884 7 INFO oslo.messaging._drivers.impl_rabbit [-] A recoverable connection/channel error occurred, trying to reconnect: Server unexpectedly closed connection Tue May 5 22:55:01 2026 - SIGPIPE: writing to a closed pipe/socket/fd (probably the client disconnected) on request /v2.0/networks/lb-mgmt-net (ip 199.204.45.44) !!!
2026-05-05 22:55:02.029 7 INFO neutron.pecan_wsgi.hooks.translation [None req-bdfa050b-5907-4c18-8137-c33093ef7ae1 b2284a57d81f4af1ab5592abcaa131cf 7b8aed4bab5045e4aca1bdab3613b1a0 - - default default] GET failed (client error): The resource could not be found. [pid: 7|app: 0|req: 33/63] 199.204.45.44 () {44 vars in 933 bytes} [Tue May 5 22:55:01 2026] GET /v2.0/networks/lb-mgmt-net => generated 113 bytes in 155 msecs (HTTP/1.1 404) 4 headers in 164 bytes (1 switches on core 0)
2026-05-05 22:55:02.040 8 ERROR oslo.messaging._drivers.impl_rabbit [-] [3ab445d0-928c-4384-bc5a-9cc6bd4cee32] AMQP server on rabbitmq-neutron.openstack.svc.cluster.local:5672 is unreachable: . Trying again in 1 seconds.: amqp.exceptions.RecoverableConnectionError: 
2026-05-05 22:55:02.044 8 ERROR oslo.messaging._drivers.impl_rabbit [-] [edd8d0e8-0e9d-481d-8e2e-26ab8d8c7a83] AMQP server on rabbitmq-neutron.openstack.svc.cluster.local:5672 is unreachable: . Trying again in 1 seconds.: amqp.exceptions.RecoverableConnectionError:  [pid: 8|app: 0|req: 31/64] 199.204.45.44 () {44 vars in 955 bytes} [Tue May 5 22:55:02 2026] GET /v2.0/networks?name=lb-mgmt-net => generated 15 bytes in 29 msecs (HTTP/1.1 200) 4 headers in 156 bytes (1 switches on core 0)
2026-05-05 22:55:02.388 7 INFO neutron.db.segments_db [None req-4cff62fb-3ebe-4048-87d4-7c76716cf3a7 b2284a57d81f4af1ab5592abcaa131cf 7b8aed4bab5045e4aca1bdab3613b1a0 - - default default] Added segment fff13030-08e6-43b7-8b12-2ef875fc090a of type vxlan for network 84d41c6c-5dd4-4c2d-ba4e-2460df57f941 [pid: 7|app: 0|req: 34/65] 199.204.45.44 () {48 vars in 962 bytes} [Tue May 5 22:55:02 2026] POST /v2.0/networks => generated 707 bytes in 431 msecs (HTTP/1.1 201) 4 headers in 162 bytes (1 switches on core 0)
2026-05-05 22:55:03.406 8 INFO oslo.messaging._drivers.impl_rabbit [-] [edd8d0e8-0e9d-481d-8e2e-26ab8d8c7a83] Reconnected to AMQP server on rabbitmq-neutron.openstack.svc.cluster.local:5672 via [amqp] client with port 36584.
2026-05-05 22:55:03.407 8 INFO oslo.messaging._drivers.impl_rabbit [-] [3ab445d0-928c-4384-bc5a-9cc6bd4cee32] Reconnected to AMQP server on rabbitmq-neutron.openstack.svc.cluster.local:5672 via [amqp] client with port 36576.
2026-05-05 22:55:03.457 8 INFO neutron.pecan_wsgi.hooks.translation [None req-e317c73c-ab84-4caf-96eb-bab04848ad62 b2284a57d81f4af1ab5592abcaa131cf 7b8aed4bab5045e4aca1bdab3613b1a0 - - default default] GET failed (client error): The resource could not be found. [pid: 8|app: 0|req: 32/66] 199.204.45.44 () {44 vars in 933 bytes} [Tue May 5 22:55:03 2026] GET /v2.0/networks/lb-mgmt-net => generated 113 bytes in 82 msecs (HTTP/1.1 404) 4 headers in 164 bytes (1 switches on core 0)
2026-05-05 22:55:03.533 7 INFO oslo.messaging._drivers.impl_rabbit [-] [7a7d5fb7-0d92-42ef-b88e-1bc77e06cd97] Reconnected to AMQP server on rabbitmq-neutron.openstack.svc.cluster.local:5672 via [amqp] client with port 36588.
2026-05-05 22:55:03.538 7 INFO oslo.messaging._drivers.impl_rabbit [-] [020dbbc6-017d-43d6-9489-4333688d59ce] Reconnected to AMQP server on rabbitmq-neutron.openstack.svc.cluster.local:5672 via [amqp] client with port 36598. [pid: 7|app: 0|req: 35/67] 199.204.45.44 () {44 vars in 955 bytes} [Tue May 5 22:55:03 2026] GET /v2.0/networks?name=lb-mgmt-net => generated 691 bytes in 82 msecs (HTTP/1.1 200) 4 headers in 157 bytes (1 switches on core 0)
2026-05-05 22:55:03.582 8 INFO neutron.pecan_wsgi.hooks.translation [None req-e15f51a0-90af-4c3b-9600-c07009cd21a4 b2284a57d81f4af1ab5592abcaa131cf 7b8aed4bab5045e4aca1bdab3613b1a0 - - default default] GET failed (client error): The resource could not be found. [pid: 8|app: 0|req: 33/68] 199.204.45.44 () {44 vars in 1032 bytes} [Tue May 5 22:55:03 2026] GET /v2.0/subnets/lb-mgmt-subnet?network_id=84d41c6c-5dd4-4c2d-ba4e-2460df57f941 => generated 114 bytes in 32 msecs (HTTP/1.1 404) 4 headers in 164 bytes (1 switches on core 0) [pid: 7|app: 0|req: 36/69] 199.204.45.44 () {44 vars in 1055 bytes} [Tue May 5 22:55:03 2026] GET /v2.0/subnets?name=lb-mgmt-subnet&network_id=84d41c6c-5dd4-4c2d-ba4e-2460df57f941 => generated 14 bytes in 23 msecs (HTTP/1.1 200) 4 headers in 156 bytes (1 switches on core 0) [pid: 8|app: 0|req: 34/70] 199.204.45.44 () {48 vars in 961 bytes} [Tue May 5 22:55:03 2026] POST /v2.0/subnets => generated 627 bytes in 305 msecs (HTTP/1.1 201) 4 headers in 162 bytes (1 switches on core 0)
