2026-05-20 13:13:53.167 8 INFO placement.requestlog [None req-12f99dc5-1be3-41c0-8e11-206c3ad4c619 - - - - - -] 10.0.0.142 "GET /" status: 200 len: 136 microversion: 1.0
2026-05-20 13:13:54.425 7 INFO placement.requestlog [req-90c14f5a-5177-4878-add7-376831368311 req-f2bb9ed4-c575-4ce9-b216-7a80a9574466 afab8a8d678a4f85a0ffba873254767d 43d98e279c774d7d98eb839d6bc6b988 - - b9c282f2937c4c4a93bf101cb41848de b9c282f2937c4c4a93bf101cb41848de] 162.253.55.100 "GET /resource_providers/780b52d0-8d3d-4f99-a34b-a1c8d8957faf/allocations" status: 200 len: 54 microversion: 1.0 [pid: 7|app: 0|req: 292/582] 162.253.55.100 () {32 vars in 857 bytes} [Wed May 20 13:13:54 2026] GET /resource_providers/780b52d0-8d3d-4f99-a34b-a1c8d8957faf/allocations => generated 54 bytes in 137 msecs (HTTP/1.1 200) 6 headers in 223 bytes (1 switches on core 0)
2026-05-20 13:13:54.446 8 INFO placement.requestlog [req-90c14f5a-5177-4878-add7-376831368311 req-38537f9f-e996-4470-b572-168ea416983a afab8a8d678a4f85a0ffba873254767d 43d98e279c774d7d98eb839d6bc6b988 - - b9c282f2937c4c4a93bf101cb41848de b9c282f2937c4c4a93bf101cb41848de] 162.253.55.100 "GET /resource_providers?in_tree=780b52d0-8d3d-4f99-a34b-a1c8d8957faf" status: 200 len: 797 microversion: 1.14 [pid: 8|app: 0|req: 291/583] 162.253.55.100 () {34 vars in 892 bytes} [Wed May 20 13:13:54 2026] GET /resource_providers?in_tree=780b52d0-8d3d-4f99-a34b-a1c8d8957faf => generated 797 bytes in 15 msecs (HTTP/1.1 200) 6 headers in 225 bytes (1 switches on core 0)
2026-05-20 13:13:54.468 7 INFO placement.requestlog [req-90c14f5a-5177-4878-add7-376831368311 req-bf76ce1f-503e-45bd-a104-eaccc1cf70dd afab8a8d678a4f85a0ffba873254767d 43d98e279c774d7d98eb839d6bc6b988 - - b9c282f2937c4c4a93bf101cb41848de b9c282f2937c4c4a93bf101cb41848de] 162.253.55.100 "GET /resource_providers/780b52d0-8d3d-4f99-a34b-a1c8d8957faf/inventories" status: 200 len: 400 microversion: 1.0 [pid: 7|app: 0|req: 293/584] 162.253.55.100 () {32 vars in 857 bytes} [Wed May 20 13:13:54 2026] GET /resource_providers/780b52d0-8d3d-4f99-a34b-a1c8d8957faf/inventories => generated 400 bytes in 16 msecs (HTTP/1.1 200) 6 headers in 224 bytes (1 switches on core 0)
2026-05-20 13:13:54.485 8 INFO placement.requestlog [req-90c14f5a-5177-4878-add7-376831368311 req-0e74fe63-cd2c-48b0-8e76-1ad44e62bcaf afab8a8d678a4f85a0ffba873254767d 43d98e279c774d7d98eb839d6bc6b988 - - b9c282f2937c4c4a93bf101cb41848de b9c282f2937c4c4a93bf101cb41848de] 162.253.55.100 "GET /resource_providers/780b52d0-8d3d-4f99-a34b-a1c8d8957faf/aggregates" status: 200 len: 53 microversion: 1.19 [pid: 8|app: 0|req: 292/585] 162.253.55.100 () {34 vars in 899 bytes} [Wed May 20 13:13:54 2026] GET /resource_providers/780b52d0-8d3d-4f99-a34b-a1c8d8957faf/aggregates => generated 53 bytes in 10 msecs (HTTP/1.1 200) 8 headers in 295 bytes (1 switches on core 0)
2026-05-20 13:13:54.514 7 INFO placement.requestlog [req-90c14f5a-5177-4878-add7-376831368311 req-21320ab6-d8b0-4103-abb5-f099f43abffc afab8a8d678a4f85a0ffba873254767d 43d98e279c774d7d98eb839d6bc6b988 - - b9c282f2937c4c4a93bf101cb41848de b9c282f2937c4c4a93bf101cb41848de] 162.253.55.100 "GET /resource_providers/780b52d0-8d3d-4f99-a34b-a1c8d8957faf/traits" status: 200 len: 2316 microversion: 1.6 [pid: 7|app: 0|req: 294/586] 162.253.55.100 () {34 vars in 890 bytes} [Wed May 20 13:13:54 2026] GET /resource_providers/780b52d0-8d3d-4f99-a34b-a1c8d8957faf/traits => generated 2316 bytes in 26 msecs (HTTP/1.1 200) 6 headers in 225 bytes (1 switches on core 0)
2026-05-20 13:13:54.531 8 INFO placement.requestlog [req-90c14f5a-5177-4878-add7-376831368311 req-1b1be63a-2b2e-4e72-965f-0abd2bdc4d78 afab8a8d678a4f85a0ffba873254767d 43d98e279c774d7d98eb839d6bc6b988 - - b9c282f2937c4c4a93bf101cb41848de b9c282f2937c4c4a93bf101cb41848de] 162.253.55.100 "GET /resource_providers/780b52d0-8d3d-4f99-a34b-a1c8d8957faf/allocations" status: 200 len: 54 microversion: 1.0 [pid: 8|app: 0|req: 293/587] 162.253.55.100 () {32 vars in 857 bytes} [Wed May 20 13:13:54 2026] GET /resource_providers/780b52d0-8d3d-4f99-a34b-a1c8d8957faf/allocations => generated 54 bytes in 10 msecs (HTTP/1.1 200) 6 headers in 223 bytes (1 switches on core 0)
2026-05-20 13:14:03.165 8 INFO placement.requestlog [None req-c97fa43d-0ad4-48cf-ae5f-2ca89b4b2673 - - - - - -] 10.0.0.142 "GET /" status: 200 len: 136 microversion: 1.0
2026-05-20 13:14:03.165 7 INFO placement.requestlog [None req-a69d067f-62b9-479b-a334-6b6736208bb4 - - - - - -] 10.0.0.142 "GET /" status: 200 len: 136 microversion: 1.0
2026-05-20 13:14:13.165 8 INFO placement.requestlog [None req-0f590e18-1a02-45c5-88cb-3c91b0ad410e - - - - - -] 10.0.0.142 "GET /" status: 200 len: 136 microversion: 1.0
2026-05-20 13:14:13.165 7 INFO placement.requestlog [None req-d97a6201-2198-454d-9baf-d499a31dd44f - - - - - -] 10.0.0.142 "GET /" status: 200 len: 136 microversion: 1.0
2026-05-20 13:14:23.165 8 INFO placement.requestlog [None req-8bbb51aa-4c8a-422e-805b-9425a18151e4 - - - - - -] 10.0.0.142 "GET /" status: 200 len: 136 microversion: 1.0
2026-05-20 13:14:23.166 7 INFO placement.requestlog [None req-dfafea88-7a88-4b07-9769-cd7c120c0a3b - - - - - -] 10.0.0.142 "GET /" status: 200 len: 136 microversion: 1.0
2026-05-20 13:14:33.165 7 INFO placement.requestlog [None req-d9320a28-12c7-44f6-809a-51ba62eea3ab - - - - - -] 10.0.0.142 "GET /" status: 200 len: 136 microversion: 1.0
2026-05-20 13:14:33.165 8 INFO placement.requestlog [None req-4a87ea4d-ac27-481e-acd4-81f0972f30ef - - - - - -] 10.0.0.142 "GET /" status: 200 len: 136 microversion: 1.0
2026-05-20 13:14:43.165 7 INFO placement.requestlog [None req-bafe4702-9762-48b1-ac64-77028de5aaa4 - - - - - -] 10.0.0.142 "GET /" status: 200 len: 136 microversion: 1.0
2026-05-20 13:14:43.166 8 INFO placement.requestlog [None req-37439555-6282-4fe3-b9e2-a4774a0fff6a - - - - - -] 10.0.0.142 "GET /" status: 200 len: 136 microversion: 1.0
2026-05-20 13:14:53.165 8 INFO placement.requestlog [None req-f3bbf7e9-702b-4abb-9c69-fbd8e895f316 - - - - - -] 10.0.0.142 "GET /" status: 200 len: 136 microversion: 1.0
2026-05-20 13:14:53.166 7 INFO placement.requestlog [None req-687c8f5d-2666-480a-8e8d-cbb961b7ff0b - - - - - -] 10.0.0.142 "GET /" status: 200 len: 136 microversion: 1.0
2026-05-20 13:14:53.964 8 INFO placement.requestlog [req-8fd4cbb5-0ae0-441f-89af-3f581d81242a req-d9be20c6-5039-4108-86ff-e229a6844c13 afab8a8d678a4f85a0ffba873254767d 43d98e279c774d7d98eb839d6bc6b988 - - b9c282f2937c4c4a93bf101cb41848de b9c282f2937c4c4a93bf101cb41848de] 162.253.55.100 "GET /resource_providers/780b52d0-8d3d-4f99-a34b-a1c8d8957faf/allocations" status: 200 len: 54 microversion: 1.0 [pid: 8|app: 0|req: 300/600] 162.253.55.100 () {32 vars in 857 bytes} [Wed May 20 13:14:53 2026] GET /resource_providers/780b52d0-8d3d-4f99-a34b-a1c8d8957faf/allocations => generated 54 bytes in 14 msecs (HTTP/1.1 200) 6 headers in 223 bytes (1 switches on core 0)
2026-05-20 13:14:53.982 7 INFO placement.requestlog [req-8fd4cbb5-0ae0-441f-89af-3f581d81242a req-38880b6f-dde0-408f-9318-3907802c7193 afab8a8d678a4f85a0ffba873254767d 43d98e279c774d7d98eb839d6bc6b988 - - b9c282f2937c4c4a93bf101cb41848de b9c282f2937c4c4a93bf101cb41848de] 162.253.55.100 "GET /resource_providers/780b52d0-8d3d-4f99-a34b-a1c8d8957faf/allocations" status: 200 len: 54 microversion: 1.0 [pid: 7|app: 0|req: 301/601] 162.253.55.100 () {32 vars in 857 bytes} [Wed May 20 13:14:53 2026] GET /resource_providers/780b52d0-8d3d-4f99-a34b-a1c8d8957faf/allocations => generated 54 bytes in 11 msecs (HTTP/1.1 200) 6 headers in 223 bytes (1 switches on core 0)
2026-05-20 13:15:03.165 7 INFO placement.requestlog [None req-c5da31f9-6944-49bd-b121-8a6928266c06 - - - - - -] 10.0.0.142 "GET /" status: 200 len: 136 microversion: 1.0
2026-05-20 13:15:03.166 8 INFO placement.requestlog [None req-a8ab1769-5097-46b6-8e4c-d9198ef4bd1e - - - - - -] 10.0.0.142 "GET /" status: 200 len: 136 microversion: 1.0
2026-05-20 13:15:13.166 7 INFO placement.requestlog [None req-00c33956-8b26-4045-a3c0-c169317d49ae - - - - - -] 10.0.0.142 "GET /" status: 200 len: 136 microversion: 1.0
2026-05-20 13:15:13.166 8 INFO placement.requestlog [None req-0a5af604-e42f-4747-a47d-36fb3622cf69 - - - - - -] 10.0.0.142 "GET /" status: 200 len: 136 microversion: 1.0
2026-05-20 13:15:23.165 8 INFO placement.requestlog [None req-23b95b12-e71d-4e9e-a043-23b7e7c36f85 - - - - - -] 10.0.0.142 "GET /" status: 200 len: 136 microversion: 1.0
2026-05-20 13:15:23.165 7 INFO placement.requestlog [None req-7b18dfdb-ecce-4d69-9f71-d37de6793b5e - - - - - -] 10.0.0.142 "GET /" status: 200 len: 136 microversion: 1.0
2026-05-20 13:15:33.165 8 INFO placement.requestlog [None req-8db1d96f-d9e9-4bea-8598-2ece26a0ce7a - - - - - -] 10.0.0.142 "GET /" status: 200 len: 136 microversion: 1.0
2026-05-20 13:15:33.166 7 INFO placement.requestlog [None req-92b93762-18b3-4671-85d9-6a74cf0c7cf1 - - - - - -] 10.0.0.142 "GET /" status: 200 len: 136 microversion: 1.0
2026-05-20 13:15:43.166 7 INFO placement.requestlog [None req-057cfff8-4b51-4ef1-8f1e-3d3484134f2d - - - - - -] 10.0.0.142 "GET /" status: 200 len: 136 microversion: 1.0
2026-05-20 13:15:43.166 8 INFO placement.requestlog [None req-480e0f04-175a-4922-8d28-b7ae21b6f29d - - - - - -] 10.0.0.142 "GET /" status: 200 len: 136 microversion: 1.0
2026-05-20 13:15:53.165 8 INFO placement.requestlog [None req-9f804e37-df96-44a9-b018-a29c09b02757 - - - - - -] 10.0.0.142 "GET /" status: 200 len: 136 microversion: 1.0
2026-05-20 13:15:53.165 7 INFO placement.requestlog [None req-a6d36b3a-6e0b-477b-bc25-a3fd34d4a4e3 - - - - - -] 10.0.0.142 "GET /" status: 200 len: 136 microversion: 1.0
2026-05-20 13:15:54.053 8 INFO placement.requestlog [req-ef4031ee-dbcd-4ead-9535-a0a79613713a req-de513419-c827-49e9-ac7e-26fc5a85cb3d afab8a8d678a4f85a0ffba873254767d 43d98e279c774d7d98eb839d6bc6b988 - - b9c282f2937c4c4a93bf101cb41848de b9c282f2937c4c4a93bf101cb41848de] 162.253.55.100 "GET /resource_providers/780b52d0-8d3d-4f99-a34b-a1c8d8957faf/allocations" status: 200 len: 54 microversion: 1.0 [pid: 8|app: 0|req: 307/614] 162.253.55.100 () {32 vars in 857 bytes} [Wed May 20 13:15:54 2026] GET /resource_providers/780b52d0-8d3d-4f99-a34b-a1c8d8957faf/allocations => generated 54 bytes in 18 msecs (HTTP/1.1 200) 6 headers in 223 bytes (1 switches on core 0)
2026-05-20 13:15:54.080 7 INFO placement.requestlog [req-ef4031ee-dbcd-4ead-9535-a0a79613713a req-53ed869b-9c45-4026-9f33-791472b0760e afab8a8d678a4f85a0ffba873254767d 43d98e279c774d7d98eb839d6bc6b988 - - b9c282f2937c4c4a93bf101cb41848de b9c282f2937c4c4a93bf101cb41848de] 162.253.55.100 "GET /resource_providers/780b52d0-8d3d-4f99-a34b-a1c8d8957faf/allocations" status: 200 len: 54 microversion: 1.0 [pid: 7|app: 0|req: 308/615] 162.253.55.100 () {32 vars in 857 bytes} [Wed May 20 13:15:54 2026] GET /resource_providers/780b52d0-8d3d-4f99-a34b-a1c8d8957faf/allocations => generated 54 bytes in 20 msecs (HTTP/1.1 200) 6 headers in 223 bytes (1 switches on core 0)
2026-05-20 13:15:59.746 8 INFO placement.requestlog [req-13c13465-2890-4e05-a278-1301931616e3 req-266bc533-567d-4815-8a00-8e2e490d9d6b afab8a8d678a4f85a0ffba873254767d 43d98e279c774d7d98eb839d6bc6b988 - - b9c282f2937c4c4a93bf101cb41848de b9c282f2937c4c4a93bf101cb41848de] 10.0.0.41 "GET /allocation_candidates?limit=1000&resources=DISK_GB%3A1%2CMEMORY_MB%3A512%2CVCPU%3A1&root_required=%21COMPUTE_STATUS_DISABLED" status: 200 len: 2781 microversion: 1.36 [pid: 8|app: 0|req: 308/616] 10.0.0.41 () {34 vars in 1011 bytes} [Wed May 20 13:15:59 2026] GET /allocation_candidates?limit=1000&resources=DISK_GB%3A1%2CMEMORY_MB%3A512%2CVCPU%3A1&root_required=%21COMPUTE_STATUS_DISABLED => generated 2781 bytes in 204 msecs (HTTP/1.1 200) 8 headers in 297 bytes (1 switches on core 0)
2026-05-20 13:15:59.793 7 INFO placement.requestlog [req-13c13465-2890-4e05-a278-1301931616e3 req-a70cf9f4-bc26-4ee8-804c-058308d812df afab8a8d678a4f85a0ffba873254767d 43d98e279c774d7d98eb839d6bc6b988 - - b9c282f2937c4c4a93bf101cb41848de b9c282f2937c4c4a93bf101cb41848de] 10.0.0.41 "GET /allocations/e5aa9864-081b-4e87-8d38-1fb24e32f4b0" status: 200 len: 19 microversion: 1.28 [pid: 7|app: 0|req: 309/617] 10.0.0.41 () {34 vars in 860 bytes} [Wed May 20 13:15:59 2026] GET /allocations/e5aa9864-081b-4e87-8d38-1fb24e32f4b0 => generated 19 bytes in 16 msecs (HTTP/1.1 200) 8 headers in 295 bytes (1 switches on core 0)
2026-05-20 13:15:59.890 8 INFO placement.requestlog [req-13c13465-2890-4e05-a278-1301931616e3 req-bc3f244d-98d4-4c73-9e75-e479bebd8ce8 afab8a8d678a4f85a0ffba873254767d 43d98e279c774d7d98eb839d6bc6b988 - - b9c282f2937c4c4a93bf101cb41848de b9c282f2937c4c4a93bf101cb41848de] 10.0.0.41 "PUT /allocations/e5aa9864-081b-4e87-8d38-1fb24e32f4b0" status: 204 len: 0 microversion: 1.36 [pid: 8|app: 0|req: 309/618] 10.0.0.41 () {38 vars in 913 bytes} [Wed May 20 13:15:59 2026] PUT /allocations/e5aa9864-081b-4e87-8d38-1fb24e32f4b0 => generated 0 bytes in 93 msecs (HTTP/1.1 204) 5 headers in 199 bytes (1 switches on core 0)
2026-05-20 13:16:00.653 8 INFO placement.requestlog [None req-6f9bd1e4-2f29-4f67-83f7-f05488ca68d6 7df6eb3549984ea580b39980864eb6ba 43d98e279c774d7d98eb839d6bc6b988 - - b9c282f2937c4c4a93bf101cb41848de b9c282f2937c4c4a93bf101cb41848de] 10.0.0.169 "GET /resource_providers/c1c8faf6-0c39-49ee-8a2b-0e09c45bbb4f/aggregates" status: 404 len: 235 microversion: 1.1 [pid: 8|app: 0|req: 310/619] 10.0.0.169 () {32 vars in 816 bytes} [Wed May 20 13:16:00 2026] GET /resource_providers/c1c8faf6-0c39-49ee-8a2b-0e09c45bbb4f/aggregates => generated 235 bytes in 100 msecs (HTTP/1.1 404) 5 headers in 202 bytes (1 switches on core 0)
2026-05-20 13:16:00.672 8 INFO placement.requestlog [None req-87638ced-a3fc-4e82-9dae-0e3208a59185 7df6eb3549984ea580b39980864eb6ba 43d98e279c774d7d98eb839d6bc6b988 - - b9c282f2937c4c4a93bf101cb41848de b9c282f2937c4c4a93bf101cb41848de] 10.0.0.169 "DELETE /resource_providers/c1c8faf6-0c39-49ee-8a2b-0e09c45bbb4f" status: 404 len: 246 microversion: 1.1 [pid: 8|app: 0|req: 311/620] 10.0.0.169 () {34 vars in 816 bytes} [Wed May 20 13:16:00 2026] DELETE /resource_providers/c1c8faf6-0c39-49ee-8a2b-0e09c45bbb4f => generated 246 bytes in 9 msecs (HTTP/1.1 404) 6 headers in 231 bytes (1 switches on core 0)
2026-05-20 13:16:00.678 7 INFO placement.requestlog [None req-7b8c8c5c-2d7d-4fa7-9ec2-7ea43294a6b2 7df6eb3549984ea580b39980864eb6ba 43d98e279c774d7d98eb839d6bc6b988 - - b9c282f2937c4c4a93bf101cb41848de b9c282f2937c4c4a93bf101cb41848de] 10.0.0.169 "GET /resource_providers/c1c8faf6-0c39-49ee-8a2b-0e09c45bbb4f/aggregates" status: 404 len: 235 microversion: 1.1 [pid: 7|app: 0|req: 310/621] 10.0.0.169 () {32 vars in 816 bytes} [Wed May 20 13:16:00 2026] GET /resource_providers/c1c8faf6-0c39-49ee-8a2b-0e09c45bbb4f/aggregates => generated 235 bytes in 125 msecs (HTTP/1.1 404) 5 headers in 202 bytes (1 switches on core 0)
2026-05-20 13:16:00.697 8 INFO placement.requestlog [None req-e6c553a0-a9b3-4d03-a69f-02cc55697c31 7df6eb3549984ea580b39980864eb6ba 43d98e279c774d7d98eb839d6bc6b988 - - b9c282f2937c4c4a93bf101cb41848de b9c282f2937c4c4a93bf101cb41848de] 10.0.0.169 "DELETE /resource_providers/c1c8faf6-0c39-49ee-8a2b-0e09c45bbb4f" status: 404 len: 246 microversion: 1.1 [pid: 8|app: 0|req: 312/622] 10.0.0.169 () {34 vars in 816 bytes} [Wed May 20 13:16:00 2026] DELETE /resource_providers/c1c8faf6-0c39-49ee-8a2b-0e09c45bbb4f => generated 246 bytes in 8 msecs (HTTP/1.1 404) 6 headers in 231 bytes (1 switches on core 0)
2026-05-20 13:16:01.392 7 INFO placement.requestlog [req-13c13465-2890-4e05-a278-1301931616e3 req-6dd94715-d385-4e12-98a8-a3d81072cc32 afab8a8d678a4f85a0ffba873254767d 43d98e279c774d7d98eb839d6bc6b988 - - b9c282f2937c4c4a93bf101cb41848de b9c282f2937c4c4a93bf101cb41848de] 162.253.55.100 "GET /allocations/e5aa9864-081b-4e87-8d38-1fb24e32f4b0" status: 200 len: 257 microversion: 1.28 [pid: 7|app: 0|req: 311/623] 162.253.55.100 () {34 vars in 863 bytes} [Wed May 20 13:16:01 2026] GET /allocations/e5aa9864-081b-4e87-8d38-1fb24e32f4b0 => generated 257 bytes in 18 msecs (HTTP/1.1 200) 8 headers in 296 bytes (1 switches on core 0)
2026-05-20 13:16:01.861 8 INFO placement.requestlog [None req-e87c5543-ff16-4f31-bc8b-69db94383a7f 7df6eb3549984ea580b39980864eb6ba 43d98e279c774d7d98eb839d6bc6b988 - - b9c282f2937c4c4a93bf101cb41848de b9c282f2937c4c4a93bf101cb41848de] 10.0.0.169 "GET /resource_providers/a5e01ce6-4fc5-48d7-b35b-27666b65a586/aggregates" status: 404 len: 235 microversion: 1.1 [pid: 8|app: 0|req: 313/624] 10.0.0.169 () {32 vars in 816 bytes} [Wed May 20 13:16:01 2026] GET /resource_providers/a5e01ce6-4fc5-48d7-b35b-27666b65a586/aggregates => generated 235 bytes in 218 msecs (HTTP/1.1 404) 5 headers in 202 bytes (1 switches on core 0)
2026-05-20 13:16:01.882 8 INFO placement.requestlog [None req-9fcc9ff5-f7df-4456-9727-cc6c6b0f7078 7df6eb3549984ea580b39980864eb6ba 43d98e279c774d7d98eb839d6bc6b988 - - b9c282f2937c4c4a93bf101cb41848de b9c282f2937c4c4a93bf101cb41848de] 10.0.0.169 "DELETE /resource_providers/a5e01ce6-4fc5-48d7-b35b-27666b65a586" status: 404 len: 246 microversion: 1.1 [pid: 8|app: 0|req: 314/625] 10.0.0.169 () {34 vars in 816 bytes} [Wed May 20 13:16:01 2026] DELETE /resource_providers/a5e01ce6-4fc5-48d7-b35b-27666b65a586 => generated 246 bytes in 15 msecs (HTTP/1.1 404) 6 headers in 231 bytes (1 switches on core 0)
2026-05-20 13:16:01.909 7 INFO placement.requestlog [None req-2d986e96-8961-40a2-9ca3-3e1fee7dab0c 7df6eb3549984ea580b39980864eb6ba 43d98e279c774d7d98eb839d6bc6b988 - - b9c282f2937c4c4a93bf101cb41848de b9c282f2937c4c4a93bf101cb41848de] 10.0.0.169 "GET /resource_providers/a5e01ce6-4fc5-48d7-b35b-27666b65a586/aggregates" status: 404 len: 235 microversion: 1.1 [pid: 7|app: 0|req: 312/626] 10.0.0.169 () {32 vars in 816 bytes} [Wed May 20 13:16:01 2026] GET /resource_providers/a5e01ce6-4fc5-48d7-b35b-27666b65a586/aggregates => generated 235 bytes in 251 msecs (HTTP/1.1 404) 5 headers in 202 bytes (1 switches on core 0)
2026-05-20 13:16:01.925 8 INFO placement.requestlog [None req-d31812f7-8adc-444d-b447-e05075b3a4be 7df6eb3549984ea580b39980864eb6ba 43d98e279c774d7d98eb839d6bc6b988 - - b9c282f2937c4c4a93bf101cb41848de b9c282f2937c4c4a93bf101cb41848de] 10.0.0.169 "DELETE /resource_providers/a5e01ce6-4fc5-48d7-b35b-27666b65a586" status: 404 len: 246 microversion: 1.1 [pid: 8|app: 0|req: 315/627] 10.0.0.169 () {34 vars in 816 bytes} [Wed May 20 13:16:01 2026] DELETE /resource_providers/a5e01ce6-4fc5-48d7-b35b-27666b65a586 => generated 246 bytes in 10 msecs (HTTP/1.1 404) 6 headers in 231 bytes (1 switches on core 0)
2026-05-20 13:16:02.445 7 INFO placement.requestlog [req-13c13465-2890-4e05-a278-1301931616e3 req-1285d441-fdab-4372-9115-955745414d89 afab8a8d678a4f85a0ffba873254767d 43d98e279c774d7d98eb839d6bc6b988 - - b9c282f2937c4c4a93bf101cb41848de b9c282f2937c4c4a93bf101cb41848de] 162.253.55.100 "GET /resource_providers/780b52d0-8d3d-4f99-a34b-a1c8d8957faf/allocations" status: 200 len: 152 microversion: 1.0 [pid: 7|app: 0|req: 313/628] 162.253.55.100 () {32 vars in 857 bytes} [Wed May 20 13:16:02 2026] GET /resource_providers/780b52d0-8d3d-4f99-a34b-a1c8d8957faf/allocations => generated 152 bytes in 26 msecs (HTTP/1.1 200) 6 headers in 224 bytes (1 switches on core 0)
2026-05-20 13:16:02.483 8 INFO placement.requestlog [req-13c13465-2890-4e05-a278-1301931616e3 req-61630931-c8f0-4947-a5df-e3969542b1b5 afab8a8d678a4f85a0ffba873254767d 43d98e279c774d7d98eb839d6bc6b988 - - b9c282f2937c4c4a93bf101cb41848de b9c282f2937c4c4a93bf101cb41848de] 162.253.55.100 "GET /allocations/e5aa9864-081b-4e87-8d38-1fb24e32f4b0" status: 200 len: 257 microversion: 1.28 [pid: 8|app: 0|req: 316/629] 162.253.55.100 () {34 vars in 863 bytes} [Wed May 20 13:16:02 2026] GET /allocations/e5aa9864-081b-4e87-8d38-1fb24e32f4b0 => generated 257 bytes in 32 msecs (HTTP/1.1 200) 8 headers in 296 bytes (1 switches on core 0)
2026-05-20 13:16:02.692 7 INFO placement.requestlog [None req-4a98f300-99c5-4c70-ab41-55237d34072b 7df6eb3549984ea580b39980864eb6ba 43d98e279c774d7d98eb839d6bc6b988 - - b9c282f2937c4c4a93bf101cb41848de b9c282f2937c4c4a93bf101cb41848de] 10.0.0.169 "GET /resource_providers/afc8ec65-1f77-4e1d-9050-ca61f29130f9/aggregates" status: 404 len: 235 microversion: 1.1 [pid: 7|app: 0|req: 314/630] 10.0.0.169 () {32 vars in 816 bytes} [Wed May 20 13:16:02 2026] GET /resource_providers/afc8ec65-1f77-4e1d-9050-ca61f29130f9/aggregates => generated 235 bytes in 11 msecs (HTTP/1.1 404) 5 headers in 202 bytes (1 switches on core 0)
2026-05-20 13:16:02.715 8 INFO placement.requestlog [None req-64f09a8b-8cc4-4bde-947a-1085d0d70b55 7df6eb3549984ea580b39980864eb6ba 43d98e279c774d7d98eb839d6bc6b988 - - b9c282f2937c4c4a93bf101cb41848de b9c282f2937c4c4a93bf101cb41848de] 10.0.0.169 "DELETE /resource_providers/afc8ec65-1f77-4e1d-9050-ca61f29130f9" status: 404 len: 246 microversion: 1.1
2026-05-20 13:16:02.715 7 INFO placement.requestlog [None req-d450453f-e0c7-41fd-a8da-72c00e5085be 7df6eb3549984ea580b39980864eb6ba 43d98e279c774d7d98eb839d6bc6b988 - - b9c282f2937c4c4a93bf101cb41848de b9c282f2937c4c4a93bf101cb41848de] 10.0.0.169 "GET /resource_providers/afc8ec65-1f77-4e1d-9050-ca61f29130f9/aggregates" status: 404 len: 235 microversion: 1.1 [pid: 8|app: 0|req: 317/632] 10.0.0.169 () {34 vars in 816 bytes} [Wed May 20 13:16:02 2026] DELETE /resource_providers/afc8ec65-1f77-4e1d-9050-ca61f29130f9 => generated 246 bytes in 14 msecs (HTTP/1.1 404) 6 headers in 231 bytes (1 switches on core 0) [pid: 7|app: 0|req: 315/632] 10.0.0.169 () {32 vars in 816 bytes} [Wed May 20 13:16:02 2026] GET /resource_providers/afc8ec65-1f77-4e1d-9050-ca61f29130f9/aggregates => generated 235 bytes in 10 msecs (HTTP/1.1 404) 5 headers in 202 bytes (1 switches on core 0)
2026-05-20 13:16:02.735 8 INFO placement.requestlog [None req-5029ffb1-20cf-4b1a-8ee9-1698f8c4dabe 7df6eb3549984ea580b39980864eb6ba 43d98e279c774d7d98eb839d6bc6b988 - - b9c282f2937c4c4a93bf101cb41848de b9c282f2937c4c4a93bf101cb41848de] 10.0.0.169 "DELETE /resource_providers/afc8ec65-1f77-4e1d-9050-ca61f29130f9" status: 404 len: 246 microversion: 1.1 [pid: 8|app: 0|req: 318/633] 10.0.0.169 () {34 vars in 816 bytes} [Wed May 20 13:16:02 2026] DELETE /resource_providers/afc8ec65-1f77-4e1d-9050-ca61f29130f9 => generated 246 bytes in 11 msecs (HTTP/1.1 404) 6 headers in 231 bytes (1 switches on core 0)
2026-05-20 13:16:03.166 8 INFO placement.requestlog [None req-076d1525-1ae8-4e21-8fc8-b2ae38c13494 - - - - - -] 10.0.0.142 "GET /" status: 200 len: 136 microversion: 1.0
2026-05-20 13:16:03.166 7 INFO placement.requestlog [None req-ed08d999-1278-4022-97e9-e4b9c7fea84e - - - - - -] 10.0.0.142 "GET /" status: 200 len: 136 microversion: 1.0
2026-05-20 13:16:03.900 8 INFO placement.requestlog [None req-9b9c25be-696c-4912-824d-c31d16a05391 7df6eb3549984ea580b39980864eb6ba 43d98e279c774d7d98eb839d6bc6b988 - - b9c282f2937c4c4a93bf101cb41848de b9c282f2937c4c4a93bf101cb41848de] 10.0.0.169 "GET /resource_providers/f41979ce-f0ff-45b7-92bd-91526cc2bba7/aggregates" status: 404 len: 235 microversion: 1.1 [pid: 8|app: 0|req: 320/636] 10.0.0.169 () {32 vars in 816 bytes} [Wed May 20 13:16:03 2026] GET /resource_providers/f41979ce-f0ff-45b7-92bd-91526cc2bba7/aggregates => generated 235 bytes in 11 msecs (HTTP/1.1 404) 5 headers in 202 bytes (1 switches on core 0)
2026-05-20 13:16:03.925 7 INFO placement.requestlog [None req-ea4bb8b2-b466-4160-8136-181c93120d2e 7df6eb3549984ea580b39980864eb6ba 43d98e279c774d7d98eb839d6bc6b988 - - b9c282f2937c4c4a93bf101cb41848de b9c282f2937c4c4a93bf101cb41848de] 10.0.0.169 "DELETE /resource_providers/f41979ce-f0ff-45b7-92bd-91526cc2bba7" status: 404 len: 246 microversion: 1.1 [pid: 7|app: 0|req: 317/637] 10.0.0.169 () {34 vars in 816 bytes} [Wed May 20 13:16:03 2026] DELETE /resource_providers/f41979ce-f0ff-45b7-92bd-91526cc2bba7 => generated 246 bytes in 9 msecs (HTTP/1.1 404) 6 headers in 231 bytes (1 switches on core 0)
2026-05-20 13:16:03.942 8 INFO placement.requestlog [None req-bc3caf9d-76df-4cdf-b440-bdb4a426b933 7df6eb3549984ea580b39980864eb6ba 43d98e279c774d7d98eb839d6bc6b988 - - b9c282f2937c4c4a93bf101cb41848de b9c282f2937c4c4a93bf101cb41848de] 10.0.0.169 "GET /resource_providers/f41979ce-f0ff-45b7-92bd-91526cc2bba7/aggregates" status: 404 len: 235 microversion: 1.1 [pid: 8|app: 0|req: 321/638] 10.0.0.169 () {32 vars in 816 bytes} [Wed May 20 13:16:03 2026] GET /resource_providers/f41979ce-f0ff-45b7-92bd-91526cc2bba7/aggregates => generated 235 bytes in 8 msecs (HTTP/1.1 404) 5 headers in 202 bytes (1 switches on core 0)
2026-05-20 13:16:03.960 7 INFO placement.requestlog [None req-7e304dca-c135-4434-9ff6-3210b0db19ed 7df6eb3549984ea580b39980864eb6ba 43d98e279c774d7d98eb839d6bc6b988 - - b9c282f2937c4c4a93bf101cb41848de b9c282f2937c4c4a93bf101cb41848de] 10.0.0.169 "DELETE /resource_providers/f41979ce-f0ff-45b7-92bd-91526cc2bba7" status: 404 len: 246 microversion: 1.1 [pid: 7|app: 0|req: 318/639] 10.0.0.169 () {34 vars in 816 bytes} [Wed May 20 13:16:03 2026] DELETE /resource_providers/f41979ce-f0ff-45b7-92bd-91526cc2bba7 => generated 246 bytes in 10 msecs (HTTP/1.1 404) 6 headers in 231 bytes (1 switches on core 0)
2026-05-20 13:16:09.632 8 INFO placement.requestlog [req-3cb54c4d-74d3-4bdb-a6d2-e091a22a1842 req-7d861b23-9182-4ede-8459-c0b7c1d6b3fc afab8a8d678a4f85a0ffba873254767d 43d98e279c774d7d98eb839d6bc6b988 - - b9c282f2937c4c4a93bf101cb41848de b9c282f2937c4c4a93bf101cb41848de] 10.0.0.41 "GET /allocation_candidates?limit=1000&resources=DISK_GB%3A1%2CMEMORY_MB%3A512%2CVCPU%3A1&root_required=%21COMPUTE_STATUS_DISABLED" status: 200 len: 2783 microversion: 1.36 [pid: 8|app: 0|req: 322/640] 10.0.0.41 () {34 vars in 1011 bytes} [Wed May 20 13:16:09 2026] GET /allocation_candidates?limit=1000&resources=DISK_GB%3A1%2CMEMORY_MB%3A512%2CVCPU%3A1&root_required=%21COMPUTE_STATUS_DISABLED => generated 2783 bytes in 43 msecs (HTTP/1.1 200) 8 headers in 297 bytes (1 switches on core 0)
2026-05-20 13:16:09.671 7 INFO placement.requestlog [req-3cb54c4d-74d3-4bdb-a6d2-e091a22a1842 req-8ffdbc91-b391-4051-8b85-b18a2519aae5 afab8a8d678a4f85a0ffba873254767d 43d98e279c774d7d98eb839d6bc6b988 - - b9c282f2937c4c4a93bf101cb41848de b9c282f2937c4c4a93bf101cb41848de] 10.0.0.41 "GET /allocations/d7c62bdf-5e57-494f-9736-63f57d6e6cb7" status: 200 len: 19 microversion: 1.28 [pid: 7|app: 0|req: 319/641] 10.0.0.41 () {34 vars in 860 bytes} [Wed May 20 13:16:09 2026] GET /allocations/d7c62bdf-5e57-494f-9736-63f57d6e6cb7 => generated 19 bytes in 10 msecs (HTTP/1.1 200) 8 headers in 295 bytes (1 switches on core 0)
2026-05-20 13:16:09.748 8 INFO placement.requestlog [req-3cb54c4d-74d3-4bdb-a6d2-e091a22a1842 req-85f8a236-55c9-4119-8dc3-b5937f87e61c afab8a8d678a4f85a0ffba873254767d 43d98e279c774d7d98eb839d6bc6b988 - - b9c282f2937c4c4a93bf101cb41848de b9c282f2937c4c4a93bf101cb41848de] 10.0.0.41 "PUT /allocations/d7c62bdf-5e57-494f-9736-63f57d6e6cb7" status: 204 len: 0 microversion: 1.36 [pid: 8|app: 0|req: 323/642] 10.0.0.41 () {38 vars in 913 bytes} [Wed May 20 13:16:09 2026] PUT /allocations/d7c62bdf-5e57-494f-9736-63f57d6e6cb7 => generated 0 bytes in 71 msecs (HTTP/1.1 204) 5 headers in 199 bytes (1 switches on core 0)
2026-05-20 13:16:10.202 7 INFO placement.requestlog [req-4bd1b58e-7c19-4dbf-957d-e515e41a5432 req-34a11917-5453-4e3f-aa3f-4c2870657d3e afab8a8d678a4f85a0ffba873254767d 43d98e279c774d7d98eb839d6bc6b988 - - b9c282f2937c4c4a93bf101cb41848de b9c282f2937c4c4a93bf101cb41848de] 10.0.0.41 "GET /allocation_candidates?limit=1000&resources=DISK_GB%3A1%2CMEMORY_MB%3A512%2CVCPU%3A1&root_required=%21COMPUTE_STATUS_DISABLED" status: 200 len: 2784 microversion: 1.36 [pid: 7|app: 0|req: 320/643] 10.0.0.41 () {34 vars in 1011 bytes} [Wed May 20 13:16:10 2026] GET /allocation_candidates?limit=1000&resources=DISK_GB%3A1%2CMEMORY_MB%3A512%2CVCPU%3A1&root_required=%21COMPUTE_STATUS_DISABLED => generated 2784 bytes in 66 msecs (HTTP/1.1 200) 8 headers in 297 bytes (1 switches on core 0)
2026-05-20 13:16:10.232 8 INFO placement.requestlog [req-4bd1b58e-7c19-4dbf-957d-e515e41a5432 req-77e4a32b-8b94-4833-9a42-e1d7a58b2cff afab8a8d678a4f85a0ffba873254767d 43d98e279c774d7d98eb839d6bc6b988 - - b9c282f2937c4c4a93bf101cb41848de b9c282f2937c4c4a93bf101cb41848de] 10.0.0.41 "GET /allocations/097317cc-0f95-46ac-b3e9-522da38b3f40" status: 200 len: 19 microversion: 1.28 [pid: 8|app: 0|req: 324/644] 10.0.0.41 () {34 vars in 860 bytes} [Wed May 20 13:16:10 2026] GET /allocations/097317cc-0f95-46ac-b3e9-522da38b3f40 => generated 19 bytes in 11 msecs (HTTP/1.1 200) 8 headers in 295 bytes (1 switches on core 0)
2026-05-20 13:16:10.454 7 INFO placement.requestlog [req-4bd1b58e-7c19-4dbf-957d-e515e41a5432 req-f4a2d701-97a8-42bf-93cc-a08a0dd4ca16 afab8a8d678a4f85a0ffba873254767d 43d98e279c774d7d98eb839d6bc6b988 - - b9c282f2937c4c4a93bf101cb41848de b9c282f2937c4c4a93bf101cb41848de] 10.0.0.41 "PUT /allocations/097317cc-0f95-46ac-b3e9-522da38b3f40" status: 204 len: 0 microversion: 1.36 [pid: 7|app: 0|req: 321/645] 10.0.0.41 () {38 vars in 913 bytes} [Wed May 20 13:16:10 2026] PUT /allocations/097317cc-0f95-46ac-b3e9-522da38b3f40 => generated 0 bytes in 215 msecs (HTTP/1.1 204) 5 headers in 199 bytes (1 switches on core 0)
2026-05-20 13:16:11.376 8 INFO placement.requestlog [req-3cb54c4d-74d3-4bdb-a6d2-e091a22a1842 req-e0b6a861-082c-4687-b734-d13e2874e4f3 afab8a8d678a4f85a0ffba873254767d 43d98e279c774d7d98eb839d6bc6b988 - - b9c282f2937c4c4a93bf101cb41848de b9c282f2937c4c4a93bf101cb41848de] 162.253.55.100 "GET /allocations/d7c62bdf-5e57-494f-9736-63f57d6e6cb7" status: 200 len: 257 microversion: 1.28 [pid: 8|app: 0|req: 325/646] 162.253.55.100 () {34 vars in 863 bytes} [Wed May 20 13:16:11 2026] GET /allocations/d7c62bdf-5e57-494f-9736-63f57d6e6cb7 => generated 257 bytes in 18 msecs (HTTP/1.1 200) 8 headers in 296 bytes (1 switches on core 0)
2026-05-20 13:16:11.924 7 INFO placement.requestlog [req-4bd1b58e-7c19-4dbf-957d-e515e41a5432 req-0754566c-f9cb-400b-a0c3-fe4beb0a85d7 afab8a8d678a4f85a0ffba873254767d 43d98e279c774d7d98eb839d6bc6b988 - - b9c282f2937c4c4a93bf101cb41848de b9c282f2937c4c4a93bf101cb41848de] 162.253.55.100 "GET /allocations/097317cc-0f95-46ac-b3e9-522da38b3f40" status: 200 len: 257 microversion: 1.28 [pid: 7|app: 0|req: 322/647] 162.253.55.100 () {34 vars in 863 bytes} [Wed May 20 13:16:11 2026] GET /allocations/097317cc-0f95-46ac-b3e9-522da38b3f40 => generated 257 bytes in 22 msecs (HTTP/1.1 200) 8 headers in 296 bytes (1 switches on core 0)
2026-05-20 13:16:12.456 8 INFO placement.requestlog [req-3cb54c4d-74d3-4bdb-a6d2-e091a22a1842 req-33b97865-509d-43a2-a902-30553deba822 afab8a8d678a4f85a0ffba873254767d 43d98e279c774d7d98eb839d6bc6b988 - - b9c282f2937c4c4a93bf101cb41848de b9c282f2937c4c4a93bf101cb41848de] 162.253.55.100 "GET /resource_providers/780b52d0-8d3d-4f99-a34b-a1c8d8957faf/allocations" status: 200 len: 352 microversion: 1.0 [pid: 8|app: 0|req: 326/648] 162.253.55.100 () {32 vars in 857 bytes} [Wed May 20 13:16:12 2026] GET /resource_providers/780b52d0-8d3d-4f99-a34b-a1c8d8957faf/allocations => generated 352 bytes in 33 msecs (HTTP/1.1 200) 6 headers in 224 bytes (1 switches on core 0)
2026-05-20 13:16:12.482 7 INFO placement.requestlog [req-3cb54c4d-74d3-4bdb-a6d2-e091a22a1842 req-814e340a-e5b5-4660-b02b-4b2984d72d69 afab8a8d678a4f85a0ffba873254767d 43d98e279c774d7d98eb839d6bc6b988 - - b9c282f2937c4c4a93bf101cb41848de b9c282f2937c4c4a93bf101cb41848de] 162.253.55.100 "GET /allocations/d7c62bdf-5e57-494f-9736-63f57d6e6cb7" status: 200 len: 257 microversion: 1.28 [pid: 7|app: 0|req: 323/649] 162.253.55.100 () {34 vars in 863 bytes} [Wed May 20 13:16:12 2026] GET /allocations/d7c62bdf-5e57-494f-9736-63f57d6e6cb7 => generated 257 bytes in 16 msecs (HTTP/1.1 200) 8 headers in 296 bytes (1 switches on core 0)
2026-05-20 13:16:12.505 8 INFO placement.requestlog [req-3cb54c4d-74d3-4bdb-a6d2-e091a22a1842 req-9f5704c6-73bc-43dc-9cc7-cb767d680ca5 afab8a8d678a4f85a0ffba873254767d 43d98e279c774d7d98eb839d6bc6b988 - - b9c282f2937c4c4a93bf101cb41848de b9c282f2937c4c4a93bf101cb41848de] 162.253.55.100 "GET /allocations/e5aa9864-081b-4e87-8d38-1fb24e32f4b0" status: 200 len: 257 microversion: 1.28 [pid: 8|app: 0|req: 327/650] 162.253.55.100 () {34 vars in 863 bytes} [Wed May 20 13:16:12 2026] GET /allocations/e5aa9864-081b-4e87-8d38-1fb24e32f4b0 => generated 257 bytes in 17 msecs (HTTP/1.1 200) 8 headers in 296 bytes (1 switches on core 0)
2026-05-20 13:16:12.529 7 INFO placement.requestlog [req-3cb54c4d-74d3-4bdb-a6d2-e091a22a1842 req-7ace8b47-cde6-4bb1-accc-56b20fb6f19e afab8a8d678a4f85a0ffba873254767d 43d98e279c774d7d98eb839d6bc6b988 - - b9c282f2937c4c4a93bf101cb41848de b9c282f2937c4c4a93bf101cb41848de] 162.253.55.100 "GET /allocations/097317cc-0f95-46ac-b3e9-522da38b3f40" status: 200 len: 257 microversion: 1.28 [pid: 7|app: 0|req: 324/651] 162.253.55.100 () {34 vars in 863 bytes} [Wed May 20 13:16:12 2026] GET /allocations/097317cc-0f95-46ac-b3e9-522da38b3f40 => generated 257 bytes in 19 msecs (HTTP/1.1 200) 8 headers in 296 bytes (1 switches on core 0)
2026-05-20 13:16:13.166 7 INFO placement.requestlog [None req-ae7cf49b-01f0-4747-99ce-e636748efc4a - - - - - -] 10.0.0.142 "GET /" status: 200 len: 136 microversion: 1.0
2026-05-20 13:16:13.167 8 INFO placement.requestlog [None req-a99a8c3b-2060-4f60-9bdd-f925aeadffb0 - - - - - -] 10.0.0.142 "GET /" status: 200 len: 136 microversion: 1.0
2026-05-20 13:16:14.604 7 INFO placement.requestlog [req-4bd1b58e-7c19-4dbf-957d-e515e41a5432 req-57c39bbc-34f4-4384-995a-7757f5ad2468 afab8a8d678a4f85a0ffba873254767d 43d98e279c774d7d98eb839d6bc6b988 - - b9c282f2937c4c4a93bf101cb41848de b9c282f2937c4c4a93bf101cb41848de] 162.253.55.100 "GET /resource_providers/780b52d0-8d3d-4f99-a34b-a1c8d8957faf/allocations" status: 200 len: 352 microversion: 1.0 [pid: 7|app: 0|req: 326/654] 162.253.55.100 () {32 vars in 857 bytes} [Wed May 20 13:16:14 2026] GET /resource_providers/780b52d0-8d3d-4f99-a34b-a1c8d8957faf/allocations => generated 352 bytes in 20 msecs (HTTP/1.1 200) 6 headers in 224 bytes (1 switches on core 0)
2026-05-20 13:16:14.627 8 INFO placement.requestlog [req-4bd1b58e-7c19-4dbf-957d-e515e41a5432 req-3ea683a5-e59b-430e-abb1-707e1a4571cf afab8a8d678a4f85a0ffba873254767d 43d98e279c774d7d98eb839d6bc6b988 - - b9c282f2937c4c4a93bf101cb41848de b9c282f2937c4c4a93bf101cb41848de] 162.253.55.100 "GET /allocations/d7c62bdf-5e57-494f-9736-63f57d6e6cb7" status: 200 len: 257 microversion: 1.28 [pid: 8|app: 0|req: 329/655] 162.253.55.100 () {34 vars in 863 bytes} [Wed May 20 13:16:14 2026] GET /allocations/d7c62bdf-5e57-494f-9736-63f57d6e6cb7 => generated 257 bytes in 18 msecs (HTTP/1.1 200) 8 headers in 296 bytes (1 switches on core 0)
2026-05-20 13:16:14.644 7 INFO placement.requestlog [req-4bd1b58e-7c19-4dbf-957d-e515e41a5432 req-001329e1-2cff-4153-80a3-d53f918f9ab3 afab8a8d678a4f85a0ffba873254767d 43d98e279c774d7d98eb839d6bc6b988 - - b9c282f2937c4c4a93bf101cb41848de b9c282f2937c4c4a93bf101cb41848de] 162.253.55.100 "GET /allocations/e5aa9864-081b-4e87-8d38-1fb24e32f4b0" status: 200 len: 257 microversion: 1.28 [pid: 7|app: 0|req: 327/656] 162.253.55.100 () {34 vars in 863 bytes} [Wed May 20 13:16:14 2026] GET /allocations/e5aa9864-081b-4e87-8d38-1fb24e32f4b0 => generated 257 bytes in 12 msecs (HTTP/1.1 200) 8 headers in 296 bytes (1 switches on core 0)
2026-05-20 13:16:14.670 8 INFO placement.requestlog [req-4bd1b58e-7c19-4dbf-957d-e515e41a5432 req-c76cf9d2-88c7-496f-972d-1fd1eb858dce afab8a8d678a4f85a0ffba873254767d 43d98e279c774d7d98eb839d6bc6b988 - - b9c282f2937c4c4a93bf101cb41848de b9c282f2937c4c4a93bf101cb41848de] 162.253.55.100 "GET /allocations/097317cc-0f95-46ac-b3e9-522da38b3f40" status: 200 len: 257 microversion: 1.28 [pid: 8|app: 0|req: 330/657] 162.253.55.100 () {34 vars in 863 bytes} [Wed May 20 13:16:14 2026] GET /allocations/097317cc-0f95-46ac-b3e9-522da38b3f40 => generated 257 bytes in 18 msecs (HTTP/1.1 200) 8 headers in 296 bytes (1 switches on core 0)
2026-05-20 13:16:21.574 8 INFO placement.requestlog [None req-c8a82153-78c2-4a79-9023-bfd87c4343f8 7df6eb3549984ea580b39980864eb6ba 43d98e279c774d7d98eb839d6bc6b988 - - b9c282f2937c4c4a93bf101cb41848de b9c282f2937c4c4a93bf101cb41848de] 10.0.0.169 "GET /resource_providers/18f99f22-d625-4da6-b19f-d82093dde143/aggregates" status: 404 len: 235 microversion: 1.1 [pid: 8|app: 0|req: 331/658] 10.0.0.169 () {32 vars in 816 bytes} [Wed May 20 13:16:21 2026] GET /resource_providers/18f99f22-d625-4da6-b19f-d82093dde143/aggregates => generated 235 bytes in 11 msecs (HTTP/1.1 404) 5 headers in 202 bytes (1 switches on core 0)
2026-05-20 13:16:21.578 7 INFO placement.requestlog [None req-687a6343-daaf-44d9-80d4-59e58dbff83d 7df6eb3549984ea580b39980864eb6ba 43d98e279c774d7d98eb839d6bc6b988 - - b9c282f2937c4c4a93bf101cb41848de b9c282f2937c4c4a93bf101cb41848de] 10.0.0.169 "GET /resource_providers/18f99f22-d625-4da6-b19f-d82093dde143/aggregates" status: 404 len: 235 microversion: 1.1 [pid: 7|app: 0|req: 328/659] 10.0.0.169 () {32 vars in 816 bytes} [Wed May 20 13:16:21 2026] GET /resource_providers/18f99f22-d625-4da6-b19f-d82093dde143/aggregates => generated 235 bytes in 15 msecs (HTTP/1.1 404) 5 headers in 202 bytes (1 switches on core 0)
2026-05-20 13:16:21.603 8 INFO placement.requestlog [None req-90c7f3be-4865-4684-8edf-51acfdc8625a 7df6eb3549984ea580b39980864eb6ba 43d98e279c774d7d98eb839d6bc6b988 - - b9c282f2937c4c4a93bf101cb41848de b9c282f2937c4c4a93bf101cb41848de] 10.0.0.169 "DELETE /resource_providers/18f99f22-d625-4da6-b19f-d82093dde143" status: 404 len: 246 microversion: 1.1 [pid: 8|app: 0|req: 332/660] 10.0.0.169 () {34 vars in 816 bytes} [Wed May 20 13:16:21 2026] DELETE /resource_providers/18f99f22-d625-4da6-b19f-d82093dde143 => generated 246 bytes in 16 msecs (HTTP/1.1 404) 6 headers in 231 bytes (1 switches on core 0)
2026-05-20 13:16:21.615 7 INFO placement.requestlog [None req-91056137-80d4-41c6-bc9b-6349ba9e1240 7df6eb3549984ea580b39980864eb6ba 43d98e279c774d7d98eb839d6bc6b988 - - b9c282f2937c4c4a93bf101cb41848de b9c282f2937c4c4a93bf101cb41848de] 10.0.0.169 "DELETE /resource_providers/18f99f22-d625-4da6-b19f-d82093dde143" status: 404 len: 246 microversion: 1.1 [pid: 7|app: 0|req: 329/661] 10.0.0.169 () {34 vars in 816 bytes} [Wed May 20 13:16:21 2026] DELETE /resource_providers/18f99f22-d625-4da6-b19f-d82093dde143 => generated 246 bytes in 18 msecs (HTTP/1.1 404) 6 headers in 231 bytes (1 switches on core 0)
2026-05-20 13:16:23.164 7 INFO placement.requestlog [None req-4e9c106f-6c1d-489f-abaa-9403b54caae6 - - - - - -] 10.0.0.142 "GET /" status: 200 len: 136 microversion: 1.0
2026-05-20 13:16:23.165 8 INFO placement.requestlog [None req-a2aee9b5-8dfe-4c03-a768-6df8c3aa84fc - - - - - -] 10.0.0.142 "GET /" status: 200 len: 136 microversion: 1.0
2026-05-20 13:16:23.624 7 INFO placement.requestlog [None req-5d5753ba-e2e6-4e05-aac1-0ea3832fbcc1 7df6eb3549984ea580b39980864eb6ba 43d98e279c774d7d98eb839d6bc6b988 - - b9c282f2937c4c4a93bf101cb41848de b9c282f2937c4c4a93bf101cb41848de] 10.0.0.169 "GET /resource_providers/0a2e9809-6120-40ac-ab8b-ed0f1017ba6a/aggregates" status: 404 len: 235 microversion: 1.1 [pid: 7|app: 0|req: 331/664] 10.0.0.169 () {32 vars in 816 bytes} [Wed May 20 13:16:23 2026] GET /resource_providers/0a2e9809-6120-40ac-ab8b-ed0f1017ba6a/aggregates => generated 235 bytes in 13 msecs (HTTP/1.1 404) 5 headers in 202 bytes (1 switches on core 0)
2026-05-20 13:16:23.641 8 INFO placement.requestlog [None req-8ef669ff-cb4c-4b29-9a5a-b697ce7e7ea8 7df6eb3549984ea580b39980864eb6ba 43d98e279c774d7d98eb839d6bc6b988 - - b9c282f2937c4c4a93bf101cb41848de b9c282f2937c4c4a93bf101cb41848de] 10.0.0.169 "DELETE /resource_providers/0a2e9809-6120-40ac-ab8b-ed0f1017ba6a" status: 404 len: 246 microversion: 1.1 [pid: 8|app: 0|req: 334/665] 10.0.0.169 () {34 vars in 816 bytes} [Wed May 20 13:16:23 2026] DELETE /resource_providers/0a2e9809-6120-40ac-ab8b-ed0f1017ba6a => generated 246 bytes in 8 msecs (HTTP/1.1 404) 6 headers in 231 bytes (1 switches on core 0)
2026-05-20 13:16:23.646 7 INFO placement.requestlog [None req-11c76936-99ce-4653-b7fe-1fed5cc99fdd 7df6eb3549984ea580b39980864eb6ba 43d98e279c774d7d98eb839d6bc6b988 - - b9c282f2937c4c4a93bf101cb41848de b9c282f2937c4c4a93bf101cb41848de] 10.0.0.169 "GET /resource_providers/0a2e9809-6120-40ac-ab8b-ed0f1017ba6a/aggregates" status: 404 len: 235 microversion: 1.1 [pid: 7|app: 0|req: 332/666] 10.0.0.169 () {32 vars in 816 bytes} [Wed May 20 13:16:23 2026] GET /resource_providers/0a2e9809-6120-40ac-ab8b-ed0f1017ba6a/aggregates => generated 235 bytes in 9 msecs (HTTP/1.1 404) 5 headers in 202 bytes (1 switches on core 0)
2026-05-20 13:16:23.666 8 INFO placement.requestlog [None req-32334ece-402c-4081-a75e-bf324539a23e 7df6eb3549984ea580b39980864eb6ba 43d98e279c774d7d98eb839d6bc6b988 - - b9c282f2937c4c4a93bf101cb41848de b9c282f2937c4c4a93bf101cb41848de] 10.0.0.169 "DELETE /resource_providers/0a2e9809-6120-40ac-ab8b-ed0f1017ba6a" status: 404 len: 246 microversion: 1.1 [pid: 8|app: 0|req: 335/667] 10.0.0.169 () {34 vars in 816 bytes} [Wed May 20 13:16:23 2026] DELETE /resource_providers/0a2e9809-6120-40ac-ab8b-ed0f1017ba6a => generated 246 bytes in 10 msecs (HTTP/1.1 404) 6 headers in 231 bytes (1 switches on core 0)
2026-05-20 13:16:24.366 7 INFO placement.requestlog [req-738c4c9e-8c09-44f0-852a-644007e01136 req-c10709d8-79fc-4066-860a-3d586e0536df afab8a8d678a4f85a0ffba873254767d 43d98e279c774d7d98eb839d6bc6b988 - - b9c282f2937c4c4a93bf101cb41848de b9c282f2937c4c4a93bf101cb41848de] 162.253.55.100 "GET /resource_providers/780b52d0-8d3d-4f99-a34b-a1c8d8957faf/allocations" status: 200 len: 352 microversion: 1.0 [pid: 7|app: 0|req: 333/668] 162.253.55.100 () {32 vars in 857 bytes} [Wed May 20 13:16:24 2026] GET /resource_providers/780b52d0-8d3d-4f99-a34b-a1c8d8957faf/allocations => generated 352 bytes in 35 msecs (HTTP/1.1 200) 6 headers in 224 bytes (1 switches on core 0)
2026-05-20 13:16:24.384 8 INFO placement.requestlog [req-738c4c9e-8c09-44f0-852a-644007e01136 req-1733326e-84d9-426b-9433-252b963e5eb6 afab8a8d678a4f85a0ffba873254767d 43d98e279c774d7d98eb839d6bc6b988 - - b9c282f2937c4c4a93bf101cb41848de b9c282f2937c4c4a93bf101cb41848de] 162.253.55.100 "GET /allocations/d7c62bdf-5e57-494f-9736-63f57d6e6cb7" status: 200 len: 257 microversion: 1.28 [pid: 8|app: 0|req: 336/669] 162.253.55.100 () {34 vars in 863 bytes} [Wed May 20 13:16:24 2026] GET /allocations/d7c62bdf-5e57-494f-9736-63f57d6e6cb7 => generated 257 bytes in 10 msecs (HTTP/1.1 200) 8 headers in 296 bytes (1 switches on core 0)
2026-05-20 13:16:24.403 7 INFO placement.requestlog [req-738c4c9e-8c09-44f0-852a-644007e01136 req-0ae9c218-cd70-4768-adec-d41d5d8d130a afab8a8d678a4f85a0ffba873254767d 43d98e279c774d7d98eb839d6bc6b988 - - b9c282f2937c4c4a93bf101cb41848de b9c282f2937c4c4a93bf101cb41848de] 162.253.55.100 "GET /allocations/e5aa9864-081b-4e87-8d38-1fb24e32f4b0" status: 200 len: 257 microversion: 1.28 [pid: 7|app: 0|req: 334/670] 162.253.55.100 () {34 vars in 863 bytes} [Wed May 20 13:16:24 2026] GET /allocations/e5aa9864-081b-4e87-8d38-1fb24e32f4b0 => generated 257 bytes in 12 msecs (HTTP/1.1 200) 8 headers in 296 bytes (1 switches on core 0)
2026-05-20 13:16:24.436 8 INFO placement.requestlog [req-738c4c9e-8c09-44f0-852a-644007e01136 req-3bcbd053-530e-4f6d-bb63-78305a20ed3c afab8a8d678a4f85a0ffba873254767d 43d98e279c774d7d98eb839d6bc6b988 - - b9c282f2937c4c4a93bf101cb41848de b9c282f2937c4c4a93bf101cb41848de] 162.253.55.100 "GET /allocations/097317cc-0f95-46ac-b3e9-522da38b3f40" status: 200 len: 257 microversion: 1.28 [pid: 8|app: 0|req: 337/671] 162.253.55.100 () {34 vars in 863 bytes} [Wed May 20 13:16:24 2026] GET /allocations/097317cc-0f95-46ac-b3e9-522da38b3f40 => generated 257 bytes in 26 msecs (HTTP/1.1 200) 8 headers in 296 bytes (1 switches on core 0)
2026-05-20 13:16:25.518 7 INFO placement.requestlog [req-738c4c9e-8c09-44f0-852a-644007e01136 req-ce64e775-a88c-45de-9977-e677e7b63ef6 afab8a8d678a4f85a0ffba873254767d 43d98e279c774d7d98eb839d6bc6b988 - - b9c282f2937c4c4a93bf101cb41848de b9c282f2937c4c4a93bf101cb41848de] 162.253.55.100 "DELETE /allocations/e5aa9864-081b-4e87-8d38-1fb24e32f4b0" status: 204 len: 0 microversion: 1.0 [pid: 7|app: 0|req: 335/672] 162.253.55.100 () {34 vars in 841 bytes} [Wed May 20 13:16:25 2026] DELETE /allocations/e5aa9864-081b-4e87-8d38-1fb24e32f4b0 => generated 0 bytes in 41 msecs (HTTP/1.1 204) 5 headers in 198 bytes (1 switches on core 0)
2026-05-20 13:16:25.739 7 INFO placement.requestlog [None req-13f43356-2c18-43d2-90d6-4f8d602b1024 7df6eb3549984ea580b39980864eb6ba 43d98e279c774d7d98eb839d6bc6b988 - - b9c282f2937c4c4a93bf101cb41848de b9c282f2937c4c4a93bf101cb41848de] 10.0.0.169 "GET /resource_providers/c6c5974e-0205-4e62-88c1-287e9d1398fd/aggregates" status: 404 len: 235 microversion: 1.1 [pid: 7|app: 0|req: 336/673] 10.0.0.169 () {32 vars in 816 bytes} [Wed May 20 13:16:25 2026] GET /resource_providers/c6c5974e-0205-4e62-88c1-287e9d1398fd/aggregates => generated 235 bytes in 11 msecs (HTTP/1.1 404) 5 headers in 202 bytes (1 switches on core 0)
2026-05-20 13:16:25.745 8 INFO placement.requestlog [None req-c57bd193-86b9-44f9-a39c-27c23ad2d937 7df6eb3549984ea580b39980864eb6ba 43d98e279c774d7d98eb839d6bc6b988 - - b9c282f2937c4c4a93bf101cb41848de b9c282f2937c4c4a93bf101cb41848de] 10.0.0.169 "GET /resource_providers/c6c5974e-0205-4e62-88c1-287e9d1398fd/aggregates" status: 404 len: 235 microversion: 1.1 [pid: 8|app: 0|req: 338/674] 10.0.0.169 () {32 vars in 816 bytes} [Wed May 20 13:16:25 2026] GET /resource_providers/c6c5974e-0205-4e62-88c1-287e9d1398fd/aggregates => generated 235 bytes in 17 msecs (HTTP/1.1 404) 5 headers in 202 bytes (1 switches on core 0)
2026-05-20 13:16:25.765 8 INFO placement.requestlog [None req-a44fbced-ce99-43ae-b825-2743dfdc00a1 7df6eb3549984ea580b39980864eb6ba 43d98e279c774d7d98eb839d6bc6b988 - - b9c282f2937c4c4a93bf101cb41848de b9c282f2937c4c4a93bf101cb41848de] 10.0.0.169 "DELETE /resource_providers/c6c5974e-0205-4e62-88c1-287e9d1398fd" status: 404 len: 246 microversion: 1.1
2026-05-20 13:16:25.766 7 INFO placement.requestlog [None req-72d7909c-2833-4f0b-b411-977e76f0e98a 7df6eb3549984ea580b39980864eb6ba 43d98e279c774d7d98eb839d6bc6b988 - - b9c282f2937c4c4a93bf101cb41848de b9c282f2937c4c4a93bf101cb41848de] 10.0.0.169 "DELETE /resource_providers/c6c5974e-0205-4e62-88c1-287e9d1398fd" status: 404 len: 246 microversion: 1.1 [pid: 8|app: 0|req: 339/675] 10.0.0.169 () {34 vars in 816 bytes} [Wed May 20 13:16:25 2026] DELETE /resource_providers/c6c5974e-0205-4e62-88c1-287e9d1398fd => generated 246 bytes in 10 msecs (HTTP/1.1 404) 6 headers in 231 bytes (1 switches on core 0) [pid: 7|app: 0|req: 337/676] 10.0.0.169 () {34 vars in 816 bytes} [Wed May 20 13:16:25 2026] DELETE /resource_providers/c6c5974e-0205-4e62-88c1-287e9d1398fd => generated 246 bytes in 11 msecs (HTTP/1.1 404) 6 headers in 231 bytes (1 switches on core 0)
2026-05-20 13:16:27.789 8 INFO placement.requestlog [None req-2d3daf13-ecda-43e8-b046-373b409aa955 7df6eb3549984ea580b39980864eb6ba 43d98e279c774d7d98eb839d6bc6b988 - - b9c282f2937c4c4a93bf101cb41848de b9c282f2937c4c4a93bf101cb41848de] 10.0.0.169 "GET /resource_providers/b29c6d7e-48e8-4aaa-a725-e0c040de7d34/aggregates" status: 404 len: 235 microversion: 1.1 [pid: 8|app: 0|req: 340/677] 10.0.0.169 () {32 vars in 816 bytes} [Wed May 20 13:16:27 2026] GET /resource_providers/b29c6d7e-48e8-4aaa-a725-e0c040de7d34/aggregates => generated 235 bytes in 10 msecs (HTTP/1.1 404) 5 headers in 202 bytes (1 switches on core 0)
2026-05-20 13:16:27.804 8 INFO placement.requestlog [None req-b9328e72-8fdb-4a5f-b16c-01786a61ea2f 7df6eb3549984ea580b39980864eb6ba 43d98e279c774d7d98eb839d6bc6b988 - - b9c282f2937c4c4a93bf101cb41848de b9c282f2937c4c4a93bf101cb41848de] 10.0.0.169 "DELETE /resource_providers/b29c6d7e-48e8-4aaa-a725-e0c040de7d34" status: 404 len: 246 microversion: 1.1
2026-05-20 13:16:27.804 7 INFO placement.requestlog [None req-661468d1-f702-4816-9e26-5a884750944a 7df6eb3549984ea580b39980864eb6ba 43d98e279c774d7d98eb839d6bc6b988 - - b9c282f2937c4c4a93bf101cb41848de b9c282f2937c4c4a93bf101cb41848de] 10.0.0.169 "GET /resource_providers/b29c6d7e-48e8-4aaa-a725-e0c040de7d34/aggregates" status: 404 len: 235 microversion: 1.1 [pid: 8|app: 0|req: 341/678] 10.0.0.169 () {34 vars in 816 bytes} [Wed May 20 13:16:27 2026] DELETE /resource_providers/b29c6d7e-48e8-4aaa-a725-e0c040de7d34 => generated 246 bytes in 7 msecs (HTTP/1.1 404) 6 headers in 231 bytes (1 switches on core 0) [pid: 7|app: 0|req: 338/679] 10.0.0.169 () {32 vars in 816 bytes} [Wed May 20 13:16:27 2026] GET /resource_providers/b29c6d7e-48e8-4aaa-a725-e0c040de7d34/aggregates => generated 235 bytes in 20 msecs (HTTP/1.1 404) 5 headers in 202 bytes (1 switches on core 0)
2026-05-20 13:16:27.823 8 INFO placement.requestlog [None req-585a1148-4a22-48f4-8f5f-0fa803cbce18 7df6eb3549984ea580b39980864eb6ba 43d98e279c774d7d98eb839d6bc6b988 - - b9c282f2937c4c4a93bf101cb41848de b9c282f2937c4c4a93bf101cb41848de] 10.0.0.169 "GET /resource_providers/916d6911-ece5-487f-a645-632c1b37f26c/aggregates" status: 404 len: 235 microversion: 1.1 [pid: 8|app: 0|req: 342/680] 10.0.0.169 () {32 vars in 816 bytes} [Wed May 20 13:16:27 2026] GET /resource_providers/916d6911-ece5-487f-a645-632c1b37f26c/aggregates => generated 235 bytes in 12 msecs (HTTP/1.1 404) 5 headers in 202 bytes (1 switches on core 0)
2026-05-20 13:16:27.828 7 INFO placement.requestlog [None req-b041be05-af03-4e79-a557-7d32faa6c01b 7df6eb3549984ea580b39980864eb6ba 43d98e279c774d7d98eb839d6bc6b988 - - b9c282f2937c4c4a93bf101cb41848de b9c282f2937c4c4a93bf101cb41848de] 10.0.0.169 "DELETE /resource_providers/b29c6d7e-48e8-4aaa-a725-e0c040de7d34" status: 404 len: 246 microversion: 1.1 [pid: 7|app: 0|req: 339/681] 10.0.0.169 () {34 vars in 816 bytes} [Wed May 20 13:16:27 2026] DELETE /resource_providers/b29c6d7e-48e8-4aaa-a725-e0c040de7d34 => generated 246 bytes in 11 msecs (HTTP/1.1 404) 6 headers in 231 bytes (1 switches on core 0)
