2026-08-11 09:23:28.067 8 INFO placement.requestlog [req-1dce95e6-5d9c-43ea-a869-b91573f49343 req-7ae21fb2-761c-4864-a4dd-8633396a5f78 65adfe2bf8964b18b82952a876a2b1ab 325156447a0040458d84deebf3dd2953 - - 56f323a5b85d4dd1ba0cfa0619ef0951 56f323a5b85d4dd1ba0cfa0619ef0951] 199.19.213.75 "GET /resource_providers/028620ad-3834-4336-b0e6-efd446db2998/allocations" status: 200 len: 54 microversion: 1.0 [pid: 8|app: 0|req: 291/580] 199.19.213.75 () {32 vars in 856 bytes} [Tue Aug 11 09:23:27 2026] GET /resource_providers/028620ad-3834-4336-b0e6-efd446db2998/allocations => generated 54 bytes in 120 msecs (HTTP/1.1 200) 6 headers in 223 bytes (1 switches on core 0)
2026-08-11 09:23:28.091 7 INFO placement.requestlog [req-1dce95e6-5d9c-43ea-a869-b91573f49343 req-7d909a1b-2f09-4a56-99b2-a73ef714f08a 65adfe2bf8964b18b82952a876a2b1ab 325156447a0040458d84deebf3dd2953 - - 56f323a5b85d4dd1ba0cfa0619ef0951 56f323a5b85d4dd1ba0cfa0619ef0951] 199.19.213.75 "GET /resource_providers?in_tree=028620ad-3834-4336-b0e6-efd446db2998" status: 200 len: 797 microversion: 1.14 [pid: 7|app: 0|req: 290/581] 199.19.213.75 () {34 vars in 891 bytes} [Tue Aug 11 09:23:28 2026] GET /resource_providers?in_tree=028620ad-3834-4336-b0e6-efd446db2998 => generated 797 bytes in 18 msecs (HTTP/1.1 200) 6 headers in 225 bytes (1 switches on core 0)
2026-08-11 09:23:28.109 8 INFO placement.requestlog [req-1dce95e6-5d9c-43ea-a869-b91573f49343 req-08b1a535-61ee-47eb-9db5-d26fcb824521 65adfe2bf8964b18b82952a876a2b1ab 325156447a0040458d84deebf3dd2953 - - 56f323a5b85d4dd1ba0cfa0619ef0951 56f323a5b85d4dd1ba0cfa0619ef0951] 199.19.213.75 "GET /resource_providers/028620ad-3834-4336-b0e6-efd446db2998/inventories" status: 200 len: 400 microversion: 1.0 [pid: 8|app: 0|req: 292/582] 199.19.213.75 () {32 vars in 856 bytes} [Tue Aug 11 09:23:28 2026] GET /resource_providers/028620ad-3834-4336-b0e6-efd446db2998/inventories => generated 400 bytes in 14 msecs (HTTP/1.1 200) 6 headers in 224 bytes (1 switches on core 0)
2026-08-11 09:23:28.127 7 INFO placement.requestlog [req-1dce95e6-5d9c-43ea-a869-b91573f49343 req-5c2ddc00-ed2b-4c51-b8ae-d1e9fc24e171 65adfe2bf8964b18b82952a876a2b1ab 325156447a0040458d84deebf3dd2953 - - 56f323a5b85d4dd1ba0cfa0619ef0951 56f323a5b85d4dd1ba0cfa0619ef0951] 199.19.213.75 "GET /resource_providers/028620ad-3834-4336-b0e6-efd446db2998/aggregates" status: 200 len: 53 microversion: 1.19 [pid: 7|app: 0|req: 291/583] 199.19.213.75 () {34 vars in 898 bytes} [Tue Aug 11 09:23:28 2026] GET /resource_providers/028620ad-3834-4336-b0e6-efd446db2998/aggregates => generated 53 bytes in 12 msecs (HTTP/1.1 200) 8 headers in 295 bytes (1 switches on core 0)
2026-08-11 09:23:28.156 8 INFO placement.requestlog [req-1dce95e6-5d9c-43ea-a869-b91573f49343 req-85b7153e-236f-4656-b137-39c9f9e8f7d9 65adfe2bf8964b18b82952a876a2b1ab 325156447a0040458d84deebf3dd2953 - - 56f323a5b85d4dd1ba0cfa0619ef0951 56f323a5b85d4dd1ba0cfa0619ef0951] 199.19.213.75 "GET /resource_providers/028620ad-3834-4336-b0e6-efd446db2998/traits" status: 200 len: 2316 microversion: 1.6 [pid: 8|app: 0|req: 293/584] 199.19.213.75 () {34 vars in 889 bytes} [Tue Aug 11 09:23:28 2026] GET /resource_providers/028620ad-3834-4336-b0e6-efd446db2998/traits => generated 2316 bytes in 25 msecs (HTTP/1.1 200) 6 headers in 225 bytes (1 switches on core 0)
2026-08-11 09:23:28.179 7 INFO placement.requestlog [req-1dce95e6-5d9c-43ea-a869-b91573f49343 req-324076b0-aca2-4189-a48c-545e3023d9ac 65adfe2bf8964b18b82952a876a2b1ab 325156447a0040458d84deebf3dd2953 - - 56f323a5b85d4dd1ba0cfa0619ef0951 56f323a5b85d4dd1ba0cfa0619ef0951] 199.19.213.75 "GET /resource_providers/028620ad-3834-4336-b0e6-efd446db2998/allocations" status: 200 len: 54 microversion: 1.0 [pid: 7|app: 0|req: 292/585] 199.19.213.75 () {32 vars in 856 bytes} [Tue Aug 11 09:23:28 2026] GET /resource_providers/028620ad-3834-4336-b0e6-efd446db2998/allocations => generated 54 bytes in 15 msecs (HTTP/1.1 200) 6 headers in 223 bytes (1 switches on core 0)
2026-08-11 09:23:37.540 7 INFO placement.requestlog [None req-541c9680-4e24-4e9c-9f55-e761e28aa605 - - - - - -] 10.0.0.227 "GET /" status: 200 len: 136 microversion: 1.0
2026-08-11 09:23:37.540 8 INFO placement.requestlog [None req-494b9cab-61ea-4b0b-8dcb-964b73f3b28a - - - - - -] 10.0.0.227 "GET /" status: 200 len: 136 microversion: 1.0
2026-08-11 09:23:47.540 7 INFO placement.requestlog [None req-f7425d45-e9d3-4f8c-a494-5f940b21ae02 - - - - - -] 10.0.0.227 "GET /" status: 200 len: 136 microversion: 1.0
2026-08-11 09:23:47.543 8 INFO placement.requestlog [None req-a0cf897f-aaba-4910-bfb3-4c455d164203 - - - - - -] 10.0.0.227 "GET /" status: 200 len: 136 microversion: 1.0
2026-08-11 09:23:57.540 8 INFO placement.requestlog [None req-96bbaa0e-01f3-4218-b4a4-c5cb6b915f71 - - - - - -] 10.0.0.227 "GET /" status: 200 len: 136 microversion: 1.0
2026-08-11 09:23:57.540 7 INFO placement.requestlog [None req-7a4575eb-d9c8-41fc-b380-4a6a119b734e - - - - - -] 10.0.0.227 "GET /" status: 200 len: 136 microversion: 1.0
2026-08-11 09:24:07.541 7 INFO placement.requestlog [None req-e287f129-3f11-451f-bdef-91b734ae4f67 - - - - - -] 10.0.0.227 "GET /" status: 200 len: 136 microversion: 1.0
2026-08-11 09:24:07.541 8 INFO placement.requestlog [None req-7a27423b-8dd1-4a1a-8a08-211b3b791854 - - - - - -] 10.0.0.227 "GET /" status: 200 len: 136 microversion: 1.0
2026-08-11 09:24:17.541 7 INFO placement.requestlog [None req-0cc5f556-2e35-4014-9810-516591dab5f6 - - - - - -] 10.0.0.227 "GET /" status: 200 len: 136 microversion: 1.0
2026-08-11 09:24:17.541 8 INFO placement.requestlog [None req-282f6c28-eceb-446c-b89e-cb09654e5561 - - - - - -] 10.0.0.227 "GET /" status: 200 len: 136 microversion: 1.0
2026-08-11 09:24:27.541 8 INFO placement.requestlog [None req-20a80e30-2b8a-4936-95eb-9b212ccf3054 - - - - - -] 10.0.0.227 "GET /" status: 200 len: 136 microversion: 1.0
2026-08-11 09:24:27.541 7 INFO placement.requestlog [None req-6c2f2966-7251-40a9-b455-94c72b594d64 - - - - - -] 10.0.0.227 "GET /" status: 200 len: 136 microversion: 1.0
2026-08-11 09:24:27.943 8 INFO placement.requestlog [req-75ba1fff-bbfb-4d4f-a285-9253e590cd21 req-abe99eaf-ea5f-4122-a4be-8fc5dce9119d 65adfe2bf8964b18b82952a876a2b1ab 325156447a0040458d84deebf3dd2953 - - 56f323a5b85d4dd1ba0cfa0619ef0951 56f323a5b85d4dd1ba0cfa0619ef0951] 199.19.213.75 "GET /resource_providers/028620ad-3834-4336-b0e6-efd446db2998/allocations" status: 200 len: 54 microversion: 1.0 [pid: 8|app: 0|req: 300/598] 199.19.213.75 () {32 vars in 856 bytes} [Tue Aug 11 09:24:27 2026] GET /resource_providers/028620ad-3834-4336-b0e6-efd446db2998/allocations => generated 54 bytes in 17 msecs (HTTP/1.1 200) 6 headers in 223 bytes (1 switches on core 0)
2026-08-11 09:24:27.962 7 INFO placement.requestlog [req-75ba1fff-bbfb-4d4f-a285-9253e590cd21 req-300cfabd-5405-4e00-992a-00429e7b3564 65adfe2bf8964b18b82952a876a2b1ab 325156447a0040458d84deebf3dd2953 - - 56f323a5b85d4dd1ba0cfa0619ef0951 56f323a5b85d4dd1ba0cfa0619ef0951] 199.19.213.75 "GET /resource_providers/028620ad-3834-4336-b0e6-efd446db2998/allocations" status: 200 len: 54 microversion: 1.0 [pid: 7|app: 0|req: 299/599] 199.19.213.75 () {32 vars in 856 bytes} [Tue Aug 11 09:24:27 2026] GET /resource_providers/028620ad-3834-4336-b0e6-efd446db2998/allocations => generated 54 bytes in 14 msecs (HTTP/1.1 200) 6 headers in 223 bytes (1 switches on core 0)
2026-08-11 09:24:37.541 7 INFO placement.requestlog [None req-38c36798-3184-4c1f-90ac-40d6e84fceaf - - - - - -] 10.0.0.227 "GET /" status: 200 len: 136 microversion: 1.0
2026-08-11 09:24:37.541 8 INFO placement.requestlog [None req-dcd4c3f1-d131-457e-9298-ac2e67e29517 - - - - - -] 10.0.0.227 "GET /" status: 200 len: 136 microversion: 1.0
2026-08-11 09:24:42.158 7 INFO placement.requestlog [req-00eea8ac-35d9-48d7-9ef3-b707acb9a177 req-2fb65bdb-e876-4736-9e38-2dc5f01da9ca 65adfe2bf8964b18b82952a876a2b1ab 325156447a0040458d84deebf3dd2953 - - 56f323a5b85d4dd1ba0cfa0619ef0951 56f323a5b85d4dd1ba0cfa0619ef0951] 10.0.0.205 "GET /allocation_candidates?limit=1000&resources=DISK_GB%3A1%2CMEMORY_MB%3A512%2CVCPU%3A1&root_required=%21COMPUTE_STATUS_DISABLED" status: 200 len: 2781 microversion: 1.36 [pid: 7|app: 0|req: 301/602] 10.0.0.205 () {34 vars in 1012 bytes} [Tue Aug 11 09:24:41 2026] GET /allocation_candidates?limit=1000&resources=DISK_GB%3A1%2CMEMORY_MB%3A512%2CVCPU%3A1&root_required=%21COMPUTE_STATUS_DISABLED => generated 2781 bytes in 250 msecs (HTTP/1.1 200) 8 headers in 297 bytes (1 switches on core 0)
2026-08-11 09:24:42.218 8 INFO placement.requestlog [req-00eea8ac-35d9-48d7-9ef3-b707acb9a177 req-3f7b864c-c588-4e18-9077-0fdb2be2a7fc 65adfe2bf8964b18b82952a876a2b1ab 325156447a0040458d84deebf3dd2953 - - 56f323a5b85d4dd1ba0cfa0619ef0951 56f323a5b85d4dd1ba0cfa0619ef0951] 10.0.0.205 "GET /allocations/6a217091-d552-4872-8d9d-2fc955077310" status: 200 len: 19 microversion: 1.28 [pid: 8|app: 0|req: 302/603] 10.0.0.205 () {34 vars in 861 bytes} [Tue Aug 11 09:24:42 2026] GET /allocations/6a217091-d552-4872-8d9d-2fc955077310 => generated 19 bytes in 27 msecs (HTTP/1.1 200) 8 headers in 295 bytes (1 switches on core 0)
2026-08-11 09:24:42.331 7 INFO placement.requestlog [req-00eea8ac-35d9-48d7-9ef3-b707acb9a177 req-16700121-8f17-4841-90be-8cb3f692a445 65adfe2bf8964b18b82952a876a2b1ab 325156447a0040458d84deebf3dd2953 - - 56f323a5b85d4dd1ba0cfa0619ef0951 56f323a5b85d4dd1ba0cfa0619ef0951] 10.0.0.205 "PUT /allocations/6a217091-d552-4872-8d9d-2fc955077310" status: 204 len: 0 microversion: 1.36 [pid: 7|app: 0|req: 302/604] 10.0.0.205 () {38 vars in 914 bytes} [Tue Aug 11 09:24:42 2026] PUT /allocations/6a217091-d552-4872-8d9d-2fc955077310 => generated 0 bytes in 104 msecs (HTTP/1.1 204) 5 headers in 199 bytes (1 switches on core 0)
2026-08-11 09:24:42.897 8 INFO placement.requestlog [req-ac5cae33-bce5-4452-a2c9-6291699155cb req-9b86164f-2b52-44ad-b608-7f4fbff752d5 65adfe2bf8964b18b82952a876a2b1ab 325156447a0040458d84deebf3dd2953 - - 56f323a5b85d4dd1ba0cfa0619ef0951 56f323a5b85d4dd1ba0cfa0619ef0951] 10.0.0.205 "GET /allocation_candidates?limit=1000&resources=DISK_GB%3A1%2CMEMORY_MB%3A512%2CVCPU%3A1&root_required=%21COMPUTE_STATUS_DISABLED" status: 200 len: 2783 microversion: 1.36 [pid: 8|app: 0|req: 303/605] 10.0.0.205 () {34 vars in 1012 bytes} [Tue Aug 11 09:24:42 2026] GET /allocation_candidates?limit=1000&resources=DISK_GB%3A1%2CMEMORY_MB%3A512%2CVCPU%3A1&root_required=%21COMPUTE_STATUS_DISABLED => generated 2783 bytes in 56 msecs (HTTP/1.1 200) 8 headers in 297 bytes (1 switches on core 0)
2026-08-11 09:24:42.932 7 INFO placement.requestlog [req-ac5cae33-bce5-4452-a2c9-6291699155cb req-94e06110-8c70-4816-8075-28ed22f477bd 65adfe2bf8964b18b82952a876a2b1ab 325156447a0040458d84deebf3dd2953 - - 56f323a5b85d4dd1ba0cfa0619ef0951 56f323a5b85d4dd1ba0cfa0619ef0951] 10.0.0.205 "GET /allocations/d68284d0-75b0-429d-8e65-f3b1eb6399b9" status: 200 len: 19 microversion: 1.28 [pid: 7|app: 0|req: 303/606] 10.0.0.205 () {34 vars in 861 bytes} [Tue Aug 11 09:24:42 2026] GET /allocations/d68284d0-75b0-429d-8e65-f3b1eb6399b9 => generated 19 bytes in 8 msecs (HTTP/1.1 200) 8 headers in 295 bytes (1 switches on core 0)
2026-08-11 09:24:43.028 8 INFO placement.requestlog [req-ac5cae33-bce5-4452-a2c9-6291699155cb req-6488bbfd-39f1-4961-b0a1-b3bba8aca109 65adfe2bf8964b18b82952a876a2b1ab 325156447a0040458d84deebf3dd2953 - - 56f323a5b85d4dd1ba0cfa0619ef0951 56f323a5b85d4dd1ba0cfa0619ef0951] 10.0.0.205 "PUT /allocations/d68284d0-75b0-429d-8e65-f3b1eb6399b9" status: 204 len: 0 microversion: 1.36 [pid: 8|app: 0|req: 304/607] 10.0.0.205 () {38 vars in 914 bytes} [Tue Aug 11 09:24:42 2026] PUT /allocations/d68284d0-75b0-429d-8e65-f3b1eb6399b9 => generated 0 bytes in 87 msecs (HTTP/1.1 204) 5 headers in 199 bytes (1 switches on core 0)
2026-08-11 09:24:43.769 7 INFO placement.requestlog [req-00eea8ac-35d9-48d7-9ef3-b707acb9a177 req-5a010cea-02ba-4fd1-a816-bd79b1278ff4 65adfe2bf8964b18b82952a876a2b1ab 325156447a0040458d84deebf3dd2953 - - 56f323a5b85d4dd1ba0cfa0619ef0951 56f323a5b85d4dd1ba0cfa0619ef0951] 199.19.213.75 "GET /allocations/6a217091-d552-4872-8d9d-2fc955077310" status: 200 len: 257 microversion: 1.28 [pid: 7|app: 0|req: 304/608] 199.19.213.75 () {34 vars in 862 bytes} [Tue Aug 11 09:24:43 2026] GET /allocations/6a217091-d552-4872-8d9d-2fc955077310 => generated 257 bytes in 15 msecs (HTTP/1.1 200) 8 headers in 296 bytes (1 switches on core 0)
2026-08-11 09:24:44.547 8 INFO placement.requestlog [req-ac5cae33-bce5-4452-a2c9-6291699155cb req-81edc0b5-b705-4494-aa2e-d88f3c73e97a 65adfe2bf8964b18b82952a876a2b1ab 325156447a0040458d84deebf3dd2953 - - 56f323a5b85d4dd1ba0cfa0619ef0951 56f323a5b85d4dd1ba0cfa0619ef0951] 199.19.213.75 "GET /allocations/d68284d0-75b0-429d-8e65-f3b1eb6399b9" status: 200 len: 257 microversion: 1.28 [pid: 8|app: 0|req: 305/609] 199.19.213.75 () {34 vars in 862 bytes} [Tue Aug 11 09:24:44 2026] GET /allocations/d68284d0-75b0-429d-8e65-f3b1eb6399b9 => generated 257 bytes in 17 msecs (HTTP/1.1 200) 8 headers in 296 bytes (1 switches on core 0)
2026-08-11 09:24:44.861 7 INFO placement.requestlog [req-00eea8ac-35d9-48d7-9ef3-b707acb9a177 req-e985ffab-7938-4ead-bd86-ca62bbfab43c 65adfe2bf8964b18b82952a876a2b1ab 325156447a0040458d84deebf3dd2953 - - 56f323a5b85d4dd1ba0cfa0619ef0951 56f323a5b85d4dd1ba0cfa0619ef0951] 199.19.213.75 "GET /resource_providers/028620ad-3834-4336-b0e6-efd446db2998/allocations" status: 200 len: 252 microversion: 1.0 [pid: 7|app: 0|req: 305/610] 199.19.213.75 () {32 vars in 856 bytes} [Tue Aug 11 09:24:44 2026] GET /resource_providers/028620ad-3834-4336-b0e6-efd446db2998/allocations => generated 252 bytes in 50 msecs (HTTP/1.1 200) 6 headers in 224 bytes (1 switches on core 0)
2026-08-11 09:24:44.903 8 INFO placement.requestlog [req-00eea8ac-35d9-48d7-9ef3-b707acb9a177 req-32d10158-fbdd-4a66-ac18-b6e11977b2f3 65adfe2bf8964b18b82952a876a2b1ab 325156447a0040458d84deebf3dd2953 - - 56f323a5b85d4dd1ba0cfa0619ef0951 56f323a5b85d4dd1ba0cfa0619ef0951] 199.19.213.75 "GET /allocations/6a217091-d552-4872-8d9d-2fc955077310" status: 200 len: 257 microversion: 1.28 [pid: 8|app: 0|req: 306/611] 199.19.213.75 () {34 vars in 862 bytes} [Tue Aug 11 09:24:44 2026] GET /allocations/6a217091-d552-4872-8d9d-2fc955077310 => generated 257 bytes in 34 msecs (HTTP/1.1 200) 8 headers in 296 bytes (1 switches on core 0)
2026-08-11 09:24:44.926 7 INFO placement.requestlog [req-00eea8ac-35d9-48d7-9ef3-b707acb9a177 req-14e8e6cf-6fd9-4646-a994-f1908eba7d63 65adfe2bf8964b18b82952a876a2b1ab 325156447a0040458d84deebf3dd2953 - - 56f323a5b85d4dd1ba0cfa0619ef0951 56f323a5b85d4dd1ba0cfa0619ef0951] 199.19.213.75 "GET /allocations/d68284d0-75b0-429d-8e65-f3b1eb6399b9" status: 200 len: 257 microversion: 1.28 [pid: 7|app: 0|req: 306/612] 199.19.213.75 () {34 vars in 862 bytes} [Tue Aug 11 09:24:44 2026] GET /allocations/d68284d0-75b0-429d-8e65-f3b1eb6399b9 => generated 257 bytes in 15 msecs (HTTP/1.1 200) 8 headers in 296 bytes (1 switches on core 0)
2026-08-11 09:24:45.237 8 INFO placement.requestlog [None req-b1d037e1-2eb4-4e20-bab1-6e4bbffeaee7 69ec46b2e110456d9bce3ef8168f3c62 325156447a0040458d84deebf3dd2953 - - 56f323a5b85d4dd1ba0cfa0619ef0951 56f323a5b85d4dd1ba0cfa0619ef0951] 10.0.0.72 "GET /resource_providers/070a5324-b618-4abc-aab1-6cee6be29150/aggregates" status: 404 len: 235 microversion: 1.1 [pid: 8|app: 0|req: 307/613] 10.0.0.72 () {32 vars in 815 bytes} [Tue Aug 11 09:24:45 2026] GET /resource_providers/070a5324-b618-4abc-aab1-6cee6be29150/aggregates => generated 235 bytes in 45 msecs (HTTP/1.1 404) 5 headers in 202 bytes (1 switches on core 0)
2026-08-11 09:24:45.256 8 INFO placement.requestlog [None req-f4761ecc-448a-4330-98b8-5fa34e02e4d9 69ec46b2e110456d9bce3ef8168f3c62 325156447a0040458d84deebf3dd2953 - - 56f323a5b85d4dd1ba0cfa0619ef0951 56f323a5b85d4dd1ba0cfa0619ef0951] 10.0.0.72 "DELETE /resource_providers/070a5324-b618-4abc-aab1-6cee6be29150" status: 404 len: 246 microversion: 1.1 [pid: 8|app: 0|req: 308/614] 10.0.0.72 () {34 vars in 815 bytes} [Tue Aug 11 09:24:45 2026] DELETE /resource_providers/070a5324-b618-4abc-aab1-6cee6be29150 => generated 246 bytes in 9 msecs (HTTP/1.1 404) 6 headers in 231 bytes (1 switches on core 0)
2026-08-11 09:24:45.271 7 INFO placement.requestlog [None req-336bf42c-89b3-42b4-8be5-cec69132f6e0 69ec46b2e110456d9bce3ef8168f3c62 325156447a0040458d84deebf3dd2953 - - 56f323a5b85d4dd1ba0cfa0619ef0951 56f323a5b85d4dd1ba0cfa0619ef0951] 10.0.0.72 "GET /resource_providers/070a5324-b618-4abc-aab1-6cee6be29150/aggregates" status: 404 len: 235 microversion: 1.1 [pid: 7|app: 0|req: 307/615] 10.0.0.72 () {32 vars in 815 bytes} [Tue Aug 11 09:24:45 2026] GET /resource_providers/070a5324-b618-4abc-aab1-6cee6be29150/aggregates => generated 235 bytes in 58 msecs (HTTP/1.1 404) 5 headers in 202 bytes (1 switches on core 0)
2026-08-11 09:24:45.292 8 INFO placement.requestlog [None req-2ed88b7a-c6e7-4937-8baa-614d7969d909 69ec46b2e110456d9bce3ef8168f3c62 325156447a0040458d84deebf3dd2953 - - 56f323a5b85d4dd1ba0cfa0619ef0951 56f323a5b85d4dd1ba0cfa0619ef0951] 10.0.0.72 "DELETE /resource_providers/070a5324-b618-4abc-aab1-6cee6be29150" status: 404 len: 246 microversion: 1.1 [pid: 8|app: 0|req: 309/616] 10.0.0.72 () {34 vars in 815 bytes} [Tue Aug 11 09:24:45 2026] DELETE /resource_providers/070a5324-b618-4abc-aab1-6cee6be29150 => generated 246 bytes in 12 msecs (HTTP/1.1 404) 6 headers in 231 bytes (1 switches on core 0)
2026-08-11 09:24:47.004 7 INFO placement.requestlog [req-ac5cae33-bce5-4452-a2c9-6291699155cb req-f4e20063-84b0-4b92-a30e-1d70e129bf47 65adfe2bf8964b18b82952a876a2b1ab 325156447a0040458d84deebf3dd2953 - - 56f323a5b85d4dd1ba0cfa0619ef0951 56f323a5b85d4dd1ba0cfa0619ef0951] 199.19.213.75 "GET /resource_providers/028620ad-3834-4336-b0e6-efd446db2998/allocations" status: 200 len: 252 microversion: 1.0 [pid: 7|app: 0|req: 308/617] 199.19.213.75 () {32 vars in 856 bytes} [Tue Aug 11 09:24:46 2026] GET /resource_providers/028620ad-3834-4336-b0e6-efd446db2998/allocations => generated 252 bytes in 21 msecs (HTTP/1.1 200) 6 headers in 224 bytes (1 switches on core 0)
2026-08-11 09:24:47.030 8 INFO placement.requestlog [req-ac5cae33-bce5-4452-a2c9-6291699155cb req-347b0f2c-4912-44f6-a4de-1db9d70279ff 65adfe2bf8964b18b82952a876a2b1ab 325156447a0040458d84deebf3dd2953 - - 56f323a5b85d4dd1ba0cfa0619ef0951 56f323a5b85d4dd1ba0cfa0619ef0951] 199.19.213.75 "GET /allocations/6a217091-d552-4872-8d9d-2fc955077310" status: 200 len: 257 microversion: 1.28 [pid: 8|app: 0|req: 310/618] 199.19.213.75 () {34 vars in 862 bytes} [Tue Aug 11 09:24:47 2026] GET /allocations/6a217091-d552-4872-8d9d-2fc955077310 => generated 257 bytes in 21 msecs (HTTP/1.1 200) 8 headers in 296 bytes (1 switches on core 0)
2026-08-11 09:24:47.051 7 INFO placement.requestlog [req-ac5cae33-bce5-4452-a2c9-6291699155cb req-1650a2c2-afa6-4263-8faf-3ecaef6a7601 65adfe2bf8964b18b82952a876a2b1ab 325156447a0040458d84deebf3dd2953 - - 56f323a5b85d4dd1ba0cfa0619ef0951 56f323a5b85d4dd1ba0cfa0619ef0951] 199.19.213.75 "GET /allocations/d68284d0-75b0-429d-8e65-f3b1eb6399b9" status: 200 len: 257 microversion: 1.28 [pid: 7|app: 0|req: 309/619] 199.19.213.75 () {34 vars in 862 bytes} [Tue Aug 11 09:24:47 2026] GET /allocations/d68284d0-75b0-429d-8e65-f3b1eb6399b9 => generated 257 bytes in 16 msecs (HTTP/1.1 200) 8 headers in 296 bytes (1 switches on core 0)
2026-08-11 09:24:47.281 8 INFO placement.requestlog [None req-7f75a699-c63e-4035-96f1-df9ade120a02 69ec46b2e110456d9bce3ef8168f3c62 325156447a0040458d84deebf3dd2953 - - 56f323a5b85d4dd1ba0cfa0619ef0951 56f323a5b85d4dd1ba0cfa0619ef0951] 10.0.0.72 "GET /resource_providers/cb6ce2fd-b532-492b-a9e5-521061b03c78/aggregates" status: 404 len: 235 microversion: 1.1 [pid: 8|app: 0|req: 311/620] 10.0.0.72 () {32 vars in 815 bytes} [Tue Aug 11 09:24:47 2026] GET /resource_providers/cb6ce2fd-b532-492b-a9e5-521061b03c78/aggregates => generated 235 bytes in 10 msecs (HTTP/1.1 404) 5 headers in 202 bytes (1 switches on core 0)
2026-08-11 09:24:47.296 7 INFO placement.requestlog [None req-ff12a3b4-fa94-4b9a-8000-ceb3f59afd61 69ec46b2e110456d9bce3ef8168f3c62 325156447a0040458d84deebf3dd2953 - - 56f323a5b85d4dd1ba0cfa0619ef0951 56f323a5b85d4dd1ba0cfa0619ef0951] 10.0.0.72 "DELETE /resource_providers/cb6ce2fd-b532-492b-a9e5-521061b03c78" status: 404 len: 246 microversion: 1.1 [pid: 7|app: 0|req: 310/621] 10.0.0.72 () {34 vars in 815 bytes} [Tue Aug 11 09:24:47 2026] DELETE /resource_providers/cb6ce2fd-b532-492b-a9e5-521061b03c78 => generated 246 bytes in 9 msecs (HTTP/1.1 404) 6 headers in 231 bytes (1 switches on core 0)
2026-08-11 09:24:47.316 8 INFO placement.requestlog [None req-3bf2ca34-5e00-4e40-bf3b-1912bdbb02f9 69ec46b2e110456d9bce3ef8168f3c62 325156447a0040458d84deebf3dd2953 - - 56f323a5b85d4dd1ba0cfa0619ef0951 56f323a5b85d4dd1ba0cfa0619ef0951] 10.0.0.72 "GET /resource_providers/b19e10ba-e1e7-463e-bfc0-3d98d4f110a5/aggregates" status: 404 len: 235 microversion: 1.1 [pid: 8|app: 0|req: 312/622] 10.0.0.72 () {32 vars in 815 bytes} [Tue Aug 11 09:24:47 2026] GET /resource_providers/b19e10ba-e1e7-463e-bfc0-3d98d4f110a5/aggregates => generated 235 bytes in 10 msecs (HTTP/1.1 404) 5 headers in 202 bytes (1 switches on core 0)
2026-08-11 09:24:47.320 7 INFO placement.requestlog [None req-0e42aa73-b545-456c-a817-77434df9e59a 69ec46b2e110456d9bce3ef8168f3c62 325156447a0040458d84deebf3dd2953 - - 56f323a5b85d4dd1ba0cfa0619ef0951 56f323a5b85d4dd1ba0cfa0619ef0951] 10.0.0.72 "GET /resource_providers/cb6ce2fd-b532-492b-a9e5-521061b03c78/aggregates" status: 404 len: 235 microversion: 1.1 [pid: 7|app: 0|req: 311/623] 10.0.0.72 () {32 vars in 815 bytes} [Tue Aug 11 09:24:47 2026] GET /resource_providers/cb6ce2fd-b532-492b-a9e5-521061b03c78/aggregates => generated 235 bytes in 12 msecs (HTTP/1.1 404) 5 headers in 202 bytes (1 switches on core 0)
2026-08-11 09:24:47.338 8 INFO placement.requestlog [None req-99ed8f98-fdbb-4da6-a597-9ce59f028845 69ec46b2e110456d9bce3ef8168f3c62 325156447a0040458d84deebf3dd2953 - - 56f323a5b85d4dd1ba0cfa0619ef0951 56f323a5b85d4dd1ba0cfa0619ef0951] 10.0.0.72 "DELETE /resource_providers/b19e10ba-e1e7-463e-bfc0-3d98d4f110a5" status: 404 len: 246 microversion: 1.1 [pid: 8|app: 0|req: 313/624] 10.0.0.72 () {34 vars in 815 bytes} [Tue Aug 11 09:24:47 2026] DELETE /resource_providers/b19e10ba-e1e7-463e-bfc0-3d98d4f110a5 => generated 246 bytes in 9 msecs (HTTP/1.1 404) 6 headers in 231 bytes (1 switches on core 0)
2026-08-11 09:24:47.341 7 INFO placement.requestlog [None req-441e14d2-c139-45f2-9823-5135e474a410 69ec46b2e110456d9bce3ef8168f3c62 325156447a0040458d84deebf3dd2953 - - 56f323a5b85d4dd1ba0cfa0619ef0951 56f323a5b85d4dd1ba0cfa0619ef0951] 10.0.0.72 "DELETE /resource_providers/cb6ce2fd-b532-492b-a9e5-521061b03c78" status: 404 len: 246 microversion: 1.1 [pid: 7|app: 0|req: 312/625] 10.0.0.72 () {34 vars in 815 bytes} [Tue Aug 11 09:24:47 2026] DELETE /resource_providers/cb6ce2fd-b532-492b-a9e5-521061b03c78 => generated 246 bytes in 7 msecs (HTTP/1.1 404) 6 headers in 231 bytes (1 switches on core 0)
2026-08-11 09:24:47.363 8 INFO placement.requestlog [None req-c04a4e19-7ce5-449c-9919-0088422981b1 69ec46b2e110456d9bce3ef8168f3c62 325156447a0040458d84deebf3dd2953 - - 56f323a5b85d4dd1ba0cfa0619ef0951 56f323a5b85d4dd1ba0cfa0619ef0951] 10.0.0.72 "GET /resource_providers/93de8934-e40b-4cea-88cd-8e17dd0cbb7b/aggregates" status: 404 len: 235 microversion: 1.1 [pid: 8|app: 0|req: 314/626] 10.0.0.72 () {32 vars in 815 bytes} [Tue Aug 11 09:24:47 2026] GET /resource_providers/93de8934-e40b-4cea-88cd-8e17dd0cbb7b/aggregates => generated 235 bytes in 8 msecs (HTTP/1.1 404) 5 headers in 202 bytes (1 switches on core 0)
2026-08-11 09:24:47.367 7 INFO placement.requestlog [None req-c8959915-e671-4161-91cd-02faf3929760 69ec46b2e110456d9bce3ef8168f3c62 325156447a0040458d84deebf3dd2953 - - 56f323a5b85d4dd1ba0cfa0619ef0951 56f323a5b85d4dd1ba0cfa0619ef0951] 10.0.0.72 "GET /resource_providers/b19e10ba-e1e7-463e-bfc0-3d98d4f110a5/aggregates" status: 404 len: 235 microversion: 1.1 [pid: 7|app: 0|req: 313/627] 10.0.0.72 () {32 vars in 815 bytes} [Tue Aug 11 09:24:47 2026] GET /resource_providers/b19e10ba-e1e7-463e-bfc0-3d98d4f110a5/aggregates => generated 235 bytes in 8 msecs (HTTP/1.1 404) 5 headers in 202 bytes (1 switches on core 0)
2026-08-11 09:24:47.380 8 INFO placement.requestlog [None req-e90d0524-5887-496e-a17d-9fd4274e24ee 69ec46b2e110456d9bce3ef8168f3c62 325156447a0040458d84deebf3dd2953 - - 56f323a5b85d4dd1ba0cfa0619ef0951 56f323a5b85d4dd1ba0cfa0619ef0951] 10.0.0.72 "DELETE /resource_providers/93de8934-e40b-4cea-88cd-8e17dd0cbb7b" status: 404 len: 246 microversion: 1.1 [pid: 8|app: 0|req: 315/628] 10.0.0.72 () {34 vars in 815 bytes} [Tue Aug 11 09:24:47 2026] DELETE /resource_providers/93de8934-e40b-4cea-88cd-8e17dd0cbb7b => generated 246 bytes in 8 msecs (HTTP/1.1 404) 6 headers in 231 bytes (1 switches on core 0)
2026-08-11 09:24:47.381 7 INFO placement.requestlog [None req-7b8fd80f-5c12-43bc-b261-35f94cb512b4 69ec46b2e110456d9bce3ef8168f3c62 325156447a0040458d84deebf3dd2953 - - 56f323a5b85d4dd1ba0cfa0619ef0951 56f323a5b85d4dd1ba0cfa0619ef0951] 10.0.0.72 "DELETE /resource_providers/b19e10ba-e1e7-463e-bfc0-3d98d4f110a5" status: 404 len: 246 microversion: 1.1 [pid: 7|app: 0|req: 314/629] 10.0.0.72 () {34 vars in 815 bytes} [Tue Aug 11 09:24:47 2026] DELETE /resource_providers/b19e10ba-e1e7-463e-bfc0-3d98d4f110a5 => generated 246 bytes in 8 msecs (HTTP/1.1 404) 6 headers in 231 bytes (1 switches on core 0)
2026-08-11 09:24:47.399 8 INFO placement.requestlog [None req-9afc8dd2-1c94-4036-8a76-ff2df160ab0d 69ec46b2e110456d9bce3ef8168f3c62 325156447a0040458d84deebf3dd2953 - - 56f323a5b85d4dd1ba0cfa0619ef0951 56f323a5b85d4dd1ba0cfa0619ef0951] 10.0.0.72 "GET /resource_providers/93de8934-e40b-4cea-88cd-8e17dd0cbb7b/aggregates" status: 404 len: 235 microversion: 1.1 [pid: 8|app: 0|req: 316/630] 10.0.0.72 () {32 vars in 815 bytes} [Tue Aug 11 09:24:47 2026] GET /resource_providers/93de8934-e40b-4cea-88cd-8e17dd0cbb7b/aggregates => generated 235 bytes in 9 msecs (HTTP/1.1 404) 5 headers in 202 bytes (1 switches on core 0)
2026-08-11 09:24:47.413 7 INFO placement.requestlog [None req-9446b7f9-e224-4aee-ba17-a9c3e01f0798 69ec46b2e110456d9bce3ef8168f3c62 325156447a0040458d84deebf3dd2953 - - 56f323a5b85d4dd1ba0cfa0619ef0951 56f323a5b85d4dd1ba0cfa0619ef0951] 10.0.0.72 "DELETE /resource_providers/93de8934-e40b-4cea-88cd-8e17dd0cbb7b" status: 404 len: 246 microversion: 1.1 [pid: 7|app: 0|req: 315/631] 10.0.0.72 () {34 vars in 815 bytes} [Tue Aug 11 09:24:47 2026] DELETE /resource_providers/93de8934-e40b-4cea-88cd-8e17dd0cbb7b => generated 246 bytes in 7 msecs (HTTP/1.1 404) 6 headers in 231 bytes (1 switches on core 0)
2026-08-11 09:24:47.541 8 INFO placement.requestlog [None req-b396570d-f0eb-4757-baed-2d18e6a18258 - - - - - -] 10.0.0.227 "GET /" status: 200 len: 136 microversion: 1.0
2026-08-11 09:24:47.542 7 INFO placement.requestlog [None req-78d4c409-976f-4a8d-98c9-03563da1d103 - - - - - -] 10.0.0.227 "GET /" status: 200 len: 136 microversion: 1.0
2026-08-11 09:24:55.645 7 INFO placement.requestlog [req-6b6754ba-e191-449e-95d1-34314ad7b80c req-3b9601fc-b6aa-453e-8092-b78aba0809cb 65adfe2bf8964b18b82952a876a2b1ab 325156447a0040458d84deebf3dd2953 - - 56f323a5b85d4dd1ba0cfa0619ef0951 56f323a5b85d4dd1ba0cfa0619ef0951] 10.0.0.205 "GET /allocation_candidates?limit=1000&resources=DISK_GB%3A1%2CMEMORY_MB%3A512%2CVCPU%3A1&root_required=%21COMPUTE_STATUS_DISABLED" status: 200 len: 2784 microversion: 1.36 [pid: 7|app: 0|req: 317/634] 10.0.0.205 () {34 vars in 1012 bytes} [Tue Aug 11 09:24:55 2026] GET /allocation_candidates?limit=1000&resources=DISK_GB%3A1%2CMEMORY_MB%3A512%2CVCPU%3A1&root_required=%21COMPUTE_STATUS_DISABLED => generated 2784 bytes in 59 msecs (HTTP/1.1 200) 8 headers in 297 bytes (1 switches on core 0)
2026-08-11 09:24:55.683 8 INFO placement.requestlog [req-6b6754ba-e191-449e-95d1-34314ad7b80c req-b76e3154-973c-40ef-8173-354ed475ff4a 65adfe2bf8964b18b82952a876a2b1ab 325156447a0040458d84deebf3dd2953 - - 56f323a5b85d4dd1ba0cfa0619ef0951 56f323a5b85d4dd1ba0cfa0619ef0951] 10.0.0.205 "GET /allocations/969ba586-5803-4c38-93e6-392430604e71" status: 200 len: 19 microversion: 1.28 [pid: 8|app: 0|req: 318/635] 10.0.0.205 () {34 vars in 861 bytes} [Tue Aug 11 09:24:55 2026] GET /allocations/969ba586-5803-4c38-93e6-392430604e71 => generated 19 bytes in 12 msecs (HTTP/1.1 200) 8 headers in 295 bytes (1 switches on core 0)
2026-08-11 09:24:55.760 7 INFO placement.requestlog [req-6b6754ba-e191-449e-95d1-34314ad7b80c req-b8588458-ee46-44d7-a181-d4f97cd005de 65adfe2bf8964b18b82952a876a2b1ab 325156447a0040458d84deebf3dd2953 - - 56f323a5b85d4dd1ba0cfa0619ef0951 56f323a5b85d4dd1ba0cfa0619ef0951] 10.0.0.205 "PUT /allocations/969ba586-5803-4c38-93e6-392430604e71" status: 204 len: 0 microversion: 1.36 [pid: 7|app: 0|req: 318/636] 10.0.0.205 () {38 vars in 914 bytes} [Tue Aug 11 09:24:55 2026] PUT /allocations/969ba586-5803-4c38-93e6-392430604e71 => generated 0 bytes in 70 msecs (HTTP/1.1 204) 5 headers in 199 bytes (1 switches on core 0)
2026-08-11 09:24:57.318 8 INFO placement.requestlog [req-6b6754ba-e191-449e-95d1-34314ad7b80c req-99f5dad4-496a-40c1-9786-2ff09c0b6c10 65adfe2bf8964b18b82952a876a2b1ab 325156447a0040458d84deebf3dd2953 - - 56f323a5b85d4dd1ba0cfa0619ef0951 56f323a5b85d4dd1ba0cfa0619ef0951] 199.19.213.75 "GET /allocations/969ba586-5803-4c38-93e6-392430604e71" status: 200 len: 257 microversion: 1.28 [pid: 8|app: 0|req: 319/637] 199.19.213.75 () {34 vars in 862 bytes} [Tue Aug 11 09:24:57 2026] GET /allocations/969ba586-5803-4c38-93e6-392430604e71 => generated 257 bytes in 13 msecs (HTTP/1.1 200) 8 headers in 296 bytes (1 switches on core 0)
2026-08-11 09:24:57.541 8 INFO placement.requestlog [None req-aebc56e8-a2d6-4c02-9280-aaf9f82d0a1a - - - - - -] 10.0.0.227 "GET /" status: 200 len: 136 microversion: 1.0
2026-08-11 09:24:57.544 7 INFO placement.requestlog [None req-9e400ad2-909f-4644-b360-d1612eb6292f - - - - - -] 10.0.0.227 "GET /" status: 200 len: 136 microversion: 1.0
2026-08-11 09:24:58.370 8 INFO placement.requestlog [req-6b6754ba-e191-449e-95d1-34314ad7b80c req-528a1f54-feb6-4491-ae2a-4ecae1357f4f 65adfe2bf8964b18b82952a876a2b1ab 325156447a0040458d84deebf3dd2953 - - 56f323a5b85d4dd1ba0cfa0619ef0951 56f323a5b85d4dd1ba0cfa0619ef0951] 199.19.213.75 "GET /resource_providers/028620ad-3834-4336-b0e6-efd446db2998/allocations" status: 200 len: 352 microversion: 1.0 [pid: 8|app: 0|req: 321/640] 199.19.213.75 () {32 vars in 856 bytes} [Tue Aug 11 09:24:58 2026] GET /resource_providers/028620ad-3834-4336-b0e6-efd446db2998/allocations => generated 352 bytes in 14 msecs (HTTP/1.1 200) 6 headers in 224 bytes (1 switches on core 0)
2026-08-11 09:24:58.385 7 INFO placement.requestlog [req-6b6754ba-e191-449e-95d1-34314ad7b80c req-c86f6826-3422-4360-ad1a-9be10e697fe9 65adfe2bf8964b18b82952a876a2b1ab 325156447a0040458d84deebf3dd2953 - - 56f323a5b85d4dd1ba0cfa0619ef0951 56f323a5b85d4dd1ba0cfa0619ef0951] 199.19.213.75 "GET /allocations/6a217091-d552-4872-8d9d-2fc955077310" status: 200 len: 257 microversion: 1.28 [pid: 7|app: 0|req: 320/641] 199.19.213.75 () {34 vars in 862 bytes} [Tue Aug 11 09:24:58 2026] GET /allocations/6a217091-d552-4872-8d9d-2fc955077310 => generated 257 bytes in 11 msecs (HTTP/1.1 200) 8 headers in 296 bytes (1 switches on core 0)
2026-08-11 09:24:58.404 8 INFO placement.requestlog [req-6b6754ba-e191-449e-95d1-34314ad7b80c req-ac96bf74-c6bd-4b5f-b79e-a333ea3d0bdd 65adfe2bf8964b18b82952a876a2b1ab 325156447a0040458d84deebf3dd2953 - - 56f323a5b85d4dd1ba0cfa0619ef0951 56f323a5b85d4dd1ba0cfa0619ef0951] 199.19.213.75 "GET /allocations/d68284d0-75b0-429d-8e65-f3b1eb6399b9" status: 200 len: 257 microversion: 1.28 [pid: 8|app: 0|req: 322/642] 199.19.213.75 () {34 vars in 862 bytes} [Tue Aug 11 09:24:58 2026] GET /allocations/d68284d0-75b0-429d-8e65-f3b1eb6399b9 => generated 257 bytes in 12 msecs (HTTP/1.1 200) 8 headers in 296 bytes (1 switches on core 0)
2026-08-11 09:24:58.435 7 INFO placement.requestlog [req-6b6754ba-e191-449e-95d1-34314ad7b80c req-56348372-404d-4b7f-b2e9-3ef63474ab7d 65adfe2bf8964b18b82952a876a2b1ab 325156447a0040458d84deebf3dd2953 - - 56f323a5b85d4dd1ba0cfa0619ef0951 56f323a5b85d4dd1ba0cfa0619ef0951] 199.19.213.75 "GET /allocations/969ba586-5803-4c38-93e6-392430604e71" status: 200 len: 257 microversion: 1.28 [pid: 7|app: 0|req: 321/643] 199.19.213.75 () {34 vars in 862 bytes} [Tue Aug 11 09:24:58 2026] GET /allocations/969ba586-5803-4c38-93e6-392430604e71 => generated 257 bytes in 24 msecs (HTTP/1.1 200) 8 headers in 296 bytes (1 switches on core 0)
2026-08-11 09:24:59.868 8 INFO placement.requestlog [req-7b38f538-2d37-4dcb-aaf5-1b9d904ecfc5 req-a325398a-cd7e-4db0-af6c-0cb029237b51 65adfe2bf8964b18b82952a876a2b1ab 325156447a0040458d84deebf3dd2953 - - 56f323a5b85d4dd1ba0cfa0619ef0951 56f323a5b85d4dd1ba0cfa0619ef0951] 10.0.0.205 "GET /allocation_candidates?limit=1000&resources=MEMORY_MB%3A512%2CVCPU%3A1&root_required=%21COMPUTE_STATUS_DISABLED" status: 200 len: 2770 microversion: 1.36 [pid: 8|app: 0|req: 323/644] 10.0.0.205 () {34 vars in 984 bytes} [Tue Aug 11 09:24:59 2026] GET /allocation_candidates?limit=1000&resources=MEMORY_MB%3A512%2CVCPU%3A1&root_required=%21COMPUTE_STATUS_DISABLED => generated 2770 bytes in 53 msecs (HTTP/1.1 200) 8 headers in 297 bytes (1 switches on core 0)
2026-08-11 09:24:59.898 7 INFO placement.requestlog [req-7b38f538-2d37-4dcb-aaf5-1b9d904ecfc5 req-49f0d68c-c4b9-46fe-a0b6-4b8eaa2611d1 65adfe2bf8964b18b82952a876a2b1ab 325156447a0040458d84deebf3dd2953 - - 56f323a5b85d4dd1ba0cfa0619ef0951 56f323a5b85d4dd1ba0cfa0619ef0951] 10.0.0.205 "GET /allocations/5ec4f743-d9ee-43d2-874c-b5410b3f5ad2" status: 200 len: 19 microversion: 1.28 [pid: 7|app: 0|req: 322/645] 10.0.0.205 () {34 vars in 861 bytes} [Tue Aug 11 09:24:59 2026] GET /allocations/5ec4f743-d9ee-43d2-874c-b5410b3f5ad2 => generated 19 bytes in 12 msecs (HTTP/1.1 200) 8 headers in 295 bytes (1 switches on core 0)
2026-08-11 09:25:00.000 8 INFO placement.requestlog [req-7b38f538-2d37-4dcb-aaf5-1b9d904ecfc5 req-dabd2b60-64e6-4f5e-91c1-1fd9cca589be 65adfe2bf8964b18b82952a876a2b1ab 325156447a0040458d84deebf3dd2953 - - 56f323a5b85d4dd1ba0cfa0619ef0951 56f323a5b85d4dd1ba0cfa0619ef0951] 10.0.0.205 "PUT /allocations/5ec4f743-d9ee-43d2-874c-b5410b3f5ad2" status: 204 len: 0 microversion: 1.36 [pid: 8|app: 0|req: 324/646] 10.0.0.205 () {38 vars in 914 bytes} [Tue Aug 11 09:24:59 2026] PUT /allocations/5ec4f743-d9ee-43d2-874c-b5410b3f5ad2 => generated 0 bytes in 84 msecs (HTTP/1.1 204) 5 headers in 199 bytes (1 switches on core 0)
2026-08-11 09:25:01.792 7 INFO placement.requestlog [req-7b38f538-2d37-4dcb-aaf5-1b9d904ecfc5 req-f86fe3b3-41b3-4012-973a-b4a41e4848af 65adfe2bf8964b18b82952a876a2b1ab 325156447a0040458d84deebf3dd2953 - - 56f323a5b85d4dd1ba0cfa0619ef0951 56f323a5b85d4dd1ba0cfa0619ef0951] 199.19.213.75 "GET /allocations/5ec4f743-d9ee-43d2-874c-b5410b3f5ad2" status: 200 len: 243 microversion: 1.28 [pid: 7|app: 0|req: 323/647] 199.19.213.75 () {34 vars in 862 bytes} [Tue Aug 11 09:25:01 2026] GET /allocations/5ec4f743-d9ee-43d2-874c-b5410b3f5ad2 => generated 243 bytes in 16 msecs (HTTP/1.1 200) 8 headers in 296 bytes (1 switches on core 0)
2026-08-11 09:25:02.837 8 INFO placement.requestlog [req-7b38f538-2d37-4dcb-aaf5-1b9d904ecfc5 req-9d14fe58-269e-4c7b-a48c-32e0038b1e8e 65adfe2bf8964b18b82952a876a2b1ab 325156447a0040458d84deebf3dd2953 - - 56f323a5b85d4dd1ba0cfa0619ef0951 56f323a5b85d4dd1ba0cfa0619ef0951] 199.19.213.75 "GET /resource_providers/028620ad-3834-4336-b0e6-efd446db2998/allocations" status: 200 len: 438 microversion: 1.0 [pid: 8|app: 0|req: 325/648] 199.19.213.75 () {32 vars in 856 bytes} [Tue Aug 11 09:25:02 2026] GET /resource_providers/028620ad-3834-4336-b0e6-efd446db2998/allocations => generated 438 bytes in 22 msecs (HTTP/1.1 200) 6 headers in 224 bytes (1 switches on core 0)
2026-08-11 09:25:02.869 7 INFO placement.requestlog [req-7b38f538-2d37-4dcb-aaf5-1b9d904ecfc5 req-477177d1-8b21-4989-8acf-a90bb6fd791c 65adfe2bf8964b18b82952a876a2b1ab 325156447a0040458d84deebf3dd2953 - - 56f323a5b85d4dd1ba0cfa0619ef0951 56f323a5b85d4dd1ba0cfa0619ef0951] 199.19.213.75 "GET /allocations/6a217091-d552-4872-8d9d-2fc955077310" status: 200 len: 257 microversion: 1.28 [pid: 7|app: 0|req: 324/649] 199.19.213.75 () {34 vars in 862 bytes} [Tue Aug 11 09:25:02 2026] GET /allocations/6a217091-d552-4872-8d9d-2fc955077310 => generated 257 bytes in 29 msecs (HTTP/1.1 200) 8 headers in 296 bytes (1 switches on core 0)
2026-08-11 09:25:02.896 8 INFO placement.requestlog [req-7b38f538-2d37-4dcb-aaf5-1b9d904ecfc5 req-66e1a921-40de-4034-9c95-2c5d872f2125 65adfe2bf8964b18b82952a876a2b1ab 325156447a0040458d84deebf3dd2953 - - 56f323a5b85d4dd1ba0cfa0619ef0951 56f323a5b85d4dd1ba0cfa0619ef0951] 199.19.213.75 "GET /allocations/5ec4f743-d9ee-43d2-874c-b5410b3f5ad2" status: 200 len: 243 microversion: 1.28 [pid: 8|app: 0|req: 326/650] 199.19.213.75 () {34 vars in 862 bytes} [Tue Aug 11 09:25:02 2026] GET /allocations/5ec4f743-d9ee-43d2-874c-b5410b3f5ad2 => generated 243 bytes in 13 msecs (HTTP/1.1 200) 8 headers in 296 bytes (1 switches on core 0)
2026-08-11 09:25:02.911 7 INFO placement.requestlog [req-7b38f538-2d37-4dcb-aaf5-1b9d904ecfc5 req-92831171-723d-431e-8612-ef8d5ba149f0 65adfe2bf8964b18b82952a876a2b1ab 325156447a0040458d84deebf3dd2953 - - 56f323a5b85d4dd1ba0cfa0619ef0951 56f323a5b85d4dd1ba0cfa0619ef0951] 199.19.213.75 "GET /allocations/d68284d0-75b0-429d-8e65-f3b1eb6399b9" status: 200 len: 257 microversion: 1.28 [pid: 7|app: 0|req: 325/651] 199.19.213.75 () {34 vars in 862 bytes} [Tue Aug 11 09:25:02 2026] GET /allocations/d68284d0-75b0-429d-8e65-f3b1eb6399b9 => generated 257 bytes in 11 msecs (HTTP/1.1 200) 8 headers in 296 bytes (1 switches on core 0)
2026-08-11 09:25:02.939 8 INFO placement.requestlog [req-7b38f538-2d37-4dcb-aaf5-1b9d904ecfc5 req-f010da72-6da1-4ecd-910e-275cb0110009 65adfe2bf8964b18b82952a876a2b1ab 325156447a0040458d84deebf3dd2953 - - 56f323a5b85d4dd1ba0cfa0619ef0951 56f323a5b85d4dd1ba0cfa0619ef0951] 199.19.213.75 "GET /allocations/969ba586-5803-4c38-93e6-392430604e71" status: 200 len: 257 microversion: 1.28 [pid: 8|app: 0|req: 327/652] 199.19.213.75 () {34 vars in 862 bytes} [Tue Aug 11 09:25:02 2026] GET /allocations/969ba586-5803-4c38-93e6-392430604e71 => generated 257 bytes in 25 msecs (HTTP/1.1 200) 8 headers in 296 bytes (1 switches on core 0)
2026-08-11 09:25:07.540 7 INFO placement.requestlog [None req-4acc3efc-7a9c-44b5-aedf-4abaafdc6026 - - - - - -] 10.0.0.227 "GET /" status: 200 len: 136 microversion: 1.0
2026-08-11 09:25:07.540 8 INFO placement.requestlog [None req-46549c5e-284f-4a41-8629-8317aa543913 - - - - - -] 10.0.0.227 "GET /" status: 200 len: 136 microversion: 1.0
2026-08-11 09:25:09.456 7 INFO placement.requestlog [req-a78bc84a-d875-40c3-99ee-8b825e8673e9 req-edfdc79f-f2cd-4b40-b1ed-ad8490f65ac5 65adfe2bf8964b18b82952a876a2b1ab 325156447a0040458d84deebf3dd2953 - - 56f323a5b85d4dd1ba0cfa0619ef0951 56f323a5b85d4dd1ba0cfa0619ef0951] 199.19.213.75 "GET /resource_providers/028620ad-3834-4336-b0e6-efd446db2998/allocations" status: 200 len: 438 microversion: 1.0 [pid: 7|app: 0|req: 327/655] 199.19.213.75 () {32 vars in 856 bytes} [Tue Aug 11 09:25:09 2026] GET /resource_providers/028620ad-3834-4336-b0e6-efd446db2998/allocations => generated 438 bytes in 21 msecs (HTTP/1.1 200) 6 headers in 224 bytes (1 switches on core 0)
2026-08-11 09:25:09.473 8 INFO placement.requestlog [req-a78bc84a-d875-40c3-99ee-8b825e8673e9 req-03672995-de89-497f-8c53-a631d8bccda3 65adfe2bf8964b18b82952a876a2b1ab 325156447a0040458d84deebf3dd2953 - - 56f323a5b85d4dd1ba0cfa0619ef0951 56f323a5b85d4dd1ba0cfa0619ef0951] 199.19.213.75 "GET /allocations/6a217091-d552-4872-8d9d-2fc955077310" status: 200 len: 257 microversion: 1.28 [pid: 8|app: 0|req: 329/656] 199.19.213.75 () {34 vars in 862 bytes} [Tue Aug 11 09:25:09 2026] GET /allocations/6a217091-d552-4872-8d9d-2fc955077310 => generated 257 bytes in 11 msecs (HTTP/1.1 200) 8 headers in 296 bytes (1 switches on core 0)
2026-08-11 09:25:09.495 7 INFO placement.requestlog [req-a78bc84a-d875-40c3-99ee-8b825e8673e9 req-95392b08-6458-4c91-8a0a-4c4628c438f0 65adfe2bf8964b18b82952a876a2b1ab 325156447a0040458d84deebf3dd2953 - - 56f323a5b85d4dd1ba0cfa0619ef0951 56f323a5b85d4dd1ba0cfa0619ef0951] 199.19.213.75 "GET /allocations/5ec4f743-d9ee-43d2-874c-b5410b3f5ad2" status: 200 len: 243 microversion: 1.28 [pid: 7|app: 0|req: 328/657] 199.19.213.75 () {34 vars in 862 bytes} [Tue Aug 11 09:25:09 2026] GET /allocations/5ec4f743-d9ee-43d2-874c-b5410b3f5ad2 => generated 243 bytes in 13 msecs (HTTP/1.1 200) 8 headers in 296 bytes (1 switches on core 0)
2026-08-11 09:25:09.515 8 INFO placement.requestlog [req-a78bc84a-d875-40c3-99ee-8b825e8673e9 req-df04d975-79dd-4913-a8d6-cc898fcc4907 65adfe2bf8964b18b82952a876a2b1ab 325156447a0040458d84deebf3dd2953 - - 56f323a5b85d4dd1ba0cfa0619ef0951 56f323a5b85d4dd1ba0cfa0619ef0951] 199.19.213.75 "GET /allocations/d68284d0-75b0-429d-8e65-f3b1eb6399b9" status: 200 len: 257 microversion: 1.28 [pid: 8|app: 0|req: 330/658] 199.19.213.75 () {34 vars in 862 bytes} [Tue Aug 11 09:25:09 2026] GET /allocations/d68284d0-75b0-429d-8e65-f3b1eb6399b9 => generated 257 bytes in 11 msecs (HTTP/1.1 200) 8 headers in 296 bytes (1 switches on core 0)
2026-08-11 09:25:09.534 7 INFO placement.requestlog [req-a78bc84a-d875-40c3-99ee-8b825e8673e9 req-64bea55b-eb94-44f3-ac38-cbc8daa206d8 65adfe2bf8964b18b82952a876a2b1ab 325156447a0040458d84deebf3dd2953 - - 56f323a5b85d4dd1ba0cfa0619ef0951 56f323a5b85d4dd1ba0cfa0619ef0951] 199.19.213.75 "GET /allocations/969ba586-5803-4c38-93e6-392430604e71" status: 200 len: 257 microversion: 1.28 [pid: 7|app: 0|req: 329/659] 199.19.213.75 () {34 vars in 862 bytes} [Tue Aug 11 09:25:09 2026] GET /allocations/969ba586-5803-4c38-93e6-392430604e71 => generated 257 bytes in 14 msecs (HTTP/1.1 200) 8 headers in 296 bytes (1 switches on core 0)
2026-08-11 09:25:10.587 8 INFO placement.requestlog [req-a78bc84a-d875-40c3-99ee-8b825e8673e9 req-7dfd595f-3e42-402c-9c8c-5ae7ba9d3e13 65adfe2bf8964b18b82952a876a2b1ab 325156447a0040458d84deebf3dd2953 - - 56f323a5b85d4dd1ba0cfa0619ef0951 56f323a5b85d4dd1ba0cfa0619ef0951] 199.19.213.75 "DELETE /allocations/6a217091-d552-4872-8d9d-2fc955077310" status: 204 len: 0 microversion: 1.0 [pid: 8|app: 0|req: 331/660] 199.19.213.75 () {34 vars in 840 bytes} [Tue Aug 11 09:25:10 2026] DELETE /allocations/6a217091-d552-4872-8d9d-2fc955077310 => generated 0 bytes in 30 msecs (HTTP/1.1 204) 5 headers in 198 bytes (1 switches on core 0)
2026-08-11 09:25:13.832 7 INFO placement.requestlog [None req-75bf8de1-f9e8-4cd4-9f51-8f9dbbe4360a 69ec46b2e110456d9bce3ef8168f3c62 325156447a0040458d84deebf3dd2953 - - 56f323a5b85d4dd1ba0cfa0619ef0951 56f323a5b85d4dd1ba0cfa0619ef0951] 10.0.0.72 "GET /resource_providers/e9ad0950-42fc-409e-84a1-bd00d160e753/aggregates" status: 404 len: 235 microversion: 1.1 [pid: 7|app: 0|req: 330/661] 10.0.0.72 () {32 vars in 815 bytes} [Tue Aug 11 09:25:13 2026] GET /resource_providers/e9ad0950-42fc-409e-84a1-bd00d160e753/aggregates => generated 235 bytes in 11 msecs (HTTP/1.1 404) 5 headers in 202 bytes (1 switches on core 0)
2026-08-11 09:25:13.842 8 INFO placement.requestlog [None req-46598f1c-51dc-41d0-9529-7d516b096e4d 69ec46b2e110456d9bce3ef8168f3c62 325156447a0040458d84deebf3dd2953 - - 56f323a5b85d4dd1ba0cfa0619ef0951 56f323a5b85d4dd1ba0cfa0619ef0951] 10.0.0.72 "GET /resource_providers/e9ad0950-42fc-409e-84a1-bd00d160e753/aggregates" status: 404 len: 235 microversion: 1.1 [pid: 8|app: 0|req: 332/662] 10.0.0.72 () {32 vars in 815 bytes} [Tue Aug 11 09:25:13 2026] GET /resource_providers/e9ad0950-42fc-409e-84a1-bd00d160e753/aggregates => generated 235 bytes in 12 msecs (HTTP/1.1 404) 5 headers in 202 bytes (1 switches on core 0)
2026-08-11 09:25:13.850 7 INFO placement.requestlog [None req-563b6065-b608-42c4-ba10-e55b12a3630c 69ec46b2e110456d9bce3ef8168f3c62 325156447a0040458d84deebf3dd2953 - - 56f323a5b85d4dd1ba0cfa0619ef0951 56f323a5b85d4dd1ba0cfa0619ef0951] 10.0.0.72 "DELETE /resource_providers/e9ad0950-42fc-409e-84a1-bd00d160e753" status: 404 len: 246 microversion: 1.1 [pid: 7|app: 0|req: 331/663] 10.0.0.72 () {34 vars in 815 bytes} [Tue Aug 11 09:25:13 2026] DELETE /resource_providers/e9ad0950-42fc-409e-84a1-bd00d160e753 => generated 246 bytes in 11 msecs (HTTP/1.1 404) 6 headers in 231 bytes (1 switches on core 0)
2026-08-11 09:25:13.862 8 INFO placement.requestlog [None req-f9abf229-fd1b-4acc-a363-55df5c738153 69ec46b2e110456d9bce3ef8168f3c62 325156447a0040458d84deebf3dd2953 - - 56f323a5b85d4dd1ba0cfa0619ef0951 56f323a5b85d4dd1ba0cfa0619ef0951] 10.0.0.72 "DELETE /resource_providers/e9ad0950-42fc-409e-84a1-bd00d160e753" status: 404 len: 246 microversion: 1.1 [pid: 8|app: 0|req: 333/664] 10.0.0.72 () {34 vars in 815 bytes} [Tue Aug 11 09:25:13 2026] DELETE /resource_providers/e9ad0950-42fc-409e-84a1-bd00d160e753 => generated 246 bytes in 9 msecs (HTTP/1.1 404) 6 headers in 231 bytes (1 switches on core 0)
2026-08-11 09:25:14.462 7 INFO placement.requestlog [req-fb97ecdc-4f52-4826-9b36-93f06876cc83 req-0aae83a7-4c82-400c-a454-c15931e46d5d 65adfe2bf8964b18b82952a876a2b1ab 325156447a0040458d84deebf3dd2953 - - 56f323a5b85d4dd1ba0cfa0619ef0951 56f323a5b85d4dd1ba0cfa0619ef0951] 199.19.213.75 "GET /resource_providers/028620ad-3834-4336-b0e6-efd446db2998/allocations" status: 200 len: 338 microversion: 1.0 [pid: 7|app: 0|req: 332/665] 199.19.213.75 () {32 vars in 856 bytes} [Tue Aug 11 09:25:14 2026] GET /resource_providers/028620ad-3834-4336-b0e6-efd446db2998/allocations => generated 338 bytes in 33 msecs (HTTP/1.1 200) 6 headers in 224 bytes (1 switches on core 0)
2026-08-11 09:25:14.477 8 INFO placement.requestlog [req-fb97ecdc-4f52-4826-9b36-93f06876cc83 req-eaaa4723-a5dd-46a7-bce1-28f824e9e833 65adfe2bf8964b18b82952a876a2b1ab 325156447a0040458d84deebf3dd2953 - - 56f323a5b85d4dd1ba0cfa0619ef0951 56f323a5b85d4dd1ba0cfa0619ef0951] 199.19.213.75 "GET /allocations/969ba586-5803-4c38-93e6-392430604e71" status: 200 len: 257 microversion: 1.28 [pid: 8|app: 0|req: 334/666] 199.19.213.75 () {34 vars in 862 bytes} [Tue Aug 11 09:25:14 2026] GET /allocations/969ba586-5803-4c38-93e6-392430604e71 => generated 257 bytes in 10 msecs (HTTP/1.1 200) 8 headers in 296 bytes (1 switches on core 0)
2026-08-11 09:25:14.504 7 INFO placement.requestlog [req-fb97ecdc-4f52-4826-9b36-93f06876cc83 req-80b7512c-3d55-44a0-9871-7dda1e9727f6 65adfe2bf8964b18b82952a876a2b1ab 325156447a0040458d84deebf3dd2953 - - 56f323a5b85d4dd1ba0cfa0619ef0951 56f323a5b85d4dd1ba0cfa0619ef0951] 199.19.213.75 "GET /allocations/5ec4f743-d9ee-43d2-874c-b5410b3f5ad2" status: 200 len: 243 microversion: 1.28 [pid: 7|app: 0|req: 333/667] 199.19.213.75 () {34 vars in 862 bytes} [Tue Aug 11 09:25:14 2026] GET /allocations/5ec4f743-d9ee-43d2-874c-b5410b3f5ad2 => generated 243 bytes in 15 msecs (HTTP/1.1 200) 8 headers in 296 bytes (1 switches on core 0)
2026-08-11 09:25:14.536 8 INFO placement.requestlog [req-fb97ecdc-4f52-4826-9b36-93f06876cc83 req-7e64ae54-ab0a-430a-8e26-369eda82790b 65adfe2bf8964b18b82952a876a2b1ab 325156447a0040458d84deebf3dd2953 - - 56f323a5b85d4dd1ba0cfa0619ef0951 56f323a5b85d4dd1ba0cfa0619ef0951] 199.19.213.75 "GET /allocations/d68284d0-75b0-429d-8e65-f3b1eb6399b9" status: 200 len: 257 microversion: 1.28 [pid: 8|app: 0|req: 335/668] 199.19.213.75 () {34 vars in 862 bytes} [Tue Aug 11 09:25:14 2026] GET /allocations/d68284d0-75b0-429d-8e65-f3b1eb6399b9 => generated 257 bytes in 25 msecs (HTTP/1.1 200) 8 headers in 296 bytes (1 switches on core 0)
2026-08-11 09:25:15.590 7 INFO placement.requestlog [req-fb97ecdc-4f52-4826-9b36-93f06876cc83 req-04531c50-e443-4034-9590-0ff01f58fb1b 65adfe2bf8964b18b82952a876a2b1ab 325156447a0040458d84deebf3dd2953 - - 56f323a5b85d4dd1ba0cfa0619ef0951 56f323a5b85d4dd1ba0cfa0619ef0951] 199.19.213.75 "DELETE /allocations/969ba586-5803-4c38-93e6-392430604e71" status: 204 len: 0 microversion: 1.0 [pid: 7|app: 0|req: 334/669] 199.19.213.75 () {34 vars in 840 bytes} [Tue Aug 11 09:25:15 2026] DELETE /allocations/969ba586-5803-4c38-93e6-392430604e71 => generated 0 bytes in 26 msecs (HTTP/1.1 204) 5 headers in 198 bytes (1 switches on core 0)
2026-08-11 09:25:15.869 8 INFO placement.requestlog [None req-b48e22d3-a05b-4475-8e5c-193a35b8397c 69ec46b2e110456d9bce3ef8168f3c62 325156447a0040458d84deebf3dd2953 - - 56f323a5b85d4dd1ba0cfa0619ef0951 56f323a5b85d4dd1ba0cfa0619ef0951] 10.0.0.72 "GET /resource_providers/0f95208c-70ec-4937-9e60-1d50aee0b5fc/aggregates" status: 404 len: 235 microversion: 1.1 [pid: 8|app: 0|req: 336/670] 10.0.0.72 () {32 vars in 815 bytes} [Tue Aug 11 09:25:15 2026] GET /resource_providers/0f95208c-70ec-4937-9e60-1d50aee0b5fc/aggregates => generated 235 bytes in 9 msecs (HTTP/1.1 404) 5 headers in 202 bytes (1 switches on core 0)
2026-08-11 09:25:15.881 7 INFO placement.requestlog [None req-c8084e37-940c-4795-88ed-0bab794786e4 69ec46b2e110456d9bce3ef8168f3c62 325156447a0040458d84deebf3dd2953 - - 56f323a5b85d4dd1ba0cfa0619ef0951 56f323a5b85d4dd1ba0cfa0619ef0951] 10.0.0.72 "GET /resource_providers/0f95208c-70ec-4937-9e60-1d50aee0b5fc/aggregates" status: 404 len: 235 microversion: 1.1 [pid: 7|app: 0|req: 335/671] 10.0.0.72 () {32 vars in 815 bytes} [Tue Aug 11 09:25:15 2026] GET /resource_providers/0f95208c-70ec-4937-9e60-1d50aee0b5fc/aggregates => generated 235 bytes in 11 msecs (HTTP/1.1 404) 5 headers in 202 bytes (1 switches on core 0)
2026-08-11 09:25:15.887 8 INFO placement.requestlog [None req-9700cda3-86fd-4911-b3b7-22d271adfc30 69ec46b2e110456d9bce3ef8168f3c62 325156447a0040458d84deebf3dd2953 - - 56f323a5b85d4dd1ba0cfa0619ef0951 56f323a5b85d4dd1ba0cfa0619ef0951] 10.0.0.72 "DELETE /resource_providers/0f95208c-70ec-4937-9e60-1d50aee0b5fc" status: 404 len: 246 microversion: 1.1 [pid: 8|app: 0|req: 337/672] 10.0.0.72 () {34 vars in 815 bytes} [Tue Aug 11 09:25:15 2026] DELETE /resource_providers/0f95208c-70ec-4937-9e60-1d50aee0b5fc => generated 246 bytes in 9 msecs (HTTP/1.1 404) 6 headers in 231 bytes (1 switches on core 0)
