2026-08-11 09:30:32.329 7 INFO placement.requestlog [req-36b0ce4d-da74-457c-9436-f2cd3b80a3ed req-c55dce06-6085-464a-8261-e0a757a72d37 65adfe2bf8964b18b82952a876a2b1ab 325156447a0040458d84deebf3dd2953 - - 56f323a5b85d4dd1ba0cfa0619ef0951 56f323a5b85d4dd1ba0cfa0619ef0951] 199.19.213.75 "GET /resource_providers/028620ad-3834-4336-b0e6-efd446db2998/allocations" status: 200 len: 340 microversion: 1.0 [pid: 7|app: 0|req: 601/1200] 199.19.213.75 () {32 vars in 856 bytes} [Tue Aug 11 09:30:32 2026] GET /resource_providers/028620ad-3834-4336-b0e6-efd446db2998/allocations => generated 340 bytes in 17 msecs (HTTP/1.1 200) 6 headers in 224 bytes (1 switches on core 0)
2026-08-11 09:30:32.367 8 INFO placement.requestlog [req-36b0ce4d-da74-457c-9436-f2cd3b80a3ed req-0aa70084-242d-42ba-82e9-762a1bdf92ff 65adfe2bf8964b18b82952a876a2b1ab 325156447a0040458d84deebf3dd2953 - - 56f323a5b85d4dd1ba0cfa0619ef0951 56f323a5b85d4dd1ba0cfa0619ef0951] 199.19.213.75 "GET /resource_providers/028620ad-3834-4336-b0e6-efd446db2998/allocations" status: 200 len: 340 microversion: 1.0 [pid: 8|app: 0|req: 600/1201] 199.19.213.75 () {32 vars in 856 bytes} [Tue Aug 11 09:30:32 2026] GET /resource_providers/028620ad-3834-4336-b0e6-efd446db2998/allocations => generated 340 bytes in 31 msecs (HTTP/1.1 200) 6 headers in 224 bytes (1 switches on core 0)
2026-08-11 09:30:32.381 7 INFO placement.requestlog [req-36b0ce4d-da74-457c-9436-f2cd3b80a3ed req-3570fbef-49fa-4973-bad8-392db24fe7a3 65adfe2bf8964b18b82952a876a2b1ab 325156447a0040458d84deebf3dd2953 - - 56f323a5b85d4dd1ba0cfa0619ef0951 56f323a5b85d4dd1ba0cfa0619ef0951] 199.19.213.75 "GET /allocations/4ce53dcd-f104-439f-961c-627802d3803d" status: 200 len: 245 microversion: 1.28 [pid: 7|app: 0|req: 602/1202] 199.19.213.75 () {34 vars in 862 bytes} [Tue Aug 11 09:30:32 2026] GET /allocations/4ce53dcd-f104-439f-961c-627802d3803d => generated 245 bytes in 10 msecs (HTTP/1.1 200) 8 headers in 296 bytes (1 switches on core 0)
2026-08-11 09:30:32.398 8 INFO placement.requestlog [req-36b0ce4d-da74-457c-9436-f2cd3b80a3ed req-3f796316-e7ad-4ed3-b87d-1641d3158281 65adfe2bf8964b18b82952a876a2b1ab 325156447a0040458d84deebf3dd2953 - - 56f323a5b85d4dd1ba0cfa0619ef0951 56f323a5b85d4dd1ba0cfa0619ef0951] 199.19.213.75 "GET /allocations/2b6c5379-40d4-4b66-8f63-0e59a0951c56" status: 200 len: 258 microversion: 1.28 [pid: 8|app: 0|req: 601/1203] 199.19.213.75 () {34 vars in 862 bytes} [Tue Aug 11 09:30:32 2026] GET /allocations/2b6c5379-40d4-4b66-8f63-0e59a0951c56 => generated 258 bytes in 12 msecs (HTTP/1.1 200) 8 headers in 296 bytes (1 switches on core 0)
2026-08-11 09:30:32.416 7 INFO placement.requestlog [req-36b0ce4d-da74-457c-9436-f2cd3b80a3ed req-f60163d9-521c-4115-a3e0-f016e921ff37 65adfe2bf8964b18b82952a876a2b1ab 325156447a0040458d84deebf3dd2953 - - 56f323a5b85d4dd1ba0cfa0619ef0951 56f323a5b85d4dd1ba0cfa0619ef0951] 199.19.213.75 "GET /allocations/1f1ed971-e3b0-4c7a-bb19-b473487208a4" status: 200 len: 258 microversion: 1.28 [pid: 7|app: 0|req: 603/1204] 199.19.213.75 () {34 vars in 862 bytes} [Tue Aug 11 09:30:32 2026] GET /allocations/1f1ed971-e3b0-4c7a-bb19-b473487208a4 => generated 258 bytes in 13 msecs (HTTP/1.1 200) 8 headers in 296 bytes (1 switches on core 0)
2026-08-11 09:30:37.541 7 INFO placement.requestlog [None req-1f50ab4d-8540-4158-9ee3-34f006051bf9 - - - - - -] 10.0.0.227 "GET /" status: 200 len: 136 microversion: 1.0
2026-08-11 09:30:37.541 8 INFO placement.requestlog [None req-42aa00f3-02e7-4ad6-bab3-fc02ddddc33e - - - - - -] 10.0.0.227 "GET /" status: 200 len: 136 microversion: 1.0
2026-08-11 09:30:47.541 7 INFO placement.requestlog [None req-6b9e3654-661a-4904-933a-7bd4a68d4c8f - - - - - -] 10.0.0.227 "GET /" status: 200 len: 136 microversion: 1.0
2026-08-11 09:30:47.544 8 INFO placement.requestlog [None req-80e012d5-f11d-4ed0-9238-f570ee3f68d6 - - - - - -] 10.0.0.227 "GET /" status: 200 len: 136 microversion: 1.0
2026-08-11 09:30:57.541 8 INFO placement.requestlog [None req-9e7000da-b878-4108-82e4-2bfb62531472 - - - - - -] 10.0.0.227 "GET /" status: 200 len: 136 microversion: 1.0
2026-08-11 09:30:57.542 7 INFO placement.requestlog [None req-82a8354e-6a5f-47d2-84c1-51ffba305c66 - - - - - -] 10.0.0.227 "GET /" status: 200 len: 136 microversion: 1.0
2026-08-11 09:31:07.541 8 INFO placement.requestlog [None req-7c611c94-546f-4112-a759-faf75b064f5b - - - - - -] 10.0.0.227 "GET /" status: 200 len: 136 microversion: 1.0
2026-08-11 09:31:07.541 7 INFO placement.requestlog [None req-9695b80c-7d02-4d9b-88a1-20036f26db28 - - - - - -] 10.0.0.227 "GET /" status: 200 len: 136 microversion: 1.0
2026-08-11 09:31:17.541 7 INFO placement.requestlog [None req-1f1e5433-66c3-472d-9b49-8c3e6d9242bd - - - - - -] 10.0.0.227 "GET /" status: 200 len: 136 microversion: 1.0
2026-08-11 09:31:17.542 8 INFO placement.requestlog [None req-0e6e3f7f-4b3b-4e8c-8fb9-926811416bf7 - - - - - -] 10.0.0.227 "GET /" status: 200 len: 136 microversion: 1.0
2026-08-11 09:31:27.540 8 INFO placement.requestlog [None req-b831327c-bd3a-4858-b293-0f71814082c6 - - - - - -] 10.0.0.227 "GET /" status: 200 len: 136 microversion: 1.0
2026-08-11 09:31:27.540 7 INFO placement.requestlog [None req-f5ee52c7-bc44-4331-84e9-283693fa4490 - - - - - -] 10.0.0.227 "GET /" status: 200 len: 136 microversion: 1.0
2026-08-11 09:31:32.291 8 INFO placement.requestlog [req-3d19e3cd-f49a-4841-ae3a-2c7223e7ea4e req-59984127-0d1f-4776-9ae7-e399a9faa3f9 65adfe2bf8964b18b82952a876a2b1ab 325156447a0040458d84deebf3dd2953 - - 56f323a5b85d4dd1ba0cfa0619ef0951 56f323a5b85d4dd1ba0cfa0619ef0951] 199.19.213.75 "GET /resource_providers/028620ad-3834-4336-b0e6-efd446db2998/allocations" status: 200 len: 340 microversion: 1.0 [pid: 8|app: 0|req: 608/1217] 199.19.213.75 () {32 vars in 856 bytes} [Tue Aug 11 09:31:32 2026] GET /resource_providers/028620ad-3834-4336-b0e6-efd446db2998/allocations => generated 340 bytes in 17 msecs (HTTP/1.1 200) 6 headers in 224 bytes (1 switches on core 0)
2026-08-11 09:31:32.317 7 INFO placement.requestlog [req-3d19e3cd-f49a-4841-ae3a-2c7223e7ea4e req-6a49bad1-3515-44df-81c7-0b44bdf8ced5 65adfe2bf8964b18b82952a876a2b1ab 325156447a0040458d84deebf3dd2953 - - 56f323a5b85d4dd1ba0cfa0619ef0951 56f323a5b85d4dd1ba0cfa0619ef0951] 199.19.213.75 "GET /resource_providers/028620ad-3834-4336-b0e6-efd446db2998/allocations" status: 200 len: 340 microversion: 1.0 [pid: 7|app: 0|req: 610/1218] 199.19.213.75 () {32 vars in 856 bytes} [Tue Aug 11 09:31:32 2026] GET /resource_providers/028620ad-3834-4336-b0e6-efd446db2998/allocations => generated 340 bytes in 18 msecs (HTTP/1.1 200) 6 headers in 224 bytes (1 switches on core 0)
2026-08-11 09:31:32.336 8 INFO placement.requestlog [req-3d19e3cd-f49a-4841-ae3a-2c7223e7ea4e req-8227e1e9-0e80-4e47-86a4-083e2ca866df 65adfe2bf8964b18b82952a876a2b1ab 325156447a0040458d84deebf3dd2953 - - 56f323a5b85d4dd1ba0cfa0619ef0951 56f323a5b85d4dd1ba0cfa0619ef0951] 199.19.213.75 "GET /allocations/4ce53dcd-f104-439f-961c-627802d3803d" status: 200 len: 245 microversion: 1.28 [pid: 8|app: 0|req: 609/1219] 199.19.213.75 () {34 vars in 862 bytes} [Tue Aug 11 09:31:32 2026] GET /allocations/4ce53dcd-f104-439f-961c-627802d3803d => generated 245 bytes in 14 msecs (HTTP/1.1 200) 8 headers in 296 bytes (1 switches on core 0)
2026-08-11 09:31:32.355 7 INFO placement.requestlog [req-3d19e3cd-f49a-4841-ae3a-2c7223e7ea4e req-48724d78-dece-4f9d-879d-da96094b4945 65adfe2bf8964b18b82952a876a2b1ab 325156447a0040458d84deebf3dd2953 - - 56f323a5b85d4dd1ba0cfa0619ef0951 56f323a5b85d4dd1ba0cfa0619ef0951] 199.19.213.75 "GET /allocations/2b6c5379-40d4-4b66-8f63-0e59a0951c56" status: 200 len: 258 microversion: 1.28 [pid: 7|app: 0|req: 611/1220] 199.19.213.75 () {34 vars in 862 bytes} [Tue Aug 11 09:31:32 2026] GET /allocations/2b6c5379-40d4-4b66-8f63-0e59a0951c56 => generated 258 bytes in 11 msecs (HTTP/1.1 200) 8 headers in 296 bytes (1 switches on core 0)
2026-08-11 09:31:32.372 8 INFO placement.requestlog [req-3d19e3cd-f49a-4841-ae3a-2c7223e7ea4e req-11847c47-7a43-4cac-bb57-22d10ca84271 65adfe2bf8964b18b82952a876a2b1ab 325156447a0040458d84deebf3dd2953 - - 56f323a5b85d4dd1ba0cfa0619ef0951 56f323a5b85d4dd1ba0cfa0619ef0951] 199.19.213.75 "GET /allocations/1f1ed971-e3b0-4c7a-bb19-b473487208a4" status: 200 len: 258 microversion: 1.28 [pid: 8|app: 0|req: 610/1221] 199.19.213.75 () {34 vars in 862 bytes} [Tue Aug 11 09:31:32 2026] GET /allocations/1f1ed971-e3b0-4c7a-bb19-b473487208a4 => generated 258 bytes in 14 msecs (HTTP/1.1 200) 8 headers in 296 bytes (1 switches on core 0)
2026-08-11 09:31:37.540 7 INFO placement.requestlog [None req-d66fce53-a338-4102-abae-f4632b7df7a6 - - - - - -] 10.0.0.227 "GET /" status: 200 len: 136 microversion: 1.0
2026-08-11 09:31:37.541 8 INFO placement.requestlog [None req-854ea8d7-8262-4138-9d6b-a195d6f755c6 - - - - - -] 10.0.0.227 "GET /" status: 200 len: 136 microversion: 1.0
2026-08-11 09:31:47.541 7 INFO placement.requestlog [None req-a45168aa-9d6b-4a14-8f65-c9dd035a8b1f - - - - - -] 10.0.0.227 "GET /" status: 200 len: 136 microversion: 1.0
2026-08-11 09:31:47.541 8 INFO placement.requestlog [None req-b627fd3f-2577-40b9-b2eb-0f0b0a440489 - - - - - -] 10.0.0.227 "GET /" status: 200 len: 136 microversion: 1.0
2026-08-11 09:31:55.950 7 INFO placement.requestlog [req-30312229-afd4-4867-a276-63ff6aa6f369 req-ec6d6db1-5d2e-488d-b5b6-a15572328b2d 65adfe2bf8964b18b82952a876a2b1ab 325156447a0040458d84deebf3dd2953 - - 56f323a5b85d4dd1ba0cfa0619ef0951 56f323a5b85d4dd1ba0cfa0619ef0951] 199.19.213.75 "GET /resource_providers/028620ad-3834-4336-b0e6-efd446db2998/allocations" status: 200 len: 340 microversion: 1.0 [pid: 7|app: 0|req: 614/1226] 199.19.213.75 () {32 vars in 856 bytes} [Tue Aug 11 09:31:55 2026] GET /resource_providers/028620ad-3834-4336-b0e6-efd446db2998/allocations => generated 340 bytes in 20 msecs (HTTP/1.1 200) 6 headers in 224 bytes (1 switches on core 0)
2026-08-11 09:31:55.968 8 INFO placement.requestlog [req-30312229-afd4-4867-a276-63ff6aa6f369 req-a951cf89-772d-4758-96bc-33fa554d1345 65adfe2bf8964b18b82952a876a2b1ab 325156447a0040458d84deebf3dd2953 - - 56f323a5b85d4dd1ba0cfa0619ef0951 56f323a5b85d4dd1ba0cfa0619ef0951] 199.19.213.75 "GET /allocations/4ce53dcd-f104-439f-961c-627802d3803d" status: 200 len: 245 microversion: 1.28 [pid: 8|app: 0|req: 613/1227] 199.19.213.75 () {34 vars in 862 bytes} [Tue Aug 11 09:31:55 2026] GET /allocations/4ce53dcd-f104-439f-961c-627802d3803d => generated 245 bytes in 13 msecs (HTTP/1.1 200) 8 headers in 296 bytes (1 switches on core 0)
2026-08-11 09:31:55.996 7 INFO placement.requestlog [req-30312229-afd4-4867-a276-63ff6aa6f369 req-ed1675c0-7725-4fc1-950c-076c816040b2 65adfe2bf8964b18b82952a876a2b1ab 325156447a0040458d84deebf3dd2953 - - 56f323a5b85d4dd1ba0cfa0619ef0951 56f323a5b85d4dd1ba0cfa0619ef0951] 199.19.213.75 "GET /allocations/2b6c5379-40d4-4b66-8f63-0e59a0951c56" status: 200 len: 258 microversion: 1.28 [pid: 7|app: 0|req: 615/1228] 199.19.213.75 () {34 vars in 862 bytes} [Tue Aug 11 09:31:55 2026] GET /allocations/2b6c5379-40d4-4b66-8f63-0e59a0951c56 => generated 258 bytes in 22 msecs (HTTP/1.1 200) 8 headers in 296 bytes (1 switches on core 0)
2026-08-11 09:31:56.019 8 INFO placement.requestlog [req-30312229-afd4-4867-a276-63ff6aa6f369 req-a16604e6-1237-4beb-aaae-a09c45028f27 65adfe2bf8964b18b82952a876a2b1ab 325156447a0040458d84deebf3dd2953 - - 56f323a5b85d4dd1ba0cfa0619ef0951 56f323a5b85d4dd1ba0cfa0619ef0951] 199.19.213.75 "GET /allocations/1f1ed971-e3b0-4c7a-bb19-b473487208a4" status: 200 len: 258 microversion: 1.28 [pid: 8|app: 0|req: 614/1229] 199.19.213.75 () {34 vars in 862 bytes} [Tue Aug 11 09:31:56 2026] GET /allocations/1f1ed971-e3b0-4c7a-bb19-b473487208a4 => generated 258 bytes in 18 msecs (HTTP/1.1 200) 8 headers in 296 bytes (1 switches on core 0)
2026-08-11 09:31:57.065 7 INFO placement.requestlog [req-30312229-afd4-4867-a276-63ff6aa6f369 req-dd995f81-0609-4859-9725-93b86a45af7d 65adfe2bf8964b18b82952a876a2b1ab 325156447a0040458d84deebf3dd2953 - - 56f323a5b85d4dd1ba0cfa0619ef0951 56f323a5b85d4dd1ba0cfa0619ef0951] 199.19.213.75 "DELETE /allocations/4ce53dcd-f104-439f-961c-627802d3803d" status: 204 len: 0 microversion: 1.0 [pid: 7|app: 0|req: 616/1230] 199.19.213.75 () {34 vars in 840 bytes} [Tue Aug 11 09:31:57 2026] DELETE /allocations/4ce53dcd-f104-439f-961c-627802d3803d => generated 0 bytes in 24 msecs (HTTP/1.1 204) 5 headers in 198 bytes (1 switches on core 0)
2026-08-11 09:31:57.547 7 INFO placement.requestlog [None req-5ae4ada5-bcfd-4fb4-a519-6b781bb3c936 - - - - - -] 10.0.0.227 "GET /" status: 200 len: 136 microversion: 1.0
2026-08-11 09:31:57.547 8 INFO placement.requestlog [None req-a8f0743f-4fdb-4937-b3d3-3c787a921674 - - - - - -] 10.0.0.227 "GET /" status: 200 len: 136 microversion: 1.0
2026-08-11 09:31:59.393 8 INFO placement.requestlog [req-28747ce0-ff17-4a14-949c-07f42a532d14 req-fc2af2b1-470b-4630-8941-0f35307aa68d 65adfe2bf8964b18b82952a876a2b1ab 325156447a0040458d84deebf3dd2953 - - 56f323a5b85d4dd1ba0cfa0619ef0951 56f323a5b85d4dd1ba0cfa0619ef0951] 199.19.213.75 "GET /resource_providers/028620ad-3834-4336-b0e6-efd446db2998/allocations" status: 200 len: 253 microversion: 1.0 [pid: 8|app: 0|req: 616/1233] 199.19.213.75 () {32 vars in 856 bytes} [Tue Aug 11 09:31:59 2026] GET /resource_providers/028620ad-3834-4336-b0e6-efd446db2998/allocations => generated 253 bytes in 19 msecs (HTTP/1.1 200) 6 headers in 224 bytes (1 switches on core 0)
2026-08-11 09:31:59.417 7 INFO placement.requestlog [req-28747ce0-ff17-4a14-949c-07f42a532d14 req-439a7606-4a87-4ede-8d8b-a3a14f5094a2 65adfe2bf8964b18b82952a876a2b1ab 325156447a0040458d84deebf3dd2953 - - 56f323a5b85d4dd1ba0cfa0619ef0951 56f323a5b85d4dd1ba0cfa0619ef0951] 199.19.213.75 "GET /allocations/2b6c5379-40d4-4b66-8f63-0e59a0951c56" status: 200 len: 258 microversion: 1.28 [pid: 7|app: 0|req: 618/1234] 199.19.213.75 () {34 vars in 862 bytes} [Tue Aug 11 09:31:59 2026] GET /allocations/2b6c5379-40d4-4b66-8f63-0e59a0951c56 => generated 258 bytes in 16 msecs (HTTP/1.1 200) 8 headers in 296 bytes (1 switches on core 0)
2026-08-11 09:31:59.441 8 INFO placement.requestlog [req-28747ce0-ff17-4a14-949c-07f42a532d14 req-a2cd2782-dfc2-4c4a-858f-c57220d59f06 65adfe2bf8964b18b82952a876a2b1ab 325156447a0040458d84deebf3dd2953 - - 56f323a5b85d4dd1ba0cfa0619ef0951 56f323a5b85d4dd1ba0cfa0619ef0951] 199.19.213.75 "GET /allocations/1f1ed971-e3b0-4c7a-bb19-b473487208a4" status: 200 len: 258 microversion: 1.28 [pid: 8|app: 0|req: 617/1235] 199.19.213.75 () {34 vars in 862 bytes} [Tue Aug 11 09:31:59 2026] GET /allocations/1f1ed971-e3b0-4c7a-bb19-b473487208a4 => generated 258 bytes in 14 msecs (HTTP/1.1 200) 8 headers in 296 bytes (1 switches on core 0)
2026-08-11 09:32:00.499 7 INFO placement.requestlog [req-28747ce0-ff17-4a14-949c-07f42a532d14 req-caffc5dc-8bf4-4be7-8750-b93f16898ca6 65adfe2bf8964b18b82952a876a2b1ab 325156447a0040458d84deebf3dd2953 - - 56f323a5b85d4dd1ba0cfa0619ef0951 56f323a5b85d4dd1ba0cfa0619ef0951] 199.19.213.75 "DELETE /allocations/1f1ed971-e3b0-4c7a-bb19-b473487208a4" status: 204 len: 0 microversion: 1.0 [pid: 7|app: 0|req: 619/1236] 199.19.213.75 () {34 vars in 840 bytes} [Tue Aug 11 09:32:00 2026] DELETE /allocations/1f1ed971-e3b0-4c7a-bb19-b473487208a4 => generated 0 bytes in 26 msecs (HTTP/1.1 204) 5 headers in 198 bytes (1 switches on core 0)
2026-08-11 09:32:07.541 7 INFO placement.requestlog [None req-5b27dca8-74e0-44ec-b833-7eef59991953 - - - - - -] 10.0.0.227 "GET /" status: 200 len: 136 microversion: 1.0
2026-08-11 09:32:07.541 8 INFO placement.requestlog [None req-a5c85666-6a0f-48c8-86a1-690d038cdffd - - - - - -] 10.0.0.227 "GET /" status: 200 len: 136 microversion: 1.0
2026-08-11 09:32:10.484 7 INFO placement.requestlog [req-7b8086d5-da75-414a-b43e-ad60a69ddf77 req-037aa2b9-56ae-42bd-8dd5-894fa49e8322 65adfe2bf8964b18b82952a876a2b1ab 325156447a0040458d84deebf3dd2953 - - 56f323a5b85d4dd1ba0cfa0619ef0951 56f323a5b85d4dd1ba0cfa0619ef0951] 199.19.213.75 "GET /resource_providers/028620ad-3834-4336-b0e6-efd446db2998/allocations" status: 200 len: 153 microversion: 1.0 [pid: 7|app: 0|req: 621/1239] 199.19.213.75 () {32 vars in 856 bytes} [Tue Aug 11 09:32:10 2026] GET /resource_providers/028620ad-3834-4336-b0e6-efd446db2998/allocations => generated 153 bytes in 17 msecs (HTTP/1.1 200) 6 headers in 224 bytes (1 switches on core 0)
2026-08-11 09:32:10.501 8 INFO placement.requestlog [req-7b8086d5-da75-414a-b43e-ad60a69ddf77 req-a3ce80dd-ee63-4b13-a9b1-6fb86dca7d9a 65adfe2bf8964b18b82952a876a2b1ab 325156447a0040458d84deebf3dd2953 - - 56f323a5b85d4dd1ba0cfa0619ef0951 56f323a5b85d4dd1ba0cfa0619ef0951] 199.19.213.75 "GET /allocations/2b6c5379-40d4-4b66-8f63-0e59a0951c56" status: 200 len: 258 microversion: 1.28 [pid: 8|app: 0|req: 619/1240] 199.19.213.75 () {34 vars in 862 bytes} [Tue Aug 11 09:32:10 2026] GET /allocations/2b6c5379-40d4-4b66-8f63-0e59a0951c56 => generated 258 bytes in 12 msecs (HTTP/1.1 200) 8 headers in 296 bytes (1 switches on core 0)
2026-08-11 09:32:11.566 7 INFO placement.requestlog [req-7b8086d5-da75-414a-b43e-ad60a69ddf77 req-41009f70-faae-448f-b3c8-8939c60d26ae 65adfe2bf8964b18b82952a876a2b1ab 325156447a0040458d84deebf3dd2953 - - 56f323a5b85d4dd1ba0cfa0619ef0951 56f323a5b85d4dd1ba0cfa0619ef0951] 199.19.213.75 "DELETE /allocations/2b6c5379-40d4-4b66-8f63-0e59a0951c56" status: 204 len: 0 microversion: 1.0 [pid: 7|app: 0|req: 622/1241] 199.19.213.75 () {34 vars in 840 bytes} [Tue Aug 11 09:32:11 2026] DELETE /allocations/2b6c5379-40d4-4b66-8f63-0e59a0951c56 => generated 0 bytes in 28 msecs (HTTP/1.1 204) 5 headers in 198 bytes (1 switches on core 0)
2026-08-11 09:32:17.540 8 INFO placement.requestlog [None req-2fc03ea0-c44e-4560-8f20-f7ab7635b8b9 - - - - - -] 10.0.0.227 "GET /" status: 200 len: 136 microversion: 1.0
2026-08-11 09:32:17.541 7 INFO placement.requestlog [None req-f50108cb-1ab9-4c8c-bc11-d061aa0e69ac - - - - - -] 10.0.0.227 "GET /" status: 200 len: 136 microversion: 1.0
2026-08-11 09:32:21.924 8 INFO placement.requestlog [None req-c8f99f25-29dc-4d88-8b65-1a437917fa94 69ec46b2e110456d9bce3ef8168f3c62 325156447a0040458d84deebf3dd2953 - - 56f323a5b85d4dd1ba0cfa0619ef0951 56f323a5b85d4dd1ba0cfa0619ef0951] 10.0.0.72 "GET /resource_providers/9cc7c710-4717-4bb8-900b-f9fc1004f0d1/aggregates" status: 404 len: 235 microversion: 1.1 [pid: 8|app: 0|req: 621/1244] 10.0.0.72 () {32 vars in 815 bytes} [Tue Aug 11 09:32:21 2026] GET /resource_providers/9cc7c710-4717-4bb8-900b-f9fc1004f0d1/aggregates => generated 235 bytes in 124 msecs (HTTP/1.1 404) 5 headers in 202 bytes (1 switches on core 0)
2026-08-11 09:32:21.947 8 INFO placement.requestlog [None req-79aaa130-b04f-43b9-88f5-787624de66ba 69ec46b2e110456d9bce3ef8168f3c62 325156447a0040458d84deebf3dd2953 - - 56f323a5b85d4dd1ba0cfa0619ef0951 56f323a5b85d4dd1ba0cfa0619ef0951] 10.0.0.72 "DELETE /resource_providers/9cc7c710-4717-4bb8-900b-f9fc1004f0d1" status: 404 len: 246 microversion: 1.1 [pid: 8|app: 0|req: 622/1245] 10.0.0.72 () {34 vars in 815 bytes} [Tue Aug 11 09:32:21 2026] DELETE /resource_providers/9cc7c710-4717-4bb8-900b-f9fc1004f0d1 => generated 246 bytes in 10 msecs (HTTP/1.1 404) 6 headers in 231 bytes (1 switches on core 0)
2026-08-11 09:32:21.950 7 INFO placement.requestlog [None req-478bb1be-7d56-4ab6-8992-df2f60885039 69ec46b2e110456d9bce3ef8168f3c62 325156447a0040458d84deebf3dd2953 - - 56f323a5b85d4dd1ba0cfa0619ef0951 56f323a5b85d4dd1ba0cfa0619ef0951] 10.0.0.72 "GET /resource_providers/9cc7c710-4717-4bb8-900b-f9fc1004f0d1/aggregates" status: 404 len: 235 microversion: 1.1 [pid: 7|app: 0|req: 624/1246] 10.0.0.72 () {32 vars in 815 bytes} [Tue Aug 11 09:32:21 2026] GET /resource_providers/9cc7c710-4717-4bb8-900b-f9fc1004f0d1/aggregates => generated 235 bytes in 149 msecs (HTTP/1.1 404) 5 headers in 202 bytes (1 switches on core 0)
2026-08-11 09:32:21.968 8 INFO placement.requestlog [None req-834d4e56-b383-451d-bd59-1367a4266b2f 69ec46b2e110456d9bce3ef8168f3c62 325156447a0040458d84deebf3dd2953 - - 56f323a5b85d4dd1ba0cfa0619ef0951 56f323a5b85d4dd1ba0cfa0619ef0951] 10.0.0.72 "DELETE /resource_providers/9cc7c710-4717-4bb8-900b-f9fc1004f0d1" status: 404 len: 246 microversion: 1.1 [pid: 8|app: 0|req: 623/1247] 10.0.0.72 () {34 vars in 815 bytes} [Tue Aug 11 09:32:21 2026] DELETE /resource_providers/9cc7c710-4717-4bb8-900b-f9fc1004f0d1 => generated 246 bytes in 10 msecs (HTTP/1.1 404) 6 headers in 231 bytes (1 switches on core 0)
2026-08-11 09:32:23.967 7 INFO placement.requestlog [None req-d794adc0-c5ba-4816-abf4-3a6f440435aa 69ec46b2e110456d9bce3ef8168f3c62 325156447a0040458d84deebf3dd2953 - - 56f323a5b85d4dd1ba0cfa0619ef0951 56f323a5b85d4dd1ba0cfa0619ef0951] 10.0.0.72 "GET /resource_providers/dc79eba6-62df-4f55-b821-0edfbc6b81a3/aggregates" status: 404 len: 235 microversion: 1.1 [pid: 7|app: 0|req: 625/1248] 10.0.0.72 () {32 vars in 815 bytes} [Tue Aug 11 09:32:23 2026] GET /resource_providers/dc79eba6-62df-4f55-b821-0edfbc6b81a3/aggregates => generated 235 bytes in 8 msecs (HTTP/1.1 404) 5 headers in 202 bytes (1 switches on core 0)
2026-08-11 09:32:23.993 8 INFO placement.requestlog [None req-a1d9ccdb-ca63-4cff-8fbb-430ccfb44944 69ec46b2e110456d9bce3ef8168f3c62 325156447a0040458d84deebf3dd2953 - - 56f323a5b85d4dd1ba0cfa0619ef0951 56f323a5b85d4dd1ba0cfa0619ef0951] 10.0.0.72 "DELETE /resource_providers/dc79eba6-62df-4f55-b821-0edfbc6b81a3" status: 404 len: 246 microversion: 1.1
2026-08-11 09:32:23.993 7 INFO placement.requestlog [None req-2c9b6ae1-84bc-4389-88c8-787d913a8ece 69ec46b2e110456d9bce3ef8168f3c62 325156447a0040458d84deebf3dd2953 - - 56f323a5b85d4dd1ba0cfa0619ef0951 56f323a5b85d4dd1ba0cfa0619ef0951] 10.0.0.72 "GET /resource_providers/dc79eba6-62df-4f55-b821-0edfbc6b81a3/aggregates" status: 404 len: 235 microversion: 1.1 [pid: 8|app: 0|req: 624/1249] 10.0.0.72 () {34 vars in 815 bytes} [Tue Aug 11 09:32:23 2026] DELETE /resource_providers/dc79eba6-62df-4f55-b821-0edfbc6b81a3 => generated 246 bytes in 12 msecs (HTTP/1.1 404) 6 headers in 231 bytes (1 switches on core 0) [pid: 7|app: 0|req: 626/1250] 10.0.0.72 () {32 vars in 815 bytes} [Tue Aug 11 09:32:23 2026] GET /resource_providers/dc79eba6-62df-4f55-b821-0edfbc6b81a3/aggregates => generated 235 bytes in 13 msecs (HTTP/1.1 404) 5 headers in 202 bytes (1 switches on core 0)
2026-08-11 09:32:24.018 8 INFO placement.requestlog [None req-54e49c15-a41c-4b29-a028-811082ce49cf 69ec46b2e110456d9bce3ef8168f3c62 325156447a0040458d84deebf3dd2953 - - 56f323a5b85d4dd1ba0cfa0619ef0951 56f323a5b85d4dd1ba0cfa0619ef0951] 10.0.0.72 "DELETE /resource_providers/dc79eba6-62df-4f55-b821-0edfbc6b81a3" status: 404 len: 246 microversion: 1.1 [pid: 8|app: 0|req: 625/1251] 10.0.0.72 () {34 vars in 815 bytes} [Tue Aug 11 09:32:24 2026] DELETE /resource_providers/dc79eba6-62df-4f55-b821-0edfbc6b81a3 => generated 246 bytes in 10 msecs (HTTP/1.1 404) 6 headers in 231 bytes (1 switches on core 0)
2026-08-11 09:32:24.024 7 INFO placement.requestlog [None req-af9ddac0-5d21-4be1-9014-257671740bd1 69ec46b2e110456d9bce3ef8168f3c62 325156447a0040458d84deebf3dd2953 - - 56f323a5b85d4dd1ba0cfa0619ef0951 56f323a5b85d4dd1ba0cfa0619ef0951] 10.0.0.72 "GET /resource_providers/794db091-6b0e-4237-801e-44eab83a1cec/aggregates" status: 404 len: 235 microversion: 1.1 [pid: 7|app: 0|req: 627/1252] 10.0.0.72 () {32 vars in 815 bytes} [Tue Aug 11 09:32:24 2026] GET /resource_providers/794db091-6b0e-4237-801e-44eab83a1cec/aggregates => generated 235 bytes in 10 msecs (HTTP/1.1 404) 5 headers in 202 bytes (1 switches on core 0)
2026-08-11 09:32:24.037 8 INFO placement.requestlog [None req-48374f61-e6e4-40fa-ae18-b2a01cddb908 69ec46b2e110456d9bce3ef8168f3c62 325156447a0040458d84deebf3dd2953 - - 56f323a5b85d4dd1ba0cfa0619ef0951 56f323a5b85d4dd1ba0cfa0619ef0951] 10.0.0.72 "GET /resource_providers/794db091-6b0e-4237-801e-44eab83a1cec/aggregates" status: 404 len: 235 microversion: 1.1 [pid: 8|app: 0|req: 626/1253] 10.0.0.72 () {32 vars in 815 bytes} [Tue Aug 11 09:32:24 2026] GET /resource_providers/794db091-6b0e-4237-801e-44eab83a1cec/aggregates => generated 235 bytes in 10 msecs (HTTP/1.1 404) 5 headers in 202 bytes (1 switches on core 0)
2026-08-11 09:32:24.043 7 INFO placement.requestlog [None req-b067e7b5-0fa4-4657-82e3-59505475aa34 69ec46b2e110456d9bce3ef8168f3c62 325156447a0040458d84deebf3dd2953 - - 56f323a5b85d4dd1ba0cfa0619ef0951 56f323a5b85d4dd1ba0cfa0619ef0951] 10.0.0.72 "DELETE /resource_providers/794db091-6b0e-4237-801e-44eab83a1cec" status: 404 len: 246 microversion: 1.1 [pid: 7|app: 0|req: 628/1254] 10.0.0.72 () {34 vars in 815 bytes} [Tue Aug 11 09:32:24 2026] DELETE /resource_providers/794db091-6b0e-4237-801e-44eab83a1cec => generated 246 bytes in 12 msecs (HTTP/1.1 404) 6 headers in 231 bytes (1 switches on core 0)
2026-08-11 09:32:24.055 8 INFO placement.requestlog [None req-dc98a40f-f642-4966-a21d-4f9dba8ea778 69ec46b2e110456d9bce3ef8168f3c62 325156447a0040458d84deebf3dd2953 - - 56f323a5b85d4dd1ba0cfa0619ef0951 56f323a5b85d4dd1ba0cfa0619ef0951] 10.0.0.72 "DELETE /resource_providers/794db091-6b0e-4237-801e-44eab83a1cec" status: 404 len: 246 microversion: 1.1 [pid: 8|app: 0|req: 627/1255] 10.0.0.72 () {34 vars in 815 bytes} [Tue Aug 11 09:32:24 2026] DELETE /resource_providers/794db091-6b0e-4237-801e-44eab83a1cec => generated 246 bytes in 11 msecs (HTTP/1.1 404) 6 headers in 231 bytes (1 switches on core 0)
2026-08-11 09:32:26.066 7 INFO placement.requestlog [None req-b36f032c-f093-413f-b136-44a78973f2de 69ec46b2e110456d9bce3ef8168f3c62 325156447a0040458d84deebf3dd2953 - - 56f323a5b85d4dd1ba0cfa0619ef0951 56f323a5b85d4dd1ba0cfa0619ef0951] 10.0.0.72 "GET /resource_providers/8c62fff5-a85d-41ec-9b1b-427d8015841c/aggregates" status: 404 len: 235 microversion: 1.1 [pid: 7|app: 0|req: 629/1256] 10.0.0.72 () {32 vars in 815 bytes} [Tue Aug 11 09:32:26 2026] GET /resource_providers/8c62fff5-a85d-41ec-9b1b-427d8015841c/aggregates => generated 235 bytes in 14 msecs (HTTP/1.1 404) 5 headers in 202 bytes (1 switches on core 0)
2026-08-11 09:32:26.075 8 INFO placement.requestlog [None req-bbc3fea4-1aab-4be9-acf8-decefb38d1c4 69ec46b2e110456d9bce3ef8168f3c62 325156447a0040458d84deebf3dd2953 - - 56f323a5b85d4dd1ba0cfa0619ef0951 56f323a5b85d4dd1ba0cfa0619ef0951] 10.0.0.72 "GET /resource_providers/8c62fff5-a85d-41ec-9b1b-427d8015841c/aggregates" status: 404 len: 235 microversion: 1.1 [pid: 8|app: 0|req: 628/1257] 10.0.0.72 () {32 vars in 815 bytes} [Tue Aug 11 09:32:26 2026] GET /resource_providers/8c62fff5-a85d-41ec-9b1b-427d8015841c/aggregates => generated 235 bytes in 13 msecs (HTTP/1.1 404) 5 headers in 202 bytes (1 switches on core 0)
2026-08-11 09:32:26.084 7 INFO placement.requestlog [None req-94f450b6-f020-4284-b089-850faed11871 69ec46b2e110456d9bce3ef8168f3c62 325156447a0040458d84deebf3dd2953 - - 56f323a5b85d4dd1ba0cfa0619ef0951 56f323a5b85d4dd1ba0cfa0619ef0951] 10.0.0.72 "DELETE /resource_providers/8c62fff5-a85d-41ec-9b1b-427d8015841c" status: 404 len: 246 microversion: 1.1 [pid: 7|app: 0|req: 630/1258] 10.0.0.72 () {34 vars in 815 bytes} [Tue Aug 11 09:32:26 2026] DELETE /resource_providers/8c62fff5-a85d-41ec-9b1b-427d8015841c => generated 246 bytes in 11 msecs (HTTP/1.1 404) 6 headers in 231 bytes (1 switches on core 0)
2026-08-11 09:32:26.089 8 INFO placement.requestlog [None req-08e062db-7e25-4805-8149-f59a99a32d05 69ec46b2e110456d9bce3ef8168f3c62 325156447a0040458d84deebf3dd2953 - - 56f323a5b85d4dd1ba0cfa0619ef0951 56f323a5b85d4dd1ba0cfa0619ef0951] 10.0.0.72 "DELETE /resource_providers/8c62fff5-a85d-41ec-9b1b-427d8015841c" status: 404 len: 246 microversion: 1.1 [pid: 8|app: 0|req: 629/1259] 10.0.0.72 () {34 vars in 815 bytes} [Tue Aug 11 09:32:26 2026] DELETE /resource_providers/8c62fff5-a85d-41ec-9b1b-427d8015841c => generated 246 bytes in 7 msecs (HTTP/1.1 404) 6 headers in 231 bytes (1 switches on core 0)
2026-08-11 09:32:27.540 7 INFO placement.requestlog [None req-453cd233-afd1-4851-826e-c2ac32251dea - - - - - -] 10.0.0.227 "GET /" status: 200 len: 136 microversion: 1.0
2026-08-11 09:32:27.540 8 INFO placement.requestlog [None req-99fd31d9-103f-43d8-bad9-ec3fb6d56927 - - - - - -] 10.0.0.227 "GET /" status: 200 len: 136 microversion: 1.0
2026-08-11 09:32:30.975 7 INFO placement.requestlog [req-a190b0bb-bdfc-423f-b93c-f56d7f5c1229 req-093f82de-9f53-4599-931e-01660797aaf5 65adfe2bf8964b18b82952a876a2b1ab 325156447a0040458d84deebf3dd2953 - - 56f323a5b85d4dd1ba0cfa0619ef0951 56f323a5b85d4dd1ba0cfa0619ef0951] 199.19.213.75 "GET /resource_providers/028620ad-3834-4336-b0e6-efd446db2998/allocations" status: 200 len: 55 microversion: 1.0 [pid: 7|app: 0|req: 632/1262] 199.19.213.75 () {32 vars in 856 bytes} [Tue Aug 11 09:32:30 2026] GET /resource_providers/028620ad-3834-4336-b0e6-efd446db2998/allocations => generated 55 bytes in 13 msecs (HTTP/1.1 200) 6 headers in 223 bytes (1 switches on core 0)
2026-08-11 09:32:30.996 8 INFO placement.requestlog [req-a190b0bb-bdfc-423f-b93c-f56d7f5c1229 req-d55a48c2-7d54-48ba-8570-61acee4fbd89 65adfe2bf8964b18b82952a876a2b1ab 325156447a0040458d84deebf3dd2953 - - 56f323a5b85d4dd1ba0cfa0619ef0951 56f323a5b85d4dd1ba0cfa0619ef0951] 199.19.213.75 "GET /resource_providers/028620ad-3834-4336-b0e6-efd446db2998/allocations" status: 200 len: 55 microversion: 1.0 [pid: 8|app: 0|req: 631/1263] 199.19.213.75 () {32 vars in 856 bytes} [Tue Aug 11 09:32:30 2026] GET /resource_providers/028620ad-3834-4336-b0e6-efd446db2998/allocations => generated 55 bytes in 14 msecs (HTTP/1.1 200) 6 headers in 223 bytes (1 switches on core 0)
2026-08-11 09:32:34.721 8 INFO placement.requestlog [None req-22977b14-8c16-4ea8-845c-fd351bcd2b47 69ec46b2e110456d9bce3ef8168f3c62 325156447a0040458d84deebf3dd2953 - - 56f323a5b85d4dd1ba0cfa0619ef0951 56f323a5b85d4dd1ba0cfa0619ef0951] 10.0.0.72 "GET /resource_providers/df664b71-8911-4de6-a319-6d01d66445ae/aggregates" status: 404 len: 235 microversion: 1.1 [pid: 8|app: 0|req: 632/1264] 10.0.0.72 () {32 vars in 815 bytes} [Tue Aug 11 09:32:34 2026] GET /resource_providers/df664b71-8911-4de6-a319-6d01d66445ae/aggregates => generated 235 bytes in 96 msecs (HTTP/1.1 404) 5 headers in 202 bytes (1 switches on core 0)
2026-08-11 09:32:34.728 7 INFO placement.requestlog [None req-1296940c-a7ce-495d-a3fc-f81fcce7f7d0 69ec46b2e110456d9bce3ef8168f3c62 325156447a0040458d84deebf3dd2953 - - 56f323a5b85d4dd1ba0cfa0619ef0951 56f323a5b85d4dd1ba0cfa0619ef0951] 10.0.0.72 "GET /resource_providers/df664b71-8911-4de6-a319-6d01d66445ae/aggregates" status: 404 len: 235 microversion: 1.1 [pid: 7|app: 0|req: 633/1265] 10.0.0.72 () {32 vars in 815 bytes} [Tue Aug 11 09:32:34 2026] GET /resource_providers/df664b71-8911-4de6-a319-6d01d66445ae/aggregates => generated 235 bytes in 106 msecs (HTTP/1.1 404) 5 headers in 202 bytes (1 switches on core 0)
2026-08-11 09:32:34.741 8 INFO placement.requestlog [None req-485d31f6-08df-42c9-9126-b67ceef706a4 69ec46b2e110456d9bce3ef8168f3c62 325156447a0040458d84deebf3dd2953 - - 56f323a5b85d4dd1ba0cfa0619ef0951 56f323a5b85d4dd1ba0cfa0619ef0951] 10.0.0.72 "DELETE /resource_providers/df664b71-8911-4de6-a319-6d01d66445ae" status: 404 len: 246 microversion: 1.1 [pid: 8|app: 0|req: 633/1266] 10.0.0.72 () {34 vars in 815 bytes} [Tue Aug 11 09:32:34 2026] DELETE /resource_providers/df664b71-8911-4de6-a319-6d01d66445ae => generated 246 bytes in 7 msecs (HTTP/1.1 404) 6 headers in 231 bytes (1 switches on core 0)
2026-08-11 09:32:34.744 7 INFO placement.requestlog [None req-f8d0d046-8d94-40b4-b5a2-fa12a0854809 69ec46b2e110456d9bce3ef8168f3c62 325156447a0040458d84deebf3dd2953 - - 56f323a5b85d4dd1ba0cfa0619ef0951 56f323a5b85d4dd1ba0cfa0619ef0951] 10.0.0.72 "DELETE /resource_providers/df664b71-8911-4de6-a319-6d01d66445ae" status: 404 len: 246 microversion: 1.1 [pid: 7|app: 0|req: 634/1267] 10.0.0.72 () {34 vars in 815 bytes} [Tue Aug 11 09:32:34 2026] DELETE /resource_providers/df664b71-8911-4de6-a319-6d01d66445ae => generated 246 bytes in 10 msecs (HTTP/1.1 404) 6 headers in 231 bytes (1 switches on core 0)
2026-08-11 09:32:34.766 7 INFO placement.requestlog [None req-e9a9f42b-38a4-4f45-adfe-038305d1169b 69ec46b2e110456d9bce3ef8168f3c62 325156447a0040458d84deebf3dd2953 - - 56f323a5b85d4dd1ba0cfa0619ef0951 56f323a5b85d4dd1ba0cfa0619ef0951] 10.0.0.72 "GET /resource_providers/00e54a10-1c41-410f-856c-76a08399f1bd/aggregates" status: 404 len: 235 microversion: 1.1 [pid: 7|app: 0|req: 635/1268] 10.0.0.72 () {32 vars in 815 bytes} [Tue Aug 11 09:32:34 2026] GET /resource_providers/00e54a10-1c41-410f-856c-76a08399f1bd/aggregates => generated 235 bytes in 8 msecs (HTTP/1.1 404) 5 headers in 202 bytes (1 switches on core 0)
2026-08-11 09:32:34.769 8 INFO placement.requestlog [None req-21b89c49-62e2-4212-84dc-e16a6ea2286c 69ec46b2e110456d9bce3ef8168f3c62 325156447a0040458d84deebf3dd2953 - - 56f323a5b85d4dd1ba0cfa0619ef0951 56f323a5b85d4dd1ba0cfa0619ef0951] 10.0.0.72 "GET /resource_providers/00e54a10-1c41-410f-856c-76a08399f1bd/aggregates" status: 404 len: 235 microversion: 1.1 [pid: 8|app: 0|req: 634/1269] 10.0.0.72 () {32 vars in 815 bytes} [Tue Aug 11 09:32:34 2026] GET /resource_providers/00e54a10-1c41-410f-856c-76a08399f1bd/aggregates => generated 235 bytes in 11 msecs (HTTP/1.1 404) 5 headers in 202 bytes (1 switches on core 0)
2026-08-11 09:32:34.786 7 INFO placement.requestlog [None req-14b7011e-ab4d-413f-ba05-d61c8346013c 69ec46b2e110456d9bce3ef8168f3c62 325156447a0040458d84deebf3dd2953 - - 56f323a5b85d4dd1ba0cfa0619ef0951 56f323a5b85d4dd1ba0cfa0619ef0951] 10.0.0.72 "DELETE /resource_providers/00e54a10-1c41-410f-856c-76a08399f1bd" status: 404 len: 246 microversion: 1.1 [pid: 7|app: 0|req: 636/1270] 10.0.0.72 () {34 vars in 815 bytes} [Tue Aug 11 09:32:34 2026] DELETE /resource_providers/00e54a10-1c41-410f-856c-76a08399f1bd => generated 246 bytes in 10 msecs (HTTP/1.1 404) 6 headers in 231 bytes (1 switches on core 0)
2026-08-11 09:32:34.793 8 INFO placement.requestlog [None req-f7eb97c5-8c90-42a6-9d04-63b1fd446fc4 69ec46b2e110456d9bce3ef8168f3c62 325156447a0040458d84deebf3dd2953 - - 56f323a5b85d4dd1ba0cfa0619ef0951 56f323a5b85d4dd1ba0cfa0619ef0951] 10.0.0.72 "DELETE /resource_providers/00e54a10-1c41-410f-856c-76a08399f1bd" status: 404 len: 246 microversion: 1.1 [pid: 8|app: 0|req: 635/1271] 10.0.0.72 () {34 vars in 815 bytes} [Tue Aug 11 09:32:34 2026] DELETE /resource_providers/00e54a10-1c41-410f-856c-76a08399f1bd => generated 246 bytes in 10 msecs (HTTP/1.1 404) 6 headers in 231 bytes (1 switches on core 0)
2026-08-11 09:32:36.758 7 INFO placement.requestlog [None req-97ab8d78-56cd-4078-83e1-b109fdbca45e 69ec46b2e110456d9bce3ef8168f3c62 325156447a0040458d84deebf3dd2953 - - 56f323a5b85d4dd1ba0cfa0619ef0951 56f323a5b85d4dd1ba0cfa0619ef0951] 10.0.0.72 "GET /resource_providers/78d2fcd7-0eb3-40e1-a7a6-1b56d7b0c550/aggregates" status: 404 len: 235 microversion: 1.1 [pid: 7|app: 0|req: 637/1272] 10.0.0.72 () {32 vars in 815 bytes} [Tue Aug 11 09:32:36 2026] GET /resource_providers/78d2fcd7-0eb3-40e1-a7a6-1b56d7b0c550/aggregates => generated 235 bytes in 9 msecs (HTTP/1.1 404) 5 headers in 202 bytes (1 switches on core 0)
2026-08-11 09:32:36.759 8 INFO placement.requestlog [None req-91596346-eaba-4be4-bf30-3c4c551c1625 69ec46b2e110456d9bce3ef8168f3c62 325156447a0040458d84deebf3dd2953 - - 56f323a5b85d4dd1ba0cfa0619ef0951 56f323a5b85d4dd1ba0cfa0619ef0951] 10.0.0.72 "GET /resource_providers/78d2fcd7-0eb3-40e1-a7a6-1b56d7b0c550/aggregates" status: 404 len: 235 microversion: 1.1 [pid: 8|app: 0|req: 636/1273] 10.0.0.72 () {32 vars in 815 bytes} [Tue Aug 11 09:32:36 2026] GET /resource_providers/78d2fcd7-0eb3-40e1-a7a6-1b56d7b0c550/aggregates => generated 235 bytes in 8 msecs (HTTP/1.1 404) 5 headers in 202 bytes (1 switches on core 0)
2026-08-11 09:32:36.779 7 INFO placement.requestlog [None req-403d40b9-f163-4c37-8d44-9ee39e7d2822 69ec46b2e110456d9bce3ef8168f3c62 325156447a0040458d84deebf3dd2953 - - 56f323a5b85d4dd1ba0cfa0619ef0951 56f323a5b85d4dd1ba0cfa0619ef0951] 10.0.0.72 "DELETE /resource_providers/78d2fcd7-0eb3-40e1-a7a6-1b56d7b0c550" status: 404 len: 246 microversion: 1.1 [pid: 7|app: 0|req: 638/1274] 10.0.0.72 () {34 vars in 815 bytes} [Tue Aug 11 09:32:36 2026] DELETE /resource_providers/78d2fcd7-0eb3-40e1-a7a6-1b56d7b0c550 => generated 246 bytes in 12 msecs (HTTP/1.1 404) 6 headers in 231 bytes (1 switches on core 0)
2026-08-11 09:32:36.781 8 INFO placement.requestlog [None req-c561294c-c293-4af7-b52d-96ca8d446a3b 69ec46b2e110456d9bce3ef8168f3c62 325156447a0040458d84deebf3dd2953 - - 56f323a5b85d4dd1ba0cfa0619ef0951 56f323a5b85d4dd1ba0cfa0619ef0951] 10.0.0.72 "DELETE /resource_providers/78d2fcd7-0eb3-40e1-a7a6-1b56d7b0c550" status: 404 len: 246 microversion: 1.1 [pid: 8|app: 0|req: 637/1275] 10.0.0.72 () {34 vars in 815 bytes} [Tue Aug 11 09:32:36 2026] DELETE /resource_providers/78d2fcd7-0eb3-40e1-a7a6-1b56d7b0c550 => generated 246 bytes in 9 msecs (HTTP/1.1 404) 6 headers in 231 bytes (1 switches on core 0)
2026-08-11 09:32:36.795 7 INFO placement.requestlog [None req-187eb119-3e43-4cce-ba7a-3f05957d5374 69ec46b2e110456d9bce3ef8168f3c62 325156447a0040458d84deebf3dd2953 - - 56f323a5b85d4dd1ba0cfa0619ef0951 56f323a5b85d4dd1ba0cfa0619ef0951] 10.0.0.72 "GET /resource_providers/61e5c73f-48e9-43b2-ad0c-601ac963f41a/aggregates" status: 404 len: 235 microversion: 1.1 [pid: 7|app: 0|req: 639/1276] 10.0.0.72 () {32 vars in 815 bytes} [Tue Aug 11 09:32:36 2026] GET /resource_providers/61e5c73f-48e9-43b2-ad0c-601ac963f41a/aggregates => generated 235 bytes in 7 msecs (HTTP/1.1 404) 5 headers in 202 bytes (1 switches on core 0)
2026-08-11 09:32:36.799 8 INFO placement.requestlog [None req-8b63f4a9-fd94-496f-aa1d-6fc3861921fd 69ec46b2e110456d9bce3ef8168f3c62 325156447a0040458d84deebf3dd2953 - - 56f323a5b85d4dd1ba0cfa0619ef0951 56f323a5b85d4dd1ba0cfa0619ef0951] 10.0.0.72 "GET /resource_providers/61e5c73f-48e9-43b2-ad0c-601ac963f41a/aggregates" status: 404 len: 235 microversion: 1.1 [pid: 8|app: 0|req: 638/1277] 10.0.0.72 () {32 vars in 815 bytes} [Tue Aug 11 09:32:36 2026] GET /resource_providers/61e5c73f-48e9-43b2-ad0c-601ac963f41a/aggregates => generated 235 bytes in 9 msecs (HTTP/1.1 404) 5 headers in 202 bytes (1 switches on core 0)
2026-08-11 09:32:36.804 7 INFO placement.requestlog [None req-b2b5acaf-9dbb-4a02-bf06-054be0642a1b 69ec46b2e110456d9bce3ef8168f3c62 325156447a0040458d84deebf3dd2953 - - 56f323a5b85d4dd1ba0cfa0619ef0951 56f323a5b85d4dd1ba0cfa0619ef0951] 10.0.0.72 "GET /resource_providers/cc59f0ab-747e-4303-86c9-4072fce5a34e/aggregates" status: 404 len: 235 microversion: 1.1 [pid: 7|app: 0|req: 640/1278] 10.0.0.72 () {32 vars in 815 bytes} [Tue Aug 11 09:32:36 2026] GET /resource_providers/cc59f0ab-747e-4303-86c9-4072fce5a34e/aggregates => generated 235 bytes in 9 msecs (HTTP/1.1 404) 5 headers in 202 bytes (1 switches on core 0)
2026-08-11 09:32:36.807 8 INFO placement.requestlog [None req-833abe94-fc3c-47d2-bc21-c7489f5ce3a2 69ec46b2e110456d9bce3ef8168f3c62 325156447a0040458d84deebf3dd2953 - - 56f323a5b85d4dd1ba0cfa0619ef0951 56f323a5b85d4dd1ba0cfa0619ef0951] 10.0.0.72 "GET /resource_providers/cc59f0ab-747e-4303-86c9-4072fce5a34e/aggregates" status: 404 len: 235 microversion: 1.1 [pid: 8|app: 0|req: 639/1279] 10.0.0.72 () {32 vars in 815 bytes} [Tue Aug 11 09:32:36 2026] GET /resource_providers/cc59f0ab-747e-4303-86c9-4072fce5a34e/aggregates => generated 235 bytes in 7 msecs (HTTP/1.1 404) 5 headers in 202 bytes (1 switches on core 0)
2026-08-11 09:32:36.812 7 INFO placement.requestlog [None req-5732f989-9d8e-467a-b1ca-207c6c690043 69ec46b2e110456d9bce3ef8168f3c62 325156447a0040458d84deebf3dd2953 - - 56f323a5b85d4dd1ba0cfa0619ef0951 56f323a5b85d4dd1ba0cfa0619ef0951] 10.0.0.72 "DELETE /resource_providers/61e5c73f-48e9-43b2-ad0c-601ac963f41a" status: 404 len: 246 microversion: 1.1 [pid: 7|app: 0|req: 641/1280] 10.0.0.72 () {34 vars in 815 bytes} [Tue Aug 11 09:32:36 2026] DELETE /resource_providers/61e5c73f-48e9-43b2-ad0c-601ac963f41a => generated 246 bytes in 8 msecs (HTTP/1.1 404) 6 headers in 231 bytes (1 switches on core 0)
2026-08-11 09:32:36.815 8 INFO placement.requestlog [None req-60f976ee-45b6-48a5-ba51-80a73124c2aa 69ec46b2e110456d9bce3ef8168f3c62 325156447a0040458d84deebf3dd2953 - - 56f323a5b85d4dd1ba0cfa0619ef0951 56f323a5b85d4dd1ba0cfa0619ef0951] 10.0.0.72 "DELETE /resource_providers/61e5c73f-48e9-43b2-ad0c-601ac963f41a" status: 404 len: 246 microversion: 1.1 [pid: 8|app: 0|req: 640/1281] 10.0.0.72 () {34 vars in 815 bytes} [Tue Aug 11 09:32:36 2026] DELETE /resource_providers/61e5c73f-48e9-43b2-ad0c-601ac963f41a => generated 246 bytes in 6 msecs (HTTP/1.1 404) 6 headers in 231 bytes (1 switches on core 0)
2026-08-11 09:32:36.821 7 INFO placement.requestlog [None req-779f2198-72df-4551-9b7e-6393de95ef36 69ec46b2e110456d9bce3ef8168f3c62 325156447a0040458d84deebf3dd2953 - - 56f323a5b85d4dd1ba0cfa0619ef0951 56f323a5b85d4dd1ba0cfa0619ef0951] 10.0.0.72 "DELETE /resource_providers/cc59f0ab-747e-4303-86c9-4072fce5a34e" status: 404 len: 246 microversion: 1.1 [pid: 7|app: 0|req: 642/1282] 10.0.0.72 () {34 vars in 815 bytes} [Tue Aug 11 09:32:36 2026] DELETE /resource_providers/cc59f0ab-747e-4303-86c9-4072fce5a34e => generated 246 bytes in 7 msecs (HTTP/1.1 404) 6 headers in 231 bytes (1 switches on core 0)
2026-08-11 09:32:36.822 8 INFO placement.requestlog [None req-9e856d24-0844-445f-a3b4-900a64a5a2a1 69ec46b2e110456d9bce3ef8168f3c62 325156447a0040458d84deebf3dd2953 - - 56f323a5b85d4dd1ba0cfa0619ef0951 56f323a5b85d4dd1ba0cfa0619ef0951] 10.0.0.72 "DELETE /resource_providers/cc59f0ab-747e-4303-86c9-4072fce5a34e" status: 404 len: 246 microversion: 1.1 [pid: 8|app: 0|req: 641/1283] 10.0.0.72 () {34 vars in 815 bytes} [Tue Aug 11 09:32:36 2026] DELETE /resource_providers/cc59f0ab-747e-4303-86c9-4072fce5a34e => generated 246 bytes in 7 msecs (HTTP/1.1 404) 6 headers in 231 bytes (1 switches on core 0)
2026-08-11 09:32:37.540 7 INFO placement.requestlog [None req-6f1a4f93-81ab-4b77-af92-fc5acae1bc79 - - - - - -] 10.0.0.227 "GET /" status: 200 len: 136 microversion: 1.0
2026-08-11 09:32:37.540 8 INFO placement.requestlog [None req-faeaeb7c-1dbc-48c8-8fa3-5bac9d07b428 - - - - - -] 10.0.0.227 "GET /" status: 200 len: 136 microversion: 1.0
2026-08-11 09:32:47.541 7 INFO placement.requestlog [None req-040e175b-8748-42ee-91ae-cb3cb4a70cfc - - - - - -] 10.0.0.227 "GET /" status: 200 len: 136 microversion: 1.0
2026-08-11 09:32:47.541 8 INFO placement.requestlog [None req-b9dc54d1-ae45-461c-84d2-748d381fbf3f - - - - - -] 10.0.0.227 "GET /" status: 200 len: 136 microversion: 1.0
2026-08-11 09:32:57.541 7 INFO placement.requestlog [None req-86193df6-8ec8-491b-89ed-b1ccf83b549e - - - - - -] 10.0.0.227 "GET /" status: 200 len: 136 microversion: 1.0
2026-08-11 09:32:57.541 8 INFO placement.requestlog [None req-1ec97aab-09ea-4623-8b41-2f1ad1797364 - - - - - -] 10.0.0.227 "GET /" status: 200 len: 136 microversion: 1.0
2026-08-11 09:33:03.474 7 INFO placement.requestlog [None req-2449ec8b-312a-4195-96d5-e68ca86ccbde 69ec46b2e110456d9bce3ef8168f3c62 325156447a0040458d84deebf3dd2953 - - 56f323a5b85d4dd1ba0cfa0619ef0951 56f323a5b85d4dd1ba0cfa0619ef0951] 10.0.0.72 "GET /resource_providers/71731d2e-9704-4b8f-8355-2bcfd570cf33/aggregates" status: 404 len: 235 microversion: 1.1 [pid: 7|app: 0|req: 646/1290] 10.0.0.72 () {32 vars in 815 bytes} [Tue Aug 11 09:33:03 2026] GET /resource_providers/71731d2e-9704-4b8f-8355-2bcfd570cf33/aggregates => generated 235 bytes in 11 msecs (HTTP/1.1 404) 5 headers in 202 bytes (1 switches on core 0)
2026-08-11 09:33:03.476 8 INFO placement.requestlog [None req-087111a3-ce50-48c9-81ed-9f64214f551a 69ec46b2e110456d9bce3ef8168f3c62 325156447a0040458d84deebf3dd2953 - - 56f323a5b85d4dd1ba0cfa0619ef0951 56f323a5b85d4dd1ba0cfa0619ef0951] 10.0.0.72 "GET /resource_providers/71731d2e-9704-4b8f-8355-2bcfd570cf33/aggregates" status: 404 len: 235 microversion: 1.1 [pid: 8|app: 0|req: 645/1291] 10.0.0.72 () {32 vars in 815 bytes} [Tue Aug 11 09:33:03 2026] GET /resource_providers/71731d2e-9704-4b8f-8355-2bcfd570cf33/aggregates => generated 235 bytes in 12 msecs (HTTP/1.1 404) 5 headers in 202 bytes (1 switches on core 0)
2026-08-11 09:33:03.496 7 INFO placement.requestlog [None req-fc520eee-fc15-4bbc-be34-049b95e98fc6 69ec46b2e110456d9bce3ef8168f3c62 325156447a0040458d84deebf3dd2953 - - 56f323a5b85d4dd1ba0cfa0619ef0951 56f323a5b85d4dd1ba0cfa0619ef0951] 10.0.0.72 "DELETE /resource_providers/71731d2e-9704-4b8f-8355-2bcfd570cf33" status: 404 len: 246 microversion: 1.1 [pid: 7|app: 0|req: 647/1292] 10.0.0.72 () {34 vars in 815 bytes} [Tue Aug 11 09:33:03 2026] DELETE /resource_providers/71731d2e-9704-4b8f-8355-2bcfd570cf33 => generated 246 bytes in 12 msecs (HTTP/1.1 404) 6 headers in 231 bytes (1 switches on core 0)
2026-08-11 09:33:03.497 8 INFO placement.requestlog [None req-a196b6a1-547b-4c3a-98a8-803b30fbbaed 69ec46b2e110456d9bce3ef8168f3c62 325156447a0040458d84deebf3dd2953 - - 56f323a5b85d4dd1ba0cfa0619ef0951 56f323a5b85d4dd1ba0cfa0619ef0951] 10.0.0.72 "DELETE /resource_providers/71731d2e-9704-4b8f-8355-2bcfd570cf33" status: 404 len: 246 microversion: 1.1 [pid: 8|app: 0|req: 646/1293] 10.0.0.72 () {34 vars in 815 bytes} [Tue Aug 11 09:33:03 2026] DELETE /resource_providers/71731d2e-9704-4b8f-8355-2bcfd570cf33 => generated 246 bytes in 11 msecs (HTTP/1.1 404) 6 headers in 231 bytes (1 switches on core 0)
2026-08-11 09:33:07.540 8 INFO placement.requestlog [None req-840790f7-44fb-4b65-a07e-92aab8efa524 - - - - - -] 10.0.0.227 "GET /" status: 200 len: 136 microversion: 1.0
2026-08-11 09:33:07.541 7 INFO placement.requestlog [None req-8f14bbc6-8ae2-448a-8f66-2b4292fd5542 - - - - - -] 10.0.0.227 "GET /" status: 200 len: 136 microversion: 1.0
2026-08-11 09:33:15.228 8 INFO placement.requestlog [None req-11bb68d3-c4a1-44c1-a8e6-e199555e942c 69ec46b2e110456d9bce3ef8168f3c62 325156447a0040458d84deebf3dd2953 - - 56f323a5b85d4dd1ba0cfa0619ef0951 56f323a5b85d4dd1ba0cfa0619ef0951] 10.0.0.72 "GET /resource_providers/9d6158ed-d63e-40fa-b5a5-28f20ed50c7c/aggregates" status: 404 len: 235 microversion: 1.1
2026-08-11 09:33:15.228 7 INFO placement.requestlog [None req-809338ea-e95b-46ee-b0ca-d1f4c3b4c622 69ec46b2e110456d9bce3ef8168f3c62 325156447a0040458d84deebf3dd2953 - - 56f323a5b85d4dd1ba0cfa0619ef0951 56f323a5b85d4dd1ba0cfa0619ef0951] 10.0.0.72 "GET /resource_providers/9d6158ed-d63e-40fa-b5a5-28f20ed50c7c/aggregates" status: 404 len: 235 microversion: 1.1 [pid: 8|app: 0|req: 648/1296] 10.0.0.72 () {32 vars in 815 bytes} [Tue Aug 11 09:33:15 2026] GET /resource_providers/9d6158ed-d63e-40fa-b5a5-28f20ed50c7c/aggregates => generated 235 bytes in 8 msecs (HTTP/1.1 404) 5 headers in 202 bytes (1 switches on core 0) [pid: 7|app: 0|req: 649/1297] 10.0.0.72 () {32 vars in 815 bytes} [Tue Aug 11 09:33:15 2026] GET /resource_providers/9d6158ed-d63e-40fa-b5a5-28f20ed50c7c/aggregates => generated 235 bytes in 8 msecs (HTTP/1.1 404) 5 headers in 202 bytes (1 switches on core 0)
2026-08-11 09:33:15.248 8 INFO placement.requestlog [None req-f556b41e-0440-41f6-8b0b-8f40d03e2c02 69ec46b2e110456d9bce3ef8168f3c62 325156447a0040458d84deebf3dd2953 - - 56f323a5b85d4dd1ba0cfa0619ef0951 56f323a5b85d4dd1ba0cfa0619ef0951] 10.0.0.72 "DELETE /resource_providers/9d6158ed-d63e-40fa-b5a5-28f20ed50c7c" status: 404 len: 246 microversion: 1.1 [pid: 8|app: 0|req: 649/1298] 10.0.0.72 () {34 vars in 815 bytes} [Tue Aug 11 09:33:15 2026] DELETE /resource_providers/9d6158ed-d63e-40fa-b5a5-28f20ed50c7c => generated 246 bytes in 7 msecs (HTTP/1.1 404) 6 headers in 231 bytes (1 switches on core 0)
2026-08-11 09:33:15.253 7 INFO placement.requestlog [None req-c479a0db-0788-45e7-b52b-d2f1f25ae15e 69ec46b2e110456d9bce3ef8168f3c62 325156447a0040458d84deebf3dd2953 - - 56f323a5b85d4dd1ba0cfa0619ef0951 56f323a5b85d4dd1ba0cfa0619ef0951] 10.0.0.72 "DELETE /resource_providers/9d6158ed-d63e-40fa-b5a5-28f20ed50c7c" status: 404 len: 246 microversion: 1.1 [pid: 7|app: 0|req: 650/1299] 10.0.0.72 () {34 vars in 815 bytes} [Tue Aug 11 09:33:15 2026] DELETE /resource_providers/9d6158ed-d63e-40fa-b5a5-28f20ed50c7c => generated 246 bytes in 12 msecs (HTTP/1.1 404) 6 headers in 231 bytes (1 switches on core 0)
2026-08-11 09:33:17.541 8 INFO placement.requestlog [None req-cba0e6d0-cd33-4a32-bbcb-60bac0296cee - - - - - -] 10.0.0.227 "GET /" status: 200 len: 136 microversion: 1.0
2026-08-11 09:33:17.541 7 INFO placement.requestlog [None req-147d1159-611e-405b-9505-b18d9a9f781c - - - - - -] 10.0.0.227 "GET /" status: 200 len: 136 microversion: 1.0
2026-08-11 09:33:27.540 7 INFO placement.requestlog [None req-a29cb023-911f-4bbf-9edf-fcc95fe7c10e - - - - - -] 10.0.0.227 "GET /" status: 200 len: 136 microversion: 1.0
2026-08-11 09:33:27.541 8 INFO placement.requestlog [None req-b480f142-3f9c-40f7-9f4e-387189a15c03 - - - - - -] 10.0.0.227 "GET /" status: 200 len: 136 microversion: 1.0
2026-08-11 09:33:33.617 7 INFO placement.requestlog [req-27a3175b-9d75-492e-b0a9-f15f2282e287 req-38a9ffd4-bfe5-411e-855a-72b72aa215c4 65adfe2bf8964b18b82952a876a2b1ab 325156447a0040458d84deebf3dd2953 - - 56f323a5b85d4dd1ba0cfa0619ef0951 56f323a5b85d4dd1ba0cfa0619ef0951] 199.19.213.75 "GET /resource_providers/028620ad-3834-4336-b0e6-efd446db2998/allocations" status: 200 len: 55 microversion: 1.0 [pid: 7|app: 0|req: 653/1304] 199.19.213.75 () {32 vars in 856 bytes} [Tue Aug 11 09:33:33 2026] GET /resource_providers/028620ad-3834-4336-b0e6-efd446db2998/allocations => generated 55 bytes in 421 msecs (HTTP/1.1 200) 6 headers in 223 bytes (1 switches on core 0)
2026-08-11 09:33:33.646 8 INFO placement.requestlog [req-27a3175b-9d75-492e-b0a9-f15f2282e287 req-594d9f29-8189-4040-b28b-692598676861 65adfe2bf8964b18b82952a876a2b1ab 325156447a0040458d84deebf3dd2953 - - 56f323a5b85d4dd1ba0cfa0619ef0951 56f323a5b85d4dd1ba0cfa0619ef0951] 199.19.213.75 "GET /resource_providers?in_tree=028620ad-3834-4336-b0e6-efd446db2998" status: 200 len: 798 microversion: 1.14 [pid: 8|app: 0|req: 652/1305] 199.19.213.75 () {34 vars in 891 bytes} [Tue Aug 11 09:33:33 2026] GET /resource_providers?in_tree=028620ad-3834-4336-b0e6-efd446db2998 => generated 798 bytes in 21 msecs (HTTP/1.1 200) 6 headers in 225 bytes (1 switches on core 0)
